2026-02-27 15:54:00.946 9 INFO neutron.services.segments.plugin [-] Segment a86add8e-d5d9-460d-b7f8-8109ae3b09e9 resource provider not found; error: Placement Client Error (4xx): {"errors": [{"status": 404, "title": "Not Found", "detail": "The resource could not be found.\n\n No resource provider with uuid a86add8e-d5d9-460d-b7f8-8109ae3b09e9 found for delete ", "request_id": "req-d0707fe2-ee2d-4051-87ff-2b9b900cdf5e"}]}
2026-02-27 15:54:00.966 9 INFO neutron.wsgi [req-c480ddf2-deb4-47a2-b013-0e00002bff6a req-c3851c49-7f1d-47e2-bcb0-2bbfb4d2fd8c f89e8c9c7fba4294b7e8c1249cced954 5d381b31b37b4b4080e3499a6d70626c - - default default] 10.0.0.99 "GET /v2.0/security-groups?id=40e1b909-5989-4a6c-8ebd-e02853269cad&fields=id&fields=name HTTP/1.1" status: 200 len: 313 time: 0.3929446
2026-02-27 15:54:00.985 9 INFO neutron.wsgi [req-da27dbea-5aad-4bb4-9d08-542ab188af3b req-5b9b4187-270f-44a9-8d33-d9f330043c4c b1a33f93d147477c8063f1f237187cff ab3d8c3e43704514aed60ff5f51af34e - - cbde16b25b144b1db5f103cd0e1391b9 cbde16b25b144b1db5f103cd0e1391b9] 10.0.0.99 "GET /v2.0/extensions HTTP/1.1" status: 200 len: 16525 time: 0.0638704
2026-02-27 15:54:01.081 9 INFO neutron.wsgi [req-da27dbea-5aad-4bb4-9d08-542ab188af3b req-ff797b04-e6b7-4720-abe3-3e6d8e244ab6 b1a33f93d147477c8063f1f237187cff ab3d8c3e43704514aed60ff5f51af34e - - cbde16b25b144b1db5f103cd0e1391b9 cbde16b25b144b1db5f103cd0e1391b9] 10.0.0.99 "GET /v2.0/networks/5fd96608-e6f4-4552-9c9b-cf46098a731f?fields=segments HTTP/1.1" status: 200 len: 212 time: 0.0785859
2026-02-27 15:54:01.180 9 INFO neutron.wsgi [None req-c980cb5f-ab2c-492d-bbe8-520cb4e36c08 66ca095a900c47f1abc1a7e5a5cc1ded e605657acc3642f38b5c5ddb7decb851 - - - -] 10.0.0.104 "PUT /v2.0/routers/65675d64-e3a9-49ed-a120-a00d7823d731/remove_router_interface HTTP/1.1" status: 200 len: 503 time: 2.1749041
2026-02-27 15:54:01.193 9 INFO neutron.wsgi [req-da27dbea-5aad-4bb4-9d08-542ab188af3b req-c673d004-b503-4b38-a499-3cb29c1bd747 b1a33f93d147477c8063f1f237187cff ab3d8c3e43704514aed60ff5f51af34e - - cbde16b25b144b1db5f103cd0e1391b9 cbde16b25b144b1db5f103cd0e1391b9] 10.0.0.99 "GET /v2.0/networks/5fd96608-e6f4-4552-9c9b-cf46098a731f?fields=provider%3Aphysical_network&fields=provider%3Anetwork_type HTTP/1.1" status: 200 len: 277 time: 0.1026332 /var/lib/openstack/lib/python3.10/site-packages/pycadf/identifier.py:71: UserWarning: Invalid uuid: neutron. To ensure interoperability, identifiers should be a valid uuid. warnings.warn(('Invalid uuid: %s. To ensure interoperability, '
2026-02-27 15:54:01.568 9 INFO neutron.wsgi [req-8ce1bb7f-8733-4e5a-b9c2-890d0b76fdc7 req-4bb07544-43d2-4bfa-8699-0da16cc0cf82 238b5a944aa94144ad79c78641acfdbc f8bc41cfede846a98f5de1601d8c2262 - - default default] 10.0.0.99 "GET /v2.0/ports?device_id=d2d44b02-30c5-47e4-8cc2-d5a514ebd88a HTTP/1.1" status: 200 len: 210 time: 0.0312335
2026-02-27 15:54:01.782 10 INFO neutron.wsgi [None req-ad96e0e4-7ac5-4431-9113-7dc1daff32c9 66ca095a900c47f1abc1a7e5a5cc1ded e605657acc3642f38b5c5ddb7decb851 - - - -] 10.0.0.104 "DELETE /v2.0/routers/65675d64-e3a9-49ed-a120-a00d7823d731 HTTP/1.1" status: 204 len: 168 time: 0.5964274
2026-02-27 15:54:02.047 9 INFO neutron.wsgi [None req-8bbfe6f6-6d24-452c-a6be-72c4a8591e22 66ca095a900c47f1abc1a7e5a5cc1ded e605657acc3642f38b5c5ddb7decb851 - - - -] 10.0.0.104 "DELETE /v2.0/subnets/25ec6f05-2d1b-417a-a503-7e897de54c9a HTTP/1.1" status: 204 len: 168 time: 0.2588737
2026-02-27 15:54:02.085 9 INFO neutron.wsgi [req-da9a3679-d632-4113-a9b5-b845e9ba1449 req-d6485d13-2326-46e3-9c81-84280173c629 f89e8c9c7fba4294b7e8c1249cced954 5d381b31b37b4b4080e3499a6d70626c - - default default] 10.0.0.99 "GET /v2.0/ports?device_id=c655f1d3-e7f7-4b67-87d3-828d5aa11559 HTTP/1.1" status: 200 len: 1172 time: 0.0422816
2026-02-27 15:54:02.128 9 INFO neutron.wsgi [req-da9a3679-d632-4113-a9b5-b845e9ba1449 req-355c8c4f-ce87-4bfc-b449-d477700a0679 f89e8c9c7fba4294b7e8c1249cced954 5d381b31b37b4b4080e3499a6d70626c - - default default] 10.0.0.99 "GET /v2.0/security-groups?id=40e1b909-5989-4a6c-8ebd-e02853269cad&fields=id&fields=name HTTP/1.1" status: 200 len: 313 time: 0.0351923
2026-02-27 15:54:02.367 10 INFO neutron.wsgi [req-da27dbea-5aad-4bb4-9d08-542ab188af3b req-6571ac95-754d-4b40-8946-e118b24047bc 238b5a944aa94144ad79c78641acfdbc f8bc41cfede846a98f5de1601d8c2262 - - default default] 199.19.213.79 "GET /v2.0/networks?id=5fd96608-e6f4-4552-9c9b-cf46098a731f HTTP/1.1" status: 200 len: 879 time: 0.1078362
2026-02-27 15:54:02.431 10 INFO neutron.wsgi [req-da27dbea-5aad-4bb4-9d08-542ab188af3b req-15e5f8a9-f71f-4501-beaf-5918fae4483b 238b5a944aa94144ad79c78641acfdbc f8bc41cfede846a98f5de1601d8c2262 - - default default] 199.19.213.79 "GET /v2.0/security-groups?fields=id&fields=name&tenant_id=f8bc41cfede846a98f5de1601d8c2262 HTTP/1.1" status: 200 len: 380 time: 0.0582650
2026-02-27 15:54:02.667 10 INFO neutron.wsgi [None req-77eb7eab-93c5-4a83-ad19-a2162933422f 66ca095a900c47f1abc1a7e5a5cc1ded e605657acc3642f38b5c5ddb7decb851 - - - -] 10.0.0.104 "DELETE /v2.0/networks/b96158d2-023c-4ad6-b684-44d73ba9dc3b HTTP/1.1" status: 204 len: 168 time: 0.6147881
2026-02-27 15:54:02.671 9 INFO neutron.wsgi [req-07ba0044-a27d-4b44-81dc-6103968bc15f req-2e6bf227-3cb3-4315-b021-cd931e01d968 238b5a944aa94144ad79c78641acfdbc f8bc41cfede846a98f5de1601d8c2262 - - default default] 10.0.0.99 "GET /v2.0/ports?device_id=d2d44b02-30c5-47e4-8cc2-d5a514ebd88a HTTP/1.1" status: 200 len: 210 time: 0.0273581
2026-02-27 15:54:02.892 10 INFO neutron.wsgi [None req-90854c0a-a0ec-42ae-9da5-a3dd140646dc 66ca095a900c47f1abc1a7e5a5cc1ded e605657acc3642f38b5c5ddb7decb851 - - default default] 10.0.0.104 "GET /v2.0/security-groups?tenant_id=f7a2e7d7064f4d9e8079276e8529c0c7&name=default HTTP/1.1" status: 200 len: 2992 time: 0.0415471 /var/lib/openstack/lib/python3.10/site-packages/pycadf/identifier.py:71: UserWarning: Invalid uuid: neutron. To ensure interoperability, identifiers should be a valid uuid. warnings.warn(('Invalid uuid: %s. To ensure interoperability, '
2026-02-27 15:54:02.946 10 WARNING neutron.scheduler.dhcp_agent_scheduler [None req-6f3eae33-ff46-468a-b48c-f9da7af034a9 238b5a944aa94144ad79c78641acfdbc f8bc41cfede846a98f5de1601d8c2262 - - - -] No more DHCP agents
2026-02-27 15:54:02.948 10 WARNING neutron.api.rpc.agentnotifiers.dhcp_rpc_agent_api [None req-6f3eae33-ff46-468a-b48c-f9da7af034a9 238b5a944aa94144ad79c78641acfdbc f8bc41cfede846a98f5de1601d8c2262 - - - -] Unable to schedule network 5fd96608-e6f4-4552-9c9b-cf46098a731f: no agents available; will retry on subsequent port and subnet creation events.
2026-02-27 15:54:02.966 9 INFO neutron.db.ovn_revision_numbers_db [None req-17333703-df36-4ad5-8b74-4494c3b314c4 66ca095a900c47f1abc1a7e5a5cc1ded e605657acc3642f38b5c5ddb7decb851 - - - -] Successfully bumped revision number for resource b94145fc-3f25-4c1a-ab30-e9a3322bae40 (type: security_groups) to 1
2026-02-27 15:54:03.024 9 INFO neutron.db.segments_db [None req-17333703-df36-4ad5-8b74-4494c3b314c4 66ca095a900c47f1abc1a7e5a5cc1ded e605657acc3642f38b5c5ddb7decb851 - - - -] Added segment 06424c28-6793-4b66-8690-5e8883c28ead of type geneve for network e5290de1-05fb-4c2a-84d4-96c64ae910b0
2026-02-27 15:54:03.107 10 INFO neutron.services.segments.plugin [-] Segment 926f27f2-5faa-4e69-8a3b-845f724f4a59 resource provider aggregate not found
2026-02-27 15:54:03.137 10 INFO neutron.services.segments.plugin [-] Segment 926f27f2-5faa-4e69-8a3b-845f724f4a59 resource provider not found; error: Placement Client Error (4xx): {"errors": [{"status": 404, "title": "Not Found", "detail": "The resource could not be found.\n\n No resource provider with uuid 926f27f2-5faa-4e69-8a3b-845f724f4a59 found for delete ", "request_id": "req-f21b86b6-40ac-4a70-8024-321de3ec7f9b"}]}
2026-02-27 15:54:03.138 10 INFO neutron.db.ovn_revision_numbers_db [None req-6f3eae33-ff46-468a-b48c-f9da7af034a9 238b5a944aa94144ad79c78641acfdbc f8bc41cfede846a98f5de1601d8c2262 - - - -] Successfully bumped revision number for resource f7c27797-84e3-4c2d-897a-ffa3cae83082 (type: ports) to 1
2026-02-27 15:54:03.172 10 INFO neutron.wsgi [None req-6f3eae33-ff46-468a-b48c-f9da7af034a9 238b5a944aa94144ad79c78641acfdbc f8bc41cfede846a98f5de1601d8c2262 - - - -] 199.19.213.79 "POST /v2.0/ports HTTP/1.1" status: 201 len: 1158 time: 0.7256567
2026-02-27 15:54:03.173 10 INFO neutron.services.segments.plugin [-] Segment 926f27f2-5faa-4e69-8a3b-845f724f4a59 resource provider aggregate not found /var/lib/openstack/lib/python3.10/site-packages/pycadf/identifier.py:71: UserWarning: Invalid uuid: neutron. To ensure interoperability, identifiers should be a valid uuid. warnings.warn(('Invalid uuid: %s. To ensure interoperability, '
2026-02-27 15:54:03.182 9 INFO neutron.db.ovn_revision_numbers_db [None req-17333703-df36-4ad5-8b74-4494c3b314c4 66ca095a900c47f1abc1a7e5a5cc1ded e605657acc3642f38b5c5ddb7decb851 - - - -] Successfully bumped revision number for resource e5290de1-05fb-4c2a-84d4-96c64ae910b0 (type: networks) to 1
2026-02-27 15:54:03.196 10 INFO neutron.services.segments.plugin [-] Segment 926f27f2-5faa-4e69-8a3b-845f724f4a59 resource provider not found; error: Placement Client Error (4xx): {"errors": [{"status": 404, "title": "Not Found", "detail": "The resource could not be found.\n\n No resource provider with uuid 926f27f2-5faa-4e69-8a3b-845f724f4a59 found for delete ", "request_id": "req-21f7fca4-a58a-4ecc-895a-76e7f8d422d3"}]}
2026-02-27 15:54:03.231 10 INFO neutron.wsgi [None req-9483e7be-8b46-406b-ae39-88b56bc5c075 66ca095a900c47f1abc1a7e5a5cc1ded e605657acc3642f38b5c5ddb7decb851 - - - -] 10.0.0.104 "DELETE /v2.0/security-groups/067e8390-6dc6-49a1-840f-c9afd6cd917d HTTP/1.1" status: 204 len: 168 time: 0.3318007
2026-02-27 15:54:03.236 9 INFO neutron.wsgi [req-a0818a25-ba05-4be5-a6bc-1bf4b6077584 req-ad681b48-79b6-4b0e-806a-e645676146bb f89e8c9c7fba4294b7e8c1249cced954 5d381b31b37b4b4080e3499a6d70626c - - default default] 10.0.0.99 "GET /v2.0/ports?device_id=c655f1d3-e7f7-4b67-87d3-828d5aa11559 HTTP/1.1" status: 200 len: 1172 time: 0.0408285
2026-02-27 15:54:03.291 9 INFO neutron.wsgi [req-a0818a25-ba05-4be5-a6bc-1bf4b6077584 req-c44b8faa-215d-4d8a-9f96-56275262756c f89e8c9c7fba4294b7e8c1249cced954 5d381b31b37b4b4080e3499a6d70626c - - default default] 10.0.0.99 "GET /v2.0/security-groups?id=40e1b909-5989-4a6c-8ebd-e02853269cad&fields=id&fields=name HTTP/1.1" status: 200 len: 313 time: 0.0399914
2026-02-27 15:54:03.378 9 WARNING neutron.scheduler.dhcp_agent_scheduler [None req-17333703-df36-4ad5-8b74-4494c3b314c4 66ca095a900c47f1abc1a7e5a5cc1ded e605657acc3642f38b5c5ddb7decb851 - - - -] No more DHCP agents
2026-02-27 15:54:03.380 9 WARNING neutron.api.rpc.agentnotifiers.dhcp_rpc_agent_api [None req-17333703-df36-4ad5-8b74-4494c3b314c4 66ca095a900c47f1abc1a7e5a5cc1ded e605657acc3642f38b5c5ddb7decb851 - - - -] Unable to schedule network e5290de1-05fb-4c2a-84d4-96c64ae910b0: no agents available; will retry on subsequent port and subnet creation events.
2026-02-27 15:54:03.453 9 INFO neutron.db.ovn_revision_numbers_db [None req-17333703-df36-4ad5-8b74-4494c3b314c4 66ca095a900c47f1abc1a7e5a5cc1ded e605657acc3642f38b5c5ddb7decb851 - - - -] Successfully bumped revision number for resource b1c098b7-453c-4fc7-817e-3fa2ce5c3bed (type: ports) to 1
2026-02-27 15:54:03.476 9 INFO neutron.wsgi [None req-17333703-df36-4ad5-8b74-4494c3b314c4 66ca095a900c47f1abc1a7e5a5cc1ded e605657acc3642f38b5c5ddb7decb851 - - - -] 10.0.0.104 "POST /v2.0/networks HTTP/1.1" status: 201 len: 952 time: 0.7704940
2026-02-27 15:54:03.617 10 WARNING neutron.plugins.ml2.drivers.ovn.mech_driver.ovsdb.ovn_client [None req-76928be3-c245-4694-afcb-9cabb589e602 - - - - - -] No hosting information found for port 26767b8f-153b-4ebf-8c72-d2e78f28ac15: RuntimeError: No hosting information found for port 26767b8f-153b-4ebf-8c72-d2e78f28ac15
2026-02-27 15:54:03.617 10 INFO neutron.plugins.ml2.drivers.ovn.mech_driver.mech_driver [None req-76928be3-c245-4694-afcb-9cabb589e602 - - - - - -] OVN reports status up for port: 50c8c5fa-c8bf-48ba-982b-2351c576e14e
2026-02-27 15:54:03.637 10 INFO neutron.plugins.ml2.drivers.ovn.mech_driver.mech_driver [None req-76928be3-c245-4694-afcb-9cabb589e602 - - - - - -] OVN reports status up for port: b7cecbb4-9afe-45b7-906e-3c886394e3d8
2026-02-27 15:54:03.673 9 WARNING neutron.scheduler.dhcp_agent_scheduler [None req-f1e0b517-522b-4c0f-bebf-99b37c9a3a12 66ca095a900c47f1abc1a7e5a5cc1ded e605657acc3642f38b5c5ddb7decb851 - - - -] No more DHCP agents
2026-02-27 15:54:03.674 9 WARNING neutron.api.rpc.agentnotifiers.dhcp_rpc_agent_api [None req-f1e0b517-522b-4c0f-bebf-99b37c9a3a12 66ca095a900c47f1abc1a7e5a5cc1ded e605657acc3642f38b5c5ddb7decb851 - - - -] Unable to schedule network e5290de1-05fb-4c2a-84d4-96c64ae910b0: no agents available; will retry on subsequent port and subnet creation events.
2026-02-27 15:54:03.680 10 INFO neutron.plugins.ml2.plugin [None req-76928be3-c245-4694-afcb-9cabb589e602 - - - - - -] Attempt 1 to provision port b7cecbb4-9afe-45b7-906e-3c886394e3d8
2026-02-27 15:54:03.774 10 INFO neutron.db.ovn_revision_numbers_db [None req-f6b51aac-e42e-42b8-a124-71e385305527 b1a33f93d147477c8063f1f237187cff ab3d8c3e43704514aed60ff5f51af34e - - - -] Successfully bumped revision number for resource f7c27797-84e3-4c2d-897a-ffa3cae83082 (type: ports) to 2
2026-02-27 15:54:03.799 9 INFO neutron.wsgi [req-e0956668-97df-4fd2-9ec2-b747d2bcb434 req-3f0a8822-1e55-4d05-9966-b9eaa630760c 238b5a944aa94144ad79c78641acfdbc f8bc41cfede846a98f5de1601d8c2262 - - default default] 10.0.0.99 "GET /v2.0/ports?device_id=d2d44b02-30c5-47e4-8cc2-d5a514ebd88a HTTP/1.1" status: 200 len: 1168 time: 0.0554626
2026-02-27 15:54:03.823 10 INFO neutron.notifiers.nova [-] Nova event matching ['req-eba4c0e4-5a26-4380-91de-7d9fd8907a9a'] response: {'server_uuid': 'c655f1d3-e7f7-4b67-87d3-828d5aa11559', 'name': 'network-vif-plugged', 'status': 'completed', 'tag': 'b7cecbb4-9afe-45b7-906e-3c886394e3d8', 'code': 200}
2026-02-27 15:54:03.856 9 INFO neutron.wsgi [req-e0956668-97df-4fd2-9ec2-b747d2bcb434 req-38497d6b-a7c5-44ec-b15c-c7452904c2c2 238b5a944aa94144ad79c78641acfdbc f8bc41cfede846a98f5de1601d8c2262 - - default default] 10.0.0.99 "GET /v2.0/security-groups?id=658390e9-be84-4790-b595-969439c4ae46&fields=id&fields=name HTTP/1.1" status: 200 len: 313 time: 0.0468287
2026-02-27 15:54:04.031 10 INFO neutron.db.ovn_revision_numbers_db [None req-f6b51aac-e42e-42b8-a124-71e385305527 b1a33f93d147477c8063f1f237187cff ab3d8c3e43704514aed60ff5f51af34e - - - -] Successfully bumped revision number for resource f7c27797-84e3-4c2d-897a-ffa3cae83082 (type: ports) to 2
2026-02-27 15:54:04.034 10 INFO neutron.db.ovn_revision_numbers_db [None req-76928be3-c245-4694-afcb-9cabb589e602 - - - - - -] Successfully bumped revision number for resource b7cecbb4-9afe-45b7-906e-3c886394e3d8 (type: ports) to 4
2026-02-27 15:54:04.060 10 INFO neutron.wsgi [None req-f6b51aac-e42e-42b8-a124-71e385305527 b1a33f93d147477c8063f1f237187cff ab3d8c3e43704514aed60ff5f51af34e - - - -] 199.19.213.79 "PUT /v2.0/ports/f7c27797-84e3-4c2d-897a-ffa3cae83082 HTTP/1.1" status: 200 len: 1328 time: 0.8820860 /var/lib/openstack/lib/python3.10/site-packages/pycadf/identifier.py:71: UserWarning: Invalid uuid: neutron. To ensure interoperability, identifiers should be a valid uuid. warnings.warn(('Invalid uuid: %s. To ensure interoperability, '
2026-02-27 15:54:04.108 9 INFO neutron.db.ovn_revision_numbers_db [None req-f1e0b517-522b-4c0f-bebf-99b37c9a3a12 66ca095a900c47f1abc1a7e5a5cc1ded e605657acc3642f38b5c5ddb7decb851 - - - -] Successfully bumped revision number for resource b1c098b7-453c-4fc7-817e-3fa2ce5c3bed (type: ports) to 2
2026-02-27 15:54:04.119 9 INFO neutron.db.ovn_revision_numbers_db [None req-f1e0b517-522b-4c0f-bebf-99b37c9a3a12 66ca095a900c47f1abc1a7e5a5cc1ded e605657acc3642f38b5c5ddb7decb851 - - - -] Successfully bumped revision number for resource 734a9cac-e3ce-4849-80ef-697346c50b58 (type: subnets) to 0
2026-02-27 15:54:04.129 10 INFO neutron.wsgi [req-da27dbea-5aad-4bb4-9d08-542ab188af3b req-426e59d8-161f-47d4-b8bf-c718473734c7 b1a33f93d147477c8063f1f237187cff ab3d8c3e43704514aed60ff5f51af34e - - cbde16b25b144b1db5f103cd0e1391b9 cbde16b25b144b1db5f103cd0e1391b9] 199.19.213.79 "GET /v2.0/ports?tenant_id=f8bc41cfede846a98f5de1601d8c2262&device_id=d2d44b02-30c5-47e4-8cc2-d5a514ebd88a HTTP/1.1" status: 200 len: 1359 time: 0.0327125
2026-02-27 15:54:04.133 9 INFO neutron.wsgi [None req-f1e0b517-522b-4c0f-bebf-99b37c9a3a12 66ca095a900c47f1abc1a7e5a5cc1ded e605657acc3642f38b5c5ddb7decb851 - - - -] 10.0.0.104 "POST /v2.0/subnets HTTP/1.1" status: 201 len: 873 time: 0.6507361
2026-02-27 15:54:04.156 10 INFO neutron.wsgi [req-da27dbea-5aad-4bb4-9d08-542ab188af3b req-971cce12-9ba3-497c-a3d7-ebf2f19892cd b1a33f93d147477c8063f1f237187cff ab3d8c3e43704514aed60ff5f51af34e - - cbde16b25b144b1db5f103cd0e1391b9 cbde16b25b144b1db5f103cd0e1391b9] 199.19.213.79 "GET /v2.0/floatingips?fixed_ip_address=10.100.0.9&port_id=f7c27797-84e3-4c2d-897a-ffa3cae83082 HTTP/1.1" status: 200 len: 217 time: 0.0216708
2026-02-27 15:54:04.194 10 INFO neutron.wsgi [req-da27dbea-5aad-4bb4-9d08-542ab188af3b req-acfec99c-cf5d-43ab-aa10-c69519ac652c b1a33f93d147477c8063f1f237187cff ab3d8c3e43704514aed60ff5f51af34e - - cbde16b25b144b1db5f103cd0e1391b9 cbde16b25b144b1db5f103cd0e1391b9] 199.19.213.79 "GET /v2.0/subnets?id=844c3665-5676-472d-a0c2-cc661ffc8990 HTTP/1.1" status: 200 len: 873 time: 0.0305245
2026-02-27 15:54:04.229 10 INFO neutron.wsgi [req-da27dbea-5aad-4bb4-9d08-542ab188af3b req-8afdfd1f-bd46-4d09-9cfc-90ffab0264d0 b1a33f93d147477c8063f1f237187cff ab3d8c3e43704514aed60ff5f51af34e - - cbde16b25b144b1db5f103cd0e1391b9 cbde16b25b144b1db5f103cd0e1391b9] 199.19.213.79 "GET /v2.0/ports?network_id=5fd96608-e6f4-4552-9c9b-cf46098a731f&device_owner=network%3Adhcp HTTP/1.1" status: 200 len: 210 time: 0.0261884
2026-02-27 15:54:04.295 10 INFO neutron.wsgi [req-da27dbea-5aad-4bb4-9d08-542ab188af3b req-5924e0d6-e997-4cd8-b919-ccb1549af181 b1a33f93d147477c8063f1f237187cff ab3d8c3e43704514aed60ff5f51af34e - - cbde16b25b144b1db5f103cd0e1391b9 cbde16b25b144b1db5f103cd0e1391b9] 199.19.213.79 "GET /v2.0/networks/5fd96608-e6f4-4552-9c9b-cf46098a731f?fields=segments HTTP/1.1" status: 200 len: 212 time: 0.0577040
2026-02-27 15:54:04.374 10 INFO neutron.wsgi [req-da27dbea-5aad-4bb4-9d08-542ab188af3b req-551df344-a31e-47dd-a2dd-1eb1cdc9bc27 b1a33f93d147477c8063f1f237187cff ab3d8c3e43704514aed60ff5f51af34e - - cbde16b25b144b1db5f103cd0e1391b9 cbde16b25b144b1db5f103cd0e1391b9] 199.19.213.79 "GET /v2.0/networks/5fd96608-e6f4-4552-9c9b-cf46098a731f?fields=provider%3Aphysical_network&fields=provider%3Anetwork_type HTTP/1.1" status: 200 len: 277 time: 0.0733838
2026-02-27 15:54:04.391 9 INFO neutron.wsgi [req-26e77279-868d-439e-b9f2-9cc1c3a935a8 req-ccd879ef-2539-42c9-89a3-b48896ecd09a f89e8c9c7fba4294b7e8c1249cced954 5d381b31b37b4b4080e3499a6d70626c - - default default] 10.0.0.99 "GET /v2.0/ports?device_id=c655f1d3-e7f7-4b67-87d3-828d5aa11559 HTTP/1.1" status: 200 len: 1174 time: 0.0304372
2026-02-27 15:54:04.436 9 INFO neutron.wsgi [req-26e77279-868d-439e-b9f2-9cc1c3a935a8 req-28d866b9-f8df-4c59-9c4c-1b47bcf96d4b f89e8c9c7fba4294b7e8c1249cced954 5d381b31b37b4b4080e3499a6d70626c - - default default] 10.0.0.99 "GET /v2.0/security-groups?id=40e1b909-5989-4a6c-8ebd-e02853269cad&fields=id&fields=name HTTP/1.1" status: 200 len: 313 time: 0.0384238
2026-02-27 15:54:04.554 9 INFO neutron.wsgi [req-227eff1c-b9e2-44d3-9f2b-106c880b2830 req-30f30cc9-23c6-4fea-8387-cbbd5ec981bf f89e8c9c7fba4294b7e8c1249cced954 5d381b31b37b4b4080e3499a6d70626c - - default default] 10.0.0.99 "GET /v2.0/ports?device_id=c655f1d3-e7f7-4b67-87d3-828d5aa11559 HTTP/1.1" status: 200 len: 1174 time: 0.0432835
2026-02-27 15:54:04.771 9 WARNING neutron.scheduler.dhcp_agent_scheduler [None req-4c3dff35-80bf-4233-af04-d9f7fac0c067 66ca095a900c47f1abc1a7e5a5cc1ded e605657acc3642f38b5c5ddb7decb851 - - - -] No more DHCP agents
2026-02-27 15:54:04.773 9 WARNING neutron.api.rpc.agentnotifiers.dhcp_rpc_agent_api [None req-4c3dff35-80bf-4233-af04-d9f7fac0c067 66ca095a900c47f1abc1a7e5a5cc1ded e605657acc3642f38b5c5ddb7decb851 - - - -] Unable to schedule network 42885bae-5639-40f3-878b-27648fce46ce: no agents available; will retry on subsequent port and subnet creation events.
2026-02-27 15:54:05.019 9 INFO neutron.wsgi [req-2e6c7d46-9a07-450a-a822-67a96edefd67 req-75982078-cf17-4b76-a746-2fda6b7b1756 238b5a944aa94144ad79c78641acfdbc f8bc41cfede846a98f5de1601d8c2262 - - default default] 10.0.0.99 "GET /v2.0/ports?device_id=d2d44b02-30c5-47e4-8cc2-d5a514ebd88a HTTP/1.1" status: 200 len: 1168 time: 0.0760009
2026-02-27 15:54:05.083 9 INFO neutron.db.ovn_revision_numbers_db [None req-4c3dff35-80bf-4233-af04-d9f7fac0c067 66ca095a900c47f1abc1a7e5a5cc1ded e605657acc3642f38b5c5ddb7decb851 - - - -] Successfully bumped revision number for resource 6d355f43-0cf5-49f9-9cef-23f081730f40 (type: ports) to 1
2026-02-27 15:54:05.107 9 INFO neutron.wsgi [req-2e6c7d46-9a07-450a-a822-67a96edefd67 req-eb30de85-26ca-4feb-9c38-12187d711df6 238b5a944aa94144ad79c78641acfdbc f8bc41cfede846a98f5de1601d8c2262 - - default default] 10.0.0.99 "GET /v2.0/security-groups?id=658390e9-be84-4790-b595-969439c4ae46&fields=id&fields=name HTTP/1.1" status: 200 len: 313 time: 0.0781894
2026-02-27 15:54:05.128 9 INFO neutron.db.l3_db [None req-ca1e23e5-c466-4541-833f-626db97fc6f5 f89e8c9c7fba4294b7e8c1249cced954 5d381b31b37b4b4080e3499a6d70626c - - - -] Floating IP 216b94ed-db02-48f3-ac15-c8b6236b649c associated. External IP: 10.96.250.220, port: b7cecbb4-9afe-45b7-906e-3c886394e3d8.
2026-02-27 15:54:05.368 10 INFO neutron.db.ovn_revision_numbers_db [None req-78035534-f2bc-40d2-8d89-691871e64a16 66ca095a900c47f1abc1a7e5a5cc1ded e605657acc3642f38b5c5ddb7decb851 - - - -] Successfully bumped revision number for resource e8c0157e-3f72-45d7-8448-87d79927cedb (type: security_groups) to 1
2026-02-27 15:54:05.424 10 INFO neutron.db.segments_db [None req-78035534-f2bc-40d2-8d89-691871e64a16 66ca095a900c47f1abc1a7e5a5cc1ded e605657acc3642f38b5c5ddb7decb851 - - - -] Added segment c36539a4-1e98-4cc0-8b0f-1f6971b61ba6 of type geneve for network 75eea6fb-e196-439e-a053-e16a1a4e66ca
2026-02-27 15:54:05.535 10 INFO neutron.db.ovn_revision_numbers_db [None req-78035534-f2bc-40d2-8d89-691871e64a16 66ca095a900c47f1abc1a7e5a5cc1ded e605657acc3642f38b5c5ddb7decb851 - - - -] Successfully bumped revision number for resource 75eea6fb-e196-439e-a053-e16a1a4e66ca (type: networks) to 1
2026-02-27 15:54:05.550 9 INFO neutron.db.ovn_revision_numbers_db [None req-ca1e23e5-c466-4541-833f-626db97fc6f5 f89e8c9c7fba4294b7e8c1249cced954 5d381b31b37b4b4080e3499a6d70626c - - - -] Successfully bumped revision number for resource 216b94ed-db02-48f3-ac15-c8b6236b649c (type: floatingips) to 1
2026-02-27 15:54:05.573 10 INFO neutron.wsgi [-] 10.0.0.100 "GET / HTTP/1.1" status: 200 len: 247 time: 0.0016468
2026-02-27 15:54:05.575 10 INFO neutron.wsgi [-] 10.0.0.100 "GET / HTTP/1.1" status: 200 len: 247 time: 0.0014746
2026-02-27 15:54:05.664 9 INFO neutron.db.ovn_revision_numbers_db [None req-ca1e23e5-c466-4541-833f-626db97fc6f5 f89e8c9c7fba4294b7e8c1249cced954 5d381b31b37b4b4080e3499a6d70626c - - - -] Successfully bumped revision number for resource 216b94ed-db02-48f3-ac15-c8b6236b649c (type: floatingips) to 2
2026-02-27 15:54:05.690 9 INFO neutron.wsgi [None req-ca1e23e5-c466-4541-833f-626db97fc6f5 f89e8c9c7fba4294b7e8c1249cced954 5d381b31b37b4b4080e3499a6d70626c - - - -] 10.0.0.104 "PUT /v2.0/floatingips/216b94ed-db02-48f3-ac15-c8b6236b649c HTTP/1.1" status: 200 len: 1050 time: 1.1227996
2026-02-27 15:54:05.695 10 WARNING neutron.scheduler.dhcp_agent_scheduler [None req-78035534-f2bc-40d2-8d89-691871e64a16 66ca095a900c47f1abc1a7e5a5cc1ded e605657acc3642f38b5c5ddb7decb851 - - - -] No more DHCP agents
2026-02-27 15:54:05.696 10 WARNING neutron.api.rpc.agentnotifiers.dhcp_rpc_agent_api [None req-78035534-f2bc-40d2-8d89-691871e64a16 66ca095a900c47f1abc1a7e5a5cc1ded e605657acc3642f38b5c5ddb7decb851 - - - -] Unable to schedule network 75eea6fb-e196-439e-a053-e16a1a4e66ca: no agents available; will retry on subsequent port and subnet creation events.
2026-02-27 15:54:05.755 9 INFO neutron.plugins.ml2.drivers.ovn.mech_driver.mech_driver [None req-912c40c1-dc61-455c-a2fc-10423d8faf86 - - - - - -] OVN reports status up for port: f7c27797-84e3-4c2d-897a-ffa3cae83082
2026-02-27 15:54:05.771 9 INFO neutron.plugins.ml2.plugin [None req-912c40c1-dc61-455c-a2fc-10423d8faf86 - - - - - -] Attempt 1 to provision port f7c27797-84e3-4c2d-897a-ffa3cae83082
2026-02-27 15:54:05.797 10 INFO neutron.db.ovn_revision_numbers_db [None req-78035534-f2bc-40d2-8d89-691871e64a16 66ca095a900c47f1abc1a7e5a5cc1ded e605657acc3642f38b5c5ddb7decb851 - - - -] Successfully bumped revision number for resource 6dc0d99a-2850-44f6-b3c0-855b989293c9 (type: ports) to 1 /var/lib/openstack/lib/python3.10/site-packages/pycadf/identifier.py:71: UserWarning: Invalid uuid: neutron. To ensure interoperability, identifiers should be a valid uuid. warnings.warn(('Invalid uuid: %s. To ensure interoperability, '
2026-02-27 15:54:05.823 10 INFO neutron.wsgi [None req-78035534-f2bc-40d2-8d89-691871e64a16 66ca095a900c47f1abc1a7e5a5cc1ded e605657acc3642f38b5c5ddb7decb851 - - - -] 10.0.0.104 "POST /v2.0/networks HTTP/1.1" status: 201 len: 945 time: 0.7448964
2026-02-27 15:54:05.884 10 INFO neutron.notifiers.nova [-] Nova event matching ['req-58a78b4c-21e3-4dd5-815d-aaccd561f733'] response: {'name': 'network-changed', 'server_uuid': 'd2d44b02-30c5-47e4-8cc2-d5a514ebd88a', 'tag': 'f7c27797-84e3-4c2d-897a-ffa3cae83082', 'status': 'completed', 'code': 200}
2026-02-27 15:54:05.884 10 INFO neutron.notifiers.nova [-] Nova event matching ['req-58a78b4c-21e3-4dd5-815d-aaccd561f733'] response: {'server_uuid': 'c655f1d3-e7f7-4b67-87d3-828d5aa11559', 'name': 'network-vif-plugged', 'status': 'completed', 'tag': 'b7cecbb4-9afe-45b7-906e-3c886394e3d8', 'code': 200}
2026-02-27 15:54:05.944 10 INFO neutron.wsgi [req-cab4c3cd-60d6-452e-88f7-fb6ba2416a0b req-465e7927-732a-496a-b13b-6d94e29395ad b1a33f93d147477c8063f1f237187cff ab3d8c3e43704514aed60ff5f51af34e - - cbde16b25b144b1db5f103cd0e1391b9 cbde16b25b144b1db5f103cd0e1391b9] 199.19.213.79 "GET /v2.0/ports?tenant_id=f8bc41cfede846a98f5de1601d8c2262&device_id=d2d44b02-30c5-47e4-8cc2-d5a514ebd88a HTTP/1.1" status: 200 len: 1359 time: 0.0390463
2026-02-27 15:54:05.948 9 INFO neutron.wsgi [req-6a2724e5-4909-47e5-a0ed-d948ca1590a9 req-9a6f98a9-b9b5-4050-8067-5b3ee8186787 f89e8c9c7fba4294b7e8c1249cced954 5d381b31b37b4b4080e3499a6d70626c - - default default] 10.0.0.99 "GET /v2.0/ports?device_id=c655f1d3-e7f7-4b67-87d3-828d5aa11559 HTTP/1.1" status: 200 len: 1174 time: 0.1506059
2026-02-27 15:54:06.025 9 INFO neutron.wsgi [req-6a2724e5-4909-47e5-a0ed-d948ca1590a9 req-3d4e7bc8-91dd-47da-9bcd-237f622b2903 f89e8c9c7fba4294b7e8c1249cced954 5d381b31b37b4b4080e3499a6d70626c - - default default] 10.0.0.99 "GET /v2.0/security-groups?id=40e1b909-5989-4a6c-8ebd-e02853269cad&fields=id&fields=name HTTP/1.1" status: 200 len: 313 time: 0.0682597
2026-02-27 15:54:06.036 10 INFO neutron.wsgi [req-cab4c3cd-60d6-452e-88f7-fb6ba2416a0b req-7c32b688-86e4-4a27-9a29-a0e0e589ed22 b1a33f93d147477c8063f1f237187cff ab3d8c3e43704514aed60ff5f51af34e - - cbde16b25b144b1db5f103cd0e1391b9 cbde16b25b144b1db5f103cd0e1391b9] 199.19.213.79 "GET /v2.0/networks?id=5fd96608-e6f4-4552-9c9b-cf46098a731f HTTP/1.1" status: 200 len: 978 time: 0.0855534
2026-02-27 15:54:06.078 10 WARNING neutron.scheduler.dhcp_agent_scheduler [None req-621de9b7-260a-4e30-ac9c-c3e3f27511df 66ca095a900c47f1abc1a7e5a5cc1ded e605657acc3642f38b5c5ddb7decb851 - - - -] No more DHCP agents
2026-02-27 15:54:06.081 10 INFO neutron.wsgi [req-cab4c3cd-60d6-452e-88f7-fb6ba2416a0b req-2fc31d34-412c-4dac-8100-c501e6803aa4 b1a33f93d147477c8063f1f237187cff ab3d8c3e43704514aed60ff5f51af34e - - cbde16b25b144b1db5f103cd0e1391b9 cbde16b25b144b1db5f103cd0e1391b9] 199.19.213.79 "GET /v2.0/floatingips?fixed_ip_address=10.100.0.9&port_id=f7c27797-84e3-4c2d-897a-ffa3cae83082 HTTP/1.1" status: 200 len: 217 time: 0.0377660
2026-02-27 15:54:06.090 10 WARNING neutron.api.rpc.agentnotifiers.dhcp_rpc_agent_api [None req-621de9b7-260a-4e30-ac9c-c3e3f27511df 66ca095a900c47f1abc1a7e5a5cc1ded e605657acc3642f38b5c5ddb7decb851 - - - -] Unable to schedule network 75eea6fb-e196-439e-a053-e16a1a4e66ca: no agents available; will retry on subsequent port and subnet creation events.
2026-02-27 15:54:06.119 9 INFO neutron.db.ovn_revision_numbers_db [None req-4c3dff35-80bf-4233-af04-d9f7fac0c067 66ca095a900c47f1abc1a7e5a5cc1ded e605657acc3642f38b5c5ddb7decb851 - - - -] Successfully bumped revision number for resource 6d355f43-0cf5-49f9-9cef-23f081730f40 (type: router_ports) to 1
2026-02-27 15:54:06.137 10 INFO neutron.plugins.ml2.drivers.ovn.mech_driver.ovsdb.ovsdb_monitor [None req-77c63fd5-f77f-4c58-b36c-80d060d094b0 - - - - - -] Router 01bfcdf1-5d41-4dfd-9860-7a7d0fd81b4d is bound to host instance
2026-02-27 15:54:06.171 10 INFO neutron.wsgi [req-cab4c3cd-60d6-452e-88f7-fb6ba2416a0b req-9a0f1652-a877-49b4-ac4e-d3dd755b5bcf b1a33f93d147477c8063f1f237187cff ab3d8c3e43704514aed60ff5f51af34e - - cbde16b25b144b1db5f103cd0e1391b9 cbde16b25b144b1db5f103cd0e1391b9] 199.19.213.79 "GET /v2.0/subnets?id=844c3665-5676-472d-a0c2-cc661ffc8990 HTTP/1.1" status: 200 len: 873 time: 0.0818341
2026-02-27 15:54:06.208 10 INFO neutron.wsgi [req-cab4c3cd-60d6-452e-88f7-fb6ba2416a0b req-9a7fbb8b-7ac8-4830-872e-ca3064218ada b1a33f93d147477c8063f1f237187cff ab3d8c3e43704514aed60ff5f51af34e - - cbde16b25b144b1db5f103cd0e1391b9 cbde16b25b144b1db5f103cd0e1391b9] 199.19.213.79 "GET /v2.0/ports?network_id=5fd96608-e6f4-4552-9c9b-cf46098a731f&device_owner=network%3Adhcp HTTP/1.1" status: 200 len: 210 time: 0.0258908
2026-02-27 15:54:06.216 9 INFO neutron.db.ovn_revision_numbers_db [None req-912c40c1-dc61-455c-a2fc-10423d8faf86 - - - - - -] Successfully bumped revision number for resource f7c27797-84e3-4c2d-897a-ffa3cae83082 (type: ports) to 4
2026-02-27 15:54:06.232 9 INFO neutron.db.ovn_revision_numbers_db [None req-4c3dff35-80bf-4233-af04-d9f7fac0c067 66ca095a900c47f1abc1a7e5a5cc1ded e605657acc3642f38b5c5ddb7decb851 - - - -] Successfully bumped revision number for resource 01bfcdf1-5d41-4dfd-9860-7a7d0fd81b4d (type: routers) to 3
2026-02-27 15:54:06.276 9 INFO neutron.wsgi [None req-4c3dff35-80bf-4233-af04-d9f7fac0c067 66ca095a900c47f1abc1a7e5a5cc1ded e605657acc3642f38b5c5ddb7decb851 - - - -] 10.0.0.104 "POST /v2.0/routers HTTP/1.1" status: 201 len: 884 time: 2.1367018
2026-02-27 15:54:06.294 9 INFO neutron.plugins.ml2.drivers.ovn.mech_driver.mech_driver [None req-912c40c1-dc61-455c-a2fc-10423d8faf86 - - - - - -] OVN reports status up for port: 6d355f43-0cf5-49f9-9cef-23f081730f40
2026-02-27 15:54:06.301 9 INFO neutron.wsgi [req-ca856ed3-5cfa-4a79-b9b5-112f95f26be4 req-8232a6b3-e34c-4fbc-a902-7f69a2667373 238b5a944aa94144ad79c78641acfdbc f8bc41cfede846a98f5de1601d8c2262 - - default default] 10.0.0.99 "GET /v2.0/ports?device_id=d2d44b02-30c5-47e4-8cc2-d5a514ebd88a HTTP/1.1" status: 200 len: 1170 time: 0.1209779
2026-02-27 15:54:06.315 9 INFO neutron.notifiers.nova [-] Nova event matching ['req-2db0028c-cff6-477e-838b-daae2cbae173'] response: {'name': 'network-changed', 'server_uuid': 'c655f1d3-e7f7-4b67-87d3-828d5aa11559', 'tag': 'b7cecbb4-9afe-45b7-906e-3c886394e3d8', 'status': 'completed', 'code': 200}
2026-02-27 15:54:06.318 9 INFO neutron.plugins.ml2.plugin [None req-912c40c1-dc61-455c-a2fc-10423d8faf86 - - - - - -] Attempt 1 to provision port 6d355f43-0cf5-49f9-9cef-23f081730f40 /var/lib/openstack/lib/python3.10/site-packages/pycadf/identifier.py:71: UserWarning: Invalid uuid: neutron. To ensure interoperability, identifiers should be a valid uuid. warnings.warn(('Invalid uuid: %s. To ensure interoperability, '
2026-02-27 15:54:06.337 10 INFO neutron.wsgi [req-cab4c3cd-60d6-452e-88f7-fb6ba2416a0b req-de27715a-8385-47c4-8d80-5a8b5d5cdbbf b1a33f93d147477c8063f1f237187cff ab3d8c3e43704514aed60ff5f51af34e - - cbde16b25b144b1db5f103cd0e1391b9 cbde16b25b144b1db5f103cd0e1391b9] 199.19.213.79 "GET /v2.0/networks/5fd96608-e6f4-4552-9c9b-cf46098a731f?fields=segments HTTP/1.1" status: 200 len: 212 time: 0.1185973
2026-02-27 15:54:06.422 9 INFO neutron.wsgi [req-ca856ed3-5cfa-4a79-b9b5-112f95f26be4 req-ad76dfee-a4c4-495d-b306-38488a838d85 238b5a944aa94144ad79c78641acfdbc f8bc41cfede846a98f5de1601d8c2262 - - default default] 10.0.0.99 "GET /v2.0/security-groups?id=658390e9-be84-4790-b595-969439c4ae46&fields=id&fields=name HTTP/1.1" status: 200 len: 313 time: 0.1058872
2026-02-27 15:54:06.426 10 INFO neutron.wsgi [req-2f2a951c-7487-4d04-8d55-98a4f043835c req-cefc9c75-f2f7-4d62-bad6-9b0e6c334891 b1a33f93d147477c8063f1f237187cff ab3d8c3e43704514aed60ff5f51af34e - - cbde16b25b144b1db5f103cd0e1391b9 cbde16b25b144b1db5f103cd0e1391b9] 199.19.213.79 "GET /v2.0/ports?tenant_id=5d381b31b37b4b4080e3499a6d70626c&device_id=c655f1d3-e7f7-4b67-87d3-828d5aa11559 HTTP/1.1" status: 200 len: 1365 time: 0.0951235
2026-02-27 15:54:06.692 9 INFO neutron.wsgi [req-df49c26a-1bc2-438e-a983-af7786494300 req-f0512bb9-4bbc-4047-9cb5-12f16e95e76c f89e8c9c7fba4294b7e8c1249cced954 5d381b31b37b4b4080e3499a6d70626c - - default default] 10.0.0.99 "GET /v2.0/ports?device_id=c655f1d3-e7f7-4b67-87d3-828d5aa11559 HTTP/1.1" status: 200 len: 1174 time: 0.0384278
2026-02-27 15:54:06.736 9 INFO neutron.wsgi [req-df49c26a-1bc2-438e-a983-af7786494300 req-44ab4ac4-a65e-47b0-9837-08ea10b22db0 f89e8c9c7fba4294b7e8c1249cced954 5d381b31b37b4b4080e3499a6d70626c - - default default] 10.0.0.99 "GET /v2.0/security-groups?id=40e1b909-5989-4a6c-8ebd-e02853269cad&fields=id&fields=name HTTP/1.1" status: 200 len: 313 time: 0.0351484
2026-02-27 15:54:06.821 10 INFO neutron.plugins.ml2.drivers.ovn.mech_driver.mech_driver [None req-76928be3-c245-4694-afcb-9cabb589e602 - - - - - -] OVN reports status down for port: b7cecbb4-9afe-45b7-906e-3c886394e3d8
2026-02-27 15:54:06.878 10 INFO neutron.wsgi [req-cab4c3cd-60d6-452e-88f7-fb6ba2416a0b req-c76b6ad7-d4f6-437c-befb-58c85d645d90 b1a33f93d147477c8063f1f237187cff ab3d8c3e43704514aed60ff5f51af34e - - cbde16b25b144b1db5f103cd0e1391b9 cbde16b25b144b1db5f103cd0e1391b9] 199.19.213.79 "GET /v2.0/networks/5fd96608-e6f4-4552-9c9b-cf46098a731f?fields=provider%3Aphysical_network&fields=provider%3Anetwork_type HTTP/1.1" status: 200 len: 277 time: 0.5320680
2026-02-27 15:54:06.899 9 INFO neutron.wsgi [req-76da5eac-00b6-4d14-a676-fa7b2edc95f2 req-84482363-0bb8-4caa-95ba-616446f96976 f89e8c9c7fba4294b7e8c1249cced954 5d381b31b37b4b4080e3499a6d70626c - - default default] 199.19.213.79 "GET /v2.0/ports?device_id=c655f1d3-e7f7-4b67-87d3-828d5aa11559 HTTP/1.1" status: 200 len: 1174 time: 0.0433831
2026-02-27 15:54:06.919 10 INFO neutron.wsgi [req-2f2a951c-7487-4d04-8d55-98a4f043835c req-c2185940-e311-485d-8132-ae5171b259a9 b1a33f93d147477c8063f1f237187cff ab3d8c3e43704514aed60ff5f51af34e - - cbde16b25b144b1db5f103cd0e1391b9 cbde16b25b144b1db5f103cd0e1391b9] 199.19.213.79 "GET /v2.0/networks?id=afbda204-2e60-46fd-b059-9ad5c4d68df7 HTTP/1.1" status: 200 len: 967 time: 0.4821713
2026-02-27 15:54:07.019 9 WARNING neutron.scheduler.dhcp_agent_scheduler [None req-5b904237-b61a-4522-94d0-1e83fa262017 66ca095a900c47f1abc1a7e5a5cc1ded e605657acc3642f38b5c5ddb7decb851 - - default default] No more DHCP agents
2026-02-27 15:54:07.022 9 WARNING neutron.api.rpc.agentnotifiers.dhcp_rpc_agent_api [None req-5b904237-b61a-4522-94d0-1e83fa262017 66ca095a900c47f1abc1a7e5a5cc1ded e605657acc3642f38b5c5ddb7decb851 - - default default] Unable to schedule network e5290de1-05fb-4c2a-84d4-96c64ae910b0: no agents available; will retry on subsequent port and subnet creation events.
2026-02-27 15:54:07.062 10 INFO neutron.wsgi [req-2f2a951c-7487-4d04-8d55-98a4f043835c req-054d5030-482b-401e-8e4c-ab4e8cf811fb b1a33f93d147477c8063f1f237187cff ab3d8c3e43704514aed60ff5f51af34e - - cbde16b25b144b1db5f103cd0e1391b9 cbde16b25b144b1db5f103cd0e1391b9] 199.19.213.79 "GET /v2.0/floatingips?fixed_ip_address=10.100.0.10&port_id=b7cecbb4-9afe-45b7-906e-3c886394e3d8 HTTP/1.1" status: 200 len: 1060 time: 0.1342423
2026-02-27 15:54:07.161 10 INFO neutron.wsgi [req-2f2a951c-7487-4d04-8d55-98a4f043835c req-09534442-2d27-4685-96fb-4a9a3e31f6c5 b1a33f93d147477c8063f1f237187cff ab3d8c3e43704514aed60ff5f51af34e - - cbde16b25b144b1db5f103cd0e1391b9 cbde16b25b144b1db5f103cd0e1391b9] 199.19.213.79 "GET /v2.0/subnets?id=a03f279f-7c48-4e05-8624-000bacd3897f HTTP/1.1" status: 200 len: 862 time: 0.0909164
2026-02-27 15:54:07.237 9 INFO neutron.db.ovn_revision_numbers_db [None req-5b904237-b61a-4522-94d0-1e83fa262017 66ca095a900c47f1abc1a7e5a5cc1ded e605657acc3642f38b5c5ddb7decb851 - - default default] Successfully bumped revision number for resource 3138f5b1-438c-4909-a532-65f77ea047c0 (type: ports) to 1
2026-02-27 15:54:07.239 10 INFO neutron.wsgi [req-2f2a951c-7487-4d04-8d55-98a4f043835c req-779f3d7c-b28f-47a3-9ab2-ed6cc286b9bc b1a33f93d147477c8063f1f237187cff ab3d8c3e43704514aed60ff5f51af34e - - cbde16b25b144b1db5f103cd0e1391b9 cbde16b25b144b1db5f103cd0e1391b9] 199.19.213.79 "GET /v2.0/ports?network_id=afbda204-2e60-46fd-b059-9ad5c4d68df7&device_owner=network%3Adhcp HTTP/1.1" status: 200 len: 210 time: 0.0652874
2026-02-27 15:54:07.312 9 INFO neutron.db.l3_db [None req-6c3228a1-48b9-4043-affc-449b77c05303 f89e8c9c7fba4294b7e8c1249cced954 5d381b31b37b4b4080e3499a6d70626c - - - -] Floating IP 216b94ed-db02-48f3-ac15-c8b6236b649c disassociated. External IP: 10.96.250.220, port: b7cecbb4-9afe-45b7-906e-3c886394e3d8.
2026-02-27 15:54:07.395 10 INFO neutron.wsgi [req-2f2a951c-7487-4d04-8d55-98a4f043835c req-321ef7ea-36d4-4189-a775-d04b668f504b b1a33f93d147477c8063f1f237187cff ab3d8c3e43704514aed60ff5f51af34e - - cbde16b25b144b1db5f103cd0e1391b9 cbde16b25b144b1db5f103cd0e1391b9] 199.19.213.79 "GET /v2.0/networks/afbda204-2e60-46fd-b059-9ad5c4d68df7?fields=segments HTTP/1.1" status: 200 len: 212 time: 0.1463511
2026-02-27 15:54:07.546 10 INFO neutron.wsgi [req-2f2a951c-7487-4d04-8d55-98a4f043835c req-a2ab2881-6e93-48ac-a871-1560eaa66e71 b1a33f93d147477c8063f1f237187cff ab3d8c3e43704514aed60ff5f51af34e - - cbde16b25b144b1db5f103cd0e1391b9 cbde16b25b144b1db5f103cd0e1391b9] 199.19.213.79 "GET /v2.0/networks/afbda204-2e60-46fd-b059-9ad5c4d68df7?fields=provider%3Aphysical_network&fields=provider%3Anetwork_type HTTP/1.1" status: 200 len: 277 time: 0.1423197
2026-02-27 15:54:07.593 9 INFO neutron.wsgi [req-c9f4b3eb-29c1-453e-8b4d-551454a9dae4 req-2c4e62f2-b134-4d3a-8a2f-8e5da5917d00 238b5a944aa94144ad79c78641acfdbc f8bc41cfede846a98f5de1601d8c2262 - - default default] 10.0.0.99 "GET /v2.0/ports?device_id=d2d44b02-30c5-47e4-8cc2-d5a514ebd88a HTTP/1.1" status: 200 len: 1170 time: 0.0982394
2026-02-27 15:54:07.618 9 INFO neutron.wsgi [None req-6c3228a1-48b9-4043-affc-449b77c05303 f89e8c9c7fba4294b7e8c1249cced954 5d381b31b37b4b4080e3499a6d70626c - - - -] 199.19.213.79 "DELETE /v2.0/ports/b7cecbb4-9afe-45b7-906e-3c886394e3d8 HTTP/1.1" status: 204 len: 173 time: 0.7124503
2026-02-27 15:54:07.645 10 INFO neutron.db.ovn_revision_numbers_db [None req-621de9b7-260a-4e30-ac9c-c3e3f27511df 66ca095a900c47f1abc1a7e5a5cc1ded e605657acc3642f38b5c5ddb7decb851 - - - -] Successfully bumped revision number for resource 6dc0d99a-2850-44f6-b3c0-855b989293c9 (type: ports) to 2
2026-02-27 15:54:07.661 9 INFO neutron.wsgi [req-c9f4b3eb-29c1-453e-8b4d-551454a9dae4 req-ad086ce8-acde-4f11-b94c-af752d78eb4f 238b5a944aa94144ad79c78641acfdbc f8bc41cfede846a98f5de1601d8c2262 - - default default] 10.0.0.99 "GET /v2.0/security-groups?id=658390e9-be84-4790-b595-969439c4ae46&fields=id&fields=name HTTP/1.1" status: 200 len: 313 time: 0.0600102
2026-02-27 15:54:07.665 10 INFO neutron.db.ovn_revision_numbers_db [None req-621de9b7-260a-4e30-ac9c-c3e3f27511df 66ca095a900c47f1abc1a7e5a5cc1ded e605657acc3642f38b5c5ddb7decb851 - - - -] Successfully bumped revision number for resource 0670d74b-dcb5-402c-ae26-ac318d5d0e18 (type: subnets) to 0
2026-02-27 15:54:07.673 10 INFO neutron.db.ovn_revision_numbers_db [None req-77c63fd5-f77f-4c58-b36c-80d060d094b0 - - - - - -] Successfully bumped revision number for resource 6d355f43-0cf5-49f9-9cef-23f081730f40 (type: ports) to 1
2026-02-27 15:54:07.682 10 INFO neutron.wsgi [None req-621de9b7-260a-4e30-ac9c-c3e3f27511df 66ca095a900c47f1abc1a7e5a5cc1ded e605657acc3642f38b5c5ddb7decb851 - - - -] 10.0.0.104 "POST /v2.0/subnets HTTP/1.1" status: 201 len: 865 time: 1.8493087
2026-02-27 15:54:08.054 9 INFO neutron.wsgi [req-b0d23d66-da8a-4083-922f-ba8c5d50cb0d req-36846363-0cf3-469d-ae76-1d5e26eac502 f89e8c9c7fba4294b7e8c1249cced954 5d381b31b37b4b4080e3499a6d70626c - - default default] 10.0.0.99 "GET /v2.0/ports?device_id=c655f1d3-e7f7-4b67-87d3-828d5aa11559 HTTP/1.1" status: 200 len: 210 time: 0.0514107
2026-02-27 15:54:08.078 10 INFO neutron.notifiers.nova [-] Nova event matching ['req-fd04cd9a-18bd-4246-959e-402985d00a3b'] response: {'server_uuid': 'c655f1d3-e7f7-4b67-87d3-828d5aa11559', 'name': 'network-vif-unplugged', 'status': 'completed', 'tag': 'b7cecbb4-9afe-45b7-906e-3c886394e3d8', 'code': 200}
2026-02-27 15:54:08.113 9 INFO neutron.db.ovn_revision_numbers_db [None req-5b904237-b61a-4522-94d0-1e83fa262017 66ca095a900c47f1abc1a7e5a5cc1ded e605657acc3642f38b5c5ddb7decb851 - - default default] Successfully bumped revision number for resource 3138f5b1-438c-4909-a532-65f77ea047c0 (type: router_ports) to 2
2026-02-27 15:54:08.115 10 WARNING neutron.db.ovn_revision_numbers_db [None req-76928be3-c245-4694-afcb-9cabb589e602 - - - - - -] No revision row found for b7cecbb4-9afe-45b7-906e-3c886394e3d8 (type: ports) when bumping the revision number. Creating one.
2026-02-27 15:54:08.126 10 INFO neutron.db.ovn_revision_numbers_db [None req-76928be3-c245-4694-afcb-9cabb589e602 - - - - - -] Successfully bumped revision number for resource b7cecbb4-9afe-45b7-906e-3c886394e3d8 (type: ports) to 5
2026-02-27 15:54:08.159 10 INFO neutron.db.ovn_revision_numbers_db [None req-77c63fd5-f77f-4c58-b36c-80d060d094b0 - - - - - -] Successfully bumped revision number for resource 6d355f43-0cf5-49f9-9cef-23f081730f40 (type: router_ports) to 3
2026-02-27 15:54:08.307 10 INFO neutron.db.ovn_revision_numbers_db [None req-77c63fd5-f77f-4c58-b36c-80d060d094b0 - - - - - -] Successfully bumped revision number for resource 6d355f43-0cf5-49f9-9cef-23f081730f40 (type: ports) to 2
2026-02-27 15:54:08.314 9 INFO neutron.db.ovn_revision_numbers_db [None req-5b904237-b61a-4522-94d0-1e83fa262017 66ca095a900c47f1abc1a7e5a5cc1ded e605657acc3642f38b5c5ddb7decb851 - - default default] Successfully bumped revision number for resource 3138f5b1-438c-4909-a532-65f77ea047c0 (type: ports) to 2
2026-02-27 15:54:08.387 9 INFO neutron.notifiers.nova [-] Nova event matching ['req-8e5cceb9-a7d0-45e4-b98c-a88d84da91bf'] response: {'server_uuid': 'd2d44b02-30c5-47e4-8cc2-d5a514ebd88a', 'name': 'network-vif-plugged', 'status': 'completed', 'tag': 'f7c27797-84e3-4c2d-897a-ffa3cae83082', 'code': 200}
2026-02-27 15:54:08.387 9 INFO neutron.notifiers.nova [-] Nova event matching ['req-8e5cceb9-a7d0-45e4-b98c-a88d84da91bf'] response: {'server_uuid': 'd2d44b02-30c5-47e4-8cc2-d5a514ebd88a', 'name': 'network-vif-plugged', 'status': 'completed', 'tag': 'f7c27797-84e3-4c2d-897a-ffa3cae83082', 'code': 200}
2026-02-27 15:54:08.387 9 INFO neutron.notifiers.nova [-] Nova event matching ['req-8e5cceb9-a7d0-45e4-b98c-a88d84da91bf'] response: {'server_uuid': 'c655f1d3-e7f7-4b67-87d3-828d5aa11559', 'name': 'network-vif-deleted', 'tag': 'b7cecbb4-9afe-45b7-906e-3c886394e3d8', 'status': 'completed', 'code': 200}
2026-02-27 15:54:08.414 9 WARNING neutron.scheduler.dhcp_agent_scheduler [None req-5b904237-b61a-4522-94d0-1e83fa262017 66ca095a900c47f1abc1a7e5a5cc1ded e605657acc3642f38b5c5ddb7decb851 - - default default] No more DHCP agents
2026-02-27 15:54:08.416 9 WARNING neutron.api.rpc.agentnotifiers.dhcp_rpc_agent_api [None req-5b904237-b61a-4522-94d0-1e83fa262017 66ca095a900c47f1abc1a7e5a5cc1ded e605657acc3642f38b5c5ddb7decb851 - - default default] Unable to schedule network e5290de1-05fb-4c2a-84d4-96c64ae910b0: no agents available; will retry on subsequent port and subnet creation events.
2026-02-27 15:54:08.495 9 WARNING neutron.scheduler.dhcp_agent_scheduler [None req-ba6a5734-29a1-43a2-aeab-1f4dbd2e5ca0 66ca095a900c47f1abc1a7e5a5cc1ded e605657acc3642f38b5c5ddb7decb851 - - - -] No more DHCP agents
2026-02-27 15:54:08.498 9 WARNING neutron.api.rpc.agentnotifiers.dhcp_rpc_agent_api [None req-ba6a5734-29a1-43a2-aeab-1f4dbd2e5ca0 66ca095a900c47f1abc1a7e5a5cc1ded e605657acc3642f38b5c5ddb7decb851 - - - -] Unable to schedule network 42885bae-5639-40f3-878b-27648fce46ce: no agents available; will retry on subsequent port and subnet creation events.
2026-02-27 15:54:08.542 10 INFO neutron.db.ovn_revision_numbers_db [None req-77c63fd5-f77f-4c58-b36c-80d060d094b0 - - - - - -] Successfully bumped revision number for resource 6d355f43-0cf5-49f9-9cef-23f081730f40 (type: ports) to 4
2026-02-27 15:54:08.670 9 INFO neutron.db.ovn_revision_numbers_db [None req-ba6a5734-29a1-43a2-aeab-1f4dbd2e5ca0 66ca095a900c47f1abc1a7e5a5cc1ded e605657acc3642f38b5c5ddb7decb851 - - - -] Successfully bumped revision number for resource 1044c574-b150-4724-8710-d92ad42f53dc (type: ports) to 1
2026-02-27 15:54:08.771 10 INFO neutron.db.ovn_revision_numbers_db [None req-77c63fd5-f77f-4c58-b36c-80d060d094b0 - - - - - -] Successfully bumped revision number for resource 6d355f43-0cf5-49f9-9cef-23f081730f40 (type: router_ports) to 4
2026-02-27 15:54:08.790 9 INFO neutron.wsgi [req-7dd0dba1-cffb-42aa-b77c-634c603d2c6a req-ed213f38-b6cf-4145-9a90-416fd716ff6d 238b5a944aa94144ad79c78641acfdbc f8bc41cfede846a98f5de1601d8c2262 - - default default] 10.0.0.99 "GET /v2.0/ports?device_id=d2d44b02-30c5-47e4-8cc2-d5a514ebd88a HTTP/1.1" status: 200 len: 1170 time: 0.0564134
2026-02-27 15:54:08.876 9 INFO neutron.wsgi [req-7dd0dba1-cffb-42aa-b77c-634c603d2c6a req-9ccd8cf1-13b2-4390-abd7-a9b9373f69ff 238b5a944aa94144ad79c78641acfdbc f8bc41cfede846a98f5de1601d8c2262 - - default default] 10.0.0.99 "GET /v2.0/security-groups?id=658390e9-be84-4790-b595-969439c4ae46&fields=id&fields=name HTTP/1.1" status: 200 len: 313 time: 0.0673203
2026-02-27 15:54:09.168 9 INFO neutron.wsgi [req-10920d7c-2674-4cc0-968b-884990aa211b req-f64c275c-a4e7-45d6-8fd3-110d552565c0 238b5a944aa94144ad79c78641acfdbc f8bc41cfede846a98f5de1601d8c2262 - - default default] 10.0.0.99 "GET /v2.0/ports?device_id=d2d44b02-30c5-47e4-8cc2-d5a514ebd88a HTTP/1.1" status: 200 len: 1170 time: 0.0576916
2026-02-27 15:54:09.208 9 INFO neutron.plugins.ml2.drivers.ovn.mech_driver.mech_driver [None req-912c40c1-dc61-455c-a2fc-10423d8faf86 - - - - - -] OVN reports status up for port: 3138f5b1-438c-4909-a532-65f77ea047c0
2026-02-27 15:54:09.245 9 INFO neutron.plugins.ml2.plugin [None req-912c40c1-dc61-455c-a2fc-10423d8faf86 - - - - - -] Attempt 1 to provision port 3138f5b1-438c-4909-a532-65f77ea047c0
2026-02-27 15:54:09.529 10 INFO neutron.wsgi [None req-298354a6-bec3-4dfd-889f-9719579793f4 f89e8c9c7fba4294b7e8c1249cced954 5d381b31b37b4b4080e3499a6d70626c - - - -] 10.0.0.104 "DELETE /v2.0/security-groups/40e1b909-5989-4a6c-8ebd-e02853269cad HTTP/1.1" status: 204 len: 168 time: 0.3520846
2026-02-27 15:54:09.564 10 INFO neutron.api.v2.resource [None req-f8fc1878-ed97-4a3a-bb9f-ce965e4615c8 f89e8c9c7fba4294b7e8c1249cced954 5d381b31b37b4b4080e3499a6d70626c - - default default] show failed (client error): The resource could not be found.
2026-02-27 15:54:09.565 10 INFO neutron.wsgi [None req-f8fc1878-ed97-4a3a-bb9f-ce965e4615c8 f89e8c9c7fba4294b7e8c1249cced954 5d381b31b37b4b4080e3499a6d70626c - - default default] 10.0.0.104 "GET /v2.0/security-groups/40e1b909-5989-4a6c-8ebd-e02853269cad HTTP/1.1" status: 404 len: 347 time: 0.0292671
2026-02-27 15:54:09.607 10 INFO neutron.db.l3_db [None req-3682bdd5-8c25-4221-8efe-ce52cfbf9b95 238b5a944aa94144ad79c78641acfdbc f8bc41cfede846a98f5de1601d8c2262 - - - -] Floating IP b7d61259-c366-46c3-a35c-77fedcec0bc6 associated. External IP: 10.96.250.219, port: f7c27797-84e3-4c2d-897a-ffa3cae83082.
2026-02-27 15:54:09.739 9 INFO neutron.db.ovn_revision_numbers_db [None req-5b904237-b61a-4522-94d0-1e83fa262017 66ca095a900c47f1abc1a7e5a5cc1ded e605657acc3642f38b5c5ddb7decb851 - - - -] Successfully bumped revision number for resource 3138f5b1-438c-4909-a532-65f77ea047c0 (type: router_ports) to 2
2026-02-27 15:54:09.742 9 INFO neutron.wsgi [None req-5b904237-b61a-4522-94d0-1e83fa262017 66ca095a900c47f1abc1a7e5a5cc1ded e605657acc3642f38b5c5ddb7decb851 - - - -] 10.0.0.104 "PUT /v2.0/routers/01bfcdf1-5d41-4dfd-9860-7a7d0fd81b4d/add_router_interface HTTP/1.1" status: 200 len: 503 time: 3.4564846
2026-02-27 15:54:09.763 9 INFO neutron.db.ovn_revision_numbers_db [None req-912c40c1-dc61-455c-a2fc-10423d8faf86 - - - - - -] Successfully bumped revision number for resource 3138f5b1-438c-4909-a532-65f77ea047c0 (type: ports) to 3
2026-02-27 15:54:09.862 9 INFO neutron.db.ovn_revision_numbers_db [None req-ba6a5734-29a1-43a2-aeab-1f4dbd2e5ca0 66ca095a900c47f1abc1a7e5a5cc1ded e605657acc3642f38b5c5ddb7decb851 - - - -] Successfully bumped revision number for resource 1044c574-b150-4724-8710-d92ad42f53dc (type: router_ports) to 1
2026-02-27 15:54:09.890 10 INFO neutron.plugins.ml2.drivers.ovn.mech_driver.ovsdb.ovsdb_monitor [None req-77c63fd5-f77f-4c58-b36c-80d060d094b0 - - - - - -] Router b2a915fd-7ca8-4e5e-b8ab-d47c3bff3b83 is bound to host instance
2026-02-27 15:54:09.906 10 INFO neutron.plugins.ml2.drivers.ovn.mech_driver.mech_driver [None req-76928be3-c245-4694-afcb-9cabb589e602 - - - - - -] OVN reports status up for port: 1044c574-b150-4724-8710-d92ad42f53dc
2026-02-27 15:54:09.935 9 INFO neutron.db.ovn_revision_numbers_db [None req-912c40c1-dc61-455c-a2fc-10423d8faf86 - - - - - -] Successfully bumped revision number for resource 3138f5b1-438c-4909-a532-65f77ea047c0 (type: router_ports) to 3
2026-02-27 15:54:09.935 10 INFO neutron.plugins.ml2.plugin [None req-76928be3-c245-4694-afcb-9cabb589e602 - - - - - -] Attempt 1 to provision port 1044c574-b150-4724-8710-d92ad42f53dc
