2026-02-27 15:54:28.347 9 INFO neutron.wsgi [req-b5bd567f-0336-4f37-800a-04de82c6486f req-01d25add-ce0b-4d22-ba20-a5235080d9db b1a33f93d147477c8063f1f237187cff ab3d8c3e43704514aed60ff5f51af34e - - cbde16b25b144b1db5f103cd0e1391b9 cbde16b25b144b1db5f103cd0e1391b9] 199.19.213.79 "GET /v2.0/floatingips?fixed_ip_address=10.100.0.5&port_id=2bc51792-a4fe-4def-b38d-6bc046c1fbaf HTTP/1.1" status: 200 len: 217 time: 0.0254800
2026-02-27 15:54:28.356 10 INFO neutron.wsgi [None req-7dc3f336-4cc6-46de-8315-22650e1d4675 3eb002169e074c1482a2bd28a0ecbbd0 2aa72cdac68a478ba9572b9c3e40f4fb - - - -] 10.0.0.104 "POST /v2.0/floatingips HTTP/1.1" status: 201 len: 751 time: 0.5703728
2026-02-27 15:54:28.399 9 INFO neutron.wsgi [req-b5bd567f-0336-4f37-800a-04de82c6486f req-53830fba-25e8-462d-a75c-143db8472cef b1a33f93d147477c8063f1f237187cff ab3d8c3e43704514aed60ff5f51af34e - - cbde16b25b144b1db5f103cd0e1391b9 cbde16b25b144b1db5f103cd0e1391b9] 199.19.213.79 "GET /v2.0/subnets?id=f7add285-a71a-4c37-8f9a-5183a4024771 HTTP/1.1" status: 200 len: 870 time: 0.0449693
2026-02-27 15:54:28.430 9 INFO neutron.wsgi [req-14433f4b-0288-4159-866d-609843cd9d65 req-23f035cd-43ea-481f-887c-1746b1ed85c0 83c95bfcb80945d89e2dbac99505a09c 0e9fea6f32eb4c7e9af67e0d1ac6aada - - default default] 10.0.0.99 "GET /v2.0/ports?device_id=6cc74021-61d0-4a76-8c44-2a78909e8ca6 HTTP/1.1" status: 200 len: 1168 time: 0.0459204
2026-02-27 15:54:28.431 9 INFO neutron.wsgi [req-b5bd567f-0336-4f37-800a-04de82c6486f req-eea9839b-e476-44be-95ca-d7817d5a5f44 b1a33f93d147477c8063f1f237187cff ab3d8c3e43704514aed60ff5f51af34e - - cbde16b25b144b1db5f103cd0e1391b9 cbde16b25b144b1db5f103cd0e1391b9] 199.19.213.79 "GET /v2.0/ports?network_id=1a69c5ff-9fa6-432a-b238-7bb7df3a89ab&device_owner=network%3Adhcp HTTP/1.1" status: 200 len: 210 time: 0.0238130
2026-02-27 15:54:28.489 9 INFO neutron.wsgi [req-14433f4b-0288-4159-866d-609843cd9d65 req-f5c62ede-2556-427b-992e-8d8157cd2de8 83c95bfcb80945d89e2dbac99505a09c 0e9fea6f32eb4c7e9af67e0d1ac6aada - - default default] 10.0.0.99 "GET /v2.0/security-groups?id=72f7b7ef-eaa5-450e-9dea-34d2ccf676eb&fields=id&fields=name HTTP/1.1" status: 200 len: 286 time: 0.0480332
2026-02-27 15:54:28.502 9 INFO neutron.wsgi [req-b5bd567f-0336-4f37-800a-04de82c6486f req-7cfb5cf7-3b2d-47ce-b2ef-e2ee3f304aae b1a33f93d147477c8063f1f237187cff ab3d8c3e43704514aed60ff5f51af34e - - cbde16b25b144b1db5f103cd0e1391b9 cbde16b25b144b1db5f103cd0e1391b9] 199.19.213.79 "GET /v2.0/networks/1a69c5ff-9fa6-432a-b238-7bb7df3a89ab?fields=segments HTTP/1.1" status: 200 len: 212 time: 0.0664744
2026-02-27 15:54:28.567 9 INFO neutron.wsgi [req-b5bd567f-0336-4f37-800a-04de82c6486f req-18d825fd-355d-4686-b31f-3f012a0c3495 b1a33f93d147477c8063f1f237187cff ab3d8c3e43704514aed60ff5f51af34e - - cbde16b25b144b1db5f103cd0e1391b9 cbde16b25b144b1db5f103cd0e1391b9] 199.19.213.79 "GET /v2.0/networks/1a69c5ff-9fa6-432a-b238-7bb7df3a89ab?fields=provider%3Aphysical_network&fields=provider%3Anetwork_type HTTP/1.1" status: 200 len: 277 time: 0.0543997
2026-02-27 15:54:28.641 9 INFO neutron.wsgi [req-96f83d59-49b8-4daa-ac6f-75ed9d6e28a7 req-fec55bd3-a95f-4f85-a7ae-705657f1496a b1a33f93d147477c8063f1f237187cff ab3d8c3e43704514aed60ff5f51af34e - - cbde16b25b144b1db5f103cd0e1391b9 cbde16b25b144b1db5f103cd0e1391b9] 199.19.213.79 "GET /v2.0/ports?tenant_id=0e9fea6f32eb4c7e9af67e0d1ac6aada&device_id=6cc74021-61d0-4a76-8c44-2a78909e8ca6 HTTP/1.1" status: 200 len: 1359 time: 0.0319772
2026-02-27 15:54:28.692 9 INFO neutron.wsgi [req-96f83d59-49b8-4daa-ac6f-75ed9d6e28a7 req-be3e3592-fa28-42c9-8ad5-2a6fe20d19a0 b1a33f93d147477c8063f1f237187cff ab3d8c3e43704514aed60ff5f51af34e - - cbde16b25b144b1db5f103cd0e1391b9 cbde16b25b144b1db5f103cd0e1391b9] 199.19.213.79 "GET /v2.0/networks?id=1a69c5ff-9fa6-432a-b238-7bb7df3a89ab HTTP/1.1" status: 200 len: 973 time: 0.0441201
2026-02-27 15:54:28.735 9 INFO neutron.wsgi [req-96f83d59-49b8-4daa-ac6f-75ed9d6e28a7 req-458e4c04-889c-4837-b64e-da6ec08e595c b1a33f93d147477c8063f1f237187cff ab3d8c3e43704514aed60ff5f51af34e - - cbde16b25b144b1db5f103cd0e1391b9 cbde16b25b144b1db5f103cd0e1391b9] 199.19.213.79 "GET /v2.0/floatingips?fixed_ip_address=10.100.0.5&port_id=2bc51792-a4fe-4def-b38d-6bc046c1fbaf HTTP/1.1" status: 200 len: 217 time: 0.0383837
2026-02-27 15:54:28.773 9 INFO neutron.wsgi [req-8d1915c2-b559-475d-b850-7f193cd1b3f0 req-120789b6-6ce1-47a5-9ef9-6e2770d99c3a 3eb002169e074c1482a2bd28a0ecbbd0 2aa72cdac68a478ba9572b9c3e40f4fb - - default default] 10.0.0.99 "GET /v2.0/security-groups?name=tempest-securitygroup--1184369269&fields=id&tenant_id=2aa72cdac68a478ba9572b9c3e40f4fb HTTP/1.1" status: 200 len: 267 time: 0.0510378
2026-02-27 15:54:28.806 9 INFO neutron.wsgi [req-96f83d59-49b8-4daa-ac6f-75ed9d6e28a7 req-e042feaa-9b88-44f0-b3ca-9ace9259a748 b1a33f93d147477c8063f1f237187cff ab3d8c3e43704514aed60ff5f51af34e - - cbde16b25b144b1db5f103cd0e1391b9 cbde16b25b144b1db5f103cd0e1391b9] 199.19.213.79 "GET /v2.0/subnets?id=f7add285-a71a-4c37-8f9a-5183a4024771 HTTP/1.1" status: 200 len: 870 time: 0.0625556
2026-02-27 15:54:28.848 9 INFO neutron.wsgi [req-96f83d59-49b8-4daa-ac6f-75ed9d6e28a7 req-6e99604e-46bd-451b-b634-65fcbcbd350e b1a33f93d147477c8063f1f237187cff ab3d8c3e43704514aed60ff5f51af34e - - cbde16b25b144b1db5f103cd0e1391b9 cbde16b25b144b1db5f103cd0e1391b9] 199.19.213.79 "GET /v2.0/ports?network_id=1a69c5ff-9fa6-432a-b238-7bb7df3a89ab&device_owner=network%3Adhcp HTTP/1.1" status: 200 len: 210 time: 0.0288737
2026-02-27 15:54:28.867 9 INFO neutron.wsgi [req-8d1915c2-b559-475d-b850-7f193cd1b3f0 req-b733c8db-23c6-4a60-9c2a-8032e5b18ea5 3eb002169e074c1482a2bd28a0ecbbd0 2aa72cdac68a478ba9572b9c3e40f4fb - - default default] 10.0.0.99 "GET /v2.0/networks?id=65cb909b-283c-4d4c-92c8-5e71e1b084c0 HTTP/1.1" status: 200 len: 874 time: 0.0880127
2026-02-27 15:54:28.896 9 INFO neutron.wsgi [req-8d1915c2-b559-475d-b850-7f193cd1b3f0 req-205383bc-c430-435f-b0f3-aabc02788b2a 3eb002169e074c1482a2bd28a0ecbbd0 2aa72cdac68a478ba9572b9c3e40f4fb - - default default] 10.0.0.99 "GET /v2.0/quotas/2aa72cdac68a478ba9572b9c3e40f4fb HTTP/1.1" status: 200 len: 386 time: 0.0224833
2026-02-27 15:54:28.952 9 INFO neutron.wsgi [req-96f83d59-49b8-4daa-ac6f-75ed9d6e28a7 req-56e4ffe8-aaae-45e9-b2b3-36e5360b9d2f b1a33f93d147477c8063f1f237187cff ab3d8c3e43704514aed60ff5f51af34e - - cbde16b25b144b1db5f103cd0e1391b9 cbde16b25b144b1db5f103cd0e1391b9] 199.19.213.79 "GET /v2.0/networks/1a69c5ff-9fa6-432a-b238-7bb7df3a89ab?fields=segments HTTP/1.1" status: 200 len: 212 time: 0.0971544
2026-02-27 15:54:28.999 9 INFO neutron.wsgi [req-8d1915c2-b559-475d-b850-7f193cd1b3f0 req-0cef773a-f2e7-4106-bb72-935f036d1840 3eb002169e074c1482a2bd28a0ecbbd0 2aa72cdac68a478ba9572b9c3e40f4fb - - default default] 10.0.0.99 "GET /v2.0/ports?tenant_id=2aa72cdac68a478ba9572b9c3e40f4fb&fields=id HTTP/1.1" status: 200 len: 302 time: 0.0935009
2026-02-27 15:54:29.039 9 INFO neutron.wsgi [req-96f83d59-49b8-4daa-ac6f-75ed9d6e28a7 req-08f1ce91-95b1-4a64-b790-3f1c3171785e b1a33f93d147477c8063f1f237187cff ab3d8c3e43704514aed60ff5f51af34e - - cbde16b25b144b1db5f103cd0e1391b9 cbde16b25b144b1db5f103cd0e1391b9] 199.19.213.79 "GET /v2.0/networks/1a69c5ff-9fa6-432a-b238-7bb7df3a89ab?fields=provider%3Aphysical_network&fields=provider%3Anetwork_type HTTP/1.1" status: 200 len: 277 time: 0.0689392
2026-02-27 15:54:29.076 9 INFO neutron.wsgi [req-8d1915c2-b559-475d-b850-7f193cd1b3f0 req-f5742114-6c37-4462-91bd-5f1ef9094977 b1a33f93d147477c8063f1f237187cff ab3d8c3e43704514aed60ff5f51af34e - - cbde16b25b144b1db5f103cd0e1391b9 cbde16b25b144b1db5f103cd0e1391b9] 10.0.0.99 "GET /v2.0/networks/65cb909b-283c-4d4c-92c8-5e71e1b084c0?fields=segments HTTP/1.1" status: 200 len: 212 time: 0.0657244
2026-02-27 15:54:29.143 9 INFO neutron.wsgi [req-8d1915c2-b559-475d-b850-7f193cd1b3f0 req-11342946-29b1-4064-9527-53e2398f9914 b1a33f93d147477c8063f1f237187cff ab3d8c3e43704514aed60ff5f51af34e - - cbde16b25b144b1db5f103cd0e1391b9 cbde16b25b144b1db5f103cd0e1391b9] 10.0.0.99 "GET /v2.0/networks/65cb909b-283c-4d4c-92c8-5e71e1b084c0?fields=provider%3Aphysical_network&fields=provider%3Anetwork_type HTTP/1.1" status: 200 len: 277 time: 0.0592847
2026-02-27 15:54:29.276 15 INFO neutron.plugins.ml2.drivers.ovn.mech_driver.ovsdb.maintenance [None req-2d9fd133-3b2c-4941-b571-70fe94242eec - - - - - -] Maintenance task: Synchronization finished (took 0.07 seconds)
2026-02-27 15:54:29.357 9 INFO neutron.wsgi [req-ed5d5905-c290-423e-9226-fd13b18688b3 req-f21ed8ae-ae91-4c26-b860-b516fc5b054b 3eb002169e074c1482a2bd28a0ecbbd0 2aa72cdac68a478ba9572b9c3e40f4fb - - default default] 10.0.0.99 "GET /v2.0/ports?device_id=6dbcc067-b592-4560-b89c-1945aa2d107d HTTP/1.1" status: 200 len: 210 time: 0.0285027
2026-02-27 15:54:29.602 9 INFO neutron.wsgi [req-b7d7c6cb-ef2e-4d63-95ac-9c02c8d960ad req-20466c74-a511-4d13-b131-7b2dbedb91cb 83c95bfcb80945d89e2dbac99505a09c 0e9fea6f32eb4c7e9af67e0d1ac6aada - - default default] 10.0.0.99 "GET /v2.0/ports?device_id=6cc74021-61d0-4a76-8c44-2a78909e8ca6 HTTP/1.1" status: 200 len: 1168 time: 0.0432322
2026-02-27 15:54:29.859 9 INFO neutron.wsgi [req-b7d7c6cb-ef2e-4d63-95ac-9c02c8d960ad req-425ee3e8-4b08-468e-baf6-c757626a07a4 83c95bfcb80945d89e2dbac99505a09c 0e9fea6f32eb4c7e9af67e0d1ac6aada - - default default] 10.0.0.99 "GET /v2.0/security-groups?id=72f7b7ef-eaa5-450e-9dea-34d2ccf676eb&fields=id&fields=name HTTP/1.1" status: 200 len: 286 time: 0.2497051
2026-02-27 15:54:30.081 9 INFO neutron.wsgi [req-8d1915c2-b559-475d-b850-7f193cd1b3f0 req-8d4427d0-a365-431a-885a-e0f4c076a309 3eb002169e074c1482a2bd28a0ecbbd0 2aa72cdac68a478ba9572b9c3e40f4fb - - default default] 199.19.213.79 "GET /v2.0/networks?id=65cb909b-283c-4d4c-92c8-5e71e1b084c0 HTTP/1.1" status: 200 len: 874 time: 0.0660484
2026-02-27 15:54:30.132 9 INFO neutron.wsgi [req-8d1915c2-b559-475d-b850-7f193cd1b3f0 req-ae500f79-667e-4c28-b96e-e7167e6bc197 3eb002169e074c1482a2bd28a0ecbbd0 2aa72cdac68a478ba9572b9c3e40f4fb - - default default] 199.19.213.79 "GET /v2.0/security-groups?fields=id&fields=name&tenant_id=2aa72cdac68a478ba9572b9c3e40f4fb HTTP/1.1" status: 200 len: 380 time: 0.0400088
2026-02-27 15:54:30.158 10 WARNING neutron.plugins.ml2.drivers.ovn.mech_driver.ovsdb.ovn_client [None req-76928be3-c245-4694-afcb-9cabb589e602 - - - - - -] No hosting information found for port dfb4fc2b-235a-46da-a3be-60e2be5bd858: RuntimeError: No hosting information found for port dfb4fc2b-235a-46da-a3be-60e2be5bd858
2026-02-27 15:54:30.158 10 INFO neutron.plugins.ml2.drivers.ovn.mech_driver.mech_driver [None req-76928be3-c245-4694-afcb-9cabb589e602 - - - - - -] OVN reports status up for port: 2bc51792-a4fe-4def-b38d-6bc046c1fbaf
2026-02-27 15:54:30.173 10 INFO neutron.plugins.ml2.plugin [None req-76928be3-c245-4694-afcb-9cabb589e602 - - - - - -] Attempt 1 to provision port 2bc51792-a4fe-4def-b38d-6bc046c1fbaf
2026-02-27 15:54:30.279 10 INFO neutron.notifiers.nova [-] Nova event matching ['req-5fe502a8-9e01-4a0e-9aea-9094be74c6d6'] response: {'server_uuid': '6cc74021-61d0-4a76-8c44-2a78909e8ca6', 'name': 'network-vif-plugged', 'status': 'completed', 'tag': '2bc51792-a4fe-4def-b38d-6bc046c1fbaf', 'code': 200}
2026-02-27 15:54:30.468 9 INFO neutron.wsgi [req-02b3ea8f-2c2c-47d7-ac2c-7751360d4ef5 req-b1ac58c6-c18b-413f-b19f-e578aee4eb2a 3eb002169e074c1482a2bd28a0ecbbd0 2aa72cdac68a478ba9572b9c3e40f4fb - - default default] 10.0.0.99 "GET /v2.0/ports?device_id=6dbcc067-b592-4560-b89c-1945aa2d107d HTTP/1.1" status: 200 len: 210 time: 0.0362017
2026-02-27 15:54:30.521 9 WARNING neutron.scheduler.dhcp_agent_scheduler [None req-0322b920-6f56-4cd3-aa20-51f1dfc710e8 3eb002169e074c1482a2bd28a0ecbbd0 2aa72cdac68a478ba9572b9c3e40f4fb - - - -] No more DHCP agents
2026-02-27 15:54:30.526 9 WARNING neutron.api.rpc.agentnotifiers.dhcp_rpc_agent_api [None req-0322b920-6f56-4cd3-aa20-51f1dfc710e8 3eb002169e074c1482a2bd28a0ecbbd0 2aa72cdac68a478ba9572b9c3e40f4fb - - - -] Unable to schedule network 65cb909b-283c-4d4c-92c8-5e71e1b084c0: no agents available; will retry on subsequent port and subnet creation events.
2026-02-27 15:54:30.674 9 INFO neutron.db.ovn_revision_numbers_db [None req-0322b920-6f56-4cd3-aa20-51f1dfc710e8 3eb002169e074c1482a2bd28a0ecbbd0 2aa72cdac68a478ba9572b9c3e40f4fb - - - -] Successfully bumped revision number for resource 2ad91a7c-f4f7-4a81-a84e-eeb6e7eb50b8 (type: ports) to 1
2026-02-27 15:54:30.683 10 INFO neutron.db.ovn_revision_numbers_db [None req-76928be3-c245-4694-afcb-9cabb589e602 - - - - - -] Successfully bumped revision number for resource 2bc51792-a4fe-4def-b38d-6bc046c1fbaf (type: ports) to 4
2026-02-27 15:54:30.699 9 INFO neutron.wsgi [None req-0322b920-6f56-4cd3-aa20-51f1dfc710e8 3eb002169e074c1482a2bd28a0ecbbd0 2aa72cdac68a478ba9572b9c3e40f4fb - - - -] 199.19.213.79 "POST /v2.0/ports HTTP/1.1" status: 201 len: 1158 time: 0.5609546 /var/lib/openstack/lib/python3.10/site-packages/pycadf/identifier.py:71: UserWarning: Invalid uuid: neutron. To ensure interoperability, identifiers should be a valid uuid. warnings.warn(('Invalid uuid: %s. To ensure interoperability, '
2026-02-27 15:54:31.039 9 INFO neutron.wsgi [req-31474b19-b559-486e-a01e-6160ec9eaef9 req-be4f3a30-dc82-4b21-834a-147e5ab5f0fa 83c95bfcb80945d89e2dbac99505a09c 0e9fea6f32eb4c7e9af67e0d1ac6aada - - default default] 10.0.0.99 "GET /v2.0/ports?device_id=6cc74021-61d0-4a76-8c44-2a78909e8ca6 HTTP/1.1" status: 200 len: 1170 time: 0.1101568 /var/lib/openstack/lib/python3.10/site-packages/pycadf/identifier.py:71: UserWarning: Invalid uuid: neutron. To ensure interoperability, identifiers should be a valid uuid. warnings.warn(('Invalid uuid: %s. To ensure interoperability, '
2026-02-27 15:54:31.086 9 INFO neutron.wsgi [req-31474b19-b559-486e-a01e-6160ec9eaef9 req-b40193ec-52b6-4175-af66-5f6d35ba93b7 83c95bfcb80945d89e2dbac99505a09c 0e9fea6f32eb4c7e9af67e0d1ac6aada - - default default] 10.0.0.99 "GET /v2.0/security-groups?id=72f7b7ef-eaa5-450e-9dea-34d2ccf676eb&fields=id&fields=name HTTP/1.1" status: 200 len: 286 time: 0.0395741
2026-02-27 15:54:31.118 9 INFO neutron.db.ovn_revision_numbers_db [None req-9b685e95-ce9f-4540-9cf2-b07ada17bf8e b1a33f93d147477c8063f1f237187cff ab3d8c3e43704514aed60ff5f51af34e - - - -] Successfully bumped revision number for resource 2ad91a7c-f4f7-4a81-a84e-eeb6e7eb50b8 (type: ports) to 2 /var/lib/openstack/lib/python3.10/site-packages/pycadf/identifier.py:71: UserWarning: Invalid uuid: neutron. To ensure interoperability, identifiers should be a valid uuid. warnings.warn(('Invalid uuid: %s. To ensure interoperability, '
2026-02-27 15:54:31.226 10 INFO neutron.wsgi [req-6b42a28a-d8dc-40ca-b06f-5b4a2d714572 req-6d375a4c-f4c6-44e9-ba1b-f43f52a1d478 b1a33f93d147477c8063f1f237187cff ab3d8c3e43704514aed60ff5f51af34e - - cbde16b25b144b1db5f103cd0e1391b9 cbde16b25b144b1db5f103cd0e1391b9] 10.0.0.144 "GET /v2.0/ports?device_id=7bae56e2-8d28-4522-86f3-a66fc48e6d66 HTTP/1.1" status: 200 len: 1365 time: 0.1550543
2026-02-27 15:54:31.285 10 INFO neutron.wsgi [req-6b42a28a-d8dc-40ca-b06f-5b4a2d714572 req-4dad128d-b84c-4a83-92bc-f127d4098a42 b1a33f93d147477c8063f1f237187cff ab3d8c3e43704514aed60ff5f51af34e - - cbde16b25b144b1db5f103cd0e1391b9 cbde16b25b144b1db5f103cd0e1391b9] 10.0.0.144 "GET /v2.0/security-groups?id=b80442df-6fb4-4132-a654-d5bec9c3787b&fields=id&fields=name HTTP/1.1" status: 200 len: 313 time: 0.0488577
2026-02-27 15:54:31.287 9 INFO neutron.db.ovn_revision_numbers_db [None req-9b685e95-ce9f-4540-9cf2-b07ada17bf8e b1a33f93d147477c8063f1f237187cff ab3d8c3e43704514aed60ff5f51af34e - - - -] Successfully bumped revision number for resource 2ad91a7c-f4f7-4a81-a84e-eeb6e7eb50b8 (type: ports) to 2
2026-02-27 15:54:31.301 9 INFO neutron.wsgi [None req-9b685e95-ce9f-4540-9cf2-b07ada17bf8e b1a33f93d147477c8063f1f237187cff ab3d8c3e43704514aed60ff5f51af34e - - - -] 199.19.213.79 "PUT /v2.0/ports/2ad91a7c-f4f7-4a81-a84e-eeb6e7eb50b8 HTTP/1.1" status: 200 len: 1328 time: 0.5930915
2026-02-27 15:54:31.333 9 INFO neutron.notifiers.nova [-] Nova event matching ['req-dc4390de-9a96-457c-b1bb-f7ff385589ec'] response: {'name': 'network-changed', 'server_uuid': '6dbcc067-b592-4560-b89c-1945aa2d107d', 'tag': '2ad91a7c-f4f7-4a81-a84e-eeb6e7eb50b8', 'status': 'completed', 'code': 200} /var/lib/openstack/lib/python3.10/site-packages/pycadf/identifier.py:71: UserWarning: Invalid uuid: neutron. To ensure interoperability, identifiers should be a valid uuid. warnings.warn(('Invalid uuid: %s. To ensure interoperability, '
2026-02-27 15:54:31.372 9 INFO neutron.wsgi [req-8d1915c2-b559-475d-b850-7f193cd1b3f0 req-0a07148f-bc40-4c31-80eb-ff328ff0a03c b1a33f93d147477c8063f1f237187cff ab3d8c3e43704514aed60ff5f51af34e - - cbde16b25b144b1db5f103cd0e1391b9 cbde16b25b144b1db5f103cd0e1391b9] 199.19.213.79 "GET /v2.0/ports?tenant_id=2aa72cdac68a478ba9572b9c3e40f4fb&device_id=6dbcc067-b592-4560-b89c-1945aa2d107d HTTP/1.1" status: 200 len: 1359 time: 0.0311229
2026-02-27 15:54:31.419 9 INFO neutron.wsgi [req-8d1915c2-b559-475d-b850-7f193cd1b3f0 req-f29c6eb7-d03c-415d-a8a9-66b79075a0a0 b1a33f93d147477c8063f1f237187cff ab3d8c3e43704514aed60ff5f51af34e - - cbde16b25b144b1db5f103cd0e1391b9 cbde16b25b144b1db5f103cd0e1391b9] 199.19.213.79 "GET /v2.0/floatingips?fixed_ip_address=10.100.0.8&port_id=2ad91a7c-f4f7-4a81-a84e-eeb6e7eb50b8 HTTP/1.1" status: 200 len: 217 time: 0.0353074
2026-02-27 15:54:31.471 9 INFO neutron.wsgi [req-8d1915c2-b559-475d-b850-7f193cd1b3f0 req-f571b6cf-c561-4b2d-b805-a2d0ba549723 b1a33f93d147477c8063f1f237187cff ab3d8c3e43704514aed60ff5f51af34e - - cbde16b25b144b1db5f103cd0e1391b9 cbde16b25b144b1db5f103cd0e1391b9] 199.19.213.79 "GET /v2.0/subnets?id=5d2e8501-0476-4222-93f4-c9a9c994458a HTTP/1.1" status: 200 len: 868 time: 0.0442755
2026-02-27 15:54:31.477 9 INFO neutron.wsgi [req-6b727640-74f5-4feb-ba52-9173f188f4cc req-e876edc7-ad9b-4013-92ce-784f723902e0 83c95bfcb80945d89e2dbac99505a09c 0e9fea6f32eb4c7e9af67e0d1ac6aada - - default default] 10.0.0.99 "GET /v2.0/ports?device_id=6cc74021-61d0-4a76-8c44-2a78909e8ca6 HTTP/1.1" status: 200 len: 1170 time: 0.0416551
2026-02-27 15:54:31.484 10 INFO neutron.plugins.ml2.drivers.ovn.mech_driver.mech_driver [None req-76928be3-c245-4694-afcb-9cabb589e602 - - - - - -] OVN reports status down for port: 2bc51792-a4fe-4def-b38d-6bc046c1fbaf
2026-02-27 15:54:31.521 9 INFO neutron.wsgi [req-8d1915c2-b559-475d-b850-7f193cd1b3f0 req-c04c3ff3-2b98-4b74-9dff-e6795bb45a4f b1a33f93d147477c8063f1f237187cff ab3d8c3e43704514aed60ff5f51af34e - - cbde16b25b144b1db5f103cd0e1391b9 cbde16b25b144b1db5f103cd0e1391b9] 199.19.213.79 "GET /v2.0/ports?network_id=65cb909b-283c-4d4c-92c8-5e71e1b084c0&device_owner=network%3Adhcp HTTP/1.1" status: 200 len: 210 time: 0.0363195
2026-02-27 15:54:31.551 9 INFO neutron.wsgi [req-6b727640-74f5-4feb-ba52-9173f188f4cc req-326dc2eb-4f7c-48d1-b777-1dbe3d59781f 83c95bfcb80945d89e2dbac99505a09c 0e9fea6f32eb4c7e9af67e0d1ac6aada - - default default] 10.0.0.99 "GET /v2.0/security-groups?id=72f7b7ef-eaa5-450e-9dea-34d2ccf676eb&fields=id&fields=name HTTP/1.1" status: 200 len: 286 time: 0.0646389
2026-02-27 15:54:31.610 9 INFO neutron.wsgi [req-4df2a7a1-4fec-407f-b7fe-838280aa711b req-3b46f7d7-1360-42e5-a6f3-479a482ba8b5 3eb002169e074c1482a2bd28a0ecbbd0 2aa72cdac68a478ba9572b9c3e40f4fb - - default default] 10.0.0.99 "GET /v2.0/ports?device_id=6dbcc067-b592-4560-b89c-1945aa2d107d HTTP/1.1" status: 200 len: 1168 time: 0.0397592
2026-02-27 15:54:31.624 9 INFO neutron.wsgi [req-8d1915c2-b559-475d-b850-7f193cd1b3f0 req-66030f94-046b-4aa4-861f-82581dc44de1 b1a33f93d147477c8063f1f237187cff ab3d8c3e43704514aed60ff5f51af34e - - cbde16b25b144b1db5f103cd0e1391b9 cbde16b25b144b1db5f103cd0e1391b9] 199.19.213.79 "GET /v2.0/networks/65cb909b-283c-4d4c-92c8-5e71e1b084c0?fields=segments HTTP/1.1" status: 200 len: 212 time: 0.0969634
2026-02-27 15:54:31.669 9 INFO neutron.wsgi [req-4df2a7a1-4fec-407f-b7fe-838280aa711b req-1a9f5f36-d62d-40c4-af6d-340abb5e21a4 3eb002169e074c1482a2bd28a0ecbbd0 2aa72cdac68a478ba9572b9c3e40f4fb - - default default] 10.0.0.99 "GET /v2.0/security-groups?id=5ed80087-4930-4c99-a808-86861bca4694&fields=id&fields=name HTTP/1.1" status: 200 len: 313 time: 0.0525403
2026-02-27 15:54:31.688 9 INFO neutron.wsgi [req-8d1915c2-b559-475d-b850-7f193cd1b3f0 req-d68e5867-34b6-4d3e-addc-26d101180e8d b1a33f93d147477c8063f1f237187cff ab3d8c3e43704514aed60ff5f51af34e - - cbde16b25b144b1db5f103cd0e1391b9 cbde16b25b144b1db5f103cd0e1391b9] 199.19.213.79 "GET /v2.0/networks/65cb909b-283c-4d4c-92c8-5e71e1b084c0?fields=provider%3Aphysical_network&fields=provider%3Anetwork_type HTTP/1.1" status: 200 len: 277 time: 0.0575607
2026-02-27 15:54:31.785 9 INFO neutron.wsgi [req-e7b4358c-ec8f-445b-96ff-ac5d3c7404a5 req-4b869b45-bcce-40aa-98d3-1d1b9e721f48 b1a33f93d147477c8063f1f237187cff ab3d8c3e43704514aed60ff5f51af34e - - cbde16b25b144b1db5f103cd0e1391b9 cbde16b25b144b1db5f103cd0e1391b9] 199.19.213.79 "GET /v2.0/ports?tenant_id=2aa72cdac68a478ba9572b9c3e40f4fb&device_id=6dbcc067-b592-4560-b89c-1945aa2d107d HTTP/1.1" status: 200 len: 1359 time: 0.0303385
2026-02-27 15:54:31.822 10 INFO neutron.db.ovn_revision_numbers_db [None req-76928be3-c245-4694-afcb-9cabb589e602 - - - - - -] Successfully bumped revision number for resource 2bc51792-a4fe-4def-b38d-6bc046c1fbaf (type: ports) to 5
2026-02-27 15:54:31.855 9 INFO neutron.wsgi [req-e7b4358c-ec8f-445b-96ff-ac5d3c7404a5 req-b1719dfb-e20d-4441-874d-f701a3135ae9 b1a33f93d147477c8063f1f237187cff ab3d8c3e43704514aed60ff5f51af34e - - cbde16b25b144b1db5f103cd0e1391b9 cbde16b25b144b1db5f103cd0e1391b9] 199.19.213.79 "GET /v2.0/networks?id=65cb909b-283c-4d4c-92c8-5e71e1b084c0 HTTP/1.1" status: 200 len: 973 time: 0.0578432
2026-02-27 15:54:31.891 9 INFO neutron.wsgi [req-e7b4358c-ec8f-445b-96ff-ac5d3c7404a5 req-1ae88b0c-283a-49ec-8074-8a66bde1034d b1a33f93d147477c8063f1f237187cff ab3d8c3e43704514aed60ff5f51af34e - - cbde16b25b144b1db5f103cd0e1391b9 cbde16b25b144b1db5f103cd0e1391b9] 199.19.213.79 "GET /v2.0/floatingips?fixed_ip_address=10.100.0.8&port_id=2ad91a7c-f4f7-4a81-a84e-eeb6e7eb50b8 HTTP/1.1" status: 200 len: 217 time: 0.0294554
2026-02-27 15:54:31.906 10 INFO neutron.wsgi [req-d9eae3ca-a28a-4e14-ad0c-e9a18ef8f81e req-3d8762b3-ecc6-4ffd-8bf0-7f2bb853bd64 83c95bfcb80945d89e2dbac99505a09c 0e9fea6f32eb4c7e9af67e0d1ac6aada - - default default] 199.19.213.79 "GET /v2.0/ports?device_id=6cc74021-61d0-4a76-8c44-2a78909e8ca6 HTTP/1.1" status: 200 len: 1168 time: 0.1405981
2026-02-27 15:54:31.924 9 INFO neutron.wsgi [req-e7b4358c-ec8f-445b-96ff-ac5d3c7404a5 req-ba6fe3c4-6421-4d90-9efc-f6df93f52fa7 b1a33f93d147477c8063f1f237187cff ab3d8c3e43704514aed60ff5f51af34e - - cbde16b25b144b1db5f103cd0e1391b9 cbde16b25b144b1db5f103cd0e1391b9] 199.19.213.79 "GET /v2.0/subnets?id=5d2e8501-0476-4222-93f4-c9a9c994458a HTTP/1.1" status: 200 len: 868 time: 0.0290623
2026-02-27 15:54:31.958 9 INFO neutron.wsgi [req-e7b4358c-ec8f-445b-96ff-ac5d3c7404a5 req-d874c1a4-a089-4d48-8e27-81f496c04a86 b1a33f93d147477c8063f1f237187cff ab3d8c3e43704514aed60ff5f51af34e - - cbde16b25b144b1db5f103cd0e1391b9 cbde16b25b144b1db5f103cd0e1391b9] 199.19.213.79 "GET /v2.0/ports?network_id=65cb909b-283c-4d4c-92c8-5e71e1b084c0&device_owner=network%3Adhcp HTTP/1.1" status: 200 len: 210 time: 0.0274994
2026-02-27 15:54:32.032 9 INFO neutron.wsgi [req-e7b4358c-ec8f-445b-96ff-ac5d3c7404a5 req-3a9a5a51-0f6a-4f61-8107-32f73ff2cc89 b1a33f93d147477c8063f1f237187cff ab3d8c3e43704514aed60ff5f51af34e - - cbde16b25b144b1db5f103cd0e1391b9 cbde16b25b144b1db5f103cd0e1391b9] 199.19.213.79 "GET /v2.0/networks/65cb909b-283c-4d4c-92c8-5e71e1b084c0?fields=segments HTTP/1.1" status: 200 len: 212 time: 0.0674901
2026-02-27 15:54:32.090 9 INFO neutron.wsgi [req-e7b4358c-ec8f-445b-96ff-ac5d3c7404a5 req-51740278-7778-45db-a07b-a5bcb01d2850 b1a33f93d147477c8063f1f237187cff ab3d8c3e43704514aed60ff5f51af34e - - cbde16b25b144b1db5f103cd0e1391b9 cbde16b25b144b1db5f103cd0e1391b9] 199.19.213.79 "GET /v2.0/networks/65cb909b-283c-4d4c-92c8-5e71e1b084c0?fields=provider%3Aphysical_network&fields=provider%3Anetwork_type HTTP/1.1" status: 200 len: 277 time: 0.0524426
2026-02-27 15:54:32.274 10 INFO neutron.wsgi [None req-709599ab-e6d5-46a1-a2be-4869963a7da3 83c95bfcb80945d89e2dbac99505a09c 0e9fea6f32eb4c7e9af67e0d1ac6aada - - - -] 199.19.213.79 "DELETE /v2.0/ports/2bc51792-a4fe-4def-b38d-6bc046c1fbaf HTTP/1.1" status: 204 len: 173 time: 0.3637147
2026-02-27 15:54:32.325 10 INFO neutron.notifiers.nova [-] Nova event matching ['req-a4d5d2db-df92-490d-8c72-3153b9b599c4'] response: {'server_uuid': '6cc74021-61d0-4a76-8c44-2a78909e8ca6', 'name': 'network-vif-plugged', 'status': 'completed', 'tag': '2bc51792-a4fe-4def-b38d-6bc046c1fbaf', 'code': 200}
2026-02-27 15:54:32.326 10 INFO neutron.notifiers.nova [-] Nova event matching ['req-a4d5d2db-df92-490d-8c72-3153b9b599c4'] response: {'server_uuid': '6cc74021-61d0-4a76-8c44-2a78909e8ca6', 'name': 'network-vif-unplugged', 'status': 'completed', 'tag': '2bc51792-a4fe-4def-b38d-6bc046c1fbaf', 'code': 200}
2026-02-27 15:54:32.326 10 INFO neutron.notifiers.nova [-] Nova event matching ['req-a4d5d2db-df92-490d-8c72-3153b9b599c4'] response: {'server_uuid': '6cc74021-61d0-4a76-8c44-2a78909e8ca6', 'name': 'network-vif-plugged', 'status': 'completed', 'tag': '2bc51792-a4fe-4def-b38d-6bc046c1fbaf', 'code': 200}
2026-02-27 15:54:32.326 10 INFO neutron.notifiers.nova [-] Nova event matching ['req-a4d5d2db-df92-490d-8c72-3153b9b599c4'] response: {'server_uuid': '6cc74021-61d0-4a76-8c44-2a78909e8ca6', 'name': 'network-vif-deleted', 'tag': '2bc51792-a4fe-4def-b38d-6bc046c1fbaf', 'status': 'completed', 'code': 200}
2026-02-27 15:54:32.665 9 WARNING neutron.plugins.ml2.drivers.ovn.mech_driver.ovsdb.ovn_client [None req-912c40c1-dc61-455c-a2fc-10423d8faf86 - - - - - -] No hosting information found for port e6c57cea-a3e0-4a01-a7a4-9f3005287d74: RuntimeError: No hosting information found for port e6c57cea-a3e0-4a01-a7a4-9f3005287d74
2026-02-27 15:54:32.666 9 INFO neutron.plugins.ml2.drivers.ovn.mech_driver.mech_driver [None req-912c40c1-dc61-455c-a2fc-10423d8faf86 - - - - - -] OVN reports status up for port: 2ad91a7c-f4f7-4a81-a84e-eeb6e7eb50b8
2026-02-27 15:54:32.688 9 INFO neutron.wsgi [req-4abeb807-d228-4126-a0cc-bdf56166c59a req-2ec0a27e-45b6-4e8f-a3b3-bbd87c7ad7ff 83c95bfcb80945d89e2dbac99505a09c 0e9fea6f32eb4c7e9af67e0d1ac6aada - - default default] 10.0.0.99 "GET /v2.0/ports?device_id=6cc74021-61d0-4a76-8c44-2a78909e8ca6 HTTP/1.1" status: 200 len: 210 time: 0.0257053
2026-02-27 15:54:32.689 9 INFO neutron.plugins.ml2.plugin [None req-912c40c1-dc61-455c-a2fc-10423d8faf86 - - - - - -] Attempt 1 to provision port 2ad91a7c-f4f7-4a81-a84e-eeb6e7eb50b8 /var/lib/openstack/lib/python3.10/site-packages/pycadf/identifier.py:71: UserWarning: Invalid uuid: neutron. To ensure interoperability, identifiers should be a valid uuid. warnings.warn(('Invalid uuid: %s. To ensure interoperability, '
2026-02-27 15:54:32.785 10 INFO neutron.wsgi [req-d1fd62fa-c303-4cbd-933d-7d3b02258acf req-9562ed9c-3b48-4302-96b1-ab9d937c1488 b1a33f93d147477c8063f1f237187cff ab3d8c3e43704514aed60ff5f51af34e - - cbde16b25b144b1db5f103cd0e1391b9 cbde16b25b144b1db5f103cd0e1391b9] 10.0.0.144 "GET /v2.0/ports?device_id=3f3847d7-135b-4a28-85b2-eb22bc8d3447 HTTP/1.1" status: 200 len: 1361 time: 0.0290585
2026-02-27 15:54:32.800 9 INFO neutron.wsgi [req-da67907e-43ae-44d7-aa5c-58dba1dc2125 req-0d56ba29-064c-4de1-be3a-00060362a5f7 3eb002169e074c1482a2bd28a0ecbbd0 2aa72cdac68a478ba9572b9c3e40f4fb - - default default] 10.0.0.99 "GET /v2.0/ports?device_id=6dbcc067-b592-4560-b89c-1945aa2d107d HTTP/1.1" status: 200 len: 1168 time: 0.0490320
2026-02-27 15:54:32.830 10 INFO neutron.wsgi [req-d1fd62fa-c303-4cbd-933d-7d3b02258acf req-00d1c97a-feba-4dcf-8cae-21fd298d4f51 b1a33f93d147477c8063f1f237187cff ab3d8c3e43704514aed60ff5f51af34e - - cbde16b25b144b1db5f103cd0e1391b9 cbde16b25b144b1db5f103cd0e1391b9] 10.0.0.144 "GET /v2.0/security-groups?id=c53548e2-7684-40fc-a4f5-ed66715a6822&fields=id&fields=name HTTP/1.1" status: 200 len: 312 time: 0.0363152
2026-02-27 15:54:32.860 9 INFO neutron.wsgi [req-da67907e-43ae-44d7-aa5c-58dba1dc2125 req-3c792408-ee7b-4e2c-90b1-4ba159aca02d 3eb002169e074c1482a2bd28a0ecbbd0 2aa72cdac68a478ba9572b9c3e40f4fb - - default default] 10.0.0.99 "GET /v2.0/security-groups?id=5ed80087-4930-4c99-a808-86861bca4694&fields=id&fields=name HTTP/1.1" status: 200 len: 313 time: 0.0458961
2026-02-27 15:54:32.969 9 INFO neutron.db.ovn_revision_numbers_db [None req-912c40c1-dc61-455c-a2fc-10423d8faf86 - - - - - -] Successfully bumped revision number for resource 2ad91a7c-f4f7-4a81-a84e-eeb6e7eb50b8 (type: ports) to 4
2026-02-27 15:54:33.375 9 INFO neutron.notifiers.nova [-] Nova event matching ['req-63172fd3-3979-4d09-bc13-1a5887b803a8'] response: {'server_uuid': '6dbcc067-b592-4560-b89c-1945aa2d107d', 'name': 'network-vif-plugged', 'status': 'completed', 'tag': '2ad91a7c-f4f7-4a81-a84e-eeb6e7eb50b8', 'code': 200}
2026-02-27 15:54:33.375 9 INFO neutron.notifiers.nova [-] Nova event matching ['req-63172fd3-3979-4d09-bc13-1a5887b803a8'] response: {'server_uuid': '6dbcc067-b592-4560-b89c-1945aa2d107d', 'name': 'network-vif-plugged', 'status': 'completed', 'tag': '2ad91a7c-f4f7-4a81-a84e-eeb6e7eb50b8', 'code': 200} /var/lib/openstack/lib/python3.10/site-packages/pycadf/identifier.py:71: UserWarning: Invalid uuid: neutron. To ensure interoperability, identifiers should be a valid uuid. warnings.warn(('Invalid uuid: %s. To ensure interoperability, '
2026-02-27 15:54:33.986 9 INFO neutron.wsgi [req-2a8e5b71-93cc-4df4-9972-30d80b47de3c req-c6c6a2d4-4448-4613-ba74-346ed1302f0d 3eb002169e074c1482a2bd28a0ecbbd0 2aa72cdac68a478ba9572b9c3e40f4fb - - default default] 10.0.0.99 "GET /v2.0/ports?device_id=6dbcc067-b592-4560-b89c-1945aa2d107d HTTP/1.1" status: 200 len: 1170 time: 0.0517848
2026-02-27 15:54:34.040 9 INFO neutron.wsgi [req-2a8e5b71-93cc-4df4-9972-30d80b47de3c req-7a0c0e95-021c-4517-a61d-122d1ac8ed9e 3eb002169e074c1482a2bd28a0ecbbd0 2aa72cdac68a478ba9572b9c3e40f4fb - - default default] 10.0.0.99 "GET /v2.0/security-groups?id=5ed80087-4930-4c99-a808-86861bca4694&fields=id&fields=name HTTP/1.1" status: 200 len: 313 time: 0.0465939
2026-02-27 15:54:34.211 9 INFO neutron.wsgi [req-6e08db5e-40cb-43dc-8fc9-e3d3f1de8591 req-d7a3779a-4ff6-4c88-96af-a6dac89d4cb6 3eb002169e074c1482a2bd28a0ecbbd0 2aa72cdac68a478ba9572b9c3e40f4fb - - default default] 10.0.0.99 "GET /v2.0/ports?device_id=6dbcc067-b592-4560-b89c-1945aa2d107d HTTP/1.1" status: 200 len: 1170 time: 0.0970693
2026-02-27 15:54:34.723 10 INFO neutron.db.l3_db [None req-e09b4fe9-a640-472c-89d5-663db5073e5e 3eb002169e074c1482a2bd28a0ecbbd0 2aa72cdac68a478ba9572b9c3e40f4fb - - - -] Floating IP 8e0e736f-4d72-4e44-8f3f-354529ce6984 associated. External IP: 10.96.250.218, port: 2ad91a7c-f4f7-4a81-a84e-eeb6e7eb50b8.
2026-02-27 15:54:34.975 10 INFO neutron.db.ovn_revision_numbers_db [None req-e09b4fe9-a640-472c-89d5-663db5073e5e 3eb002169e074c1482a2bd28a0ecbbd0 2aa72cdac68a478ba9572b9c3e40f4fb - - - -] Successfully bumped revision number for resource 8e0e736f-4d72-4e44-8f3f-354529ce6984 (type: floatingips) to 1
2026-02-27 15:54:35.087 10 INFO neutron.db.ovn_revision_numbers_db [None req-e09b4fe9-a640-472c-89d5-663db5073e5e 3eb002169e074c1482a2bd28a0ecbbd0 2aa72cdac68a478ba9572b9c3e40f4fb - - - -] Successfully bumped revision number for resource 8e0e736f-4d72-4e44-8f3f-354529ce6984 (type: floatingips) to 2
2026-02-27 15:54:35.129 10 INFO neutron.wsgi [None req-e09b4fe9-a640-472c-89d5-663db5073e5e 3eb002169e074c1482a2bd28a0ecbbd0 2aa72cdac68a478ba9572b9c3e40f4fb - - - -] 10.0.0.104 "PUT /v2.0/floatingips/8e0e736f-4d72-4e44-8f3f-354529ce6984 HTTP/1.1" status: 200 len: 1049 time: 0.9045627
2026-02-27 15:54:35.163 10 INFO neutron.notifiers.nova [-] Nova event matching ['req-7a858d83-c6ee-4928-a5a8-0ae1d01d1509'] response: {'name': 'network-changed', 'server_uuid': '6dbcc067-b592-4560-b89c-1945aa2d107d', 'tag': '2ad91a7c-f4f7-4a81-a84e-eeb6e7eb50b8', 'status': 'completed', 'code': 200} /var/lib/openstack/lib/python3.10/site-packages/pycadf/identifier.py:71: UserWarning: Invalid uuid: neutron. To ensure interoperability, identifiers should be a valid uuid. warnings.warn(('Invalid uuid: %s. To ensure interoperability, '
2026-02-27 15:54:35.236 9 INFO neutron.wsgi [req-0aa554b6-c342-4df8-9a7a-5f6fbb3a79f6 req-375dda33-9942-4780-be01-57cc256e6917 3eb002169e074c1482a2bd28a0ecbbd0 2aa72cdac68a478ba9572b9c3e40f4fb - - default default] 10.0.0.99 "GET /v2.0/ports?device_id=6dbcc067-b592-4560-b89c-1945aa2d107d HTTP/1.1" status: 200 len: 1170 time: 0.0535128
2026-02-27 15:54:35.256 10 INFO neutron.wsgi [req-a54f8fa9-079a-4982-81c0-b007500d1dba req-323fd1f5-e7e6-437a-8aab-f21497d7d75d b1a33f93d147477c8063f1f237187cff ab3d8c3e43704514aed60ff5f51af34e - - cbde16b25b144b1db5f103cd0e1391b9 cbde16b25b144b1db5f103cd0e1391b9] 199.19.213.79 "GET /v2.0/ports?tenant_id=2aa72cdac68a478ba9572b9c3e40f4fb&device_id=6dbcc067-b592-4560-b89c-1945aa2d107d HTTP/1.1" status: 200 len: 1361 time: 0.0448751
2026-02-27 15:54:35.297 9 INFO neutron.wsgi [req-0aa554b6-c342-4df8-9a7a-5f6fbb3a79f6 req-f8851ba7-a5e8-429f-9ac8-5846708294f6 3eb002169e074c1482a2bd28a0ecbbd0 2aa72cdac68a478ba9572b9c3e40f4fb - - default default] 10.0.0.99 "GET /v2.0/security-groups?id=5ed80087-4930-4c99-a808-86861bca4694&fields=id&fields=name HTTP/1.1" status: 200 len: 313 time: 0.0540648
2026-02-27 15:54:35.341 10 INFO neutron.wsgi [req-a54f8fa9-079a-4982-81c0-b007500d1dba req-9f0ac26b-73d8-47ab-a63c-cf5ae56967ba b1a33f93d147477c8063f1f237187cff ab3d8c3e43704514aed60ff5f51af34e - - cbde16b25b144b1db5f103cd0e1391b9 cbde16b25b144b1db5f103cd0e1391b9] 199.19.213.79 "GET /v2.0/networks?id=65cb909b-283c-4d4c-92c8-5e71e1b084c0 HTTP/1.1" status: 200 len: 973 time: 0.0732613
2026-02-27 15:54:35.402 10 INFO neutron.wsgi [req-a54f8fa9-079a-4982-81c0-b007500d1dba req-a1f0570c-1c13-4c25-932f-b21e3982b433 b1a33f93d147477c8063f1f237187cff ab3d8c3e43704514aed60ff5f51af34e - - cbde16b25b144b1db5f103cd0e1391b9 cbde16b25b144b1db5f103cd0e1391b9] 199.19.213.79 "GET /v2.0/floatingips?fixed_ip_address=10.100.0.8&port_id=2ad91a7c-f4f7-4a81-a84e-eeb6e7eb50b8 HTTP/1.1" status: 200 len: 1059 time: 0.0537794
2026-02-27 15:54:35.450 10 INFO neutron.wsgi [req-a54f8fa9-079a-4982-81c0-b007500d1dba req-7e9bb463-c3ab-4720-acf3-174996c5709c b1a33f93d147477c8063f1f237187cff ab3d8c3e43704514aed60ff5f51af34e - - cbde16b25b144b1db5f103cd0e1391b9 cbde16b25b144b1db5f103cd0e1391b9] 199.19.213.79 "GET /v2.0/subnets?id=5d2e8501-0476-4222-93f4-c9a9c994458a HTTP/1.1" status: 200 len: 868 time: 0.0312667
2026-02-27 15:54:35.481 10 INFO neutron.wsgi [req-a54f8fa9-079a-4982-81c0-b007500d1dba req-221a48c5-7a1c-4ae5-9937-41d5df46ac6e b1a33f93d147477c8063f1f237187cff ab3d8c3e43704514aed60ff5f51af34e - - cbde16b25b144b1db5f103cd0e1391b9 cbde16b25b144b1db5f103cd0e1391b9] 199.19.213.79 "GET /v2.0/ports?network_id=65cb909b-283c-4d4c-92c8-5e71e1b084c0&device_owner=network%3Adhcp HTTP/1.1" status: 200 len: 210 time: 0.0250683
2026-02-27 15:54:35.581 9 INFO neutron.wsgi [-] 10.0.0.100 "GET / HTTP/1.1" status: 200 len: 247 time: 0.0016823
2026-02-27 15:54:35.583 9 INFO neutron.wsgi [-] 10.0.0.100 "GET / HTTP/1.1" status: 200 len: 247 time: 0.0012867
2026-02-27 15:54:35.587 9 INFO neutron.plugins.ml2.drivers.ovn.mech_driver.mech_driver [None req-912c40c1-dc61-455c-a2fc-10423d8faf86 - - - - - -] OVN reports status down for port: 2ad91a7c-f4f7-4a81-a84e-eeb6e7eb50b8
2026-02-27 15:54:35.598 10 INFO neutron.wsgi [req-a54f8fa9-079a-4982-81c0-b007500d1dba req-92d44b7c-b86f-4568-8960-202f721ac7f3 b1a33f93d147477c8063f1f237187cff ab3d8c3e43704514aed60ff5f51af34e - - cbde16b25b144b1db5f103cd0e1391b9 cbde16b25b144b1db5f103cd0e1391b9] 199.19.213.79 "GET /v2.0/networks/65cb909b-283c-4d4c-92c8-5e71e1b084c0?fields=segments HTTP/1.1" status: 200 len: 212 time: 0.1018949
2026-02-27 15:54:35.613 9 INFO neutron.wsgi [req-41eab30b-e066-4672-820f-6e7e952dc5ce req-5da9bd8a-b179-499e-adee-0a9bbe4071e1 3eb002169e074c1482a2bd28a0ecbbd0 2aa72cdac68a478ba9572b9c3e40f4fb - - default default] 10.0.0.99 "GET /v2.0/ports?device_id=6dbcc067-b592-4560-b89c-1945aa2d107d HTTP/1.1" status: 200 len: 1170 time: 0.0761828
2026-02-27 15:54:35.660 9 INFO neutron.wsgi [req-41eab30b-e066-4672-820f-6e7e952dc5ce req-99cbce7f-76ba-4e4f-9e08-82465c341766 3eb002169e074c1482a2bd28a0ecbbd0 2aa72cdac68a478ba9572b9c3e40f4fb - - default default] 10.0.0.99 "GET /v2.0/security-groups?id=5ed80087-4930-4c99-a808-86861bca4694&fields=id&fields=name HTTP/1.1" status: 200 len: 313 time: 0.0384004
2026-02-27 15:54:35.689 10 INFO neutron.wsgi [req-a54f8fa9-079a-4982-81c0-b007500d1dba req-821e50d5-93e9-4096-8b24-434664bcdbe9 b1a33f93d147477c8063f1f237187cff ab3d8c3e43704514aed60ff5f51af34e - - cbde16b25b144b1db5f103cd0e1391b9 cbde16b25b144b1db5f103cd0e1391b9] 199.19.213.79 "GET /v2.0/networks/65cb909b-283c-4d4c-92c8-5e71e1b084c0?fields=provider%3Aphysical_network&fields=provider%3Anetwork_type HTTP/1.1" status: 200 len: 277 time: 0.0831404
2026-02-27 15:54:35.751 9 INFO neutron.notifiers.nova [-] Nova event matching ['req-fc5a62d1-e027-47c7-956d-1aa57b178799'] response: {'server_uuid': '6dbcc067-b592-4560-b89c-1945aa2d107d', 'name': 'network-vif-unplugged', 'status': 'completed', 'tag': '2ad91a7c-f4f7-4a81-a84e-eeb6e7eb50b8', 'code': 200}
2026-02-27 15:54:35.805 10 INFO neutron.wsgi [None req-7ffd8893-7a83-4254-8c5c-ec81b7d73d59 66ca095a900c47f1abc1a7e5a5cc1ded e605657acc3642f38b5c5ddb7decb851 - - - -] 10.0.0.104 "PUT /v2.0/routers/19aad7b5-7c75-4ca6-9a25-5356ee9efc5f/remove_router_interface HTTP/1.1" status: 200 len: 503 time: 2.0138881 /var/lib/openstack/lib/python3.10/site-packages/pycadf/identifier.py:71: UserWarning: Invalid uuid: neutron. To ensure interoperability, identifiers should be a valid uuid. warnings.warn(('Invalid uuid: %s. To ensure interoperability, '
2026-02-27 15:54:35.862 9 INFO neutron.db.ovn_revision_numbers_db [None req-912c40c1-dc61-455c-a2fc-10423d8faf86 - - - - - -] Successfully bumped revision number for resource 2ad91a7c-f4f7-4a81-a84e-eeb6e7eb50b8 (type: ports) to 5
2026-02-27 15:54:35.984 10 INFO neutron.wsgi [req-08af9199-3e9c-476f-a3f6-eac2e7c9232e req-3e72642d-01a7-470d-a620-889c1f27f733 3eb002169e074c1482a2bd28a0ecbbd0 2aa72cdac68a478ba9572b9c3e40f4fb - - default default] 199.19.213.79 "GET /v2.0/ports?device_id=6dbcc067-b592-4560-b89c-1945aa2d107d HTTP/1.1" status: 200 len: 1168 time: 0.1115170
2026-02-27 15:54:36.601 10 INFO neutron.db.l3_db [None req-f5d260c4-3f93-44b7-b4b1-31f01d2fef54 3eb002169e074c1482a2bd28a0ecbbd0 2aa72cdac68a478ba9572b9c3e40f4fb - - - -] Floating IP 8e0e736f-4d72-4e44-8f3f-354529ce6984 disassociated. External IP: 10.96.250.218, port: 2ad91a7c-f4f7-4a81-a84e-eeb6e7eb50b8. /var/lib/openstack/lib/python3.10/site-packages/pycadf/identifier.py:71: UserWarning: Invalid uuid: neutron. To ensure interoperability, identifiers should be a valid uuid. warnings.warn(('Invalid uuid: %s. To ensure interoperability, '
2026-02-27 15:54:36.771 9 INFO neutron.wsgi [req-e761177f-0418-4ca8-b236-23fc3a4fa427 req-ecd59556-e0a6-4eeb-a64a-99ebc1da7454 3eb002169e074c1482a2bd28a0ecbbd0 2aa72cdac68a478ba9572b9c3e40f4fb - - default default] 10.0.0.99 "GET /v2.0/ports?device_id=6dbcc067-b592-4560-b89c-1945aa2d107d HTTP/1.1" status: 200 len: 1168 time: 0.0471849
2026-02-27 15:54:36.843 9 INFO neutron.wsgi [req-e761177f-0418-4ca8-b236-23fc3a4fa427 req-6f4e3154-cf8b-489e-a421-bec4c665b7e3 3eb002169e074c1482a2bd28a0ecbbd0 2aa72cdac68a478ba9572b9c3e40f4fb - - default default] 10.0.0.99 "GET /v2.0/security-groups?id=5ed80087-4930-4c99-a808-86861bca4694&fields=id&fields=name HTTP/1.1" status: 200 len: 313 time: 0.0615063
2026-02-27 15:54:36.853 10 INFO neutron.wsgi [None req-1c10672e-edbb-4972-b118-741756741426 66ca095a900c47f1abc1a7e5a5cc1ded e605657acc3642f38b5c5ddb7decb851 - - - -] 10.0.0.104 "DELETE /v2.0/routers/19aad7b5-7c75-4ca6-9a25-5356ee9efc5f HTTP/1.1" status: 204 len: 168 time: 1.0423756 /var/lib/openstack/lib/python3.10/site-packages/pycadf/identifier.py:71: UserWarning: Invalid uuid: neutron. To ensure interoperability, identifiers should be a valid uuid. warnings.warn(('Invalid uuid: %s. To ensure interoperability, '
2026-02-27 15:54:36.879 10 INFO neutron.wsgi [None req-f5d260c4-3f93-44b7-b4b1-31f01d2fef54 3eb002169e074c1482a2bd28a0ecbbd0 2aa72cdac68a478ba9572b9c3e40f4fb - - - -] 199.19.213.79 "DELETE /v2.0/ports/2ad91a7c-f4f7-4a81-a84e-eeb6e7eb50b8 HTTP/1.1" status: 204 len: 173 time: 0.8733211
2026-02-27 15:54:36.992 9 INFO neutron.wsgi [req-ffd2da94-4972-4e36-a523-2691dddfaa2d req-c4dc060e-cafa-434e-a14b-1799d527b3db c70276e1311941c59434d18bb9a6012a 1598f71c21fd4720af8df3611155e5d5 - - default default] 10.0.0.99 "GET /v2.0/ports?device_id=7bae56e2-8d28-4522-86f3-a66fc48e6d66 HTTP/1.1" status: 200 len: 1174 time: 0.0951278
2026-02-27 15:54:37.041 10 INFO neutron.wsgi [None req-4ec6905a-870c-4849-b20d-8a44a3bd3af8 66ca095a900c47f1abc1a7e5a5cc1ded e605657acc3642f38b5c5ddb7decb851 - - - -] 10.0.0.104 "DELETE /v2.0/subnets/f7add285-a71a-4c37-8f9a-5183a4024771 HTTP/1.1" status: 204 len: 168 time: 0.1744702
2026-02-27 15:54:37.103 9 INFO neutron.wsgi [req-d2dedd54-10f2-4a77-89c2-fd3906e66f16 req-8af9624a-4152-4626-82e2-7fcdc1d7beb0 c70276e1311941c59434d18bb9a6012a 1598f71c21fd4720af8df3611155e5d5 - - default default] 10.0.0.99 "GET /v2.0/ports/7e862a47-cd62-4a53-a377-c103e2dc9d2d HTTP/1.1" status: 200 len: 1171 time: 0.0606701
2026-02-27 15:54:37.198 10 INFO neutron.notifiers.nova [-] Nova event matching ['req-09a8d74b-8f6a-4321-b22c-c8d92fe2115a'] response: {'server_uuid': '6dbcc067-b592-4560-b89c-1945aa2d107d', 'name': 'network-vif-deleted', 'tag': '2ad91a7c-f4f7-4a81-a84e-eeb6e7eb50b8', 'status': 'completed', 'code': 200}
2026-02-27 15:54:37.293 10 INFO neutron.wsgi [req-07e15be7-76fe-4b95-b428-aded3093460a req-bb912475-669e-4556-ab1e-a7c251732cc5 c70276e1311941c59434d18bb9a6012a 1598f71c21fd4720af8df3611155e5d5 - - default default] 199.19.213.79 "GET /v2.0/subnets?network_id=e5290de1-05fb-4c2a-84d4-96c64ae910b0 HTTP/1.1" status: 200 len: 858 time: 0.0656483
2026-02-27 15:54:37.393 10 INFO neutron.wsgi [req-07e15be7-76fe-4b95-b428-aded3093460a req-d6b1cacd-17c3-4509-9a06-31ee7ec2bea8 c70276e1311941c59434d18bb9a6012a 1598f71c21fd4720af8df3611155e5d5 - - default default] 199.19.213.79 "GET /v2.0/ports?device_id=7bae56e2-8d28-4522-86f3-a66fc48e6d66&device_owner=compute%3Anova&network_id=e5290de1-05fb-4c2a-84d4-96c64ae910b0 HTTP/1.1" status: 200 len: 1174 time: 0.0961938
2026-02-27 15:54:37.421 9 INFO neutron.services.segments.plugin [-] Segment 04a2d991-47fe-4fa7-8469-2a82de98dd16 resource provider aggregate not found
2026-02-27 15:54:37.427 9 INFO neutron.services.segments.plugin [-] Segment 04a2d991-47fe-4fa7-8469-2a82de98dd16 resource provider aggregate not found
2026-02-27 15:54:37.443 9 INFO neutron.services.segments.plugin [-] Segment 04a2d991-47fe-4fa7-8469-2a82de98dd16 resource provider not found; error: Placement Client Error (4xx): {"errors": [{"status": 404, "title": "Not Found", "detail": "The resource could not be found.\n\n No resource provider with uuid 04a2d991-47fe-4fa7-8469-2a82de98dd16 found for delete ", "request_id": "req-da473631-0f9a-4793-aa85-8648113c4d21"}]}
2026-02-27 15:54:37.445 9 INFO neutron.services.segments.plugin [-] Segment 04a2d991-47fe-4fa7-8469-2a82de98dd16 resource provider not found; error: Placement Client Error (4xx): {"errors": [{"status": 404, "title": "Not Found", "detail": "The resource could not be found.\n\n No resource provider with uuid 04a2d991-47fe-4fa7-8469-2a82de98dd16 found for delete ", "request_id": "req-1029f7ce-464f-4c03-a1f2-6d7c1a56e659"}]}
2026-02-27 15:54:37.464 9 INFO neutron.wsgi [None req-3a19f9a2-6f09-4e68-8374-ccd4d2dd0681 66ca095a900c47f1abc1a7e5a5cc1ded e605657acc3642f38b5c5ddb7decb851 - - - -] 10.0.0.104 "DELETE /v2.0/networks/1a69c5ff-9fa6-432a-b238-7bb7df3a89ab HTTP/1.1" status: 204 len: 168 time: 0.4090114
2026-02-27 15:54:37.615 9 INFO neutron.wsgi [None req-ad585fa3-e868-43cd-a7a2-8224a7722b28 66ca095a900c47f1abc1a7e5a5cc1ded e605657acc3642f38b5c5ddb7decb851 - - default default] 10.0.0.104 "GET /v2.0/security-groups?tenant_id=0e9fea6f32eb4c7e9af67e0d1ac6aada&name=default HTTP/1.1" status: 200 len: 2996 time: 0.0330813
2026-02-27 15:54:37.760 9 INFO neutron.wsgi [None req-1190daa8-edd8-4993-a8ce-31aa91eace42 66ca095a900c47f1abc1a7e5a5cc1ded e605657acc3642f38b5c5ddb7decb851 - - - -] 10.0.0.104 "DELETE /v2.0/security-groups/72f7b7ef-eaa5-450e-9dea-34d2ccf676eb HTTP/1.1" status: 204 len: 168 time: 0.1403251
2026-02-27 15:54:37.792 9 INFO neutron.notifiers.nova [-] Nova event matching ['req-6040f4e9-1bb2-4c3a-8f97-aa76a57c3281'] response: {'server_uuid': '6dbcc067-b592-4560-b89c-1945aa2d107d', 'name': 'network-vif-plugged', 'status': 'completed', 'tag': '2ad91a7c-f4f7-4a81-a84e-eeb6e7eb50b8', 'code': 200}
2026-02-27 15:54:37.864 10 INFO neutron.db.ovn_revision_numbers_db [None req-d35045b9-9004-45a8-a18c-ce70cf406324 c70276e1311941c59434d18bb9a6012a 1598f71c21fd4720af8df3611155e5d5 - - - -] Successfully bumped revision number for resource 7e862a47-cd62-4a53-a377-c103e2dc9d2d (type: ports) to 5
2026-02-27 15:54:37.877 10 INFO neutron.wsgi [None req-d35045b9-9004-45a8-a18c-ce70cf406324 c70276e1311941c59434d18bb9a6012a 1598f71c21fd4720af8df3611155e5d5 - - - -] 199.19.213.79 "PUT /v2.0/ports/7e862a47-cd62-4a53-a377-c103e2dc9d2d HTTP/1.1" status: 200 len: 1353 time: 0.4782395 /var/lib/openstack/lib/python3.10/site-packages/pycadf/identifier.py:71: UserWarning: Invalid uuid: neutron. To ensure interoperability, identifiers should be a valid uuid. warnings.warn(('Invalid uuid: %s. To ensure interoperability, '
2026-02-27 15:54:37.943 10 INFO neutron.wsgi [req-07e15be7-76fe-4b95-b428-aded3093460a req-52ae57a3-1395-482d-a29d-2ea74139ba2e b1a33f93d147477c8063f1f237187cff ab3d8c3e43704514aed60ff5f51af34e - - cbde16b25b144b1db5f103cd0e1391b9 cbde16b25b144b1db5f103cd0e1391b9] 199.19.213.79 "GET /v2.0/ports?tenant_id=1598f71c21fd4720af8df3611155e5d5&device_id=7bae56e2-8d28-4522-86f3-a66fc48e6d66 HTTP/1.1" status: 200 len: 1546 time: 0.0430884
2026-02-27 15:54:38.002 10 INFO neutron.wsgi [req-07e15be7-76fe-4b95-b428-aded3093460a req-ee01dcd2-c96e-4bba-8343-83550899b2ba b1a33f93d147477c8063f1f237187cff ab3d8c3e43704514aed60ff5f51af34e - - cbde16b25b144b1db5f103cd0e1391b9 cbde16b25b144b1db5f103cd0e1391b9] 199.19.213.79 "GET /v2.0/networks?id=e5290de1-05fb-4c2a-84d4-96c64ae910b0 HTTP/1.1" status: 200 len: 980 time: 0.0522735
2026-02-27 15:54:38.041 10 INFO neutron.wsgi [req-07e15be7-76fe-4b95-b428-aded3093460a req-91e717fc-e2e2-4287-973d-f6494139df9c b1a33f93d147477c8063f1f237187cff ab3d8c3e43704514aed60ff5f51af34e - - cbde16b25b144b1db5f103cd0e1391b9 cbde16b25b144b1db5f103cd0e1391b9] 199.19.213.79 "GET /v2.0/floatingips?fixed_ip_address=10.100.0.10&port_id=7e862a47-cd62-4a53-a377-c103e2dc9d2d HTTP/1.1" status: 200 len: 217 time: 0.0330148
2026-02-27 15:54:38.091 10 INFO neutron.wsgi [req-07e15be7-76fe-4b95-b428-aded3093460a req-c69b5c38-3862-43c8-a2cd-795c59f867f2 b1a33f93d147477c8063f1f237187cff ab3d8c3e43704514aed60ff5f51af34e - - cbde16b25b144b1db5f103cd0e1391b9 cbde16b25b144b1db5f103cd0e1391b9] 199.19.213.79 "GET /v2.0/floatingips?fixed_ip_address=10.100.0.14&port_id=7e862a47-cd62-4a53-a377-c103e2dc9d2d HTTP/1.1" status: 200 len: 1060 time: 0.0424058
2026-02-27 15:54:38.132 10 INFO neutron.wsgi [req-07e15be7-76fe-4b95-b428-aded3093460a req-b6d442f3-4f20-4fb9-b20b-8e3c91e982d7 b1a33f93d147477c8063f1f237187cff ab3d8c3e43704514aed60ff5f51af34e - - cbde16b25b144b1db5f103cd0e1391b9 cbde16b25b144b1db5f103cd0e1391b9] 199.19.213.79 "GET /v2.0/subnets?id=734a9cac-e3ce-4849-80ef-697346c50b58 HTTP/1.1" status: 200 len: 876 time: 0.0329041
2026-02-27 15:54:38.169 10 INFO neutron.wsgi [req-07e15be7-76fe-4b95-b428-aded3093460a req-6c04689d-9d46-4be1-b55c-9181ca43b6f4 b1a33f93d147477c8063f1f237187cff ab3d8c3e43704514aed60ff5f51af34e - - cbde16b25b144b1db5f103cd0e1391b9 cbde16b25b144b1db5f103cd0e1391b9] 199.19.213.79 "GET /v2.0/ports?network_id=e5290de1-05fb-4c2a-84d4-96c64ae910b0&device_owner=network%3Adhcp HTTP/1.1" status: 200 len: 210 time: 0.0257695
2026-02-27 15:54:38.191 9 INFO neutron.wsgi [req-0b6c4ec6-49c3-41f7-939d-b7f409a94385 req-b8e86a44-0a41-40cc-989d-7a32c2d574b0 0f97937ac7db4235b2f74ed97f72add7 ae9f0091b2fb4242bb024aec2c24bfe4 - - default default] 10.0.0.99 "GET /v2.0/ports?device_id=3f3847d7-135b-4a28-85b2-eb22bc8d3447 HTTP/1.1" status: 200 len: 1170 time: 0.2832086
2026-02-27 15:54:38.236 9 INFO neutron.wsgi [req-0b6c4ec6-49c3-41f7-939d-b7f409a94385 req-71ec9f3c-dae8-43c5-a4e5-1e09bfa5c70f 0f97937ac7db4235b2f74ed97f72add7 ae9f0091b2fb4242bb024aec2c24bfe4 - - default default] 10.0.0.99 "GET /v2.0/security-groups?id=c53548e2-7684-40fc-a4f5-ed66715a6822&fields=id&fields=name HTTP/1.1" status: 200 len: 312 time: 0.0378587
2026-02-27 15:54:38.262 10 INFO neutron.wsgi [req-07e15be7-76fe-4b95-b428-aded3093460a req-c73d58c7-885e-4fd4-b6e2-befedc86c331 b1a33f93d147477c8063f1f237187cff ab3d8c3e43704514aed60ff5f51af34e - - cbde16b25b144b1db5f103cd0e1391b9 cbde16b25b144b1db5f103cd0e1391b9] 199.19.213.79 "GET /v2.0/networks/e5290de1-05fb-4c2a-84d4-96c64ae910b0?fields=segments HTTP/1.1" status: 200 len: 212 time: 0.0815666
2026-02-27 15:54:38.264 9 INFO neutron.wsgi [None req-0d281279-1cee-43fd-bd1c-79b770c60855 3eb002169e074c1482a2bd28a0ecbbd0 2aa72cdac68a478ba9572b9c3e40f4fb - - - -] 10.0.0.104 "DELETE /v2.0/security-groups/5ed80087-4930-4c99-a808-86861bca4694 HTTP/1.1" status: 204 len: 168 time: 0.3389587
2026-02-27 15:54:38.277 9 INFO neutron.api.v2.resource [None req-c8995915-a919-49cc-bc94-f5cda5394613 3eb002169e074c1482a2bd28a0ecbbd0 2aa72cdac68a478ba9572b9c3e40f4fb - - default default] show failed (client error): The resource could not be found.
2026-02-27 15:54:38.279 9 INFO neutron.wsgi [None req-c8995915-a919-49cc-bc94-f5cda5394613 3eb002169e074c1482a2bd28a0ecbbd0 2aa72cdac68a478ba9572b9c3e40f4fb - - default default] 10.0.0.104 "GET /v2.0/security-groups/5ed80087-4930-4c99-a808-86861bca4694 HTTP/1.1" status: 404 len: 347 time: 0.0106134
