2026-02-27 15:54:38.337 10 INFO neutron.wsgi [req-07e15be7-76fe-4b95-b428-aded3093460a req-052850f9-3d0e-4047-9b8a-deeae6e1a4ce b1a33f93d147477c8063f1f237187cff ab3d8c3e43704514aed60ff5f51af34e - - cbde16b25b144b1db5f103cd0e1391b9 cbde16b25b144b1db5f103cd0e1391b9] 199.19.213.79 "GET /v2.0/networks/e5290de1-05fb-4c2a-84d4-96c64ae910b0?fields=provider%3Aphysical_network&fields=provider%3Anetwork_type HTTP/1.1" status: 200 len: 277 time: 0.0688167
2026-02-27 15:54:38.348 9 INFO neutron.wsgi [req-f3787906-bdea-4fb4-83e8-d3e75847a24c req-6694bb38-cde6-4158-bd4c-360ceb6cd959 0f97937ac7db4235b2f74ed97f72add7 ae9f0091b2fb4242bb024aec2c24bfe4 - - default default] 10.0.0.99 "GET /v2.0/ports?device_id=3f3847d7-135b-4a28-85b2-eb22bc8d3447 HTTP/1.1" status: 200 len: 1170 time: 0.0417101
2026-02-27 15:54:38.385 9 INFO neutron.wsgi [req-f3787906-bdea-4fb4-83e8-d3e75847a24c req-34b8ce4e-33d2-4406-baa4-e2d61b5f5264 0f97937ac7db4235b2f74ed97f72add7 ae9f0091b2fb4242bb024aec2c24bfe4 - - default default] 10.0.0.99 "GET /v2.0/security-groups?id=c53548e2-7684-40fc-a4f5-ed66715a6822&fields=id&fields=name HTTP/1.1" status: 200 len: 312 time: 0.0253189
2026-02-27 15:54:38.602 9 INFO neutron.wsgi [None req-38a5a49f-f3f5-43df-934d-783970036895 3eb002169e074c1482a2bd28a0ecbbd0 2aa72cdac68a478ba9572b9c3e40f4fb - - - -] 10.0.0.104 "DELETE /v2.0/floatingips/8e0e736f-4d72-4e44-8f3f-354529ce6984 HTTP/1.1" status: 204 len: 168 time: 0.3188758
2026-02-27 15:54:38.761 9 INFO neutron.wsgi [req-1ac98733-fe64-41e9-b43d-895abf486212 req-7984943a-9aef-41b3-bd11-0d4ffab06adb 0f97937ac7db4235b2f74ed97f72add7 ae9f0091b2fb4242bb024aec2c24bfe4 - - default default] 10.0.0.99 "GET /v2.0/ports?device_id=3f3847d7-135b-4a28-85b2-eb22bc8d3447 HTTP/1.1" status: 200 len: 1170 time: 0.0421014
2026-02-27 15:54:38.770 10 INFO neutron.wsgi [req-f37cfba5-bf21-42bc-bf56-306dc62752ed req-7a812c4e-f61d-4a56-bcda-a16e51f1da36 b1a33f93d147477c8063f1f237187cff ab3d8c3e43704514aed60ff5f51af34e - - cbde16b25b144b1db5f103cd0e1391b9 cbde16b25b144b1db5f103cd0e1391b9] 199.19.213.79 "GET /v2.0/ports?tenant_id=ae9f0091b2fb4242bb024aec2c24bfe4&device_id=3f3847d7-135b-4a28-85b2-eb22bc8d3447 HTTP/1.1" status: 200 len: 1361 time: 0.0458848
2026-02-27 15:54:38.800 9 INFO neutron.wsgi [req-1ac98733-fe64-41e9-b43d-895abf486212 req-18ee8b60-227e-4afb-b12e-2ee6623ffba5 0f97937ac7db4235b2f74ed97f72add7 ae9f0091b2fb4242bb024aec2c24bfe4 - - default default] 10.0.0.99 "GET /v2.0/security-groups?id=c53548e2-7684-40fc-a4f5-ed66715a6822&fields=id&fields=name HTTP/1.1" status: 200 len: 312 time: 0.0316164
2026-02-27 15:54:38.842 10 INFO neutron.wsgi [req-f37cfba5-bf21-42bc-bf56-306dc62752ed req-da840c08-d332-49eb-991c-c7046bf4d5ea b1a33f93d147477c8063f1f237187cff ab3d8c3e43704514aed60ff5f51af34e - - cbde16b25b144b1db5f103cd0e1391b9 cbde16b25b144b1db5f103cd0e1391b9] 199.19.213.79 "GET /v2.0/networks?id=75eea6fb-e196-439e-a053-e16a1a4e66ca HTTP/1.1" status: 200 len: 973 time: 0.0666516
2026-02-27 15:54:38.887 10 INFO neutron.wsgi [req-f37cfba5-bf21-42bc-bf56-306dc62752ed req-dce3838e-f3d9-4add-bc0c-b6bce9f50503 b1a33f93d147477c8063f1f237187cff ab3d8c3e43704514aed60ff5f51af34e - - cbde16b25b144b1db5f103cd0e1391b9 cbde16b25b144b1db5f103cd0e1391b9] 199.19.213.79 "GET /v2.0/floatingips?fixed_ip_address=10.100.0.4&port_id=c95ef002-0a36-4816-a00e-e8929da2182a HTTP/1.1" status: 200 len: 1059 time: 0.0406682
2026-02-27 15:54:38.940 10 INFO neutron.wsgi [req-f37cfba5-bf21-42bc-bf56-306dc62752ed req-540709be-2b1a-4e6e-b7f5-4d54d5489520 b1a33f93d147477c8063f1f237187cff ab3d8c3e43704514aed60ff5f51af34e - - cbde16b25b144b1db5f103cd0e1391b9 cbde16b25b144b1db5f103cd0e1391b9] 199.19.213.79 "GET /v2.0/subnets?id=0670d74b-dcb5-402c-ae26-ac318d5d0e18 HTTP/1.1" status: 200 len: 868 time: 0.0494790
2026-02-27 15:54:38.966 10 INFO neutron.wsgi [req-f37cfba5-bf21-42bc-bf56-306dc62752ed req-a2fd1ab9-ab1b-4125-b489-03a0186cf34e b1a33f93d147477c8063f1f237187cff ab3d8c3e43704514aed60ff5f51af34e - - cbde16b25b144b1db5f103cd0e1391b9 cbde16b25b144b1db5f103cd0e1391b9] 199.19.213.79 "GET /v2.0/ports?network_id=75eea6fb-e196-439e-a053-e16a1a4e66ca&device_owner=network%3Adhcp HTTP/1.1" status: 200 len: 210 time: 0.0223987
2026-02-27 15:54:39.020 10 INFO neutron.wsgi [req-f37cfba5-bf21-42bc-bf56-306dc62752ed req-26e471d9-b92d-4712-a45c-42a14f12135b b1a33f93d147477c8063f1f237187cff ab3d8c3e43704514aed60ff5f51af34e - - cbde16b25b144b1db5f103cd0e1391b9 cbde16b25b144b1db5f103cd0e1391b9] 199.19.213.79 "GET /v2.0/networks/75eea6fb-e196-439e-a053-e16a1a4e66ca?fields=segments HTTP/1.1" status: 200 len: 212 time: 0.0491545
2026-02-27 15:54:39.076 10 INFO neutron.wsgi [req-f37cfba5-bf21-42bc-bf56-306dc62752ed req-4c752f2d-6b9b-4e71-bc19-1d5284801092 b1a33f93d147477c8063f1f237187cff ab3d8c3e43704514aed60ff5f51af34e - - cbde16b25b144b1db5f103cd0e1391b9 cbde16b25b144b1db5f103cd0e1391b9] 199.19.213.79 "GET /v2.0/networks/75eea6fb-e196-439e-a053-e16a1a4e66ca?fields=provider%3Aphysical_network&fields=provider%3Anetwork_type HTTP/1.1" status: 200 len: 277 time: 0.0516901
2026-02-27 15:54:39.233 10 INFO neutron.notifiers.nova [-] Nova event matching ['req-98321dab-11fa-42cf-80af-75d0b4d0a6e1'] response: {'name': 'network-changed', 'server_uuid': '7bae56e2-8d28-4522-86f3-a66fc48e6d66', 'tag': '7e862a47-cd62-4a53-a377-c103e2dc9d2d', 'status': 'completed', 'code': 200}
2026-02-27 15:54:39.278 10 INFO neutron.plugins.ml2.drivers.ovn.mech_driver.mech_driver [None req-76928be3-c245-4694-afcb-9cabb589e602 - - - - - -] OVN reports status down for port: c95ef002-0a36-4816-a00e-e8929da2182a
2026-02-27 15:54:39.331 10 INFO neutron.wsgi [req-a705587c-139a-494f-b17e-26a69705c192 req-e4aa111d-e28c-44fd-9120-70e26b36193f b1a33f93d147477c8063f1f237187cff ab3d8c3e43704514aed60ff5f51af34e - - cbde16b25b144b1db5f103cd0e1391b9 cbde16b25b144b1db5f103cd0e1391b9] 199.19.213.79 "GET /v2.0/ports?tenant_id=1598f71c21fd4720af8df3611155e5d5&device_id=7bae56e2-8d28-4522-86f3-a66fc48e6d66 HTTP/1.1" status: 200 len: 1546 time: 0.0752633
2026-02-27 15:54:39.437 9 INFO neutron.wsgi [req-9c4fa73f-8b44-40bf-889a-29cc014e149c req-cf975095-17d4-4786-9a10-f1e0a89bfaac c70276e1311941c59434d18bb9a6012a 1598f71c21fd4720af8df3611155e5d5 - - default default] 10.0.0.99 "GET /v2.0/ports?device_id=7bae56e2-8d28-4522-86f3-a66fc48e6d66 HTTP/1.1" status: 200 len: 1356 time: 0.0491104
2026-02-27 15:54:39.455 10 INFO neutron.wsgi [req-a705587c-139a-494f-b17e-26a69705c192 req-19fd75ed-fea0-4c13-902a-3ef8639d8edd b1a33f93d147477c8063f1f237187cff ab3d8c3e43704514aed60ff5f51af34e - - cbde16b25b144b1db5f103cd0e1391b9 cbde16b25b144b1db5f103cd0e1391b9] 199.19.213.79 "GET /v2.0/networks?id=e5290de1-05fb-4c2a-84d4-96c64ae910b0 HTTP/1.1" status: 200 len: 980 time: 0.1190665
2026-02-27 15:54:39.499 10 INFO neutron.wsgi [req-a705587c-139a-494f-b17e-26a69705c192 req-127cce92-4f6a-497c-8dde-a19261e936cd b1a33f93d147477c8063f1f237187cff ab3d8c3e43704514aed60ff5f51af34e - - cbde16b25b144b1db5f103cd0e1391b9 cbde16b25b144b1db5f103cd0e1391b9] 199.19.213.79 "GET /v2.0/floatingips?fixed_ip_address=10.100.0.10&port_id=7e862a47-cd62-4a53-a377-c103e2dc9d2d HTTP/1.1" status: 200 len: 217 time: 0.0263453
2026-02-27 15:54:39.502 9 INFO neutron.wsgi [req-9c4fa73f-8b44-40bf-889a-29cc014e149c req-be162599-c473-4465-9902-cf72c3f40d7f c70276e1311941c59434d18bb9a6012a 1598f71c21fd4720af8df3611155e5d5 - - default default] 10.0.0.99 "GET /v2.0/security-groups?id=b80442df-6fb4-4132-a654-d5bec9c3787b&fields=id&fields=name HTTP/1.1" status: 200 len: 313 time: 0.0563917
2026-02-27 15:54:39.554 10 INFO neutron.wsgi [req-a705587c-139a-494f-b17e-26a69705c192 req-e2385488-2a75-4893-a145-59ac1690ca3e b1a33f93d147477c8063f1f237187cff ab3d8c3e43704514aed60ff5f51af34e - - cbde16b25b144b1db5f103cd0e1391b9 cbde16b25b144b1db5f103cd0e1391b9] 199.19.213.79 "GET /v2.0/floatingips?fixed_ip_address=10.100.0.14&port_id=7e862a47-cd62-4a53-a377-c103e2dc9d2d HTTP/1.1" status: 200 len: 1060 time: 0.0510325
2026-02-27 15:54:39.607 10 INFO neutron.wsgi [req-a705587c-139a-494f-b17e-26a69705c192 req-442f0127-1351-4e68-a528-d6f436837545 b1a33f93d147477c8063f1f237187cff ab3d8c3e43704514aed60ff5f51af34e - - cbde16b25b144b1db5f103cd0e1391b9 cbde16b25b144b1db5f103cd0e1391b9] 199.19.213.79 "GET /v2.0/subnets?id=734a9cac-e3ce-4849-80ef-697346c50b58 HTTP/1.1" status: 200 len: 876 time: 0.0421536
2026-02-27 15:54:39.643 10 INFO neutron.wsgi [req-a705587c-139a-494f-b17e-26a69705c192 req-1747bcfe-e361-40a5-bff8-5c4018a71bcf b1a33f93d147477c8063f1f237187cff ab3d8c3e43704514aed60ff5f51af34e - - cbde16b25b144b1db5f103cd0e1391b9 cbde16b25b144b1db5f103cd0e1391b9] 199.19.213.79 "GET /v2.0/ports?network_id=e5290de1-05fb-4c2a-84d4-96c64ae910b0&device_owner=network%3Adhcp HTTP/1.1" status: 200 len: 210 time: 0.0286031
2026-02-27 15:54:39.688 10 INFO neutron.db.ovn_revision_numbers_db [None req-76928be3-c245-4694-afcb-9cabb589e602 - - - - - -] Successfully bumped revision number for resource c95ef002-0a36-4816-a00e-e8929da2182a (type: ports) to 5
2026-02-27 15:54:39.739 10 INFO neutron.wsgi [req-a705587c-139a-494f-b17e-26a69705c192 req-5d9118aa-b1ae-4641-9bfa-0cd5cd740a5c b1a33f93d147477c8063f1f237187cff ab3d8c3e43704514aed60ff5f51af34e - - cbde16b25b144b1db5f103cd0e1391b9 cbde16b25b144b1db5f103cd0e1391b9] 199.19.213.79 "GET /v2.0/networks/e5290de1-05fb-4c2a-84d4-96c64ae910b0?fields=segments HTTP/1.1" status: 200 len: 212 time: 0.0707996 /var/lib/openstack/lib/python3.10/site-packages/pycadf/identifier.py:71: UserWarning: Invalid uuid: neutron. To ensure interoperability, identifiers should be a valid uuid. warnings.warn(('Invalid uuid: %s. To ensure interoperability, '
2026-02-27 15:54:39.801 10 INFO neutron.wsgi [req-a705587c-139a-494f-b17e-26a69705c192 req-98a43592-8a80-4ec2-bee0-41752667be50 b1a33f93d147477c8063f1f237187cff ab3d8c3e43704514aed60ff5f51af34e - - cbde16b25b144b1db5f103cd0e1391b9 cbde16b25b144b1db5f103cd0e1391b9] 199.19.213.79 "GET /v2.0/networks/e5290de1-05fb-4c2a-84d4-96c64ae910b0?fields=provider%3Aphysical_network&fields=provider%3Anetwork_type HTTP/1.1" status: 200 len: 277 time: 0.0519023
2026-02-27 15:54:39.840 9 INFO neutron.wsgi [None req-db3f5bed-20a9-4c1c-a4fe-d3e5adbaa534 66ca095a900c47f1abc1a7e5a5cc1ded e605657acc3642f38b5c5ddb7decb851 - - - -] 10.0.0.104 "PUT /v2.0/routers/c14690db-7780-4dd5-919a-b813997a2536/remove_router_interface HTTP/1.1" status: 200 len: 503 time: 1.2337432 /var/lib/openstack/lib/python3.10/site-packages/pycadf/identifier.py:71: UserWarning: Invalid uuid: neutron. To ensure interoperability, identifiers should be a valid uuid. warnings.warn(('Invalid uuid: %s. To ensure interoperability, '
2026-02-27 15:54:39.912 10 INFO neutron.plugins.ml2.drivers.ovn.mech_driver.mech_driver [None req-76928be3-c245-4694-afcb-9cabb589e602 - - - - - -] OVN reports status up for port: c95ef002-0a36-4816-a00e-e8929da2182a
2026-02-27 15:54:39.933 9 INFO neutron.wsgi [req-b6d72ffd-2398-4706-bc33-82c0004207c4 req-56d07c40-6ede-445f-9b46-2950838590da 0f97937ac7db4235b2f74ed97f72add7 ae9f0091b2fb4242bb024aec2c24bfe4 - - default default] 10.0.0.99 "GET /v2.0/ports?device_id=3f3847d7-135b-4a28-85b2-eb22bc8d3447 HTTP/1.1" status: 200 len: 1168 time: 0.0481808
2026-02-27 15:54:39.980 9 INFO neutron.wsgi [req-b6d72ffd-2398-4706-bc33-82c0004207c4 req-7f7a8fb4-d8be-4358-a15c-e68d948909e3 0f97937ac7db4235b2f74ed97f72add7 ae9f0091b2fb4242bb024aec2c24bfe4 - - default default] 10.0.0.99 "GET /v2.0/security-groups?id=c53548e2-7684-40fc-a4f5-ed66715a6822&fields=id&fields=name HTTP/1.1" status: 200 len: 312 time: 0.0392978
2026-02-27 15:54:40.162 10 INFO neutron.plugins.ml2.plugin [None req-76928be3-c245-4694-afcb-9cabb589e602 - - - - - -] Attempt 1 to provision port c95ef002-0a36-4816-a00e-e8929da2182a
2026-02-27 15:54:40.183 10 INFO neutron.wsgi [req-f60d52b8-8b01-47ba-b383-359bd8a35e3f req-a8853a77-b63a-4c5c-ac2e-8745547b729d c70276e1311941c59434d18bb9a6012a 1598f71c21fd4720af8df3611155e5d5 - - default default] 199.19.213.79 "GET /v2.0/ports?device_id=7bae56e2-8d28-4522-86f3-a66fc48e6d66&device_owner=compute%3Anova&fixed_ips=ip_address%3D10.100.0.10 HTTP/1.1" status: 200 len: 1356 time: 0.3296070
2026-02-27 15:54:40.591 10 INFO neutron.db.ovn_revision_numbers_db [None req-76928be3-c245-4694-afcb-9cabb589e602 - - - - - -] Successfully bumped revision number for resource c95ef002-0a36-4816-a00e-e8929da2182a (type: ports) to 6
2026-02-27 15:54:40.891 10 INFO neutron.db.ovn_revision_numbers_db [None req-6b152f6b-bffb-4fef-a35b-9f649d38ecde c70276e1311941c59434d18bb9a6012a 1598f71c21fd4720af8df3611155e5d5 - - - -] Successfully bumped revision number for resource 7e862a47-cd62-4a53-a377-c103e2dc9d2d (type: ports) to 6
2026-02-27 15:54:40.904 10 INFO neutron.wsgi [None req-6b152f6b-bffb-4fef-a35b-9f649d38ecde c70276e1311941c59434d18bb9a6012a 1598f71c21fd4720af8df3611155e5d5 - - - -] 199.19.213.79 "PUT /v2.0/ports/7e862a47-cd62-4a53-a377-c103e2dc9d2d HTTP/1.1" status: 200 len: 1171 time: 0.7139354 /var/lib/openstack/lib/python3.10/site-packages/pycadf/identifier.py:71: UserWarning: Invalid uuid: neutron. To ensure interoperability, identifiers should be a valid uuid. warnings.warn(('Invalid uuid: %s. To ensure interoperability, '
2026-02-27 15:54:40.993 10 INFO neutron.wsgi [req-f60d52b8-8b01-47ba-b383-359bd8a35e3f req-d19414a4-ebf4-4268-b4c3-d615aa128c50 b1a33f93d147477c8063f1f237187cff ab3d8c3e43704514aed60ff5f51af34e - - cbde16b25b144b1db5f103cd0e1391b9 cbde16b25b144b1db5f103cd0e1391b9] 199.19.213.79 "GET /v2.0/ports?tenant_id=1598f71c21fd4720af8df3611155e5d5&device_id=7bae56e2-8d28-4522-86f3-a66fc48e6d66 HTTP/1.1" status: 200 len: 1365 time: 0.0437639
2026-02-27 15:54:41.017 10 INFO neutron.wsgi [None req-255f280d-ed7d-4d6b-a81a-45b2598cb482 66ca095a900c47f1abc1a7e5a5cc1ded e605657acc3642f38b5c5ddb7decb851 - - - -] 10.0.0.104 "DELETE /v2.0/routers/c14690db-7780-4dd5-919a-b813997a2536 HTTP/1.1" status: 204 len: 168 time: 1.1624269
2026-02-27 15:54:41.073 10 INFO neutron.wsgi [req-f60d52b8-8b01-47ba-b383-359bd8a35e3f req-930c32bb-08a4-443c-8ec0-1817361ab980 b1a33f93d147477c8063f1f237187cff ab3d8c3e43704514aed60ff5f51af34e - - cbde16b25b144b1db5f103cd0e1391b9 cbde16b25b144b1db5f103cd0e1391b9] 199.19.213.79 "GET /v2.0/networks?id=e5290de1-05fb-4c2a-84d4-96c64ae910b0 HTTP/1.1" status: 200 len: 980 time: 0.0705929
2026-02-27 15:54:41.133 9 INFO neutron.wsgi [req-f3999940-bd79-4139-b58b-123c62cce02a req-179ce501-c270-4720-963a-8b1a4f3c45be 0f97937ac7db4235b2f74ed97f72add7 ae9f0091b2fb4242bb024aec2c24bfe4 - - default default] 10.0.0.99 "GET /v2.0/ports?device_id=3f3847d7-135b-4a28-85b2-eb22bc8d3447 HTTP/1.1" status: 200 len: 1170 time: 0.0659730
2026-02-27 15:54:41.141 10 INFO neutron.wsgi [req-f60d52b8-8b01-47ba-b383-359bd8a35e3f req-c2094ea6-02a8-46ee-85ab-181aea8d91be b1a33f93d147477c8063f1f237187cff ab3d8c3e43704514aed60ff5f51af34e - - cbde16b25b144b1db5f103cd0e1391b9 cbde16b25b144b1db5f103cd0e1391b9] 199.19.213.79 "GET /v2.0/floatingips?fixed_ip_address=10.100.0.14&port_id=7e862a47-cd62-4a53-a377-c103e2dc9d2d HTTP/1.1" status: 200 len: 1060 time: 0.0503962
2026-02-27 15:54:41.179 10 INFO neutron.wsgi [req-f60d52b8-8b01-47ba-b383-359bd8a35e3f req-2733c082-a4da-4e73-acec-6b0ebbb60529 b1a33f93d147477c8063f1f237187cff ab3d8c3e43704514aed60ff5f51af34e - - cbde16b25b144b1db5f103cd0e1391b9 cbde16b25b144b1db5f103cd0e1391b9] 199.19.213.79 "GET /v2.0/subnets?id=734a9cac-e3ce-4849-80ef-697346c50b58 HTTP/1.1" status: 200 len: 876 time: 0.0283337
2026-02-27 15:54:41.192 9 INFO neutron.wsgi [req-f3999940-bd79-4139-b58b-123c62cce02a req-224811c5-fd93-4835-af57-efcd5b8b03b4 0f97937ac7db4235b2f74ed97f72add7 ae9f0091b2fb4242bb024aec2c24bfe4 - - default default] 10.0.0.99 "GET /v2.0/security-groups?id=c53548e2-7684-40fc-a4f5-ed66715a6822&fields=id&fields=name HTTP/1.1" status: 200 len: 312 time: 0.0452836
2026-02-27 15:54:41.216 10 INFO neutron.wsgi [req-f60d52b8-8b01-47ba-b383-359bd8a35e3f req-67661e32-0960-4774-a051-3fca2d58025b b1a33f93d147477c8063f1f237187cff ab3d8c3e43704514aed60ff5f51af34e - - cbde16b25b144b1db5f103cd0e1391b9 cbde16b25b144b1db5f103cd0e1391b9] 199.19.213.79 "GET /v2.0/ports?network_id=e5290de1-05fb-4c2a-84d4-96c64ae910b0&device_owner=network%3Adhcp HTTP/1.1" status: 200 len: 210 time: 0.0230341
2026-02-27 15:54:41.284 10 INFO neutron.notifiers.nova [-] Nova event matching ['req-473e0271-17e6-4cdf-86ff-480fd51545cb'] response: {'server_uuid': '3f3847d7-135b-4a28-85b2-eb22bc8d3447', 'name': 'network-vif-unplugged', 'status': 'completed', 'tag': 'c95ef002-0a36-4816-a00e-e8929da2182a', 'code': 200}
2026-02-27 15:54:41.284 10 INFO neutron.notifiers.nova [-] Nova event matching ['req-473e0271-17e6-4cdf-86ff-480fd51545cb'] response: {'server_uuid': '3f3847d7-135b-4a28-85b2-eb22bc8d3447', 'name': 'network-vif-plugged', 'status': 'completed', 'tag': 'c95ef002-0a36-4816-a00e-e8929da2182a', 'code': 200}
2026-02-27 15:54:41.284 10 INFO neutron.notifiers.nova [-] Nova event matching ['req-473e0271-17e6-4cdf-86ff-480fd51545cb'] response: {'server_uuid': '3f3847d7-135b-4a28-85b2-eb22bc8d3447', 'name': 'network-vif-plugged', 'status': 'completed', 'tag': 'c95ef002-0a36-4816-a00e-e8929da2182a', 'code': 200}
2026-02-27 15:54:41.284 10 INFO neutron.notifiers.nova [-] Nova event matching ['req-473e0271-17e6-4cdf-86ff-480fd51545cb'] response: {'server_uuid': '3f3847d7-135b-4a28-85b2-eb22bc8d3447', 'name': 'network-vif-plugged', 'status': 'completed', 'tag': 'c95ef002-0a36-4816-a00e-e8929da2182a', 'code': 200}
2026-02-27 15:54:41.284 10 INFO neutron.notifiers.nova [-] Nova event matching ['req-473e0271-17e6-4cdf-86ff-480fd51545cb'] response: {'name': 'network-changed', 'server_uuid': '7bae56e2-8d28-4522-86f3-a66fc48e6d66', 'tag': '7e862a47-cd62-4a53-a377-c103e2dc9d2d', 'status': 'completed', 'code': 200}
2026-02-27 15:54:41.298 10 INFO neutron.wsgi [req-f60d52b8-8b01-47ba-b383-359bd8a35e3f req-9cba677f-7152-4d12-ba5f-2ac931bc8337 b1a33f93d147477c8063f1f237187cff ab3d8c3e43704514aed60ff5f51af34e - - cbde16b25b144b1db5f103cd0e1391b9 cbde16b25b144b1db5f103cd0e1391b9] 199.19.213.79 "GET /v2.0/networks/e5290de1-05fb-4c2a-84d4-96c64ae910b0?fields=segments HTTP/1.1" status: 200 len: 212 time: 0.0727746
2026-02-27 15:54:41.330 10 INFO neutron.wsgi [None req-c4836ee6-bb12-4a9e-a41d-48be0b5e055f 66ca095a900c47f1abc1a7e5a5cc1ded e605657acc3642f38b5c5ddb7decb851 - - - -] 10.0.0.104 "DELETE /v2.0/subnets/5d2e8501-0476-4222-93f4-c9a9c994458a HTTP/1.1" status: 204 len: 168 time: 0.2992258
2026-02-27 15:54:41.385 10 INFO neutron.wsgi [req-f60d52b8-8b01-47ba-b383-359bd8a35e3f req-aa05700d-45e4-405f-9b57-9dc064c34dce b1a33f93d147477c8063f1f237187cff ab3d8c3e43704514aed60ff5f51af34e - - cbde16b25b144b1db5f103cd0e1391b9 cbde16b25b144b1db5f103cd0e1391b9] 199.19.213.79 "GET /v2.0/networks/e5290de1-05fb-4c2a-84d4-96c64ae910b0?fields=provider%3Aphysical_network&fields=provider%3Anetwork_type HTTP/1.1" status: 200 len: 277 time: 0.0785923
2026-02-27 15:54:41.496 10 INFO neutron.wsgi [req-eb113ccb-527c-4633-bd65-8a3a8197b1de req-e8564136-970d-4754-8664-51dc80c841ba b1a33f93d147477c8063f1f237187cff ab3d8c3e43704514aed60ff5f51af34e - - cbde16b25b144b1db5f103cd0e1391b9 cbde16b25b144b1db5f103cd0e1391b9] 199.19.213.79 "GET /v2.0/ports?tenant_id=1598f71c21fd4720af8df3611155e5d5&device_id=7bae56e2-8d28-4522-86f3-a66fc48e6d66 HTTP/1.1" status: 200 len: 1365 time: 0.0412693
2026-02-27 15:54:41.560 10 INFO neutron.wsgi [req-eb113ccb-527c-4633-bd65-8a3a8197b1de req-02cbbf59-4e89-487d-876e-29b7e6cd4b94 b1a33f93d147477c8063f1f237187cff ab3d8c3e43704514aed60ff5f51af34e - - cbde16b25b144b1db5f103cd0e1391b9 cbde16b25b144b1db5f103cd0e1391b9] 199.19.213.79 "GET /v2.0/networks?id=e5290de1-05fb-4c2a-84d4-96c64ae910b0 HTTP/1.1" status: 200 len: 980 time: 0.0481162
2026-02-27 15:54:41.609 10 INFO neutron.wsgi [req-eb113ccb-527c-4633-bd65-8a3a8197b1de req-df4fe6cb-1526-499a-9798-91eb3dd41e45 b1a33f93d147477c8063f1f237187cff ab3d8c3e43704514aed60ff5f51af34e - - cbde16b25b144b1db5f103cd0e1391b9 cbde16b25b144b1db5f103cd0e1391b9] 199.19.213.79 "GET /v2.0/floatingips?fixed_ip_address=10.100.0.14&port_id=7e862a47-cd62-4a53-a377-c103e2dc9d2d HTTP/1.1" status: 200 len: 1060 time: 0.0427577
2026-02-27 15:54:41.662 10 INFO neutron.wsgi [req-eb113ccb-527c-4633-bd65-8a3a8197b1de req-32481af8-dc99-4a0f-bbb8-392035ac5f92 b1a33f93d147477c8063f1f237187cff ab3d8c3e43704514aed60ff5f51af34e - - cbde16b25b144b1db5f103cd0e1391b9 cbde16b25b144b1db5f103cd0e1391b9] 199.19.213.79 "GET /v2.0/subnets?id=734a9cac-e3ce-4849-80ef-697346c50b58 HTTP/1.1" status: 200 len: 876 time: 0.0440016
2026-02-27 15:54:41.693 10 INFO neutron.wsgi [req-eb113ccb-527c-4633-bd65-8a3a8197b1de req-ef29d218-ce00-4b89-80f5-3e22760b12bc b1a33f93d147477c8063f1f237187cff ab3d8c3e43704514aed60ff5f51af34e - - cbde16b25b144b1db5f103cd0e1391b9 cbde16b25b144b1db5f103cd0e1391b9] 199.19.213.79 "GET /v2.0/ports?network_id=e5290de1-05fb-4c2a-84d4-96c64ae910b0&device_owner=network%3Adhcp HTTP/1.1" status: 200 len: 210 time: 0.0227032
2026-02-27 15:54:41.727 10 INFO neutron.services.segments.plugin [-] Segment 8119295c-3f60-4918-a5c5-87747f71b0b6 resource provider aggregate not found
2026-02-27 15:54:41.743 10 INFO neutron.services.segments.plugin [-] Segment 8119295c-3f60-4918-a5c5-87747f71b0b6 resource provider not found; error: Placement Client Error (4xx): {"errors": [{"status": 404, "title": "Not Found", "detail": "The resource could not be found.\n\n No resource provider with uuid 8119295c-3f60-4918-a5c5-87747f71b0b6 found for delete ", "request_id": "req-a12c300d-5297-4db1-af91-10ab70e1da6f"}]}
2026-02-27 15:54:41.744 10 INFO neutron.services.segments.plugin [-] Segment 8119295c-3f60-4918-a5c5-87747f71b0b6 resource provider aggregate not found
2026-02-27 15:54:41.781 10 INFO neutron.services.segments.plugin [-] Segment 8119295c-3f60-4918-a5c5-87747f71b0b6 resource provider not found; error: Placement Client Error (4xx): {"errors": [{"status": 404, "title": "Not Found", "detail": "The resource could not be found.\n\n No resource provider with uuid 8119295c-3f60-4918-a5c5-87747f71b0b6 found for delete ", "request_id": "req-4bef4713-dbf4-4440-b1a5-63ed8df2da2b"}]}
2026-02-27 15:54:41.805 10 INFO neutron.wsgi [req-eb113ccb-527c-4633-bd65-8a3a8197b1de req-bbc4ad0d-2730-4eb1-bf0a-a263b6e272e1 b1a33f93d147477c8063f1f237187cff ab3d8c3e43704514aed60ff5f51af34e - - cbde16b25b144b1db5f103cd0e1391b9 cbde16b25b144b1db5f103cd0e1391b9] 199.19.213.79 "GET /v2.0/networks/e5290de1-05fb-4c2a-84d4-96c64ae910b0?fields=segments HTTP/1.1" status: 200 len: 212 time: 0.1035836
2026-02-27 15:54:41.810 10 INFO neutron.wsgi [None req-1e9142b0-e16f-4764-be08-8df67e9a7d25 66ca095a900c47f1abc1a7e5a5cc1ded e605657acc3642f38b5c5ddb7decb851 - - - -] 10.0.0.104 "DELETE /v2.0/networks/65cb909b-283c-4d4c-92c8-5e71e1b084c0 HTTP/1.1" status: 204 len: 168 time: 0.4738648
2026-02-27 15:54:41.874 10 INFO neutron.wsgi [req-eb113ccb-527c-4633-bd65-8a3a8197b1de req-3297de36-c5d6-4256-b3f7-0e1bba01b8d2 b1a33f93d147477c8063f1f237187cff ab3d8c3e43704514aed60ff5f51af34e - - cbde16b25b144b1db5f103cd0e1391b9 cbde16b25b144b1db5f103cd0e1391b9] 199.19.213.79 "GET /v2.0/networks/e5290de1-05fb-4c2a-84d4-96c64ae910b0?fields=provider%3Aphysical_network&fields=provider%3Anetwork_type HTTP/1.1" status: 200 len: 277 time: 0.0542126
2026-02-27 15:54:41.983 9 INFO neutron.wsgi [req-f24e43a4-0df8-4f25-9383-36a0ca64d585 req-f8814651-317e-487b-aad7-287a9189c4ea c70276e1311941c59434d18bb9a6012a 1598f71c21fd4720af8df3611155e5d5 - - default default] 10.0.0.99 "GET /v2.0/ports?device_id=7bae56e2-8d28-4522-86f3-a66fc48e6d66 HTTP/1.1" status: 200 len: 1174 time: 0.0536959
2026-02-27 15:54:41.987 9 INFO neutron.plugins.ml2.drivers.ovn.mech_driver.mech_driver [None req-912c40c1-dc61-455c-a2fc-10423d8faf86 - - - - - -] OVN reports status down for port: 7e862a47-cd62-4a53-a377-c103e2dc9d2d
2026-02-27 15:54:42.057 9 INFO neutron.wsgi [req-f24e43a4-0df8-4f25-9383-36a0ca64d585 req-376ab8be-6a24-4db2-8671-bc6459c9581b c70276e1311941c59434d18bb9a6012a 1598f71c21fd4720af8df3611155e5d5 - - default default] 10.0.0.99 "GET /v2.0/security-groups?id=b80442df-6fb4-4132-a654-d5bec9c3787b&fields=id&fields=name HTTP/1.1" status: 200 len: 313 time: 0.0669041
2026-02-27 15:54:42.071 10 INFO neutron.wsgi [None req-c8d7f29f-3899-49da-a8aa-c24e0918251f 66ca095a900c47f1abc1a7e5a5cc1ded e605657acc3642f38b5c5ddb7decb851 - - default default] 10.0.0.104 "GET /v2.0/security-groups?tenant_id=2aa72cdac68a478ba9572b9c3e40f4fb&name=default HTTP/1.1" status: 200 len: 2996 time: 0.0332513
2026-02-27 15:54:42.167 9 INFO neutron.notifiers.nova [-] Nova event matching ['req-5ac00bd1-d67d-44a0-8b83-6260e5d0702f'] response: {'server_uuid': '7bae56e2-8d28-4522-86f3-a66fc48e6d66', 'name': 'network-vif-unplugged', 'status': 'completed', 'tag': '7e862a47-cd62-4a53-a377-c103e2dc9d2d', 'code': 200}
2026-02-27 15:54:42.281 10 INFO neutron.wsgi [None req-8db6071e-7618-4cc2-9352-8518aa017716 66ca095a900c47f1abc1a7e5a5cc1ded e605657acc3642f38b5c5ddb7decb851 - - - -] 10.0.0.104 "DELETE /v2.0/security-groups/671b115c-7c20-443c-ac42-50d15771305f HTTP/1.1" status: 204 len: 168 time: 0.2048771
2026-02-27 15:54:42.331 10 INFO neutron.wsgi [req-c8841a71-fb1e-4ec2-8260-9008cd22c0b8 req-315def1c-4866-4ced-b098-12609bc571b1 c70276e1311941c59434d18bb9a6012a 1598f71c21fd4720af8df3611155e5d5 - - default default] 199.19.213.79 "GET /v2.0/ports?device_id=7bae56e2-8d28-4522-86f3-a66fc48e6d66 HTTP/1.1" status: 200 len: 1172 time: 0.0471232
2026-02-27 15:54:42.354 9 INFO neutron.db.ovn_revision_numbers_db [None req-912c40c1-dc61-455c-a2fc-10423d8faf86 - - - - - -] Successfully bumped revision number for resource 7e862a47-cd62-4a53-a377-c103e2dc9d2d (type: ports) to 7
2026-02-27 15:54:42.541 10 INFO neutron.db.ovn_revision_numbers_db [None req-63c4e62b-5289-4f05-a249-f24cfefa1ea1 66ca095a900c47f1abc1a7e5a5cc1ded e605657acc3642f38b5c5ddb7decb851 - - default default] Successfully bumped revision number for resource 645eade5-710c-4c45-9687-9a86e26d4f17 (type: security_groups) to 1
2026-02-27 15:54:42.795 10 INFO neutron.wsgi [None req-63c4e62b-5289-4f05-a249-f24cfefa1ea1 66ca095a900c47f1abc1a7e5a5cc1ded e605657acc3642f38b5c5ddb7decb851 - - default default] 10.0.0.104 "GET /v2.0/security-groups?tenant_id=36bf9a2b2a4940bbb205085854d9f06c&name=default HTTP/1.1" status: 200 len: 2996 time: 0.5858800 /var/lib/openstack/lib/python3.10/site-packages/pycadf/identifier.py:71: UserWarning: Invalid uuid: neutron. To ensure interoperability, identifiers should be a valid uuid. warnings.warn(('Invalid uuid: %s. To ensure interoperability, '
2026-02-27 15:54:42.839 10 INFO neutron.db.l3_db [None req-b1c14b7a-be18-4bc7-8949-6e7e7c0350bb c70276e1311941c59434d18bb9a6012a 1598f71c21fd4720af8df3611155e5d5 - - - -] Floating IP f6329758-9dbf-4d56-aa18-084b27ee01bf disassociated. External IP: 10.96.250.215, port: 7e862a47-cd62-4a53-a377-c103e2dc9d2d.
2026-02-27 15:54:42.962 9 INFO neutron.wsgi [None req-d55cfad5-97ff-4fd5-89a9-f2e81c7be0a4 66ca095a900c47f1abc1a7e5a5cc1ded e605657acc3642f38b5c5ddb7decb851 - - - -] 10.0.0.104 "DELETE /v2.0/security-groups/645eade5-710c-4c45-9687-9a86e26d4f17 HTTP/1.1" status: 204 len: 168 time: 0.1619446
2026-02-27 15:54:43.048 10 INFO neutron.wsgi [None req-b1c14b7a-be18-4bc7-8949-6e7e7c0350bb c70276e1311941c59434d18bb9a6012a 1598f71c21fd4720af8df3611155e5d5 - - - -] 199.19.213.79 "DELETE /v2.0/ports/7e862a47-cd62-4a53-a377-c103e2dc9d2d HTTP/1.1" status: 204 len: 173 time: 0.7116578
2026-02-27 15:54:43.156 9 INFO neutron.wsgi [req-2718a973-63ee-4670-92fb-6267695bd913 req-1187e3ec-d8cc-4b68-ab69-3674b220c237 c70276e1311941c59434d18bb9a6012a 1598f71c21fd4720af8df3611155e5d5 - - default default] 10.0.0.99 "GET /v2.0/ports?device_id=7bae56e2-8d28-4522-86f3-a66fc48e6d66 HTTP/1.1" status: 200 len: 210 time: 0.0255468
2026-02-27 15:54:43.221 9 INFO neutron.db.ovn_revision_numbers_db [None req-29003e4f-567a-4002-8cc6-9c39eb8d65b7 66ca095a900c47f1abc1a7e5a5cc1ded e605657acc3642f38b5c5ddb7decb851 - - default default] Successfully bumped revision number for resource e8ccb48c-3156-4d7e-9113-87323aa6881e (type: security_groups) to 1
2026-02-27 15:54:43.248 9 INFO neutron.wsgi [None req-29003e4f-567a-4002-8cc6-9c39eb8d65b7 66ca095a900c47f1abc1a7e5a5cc1ded e605657acc3642f38b5c5ddb7decb851 - - default default] 10.0.0.104 "GET /v2.0/security-groups?tenant_id=6f71954df8d649878abe70c77969f604&name=default HTTP/1.1" status: 200 len: 2996 time: 0.1614137
2026-02-27 15:54:43.322 10 INFO neutron.notifiers.nova [-] Nova event matching ['req-3a05f30f-e82b-422a-934b-6e1548f849a1'] response: {'server_uuid': '7bae56e2-8d28-4522-86f3-a66fc48e6d66', 'name': 'network-vif-deleted', 'tag': '7e862a47-cd62-4a53-a377-c103e2dc9d2d', 'status': 'completed', 'code': 200}
2026-02-27 15:54:43.469 9 INFO neutron.wsgi [None req-6ea1979d-c5e7-4f86-89db-7eb2ab612fb1 66ca095a900c47f1abc1a7e5a5cc1ded e605657acc3642f38b5c5ddb7decb851 - - - -] 10.0.0.104 "DELETE /v2.0/security-groups/e8ccb48c-3156-4d7e-9113-87323aa6881e HTTP/1.1" status: 204 len: 168 time: 0.2137625
2026-02-27 15:54:44.218 9 INFO neutron.notifiers.nova [-] Nova event matching ['req-9590246d-61a0-4867-a2f8-125561d34187'] response: {'server_uuid': '7bae56e2-8d28-4522-86f3-a66fc48e6d66', 'name': 'network-vif-plugged', 'status': 'completed', 'tag': '7e862a47-cd62-4a53-a377-c103e2dc9d2d', 'code': 200}
2026-02-27 15:54:44.416 9 INFO neutron.wsgi [None req-e7dd3101-1ad8-40bf-aa6a-c64677c9cbb7 c70276e1311941c59434d18bb9a6012a 1598f71c21fd4720af8df3611155e5d5 - - - -] 10.0.0.104 "DELETE /v2.0/security-groups/b80442df-6fb4-4132-a654-d5bec9c3787b HTTP/1.1" status: 204 len: 168 time: 0.1674514
2026-02-27 15:54:44.433 9 INFO neutron.api.v2.resource [None req-9ea68eab-49bb-4955-80bf-20e8ebddc28e c70276e1311941c59434d18bb9a6012a 1598f71c21fd4720af8df3611155e5d5 - - default default] show failed (client error): The resource could not be found.
2026-02-27 15:54:44.435 9 INFO neutron.wsgi [None req-9ea68eab-49bb-4955-80bf-20e8ebddc28e c70276e1311941c59434d18bb9a6012a 1598f71c21fd4720af8df3611155e5d5 - - default default] 10.0.0.104 "GET /v2.0/security-groups/b80442df-6fb4-4132-a654-d5bec9c3787b HTTP/1.1" status: 404 len: 347 time: 0.0121412
2026-02-27 15:54:44.840 9 INFO neutron.wsgi [None req-a06a7f8f-587f-4df2-a2dd-57a5f7f3fee9 c70276e1311941c59434d18bb9a6012a 1598f71c21fd4720af8df3611155e5d5 - - - -] 10.0.0.104 "DELETE /v2.0/floatingips/f6329758-9dbf-4d56-aa18-084b27ee01bf HTTP/1.1" status: 204 len: 168 time: 0.4006281
2026-02-27 15:54:46.188 9 INFO neutron.wsgi [None req-f8300e6b-f34d-4bae-a088-e8607acfda2a 66ca095a900c47f1abc1a7e5a5cc1ded e605657acc3642f38b5c5ddb7decb851 - - - -] 10.0.0.104 "PUT /v2.0/routers/01bfcdf1-5d41-4dfd-9860-7a7d0fd81b4d/remove_router_interface HTTP/1.1" status: 200 len: 503 time: 1.2730629 /var/lib/openstack/lib/python3.10/site-packages/pycadf/identifier.py:71: UserWarning: Invalid uuid: neutron. To ensure interoperability, identifiers should be a valid uuid. warnings.warn(('Invalid uuid: %s. To ensure interoperability, '
2026-02-27 15:54:46.846 10 INFO neutron.wsgi [None req-781008c5-6c52-4ec4-8564-138f92d99ec8 66ca095a900c47f1abc1a7e5a5cc1ded e605657acc3642f38b5c5ddb7decb851 - - - -] 10.0.0.104 "DELETE /v2.0/routers/01bfcdf1-5d41-4dfd-9860-7a7d0fd81b4d HTTP/1.1" status: 204 len: 168 time: 0.6534898 /var/lib/openstack/lib/python3.10/site-packages/pycadf/identifier.py:71: UserWarning: Invalid uuid: neutron. To ensure interoperability, identifiers should be a valid uuid. warnings.warn(('Invalid uuid: %s. To ensure interoperability, '
2026-02-27 15:54:47.048 9 INFO neutron.wsgi [None req-a04f2dd8-9e76-43ec-9d7a-79001028b6ce 66ca095a900c47f1abc1a7e5a5cc1ded e605657acc3642f38b5c5ddb7decb851 - - - -] 10.0.0.104 "DELETE /v2.0/subnets/734a9cac-e3ce-4849-80ef-697346c50b58 HTTP/1.1" status: 204 len: 168 time: 0.1959829
2026-02-27 15:54:47.392 9 INFO neutron.services.segments.plugin [-] Segment 06424c28-6793-4b66-8690-5e8883c28ead resource provider aggregate not found
2026-02-27 15:54:47.414 9 INFO neutron.services.segments.plugin [-] Segment 06424c28-6793-4b66-8690-5e8883c28ead resource provider aggregate not found
2026-02-27 15:54:47.418 9 INFO neutron.services.segments.plugin [-] Segment 06424c28-6793-4b66-8690-5e8883c28ead resource provider not found; error: Placement Client Error (4xx): {"errors": [{"status": 404, "title": "Not Found", "detail": "The resource could not be found.\n\n No resource provider with uuid 06424c28-6793-4b66-8690-5e8883c28ead found for delete ", "request_id": "req-a0ae76a0-8fe6-49fe-ad8b-a25eda6f6266"}]}
2026-02-27 15:54:47.434 9 INFO neutron.services.segments.plugin [-] Segment 06424c28-6793-4b66-8690-5e8883c28ead resource provider not found; error: Placement Client Error (4xx): {"errors": [{"status": 404, "title": "Not Found", "detail": "The resource could not be found.\n\n No resource provider with uuid 06424c28-6793-4b66-8690-5e8883c28ead found for delete ", "request_id": "req-06f6fc66-1401-4413-ab47-8515781144f8"}]}
2026-02-27 15:54:47.455 9 INFO neutron.wsgi [None req-18f59d3d-0b6a-43eb-8b5b-9641e461199b 66ca095a900c47f1abc1a7e5a5cc1ded e605657acc3642f38b5c5ddb7decb851 - - - -] 10.0.0.104 "DELETE /v2.0/networks/e5290de1-05fb-4c2a-84d4-96c64ae910b0 HTTP/1.1" status: 204 len: 168 time: 0.3990264
2026-02-27 15:54:47.596 10 INFO neutron.db.ovn_revision_numbers_db [None req-9d12f21f-02df-4912-8167-017ddfb64c84 66ca095a900c47f1abc1a7e5a5cc1ded e605657acc3642f38b5c5ddb7decb851 - - default default] Successfully bumped revision number for resource 5f1952e1-7c4a-4150-bb06-bfc214f13e22 (type: security_groups) to 1
2026-02-27 15:54:47.620 10 INFO neutron.wsgi [None req-9d12f21f-02df-4912-8167-017ddfb64c84 66ca095a900c47f1abc1a7e5a5cc1ded e605657acc3642f38b5c5ddb7decb851 - - default default] 10.0.0.104 "GET /v2.0/security-groups?tenant_id=191fc673cc404b23b9efe0e5f3697d6b&name=default HTTP/1.1" status: 200 len: 2996 time: 0.3643868
2026-02-27 15:54:47.679 9 INFO neutron.wsgi [None req-bc3710ca-939f-47d2-bbab-6ffb5cec67ee 66ca095a900c47f1abc1a7e5a5cc1ded e605657acc3642f38b5c5ddb7decb851 - - default default] 10.0.0.104 "GET /v2.0/security-groups?tenant_id=1598f71c21fd4720af8df3611155e5d5&name=default HTTP/1.1" status: 200 len: 2996 time: 0.0313158
2026-02-27 15:54:47.793 10 INFO neutron.wsgi [None req-a22f1b74-731f-4ed6-85bd-4d4dc13ebfcb 66ca095a900c47f1abc1a7e5a5cc1ded e605657acc3642f38b5c5ddb7decb851 - - - -] 10.0.0.104 "DELETE /v2.0/security-groups/5f1952e1-7c4a-4150-bb06-bfc214f13e22 HTTP/1.1" status: 204 len: 168 time: 0.1675990
2026-02-27 15:54:47.874 9 INFO neutron.wsgi [None req-73e2ce2d-e671-4f0a-8f97-d74e9815235f 66ca095a900c47f1abc1a7e5a5cc1ded e605657acc3642f38b5c5ddb7decb851 - - - -] 10.0.0.104 "DELETE /v2.0/security-groups/b94145fc-3f25-4c1a-ab30-e9a3322bae40 HTTP/1.1" status: 204 len: 168 time: 0.1908290
2026-02-27 15:54:48.081 10 INFO neutron.db.ovn_revision_numbers_db [None req-facc9ac1-bc9c-491b-bbdc-8ae5045b2e2d 66ca095a900c47f1abc1a7e5a5cc1ded e605657acc3642f38b5c5ddb7decb851 - - default default] Successfully bumped revision number for resource 9bd6e1d2-8b11-4b35-a395-6700d5c81600 (type: security_groups) to 1
2026-02-27 15:54:48.114 10 INFO neutron.wsgi [None req-facc9ac1-bc9c-491b-bbdc-8ae5045b2e2d 66ca095a900c47f1abc1a7e5a5cc1ded e605657acc3642f38b5c5ddb7decb851 - - default default] 10.0.0.104 "GET /v2.0/security-groups?tenant_id=e28d8b8e71454213bd5c600c77f78360&name=default HTTP/1.1" status: 200 len: 2996 time: 0.1214082
2026-02-27 15:54:48.275 10 INFO neutron.wsgi [None req-ecba9eed-416e-4b2a-b600-3335bd7c2d4d 66ca095a900c47f1abc1a7e5a5cc1ded e605657acc3642f38b5c5ddb7decb851 - - - -] 10.0.0.104 "DELETE /v2.0/security-groups/9bd6e1d2-8b11-4b35-a395-6700d5c81600 HTTP/1.1" status: 204 len: 168 time: 0.1569123
2026-02-27 15:54:49.417 10 INFO neutron.db.ovn_revision_numbers_db [None req-a401bd15-f67a-4158-94e8-14314bc81e90 66ca095a900c47f1abc1a7e5a5cc1ded e605657acc3642f38b5c5ddb7decb851 - - default default] Successfully bumped revision number for resource 183aa893-dcdd-4690-ac8b-a06c6d388a36 (type: security_groups) to 1
2026-02-27 15:54:49.442 10 INFO neutron.wsgi [None req-a401bd15-f67a-4158-94e8-14314bc81e90 66ca095a900c47f1abc1a7e5a5cc1ded e605657acc3642f38b5c5ddb7decb851 - - default default] 10.0.0.104 "GET /v2.0/security-groups?tenant_id=d9aeaa44ae064336a3abecddadf7c4eb&name=default HTTP/1.1" status: 200 len: 2996 time: 0.3538642
2026-02-27 15:54:49.608 10 INFO neutron.wsgi [None req-0d89f291-49fb-40b8-89cc-3900bd8bef18 66ca095a900c47f1abc1a7e5a5cc1ded e605657acc3642f38b5c5ddb7decb851 - - - -] 10.0.0.104 "DELETE /v2.0/security-groups/183aa893-dcdd-4690-ac8b-a06c6d388a36 HTTP/1.1" status: 204 len: 168 time: 0.1614242
2026-02-27 15:54:49.961 10 INFO neutron.db.ovn_revision_numbers_db [None req-97700eb4-1bb9-4c2d-91ac-7ef6da238872 66ca095a900c47f1abc1a7e5a5cc1ded e605657acc3642f38b5c5ddb7decb851 - - default default] Successfully bumped revision number for resource 906c1f48-5b15-44fe-958f-a3c1914a0708 (type: security_groups) to 1
2026-02-27 15:54:49.985 10 INFO neutron.wsgi [None req-97700eb4-1bb9-4c2d-91ac-7ef6da238872 66ca095a900c47f1abc1a7e5a5cc1ded e605657acc3642f38b5c5ddb7decb851 - - default default] 10.0.0.104 "GET /v2.0/security-groups?tenant_id=2f1bdfc74d2b468e89e146844c0cc70b&name=default HTTP/1.1" status: 200 len: 2996 time: 0.1377745
2026-02-27 15:54:50.155 10 INFO neutron.wsgi [None req-1b20f368-0eea-4dc1-a142-eb610003b9eb 66ca095a900c47f1abc1a7e5a5cc1ded e605657acc3642f38b5c5ddb7decb851 - - - -] 10.0.0.104 "DELETE /v2.0/security-groups/906c1f48-5b15-44fe-958f-a3c1914a0708 HTTP/1.1" status: 204 len: 168 time: 0.1637471
2026-02-27 15:54:50.574 9 INFO neutron.wsgi [-] 10.0.0.100 "GET / HTTP/1.1" status: 200 len: 247 time: 0.0020149
2026-02-27 15:54:50.577 10 INFO neutron.wsgi [-] 10.0.0.100 "GET / HTTP/1.1" status: 200 len: 247 time: 0.0051119
2026-02-27 15:54:53.618 10 INFO neutron.db.ovn_revision_numbers_db [None req-aeca48a6-f3d0-4466-b7a6-69531fb17db2 66ca095a900c47f1abc1a7e5a5cc1ded e605657acc3642f38b5c5ddb7decb851 - - default default] Successfully bumped revision number for resource 236e345c-1b19-4a6b-8f98-3940c3118023 (type: security_groups) to 1
2026-02-27 15:54:53.645 10 INFO neutron.wsgi [None req-aeca48a6-f3d0-4466-b7a6-69531fb17db2 66ca095a900c47f1abc1a7e5a5cc1ded e605657acc3642f38b5c5ddb7decb851 - - default default] 10.0.0.104 "GET /v2.0/security-groups?tenant_id=485e606fe4ce49778ef4a4f047a98d1d&name=default HTTP/1.1" status: 200 len: 2996 time: 0.3023751
2026-02-27 15:54:53.851 10 INFO neutron.wsgi [None req-0ddf1462-cf9c-4c9f-bff2-2bc86e73c54c 66ca095a900c47f1abc1a7e5a5cc1ded e605657acc3642f38b5c5ddb7decb851 - - default default] 10.0.0.221 "GET /v2.0/subnets HTTP/1.1" status: 200 len: 2093 time: 0.3190231
2026-02-27 15:54:53.882 10 INFO neutron.wsgi [None req-9fec0d07-396e-4e04-8890-4f52b0a612fa 66ca095a900c47f1abc1a7e5a5cc1ded e605657acc3642f38b5c5ddb7decb851 - - - -] 10.0.0.104 "DELETE /v2.0/security-groups/236e345c-1b19-4a6b-8f98-3940c3118023 HTTP/1.1" status: 204 len: 168 time: 0.2324882
2026-02-27 15:54:53.898 10 INFO neutron.wsgi [None req-f9328dd4-7615-4dfd-8893-17e4d046eaa6 66ca095a900c47f1abc1a7e5a5cc1ded e605657acc3642f38b5c5ddb7decb851 - - default default] 10.0.0.221 "GET /v2.0/ports HTTP/1.1" status: 200 len: 10573 time: 0.0456078
2026-02-27 15:54:53.922 10 INFO neutron.wsgi [None req-cd5bd94f-81be-4192-9276-b5dd417cc243 66ca095a900c47f1abc1a7e5a5cc1ded e605657acc3642f38b5c5ddb7decb851 - - default default] 10.0.0.221 "GET /v2.0/network-ip-availabilities HTTP/1.1" status: 200 len: 1756 time: 0.0140326
2026-02-27 15:54:53.999 10 INFO neutron.wsgi [None req-15405b8f-c414-4b60-bd8a-c9e3fe9923b2 66ca095a900c47f1abc1a7e5a5cc1ded e605657acc3642f38b5c5ddb7decb851 - - default default] 10.0.0.221 "GET /v2.0/security-groups HTTP/1.1" status: 200 len: 22320 time: 0.0745709
2026-02-27 15:54:54.078 10 INFO neutron.wsgi [None req-b119fe04-213f-4b90-8be8-87e078d1ecdd 66ca095a900c47f1abc1a7e5a5cc1ded e605657acc3642f38b5c5ddb7decb851 - - default default] 10.0.0.221 "GET /v2.0/routers HTTP/1.1" status: 200 len: 861 time: 0.0741267
2026-02-27 15:54:54.089 10 INFO neutron.wsgi [None req-d3c1ea3f-5d8c-46a5-880e-5898396d9797 66ca095a900c47f1abc1a7e5a5cc1ded e605657acc3642f38b5c5ddb7decb851 - - default default] 10.0.0.221 "GET /v2.0/agents?binary=ovn-controller HTTP/1.1" status: 200 len: 591 time: 0.0093801
2026-02-27 15:54:54.114 9 INFO neutron.db.ovn_revision_numbers_db [None req-fe70883b-b481-4fb2-a9a8-ef82701cf5ae 66ca095a900c47f1abc1a7e5a5cc1ded e605657acc3642f38b5c5ddb7decb851 - - default default] Successfully bumped revision number for resource e8147afc-bc2a-4705-bb1e-32cc38b563f9 (type: security_groups) to 1
2026-02-27 15:54:54.134 10 INFO neutron.wsgi [None req-27a500fe-3418-463f-8856-b1e6848aecc7 66ca095a900c47f1abc1a7e5a5cc1ded e605657acc3642f38b5c5ddb7decb851 - - default default] 10.0.0.221 "GET /v2.0/subnets HTTP/1.1" status: 200 len: 2093 time: 0.0445180
2026-02-27 15:54:54.139 9 INFO neutron.wsgi [None req-fe70883b-b481-4fb2-a9a8-ef82701cf5ae 66ca095a900c47f1abc1a7e5a5cc1ded e605657acc3642f38b5c5ddb7decb851 - - default default] 10.0.0.104 "GET /v2.0/security-groups?tenant_id=5398ed6a243d447ea2b77fe93130da94&name=default HTTP/1.1" status: 200 len: 2996 time: 0.1127777
2026-02-27 15:54:54.155 10 INFO neutron.wsgi [None req-27887907-c1e2-4c54-ba71-41a575a6406b 66ca095a900c47f1abc1a7e5a5cc1ded e605657acc3642f38b5c5ddb7decb851 - - default default] 10.0.0.221 "GET /v2.0/subnetpools HTTP/1.1" status: 200 len: 193 time: 0.0186398
2026-02-27 15:54:54.210 10 INFO neutron.wsgi [req-e55d6da5-a33c-41d2-aabb-a07f486a74f9 req-b6edc405-d956-421d-9f2f-6ba8a3bd8be5 b1a33f93d147477c8063f1f237187cff ab3d8c3e43704514aed60ff5f51af34e - - cbde16b25b144b1db5f103cd0e1391b9 cbde16b25b144b1db5f103cd0e1391b9] 10.0.0.144 "GET /v2.0/ports?device_id=3f3847d7-135b-4a28-85b2-eb22bc8d3447 HTTP/1.1" status: 200 len: 1361 time: 0.4746983
2026-02-27 15:54:54.222 10 INFO neutron.wsgi [None req-9f6de640-af1b-47ed-b742-f7b2e5e86c20 66ca095a900c47f1abc1a7e5a5cc1ded e605657acc3642f38b5c5ddb7decb851 - - default default] 10.0.0.221 "GET /v2.0/floatingips HTTP/1.1" status: 200 len: 1035 time: 0.0658190
2026-02-27 15:54:54.282 10 INFO neutron.wsgi [req-e55d6da5-a33c-41d2-aabb-a07f486a74f9 req-fcc74712-6181-47b9-b166-b6239ea0d2f4 b1a33f93d147477c8063f1f237187cff ab3d8c3e43704514aed60ff5f51af34e - - cbde16b25b144b1db5f103cd0e1391b9 cbde16b25b144b1db5f103cd0e1391b9] 10.0.0.144 "GET /v2.0/security-groups?id=c53548e2-7684-40fc-a4f5-ed66715a6822&fields=id&fields=name HTTP/1.1" status: 200 len: 312 time: 0.0597112
2026-02-27 15:54:54.310 10 INFO neutron.wsgi [None req-dcefd592-cf02-423a-94b5-cd571bf1ea45 66ca095a900c47f1abc1a7e5a5cc1ded e605657acc3642f38b5c5ddb7decb851 - - default default] 10.0.0.221 "GET /v2.0/networks HTTP/1.1" status: 200 len: 3110 time: 0.0844805
2026-02-27 15:54:54.323 10 INFO neutron.wsgi [None req-849ead59-23d9-462c-9428-e3eb63b4102e 66ca095a900c47f1abc1a7e5a5cc1ded e605657acc3642f38b5c5ddb7decb851 - - default default] 10.0.0.221 "GET /v2.0/agents HTTP/1.1" status: 200 len: 997 time: 0.0107656
2026-02-27 15:54:54.358 9 INFO neutron.wsgi [None req-ae5ba55b-ca08-49e7-a538-6d5ec7e43c54 66ca095a900c47f1abc1a7e5a5cc1ded e605657acc3642f38b5c5ddb7decb851 - - - -] 10.0.0.104 "DELETE /v2.0/security-groups/e8147afc-bc2a-4705-bb1e-32cc38b563f9 HTTP/1.1" status: 204 len: 168 time: 0.2144580
2026-02-27 15:54:54.764 9 INFO neutron.wsgi [req-55a458db-25a8-4ec6-9c0f-74579ab8761f req-883b2e70-0300-4f07-862e-e9f81be18582 66ca095a900c47f1abc1a7e5a5cc1ded e605657acc3642f38b5c5ddb7decb851 - - default default] 10.0.0.99 "GET /v2.0/ports?device_id=3f3847d7-135b-4a28-85b2-eb22bc8d3447 HTTP/1.1" status: 200 len: 1361 time: 0.0494325
2026-02-27 15:54:54.804 9 INFO neutron.wsgi [req-55a458db-25a8-4ec6-9c0f-74579ab8761f req-686a4f26-4b15-49bc-822b-2d4a58cd5ef2 66ca095a900c47f1abc1a7e5a5cc1ded e605657acc3642f38b5c5ddb7decb851 - - default default] 10.0.0.99 "GET /v2.0/security-groups?id=c53548e2-7684-40fc-a4f5-ed66715a6822&fields=id&fields=name HTTP/1.1" status: 200 len: 312 time: 0.0329936
2026-02-27 15:54:55.514 9 INFO neutron.db.ovn_revision_numbers_db [None req-9caced43-8aef-4c7a-b660-6d515792e4d9 66ca095a900c47f1abc1a7e5a5cc1ded e605657acc3642f38b5c5ddb7decb851 - - default default] Successfully bumped revision number for resource 162e83d7-1c11-43fe-8a61-a160edbbcd74 (type: security_groups) to 1
2026-02-27 15:54:55.538 9 INFO neutron.wsgi [None req-9caced43-8aef-4c7a-b660-6d515792e4d9 66ca095a900c47f1abc1a7e5a5cc1ded e605657acc3642f38b5c5ddb7decb851 - - default default] 10.0.0.104 "GET /v2.0/security-groups?tenant_id=0e1c3f18217c4f97b85da804e159d31c&name=default HTTP/1.1" status: 200 len: 2996 time: 0.2917035
2026-02-27 15:54:55.722 9 INFO neutron.wsgi [None req-8dab556f-9323-4055-9dd1-abdd8ebc91ed 66ca095a900c47f1abc1a7e5a5cc1ded e605657acc3642f38b5c5ddb7decb851 - - - -] 10.0.0.104 "DELETE /v2.0/security-groups/162e83d7-1c11-43fe-8a61-a160edbbcd74 HTTP/1.1" status: 204 len: 168 time: 0.1787255
2026-02-27 15:54:55.989 10 INFO neutron.db.ovn_revision_numbers_db [None req-4df01ca3-c249-4490-a85d-1edd0e3e5d9f 66ca095a900c47f1abc1a7e5a5cc1ded e605657acc3642f38b5c5ddb7decb851 - - default default] Successfully bumped revision number for resource 61d4710e-4729-4d16-b0c2-1be3e36a8edb (type: security_groups) to 1
2026-02-27 15:54:56.013 10 INFO neutron.wsgi [None req-4df01ca3-c249-4490-a85d-1edd0e3e5d9f 66ca095a900c47f1abc1a7e5a5cc1ded e605657acc3642f38b5c5ddb7decb851 - - default default] 10.0.0.104 "GET /v2.0/security-groups?tenant_id=eb8604a74e6b4e85b016fd7f977bb52f&name=default HTTP/1.1" status: 200 len: 2996 time: 0.1261263
2026-02-27 15:54:56.186 10 INFO neutron.wsgi [None req-07c89b1e-2734-4732-bca5-9a45c6857b50 66ca095a900c47f1abc1a7e5a5cc1ded e605657acc3642f38b5c5ddb7decb851 - - - -] 10.0.0.104 "DELETE /v2.0/security-groups/61d4710e-4729-4d16-b0c2-1be3e36a8edb HTTP/1.1" status: 204 len: 168 time: 0.1677542
2026-02-27 15:54:56.902 10 INFO neutron.db.ovn_revision_numbers_db [None req-0c7fd44c-2731-418c-9e80-6d83c9bb8187 66ca095a900c47f1abc1a7e5a5cc1ded e605657acc3642f38b5c5ddb7decb851 - - default default] Successfully bumped revision number for resource 71bf13cc-e4e0-48c8-b6ff-6aa47fa3acb0 (type: security_groups) to 1
2026-02-27 15:54:56.929 10 INFO neutron.wsgi [None req-0c7fd44c-2731-418c-9e80-6d83c9bb8187 66ca095a900c47f1abc1a7e5a5cc1ded e605657acc3642f38b5c5ddb7decb851 - - default default] 10.0.0.104 "GET /v2.0/security-groups?tenant_id=821b4083407e423587ef96f9c77b04d0&name=default HTTP/1.1" status: 200 len: 2996 time: 0.2453814
2026-02-27 15:54:56.974 9 INFO neutron.wsgi [req-7725ec1d-a9ab-4a1a-9cf5-3de9904ff9e1 req-993b175a-36dc-46d2-993d-b3a12c99050b 0f97937ac7db4235b2f74ed97f72add7 ae9f0091b2fb4242bb024aec2c24bfe4 - - default default] 10.0.0.99 "GET /v2.0/ports?device_id=3f3847d7-135b-4a28-85b2-eb22bc8d3447 HTTP/1.1" status: 200 len: 1170 time: 0.0946567
2026-02-27 15:54:57.014 9 INFO neutron.wsgi [req-7725ec1d-a9ab-4a1a-9cf5-3de9904ff9e1 req-17f01397-e0a1-4205-a372-353b3a229b54 0f97937ac7db4235b2f74ed97f72add7 ae9f0091b2fb4242bb024aec2c24bfe4 - - default default] 10.0.0.99 "GET /v2.0/security-groups?id=c53548e2-7684-40fc-a4f5-ed66715a6822&fields=id&fields=name HTTP/1.1" status: 200 len: 312 time: 0.0343719
2026-02-27 15:54:57.123 10 INFO neutron.wsgi [None req-0b6053ab-6490-4f0a-be38-0d219b4ca9ef 66ca095a900c47f1abc1a7e5a5cc1ded e605657acc3642f38b5c5ddb7decb851 - - - -] 10.0.0.104 "DELETE /v2.0/security-groups/71bf13cc-e4e0-48c8-b6ff-6aa47fa3acb0 HTTP/1.1" status: 204 len: 168 time: 0.1897416
2026-02-27 15:54:57.242 10 INFO neutron.plugins.ml2.drivers.ovn.mech_driver.mech_driver [None req-76928be3-c245-4694-afcb-9cabb589e602 - - - - - -] OVN reports status down for port: c95ef002-0a36-4816-a00e-e8929da2182a
2026-02-27 15:54:57.258 9 INFO neutron.wsgi [req-b1ab92bf-92fc-474f-a104-88c4efb5d368 req-ea65bba3-19d9-4373-9b90-fcccfbf93c00 0f97937ac7db4235b2f74ed97f72add7 ae9f0091b2fb4242bb024aec2c24bfe4 - - default default] 10.0.0.99 "GET /v2.0/ports?device_id=3f3847d7-135b-4a28-85b2-eb22bc8d3447 HTTP/1.1" status: 200 len: 1170 time: 0.0650580
2026-02-27 15:54:57.312 9 INFO neutron.wsgi [req-b1ab92bf-92fc-474f-a104-88c4efb5d368 req-dadc2e8f-5db2-469e-b311-64f439ac3d30 0f97937ac7db4235b2f74ed97f72add7 ae9f0091b2fb4242bb024aec2c24bfe4 - - default default] 10.0.0.99 "GET /v2.0/security-groups?id=c53548e2-7684-40fc-a4f5-ed66715a6822&fields=id&fields=name HTTP/1.1" status: 200 len: 312 time: 0.0478287
2026-02-27 15:54:57.394 10 INFO neutron.notifiers.nova [-] Nova event matching ['req-74ab4fa0-3a43-4c67-b4df-e14894a5138a'] response: {'server_uuid': '3f3847d7-135b-4a28-85b2-eb22bc8d3447', 'name': 'network-vif-unplugged', 'status': 'completed', 'tag': 'c95ef002-0a36-4816-a00e-e8929da2182a', 'code': 200}
2026-02-27 15:54:57.496 10 INFO neutron.db.ovn_revision_numbers_db [None req-a63826c9-c6b5-434c-876d-a4c8ef673d7a 66ca095a900c47f1abc1a7e5a5cc1ded e605657acc3642f38b5c5ddb7decb851 - - default default] Successfully bumped revision number for resource facf000a-4c22-43cb-8e97-6ea9e6058200 (type: security_groups) to 1
2026-02-27 15:54:57.554 10 INFO neutron.wsgi [None req-a63826c9-c6b5-434c-876d-a4c8ef673d7a 66ca095a900c47f1abc1a7e5a5cc1ded e605657acc3642f38b5c5ddb7decb851 - - default default] 10.0.0.104 "GET /v2.0/security-groups?tenant_id=513efdb20b5f4da18709e8c8a3504c47&name=default HTTP/1.1" status: 200 len: 2996 time: 0.2458913
2026-02-27 15:54:57.592 10 INFO neutron.db.ovn_revision_numbers_db [None req-76928be3-c245-4694-afcb-9cabb589e602 - - - - - -] Successfully bumped revision number for resource c95ef002-0a36-4816-a00e-e8929da2182a (type: ports) to 7
2026-02-27 15:54:57.644 10 INFO neutron.wsgi [req-d7fc9a4f-0e73-4e86-8765-e17534340da9 req-82b24e63-d99f-4352-9f30-b0e253c0fd79 0f97937ac7db4235b2f74ed97f72add7 ae9f0091b2fb4242bb024aec2c24bfe4 - - default default] 199.19.213.79 "GET /v2.0/ports?device_id=3f3847d7-135b-4a28-85b2-eb22bc8d3447 HTTP/1.1" status: 200 len: 1168 time: 0.1280253
