2026-02-27 15:58:07.531 10 INFO neutron.wsgi [req-82a0f83c-aa5e-45cf-a633-e9c4ce932611 req-641072c8-e56b-43ac-9883-f3893f003347 b1a33f93d147477c8063f1f237187cff ab3d8c3e43704514aed60ff5f51af34e - - cbde16b25b144b1db5f103cd0e1391b9 cbde16b25b144b1db5f103cd0e1391b9] 199.19.213.79 "GET /v2.0/networks?id=3ae255fe-d4ef-46c2-91d4-799bb3734ac0 HTTP/1.1" status: 200 len: 1002 time: 0.0606453
2026-02-27 15:58:07.578 10 INFO neutron.wsgi [req-82a0f83c-aa5e-45cf-a633-e9c4ce932611 req-e80318bc-7fb4-4b00-a5be-e508bb4a46cc b1a33f93d147477c8063f1f237187cff ab3d8c3e43704514aed60ff5f51af34e - - cbde16b25b144b1db5f103cd0e1391b9 cbde16b25b144b1db5f103cd0e1391b9] 199.19.213.79 "GET /v2.0/floatingips?fixed_ip_address=10.2.1.77&port_id=94f96777-73bf-4ccc-8a1a-6f61d9000893 HTTP/1.1" status: 200 len: 1058 time: 0.0396848
2026-02-27 15:58:07.611 10 INFO neutron.wsgi [req-82a0f83c-aa5e-45cf-a633-e9c4ce932611 req-f2a03bd7-0c6d-4cd8-908b-f7826dfcc95f b1a33f93d147477c8063f1f237187cff ab3d8c3e43704514aed60ff5f51af34e - - cbde16b25b144b1db5f103cd0e1391b9 cbde16b25b144b1db5f103cd0e1391b9] 199.19.213.79 "GET /v2.0/floatingips?fixed_ip_address=fd7b%3Af9f7%3Afff%3A4eca%3A%3A311&port_id=94f96777-73bf-4ccc-8a1a-6f61d9000893 HTTP/1.1" status: 200 len: 217 time: 0.0274587
2026-02-27 15:58:07.649 10 INFO neutron.wsgi [req-82a0f83c-aa5e-45cf-a633-e9c4ce932611 req-dcb89c8a-8968-4bc9-bbc0-c31ee4e3677d b1a33f93d147477c8063f1f237187cff ab3d8c3e43704514aed60ff5f51af34e - - cbde16b25b144b1db5f103cd0e1391b9 cbde16b25b144b1db5f103cd0e1391b9] 199.19.213.79 "GET /v2.0/subnets?id=c14dbcf4-1c24-4671-b078-4d36b9afadfd&id=1f1887f1-8ab6-402d-8a9b-8129a430f6cf HTTP/1.1" status: 200 len: 1561 time: 0.0324800
2026-02-27 15:58:07.679 10 INFO neutron.wsgi [req-82a0f83c-aa5e-45cf-a633-e9c4ce932611 req-1738635b-3c36-41b2-8f26-8eb219285c80 b1a33f93d147477c8063f1f237187cff ab3d8c3e43704514aed60ff5f51af34e - - cbde16b25b144b1db5f103cd0e1391b9 cbde16b25b144b1db5f103cd0e1391b9] 199.19.213.79 "GET /v2.0/ports?network_id=3ae255fe-d4ef-46c2-91d4-799bb3734ac0&device_owner=network%3Adhcp HTTP/1.1" status: 200 len: 210 time: 0.0243695
2026-02-27 15:58:07.706 10 INFO neutron.wsgi [req-82a0f83c-aa5e-45cf-a633-e9c4ce932611 req-1ef4f5e5-351b-49a0-bdf7-2ccbafe7393e b1a33f93d147477c8063f1f237187cff ab3d8c3e43704514aed60ff5f51af34e - - cbde16b25b144b1db5f103cd0e1391b9 cbde16b25b144b1db5f103cd0e1391b9] 199.19.213.79 "GET /v2.0/ports?network_id=3ae255fe-d4ef-46c2-91d4-799bb3734ac0&device_owner=network%3Adhcp HTTP/1.1" status: 200 len: 210 time: 0.0218103
2026-02-27 15:58:07.770 10 INFO neutron.wsgi [req-82a0f83c-aa5e-45cf-a633-e9c4ce932611 req-2910c9fe-4534-412d-9299-2dc8d3d9e7f1 b1a33f93d147477c8063f1f237187cff ab3d8c3e43704514aed60ff5f51af34e - - cbde16b25b144b1db5f103cd0e1391b9 cbde16b25b144b1db5f103cd0e1391b9] 199.19.213.79 "GET /v2.0/networks/3ae255fe-d4ef-46c2-91d4-799bb3734ac0?fields=segments HTTP/1.1" status: 200 len: 212 time: 0.0586817
2026-02-27 15:58:07.826 10 INFO neutron.wsgi [req-82a0f83c-aa5e-45cf-a633-e9c4ce932611 req-2a93e375-1519-4329-8de9-dec3f436b56b b1a33f93d147477c8063f1f237187cff ab3d8c3e43704514aed60ff5f51af34e - - cbde16b25b144b1db5f103cd0e1391b9 cbde16b25b144b1db5f103cd0e1391b9] 199.19.213.79 "GET /v2.0/networks/3ae255fe-d4ef-46c2-91d4-799bb3734ac0?fields=provider%3Aphysical_network&fields=provider%3Anetwork_type HTTP/1.1" status: 200 len: 277 time: 0.0510213
2026-02-27 15:58:20.576 10 INFO neutron.wsgi [-] 10.0.0.100 "GET / HTTP/1.1" status: 200 len: 247 time: 0.0030456
2026-02-27 15:58:20.577 9 INFO neutron.wsgi [-] 10.0.0.100 "GET / HTTP/1.1" status: 200 len: 247 time: 0.0017464
2026-02-27 15:58:35.575 9 INFO neutron.wsgi [-] 10.0.0.100 "GET / HTTP/1.1" status: 200 len: 247 time: 0.0026302
2026-02-27 15:58:35.576 10 INFO neutron.wsgi [-] 10.0.0.100 "GET / HTTP/1.1" status: 200 len: 247 time: 0.0032678
2026-02-27 15:58:36.751 9 INFO neutron.wsgi [None req-7b80656a-dea1-4db1-8a93-00aceaf1b904 66ca095a900c47f1abc1a7e5a5cc1ded e605657acc3642f38b5c5ddb7decb851 - - default default] 199.19.213.79 "GET /v2.0/extensions/security-group HTTP/1.1" status: 200 len: 369 time: 0.0058203
2026-02-27 15:58:36.760 9 INFO neutron.wsgi [None req-81d005f6-9e2b-4182-83f8-c7fad299b1f8 66ca095a900c47f1abc1a7e5a5cc1ded e605657acc3642f38b5c5ddb7decb851 - - default default] 199.19.213.79 "GET /v2.0/extensions/dns-integration HTTP/1.1" status: 200 len: 371 time: 0.0044305
2026-02-27 15:58:36.771 9 INFO neutron.wsgi [None req-3f09652f-a88b-482c-9574-4fbd0dcec516 66ca095a900c47f1abc1a7e5a5cc1ded e605657acc3642f38b5c5ddb7decb851 - - default default] 199.19.213.79 "GET /v2.0/extensions/qos HTTP/1.1" status: 200 len: 365 time: 0.0069127
2026-02-27 15:58:36.782 9 INFO neutron.wsgi [None req-9fdce112-ac40-4eed-92d4-9e38134fc32b 66ca095a900c47f1abc1a7e5a5cc1ded e605657acc3642f38b5c5ddb7decb851 - - default default] 199.19.213.79 "GET /v2.0/extensions/allowed-address-pairs HTTP/1.1" status: 200 len: 383 time: 0.0040319
2026-02-27 15:58:36.820 9 INFO neutron.wsgi [None req-7fdcfe41-cd4a-4f20-ba7a-6412275da646 66ca095a900c47f1abc1a7e5a5cc1ded e605657acc3642f38b5c5ddb7decb851 - - default default] 199.19.213.79 "GET /v2.0/subnets/e82484b3-5e18-466c-a845-45d2a557fb36 HTTP/1.1" status: 200 len: 851 time: 0.0326526
2026-02-27 15:58:36.884 9 INFO neutron.wsgi [None req-a72c2c97-bf90-4652-8777-2412baf1c982 66ca095a900c47f1abc1a7e5a5cc1ded e605657acc3642f38b5c5ddb7decb851 - - default default] 199.19.213.79 "GET /v2.0/ports?device_id=5737a49f-2e19-4d99-b3bb-9cd3764e6f2e HTTP/1.1" status: 200 len: 1369 time: 0.0332670
2026-02-27 15:58:37.190 9 WARNING neutron.scheduler.dhcp_agent_scheduler [None req-073797db-ac05-4179-90bd-f30c2b3ecd26 66ca095a900c47f1abc1a7e5a5cc1ded e605657acc3642f38b5c5ddb7decb851 - - - -] No more DHCP agents
2026-02-27 15:58:37.192 9 WARNING neutron.api.rpc.agentnotifiers.dhcp_rpc_agent_api [None req-073797db-ac05-4179-90bd-f30c2b3ecd26 66ca095a900c47f1abc1a7e5a5cc1ded e605657acc3642f38b5c5ddb7decb851 - - - -] Unable to schedule network e856f1ea-ba81-4e2c-af1a-6f39c96a618e: no agents available; will retry on subsequent port and subnet creation events.
2026-02-27 15:58:37.342 9 INFO neutron.db.ovn_revision_numbers_db [None req-073797db-ac05-4179-90bd-f30c2b3ecd26 66ca095a900c47f1abc1a7e5a5cc1ded e605657acc3642f38b5c5ddb7decb851 - - - -] Successfully bumped revision number for resource 8d3faaba-ecbd-4c43-8e41-5e5ab1e5d866 (type: ports) to 1
2026-02-27 15:58:37.366 9 INFO neutron.wsgi [None req-073797db-ac05-4179-90bd-f30c2b3ecd26 66ca095a900c47f1abc1a7e5a5cc1ded e605657acc3642f38b5c5ddb7decb851 - - - -] 199.19.213.79 "POST /v2.0/ports HTTP/1.1" status: 201 len: 1298 time: 0.4756470 /var/lib/openstack/lib/python3.10/site-packages/pycadf/identifier.py:71: UserWarning: Invalid uuid: neutron. To ensure interoperability, identifiers should be a valid uuid. warnings.warn(('Invalid uuid: %s. To ensure interoperability, '
2026-02-27 15:58:37.455 9 INFO neutron.wsgi [req-53d9f33e-691e-43c6-8c30-6b92a7289a75 req-7f1489f8-c227-4bc5-b0a8-89e880386adc 66ca095a900c47f1abc1a7e5a5cc1ded e605657acc3642f38b5c5ddb7decb851 - - default default] 10.0.0.99 "GET /v2.0/ports/8d3faaba-ecbd-4c43-8e41-5e5ab1e5d866 HTTP/1.1" status: 200 len: 1293 time: 0.0339379
2026-02-27 15:58:37.472 9 INFO neutron.wsgi [req-53d9f33e-691e-43c6-8c30-6b92a7289a75 req-e919de88-aaca-44da-b7f1-4a18504a54f4 66ca095a900c47f1abc1a7e5a5cc1ded e605657acc3642f38b5c5ddb7decb851 - - default default] 10.0.0.99 "GET /v2.0/extensions HTTP/1.1" status: 200 len: 16525 time: 0.0094633
2026-02-27 15:58:37.584 10 INFO neutron.wsgi [req-53d9f33e-691e-43c6-8c30-6b92a7289a75 req-09c756ae-ed4b-4e85-a161-b44bf6a53ffc b1a33f93d147477c8063f1f237187cff ab3d8c3e43704514aed60ff5f51af34e - - cbde16b25b144b1db5f103cd0e1391b9 cbde16b25b144b1db5f103cd0e1391b9] 199.19.213.79 "GET /v2.0/ports/8d3faaba-ecbd-4c43-8e41-5e5ab1e5d866?fields=binding%3Avnic_type&fields=binding%3Aprofile&fields=network_id&fields=resource_request&fields=numa_affinity_policy&fields=device_profile HTTP/1.1" status: 200 len: 335 time: 0.0331655
2026-02-27 15:58:37.650 10 INFO neutron.wsgi [req-53d9f33e-691e-43c6-8c30-6b92a7289a75 req-5cab0140-9489-4c40-bf6b-6ba60fa846fd b1a33f93d147477c8063f1f237187cff ab3d8c3e43704514aed60ff5f51af34e - - cbde16b25b144b1db5f103cd0e1391b9 cbde16b25b144b1db5f103cd0e1391b9] 199.19.213.79 "GET /v2.0/networks/e856f1ea-ba81-4e2c-af1a-6f39c96a618e?fields=segments HTTP/1.1" status: 200 len: 212 time: 0.0590057
2026-02-27 15:58:37.741 10 INFO neutron.wsgi [req-53d9f33e-691e-43c6-8c30-6b92a7289a75 req-cac73af4-7d9e-4592-b3ad-d036c4e37592 b1a33f93d147477c8063f1f237187cff ab3d8c3e43704514aed60ff5f51af34e - - cbde16b25b144b1db5f103cd0e1391b9 cbde16b25b144b1db5f103cd0e1391b9] 199.19.213.79 "GET /v2.0/networks/e856f1ea-ba81-4e2c-af1a-6f39c96a618e?fields=provider%3Aphysical_network&fields=provider%3Anetwork_type HTTP/1.1" status: 200 len: 277 time: 0.0833149
2026-02-27 15:58:37.802 10 INFO neutron.wsgi [req-53d9f33e-691e-43c6-8c30-6b92a7289a75 req-d07742f9-f96e-4501-8608-ba1e4991f822 b1a33f93d147477c8063f1f237187cff ab3d8c3e43704514aed60ff5f51af34e - - cbde16b25b144b1db5f103cd0e1391b9 cbde16b25b144b1db5f103cd0e1391b9] 199.19.213.79 "GET /v2.0/ports/8d3faaba-ecbd-4c43-8e41-5e5ab1e5d866 HTTP/1.1" status: 200 len: 1293 time: 0.0324550
2026-02-27 15:58:37.869 10 INFO neutron.wsgi [req-53d9f33e-691e-43c6-8c30-6b92a7289a75 req-afa3465e-1dd7-45e2-b4d1-26510deecb0a 66ca095a900c47f1abc1a7e5a5cc1ded e605657acc3642f38b5c5ddb7decb851 - - default default] 199.19.213.79 "GET /v2.0/networks?id=e856f1ea-ba81-4e2c-af1a-6f39c96a618e HTTP/1.1" status: 200 len: 1005 time: 0.0617599
2026-02-27 15:58:38.399 10 INFO neutron.db.ovn_revision_numbers_db [None req-6f539f19-46fd-4b5d-8fc4-a72675735401 b1a33f93d147477c8063f1f237187cff ab3d8c3e43704514aed60ff5f51af34e - - - -] Successfully bumped revision number for resource 8d3faaba-ecbd-4c43-8e41-5e5ab1e5d866 (type: ports) to 2
2026-02-27 15:58:38.571 10 INFO neutron.db.ovn_revision_numbers_db [None req-6f539f19-46fd-4b5d-8fc4-a72675735401 b1a33f93d147477c8063f1f237187cff ab3d8c3e43704514aed60ff5f51af34e - - - -] Successfully bumped revision number for resource 8d3faaba-ecbd-4c43-8e41-5e5ab1e5d866 (type: ports) to 2
2026-02-27 15:58:38.586 10 INFO neutron.wsgi [None req-6f539f19-46fd-4b5d-8fc4-a72675735401 b1a33f93d147477c8063f1f237187cff ab3d8c3e43704514aed60ff5f51af34e - - - -] 199.19.213.79 "PUT /v2.0/ports/8d3faaba-ecbd-4c43-8e41-5e5ab1e5d866 HTTP/1.1" status: 200 len: 1376 time: 0.7077661 /var/lib/openstack/lib/python3.10/site-packages/pycadf/identifier.py:71: UserWarning: Invalid uuid: neutron. To ensure interoperability, identifiers should be a valid uuid. warnings.warn(('Invalid uuid: %s. To ensure interoperability, '
2026-02-27 15:58:38.634 10 INFO neutron.notifiers.nova [-] Nova event matching ['req-a16f44a3-ba9f-4158-863c-4f2f6aff1d93'] response: {'name': 'network-changed', 'server_uuid': '5737a49f-2e19-4d99-b3bb-9cd3764e6f2e', 'tag': '8d3faaba-ecbd-4c43-8e41-5e5ab1e5d866', 'status': 'completed', 'code': 200}
2026-02-27 15:58:38.656 10 INFO neutron.wsgi [req-53d9f33e-691e-43c6-8c30-6b92a7289a75 req-66ceff27-119b-45a7-bd81-23a09d374101 b1a33f93d147477c8063f1f237187cff ab3d8c3e43704514aed60ff5f51af34e - - cbde16b25b144b1db5f103cd0e1391b9 cbde16b25b144b1db5f103cd0e1391b9] 199.19.213.79 "GET /v2.0/ports?tenant_id=e605657acc3642f38b5c5ddb7decb851&device_id=5737a49f-2e19-4d99-b3bb-9cd3764e6f2e HTTP/1.1" status: 200 len: 2565 time: 0.0343060
2026-02-27 15:58:38.689 10 INFO neutron.wsgi [req-53d9f33e-691e-43c6-8c30-6b92a7289a75 req-195670b3-b4ec-412f-a390-cb872f6bb6f3 b1a33f93d147477c8063f1f237187cff ab3d8c3e43704514aed60ff5f51af34e - - cbde16b25b144b1db5f103cd0e1391b9 cbde16b25b144b1db5f103cd0e1391b9] 199.19.213.79 "GET /v2.0/floatingips?fixed_ip_address=172.24.2.202&port_id=b09fa809-e3ee-4178-be45-acd33f79d5db HTTP/1.1" status: 200 len: 217 time: 0.0248682
2026-02-27 15:58:38.747 10 INFO neutron.wsgi [req-53d9f33e-691e-43c6-8c30-6b92a7289a75 req-3b8fea67-9549-4c9e-8ca1-4e3f62f6dcd8 b1a33f93d147477c8063f1f237187cff ab3d8c3e43704514aed60ff5f51af34e - - cbde16b25b144b1db5f103cd0e1391b9 cbde16b25b144b1db5f103cd0e1391b9] 199.19.213.79 "GET /v2.0/subnets?id=b615cec5-fd2a-4da1-ab92-506b951371bb HTTP/1.1" status: 200 len: 829 time: 0.0440876
2026-02-27 15:58:38.774 10 INFO neutron.wsgi [req-53d9f33e-691e-43c6-8c30-6b92a7289a75 req-ddbbc42e-7e01-4689-8b8f-669f13b904f7 b1a33f93d147477c8063f1f237187cff ab3d8c3e43704514aed60ff5f51af34e - - cbde16b25b144b1db5f103cd0e1391b9 cbde16b25b144b1db5f103cd0e1391b9] 199.19.213.79 "GET /v2.0/ports?network_id=25195c9d-732c-4047-81a4-b7c65f31a734&device_owner=network%3Adhcp HTTP/1.1" status: 200 len: 210 time: 0.0208640
2026-02-27 15:58:38.850 10 INFO neutron.wsgi [req-53d9f33e-691e-43c6-8c30-6b92a7289a75 req-1257f5d3-ebf1-4f72-b52f-79a35695a9f8 b1a33f93d147477c8063f1f237187cff ab3d8c3e43704514aed60ff5f51af34e - - cbde16b25b144b1db5f103cd0e1391b9 cbde16b25b144b1db5f103cd0e1391b9] 199.19.213.79 "GET /v2.0/networks/25195c9d-732c-4047-81a4-b7c65f31a734?fields=segments HTTP/1.1" status: 200 len: 212 time: 0.0693610
2026-02-27 15:58:38.910 10 INFO neutron.wsgi [req-53d9f33e-691e-43c6-8c30-6b92a7289a75 req-654186d7-46b9-4d2b-bab5-bf03a68a2034 b1a33f93d147477c8063f1f237187cff ab3d8c3e43704514aed60ff5f51af34e - - cbde16b25b144b1db5f103cd0e1391b9 cbde16b25b144b1db5f103cd0e1391b9] 199.19.213.79 "GET /v2.0/networks/25195c9d-732c-4047-81a4-b7c65f31a734?fields=provider%3Aphysical_network&fields=provider%3Anetwork_type HTTP/1.1" status: 200 len: 277 time: 0.0524657
2026-02-27 15:58:38.942 10 INFO neutron.wsgi [req-53d9f33e-691e-43c6-8c30-6b92a7289a75 req-52752daa-47f7-44e9-acc4-c3b585cba75e b1a33f93d147477c8063f1f237187cff ab3d8c3e43704514aed60ff5f51af34e - - cbde16b25b144b1db5f103cd0e1391b9 cbde16b25b144b1db5f103cd0e1391b9] 199.19.213.79 "GET /v2.0/floatingips?fixed_ip_address=10.1.1.22&port_id=8d3faaba-ecbd-4c43-8e41-5e5ab1e5d866 HTTP/1.1" status: 200 len: 217 time: 0.0243878
2026-02-27 15:58:38.976 10 INFO neutron.wsgi [req-53d9f33e-691e-43c6-8c30-6b92a7289a75 req-2597bb10-2432-447c-b249-de359b7fae2c b1a33f93d147477c8063f1f237187cff ab3d8c3e43704514aed60ff5f51af34e - - cbde16b25b144b1db5f103cd0e1391b9 cbde16b25b144b1db5f103cd0e1391b9] 199.19.213.79 "GET /v2.0/subnets?id=e82484b3-5e18-466c-a845-45d2a557fb36 HTTP/1.1" status: 200 len: 854 time: 0.0271001
2026-02-27 15:58:38.999 10 INFO neutron.wsgi [req-53d9f33e-691e-43c6-8c30-6b92a7289a75 req-030dbe4a-0be3-4d41-b091-32f9f7a78ccd b1a33f93d147477c8063f1f237187cff ab3d8c3e43704514aed60ff5f51af34e - - cbde16b25b144b1db5f103cd0e1391b9 cbde16b25b144b1db5f103cd0e1391b9] 199.19.213.79 "GET /v2.0/ports?network_id=e856f1ea-ba81-4e2c-af1a-6f39c96a618e&device_owner=network%3Adhcp HTTP/1.1" status: 200 len: 210 time: 0.0189652
2026-02-27 15:58:39.057 10 INFO neutron.wsgi [req-53d9f33e-691e-43c6-8c30-6b92a7289a75 req-a2793caa-a196-4e2c-a322-5d6c37a12378 b1a33f93d147477c8063f1f237187cff ab3d8c3e43704514aed60ff5f51af34e - - cbde16b25b144b1db5f103cd0e1391b9 cbde16b25b144b1db5f103cd0e1391b9] 199.19.213.79 "GET /v2.0/networks/e856f1ea-ba81-4e2c-af1a-6f39c96a618e?fields=segments HTTP/1.1" status: 200 len: 212 time: 0.0519259
2026-02-27 15:58:39.114 10 INFO neutron.wsgi [req-53d9f33e-691e-43c6-8c30-6b92a7289a75 req-8cd2eabd-e4dd-4f88-928b-aab8fa08d8d1 b1a33f93d147477c8063f1f237187cff ab3d8c3e43704514aed60ff5f51af34e - - cbde16b25b144b1db5f103cd0e1391b9 cbde16b25b144b1db5f103cd0e1391b9] 199.19.213.79 "GET /v2.0/networks/e856f1ea-ba81-4e2c-af1a-6f39c96a618e?fields=provider%3Aphysical_network&fields=provider%3Anetwork_type HTTP/1.1" status: 200 len: 277 time: 0.0521410
2026-02-27 15:58:39.203 10 INFO neutron.wsgi [req-fe600657-85ab-4e13-ac06-9b5fd4664d12 req-dc9cc3d9-6c7c-48aa-be48-59e7bed6b2ba b1a33f93d147477c8063f1f237187cff ab3d8c3e43704514aed60ff5f51af34e - - cbde16b25b144b1db5f103cd0e1391b9 cbde16b25b144b1db5f103cd0e1391b9] 199.19.213.79 "GET /v2.0/ports?tenant_id=e605657acc3642f38b5c5ddb7decb851&device_id=5737a49f-2e19-4d99-b3bb-9cd3764e6f2e HTTP/1.1" status: 200 len: 2565 time: 0.0456431
2026-02-27 15:58:39.287 10 INFO neutron.wsgi [req-fe600657-85ab-4e13-ac06-9b5fd4664d12 req-8abdefdb-94d2-41a7-9c94-de4ab917e271 b1a33f93d147477c8063f1f237187cff ab3d8c3e43704514aed60ff5f51af34e - - cbde16b25b144b1db5f103cd0e1391b9 cbde16b25b144b1db5f103cd0e1391b9] 199.19.213.79 "GET /v2.0/networks?id=e856f1ea-ba81-4e2c-af1a-6f39c96a618e HTTP/1.1" status: 200 len: 1005 time: 0.0786371
2026-02-27 15:58:39.293 9 INFO neutron.plugins.ml2.drivers.ovn.mech_driver.mech_driver [None req-912c40c1-dc61-455c-a2fc-10423d8faf86 - - - - - -] OVN reports status up for port: 8d3faaba-ecbd-4c43-8e41-5e5ab1e5d866
2026-02-27 15:58:39.320 9 INFO neutron.plugins.ml2.plugin [None req-912c40c1-dc61-455c-a2fc-10423d8faf86 - - - - - -] Attempt 1 to provision port 8d3faaba-ecbd-4c43-8e41-5e5ab1e5d866
2026-02-27 15:58:39.327 10 INFO neutron.wsgi [req-fe600657-85ab-4e13-ac06-9b5fd4664d12 req-3c807f48-3573-4be3-993f-d1d525894e07 b1a33f93d147477c8063f1f237187cff ab3d8c3e43704514aed60ff5f51af34e - - cbde16b25b144b1db5f103cd0e1391b9 cbde16b25b144b1db5f103cd0e1391b9] 199.19.213.79 "GET /v2.0/floatingips?fixed_ip_address=10.1.1.22&port_id=8d3faaba-ecbd-4c43-8e41-5e5ab1e5d866 HTTP/1.1" status: 200 len: 217 time: 0.0336621
2026-02-27 15:58:39.389 10 INFO neutron.wsgi [req-fe600657-85ab-4e13-ac06-9b5fd4664d12 req-483033d7-5dc4-49c5-a325-ccd41e6ddaa6 b1a33f93d147477c8063f1f237187cff ab3d8c3e43704514aed60ff5f51af34e - - cbde16b25b144b1db5f103cd0e1391b9 cbde16b25b144b1db5f103cd0e1391b9] 199.19.213.79 "GET /v2.0/subnets?id=e82484b3-5e18-466c-a845-45d2a557fb36 HTTP/1.1" status: 200 len: 854 time: 0.0533054
2026-02-27 15:58:39.435 10 INFO neutron.wsgi [req-fe600657-85ab-4e13-ac06-9b5fd4664d12 req-1874e2c2-7392-4e97-83a8-2d4f327dadff b1a33f93d147477c8063f1f237187cff ab3d8c3e43704514aed60ff5f51af34e - - cbde16b25b144b1db5f103cd0e1391b9 cbde16b25b144b1db5f103cd0e1391b9] 199.19.213.79 "GET /v2.0/ports?network_id=e856f1ea-ba81-4e2c-af1a-6f39c96a618e&device_owner=network%3Adhcp HTTP/1.1" status: 200 len: 210 time: 0.0415080
2026-02-27 15:58:39.504 9 INFO neutron.notifiers.nova [-] Nova event matching ['req-0a93324f-a259-44f1-b231-dd7ea776d5b9'] response: {'server_uuid': '5737a49f-2e19-4d99-b3bb-9cd3764e6f2e', 'name': 'network-vif-plugged', 'status': 'completed', 'tag': '8d3faaba-ecbd-4c43-8e41-5e5ab1e5d866', 'code': 200}
2026-02-27 15:58:39.526 10 INFO neutron.wsgi [req-fe600657-85ab-4e13-ac06-9b5fd4664d12 req-75fd33ab-e593-411a-b168-4501f2dc4c34 b1a33f93d147477c8063f1f237187cff ab3d8c3e43704514aed60ff5f51af34e - - cbde16b25b144b1db5f103cd0e1391b9 cbde16b25b144b1db5f103cd0e1391b9] 199.19.213.79 "GET /v2.0/networks/e856f1ea-ba81-4e2c-af1a-6f39c96a618e?fields=segments HTTP/1.1" status: 200 len: 212 time: 0.0836709
2026-02-27 15:58:39.539 9 INFO neutron.wsgi [req-53d9f33e-691e-43c6-8c30-6b92a7289a75 req-9a8863b0-5bcf-4ba2-b85c-9d2c86f78a6e 66ca095a900c47f1abc1a7e5a5cc1ded e605657acc3642f38b5c5ddb7decb851 - - default default] 10.0.0.99 "GET /v2.0/ports/8d3faaba-ecbd-4c43-8e41-5e5ab1e5d866 HTTP/1.1" status: 200 len: 1406 time: 0.0549560
2026-02-27 15:58:39.593 10 INFO neutron.wsgi [req-fe600657-85ab-4e13-ac06-9b5fd4664d12 req-316da35b-b6f5-410e-9302-4831bc7f4759 b1a33f93d147477c8063f1f237187cff ab3d8c3e43704514aed60ff5f51af34e - - cbde16b25b144b1db5f103cd0e1391b9 cbde16b25b144b1db5f103cd0e1391b9] 199.19.213.79 "GET /v2.0/networks/e856f1ea-ba81-4e2c-af1a-6f39c96a618e?fields=provider%3Aphysical_network&fields=provider%3Anetwork_type HTTP/1.1" status: 200 len: 277 time: 0.0594656
2026-02-27 15:58:39.706 9 INFO neutron.db.ovn_revision_numbers_db [None req-912c40c1-dc61-455c-a2fc-10423d8faf86 - - - - - -] Successfully bumped revision number for resource 8d3faaba-ecbd-4c43-8e41-5e5ab1e5d866 (type: ports) to 4
2026-02-27 15:58:39.931 9 INFO neutron.db.ovn_revision_numbers_db [None req-e2886c4b-082e-4cf3-af62-06d29836781d 66ca095a900c47f1abc1a7e5a5cc1ded e605657acc3642f38b5c5ddb7decb851 - - - -] Successfully bumped revision number for resource 8d3faaba-ecbd-4c43-8e41-5e5ab1e5d866 (type: ports) to 5
2026-02-27 15:58:39.940 9 INFO neutron.wsgi [None req-e2886c4b-082e-4cf3-af62-06d29836781d 66ca095a900c47f1abc1a7e5a5cc1ded e605657acc3642f38b5c5ddb7decb851 - - - -] 199.19.213.79 "PUT /v2.0/ports/8d3faaba-ecbd-4c43-8e41-5e5ab1e5d866 HTTP/1.1" status: 200 len: 1438 time: 0.3888395 /var/lib/openstack/lib/python3.10/site-packages/pycadf/identifier.py:71: UserWarning: Invalid uuid: neutron. To ensure interoperability, identifiers should be a valid uuid. warnings.warn(('Invalid uuid: %s. To ensure interoperability, '
2026-02-27 15:58:39.983 9 INFO neutron.wsgi [None req-d18427d6-a62c-4d86-b649-05b8ea46b548 66ca095a900c47f1abc1a7e5a5cc1ded e605657acc3642f38b5c5ddb7decb851 - - default default] 199.19.213.79 "GET /v2.0/security-groups?name=lb-cf60966a-e42c-4733-829d-ecf1405d8a6c HTTP/1.1" status: 200 len: 1777 time: 0.0368872
2026-02-27 15:58:40.268 9 INFO neutron.db.ovn_revision_numbers_db [None req-48f63e5d-1e5b-460d-a05b-4f2d34d3fb07 66ca095a900c47f1abc1a7e5a5cc1ded e605657acc3642f38b5c5ddb7decb851 - - - -] Successfully bumped revision number for resource 8d3faaba-ecbd-4c43-8e41-5e5ab1e5d866 (type: ports) to 6
2026-02-27 15:58:40.275 9 INFO neutron.wsgi [None req-48f63e5d-1e5b-460d-a05b-4f2d34d3fb07 66ca095a900c47f1abc1a7e5a5cc1ded e605657acc3642f38b5c5ddb7decb851 - - - -] 199.19.213.79 "PUT /v2.0/ports/8d3faaba-ecbd-4c43-8e41-5e5ab1e5d866 HTTP/1.1" status: 200 len: 1438 time: 0.2848375 /var/lib/openstack/lib/python3.10/site-packages/pycadf/identifier.py:71: UserWarning: Invalid uuid: neutron. To ensure interoperability, identifiers should be a valid uuid. warnings.warn(('Invalid uuid: %s. To ensure interoperability, '
2026-02-27 15:58:40.361 9 INFO neutron.wsgi [None req-7424e3d0-410f-4372-af33-105652b33b1a 66ca095a900c47f1abc1a7e5a5cc1ded e605657acc3642f38b5c5ddb7decb851 - - default default] 199.19.213.79 "GET /v2.0/extensions/security-group HTTP/1.1" status: 200 len: 369 time: 0.0040865
2026-02-27 15:58:40.369 9 INFO neutron.wsgi [None req-3a80d58d-73e0-4f06-897b-75e2d0f21228 66ca095a900c47f1abc1a7e5a5cc1ded e605657acc3642f38b5c5ddb7decb851 - - default default] 199.19.213.79 "GET /v2.0/extensions/dns-integration HTTP/1.1" status: 200 len: 371 time: 0.0028551
2026-02-27 15:58:40.376 9 INFO neutron.wsgi [None req-847df3a6-3df1-463e-ad10-099bc6d7d500 66ca095a900c47f1abc1a7e5a5cc1ded e605657acc3642f38b5c5ddb7decb851 - - default default] 199.19.213.79 "GET /v2.0/extensions/qos HTTP/1.1" status: 200 len: 365 time: 0.0026729
2026-02-27 15:58:40.385 9 INFO neutron.wsgi [None req-811e1611-1bdc-40e3-9d37-5af363a577fb 66ca095a900c47f1abc1a7e5a5cc1ded e605657acc3642f38b5c5ddb7decb851 - - default default] 199.19.213.79 "GET /v2.0/extensions/allowed-address-pairs HTTP/1.1" status: 200 len: 383 time: 0.0039599
2026-02-27 15:58:40.425 9 INFO neutron.wsgi [None req-75022769-1c53-471b-ad1b-06c1882260ba 66ca095a900c47f1abc1a7e5a5cc1ded e605657acc3642f38b5c5ddb7decb851 - - default default] 199.19.213.79 "GET /v2.0/subnets/e82484b3-5e18-466c-a845-45d2a557fb36 HTTP/1.1" status: 200 len: 851 time: 0.0354278
2026-02-27 15:58:40.474 9 INFO neutron.wsgi [None req-699d23ef-d7d1-456d-b0c4-ecae6204776c 66ca095a900c47f1abc1a7e5a5cc1ded e605657acc3642f38b5c5ddb7decb851 - - default default] 199.19.213.79 "GET /v2.0/ports/97ab912e-eb4e-4c36-a125-17baabf62f9a HTTP/1.1" status: 200 len: 1328 time: 0.0419433
2026-02-27 15:58:40.513 9 INFO neutron.wsgi [None req-b8f3bfef-e36a-453c-a4e9-70af6d289e0f 66ca095a900c47f1abc1a7e5a5cc1ded e605657acc3642f38b5c5ddb7decb851 - - default default] 199.19.213.79 "GET /v2.0/ports/8d3faaba-ecbd-4c43-8e41-5e5ab1e5d866 HTTP/1.1" status: 200 len: 1466 time: 0.0323737
2026-02-27 15:58:40.551 9 INFO neutron.wsgi [None req-70be2a9b-ee39-4209-a16f-ab39b4457ab8 66ca095a900c47f1abc1a7e5a5cc1ded e605657acc3642f38b5c5ddb7decb851 - - default default] 199.19.213.79 "GET /v2.0/subnets/e82484b3-5e18-466c-a845-45d2a557fb36 HTTP/1.1" status: 200 len: 851 time: 0.0292907
2026-02-27 15:58:40.613 9 INFO neutron.wsgi [None req-c6708a53-7ab4-463f-b9c2-1467f3327996 66ca095a900c47f1abc1a7e5a5cc1ded e605657acc3642f38b5c5ddb7decb851 - - default default] 199.19.213.79 "GET /v2.0/networks/e856f1ea-ba81-4e2c-af1a-6f39c96a618e HTTP/1.1" status: 200 len: 1002 time: 0.0556469
2026-02-27 15:58:40.646 9 INFO neutron.wsgi [None req-a90b3f56-1a17-4fb7-80b1-76409388eead 66ca095a900c47f1abc1a7e5a5cc1ded e605657acc3642f38b5c5ddb7decb851 - - default default] 199.19.213.79 "GET /v2.0/ports/97ab912e-eb4e-4c36-a125-17baabf62f9a HTTP/1.1" status: 200 len: 1328 time: 0.0284059
2026-02-27 15:58:40.677 9 INFO neutron.wsgi [None req-be487a63-a20b-4715-844f-49d64ed92928 66ca095a900c47f1abc1a7e5a5cc1ded e605657acc3642f38b5c5ddb7decb851 - - default default] 199.19.213.79 "GET /v2.0/subnets/e82484b3-5e18-466c-a845-45d2a557fb36 HTTP/1.1" status: 200 len: 851 time: 0.0269499
2026-02-27 15:58:41.545 9 INFO neutron.notifiers.nova [-] Nova event matching ['req-8bcf4a48-de6e-4981-8227-4964dbe7efad'] response: {'server_uuid': '5737a49f-2e19-4d99-b3bb-9cd3764e6f2e', 'name': 'network-vif-plugged', 'status': 'completed', 'tag': '8d3faaba-ecbd-4c43-8e41-5e5ab1e5d866', 'code': 200}
2026-02-27 15:58:41.546 9 INFO neutron.notifiers.nova [-] Nova event matching ['req-8bcf4a48-de6e-4981-8227-4964dbe7efad'] response: {'name': 'network-changed', 'server_uuid': '5737a49f-2e19-4d99-b3bb-9cd3764e6f2e', 'tag': '8d3faaba-ecbd-4c43-8e41-5e5ab1e5d866', 'status': 'completed', 'code': 200}
2026-02-27 15:58:41.546 9 INFO neutron.notifiers.nova [-] Nova event matching ['req-8bcf4a48-de6e-4981-8227-4964dbe7efad'] response: {'name': 'network-changed', 'server_uuid': '5737a49f-2e19-4d99-b3bb-9cd3764e6f2e', 'tag': '8d3faaba-ecbd-4c43-8e41-5e5ab1e5d866', 'status': 'completed', 'code': 200}
2026-02-27 15:58:41.611 10 INFO neutron.wsgi [req-7218959e-ca5f-44de-9631-500601aa5464 req-15dd0402-6a15-4e4c-9d99-3f860e609443 b1a33f93d147477c8063f1f237187cff ab3d8c3e43704514aed60ff5f51af34e - - cbde16b25b144b1db5f103cd0e1391b9 cbde16b25b144b1db5f103cd0e1391b9] 199.19.213.79 "GET /v2.0/ports?tenant_id=e605657acc3642f38b5c5ddb7decb851&device_id=5737a49f-2e19-4d99-b3bb-9cd3764e6f2e HTTP/1.1" status: 200 len: 2627 time: 0.0405359
2026-02-27 15:58:41.684 10 INFO neutron.wsgi [req-7218959e-ca5f-44de-9631-500601aa5464 req-266b531c-624c-4151-9b44-d66d6eebd957 b1a33f93d147477c8063f1f237187cff ab3d8c3e43704514aed60ff5f51af34e - - cbde16b25b144b1db5f103cd0e1391b9 cbde16b25b144b1db5f103cd0e1391b9] 199.19.213.79 "GET /v2.0/networks?id=e856f1ea-ba81-4e2c-af1a-6f39c96a618e HTTP/1.1" status: 200 len: 1005 time: 0.0665910
2026-02-27 15:58:41.729 10 INFO neutron.wsgi [req-7218959e-ca5f-44de-9631-500601aa5464 req-e5565b78-8ddb-4117-8cdf-998fd7c59ae7 b1a33f93d147477c8063f1f237187cff ab3d8c3e43704514aed60ff5f51af34e - - cbde16b25b144b1db5f103cd0e1391b9 cbde16b25b144b1db5f103cd0e1391b9] 199.19.213.79 "GET /v2.0/floatingips?fixed_ip_address=10.1.1.22&port_id=8d3faaba-ecbd-4c43-8e41-5e5ab1e5d866 HTTP/1.1" status: 200 len: 217 time: 0.0360129
2026-02-27 15:58:41.768 10 INFO neutron.wsgi [req-7218959e-ca5f-44de-9631-500601aa5464 req-32db8e82-cb8f-49de-adc8-c98824ab0e7d b1a33f93d147477c8063f1f237187cff ab3d8c3e43704514aed60ff5f51af34e - - cbde16b25b144b1db5f103cd0e1391b9 cbde16b25b144b1db5f103cd0e1391b9] 199.19.213.79 "GET /v2.0/subnets?id=e82484b3-5e18-466c-a845-45d2a557fb36 HTTP/1.1" status: 200 len: 854 time: 0.0287359
2026-02-27 15:58:41.798 10 INFO neutron.wsgi [req-7218959e-ca5f-44de-9631-500601aa5464 req-08f24e37-dc52-4d86-b7b6-dc259de46a9b b1a33f93d147477c8063f1f237187cff ab3d8c3e43704514aed60ff5f51af34e - - cbde16b25b144b1db5f103cd0e1391b9 cbde16b25b144b1db5f103cd0e1391b9] 199.19.213.79 "GET /v2.0/ports?network_id=e856f1ea-ba81-4e2c-af1a-6f39c96a618e&device_owner=network%3Adhcp HTTP/1.1" status: 200 len: 210 time: 0.0216513
2026-02-27 15:58:41.866 10 INFO neutron.wsgi [req-7218959e-ca5f-44de-9631-500601aa5464 req-d3c54e02-eb0a-45a9-bcfc-75118e968ca6 b1a33f93d147477c8063f1f237187cff ab3d8c3e43704514aed60ff5f51af34e - - cbde16b25b144b1db5f103cd0e1391b9 cbde16b25b144b1db5f103cd0e1391b9] 199.19.213.79 "GET /v2.0/networks/e856f1ea-ba81-4e2c-af1a-6f39c96a618e?fields=segments HTTP/1.1" status: 200 len: 212 time: 0.0618179
2026-02-27 15:58:41.928 10 INFO neutron.wsgi [req-7218959e-ca5f-44de-9631-500601aa5464 req-17162804-f095-415d-a2ec-4e4b88f755de b1a33f93d147477c8063f1f237187cff ab3d8c3e43704514aed60ff5f51af34e - - cbde16b25b144b1db5f103cd0e1391b9 cbde16b25b144b1db5f103cd0e1391b9] 199.19.213.79 "GET /v2.0/networks/e856f1ea-ba81-4e2c-af1a-6f39c96a618e?fields=provider%3Aphysical_network&fields=provider%3Anetwork_type HTTP/1.1" status: 200 len: 277 time: 0.0544658
2026-02-27 15:58:42.010 10 INFO neutron.wsgi [req-7218959e-ca5f-44de-9631-500601aa5464 req-b4670a4a-3967-46fa-b071-e852c9986497 b1a33f93d147477c8063f1f237187cff ab3d8c3e43704514aed60ff5f51af34e - - cbde16b25b144b1db5f103cd0e1391b9 cbde16b25b144b1db5f103cd0e1391b9] 199.19.213.79 "GET /v2.0/ports?tenant_id=e605657acc3642f38b5c5ddb7decb851&device_id=5737a49f-2e19-4d99-b3bb-9cd3764e6f2e HTTP/1.1" status: 200 len: 2627 time: 0.0371444
2026-02-27 15:58:42.073 10 INFO neutron.wsgi [req-7218959e-ca5f-44de-9631-500601aa5464 req-3facb149-4797-4242-98bd-6bdd3637367d b1a33f93d147477c8063f1f237187cff ab3d8c3e43704514aed60ff5f51af34e - - cbde16b25b144b1db5f103cd0e1391b9 cbde16b25b144b1db5f103cd0e1391b9] 199.19.213.79 "GET /v2.0/networks?id=e856f1ea-ba81-4e2c-af1a-6f39c96a618e HTTP/1.1" status: 200 len: 1005 time: 0.0566282
2026-02-27 15:58:42.101 10 INFO neutron.wsgi [req-7218959e-ca5f-44de-9631-500601aa5464 req-c2c64c49-9406-4e46-963a-b4d9ad45f14c b1a33f93d147477c8063f1f237187cff ab3d8c3e43704514aed60ff5f51af34e - - cbde16b25b144b1db5f103cd0e1391b9 cbde16b25b144b1db5f103cd0e1391b9] 199.19.213.79 "GET /v2.0/floatingips?fixed_ip_address=10.1.1.22&port_id=8d3faaba-ecbd-4c43-8e41-5e5ab1e5d866 HTTP/1.1" status: 200 len: 217 time: 0.0217173
2026-02-27 15:58:42.132 10 INFO neutron.wsgi [req-7218959e-ca5f-44de-9631-500601aa5464 req-120b1474-5af8-4af2-b2b6-de6721ae517b b1a33f93d147477c8063f1f237187cff ab3d8c3e43704514aed60ff5f51af34e - - cbde16b25b144b1db5f103cd0e1391b9 cbde16b25b144b1db5f103cd0e1391b9] 199.19.213.79 "GET /v2.0/subnets?id=e82484b3-5e18-466c-a845-45d2a557fb36 HTTP/1.1" status: 200 len: 854 time: 0.0253003
2026-02-27 15:58:42.162 10 INFO neutron.wsgi [req-7218959e-ca5f-44de-9631-500601aa5464 req-e68bdab8-8150-4d22-b324-5a443b04fe02 b1a33f93d147477c8063f1f237187cff ab3d8c3e43704514aed60ff5f51af34e - - cbde16b25b144b1db5f103cd0e1391b9 cbde16b25b144b1db5f103cd0e1391b9] 199.19.213.79 "GET /v2.0/ports?network_id=e856f1ea-ba81-4e2c-af1a-6f39c96a618e&device_owner=network%3Adhcp HTTP/1.1" status: 200 len: 210 time: 0.0234330
2026-02-27 15:58:42.215 10 INFO neutron.wsgi [req-7218959e-ca5f-44de-9631-500601aa5464 req-b38b1e26-ebc8-489b-afe5-e334897509f1 b1a33f93d147477c8063f1f237187cff ab3d8c3e43704514aed60ff5f51af34e - - cbde16b25b144b1db5f103cd0e1391b9 cbde16b25b144b1db5f103cd0e1391b9] 199.19.213.79 "GET /v2.0/networks/e856f1ea-ba81-4e2c-af1a-6f39c96a618e?fields=segments HTTP/1.1" status: 200 len: 212 time: 0.0462377
2026-02-27 15:58:42.278 10 INFO neutron.wsgi [req-7218959e-ca5f-44de-9631-500601aa5464 req-4fddc823-02ed-403d-a704-10494e62a0db b1a33f93d147477c8063f1f237187cff ab3d8c3e43704514aed60ff5f51af34e - - cbde16b25b144b1db5f103cd0e1391b9 cbde16b25b144b1db5f103cd0e1391b9] 199.19.213.79 "GET /v2.0/networks/e856f1ea-ba81-4e2c-af1a-6f39c96a618e?fields=provider%3Aphysical_network&fields=provider%3Anetwork_type HTTP/1.1" status: 200 len: 277 time: 0.0567265
2026-02-27 15:58:47.811 10 WARNING neutron.scheduler.dhcp_agent_scheduler [None req-a34668cb-942f-4c5a-b7a4-97736314a304 d1787a2e2de54f08bf3cf45d5c6af2e2 72830472573b41168c7952dd08333290 - - - -] No more DHCP agents
2026-02-27 15:58:47.814 10 WARNING neutron.api.rpc.agentnotifiers.dhcp_rpc_agent_api [None req-a34668cb-942f-4c5a-b7a4-97736314a304 d1787a2e2de54f08bf3cf45d5c6af2e2 72830472573b41168c7952dd08333290 - - - -] Unable to schedule network 42885bae-5639-40f3-878b-27648fce46ce: no agents available; will retry on subsequent port and subnet creation events.
2026-02-27 15:58:48.283 10 INFO neutron.db.l3_db [None req-a34668cb-942f-4c5a-b7a4-97736314a304 d1787a2e2de54f08bf3cf45d5c6af2e2 72830472573b41168c7952dd08333290 - - - -] Floating IP f69473b8-d5e6-4944-b57e-e9b8526ff949 associated. External IP: 10.96.250.213, port: 97ab912e-eb4e-4c36-a125-17baabf62f9a.
2026-02-27 15:58:49.008 10 INFO neutron.db.ovn_revision_numbers_db [None req-a34668cb-942f-4c5a-b7a4-97736314a304 d1787a2e2de54f08bf3cf45d5c6af2e2 72830472573b41168c7952dd08333290 - - - -] Successfully bumped revision number for resource f69473b8-d5e6-4944-b57e-e9b8526ff949 (type: floatingips) to 0
2026-02-27 15:58:49.106 10 INFO neutron.db.ovn_revision_numbers_db [None req-a34668cb-942f-4c5a-b7a4-97736314a304 d1787a2e2de54f08bf3cf45d5c6af2e2 72830472573b41168c7952dd08333290 - - - -] Successfully bumped revision number for resource f69473b8-d5e6-4944-b57e-e9b8526ff949 (type: floatingips) to 1
2026-02-27 15:58:49.151 10 INFO neutron.wsgi [None req-a34668cb-942f-4c5a-b7a4-97736314a304 d1787a2e2de54f08bf3cf45d5c6af2e2 72830472573b41168c7952dd08333290 - - - -] 10.0.0.104 "POST /v2.0/floatingips HTTP/1.1" status: 201 len: 1097 time: 1.6266379
2026-02-27 15:58:50.574 9 INFO neutron.wsgi [-] 10.0.0.100 "GET / HTTP/1.1" status: 200 len: 247 time: 0.0018296
2026-02-27 15:58:50.574 10 INFO neutron.wsgi [-] 10.0.0.100 "GET / HTTP/1.1" status: 200 len: 247 time: 0.0023191
2026-02-27 15:58:52.048 10 INFO neutron.plugins.ml2.drivers.ovn.mech_driver.mech_driver [None req-76928be3-c245-4694-afcb-9cabb589e602 - - - - - -] OVN reports status up for port: 97ab912e-eb4e-4c36-a125-17baabf62f9a
2026-02-27 15:58:52.058 10 INFO neutron.plugins.ml2.plugin [None req-76928be3-c245-4694-afcb-9cabb589e602 - - - - - -] Attempt 1 to provision port 97ab912e-eb4e-4c36-a125-17baabf62f9a
2026-02-27 15:58:52.569 9 INFO neutron.wsgi [None req-40fe509c-00b3-48ca-ad3f-22b0332da230 66ca095a900c47f1abc1a7e5a5cc1ded e605657acc3642f38b5c5ddb7decb851 - - default default] 199.19.213.79 "GET /v2.0/extensions/security-group HTTP/1.1" status: 200 len: 369 time: 0.1054761
2026-02-27 15:58:52.580 9 INFO neutron.wsgi [None req-68bf8e57-9ce4-4c6d-ad29-0379045fe47f 66ca095a900c47f1abc1a7e5a5cc1ded e605657acc3642f38b5c5ddb7decb851 - - default default] 199.19.213.79 "GET /v2.0/extensions/dns-integration HTTP/1.1" status: 200 len: 371 time: 0.0043197
2026-02-27 15:58:52.589 9 INFO neutron.wsgi [None req-f95d0c5d-b0b8-40cb-a598-55143cbdf94f 66ca095a900c47f1abc1a7e5a5cc1ded e605657acc3642f38b5c5ddb7decb851 - - default default] 199.19.213.79 "GET /v2.0/extensions/qos HTTP/1.1" status: 200 len: 365 time: 0.0048976
2026-02-27 15:58:52.600 9 INFO neutron.wsgi [None req-ab05fe29-8d9d-4e72-993c-ff332a0b665a 66ca095a900c47f1abc1a7e5a5cc1ded e605657acc3642f38b5c5ddb7decb851 - - default default] 199.19.213.79 "GET /v2.0/extensions/allowed-address-pairs HTTP/1.1" status: 200 len: 383 time: 0.0057275
2026-02-27 15:58:52.740 9 INFO neutron.wsgi [None req-a327377d-ab6e-4b48-b372-9fc5a43d8120 66ca095a900c47f1abc1a7e5a5cc1ded e605657acc3642f38b5c5ddb7decb851 - - default default] 199.19.213.79 "GET /v2.0/security-groups?name=lb-cf60966a-e42c-4733-829d-ecf1405d8a6c HTTP/1.1" status: 200 len: 1777 time: 0.0343571
2026-02-27 15:58:52.800 9 INFO neutron.wsgi [None req-b6c30d86-a7e4-4b2a-80d6-cedb322b151e 66ca095a900c47f1abc1a7e5a5cc1ded e605657acc3642f38b5c5ddb7decb851 - - default default] 199.19.213.79 "GET /v2.0/security-group-rules?security_group_id=ebe0b263-5350-44e6-9c0d-db35f1dbe6cc HTTP/1.1" status: 200 len: 1318 time: 0.0524690
2026-02-27 15:58:52.938 9 INFO neutron.db.ovn_revision_numbers_db [None req-5d825f48-5e96-48c2-8c89-05d718975e79 66ca095a900c47f1abc1a7e5a5cc1ded e605657acc3642f38b5c5ddb7decb851 - - - -] Successfully bumped revision number for resource 84f769fb-33bb-42da-b417-5332fa343f27 (type: security_group_rules) to 0
2026-02-27 15:58:52.975 9 INFO neutron.wsgi [None req-5d825f48-5e96-48c2-8c89-05d718975e79 66ca095a900c47f1abc1a7e5a5cc1ded e605657acc3642f38b5c5ddb7decb851 - - - -] 199.19.213.79 "POST /v2.0/security-group-rules HTTP/1.1" status: 201 len: 769 time: 0.1658418 /var/lib/openstack/lib/python3.10/site-packages/pycadf/identifier.py:71: UserWarning: Invalid uuid: neutron. To ensure interoperability, identifiers should be a valid uuid. warnings.warn(('Invalid uuid: %s. To ensure interoperability, '
2026-02-27 15:58:53.184 9 INFO neutron.db.ovn_revision_numbers_db [None req-b6c0e371-e0ca-4a7a-8dff-45d9d2bc8a3e 66ca095a900c47f1abc1a7e5a5cc1ded e605657acc3642f38b5c5ddb7decb851 - - - -] Successfully bumped revision number for resource 7dcd8953-087e-456a-b34c-595f615b8de0 (type: security_group_rules) to 0
2026-02-27 15:58:53.211 10 INFO neutron.wsgi [None req-8eb2fb24-e0d5-485e-95e4-df4180140375 66ca095a900c47f1abc1a7e5a5cc1ded e605657acc3642f38b5c5ddb7decb851 - - default default] 10.0.0.221 "GET /v2.0/security-groups HTTP/1.1" status: 200 len: 30231 time: 0.2239163
2026-02-27 15:58:53.220 9 INFO neutron.wsgi [None req-b6c0e371-e0ca-4a7a-8dff-45d9d2bc8a3e 66ca095a900c47f1abc1a7e5a5cc1ded e605657acc3642f38b5c5ddb7decb851 - - - -] 199.19.213.79 "POST /v2.0/security-group-rules HTTP/1.1" status: 201 len: 773 time: 0.2394612
2026-02-27 15:58:53.266 10 INFO neutron.wsgi [None req-9ea5b96a-7c37-4bdd-a831-2bc562a7cece 66ca095a900c47f1abc1a7e5a5cc1ded e605657acc3642f38b5c5ddb7decb851 - - default default] 10.0.0.221 "GET /v2.0/subnets HTTP/1.1" status: 200 len: 5493 time: 0.0411789
2026-02-27 15:58:53.321 10 INFO neutron.wsgi [None req-067ef296-736f-429d-8634-23e85793c78e 66ca095a900c47f1abc1a7e5a5cc1ded e605657acc3642f38b5c5ddb7decb851 - - default default] 10.0.0.221 "GET /v2.0/ports HTTP/1.1" status: 200 len: 21873 time: 0.0536704
2026-02-27 15:58:53.397 10 INFO neutron.wsgi [None req-ba197305-4ddb-4989-bdfb-575080071187 66ca095a900c47f1abc1a7e5a5cc1ded e605657acc3642f38b5c5ddb7decb851 - - default default] 10.0.0.221 "GET /v2.0/floatingips HTTP/1.1" status: 200 len: 2763 time: 0.0582786
2026-02-27 15:58:53.510 10 INFO neutron.wsgi [None req-3b7d8d80-77a5-486b-941b-53332241978b 66ca095a900c47f1abc1a7e5a5cc1ded e605657acc3642f38b5c5ddb7decb851 - - default default] 10.0.0.221 "GET /v2.0/routers HTTP/1.1" status: 200 len: 850 time: 0.1109686
2026-02-27 15:58:53.523 10 INFO neutron.wsgi [None req-93a36588-d7a5-4f89-9410-50e72cddb3f9 66ca095a900c47f1abc1a7e5a5cc1ded e605657acc3642f38b5c5ddb7decb851 - - default default] 10.0.0.221 "GET /v2.0/agents?binary=ovn-controller HTTP/1.1" status: 200 len: 591 time: 0.0122530
2026-02-27 15:58:53.604 9 INFO neutron.wsgi [req-e3aba4d5-3b89-4f2f-890e-3f7eb140fcf1 req-e299ef41-85a8-42cd-9db8-b36fca402ea9 66ca095a900c47f1abc1a7e5a5cc1ded e605657acc3642f38b5c5ddb7decb851 - - default default] 10.0.0.99 "GET /v2.0/ports?device_id=5737a49f-2e19-4d99-b3bb-9cd3764e6f2e&device_id=eba0682c-79aa-44ec-86bb-f925a6bd2ecb&device_id=21dac582-f751-4c53-abb8-37f29ee916d2 HTTP/1.1" status: 200 len: 5381 time: 0.1028495
2026-02-27 15:58:53.620 10 INFO neutron.wsgi [None req-a1163179-1e3c-49b7-8332-b8636c53a9be 66ca095a900c47f1abc1a7e5a5cc1ded e605657acc3642f38b5c5ddb7decb851 - - default default] 10.0.0.221 "GET /v2.0/networks HTTP/1.1" status: 200 len: 4719 time: 0.0940104
2026-02-27 15:58:53.635 10 INFO neutron.wsgi [None req-0512a64f-7b1c-469d-a076-f86a673357ae 66ca095a900c47f1abc1a7e5a5cc1ded e605657acc3642f38b5c5ddb7decb851 - - default default] 10.0.0.221 "GET /v2.0/agents HTTP/1.1" status: 200 len: 997 time: 0.0120614
2026-02-27 15:58:53.661 9 INFO neutron.wsgi [req-e3aba4d5-3b89-4f2f-890e-3f7eb140fcf1 req-031d75fe-3b59-42da-8cda-c1ab0237a54b 66ca095a900c47f1abc1a7e5a5cc1ded e605657acc3642f38b5c5ddb7decb851 - - default default] 10.0.0.99 "GET /v2.0/security-groups?id=2d3959d8-b155-4bef-b56b-96857d03fac5&id=ebe0b263-5350-44e6-9c0d-db35f1dbe6cc&id=a85e5a00-2e00-4e14-a3d8-988f3eb83448&fields=id&fields=name HTTP/1.1" status: 200 len: 485 time: 0.0502503
2026-02-27 15:58:53.690 10 INFO neutron.wsgi [None req-baed3471-619b-47e1-b3d6-782a4feb6ae8 66ca095a900c47f1abc1a7e5a5cc1ded e605657acc3642f38b5c5ddb7decb851 - - default default] 10.0.0.221 "GET /v2.0/subnets HTTP/1.1" status: 200 len: 5493 time: 0.0531797
2026-02-27 15:58:53.704 10 INFO neutron.wsgi [None req-9648786d-3f7f-4ec7-8cd4-6b7d4cc74353 66ca095a900c47f1abc1a7e5a5cc1ded e605657acc3642f38b5c5ddb7decb851 - - default default] 10.0.0.221 "GET /v2.0/subnetpools HTTP/1.1" status: 200 len: 193 time: 0.0127270
2026-02-27 15:58:53.717 10 INFO neutron.wsgi [None req-4a2eb06c-acc8-4bb2-8c1f-542a02618042 66ca095a900c47f1abc1a7e5a5cc1ded e605657acc3642f38b5c5ddb7decb851 - - default default] 10.0.0.221 "GET /v2.0/network-ip-availabilities HTTP/1.1" status: 200 len: 3360 time: 0.0119824
2026-02-27 15:59:00.452 10 INFO neutron.wsgi [None req-bcf1d833-03e3-4529-8e4f-15ca3a3d4453 66ca095a900c47f1abc1a7e5a5cc1ded e605657acc3642f38b5c5ddb7decb851 - - default default] 10.0.0.27 "GET /v2.0/extensions/security-group HTTP/1.1" status: 200 len: 369 time: 0.0531251
2026-02-27 15:59:00.461 10 INFO neutron.wsgi [None req-1d80af89-6853-4ad7-8bb1-247d25ae37b7 66ca095a900c47f1abc1a7e5a5cc1ded e605657acc3642f38b5c5ddb7decb851 - - default default] 10.0.0.27 "GET /v2.0/extensions/dns-integration HTTP/1.1" status: 200 len: 371 time: 0.0028968
2026-02-27 15:59:00.469 10 INFO neutron.wsgi [None req-b41c4776-ed64-4418-a097-bf374e788f64 66ca095a900c47f1abc1a7e5a5cc1ded e605657acc3642f38b5c5ddb7decb851 - - default default] 10.0.0.27 "GET /v2.0/extensions/qos HTTP/1.1" status: 200 len: 365 time: 0.0037756
2026-02-27 15:59:00.478 10 INFO neutron.wsgi [None req-11fd19ce-d44b-4da7-b6de-41eeb8f78050 66ca095a900c47f1abc1a7e5a5cc1ded e605657acc3642f38b5c5ddb7decb851 - - default default] 10.0.0.27 "GET /v2.0/extensions/allowed-address-pairs HTTP/1.1" status: 200 len: 383 time: 0.0042481
2026-02-27 15:59:01.023 10 INFO neutron.wsgi [-] 10.0.0.27 "GET / HTTP/1.1" status: 200 len: 284 time: 0.0027368
2026-02-27 15:59:01.059 10 INFO neutron.wsgi [None req-71291717-6e86-444a-bd4c-46b6bd17de58 d1787a2e2de54f08bf3cf45d5c6af2e2 72830472573b41168c7952dd08333290 - - default default] 10.0.0.27 "GET /v2.0/subnets/1f1887f1-8ab6-402d-8a9b-8129a430f6cf HTTP/1.1" status: 200 len: 829 time: 0.0323353
2026-02-27 15:59:01.500 9 INFO neutron.wsgi [None req-cbd6d27d-8c74-4eb0-bdf3-c724abc878be 66ca095a900c47f1abc1a7e5a5cc1ded e605657acc3642f38b5c5ddb7decb851 - - default default] 199.19.213.79 "GET /v2.0/extensions/security-group HTTP/1.1" status: 200 len: 369 time: 0.0074861
2026-02-27 15:59:01.508 9 INFO neutron.wsgi [None req-ede596bc-c406-4045-aa1c-121a2d79940d 66ca095a900c47f1abc1a7e5a5cc1ded e605657acc3642f38b5c5ddb7decb851 - - default default] 199.19.213.79 "GET /v2.0/extensions/dns-integration HTTP/1.1" status: 200 len: 371 time: 0.0040703
2026-02-27 15:59:01.522 9 INFO neutron.wsgi [None req-28267056-6ccf-4fc7-bc19-a1bab3938086 66ca095a900c47f1abc1a7e5a5cc1ded e605657acc3642f38b5c5ddb7decb851 - - default default] 199.19.213.79 "GET /v2.0/extensions/qos HTTP/1.1" status: 200 len: 365 time: 0.0081863
2026-02-27 15:59:01.534 9 INFO neutron.wsgi [None req-be116556-3922-41de-b61a-8c9a1e2eaa72 66ca095a900c47f1abc1a7e5a5cc1ded e605657acc3642f38b5c5ddb7decb851 - - default default] 199.19.213.79 "GET /v2.0/extensions/allowed-address-pairs HTTP/1.1" status: 200 len: 383 time: 0.0051367
2026-02-27 15:59:01.575 9 INFO neutron.wsgi [None req-79b146c0-9c6f-40ed-a92c-50ec4f010260 66ca095a900c47f1abc1a7e5a5cc1ded e605657acc3642f38b5c5ddb7decb851 - - default default] 199.19.213.79 "GET /v2.0/subnets/1f1887f1-8ab6-402d-8a9b-8129a430f6cf HTTP/1.1" status: 200 len: 847 time: 0.0343888
2026-02-27 15:59:01.622 9 INFO neutron.wsgi [None req-c358194d-aed8-4c34-93c4-00649294ecc4 66ca095a900c47f1abc1a7e5a5cc1ded e605657acc3642f38b5c5ddb7decb851 - - default default] 199.19.213.79 "GET /v2.0/ports?device_id=5737a49f-2e19-4d99-b3bb-9cd3764e6f2e HTTP/1.1" status: 200 len: 2627 time: 0.0388694
2026-02-27 15:59:01.755 9 INFO neutron.wsgi [None req-280b3eb0-8bb3-4714-b80b-99d54b2e78aa 66ca095a900c47f1abc1a7e5a5cc1ded e605657acc3642f38b5c5ddb7decb851 - - default default] 199.19.213.79 "GET /v2.0/extensions/security-group HTTP/1.1" status: 200 len: 369 time: 0.0074170
2026-02-27 15:59:01.764 9 INFO neutron.wsgi [None req-ac6f58b4-e1cc-4cff-bf26-c13ef1994f30 66ca095a900c47f1abc1a7e5a5cc1ded e605657acc3642f38b5c5ddb7decb851 - - default default] 199.19.213.79 "GET /v2.0/extensions/dns-integration HTTP/1.1" status: 200 len: 371 time: 0.0044868
2026-02-27 15:59:01.771 9 INFO neutron.wsgi [None req-7cc660ef-b4ef-4f2d-a941-6ba494a26bce 66ca095a900c47f1abc1a7e5a5cc1ded e605657acc3642f38b5c5ddb7decb851 - - default default] 199.19.213.79 "GET /v2.0/extensions/qos HTTP/1.1" status: 200 len: 365 time: 0.0037577
2026-02-27 15:59:01.779 9 INFO neutron.wsgi [None req-cb149bbd-09dc-4f2e-9329-15985a8e485c 66ca095a900c47f1abc1a7e5a5cc1ded e605657acc3642f38b5c5ddb7decb851 - - default default] 199.19.213.79 "GET /v2.0/extensions/allowed-address-pairs HTTP/1.1" status: 200 len: 383 time: 0.0042424
2026-02-27 15:59:02.368 10 INFO neutron.wsgi [req-96210c87-3a6f-4788-b809-c00f379c14a9 req-70c2b09c-98f0-4785-afd9-4d85af649c1c b1a33f93d147477c8063f1f237187cff ab3d8c3e43704514aed60ff5f51af34e - - cbde16b25b144b1db5f103cd0e1391b9 cbde16b25b144b1db5f103cd0e1391b9] 199.19.213.79 "GET /v2.0/networks/3ae255fe-d4ef-46c2-91d4-799bb3734ac0?fields=segments HTTP/1.1" status: 200 len: 212 time: 0.1562705
2026-02-27 15:59:02.434 10 INFO neutron.wsgi [req-96210c87-3a6f-4788-b809-c00f379c14a9 req-2c5edcf1-3a73-41e3-a51a-59628cd2c9c5 b1a33f93d147477c8063f1f237187cff ab3d8c3e43704514aed60ff5f51af34e - - cbde16b25b144b1db5f103cd0e1391b9 cbde16b25b144b1db5f103cd0e1391b9] 199.19.213.79 "GET /v2.0/networks/3ae255fe-d4ef-46c2-91d4-799bb3734ac0?fields=provider%3Aphysical_network&fields=provider%3Anetwork_type HTTP/1.1" status: 200 len: 277 time: 0.0582232
2026-02-27 15:59:02.509 10 INFO neutron.wsgi [req-96210c87-3a6f-4788-b809-c00f379c14a9 req-319f37cf-4b0c-4feb-96bf-1c868180fe78 66ca095a900c47f1abc1a7e5a5cc1ded e605657acc3642f38b5c5ddb7decb851 - - default default] 199.19.213.79 "GET /v2.0/networks?id=3ae255fe-d4ef-46c2-91d4-799bb3734ac0 HTTP/1.1" status: 200 len: 1002 time: 0.0600226
2026-02-27 15:59:02.765 10 WARNING neutron.scheduler.dhcp_agent_scheduler [None req-ada6e867-56f6-4f60-8454-050785614aa7 66ca095a900c47f1abc1a7e5a5cc1ded e605657acc3642f38b5c5ddb7decb851 - - - -] No more DHCP agents
2026-02-27 15:59:02.767 10 WARNING neutron.api.rpc.agentnotifiers.dhcp_rpc_agent_api [None req-ada6e867-56f6-4f60-8454-050785614aa7 66ca095a900c47f1abc1a7e5a5cc1ded e605657acc3642f38b5c5ddb7decb851 - - - -] Unable to schedule network 3ae255fe-d4ef-46c2-91d4-799bb3734ac0: no agents available; will retry on subsequent port and subnet creation events.
2026-02-27 15:59:02.905 10 INFO neutron.db.ovn_revision_numbers_db [None req-ada6e867-56f6-4f60-8454-050785614aa7 66ca095a900c47f1abc1a7e5a5cc1ded e605657acc3642f38b5c5ddb7decb851 - - - -] Successfully bumped revision number for resource cc702992-7f39-4cf4-8d60-0d5b7fba5270 (type: ports) to 1
2026-02-27 15:59:02.930 10 INFO neutron.wsgi [None req-ada6e867-56f6-4f60-8454-050785614aa7 66ca095a900c47f1abc1a7e5a5cc1ded e605657acc3642f38b5c5ddb7decb851 - - - -] 199.19.213.79 "POST /v2.0/ports HTTP/1.1" status: 201 len: 1508 time: 0.4151218 /var/lib/openstack/lib/python3.10/site-packages/pycadf/identifier.py:71: UserWarning: Invalid uuid: neutron. To ensure interoperability, identifiers should be a valid uuid. warnings.warn(('Invalid uuid: %s. To ensure interoperability, '
2026-02-27 15:59:03.330 10 INFO neutron.db.ovn_revision_numbers_db [None req-3ec155d8-2a41-46a4-84d3-14edcf1fad13 b1a33f93d147477c8063f1f237187cff ab3d8c3e43704514aed60ff5f51af34e - - - -] Successfully bumped revision number for resource cc702992-7f39-4cf4-8d60-0d5b7fba5270 (type: ports) to 2
2026-02-27 15:59:03.514 10 INFO neutron.db.ovn_revision_numbers_db [None req-3ec155d8-2a41-46a4-84d3-14edcf1fad13 b1a33f93d147477c8063f1f237187cff ab3d8c3e43704514aed60ff5f51af34e - - - -] Successfully bumped revision number for resource cc702992-7f39-4cf4-8d60-0d5b7fba5270 (type: ports) to 2
2026-02-27 15:59:03.529 10 INFO neutron.wsgi [None req-3ec155d8-2a41-46a4-84d3-14edcf1fad13 b1a33f93d147477c8063f1f237187cff ab3d8c3e43704514aed60ff5f51af34e - - - -] 199.19.213.79 "PUT /v2.0/ports/cc702992-7f39-4cf4-8d60-0d5b7fba5270 HTTP/1.1" status: 200 len: 1557 time: 0.5933867 /var/lib/openstack/lib/python3.10/site-packages/pycadf/identifier.py:71: UserWarning: Invalid uuid: neutron. To ensure interoperability, identifiers should be a valid uuid. warnings.warn(('Invalid uuid: %s. To ensure interoperability, '
2026-02-27 15:59:03.611 10 INFO neutron.notifiers.nova [-] Nova event matching ['req-c3085b9f-0f33-4dd2-9a2c-5f18420a02e7'] response: {'name': 'network-changed', 'server_uuid': '5737a49f-2e19-4d99-b3bb-9cd3764e6f2e', 'tag': 'cc702992-7f39-4cf4-8d60-0d5b7fba5270', 'status': 'completed', 'code': 200}
2026-02-27 15:59:03.620 10 INFO neutron.wsgi [req-96210c87-3a6f-4788-b809-c00f379c14a9 req-dfea0906-a340-4ccd-96e0-a56549404c83 b1a33f93d147477c8063f1f237187cff ab3d8c3e43704514aed60ff5f51af34e - - cbde16b25b144b1db5f103cd0e1391b9 cbde16b25b144b1db5f103cd0e1391b9] 199.19.213.79 "GET /v2.0/ports?tenant_id=e605657acc3642f38b5c5ddb7decb851&device_id=5737a49f-2e19-4d99-b3bb-9cd3764e6f2e HTTP/1.1" status: 200 len: 4004 time: 0.0414245
2026-02-27 15:59:03.661 10 INFO neutron.wsgi [req-96210c87-3a6f-4788-b809-c00f379c14a9 req-b78c2715-b3fe-4939-a02b-e2d0084ee4b7 b1a33f93d147477c8063f1f237187cff ab3d8c3e43704514aed60ff5f51af34e - - cbde16b25b144b1db5f103cd0e1391b9 cbde16b25b144b1db5f103cd0e1391b9] 199.19.213.79 "GET /v2.0/floatingips?fixed_ip_address=172.24.2.202&port_id=b09fa809-e3ee-4178-be45-acd33f79d5db HTTP/1.1" status: 200 len: 217 time: 0.0344129
