2026-02-27 15:53:52.733 9 INFO neutron.wsgi [None req-8c38428a-da5c-4e8e-bfae-19b18c853604 66ca095a900c47f1abc1a7e5a5cc1ded e605657acc3642f38b5c5ddb7decb851 - - - -] 10.0.0.104 "PUT /v2.0/routers/8422a6b8-0bf5-41c0-a4ae-bc7696041c82/add_router_interface HTTP/1.1" status: 200 len: 503 time: 4.0168691
2026-02-27 15:53:52.749 10 INFO neutron.db.ovn_revision_numbers_db [None req-77c63fd5-f77f-4c58-b36c-80d060d094b0 - - - - - -] Successfully bumped revision number for resource 22f6cd13-05f7-44a6-bd07-bc6bab90cfd6 (type: ports) to 4
2026-02-27 15:53:52.769 9 INFO neutron.wsgi [None req-f3a16f9c-c3a5-4f22-80a7-2e3320e6303e f89e8c9c7fba4294b7e8c1249cced954 5d381b31b37b4b4080e3499a6d70626c - - - -] 10.0.0.104 "POST /v2.0/security-group-rules HTTP/1.1" status: 201 len: 764 time: 0.3788595
2026-02-27 15:53:53.018 10 INFO neutron.db.ovn_revision_numbers_db [None req-30957a57-2802-4238-a60b-48bb4b5f245c f89e8c9c7fba4294b7e8c1249cced954 5d381b31b37b4b4080e3499a6d70626c - - - -] Successfully bumped revision number for resource 4dcc0a90-673e-40fd-9c03-f95573db9a46 (type: security_group_rules) to 0
2026-02-27 15:53:53.079 10 INFO neutron.wsgi [None req-30957a57-2802-4238-a60b-48bb4b5f245c f89e8c9c7fba4294b7e8c1249cced954 5d381b31b37b4b4080e3499a6d70626c - - - -] 10.0.0.104 "POST /v2.0/security-group-rules HTTP/1.1" status: 201 len: 769 time: 0.2958765
2026-02-27 15:53:53.098 10 INFO neutron.db.ovn_revision_numbers_db [None req-77c63fd5-f77f-4c58-b36c-80d060d094b0 - - - - - -] Successfully bumped revision number for resource 22f6cd13-05f7-44a6-bd07-bc6bab90cfd6 (type: router_ports) to 4
2026-02-27 15:53:53.125 10 INFO neutron.plugins.ml2.drivers.ovn.mech_driver.ovsdb.ovsdb_monitor [None req-77c63fd5-f77f-4c58-b36c-80d060d094b0 - - - - - -] Router 65675d64-e3a9-49ed-a120-a00d7823d731 is bound to host instance
2026-02-27 15:53:53.202 10 INFO neutron.wsgi [None req-e6eaa27b-87db-4cda-acc0-ba48985a38bb 66ca095a900c47f1abc1a7e5a5cc1ded e605657acc3642f38b5c5ddb7decb851 - - default default] 10.0.0.221 "GET /v2.0/ports HTTP/1.1" status: 200 len: 16829 time: 0.2096953
2026-02-27 15:53:53.240 9 INFO neutron.db.ovn_revision_numbers_db [None req-940c2f5c-984b-497d-9d15-1008f94ac0e1 66ca095a900c47f1abc1a7e5a5cc1ded e605657acc3642f38b5c5ddb7decb851 - - - -] Successfully bumped revision number for resource 26767b8f-153b-4ebf-8c72-d2e78f28ac15 (type: router_ports) to 2
2026-02-27 15:53:53.242 9 INFO neutron.wsgi [None req-940c2f5c-984b-497d-9d15-1008f94ac0e1 66ca095a900c47f1abc1a7e5a5cc1ded e605657acc3642f38b5c5ddb7decb851 - - - -] 10.0.0.104 "PUT /v2.0/routers/12389d9d-60dc-4536-a3ff-8b102a94648c/add_router_interface HTTP/1.1" status: 200 len: 503 time: 3.4837873
2026-02-27 15:53:53.277 10 INFO neutron.wsgi [None req-4da59709-22ec-45ef-97ec-ff74244d85c9 66ca095a900c47f1abc1a7e5a5cc1ded e605657acc3642f38b5c5ddb7decb851 - - default default] 10.0.0.221 "GET /v2.0/subnets HTTP/1.1" status: 200 len: 4068 time: 0.0561814
2026-02-27 15:53:53.308 10 INFO neutron.wsgi [None req-4fab6aa4-00df-4ba4-a8f8-5d425219d1c6 66ca095a900c47f1abc1a7e5a5cc1ded e605657acc3642f38b5c5ddb7decb851 - - default default] 10.0.0.221 "GET /v2.0/network-ip-availabilities HTTP/1.1" status: 200 len: 3198 time: 0.0283117
2026-02-27 15:53:53.351 10 WARNING neutron.scheduler.dhcp_agent_scheduler [None req-48a33713-2f92-4b31-9690-528852ffb792 66ca095a900c47f1abc1a7e5a5cc1ded e605657acc3642f38b5c5ddb7decb851 - - default default] No more DHCP agents
2026-02-27 15:53:53.361 10 WARNING neutron.api.rpc.agentnotifiers.dhcp_rpc_agent_api [None req-48a33713-2f92-4b31-9690-528852ffb792 66ca095a900c47f1abc1a7e5a5cc1ded e605657acc3642f38b5c5ddb7decb851 - - default default] Unable to schedule network b96158d2-023c-4ad6-b684-44d73ba9dc3b: no agents available; will retry on subsequent port and subnet creation events.
2026-02-27 15:53:53.514 9 INFO neutron.plugins.ml2.drivers.ovn.mech_driver.mech_driver [None req-912c40c1-dc61-455c-a2fc-10423d8faf86 - - - - - -] OVN reports status up for port: f07bd291-7b66-42e3-bf4c-7371b537c9e3
2026-02-27 15:53:53.532 9 INFO neutron.plugins.ml2.plugin [None req-912c40c1-dc61-455c-a2fc-10423d8faf86 - - - - - -] Attempt 1 to provision port f07bd291-7b66-42e3-bf4c-7371b537c9e3
2026-02-27 15:53:53.546 9 WARNING neutron.scheduler.dhcp_agent_scheduler [None req-1114d830-ad4a-414a-847b-376ed400f1c9 f89e8c9c7fba4294b7e8c1249cced954 5d381b31b37b4b4080e3499a6d70626c - - - -] No more DHCP agents
2026-02-27 15:53:53.551 9 WARNING neutron.api.rpc.agentnotifiers.dhcp_rpc_agent_api [None req-1114d830-ad4a-414a-847b-376ed400f1c9 f89e8c9c7fba4294b7e8c1249cced954 5d381b31b37b4b4080e3499a6d70626c - - - -] Unable to schedule network 42885bae-5639-40f3-878b-27648fce46ce: no agents available; will retry on subsequent port and subnet creation events.
2026-02-27 15:53:53.622 10 INFO neutron.wsgi [None req-5e5695e1-ccfb-4e1d-8c59-fa99fab74298 66ca095a900c47f1abc1a7e5a5cc1ded e605657acc3642f38b5c5ddb7decb851 - - default default] 10.0.0.221 "GET /v2.0/routers HTTP/1.1" status: 200 len: 2888 time: 0.3114247
2026-02-27 15:53:53.647 10 INFO neutron.wsgi [None req-55a4ecc4-6d83-4345-9963-fac0022d821a 66ca095a900c47f1abc1a7e5a5cc1ded e605657acc3642f38b5c5ddb7decb851 - - default default] 10.0.0.221 "GET /v2.0/agents?binary=ovn-controller HTTP/1.1" status: 200 len: 591 time: 0.0202155
2026-02-27 15:53:53.683 10 INFO neutron.wsgi [None req-8d1994ef-9780-44d8-b745-18a4978c0c14 66ca095a900c47f1abc1a7e5a5cc1ded e605657acc3642f38b5c5ddb7decb851 - - default default] 10.0.0.221 "GET /v2.0/agents HTTP/1.1" status: 200 len: 997 time: 0.0212100
2026-02-27 15:53:53.760 10 INFO neutron.wsgi [None req-1ba5b27f-26ae-44e2-9fb4-2be0444ccd1f 66ca095a900c47f1abc1a7e5a5cc1ded e605657acc3642f38b5c5ddb7decb851 - - default default] 10.0.0.221 "GET /v2.0/subnets HTTP/1.1" status: 200 len: 4068 time: 0.0725565
2026-02-27 15:53:53.770 10 INFO neutron.db.ovn_revision_numbers_db [None req-48a33713-2f92-4b31-9690-528852ffb792 66ca095a900c47f1abc1a7e5a5cc1ded e605657acc3642f38b5c5ddb7decb851 - - default default] Successfully bumped revision number for resource dc6e0eb8-6971-4bd3-84d5-18b7cd95de96 (type: ports) to 1
2026-02-27 15:53:53.784 10 INFO neutron.wsgi [None req-21374811-46bd-4db4-a707-0128a35e881d 66ca095a900c47f1abc1a7e5a5cc1ded e605657acc3642f38b5c5ddb7decb851 - - default default] 10.0.0.221 "GET /v2.0/subnetpools HTTP/1.1" status: 200 len: 193 time: 0.0207000
2026-02-27 15:53:53.919 9 INFO neutron.db.ovn_revision_numbers_db [None req-f305cadc-5785-4aef-9dd7-e33ba39bab70 9a6be547d15348d583de3ec9c18dfe10 1bf338f7f5874106921ac5d0b6ff9f8c - - - -] Successfully bumped revision number for resource 6a12cc17-2372-4b86-9d3c-6c771377ad77 (type: security_groups) to 1
2026-02-27 15:53:53.928 10 INFO neutron.wsgi [None req-ab02e870-e4fb-498b-a81e-943dec227415 66ca095a900c47f1abc1a7e5a5cc1ded e605657acc3642f38b5c5ddb7decb851 - - default default] 10.0.0.221 "GET /v2.0/networks HTTP/1.1" status: 200 len: 5397 time: 0.1256654
2026-02-27 15:53:53.931 9 INFO neutron.db.ovn_revision_numbers_db [None req-912c40c1-dc61-455c-a2fc-10423d8faf86 - - - - - -] Successfully bumped revision number for resource f07bd291-7b66-42e3-bf4c-7371b537c9e3 (type: ports) to 3
2026-02-27 15:53:53.941 9 INFO neutron.db.ovn_revision_numbers_db [None req-1114d830-ad4a-414a-847b-376ed400f1c9 f89e8c9c7fba4294b7e8c1249cced954 5d381b31b37b4b4080e3499a6d70626c - - - -] Successfully bumped revision number for resource 216b94ed-db02-48f3-ac15-c8b6236b649c (type: floatingips) to 0
2026-02-27 15:53:53.947 9 INFO neutron.wsgi [None req-f305cadc-5785-4aef-9dd7-e33ba39bab70 9a6be547d15348d583de3ec9c18dfe10 1bf338f7f5874106921ac5d0b6ff9f8c - - - -] 10.0.0.99 "POST /v2.0/security-groups HTTP/1.1" status: 201 len: 1825 time: 0.2827473
2026-02-27 15:53:53.971 9 INFO neutron.wsgi [None req-1114d830-ad4a-414a-847b-376ed400f1c9 f89e8c9c7fba4294b7e8c1249cced954 5d381b31b37b4b4080e3499a6d70626c - - - -] 10.0.0.104 "POST /v2.0/floatingips HTTP/1.1" status: 201 len: 751 time: 0.8880010
2026-02-27 15:53:54.039 9 INFO neutron.db.ovn_revision_numbers_db [None req-912c40c1-dc61-455c-a2fc-10423d8faf86 - - - - - -] Successfully bumped revision number for resource f07bd291-7b66-42e3-bf4c-7371b537c9e3 (type: router_ports) to 3
2026-02-27 15:53:54.152 10 INFO neutron.db.ovn_revision_numbers_db [None req-502e6709-5105-4930-8ca2-8b9e30b151e4 238b5a944aa94144ad79c78641acfdbc f8bc41cfede846a98f5de1601d8c2262 - - - -] Successfully bumped revision number for resource 658390e9-be84-4790-b595-969439c4ae46 (type: security_groups) to 1
2026-02-27 15:53:54.168 10 INFO neutron.wsgi [None req-c3411135-8c98-4eca-b19b-056ff4fabac5 66ca095a900c47f1abc1a7e5a5cc1ded e605657acc3642f38b5c5ddb7decb851 - - default default] 10.0.0.221 "GET /v2.0/security-groups HTTP/1.1" status: 200 len: 32245 time: 0.2204444
2026-02-27 15:53:54.205 10 INFO neutron.wsgi [None req-502e6709-5105-4930-8ca2-8b9e30b151e4 238b5a944aa94144ad79c78641acfdbc f8bc41cfede846a98f5de1601d8c2262 - - - -] 10.0.0.104 "POST /v2.0/security-groups HTTP/1.1" status: 201 len: 1797 time: 0.3872495
2026-02-27 15:53:54.236 10 INFO neutron.wsgi [None req-aa0df209-0e50-464e-ba66-270e49abd392 66ca095a900c47f1abc1a7e5a5cc1ded e605657acc3642f38b5c5ddb7decb851 - - default default] 10.0.0.221 "GET /v2.0/floatingips HTTP/1.1" status: 200 len: 730 time: 0.0589979
2026-02-27 15:53:54.269 10 INFO neutron.db.ovn_revision_numbers_db [None req-77c63fd5-f77f-4c58-b36c-80d060d094b0 - - - - - -] Successfully bumped revision number for resource 50c8c5fa-c8bf-48ba-982b-2351c576e14e (type: ports) to 1
2026-02-27 15:53:54.316 9 INFO neutron.db.ovn_revision_numbers_db [None req-967c6b02-6f64-4065-9d31-e2722e70610b 238b5a944aa94144ad79c78641acfdbc f8bc41cfede846a98f5de1601d8c2262 - - - -] Successfully bumped revision number for resource 4dd94b0a-d652-4d7f-8c54-8430e27e001b (type: security_group_rules) to 0
2026-02-27 15:53:54.353 9 INFO neutron.wsgi [None req-967c6b02-6f64-4065-9d31-e2722e70610b 238b5a944aa94144ad79c78641acfdbc f8bc41cfede846a98f5de1601d8c2262 - - - -] 10.0.0.104 "POST /v2.0/security-group-rules HTTP/1.1" status: 201 len: 764 time: 0.1424327
2026-02-27 15:53:54.381 9 INFO neutron.wsgi [req-708c60db-82b0-4d47-b0c6-4a0d78d16c5d req-83da558f-16c5-4f7c-8c6e-c1b184e7d977 9a6be547d15348d583de3ec9c18dfe10 1bf338f7f5874106921ac5d0b6ff9f8c - - default default] 10.0.0.99 "GET /v2.0/security-groups/6a12cc17-2372-4b86-9d3c-6c771377ad77 HTTP/1.1" status: 200 len: 1820 time: 0.0971105
2026-02-27 15:53:54.390 9 INFO neutron.wsgi [req-2272a6a3-1778-4d05-8d79-4353f75ccfa3 req-82e108f0-1484-4c34-be69-dcb9d7650a75 f89e8c9c7fba4294b7e8c1249cced954 5d381b31b37b4b4080e3499a6d70626c - - default default] 10.0.0.99 "GET /v2.0/security-groups?name=tempest-securitygroup--1788039384&fields=id&tenant_id=5d381b31b37b4b4080e3499a6d70626c HTTP/1.1" status: 200 len: 267 time: 0.0472498
2026-02-27 15:53:54.510 9 INFO neutron.wsgi [req-2272a6a3-1778-4d05-8d79-4353f75ccfa3 req-70124cad-4da3-419a-b100-a0e6c342a06d f89e8c9c7fba4294b7e8c1249cced954 5d381b31b37b4b4080e3499a6d70626c - - default default] 10.0.0.99 "GET /v2.0/networks?id=afbda204-2e60-46fd-b059-9ad5c4d68df7 HTTP/1.1" status: 200 len: 868 time: 0.1103213
2026-02-27 15:53:54.544 9 INFO neutron.wsgi [req-2272a6a3-1778-4d05-8d79-4353f75ccfa3 req-4f2f9c4b-4da4-4521-a717-1087decf0b46 f89e8c9c7fba4294b7e8c1249cced954 5d381b31b37b4b4080e3499a6d70626c - - default default] 10.0.0.99 "GET /v2.0/quotas/5d381b31b37b4b4080e3499a6d70626c HTTP/1.1" status: 200 len: 386 time: 0.0189266
2026-02-27 15:53:54.623 9 INFO neutron.db.ovn_revision_numbers_db [None req-8c079466-c977-48bb-a5a6-8bd472eb3eb8 238b5a944aa94144ad79c78641acfdbc f8bc41cfede846a98f5de1601d8c2262 - - - -] Successfully bumped revision number for resource ce720f44-6b08-4dd9-9625-a1945ced8dd3 (type: security_group_rules) to 0
2026-02-27 15:53:54.654 9 INFO neutron.db.ovn_revision_numbers_db [None req-eae10553-7321-4f49-a8a3-aa8450d087fa 9a6be547d15348d583de3ec9c18dfe10 1bf338f7f5874106921ac5d0b6ff9f8c - - - -] Successfully bumped revision number for resource 51594ecf-27c3-4469-b8be-49785b241d57 (type: security_group_rules) to 0
2026-02-27 15:53:54.660 10 INFO neutron.db.ovn_revision_numbers_db [None req-48a33713-2f92-4b31-9690-528852ffb792 66ca095a900c47f1abc1a7e5a5cc1ded e605657acc3642f38b5c5ddb7decb851 - - default default] Successfully bumped revision number for resource dc6e0eb8-6971-4bd3-84d5-18b7cd95de96 (type: router_ports) to 2
2026-02-27 15:53:54.779 10 INFO neutron.db.ovn_revision_numbers_db [None req-77c63fd5-f77f-4c58-b36c-80d060d094b0 - - - - - -] Successfully bumped revision number for resource 50c8c5fa-c8bf-48ba-982b-2351c576e14e (type: router_ports) to 3
2026-02-27 15:53:54.794 10 INFO neutron.db.ovn_revision_numbers_db [None req-48a33713-2f92-4b31-9690-528852ffb792 66ca095a900c47f1abc1a7e5a5cc1ded e605657acc3642f38b5c5ddb7decb851 - - default default] Successfully bumped revision number for resource dc6e0eb8-6971-4bd3-84d5-18b7cd95de96 (type: ports) to 2
2026-02-27 15:53:54.818 9 INFO neutron.wsgi [None req-8c079466-c977-48bb-a5a6-8bd472eb3eb8 238b5a944aa94144ad79c78641acfdbc f8bc41cfede846a98f5de1601d8c2262 - - - -] 10.0.0.104 "POST /v2.0/security-group-rules HTTP/1.1" status: 201 len: 769 time: 0.4586167
2026-02-27 15:53:54.844 9 INFO neutron.wsgi [None req-eae10553-7321-4f49-a8a3-aa8450d087fa 9a6be547d15348d583de3ec9c18dfe10 1bf338f7f5874106921ac5d0b6ff9f8c - - - -] 10.0.0.99 "POST /v2.0/security-group-rules HTTP/1.1" status: 201 len: 786 time: 0.4564874
2026-02-27 15:53:54.847 9 INFO neutron.wsgi [req-2272a6a3-1778-4d05-8d79-4353f75ccfa3 req-ee0c4116-35f4-464a-9897-fe3bf597bfac f89e8c9c7fba4294b7e8c1249cced954 5d381b31b37b4b4080e3499a6d70626c - - default default] 10.0.0.99 "GET /v2.0/ports?tenant_id=5d381b31b37b4b4080e3499a6d70626c&fields=id HTTP/1.1" status: 200 len: 302 time: 0.2941167
2026-02-27 15:53:54.894 10 WARNING neutron.scheduler.dhcp_agent_scheduler [None req-48a33713-2f92-4b31-9690-528852ffb792 66ca095a900c47f1abc1a7e5a5cc1ded e605657acc3642f38b5c5ddb7decb851 - - default default] No more DHCP agents
2026-02-27 15:53:54.896 10 WARNING neutron.api.rpc.agentnotifiers.dhcp_rpc_agent_api [None req-48a33713-2f92-4b31-9690-528852ffb792 66ca095a900c47f1abc1a7e5a5cc1ded e605657acc3642f38b5c5ddb7decb851 - - default default] Unable to schedule network b96158d2-023c-4ad6-b684-44d73ba9dc3b: no agents available; will retry on subsequent port and subnet creation events.
2026-02-27 15:53:54.958 10 INFO neutron.db.ovn_revision_numbers_db [None req-77c63fd5-f77f-4c58-b36c-80d060d094b0 - - - - - -] Successfully bumped revision number for resource 50c8c5fa-c8bf-48ba-982b-2351c576e14e (type: ports) to 2
2026-02-27 15:53:55.009 9 INFO neutron.db.ovn_revision_numbers_db [None req-26e219bc-5db8-4f0d-8563-3fc0e66af088 9a6be547d15348d583de3ec9c18dfe10 1bf338f7f5874106921ac5d0b6ff9f8c - - - -] Successfully bumped revision number for resource 7cd6d953-6293-4bdc-ad6f-af78f91c5879 (type: security_groups) to 1
2026-02-27 15:53:55.041 9 INFO neutron.wsgi [None req-26e219bc-5db8-4f0d-8563-3fc0e66af088 9a6be547d15348d583de3ec9c18dfe10 1bf338f7f5874106921ac5d0b6ff9f8c - - - -] 10.0.0.99 "POST /v2.0/security-groups HTTP/1.1" status: 201 len: 1825 time: 0.1630805
2026-02-27 15:53:55.111 9 INFO neutron.wsgi [req-f4d2f98b-aa74-4071-af31-4ac9f63ef4f9 req-da700e44-e3d8-4262-96c2-f38d495a6d25 9a6be547d15348d583de3ec9c18dfe10 1bf338f7f5874106921ac5d0b6ff9f8c - - default default] 10.0.0.99 "GET /v2.0/security-groups/7cd6d953-6293-4bdc-ad6f-af78f91c5879 HTTP/1.1" status: 200 len: 1820 time: 0.0462384
2026-02-27 15:53:55.128 9 WARNING neutron.scheduler.dhcp_agent_scheduler [None req-d240fdae-e555-4d15-99da-925c41f2f67e 238b5a944aa94144ad79c78641acfdbc f8bc41cfede846a98f5de1601d8c2262 - - - -] No more DHCP agents
2026-02-27 15:53:55.133 9 WARNING neutron.api.rpc.agentnotifiers.dhcp_rpc_agent_api [None req-d240fdae-e555-4d15-99da-925c41f2f67e 238b5a944aa94144ad79c78641acfdbc f8bc41cfede846a98f5de1601d8c2262 - - - -] Unable to schedule network 42885bae-5639-40f3-878b-27648fce46ce: no agents available; will retry on subsequent port and subnet creation events.
2026-02-27 15:53:55.221 9 INFO neutron.wsgi [req-2272a6a3-1778-4d05-8d79-4353f75ccfa3 req-c6dda958-cea9-4578-840b-382ed3df997c b1a33f93d147477c8063f1f237187cff ab3d8c3e43704514aed60ff5f51af34e - - cbde16b25b144b1db5f103cd0e1391b9 cbde16b25b144b1db5f103cd0e1391b9] 10.0.0.99 "GET /v2.0/extensions HTTP/1.1" status: 200 len: 16525 time: 0.0561380
2026-02-27 15:53:55.311 9 INFO neutron.wsgi [req-2272a6a3-1778-4d05-8d79-4353f75ccfa3 req-cae89988-1d83-497f-acbb-85d5dba4e5fa b1a33f93d147477c8063f1f237187cff ab3d8c3e43704514aed60ff5f51af34e - - cbde16b25b144b1db5f103cd0e1391b9 cbde16b25b144b1db5f103cd0e1391b9] 10.0.0.99 "GET /v2.0/networks/afbda204-2e60-46fd-b059-9ad5c4d68df7?fields=segments HTTP/1.1" status: 200 len: 212 time: 0.0777347
2026-02-27 15:53:55.316 9 INFO neutron.db.ovn_revision_numbers_db [None req-2f73df34-cba1-4099-a1a9-2cb333aaddce 9a6be547d15348d583de3ec9c18dfe10 1bf338f7f5874106921ac5d0b6ff9f8c - - - -] Successfully bumped revision number for resource 7d1ec88d-8422-4d1c-8cdc-bfa49daed309 (type: security_group_rules) to 0
2026-02-27 15:53:55.366 9 INFO neutron.wsgi [None req-2f73df34-cba1-4099-a1a9-2cb333aaddce 9a6be547d15348d583de3ec9c18dfe10 1bf338f7f5874106921ac5d0b6ff9f8c - - - -] 10.0.0.99 "POST /v2.0/security-group-rules HTTP/1.1" status: 201 len: 786 time: 0.2477946
2026-02-27 15:53:55.406 9 INFO neutron.wsgi [req-2272a6a3-1778-4d05-8d79-4353f75ccfa3 req-e104b66f-6550-45c3-b98c-81936bc9ed2a b1a33f93d147477c8063f1f237187cff ab3d8c3e43704514aed60ff5f51af34e - - cbde16b25b144b1db5f103cd0e1391b9 cbde16b25b144b1db5f103cd0e1391b9] 10.0.0.99 "GET /v2.0/networks/afbda204-2e60-46fd-b059-9ad5c4d68df7?fields=provider%3Aphysical_network&fields=provider%3Anetwork_type HTTP/1.1" status: 200 len: 277 time: 0.0847394
2026-02-27 15:53:55.445 9 INFO neutron.wsgi [req-32042e83-ead3-4b93-aed1-459946e9dd2a req-422cd1b0-ddec-41af-94f8-12e08be2992b 9a6be547d15348d583de3ec9c18dfe10 1bf338f7f5874106921ac5d0b6ff9f8c - - default default] 10.0.0.99 "GET /v2.0/security-groups/7cd6d953-6293-4bdc-ad6f-af78f91c5879 HTTP/1.1" status: 200 len: 2413 time: 0.0548112
2026-02-27 15:53:55.460 9 INFO neutron.db.ovn_revision_numbers_db [None req-d240fdae-e555-4d15-99da-925c41f2f67e 238b5a944aa94144ad79c78641acfdbc f8bc41cfede846a98f5de1601d8c2262 - - - -] Successfully bumped revision number for resource b7d61259-c366-46c3-a35c-77fedcec0bc6 (type: floatingips) to 0
2026-02-27 15:53:55.472 9 INFO neutron.wsgi [None req-d240fdae-e555-4d15-99da-925c41f2f67e 238b5a944aa94144ad79c78641acfdbc f8bc41cfede846a98f5de1601d8c2262 - - - -] 10.0.0.104 "POST /v2.0/floatingips HTTP/1.1" status: 201 len: 751 time: 0.6487877
2026-02-27 15:53:55.530 10 INFO neutron.db.ovn_revision_numbers_db [None req-77c63fd5-f77f-4c58-b36c-80d060d094b0 - - - - - -] Successfully bumped revision number for resource 50c8c5fa-c8bf-48ba-982b-2351c576e14e (type: ports) to 4
2026-02-27 15:53:55.585 9 INFO neutron.db.ovn_revision_numbers_db [None req-dea10008-29a6-41af-b754-53c21cdb01f5 9a6be547d15348d583de3ec9c18dfe10 1bf338f7f5874106921ac5d0b6ff9f8c - - - -] Successfully bumped revision number for resource 0b9c09fd-85e2-4cbf-940d-abd69167271e (type: security_group_rules) to 0
2026-02-27 15:53:55.617 9 INFO neutron.wsgi [req-c06ea230-c404-4b1c-a6cf-fb792c42efd2 req-a66c9e76-961e-488b-b04f-ccfc87851f90 f89e8c9c7fba4294b7e8c1249cced954 5d381b31b37b4b4080e3499a6d70626c - - default default] 10.0.0.99 "GET /v2.0/ports?device_id=c655f1d3-e7f7-4b67-87d3-828d5aa11559 HTTP/1.1" status: 200 len: 210 time: 0.0450213
2026-02-27 15:53:55.624 9 INFO neutron.wsgi [None req-dea10008-29a6-41af-b754-53c21cdb01f5 9a6be547d15348d583de3ec9c18dfe10 1bf338f7f5874106921ac5d0b6ff9f8c - - - -] 10.0.0.99 "POST /v2.0/security-group-rules HTTP/1.1" status: 201 len: 791 time: 0.1711028
2026-02-27 15:53:55.685 9 INFO neutron.wsgi [req-10dd73b6-feb8-494b-bf7b-6e172e1f1fe4 req-52b02fb6-5c92-488a-a28c-3f2b5d51cd8f 9a6be547d15348d583de3ec9c18dfe10 1bf338f7f5874106921ac5d0b6ff9f8c - - default default] 10.0.0.99 "GET /v2.0/security-groups/7cd6d953-6293-4bdc-ad6f-af78f91c5879 HTTP/1.1" status: 200 len: 3011 time: 0.0385773
2026-02-27 15:53:55.731 9 INFO neutron.wsgi [req-8b52cbbd-2022-41bc-b5fa-ec6bba5e170a req-37a6164d-bf1c-454d-b4dd-e5c04675eb2d 9a6be547d15348d583de3ec9c18dfe10 1bf338f7f5874106921ac5d0b6ff9f8c - - default default] 10.0.0.99 "GET /v2.0/security-group-rules/0b9c09fd-85e2-4cbf-940d-abd69167271e HTTP/1.1" status: 200 len: 783 time: 0.0191410
2026-02-27 15:53:55.769 9 INFO neutron.wsgi [req-8b52cbbd-2022-41bc-b5fa-ec6bba5e170a req-da4d4303-9f00-4f0c-b564-68f5103546a3 9a6be547d15348d583de3ec9c18dfe10 1bf338f7f5874106921ac5d0b6ff9f8c - - default default] 10.0.0.99 "GET /v2.0/security-groups/7cd6d953-6293-4bdc-ad6f-af78f91c5879 HTTP/1.1" status: 200 len: 3011 time: 0.0299497
2026-02-27 15:53:55.841 10 INFO neutron.db.ovn_revision_numbers_db [None req-77c63fd5-f77f-4c58-b36c-80d060d094b0 - - - - - -] Successfully bumped revision number for resource 50c8c5fa-c8bf-48ba-982b-2351c576e14e (type: router_ports) to 4
2026-02-27 15:53:55.911 9 INFO neutron.wsgi [None req-21e9b01e-87b4-4812-a505-5e41d917bd8d 9a6be547d15348d583de3ec9c18dfe10 1bf338f7f5874106921ac5d0b6ff9f8c - - - -] 10.0.0.99 "DELETE /v2.0/security-group-rules/0b9c09fd-85e2-4cbf-940d-abd69167271e HTTP/1.1" status: 204 len: 173 time: 0.1345999
2026-02-27 15:53:55.964 9 INFO neutron.wsgi [req-13b7a1c7-0563-40b8-b61f-cf7ef840499d req-aef907a6-1a24-40f1-bc2d-f5fe7188c57b 9a6be547d15348d583de3ec9c18dfe10 1bf338f7f5874106921ac5d0b6ff9f8c - - default default] 10.0.0.99 "GET /v2.0/security-groups/7cd6d953-6293-4bdc-ad6f-af78f91c5879 HTTP/1.1" status: 200 len: 2413 time: 0.0349996
2026-02-27 15:53:56.041 10 INFO neutron.db.ovn_revision_numbers_db [None req-48a33713-2f92-4b31-9690-528852ffb792 66ca095a900c47f1abc1a7e5a5cc1ded e605657acc3642f38b5c5ddb7decb851 - - - -] Successfully bumped revision number for resource dc6e0eb8-6971-4bd3-84d5-18b7cd95de96 (type: router_ports) to 2
2026-02-27 15:53:56.044 10 INFO neutron.wsgi [None req-48a33713-2f92-4b31-9690-528852ffb792 66ca095a900c47f1abc1a7e5a5cc1ded e605657acc3642f38b5c5ddb7decb851 - - - -] 10.0.0.104 "PUT /v2.0/routers/65675d64-e3a9-49ed-a120-a00d7823d731/add_router_interface HTTP/1.1" status: 200 len: 503 time: 3.3605816
2026-02-27 15:53:56.124 9 INFO neutron.wsgi [None req-7a240f5e-b2cb-4e1e-a788-f018945363f3 9a6be547d15348d583de3ec9c18dfe10 1bf338f7f5874106921ac5d0b6ff9f8c - - - -] 10.0.0.99 "DELETE /v2.0/security-groups/7cd6d953-6293-4bdc-ad6f-af78f91c5879 HTTP/1.1" status: 204 len: 173 time: 0.1498733
2026-02-27 15:53:56.193 9 INFO neutron.wsgi [req-16aecd81-add0-4d27-bd7b-b9f889c88ffc req-b696bea8-5404-4e40-9873-c5b58fcb44ea 9a6be547d15348d583de3ec9c18dfe10 1bf338f7f5874106921ac5d0b6ff9f8c - - default default] 10.0.0.99 "GET /v2.0/security-groups/6a12cc17-2372-4b86-9d3c-6c771377ad77 HTTP/1.1" status: 200 len: 2413 time: 0.0491221
2026-02-27 15:53:56.333 9 INFO neutron.wsgi [None req-fe651605-a264-43a3-ba77-c7305f0133e1 9a6be547d15348d583de3ec9c18dfe10 1bf338f7f5874106921ac5d0b6ff9f8c - - - -] 10.0.0.99 "DELETE /v2.0/security-groups/6a12cc17-2372-4b86-9d3c-6c771377ad77 HTTP/1.1" status: 204 len: 173 time: 0.1314485
2026-02-27 15:53:56.648 9 INFO neutron.db.ovn_revision_numbers_db [None req-610f656a-7e4a-46d0-99aa-be4287f9a2cf f529b03ff6164988ae476c5fdb4c4bb4 f7a2e7d7064f4d9e8079276e8529c0c7 - - - -] Successfully bumped revision number for resource 7472cad1-61f6-4cc4-ae46-bfc368e55e40 (type: security_groups) to 1
2026-02-27 15:53:56.696 9 INFO neutron.wsgi [None req-610f656a-7e4a-46d0-99aa-be4287f9a2cf f529b03ff6164988ae476c5fdb4c4bb4 f7a2e7d7064f4d9e8079276e8529c0c7 - - - -] 10.0.0.99 "POST /v2.0/security-groups HTTP/1.1" status: 201 len: 1822 time: 0.2058086
2026-02-27 15:53:56.813 9 INFO neutron.wsgi [req-08faae5c-676c-46f3-aa8c-8a9ccb029a71 req-e6146624-2c9e-4a6d-aead-6f6224c6bf44 f89e8c9c7fba4294b7e8c1249cced954 5d381b31b37b4b4080e3499a6d70626c - - default default] 10.0.0.99 "GET /v2.0/ports?device_id=c655f1d3-e7f7-4b67-87d3-828d5aa11559 HTTP/1.1" status: 200 len: 210 time: 0.0602946
2026-02-27 15:53:56.987 10 INFO neutron.wsgi [req-2272a6a3-1778-4d05-8d79-4353f75ccfa3 req-1c2438ea-74eb-4eab-843a-69531f8339f8 f89e8c9c7fba4294b7e8c1249cced954 5d381b31b37b4b4080e3499a6d70626c - - default default] 199.19.213.79 "GET /v2.0/networks?id=afbda204-2e60-46fd-b059-9ad5c4d68df7 HTTP/1.1" status: 200 len: 868 time: 0.1495626
2026-02-27 15:53:57.058 10 INFO neutron.wsgi [req-2272a6a3-1778-4d05-8d79-4353f75ccfa3 req-b02cbd4e-bc0e-41b2-8f7a-011b5b4a5f8d f89e8c9c7fba4294b7e8c1249cced954 5d381b31b37b4b4080e3499a6d70626c - - default default] 199.19.213.79 "GET /v2.0/security-groups?fields=id&fields=name&tenant_id=5d381b31b37b4b4080e3499a6d70626c HTTP/1.1" status: 200 len: 380 time: 0.0459056
2026-02-27 15:53:57.209 9 INFO neutron.db.ovn_revision_numbers_db [None req-1ad90630-052a-4128-a5c3-b4d1102b0986 f529b03ff6164988ae476c5fdb4c4bb4 f7a2e7d7064f4d9e8079276e8529c0c7 - - - -] Successfully bumped revision number for resource 9578815e-4956-4240-b103-21480557d6c9 (type: security_groups) to 1
2026-02-27 15:53:57.242 9 INFO neutron.wsgi [None req-1ad90630-052a-4128-a5c3-b4d1102b0986 f529b03ff6164988ae476c5fdb4c4bb4 f7a2e7d7064f4d9e8079276e8529c0c7 - - - -] 10.0.0.99 "POST /v2.0/security-groups HTTP/1.1" status: 201 len: 1822 time: 0.5151041
2026-02-27 15:53:57.391 10 WARNING neutron.plugins.ml2.drivers.ovn.mech_driver.ovsdb.ovn_client [None req-76928be3-c245-4694-afcb-9cabb589e602 - - - - - -] No port found with ID 500623f8-3e82-4e47-b60a-dc610a2d6400: RuntimeError: No port found with ID 500623f8-3e82-4e47-b60a-dc610a2d6400
2026-02-27 15:53:57.391 10 INFO neutron.plugins.ml2.drivers.ovn.mech_driver.mech_driver [None req-76928be3-c245-4694-afcb-9cabb589e602 - - - - - -] OVN reports status up for port: 26767b8f-153b-4ebf-8c72-d2e78f28ac15
2026-02-27 15:53:57.417 9 INFO neutron.db.ovn_revision_numbers_db [None req-bd6ecc4f-ec08-49c1-8355-e10016b1dfb4 f529b03ff6164988ae476c5fdb4c4bb4 f7a2e7d7064f4d9e8079276e8529c0c7 - - - -] Successfully bumped revision number for resource 2894b6a2-69b1-4eff-830c-ee72a77453bf (type: security_groups) to 1
2026-02-27 15:53:57.431 10 INFO neutron.plugins.ml2.plugin [None req-76928be3-c245-4694-afcb-9cabb589e602 - - - - - -] Attempt 1 to provision port 26767b8f-153b-4ebf-8c72-d2e78f28ac15
2026-02-27 15:53:57.629 9 INFO neutron.wsgi [None req-bd6ecc4f-ec08-49c1-8355-e10016b1dfb4 f529b03ff6164988ae476c5fdb4c4bb4 f7a2e7d7064f4d9e8079276e8529c0c7 - - - -] 10.0.0.99 "POST /v2.0/security-groups HTTP/1.1" status: 201 len: 1823 time: 0.3548787
2026-02-27 15:53:57.739 9 INFO neutron.wsgi [req-475c3fd0-2e82-4adc-8f61-5866049bc466 req-fc2d86c4-236c-4edd-9010-cccaf99fd4a7 f529b03ff6164988ae476c5fdb4c4bb4 f7a2e7d7064f4d9e8079276e8529c0c7 - - default default] 10.0.0.99 "GET /v2.0/security-groups?tenant_id=f7a2e7d7064f4d9e8079276e8529c0c7 HTTP/1.1" status: 200 len: 7795 time: 0.0733650
2026-02-27 15:53:57.808 9 INFO neutron.wsgi [req-475c3fd0-2e82-4adc-8f61-5866049bc466 req-5204bde4-a62b-4dcf-a7d0-4a018dd7e57f f529b03ff6164988ae476c5fdb4c4bb4 f7a2e7d7064f4d9e8079276e8529c0c7 - - default default] 10.0.0.99 "GET /v2.0/security-groups/067e8390-6dc6-49a1-840f-c9afd6cd917d HTTP/1.1" status: 200 len: 2994 time: 0.0588453
2026-02-27 15:53:57.865 9 INFO neutron.wsgi [req-475c3fd0-2e82-4adc-8f61-5866049bc466 req-a8623795-4989-4291-b143-46799f48f66b f529b03ff6164988ae476c5fdb4c4bb4 f7a2e7d7064f4d9e8079276e8529c0c7 - - default default] 10.0.0.99 "GET /v2.0/security-groups/067e8390-6dc6-49a1-840f-c9afd6cd917d HTTP/1.1" status: 200 len: 2994 time: 0.0501857
2026-02-27 15:53:57.920 10 WARNING neutron.scheduler.dhcp_agent_scheduler [None req-f8b2a245-50d4-4eb5-a839-71a68130aeed f89e8c9c7fba4294b7e8c1249cced954 5d381b31b37b4b4080e3499a6d70626c - - - -] No more DHCP agents
2026-02-27 15:53:57.925 10 WARNING neutron.api.rpc.agentnotifiers.dhcp_rpc_agent_api [None req-f8b2a245-50d4-4eb5-a839-71a68130aeed f89e8c9c7fba4294b7e8c1249cced954 5d381b31b37b4b4080e3499a6d70626c - - - -] Unable to schedule network afbda204-2e60-46fd-b059-9ad5c4d68df7: no agents available; will retry on subsequent port and subnet creation events.
2026-02-27 15:53:57.975 10 INFO neutron.db.ovn_revision_numbers_db [None req-76928be3-c245-4694-afcb-9cabb589e602 - - - - - -] Successfully bumped revision number for resource 26767b8f-153b-4ebf-8c72-d2e78f28ac15 (type: ports) to 3
2026-02-27 15:53:57.978 9 INFO neutron.wsgi [req-630ba355-6987-4720-b203-da28d3615d98 req-f7426716-cac5-4691-a8e3-de872450290d f89e8c9c7fba4294b7e8c1249cced954 5d381b31b37b4b4080e3499a6d70626c - - default default] 10.0.0.99 "GET /v2.0/ports?device_id=c655f1d3-e7f7-4b67-87d3-828d5aa11559 HTTP/1.1" status: 200 len: 1160 time: 0.0707066
2026-02-27 15:53:57.983 9 INFO neutron.wsgi [req-1a33d1c8-2a3e-41e6-99b2-cf6fad6cf0ea req-a2b3f335-3b58-4472-9fb5-bb49a31f94e8 f529b03ff6164988ae476c5fdb4c4bb4 f7a2e7d7064f4d9e8079276e8529c0c7 - - default default] 10.0.0.99 "GET /v2.0/security-groups/7472cad1-61f6-4cc4-ae46-bfc368e55e40 HTTP/1.1" status: 200 len: 1817 time: 0.0773590
2026-02-27 15:53:58.052 9 INFO neutron.wsgi [req-630ba355-6987-4720-b203-da28d3615d98 req-ddd6d054-10ce-4c1b-81ca-dbf52c75d04d f89e8c9c7fba4294b7e8c1249cced954 5d381b31b37b4b4080e3499a6d70626c - - default default] 10.0.0.99 "GET /v2.0/security-groups?id=40e1b909-5989-4a6c-8ebd-e02853269cad&fields=id&fields=name HTTP/1.1" status: 200 len: 313 time: 0.0677750
2026-02-27 15:53:58.117 10 INFO neutron.db.ovn_revision_numbers_db [None req-f8b2a245-50d4-4eb5-a839-71a68130aeed f89e8c9c7fba4294b7e8c1249cced954 5d381b31b37b4b4080e3499a6d70626c - - - -] Successfully bumped revision number for resource b7cecbb4-9afe-45b7-906e-3c886394e3d8 (type: ports) to 1
2026-02-27 15:53:58.132 10 INFO neutron.db.ovn_revision_numbers_db [None req-76928be3-c245-4694-afcb-9cabb589e602 - - - - - -] Successfully bumped revision number for resource 26767b8f-153b-4ebf-8c72-d2e78f28ac15 (type: router_ports) to 3
2026-02-27 15:53:58.152 10 INFO neutron.wsgi [None req-f8b2a245-50d4-4eb5-a839-71a68130aeed f89e8c9c7fba4294b7e8c1249cced954 5d381b31b37b4b4080e3499a6d70626c - - - -] 199.19.213.79 "POST /v2.0/ports HTTP/1.1" status: 201 len: 1162 time: 1.0875816 /var/lib/openstack/lib/python3.10/site-packages/pycadf/identifier.py:71: UserWarning: Invalid uuid: neutron. To ensure interoperability, identifiers should be a valid uuid. warnings.warn(('Invalid uuid: %s. To ensure interoperability, '
2026-02-27 15:53:58.173 10 INFO neutron.wsgi [req-2272a6a3-1778-4d05-8d79-4353f75ccfa3 req-ae52acc6-4e56-4b58-8db8-23cadd4683d4 f89e8c9c7fba4294b7e8c1249cced954 5d381b31b37b4b4080e3499a6d70626c - - default default] 199.19.213.79 "GET /v2.0/extensions HTTP/1.1" status: 200 len: 16525 time: 0.0100839
2026-02-27 15:53:58.206 9 INFO neutron.wsgi [None req-9d4c9ce3-fbd2-4528-b742-a7367aa57f68 66ca095a900c47f1abc1a7e5a5cc1ded e605657acc3642f38b5c5ddb7decb851 - - - -] 10.0.0.104 "PUT /v2.0/routers/8422a6b8-0bf5-41c0-a4ae-bc7696041c82/remove_router_interface HTTP/1.1" status: 200 len: 503 time: 1.8637888
2026-02-27 15:53:58.217 9 INFO neutron.wsgi [None req-5ad3739b-4ec2-43fc-8091-552ca7d1c4ea f529b03ff6164988ae476c5fdb4c4bb4 f7a2e7d7064f4d9e8079276e8529c0c7 - - - -] 10.0.0.99 "DELETE /v2.0/security-groups/7472cad1-61f6-4cc4-ae46-bfc368e55e40 HTTP/1.1" status: 204 len: 173 time: 0.2246065 /var/lib/openstack/lib/python3.10/site-packages/pycadf/identifier.py:71: UserWarning: Invalid uuid: neutron. To ensure interoperability, identifiers should be a valid uuid. warnings.warn(('Invalid uuid: %s. To ensure interoperability, '
2026-02-27 15:53:58.256 9 INFO neutron.api.v2.resource [req-dea6ec90-fcb3-4409-b05b-2b8fc32a9fd5 req-6326e44d-b095-4765-8dde-55eda3902517 f529b03ff6164988ae476c5fdb4c4bb4 f7a2e7d7064f4d9e8079276e8529c0c7 - - default default] show failed (client error): The resource could not be found.
2026-02-27 15:53:58.258 9 INFO neutron.wsgi [req-dea6ec90-fcb3-4409-b05b-2b8fc32a9fd5 req-6326e44d-b095-4765-8dde-55eda3902517 f529b03ff6164988ae476c5fdb4c4bb4 f7a2e7d7064f4d9e8079276e8529c0c7 - - default default] 10.0.0.99 "GET /v2.0/security-groups/7472cad1-61f6-4cc4-ae46-bfc368e55e40 HTTP/1.1" status: 404 len: 352 time: 0.0163565
2026-02-27 15:53:58.313 9 INFO neutron.wsgi [req-9e027596-1278-4753-be13-160d8042dfc5 req-926cb27b-4f47-49cd-b66c-a92d7ab12967 f529b03ff6164988ae476c5fdb4c4bb4 f7a2e7d7064f4d9e8079276e8529c0c7 - - default default] 10.0.0.99 "GET /v2.0/security-groups/9578815e-4956-4240-b103-21480557d6c9 HTTP/1.1" status: 200 len: 1817 time: 0.0315018
2026-02-27 15:53:58.442 9 INFO neutron.wsgi [None req-58d6bd62-ef4d-4e13-9f54-3bdaaf903d83 f529b03ff6164988ae476c5fdb4c4bb4 f7a2e7d7064f4d9e8079276e8529c0c7 - - - -] 10.0.0.99 "DELETE /v2.0/security-groups/9578815e-4956-4240-b103-21480557d6c9 HTTP/1.1" status: 204 len: 173 time: 0.1188717
2026-02-27 15:53:58.473 9 INFO neutron.api.v2.resource [req-99a9b720-d04b-40c4-b15b-f8e857fb6c97 req-081c1978-9769-4bf4-8c56-6df956c6885e f529b03ff6164988ae476c5fdb4c4bb4 f7a2e7d7064f4d9e8079276e8529c0c7 - - default default] show failed (client error): The resource could not be found.
2026-02-27 15:53:58.474 9 INFO neutron.wsgi [req-99a9b720-d04b-40c4-b15b-f8e857fb6c97 req-081c1978-9769-4bf4-8c56-6df956c6885e f529b03ff6164988ae476c5fdb4c4bb4 f7a2e7d7064f4d9e8079276e8529c0c7 - - default default] 10.0.0.99 "GET /v2.0/security-groups/9578815e-4956-4240-b103-21480557d6c9 HTTP/1.1" status: 404 len: 352 time: 0.0154259
2026-02-27 15:53:58.524 9 INFO neutron.wsgi [req-ce894406-55ff-4c55-b9e6-26bb60a1245f req-b62581ef-a362-4ca7-acb2-71a786b5f0a0 f529b03ff6164988ae476c5fdb4c4bb4 f7a2e7d7064f4d9e8079276e8529c0c7 - - default default] 10.0.0.99 "GET /v2.0/security-groups/2894b6a2-69b1-4eff-830c-ee72a77453bf HTTP/1.1" status: 200 len: 1818 time: 0.0285881
2026-02-27 15:53:58.655 9 INFO neutron.wsgi [None req-7daca4f6-82f8-4cc6-b085-be6f18efb4f3 f529b03ff6164988ae476c5fdb4c4bb4 f7a2e7d7064f4d9e8079276e8529c0c7 - - - -] 10.0.0.99 "DELETE /v2.0/security-groups/2894b6a2-69b1-4eff-830c-ee72a77453bf HTTP/1.1" status: 204 len: 173 time: 0.1244059
2026-02-27 15:53:58.709 9 INFO neutron.api.v2.resource [req-d0d1a0df-f9b1-4e9e-b43f-e6e28ad5abe2 req-74608395-ff62-4b6b-81e4-8a713ec08ff2 f529b03ff6164988ae476c5fdb4c4bb4 f7a2e7d7064f4d9e8079276e8529c0c7 - - default default] show failed (client error): The resource could not be found.
2026-02-27 15:53:58.711 9 INFO neutron.wsgi [req-d0d1a0df-f9b1-4e9e-b43f-e6e28ad5abe2 req-74608395-ff62-4b6b-81e4-8a713ec08ff2 f529b03ff6164988ae476c5fdb4c4bb4 f7a2e7d7064f4d9e8079276e8529c0c7 - - default default] 10.0.0.99 "GET /v2.0/security-groups/2894b6a2-69b1-4eff-830c-ee72a77453bf HTTP/1.1" status: 404 len: 352 time: 0.0155001
2026-02-27 15:53:58.771 9 INFO neutron.wsgi [req-6d430d49-6788-4917-98d3-878a66e5a7f3 req-46d408c0-8ac5-4816-b778-3d5afd54ae9f f529b03ff6164988ae476c5fdb4c4bb4 f7a2e7d7064f4d9e8079276e8529c0c7 - - default default] 10.0.0.99 "GET /v2.0/security-groups?tenant_id=f7a2e7d7064f4d9e8079276e8529c0c7 HTTP/1.1" status: 200 len: 2997 time: 0.0338449
2026-02-27 15:53:58.827 9 INFO neutron.wsgi [req-6d430d49-6788-4917-98d3-878a66e5a7f3 req-d5bfbe6e-c51b-417b-b254-68d2d33973d7 f529b03ff6164988ae476c5fdb4c4bb4 f7a2e7d7064f4d9e8079276e8529c0c7 - - default default] 10.0.0.99 "GET /v2.0/security-groups/067e8390-6dc6-49a1-840f-c9afd6cd917d HTTP/1.1" status: 200 len: 2994 time: 0.0489562
2026-02-27 15:53:58.867 9 INFO neutron.wsgi [req-6d430d49-6788-4917-98d3-878a66e5a7f3 req-cfc4fa24-0ed9-4c78-be53-84f00c2eefab f529b03ff6164988ae476c5fdb4c4bb4 f7a2e7d7064f4d9e8079276e8529c0c7 - - default default] 10.0.0.99 "GET /v2.0/security-groups/067e8390-6dc6-49a1-840f-c9afd6cd917d HTTP/1.1" status: 200 len: 2994 time: 0.0336289
2026-02-27 15:53:58.911 9 INFO neutron.api.v2.resource [req-b7768f88-56ab-4377-8d6d-27267a2aeda6 req-fca7d306-fa1b-425d-a881-27d002924261 f529b03ff6164988ae476c5fdb4c4bb4 f7a2e7d7064f4d9e8079276e8529c0c7 - - default default] show failed (client error): The resource could not be found.
2026-02-27 15:53:58.912 9 INFO neutron.wsgi [req-b7768f88-56ab-4377-8d6d-27267a2aeda6 req-fca7d306-fa1b-425d-a881-27d002924261 f529b03ff6164988ae476c5fdb4c4bb4 f7a2e7d7064f4d9e8079276e8529c0c7 - - default default] 10.0.0.99 "GET /v2.0/security-groups/2894b6a2-69b1-4eff-830c-ee72a77453bf HTTP/1.1" status: 404 len: 352 time: 0.0164249
2026-02-27 15:53:58.953 9 INFO neutron.api.v2.resource [req-d57a3ff6-07bd-447f-8c9f-ebf79c5635b0 req-b10aa6aa-e2c0-4613-b5b2-9ae60ac34980 f529b03ff6164988ae476c5fdb4c4bb4 f7a2e7d7064f4d9e8079276e8529c0c7 - - default default] show failed (client error): The resource could not be found.
2026-02-27 15:53:58.954 9 INFO neutron.wsgi [req-d57a3ff6-07bd-447f-8c9f-ebf79c5635b0 req-b10aa6aa-e2c0-4613-b5b2-9ae60ac34980 f529b03ff6164988ae476c5fdb4c4bb4 f7a2e7d7064f4d9e8079276e8529c0c7 - - default default] 10.0.0.99 "GET /v2.0/security-groups/9578815e-4956-4240-b103-21480557d6c9 HTTP/1.1" status: 404 len: 352 time: 0.0171578
2026-02-27 15:53:58.994 9 INFO neutron.api.v2.resource [req-94692fa2-391d-41f5-8881-aa9ffc3ae3c4 req-185e46e1-93c8-498c-93cc-dd839f78301a f529b03ff6164988ae476c5fdb4c4bb4 f7a2e7d7064f4d9e8079276e8529c0c7 - - default default] show failed (client error): The resource could not be found.
2026-02-27 15:53:58.996 9 INFO neutron.wsgi [req-94692fa2-391d-41f5-8881-aa9ffc3ae3c4 req-185e46e1-93c8-498c-93cc-dd839f78301a f529b03ff6164988ae476c5fdb4c4bb4 f7a2e7d7064f4d9e8079276e8529c0c7 - - default default] 10.0.0.99 "GET /v2.0/security-groups/7472cad1-61f6-4cc4-ae46-bfc368e55e40 HTTP/1.1" status: 404 len: 352 time: 0.0155263
2026-02-27 15:53:59.156 10 INFO neutron.wsgi [None req-9d5f38a5-068d-4b95-8a2e-0e05a7affdde 66ca095a900c47f1abc1a7e5a5cc1ded e605657acc3642f38b5c5ddb7decb851 - - - -] 10.0.0.104 "DELETE /v2.0/routers/8422a6b8-0bf5-41c0-a4ae-bc7696041c82 HTTP/1.1" status: 204 len: 168 time: 0.9452164
2026-02-27 15:53:59.159 10 INFO neutron.db.ovn_revision_numbers_db [None req-5013407c-9070-42b0-aa61-9c8420faf0ab b1a33f93d147477c8063f1f237187cff ab3d8c3e43704514aed60ff5f51af34e - - - -] Successfully bumped revision number for resource b7cecbb4-9afe-45b7-906e-3c886394e3d8 (type: ports) to 2 /var/lib/openstack/lib/python3.10/site-packages/pycadf/identifier.py:71: UserWarning: Invalid uuid: neutron. To ensure interoperability, identifiers should be a valid uuid. warnings.warn(('Invalid uuid: %s. To ensure interoperability, '
2026-02-27 15:53:59.198 9 INFO neutron.wsgi [req-a2fc34b5-3f84-49a8-8de5-71329e1588b0 req-a7cf08db-f717-4de5-b5b9-7e1246428f48 f89e8c9c7fba4294b7e8c1249cced954 5d381b31b37b4b4080e3499a6d70626c - - default default] 10.0.0.99 "GET /v2.0/ports?device_id=c655f1d3-e7f7-4b67-87d3-828d5aa11559 HTTP/1.1" status: 200 len: 1172 time: 0.0464942
2026-02-27 15:53:59.261 9 INFO neutron.wsgi [req-a2fc34b5-3f84-49a8-8de5-71329e1588b0 req-5354f5a0-f686-476a-bb9e-d48ae5167a60 f89e8c9c7fba4294b7e8c1249cced954 5d381b31b37b4b4080e3499a6d70626c - - default default] 10.0.0.99 "GET /v2.0/security-groups?id=40e1b909-5989-4a6c-8ebd-e02853269cad&fields=id&fields=name HTTP/1.1" status: 200 len: 313 time: 0.0553565
2026-02-27 15:53:59.414 10 INFO neutron.wsgi [None req-39bd6c89-413f-4e10-b8cf-deecb8cf694a 66ca095a900c47f1abc1a7e5a5cc1ded e605657acc3642f38b5c5ddb7decb851 - - - -] 10.0.0.104 "DELETE /v2.0/subnets/2d2c0b42-45e0-4f4a-9b7a-cd344adecfad HTTP/1.1" status: 204 len: 168 time: 0.2515264
2026-02-27 15:53:59.417 10 INFO neutron.db.ovn_revision_numbers_db [None req-5013407c-9070-42b0-aa61-9c8420faf0ab b1a33f93d147477c8063f1f237187cff ab3d8c3e43704514aed60ff5f51af34e - - - -] Successfully bumped revision number for resource b7cecbb4-9afe-45b7-906e-3c886394e3d8 (type: ports) to 2
2026-02-27 15:53:59.429 10 INFO neutron.wsgi [None req-5013407c-9070-42b0-aa61-9c8420faf0ab b1a33f93d147477c8063f1f237187cff ab3d8c3e43704514aed60ff5f51af34e - - - -] 199.19.213.79 "PUT /v2.0/ports/b7cecbb4-9afe-45b7-906e-3c886394e3d8 HTTP/1.1" status: 200 len: 1332 time: 0.8832061 /var/lib/openstack/lib/python3.10/site-packages/pycadf/identifier.py:71: UserWarning: Invalid uuid: neutron. To ensure interoperability, identifiers should be a valid uuid. warnings.warn(('Invalid uuid: %s. To ensure interoperability, '
2026-02-27 15:53:59.544 10 INFO neutron.wsgi [req-2272a6a3-1778-4d05-8d79-4353f75ccfa3 req-5affe342-770c-46d4-a46e-2e51042793a7 b1a33f93d147477c8063f1f237187cff ab3d8c3e43704514aed60ff5f51af34e - - cbde16b25b144b1db5f103cd0e1391b9 cbde16b25b144b1db5f103cd0e1391b9] 199.19.213.79 "GET /v2.0/ports?tenant_id=5d381b31b37b4b4080e3499a6d70626c&device_id=c655f1d3-e7f7-4b67-87d3-828d5aa11559 HTTP/1.1" status: 200 len: 1363 time: 0.0652149
2026-02-27 15:53:59.587 10 INFO neutron.wsgi [req-2272a6a3-1778-4d05-8d79-4353f75ccfa3 req-26c8c207-d6ef-4e34-ae30-6860f11d8960 b1a33f93d147477c8063f1f237187cff ab3d8c3e43704514aed60ff5f51af34e - - cbde16b25b144b1db5f103cd0e1391b9 cbde16b25b144b1db5f103cd0e1391b9] 199.19.213.79 "GET /v2.0/floatingips?fixed_ip_address=10.100.0.10&port_id=b7cecbb4-9afe-45b7-906e-3c886394e3d8 HTTP/1.1" status: 200 len: 217 time: 0.0352802
2026-02-27 15:53:59.624 10 INFO neutron.wsgi [req-2272a6a3-1778-4d05-8d79-4353f75ccfa3 req-0e2138f7-d518-4162-be2d-e9209cb40b51 b1a33f93d147477c8063f1f237187cff ab3d8c3e43704514aed60ff5f51af34e - - cbde16b25b144b1db5f103cd0e1391b9 cbde16b25b144b1db5f103cd0e1391b9] 199.19.213.79 "GET /v2.0/subnets?id=a03f279f-7c48-4e05-8624-000bacd3897f HTTP/1.1" status: 200 len: 862 time: 0.0326006
2026-02-27 15:53:59.691 10 INFO neutron.wsgi [req-2272a6a3-1778-4d05-8d79-4353f75ccfa3 req-30345c82-77b0-4cfb-9d5a-82ced8b4e848 b1a33f93d147477c8063f1f237187cff ab3d8c3e43704514aed60ff5f51af34e - - cbde16b25b144b1db5f103cd0e1391b9 cbde16b25b144b1db5f103cd0e1391b9] 199.19.213.79 "GET /v2.0/ports?network_id=afbda204-2e60-46fd-b059-9ad5c4d68df7&device_owner=network%3Adhcp HTTP/1.1" status: 200 len: 210 time: 0.0594506
2026-02-27 15:53:59.764 10 INFO neutron.wsgi [req-2272a6a3-1778-4d05-8d79-4353f75ccfa3 req-ce1eb7f3-e930-470f-b36f-f49835c600f2 b1a33f93d147477c8063f1f237187cff ab3d8c3e43704514aed60ff5f51af34e - - cbde16b25b144b1db5f103cd0e1391b9 cbde16b25b144b1db5f103cd0e1391b9] 199.19.213.79 "GET /v2.0/networks/afbda204-2e60-46fd-b059-9ad5c4d68df7?fields=segments HTTP/1.1" status: 200 len: 212 time: 0.0628822
2026-02-27 15:53:59.905 10 INFO neutron.notifiers.nova [-] Nova event matching ['req-5392140b-f723-4974-93e5-c61d9848cb16'] response: {'name': 'network-changed', 'server_uuid': 'c655f1d3-e7f7-4b67-87d3-828d5aa11559', 'tag': 'b7cecbb4-9afe-45b7-906e-3c886394e3d8', 'status': 'completed', 'code': 200}
2026-02-27 15:53:59.910 9 WARNING neutron.plugins.ml2.drivers.ovn.mech_driver.ovsdb.ovn_client [None req-912c40c1-dc61-455c-a2fc-10423d8faf86 - - - - - -] No hosting information found for port f07bd291-7b66-42e3-bf4c-7371b537c9e3: RuntimeError: No hosting information found for port f07bd291-7b66-42e3-bf4c-7371b537c9e3
2026-02-27 15:53:59.911 9 INFO neutron.plugins.ml2.drivers.ovn.mech_driver.mech_driver [None req-912c40c1-dc61-455c-a2fc-10423d8faf86 - - - - - -] OVN reports status up for port: dc6e0eb8-6971-4bd3-84d5-18b7cd95de96
2026-02-27 15:53:59.925 10 INFO neutron.wsgi [req-2272a6a3-1778-4d05-8d79-4353f75ccfa3 req-8922dfae-2935-49a2-8d0a-61c374cad0a1 b1a33f93d147477c8063f1f237187cff ab3d8c3e43704514aed60ff5f51af34e - - cbde16b25b144b1db5f103cd0e1391b9 cbde16b25b144b1db5f103cd0e1391b9] 199.19.213.79 "GET /v2.0/networks/afbda204-2e60-46fd-b059-9ad5c4d68df7?fields=provider%3Aphysical_network&fields=provider%3Anetwork_type HTTP/1.1" status: 200 len: 277 time: 0.1087070
2026-02-27 15:54:00.025 10 INFO neutron.wsgi [req-97720fe8-a843-48b3-9462-0b5305035d0c req-9e9c59a2-4278-42c3-959b-5fdcd18f14f2 b1a33f93d147477c8063f1f237187cff ab3d8c3e43704514aed60ff5f51af34e - - cbde16b25b144b1db5f103cd0e1391b9 cbde16b25b144b1db5f103cd0e1391b9] 199.19.213.79 "GET /v2.0/ports?tenant_id=5d381b31b37b4b4080e3499a6d70626c&device_id=c655f1d3-e7f7-4b67-87d3-828d5aa11559 HTTP/1.1" status: 200 len: 1363 time: 0.0342565
2026-02-27 15:54:00.102 9 INFO neutron.wsgi [req-da27dbea-5aad-4bb4-9d08-542ab188af3b req-7ad8a7ac-a381-49f5-8461-906facb27acb 238b5a944aa94144ad79c78641acfdbc f8bc41cfede846a98f5de1601d8c2262 - - default default] 10.0.0.99 "GET /v2.0/security-groups?name=tempest-securitygroup--1884340544&fields=id&tenant_id=f8bc41cfede846a98f5de1601d8c2262 HTTP/1.1" status: 200 len: 267 time: 0.0963571
2026-02-27 15:54:00.226 9 INFO neutron.wsgi [None req-db16fb50-6833-4b66-8c41-eb5b709f8cf2 66ca095a900c47f1abc1a7e5a5cc1ded e605657acc3642f38b5c5ddb7decb851 - - - -] 10.0.0.104 "DELETE /v2.0/networks/a7c33dbb-d6e7-4d05-b337-b0a89e3c1c6d HTTP/1.1" status: 204 len: 168 time: 0.8062365
2026-02-27 15:54:00.235 10 INFO neutron.wsgi [req-97720fe8-a843-48b3-9462-0b5305035d0c req-4bbcd7b8-5548-441b-84b1-7e387e471173 b1a33f93d147477c8063f1f237187cff ab3d8c3e43704514aed60ff5f51af34e - - cbde16b25b144b1db5f103cd0e1391b9 cbde16b25b144b1db5f103cd0e1391b9] 199.19.213.79 "GET /v2.0/networks?id=afbda204-2e60-46fd-b059-9ad5c4d68df7 HTTP/1.1" status: 200 len: 967 time: 0.2046731
2026-02-27 15:54:00.245 9 INFO neutron.wsgi [req-da27dbea-5aad-4bb4-9d08-542ab188af3b req-87fd5366-1575-459b-8552-2c093c04015e 238b5a944aa94144ad79c78641acfdbc f8bc41cfede846a98f5de1601d8c2262 - - default default] 10.0.0.99 "GET /v2.0/networks?id=5fd96608-e6f4-4552-9c9b-cf46098a731f HTTP/1.1" status: 200 len: 879 time: 0.1318514
2026-02-27 15:54:00.267 9 INFO neutron.wsgi [req-da27dbea-5aad-4bb4-9d08-542ab188af3b req-0dd379d4-6f3c-42b0-bb05-48bf2e3e1a64 238b5a944aa94144ad79c78641acfdbc f8bc41cfede846a98f5de1601d8c2262 - - default default] 10.0.0.99 "GET /v2.0/quotas/f8bc41cfede846a98f5de1601d8c2262 HTTP/1.1" status: 200 len: 386 time: 0.0138421
2026-02-27 15:54:00.271 10 INFO neutron.wsgi [req-97720fe8-a843-48b3-9462-0b5305035d0c req-4d3f2222-d5a1-4de0-8c96-390185058fb7 b1a33f93d147477c8063f1f237187cff ab3d8c3e43704514aed60ff5f51af34e - - cbde16b25b144b1db5f103cd0e1391b9 cbde16b25b144b1db5f103cd0e1391b9] 199.19.213.79 "GET /v2.0/floatingips?fixed_ip_address=10.100.0.10&port_id=b7cecbb4-9afe-45b7-906e-3c886394e3d8 HTTP/1.1" status: 200 len: 217 time: 0.0306947
2026-02-27 15:54:00.330 10 INFO neutron.wsgi [req-97720fe8-a843-48b3-9462-0b5305035d0c req-f4f0dbbd-8b94-47e3-ae76-ff35dcb93a2b b1a33f93d147477c8063f1f237187cff ab3d8c3e43704514aed60ff5f51af34e - - cbde16b25b144b1db5f103cd0e1391b9 cbde16b25b144b1db5f103cd0e1391b9] 199.19.213.79 "GET /v2.0/subnets?id=a03f279f-7c48-4e05-8624-000bacd3897f HTTP/1.1" status: 200 len: 862 time: 0.0525084
2026-02-27 15:54:00.356 10 INFO neutron.wsgi [req-97720fe8-a843-48b3-9462-0b5305035d0c req-0cd2a30a-bed7-4ff9-82ac-2589d88734bc b1a33f93d147477c8063f1f237187cff ab3d8c3e43704514aed60ff5f51af34e - - cbde16b25b144b1db5f103cd0e1391b9 cbde16b25b144b1db5f103cd0e1391b9] 199.19.213.79 "GET /v2.0/ports?network_id=afbda204-2e60-46fd-b059-9ad5c4d68df7&device_owner=network%3Adhcp HTTP/1.1" status: 200 len: 210 time: 0.0195072
2026-02-27 15:54:00.425 9 INFO neutron.wsgi [req-da27dbea-5aad-4bb4-9d08-542ab188af3b req-561cc21c-ef5f-479a-964d-fcbdcbd2f290 238b5a944aa94144ad79c78641acfdbc f8bc41cfede846a98f5de1601d8c2262 - - default default] 10.0.0.99 "GET /v2.0/ports?tenant_id=f8bc41cfede846a98f5de1601d8c2262&fields=id HTTP/1.1" status: 200 len: 302 time: 0.1533256
2026-02-27 15:54:00.458 10 INFO neutron.wsgi [req-97720fe8-a843-48b3-9462-0b5305035d0c req-233c58e5-7c77-4984-9527-6b5a0b841e80 b1a33f93d147477c8063f1f237187cff ab3d8c3e43704514aed60ff5f51af34e - - cbde16b25b144b1db5f103cd0e1391b9 cbde16b25b144b1db5f103cd0e1391b9] 199.19.213.79 "GET /v2.0/networks/afbda204-2e60-46fd-b059-9ad5c4d68df7?fields=segments HTTP/1.1" status: 200 len: 212 time: 0.0945165
2026-02-27 15:54:00.515 9 INFO neutron.wsgi [None req-5091803e-3f33-4b3c-b9b5-40ba8bbe4c29 66ca095a900c47f1abc1a7e5a5cc1ded e605657acc3642f38b5c5ddb7decb851 - - default default] 10.0.0.104 "GET /v2.0/security-groups?tenant_id=1bf338f7f5874106921ac5d0b6ff9f8c&name=default HTTP/1.1" status: 200 len: 2992 time: 0.0660908
2026-02-27 15:54:00.564 9 INFO neutron.wsgi [req-c480ddf2-deb4-47a2-b013-0e00002bff6a req-d0d47ee2-fb97-483b-8250-2a6f7651b84c f89e8c9c7fba4294b7e8c1249cced954 5d381b31b37b4b4080e3499a6d70626c - - default default] 10.0.0.99 "GET /v2.0/ports?device_id=c655f1d3-e7f7-4b67-87d3-828d5aa11559 HTTP/1.1" status: 200 len: 1172 time: 0.2055082
2026-02-27 15:54:00.647 10 INFO neutron.wsgi [req-97720fe8-a843-48b3-9462-0b5305035d0c req-9cc321fd-c51a-43d5-aeda-ca25bb4cf53b b1a33f93d147477c8063f1f237187cff ab3d8c3e43704514aed60ff5f51af34e - - cbde16b25b144b1db5f103cd0e1391b9 cbde16b25b144b1db5f103cd0e1391b9] 199.19.213.79 "GET /v2.0/networks/afbda204-2e60-46fd-b059-9ad5c4d68df7?fields=provider%3Aphysical_network&fields=provider%3Anetwork_type HTTP/1.1" status: 200 len: 277 time: 0.0967758
2026-02-27 15:54:00.802 10 INFO neutron.wsgi [None req-645525c6-c2d9-46d6-956f-73fe0260b477 66ca095a900c47f1abc1a7e5a5cc1ded e605657acc3642f38b5c5ddb7decb851 - - - -] 10.0.0.104 "DELETE /v2.0/security-groups/bb98745a-6d57-4b81-ac92-4358b1947d07 HTTP/1.1" status: 204 len: 168 time: 0.2825406
2026-02-27 15:54:00.907 9 INFO neutron.services.segments.plugin [-] Segment a86add8e-d5d9-460d-b7f8-8109ae3b09e9 resource provider aggregate not found
2026-02-27 15:54:00.917 9 INFO neutron.services.segments.plugin [-] Segment a86add8e-d5d9-460d-b7f8-8109ae3b09e9 resource provider aggregate not found
2026-02-27 15:54:00.940 9 INFO neutron.services.segments.plugin [-] Segment a86add8e-d5d9-460d-b7f8-8109ae3b09e9 resource provider not found; error: Placement Client Error (4xx): {"errors": [{"status": 404, "title": "Not Found", "detail": "The resource could not be found.\n\n No resource provider with uuid a86add8e-d5d9-460d-b7f8-8109ae3b09e9 found for delete ", "request_id": "req-d9808d6b-ddce-45d6-8b3b-f060fa49c3b5"}]}
