2026-02-27 15:57:08.230 9 INFO neutron.plugins.ml2.drivers.ovn.mech_driver.mech_driver [None req-912c40c1-dc61-455c-a2fc-10423d8faf86 - - - - - -] OVN reports status up for port: 8434039a-7716-4237-a544-c7ca1cdc98b6
2026-02-27 15:57:08.248 9 INFO neutron.db.ovn_revision_numbers_db [None req-f889cca3-0bf9-4b4c-a0da-5cf1ff7d4de9 d1787a2e2de54f08bf3cf45d5c6af2e2 72830472573b41168c7952dd08333290 - - default default] Successfully bumped revision number for resource 8434039a-7716-4237-a544-c7ca1cdc98b6 (type: router_ports) to 2
2026-02-27 15:57:08.251 9 INFO neutron.plugins.ml2.plugin [None req-912c40c1-dc61-455c-a2fc-10423d8faf86 - - - - - -] Attempt 1 to provision port 8434039a-7716-4237-a544-c7ca1cdc98b6
2026-02-27 15:57:08.339 9 INFO neutron.services.segments.plugin [-] Segment 865ad007-f1fa-414e-9f10-ab9e3b32e992 resource provider aggregate not found
2026-02-27 15:57:08.349 9 INFO neutron.services.segments.plugin [-] Segment 865ad007-f1fa-414e-9f10-ab9e3b32e992 resource provider aggregate not found
2026-02-27 15:57:08.366 9 INFO neutron.services.segments.plugin [-] Segment 865ad007-f1fa-414e-9f10-ab9e3b32e992 resource provider not found; error: Placement Client Error (4xx): {"errors": [{"status": 404, "title": "Not Found", "detail": "The resource could not be found.\n\n No resource provider with uuid 865ad007-f1fa-414e-9f10-ab9e3b32e992 found for delete ", "request_id": "req-d1469a80-c27c-490b-aaf9-5151a009e6d9"}]}
2026-02-27 15:57:08.386 9 INFO neutron.services.segments.plugin [-] Segment 865ad007-f1fa-414e-9f10-ab9e3b32e992 resource provider not found; error: Placement Client Error (4xx): {"errors": [{"status": 404, "title": "Not Found", "detail": "The resource could not be found.\n\n No resource provider with uuid 865ad007-f1fa-414e-9f10-ab9e3b32e992 found for delete ", "request_id": "req-5f191421-ce73-48d8-81ca-f26ef5d4cbf1"}]}
2026-02-27 15:57:08.424 9 INFO neutron.wsgi [None req-ae5c4895-d261-46e5-a489-ead2eaaa097e 24bcb4a46cbb404cb8fa320271c21c9d 30158972ba4e4cf08c485cacda9b0961 - - - -] 10.0.0.104 "DELETE /v2.0/networks/1aaac193-92bf-4286-ad94-185868aac53f HTTP/1.1" status: 204 len: 168 time: 0.8722074
2026-02-27 15:57:08.459 9 INFO neutron.pecan_wsgi.hooks.translation [None req-fa6fee18-7cd4-411d-bebd-dae36f90deac 24bcb4a46cbb404cb8fa320271c21c9d 30158972ba4e4cf08c485cacda9b0961 - - - -] DELETE failed (client error): The resource could not be found.
2026-02-27 15:57:08.461 9 INFO neutron.wsgi [None req-fa6fee18-7cd4-411d-bebd-dae36f90deac 24bcb4a46cbb404cb8fa320271c21c9d 30158972ba4e4cf08c485cacda9b0961 - - - -] 10.0.0.104 "DELETE /v2.0/subnets/a6903cb4-418c-4db5-8513-3cbeeb1aa623 HTTP/1.1" status: 404 len: 337 time: 0.0219443
2026-02-27 15:57:08.492 9 INFO neutron.pecan_wsgi.hooks.translation [None req-22493e90-23f2-4a2c-abba-4fe4fb795a5d 24bcb4a46cbb404cb8fa320271c21c9d 30158972ba4e4cf08c485cacda9b0961 - - - -] DELETE failed (client error): The resource could not be found.
2026-02-27 15:57:08.494 9 INFO neutron.wsgi [None req-22493e90-23f2-4a2c-abba-4fe4fb795a5d 24bcb4a46cbb404cb8fa320271c21c9d 30158972ba4e4cf08c485cacda9b0961 - - - -] 10.0.0.104 "DELETE /v2.0/subnets/5a593355-944b-4bbb-97aa-5a01e6974e8d HTTP/1.1" status: 404 len: 337 time: 0.0286596
2026-02-27 15:57:08.512 9 INFO neutron.db.ovn_revision_numbers_db [None req-f889cca3-0bf9-4b4c-a0da-5cf1ff7d4de9 d1787a2e2de54f08bf3cf45d5c6af2e2 72830472573b41168c7952dd08333290 - - default default] Successfully bumped revision number for resource 8434039a-7716-4237-a544-c7ca1cdc98b6 (type: ports) to 2
2026-02-27 15:57:08.786 9 INFO neutron.pecan_wsgi.hooks.translation [None req-cc14eb74-9c47-41b2-9433-9a2eaa188fb8 24bcb4a46cbb404cb8fa320271c21c9d 30158972ba4e4cf08c485cacda9b0961 - - - -] DELETE failed (client error): The resource could not be found.
2026-02-27 15:57:08.789 9 INFO neutron.wsgi [None req-cc14eb74-9c47-41b2-9433-9a2eaa188fb8 24bcb4a46cbb404cb8fa320271c21c9d 30158972ba4e4cf08c485cacda9b0961 - - - -] 10.0.0.104 "DELETE /v2.0/subnets/ccd82a11-a676-4b7e-8774-e922769e3934 HTTP/1.1" status: 404 len: 337 time: 0.2838931
2026-02-27 15:57:08.873 9 WARNING neutron.scheduler.dhcp_agent_scheduler [None req-f889cca3-0bf9-4b4c-a0da-5cf1ff7d4de9 d1787a2e2de54f08bf3cf45d5c6af2e2 72830472573b41168c7952dd08333290 - - default default] No more DHCP agents
2026-02-27 15:57:08.875 9 WARNING neutron.api.rpc.agentnotifiers.dhcp_rpc_agent_api [None req-f889cca3-0bf9-4b4c-a0da-5cf1ff7d4de9 d1787a2e2de54f08bf3cf45d5c6af2e2 72830472573b41168c7952dd08333290 - - default default] Unable to schedule network e856f1ea-ba81-4e2c-af1a-6f39c96a618e: no agents available; will retry on subsequent port and subnet creation events.
2026-02-27 15:57:08.910 10 INFO neutron.db.ovn_revision_numbers_db [None req-77c63fd5-f77f-4c58-b36c-80d060d094b0 - - - - - -] Successfully bumped revision number for resource cd1ed6e1-1ae6-4651-94bc-26a97220eced (type: ports) to 2
2026-02-27 15:57:08.959 9 INFO neutron.db.ovn_revision_numbers_db [None req-912c40c1-dc61-455c-a2fc-10423d8faf86 - - - - - -] Successfully bumped revision number for resource 8434039a-7716-4237-a544-c7ca1cdc98b6 (type: ports) to 3
2026-02-27 15:57:09.084 9 INFO neutron.db.ovn_revision_numbers_db [None req-912c40c1-dc61-455c-a2fc-10423d8faf86 - - - - - -] Successfully bumped revision number for resource 8434039a-7716-4237-a544-c7ca1cdc98b6 (type: router_ports) to 3
2026-02-27 15:57:09.122 10 INFO neutron.wsgi [None req-cbb33a6b-064e-4379-b5be-0b1b0117f670 66ca095a900c47f1abc1a7e5a5cc1ded e605657acc3642f38b5c5ddb7decb851 - - - -] 10.0.0.104 "PUT /v2.0/routers/58c0e66f-9a54-40ea-b3b8-cdba785a1e01/remove_router_interface HTTP/1.1" status: 200 len: 503 time: 2.0331795 /var/lib/openstack/lib/python3.10/site-packages/pycadf/identifier.py:71: UserWarning: Invalid uuid: neutron. To ensure interoperability, identifiers should be a valid uuid. warnings.warn(('Invalid uuid: %s. To ensure interoperability, '
2026-02-27 15:57:09.219 9 INFO neutron.db.ovn_revision_numbers_db [None req-f889cca3-0bf9-4b4c-a0da-5cf1ff7d4de9 d1787a2e2de54f08bf3cf45d5c6af2e2 72830472573b41168c7952dd08333290 - - - -] Successfully bumped revision number for resource 8434039a-7716-4237-a544-c7ca1cdc98b6 (type: router_ports) to 3
2026-02-27 15:57:09.222 9 INFO neutron.wsgi [None req-f889cca3-0bf9-4b4c-a0da-5cf1ff7d4de9 d1787a2e2de54f08bf3cf45d5c6af2e2 72830472573b41168c7952dd08333290 - - - -] 10.0.0.104 "PUT /v2.0/routers/2ac9f732-105a-444c-a20b-9cf0e32d35a3/add_router_interface HTTP/1.1" status: 200 len: 503 time: 2.3148756
2026-02-27 15:57:09.283 10 INFO neutron.db.ovn_revision_numbers_db [None req-77c63fd5-f77f-4c58-b36c-80d060d094b0 - - - - - -] Successfully bumped revision number for resource cd1ed6e1-1ae6-4651-94bc-26a97220eced (type: ports) to 4
2026-02-27 15:57:09.609 10 INFO neutron.db.ovn_revision_numbers_db [None req-77c63fd5-f77f-4c58-b36c-80d060d094b0 - - - - - -] Successfully bumped revision number for resource cd1ed6e1-1ae6-4651-94bc-26a97220eced (type: router_ports) to 4
2026-02-27 15:57:09.769 9 WARNING neutron.scheduler.dhcp_agent_scheduler [None req-e931596b-8541-4d9c-8a17-490a75fef9ae d1787a2e2de54f08bf3cf45d5c6af2e2 72830472573b41168c7952dd08333290 - - default default] No more DHCP agents
2026-02-27 15:57:09.770 9 WARNING neutron.api.rpc.agentnotifiers.dhcp_rpc_agent_api [None req-e931596b-8541-4d9c-8a17-490a75fef9ae d1787a2e2de54f08bf3cf45d5c6af2e2 72830472573b41168c7952dd08333290 - - default default] Unable to schedule network 3ae255fe-d4ef-46c2-91d4-799bb3734ac0: no agents available; will retry on subsequent port and subnet creation events.
2026-02-27 15:57:09.784 10 INFO neutron.wsgi [None req-fd4b65ec-3623-418c-a3bf-ea4235488e36 66ca095a900c47f1abc1a7e5a5cc1ded e605657acc3642f38b5c5ddb7decb851 - - default default] 10.0.0.104 "GET /v2.0/security-groups?tenant_id=30158972ba4e4cf08c485cacda9b0961&name=default HTTP/1.1" status: 200 len: 2996 time: 0.1642582
2026-02-27 15:57:09.892 10 INFO neutron.wsgi [None req-9f3c9547-063d-496d-8bdc-0b0a0a8060fa 66ca095a900c47f1abc1a7e5a5cc1ded e605657acc3642f38b5c5ddb7decb851 - - - -] 10.0.0.104 "DELETE /v2.0/routers/58c0e66f-9a54-40ea-b3b8-cdba785a1e01 HTTP/1.1" status: 204 len: 168 time: 0.7632372
2026-02-27 15:57:09.946 9 INFO neutron.db.ovn_revision_numbers_db [None req-e931596b-8541-4d9c-8a17-490a75fef9ae d1787a2e2de54f08bf3cf45d5c6af2e2 72830472573b41168c7952dd08333290 - - default default] Successfully bumped revision number for resource 4ea56782-915d-4aea-bf2c-034cadb733b6 (type: ports) to 1
2026-02-27 15:57:10.092 9 INFO neutron.wsgi [None req-35d86e80-c7fa-41b5-ba57-cd9530e81f6c 66ca095a900c47f1abc1a7e5a5cc1ded e605657acc3642f38b5c5ddb7decb851 - - - -] 10.0.0.104 "DELETE /v2.0/security-groups/2e424a31-dd2c-4cdd-9aed-7ddf79f34aab HTTP/1.1" status: 204 len: 168 time: 0.2798595
2026-02-27 15:57:10.143 10 INFO neutron.wsgi [None req-1c8a0089-8095-47b8-876e-31066334b90f 66ca095a900c47f1abc1a7e5a5cc1ded e605657acc3642f38b5c5ddb7decb851 - - - -] 10.0.0.104 "DELETE /v2.0/subnets/e349c80b-431c-4a51-9681-12b21c9173d6 HTTP/1.1" status: 204 len: 168 time: 0.2445736
2026-02-27 15:57:10.335 10 INFO neutron.db.ovn_revision_numbers_db [None req-f113a0f0-207e-4728-bebd-50a58f4c2e1e 66ca095a900c47f1abc1a7e5a5cc1ded e605657acc3642f38b5c5ddb7decb851 - - default default] Successfully bumped revision number for resource fd036450-638d-41f8-87f3-8e4a1764ce4b (type: security_groups) to 1
2026-02-27 15:57:10.370 10 INFO neutron.wsgi [None req-f113a0f0-207e-4728-bebd-50a58f4c2e1e 66ca095a900c47f1abc1a7e5a5cc1ded e605657acc3642f38b5c5ddb7decb851 - - default default] 10.0.0.104 "GET /v2.0/security-groups?tenant_id=3e409e505eef4c148e62e1d8319152fd&name=default HTTP/1.1" status: 200 len: 2996 time: 0.1841714
2026-02-27 15:57:10.473 10 INFO neutron.plugins.ml2.drivers.ovn.mech_driver.mech_driver [None req-76928be3-c245-4694-afcb-9cabb589e602 - - - - - -] OVN reports status up for port: 4ea56782-915d-4aea-bf2c-034cadb733b6
2026-02-27 15:57:10.473 9 INFO neutron.db.ovn_revision_numbers_db [None req-e931596b-8541-4d9c-8a17-490a75fef9ae d1787a2e2de54f08bf3cf45d5c6af2e2 72830472573b41168c7952dd08333290 - - default default] Successfully bumped revision number for resource 4ea56782-915d-4aea-bf2c-034cadb733b6 (type: router_ports) to 2
2026-02-27 15:57:10.488 10 INFO neutron.plugins.ml2.plugin [None req-76928be3-c245-4694-afcb-9cabb589e602 - - - - - -] Attempt 1 to provision port 4ea56782-915d-4aea-bf2c-034cadb733b6
2026-02-27 15:57:10.610 9 INFO neutron.db.ovn_revision_numbers_db [None req-e931596b-8541-4d9c-8a17-490a75fef9ae d1787a2e2de54f08bf3cf45d5c6af2e2 72830472573b41168c7952dd08333290 - - default default] Successfully bumped revision number for resource 4ea56782-915d-4aea-bf2c-034cadb733b6 (type: ports) to 2
2026-02-27 15:57:10.641 10 INFO neutron.services.segments.plugin [-] Segment 8cdd869e-6a1d-4f85-aaf2-8a8c714e311a resource provider aggregate not found
2026-02-27 15:57:10.647 10 INFO neutron.services.segments.plugin [-] Segment 8cdd869e-6a1d-4f85-aaf2-8a8c714e311a resource provider aggregate not found
2026-02-27 15:57:10.665 10 INFO neutron.services.segments.plugin [-] Segment 8cdd869e-6a1d-4f85-aaf2-8a8c714e311a resource provider not found; error: Placement Client Error (4xx): {"errors": [{"status": 404, "title": "Not Found", "detail": "The resource could not be found.\n\n No resource provider with uuid 8cdd869e-6a1d-4f85-aaf2-8a8c714e311a found for delete ", "request_id": "req-65a2490d-f409-4398-8836-72272e265fed"}]}
2026-02-27 15:57:10.665 10 INFO neutron.services.segments.plugin [-] Segment 8cdd869e-6a1d-4f85-aaf2-8a8c714e311a resource provider not found; error: Placement Client Error (4xx): {"errors": [{"status": 404, "title": "Not Found", "detail": "The resource could not be found.\n\n No resource provider with uuid 8cdd869e-6a1d-4f85-aaf2-8a8c714e311a found for delete ", "request_id": "req-70b9613e-5adc-4747-b4f2-bb839f41e731"}]}
2026-02-27 15:57:10.673 9 WARNING neutron.scheduler.dhcp_agent_scheduler [None req-e931596b-8541-4d9c-8a17-490a75fef9ae d1787a2e2de54f08bf3cf45d5c6af2e2 72830472573b41168c7952dd08333290 - - default default] No more DHCP agents
2026-02-27 15:57:10.675 9 WARNING neutron.api.rpc.agentnotifiers.dhcp_rpc_agent_api [None req-e931596b-8541-4d9c-8a17-490a75fef9ae d1787a2e2de54f08bf3cf45d5c6af2e2 72830472573b41168c7952dd08333290 - - default default] Unable to schedule network 3ae255fe-d4ef-46c2-91d4-799bb3734ac0: no agents available; will retry on subsequent port and subnet creation events.
2026-02-27 15:57:10.715 10 INFO neutron.wsgi [None req-77b3c69b-15ef-4c1f-a3c0-fe5c4de8a7f6 66ca095a900c47f1abc1a7e5a5cc1ded e605657acc3642f38b5c5ddb7decb851 - - - -] 10.0.0.104 "DELETE /v2.0/networks/84460363-2fc3-414c-b056-eab7c7ebef6c HTTP/1.1" status: 204 len: 168 time: 0.5623438
2026-02-27 15:57:10.748 10 INFO neutron.wsgi [None req-61eed986-684d-4b7a-8db3-c59b53bf2bf4 66ca095a900c47f1abc1a7e5a5cc1ded e605657acc3642f38b5c5ddb7decb851 - - - -] 10.0.0.104 "DELETE /v2.0/security-groups/fd036450-638d-41f8-87f3-8e4a1764ce4b HTTP/1.1" status: 204 len: 168 time: 0.3702970
2026-02-27 15:57:10.842 10 INFO neutron.db.ovn_revision_numbers_db [None req-76928be3-c245-4694-afcb-9cabb589e602 - - - - - -] Successfully bumped revision number for resource 4ea56782-915d-4aea-bf2c-034cadb733b6 (type: ports) to 3
2026-02-27 15:57:10.947 10 INFO neutron.db.ovn_revision_numbers_db [None req-76928be3-c245-4694-afcb-9cabb589e602 - - - - - -] Successfully bumped revision number for resource 4ea56782-915d-4aea-bf2c-034cadb733b6 (type: router_ports) to 3
2026-02-27 15:57:10.998 10 INFO neutron.db.ovn_revision_numbers_db [None req-913e9abe-2dcd-48ac-916f-c70334987fa8 66ca095a900c47f1abc1a7e5a5cc1ded e605657acc3642f38b5c5ddb7decb851 - - default default] Successfully bumped revision number for resource 8439a997-25c4-4b7f-900d-2df9dcca6a88 (type: security_groups) to 1
2026-02-27 15:57:11.017 9 INFO neutron.db.ovn_revision_numbers_db [None req-e931596b-8541-4d9c-8a17-490a75fef9ae d1787a2e2de54f08bf3cf45d5c6af2e2 72830472573b41168c7952dd08333290 - - - -] Successfully bumped revision number for resource 4ea56782-915d-4aea-bf2c-034cadb733b6 (type: router_ports) to 3
2026-02-27 15:57:11.020 9 INFO neutron.wsgi [None req-e931596b-8541-4d9c-8a17-490a75fef9ae d1787a2e2de54f08bf3cf45d5c6af2e2 72830472573b41168c7952dd08333290 - - - -] 10.0.0.104 "PUT /v2.0/routers/2ac9f732-105a-444c-a20b-9cf0e32d35a3/add_router_interface HTTP/1.1" status: 200 len: 503 time: 1.7774150
2026-02-27 15:57:11.030 10 INFO neutron.wsgi [None req-913e9abe-2dcd-48ac-916f-c70334987fa8 66ca095a900c47f1abc1a7e5a5cc1ded e605657acc3642f38b5c5ddb7decb851 - - default default] 10.0.0.104 "GET /v2.0/security-groups?tenant_id=676ac9c19d654c2c8a6b2e60f100ce5f&name=default HTTP/1.1" status: 200 len: 2996 time: 0.1370246
2026-02-27 15:57:11.152 10 INFO neutron.wsgi [None req-bfdcdccf-9411-4f00-986e-b5f9636351f0 66ca095a900c47f1abc1a7e5a5cc1ded e605657acc3642f38b5c5ddb7decb851 - - default default] 10.0.0.104 "GET /v2.0/security-groups?tenant_id=73afab3fd3ab4e60904b27a08defe775&name=default HTTP/1.1" status: 200 len: 2996 time: 0.0278511
2026-02-27 15:57:11.277 9 INFO neutron.wsgi [None req-ade5e4d6-f6ec-4a0a-9932-df10edd71b2c f4349c28e88a4223b9759cba1a885fdd 13f189d1340c49e9aa59eac19a312aef - - - -] 10.0.0.104 "POST /v2.0/subnetpools HTTP/1.1" status: 201 len: 715 time: 0.3899002
2026-02-27 15:57:11.330 10 INFO neutron.wsgi [None req-9b544cbc-7129-471b-aa1e-42de9edacdf1 f4349c28e88a4223b9759cba1a885fdd 13f189d1340c49e9aa59eac19a312aef - - - -] 10.0.0.104 "PUT /v2.0/subnetpools/cd150994-5df7-4cdf-a16c-578cca7da163/tags HTTP/1.1" status: 200 len: 218 time: 0.0426488
2026-02-27 15:57:11.358 10 INFO neutron.wsgi [None req-3b8a5586-7a49-443c-85a7-788fb5de7bc5 f4349c28e88a4223b9759cba1a885fdd 13f189d1340c49e9aa59eac19a312aef - - default default] 10.0.0.104 "GET /v2.0/subnetpools/cd150994-5df7-4cdf-a16c-578cca7da163/tags HTTP/1.1" status: 200 len: 218 time: 0.0221004
2026-02-27 15:57:11.393 10 INFO neutron.wsgi [None req-6a22db08-53a0-4855-8401-4df116d57910 f4349c28e88a4223b9759cba1a885fdd 13f189d1340c49e9aa59eac19a312aef - - - -] 10.0.0.104 "PUT /v2.0/subnetpools/cd150994-5df7-4cdf-a16c-578cca7da163/tags/green HTTP/1.1" status: 201 len: 201 time: 0.0311103
2026-02-27 15:57:11.396 10 INFO neutron.wsgi [None req-49459ffc-cd60-4cd3-9a0d-1e917695a120 66ca095a900c47f1abc1a7e5a5cc1ded e605657acc3642f38b5c5ddb7decb851 - - - -] 10.0.0.104 "DELETE /v2.0/security-groups/56cb18f8-fe9f-4909-b56d-57270439c6ee HTTP/1.1" status: 204 len: 168 time: 0.2395837
2026-02-27 15:57:11.413 10 INFO neutron.wsgi [None req-4bacb4c6-1d4d-4c8c-af58-e6e3aa9522c0 f4349c28e88a4223b9759cba1a885fdd 13f189d1340c49e9aa59eac19a312aef - - default default] 10.0.0.104 "GET /v2.0/subnetpools/cd150994-5df7-4cdf-a16c-578cca7da163/tags HTTP/1.1" status: 200 len: 227 time: 0.0144215
2026-02-27 15:57:11.425 9 INFO neutron.wsgi [None req-5a121684-46f7-464b-9043-d45ca5f23946 66ca095a900c47f1abc1a7e5a5cc1ded e605657acc3642f38b5c5ddb7decb851 - - - -] 10.0.0.104 "DELETE /v2.0/security-groups/8439a997-25c4-4b7f-900d-2df9dcca6a88 HTTP/1.1" status: 204 len: 168 time: 0.3894715
2026-02-27 15:57:11.435 10 INFO neutron.wsgi [None req-dc919623-6f7e-4378-b559-fa5afac8efca f4349c28e88a4223b9759cba1a885fdd 13f189d1340c49e9aa59eac19a312aef - - - -] 10.0.0.104 "PUT /v2.0/subnetpools/cd150994-5df7-4cdf-a16c-578cca7da163/tags/red HTTP/1.1" status: 201 len: 201 time: 0.0169678
2026-02-27 15:57:11.456 10 INFO neutron.wsgi [None req-9a6f4483-6953-4cb0-b01e-6f25f9be8506 f4349c28e88a4223b9759cba1a885fdd 13f189d1340c49e9aa59eac19a312aef - - default default] 10.0.0.104 "GET /v2.0/subnetpools/cd150994-5df7-4cdf-a16c-578cca7da163/tags HTTP/1.1" status: 200 len: 227 time: 0.0139370
2026-02-27 15:57:11.487 10 INFO neutron.wsgi [None req-2291114e-06a7-4daf-9178-e9de0d912b21 f4349c28e88a4223b9759cba1a885fdd 13f189d1340c49e9aa59eac19a312aef - - - -] 10.0.0.104 "PUT /v2.0/subnetpools/cd150994-5df7-4cdf-a16c-578cca7da163/tags/black.or.white HTTP/1.1" status: 201 len: 201 time: 0.0271683
2026-02-27 15:57:11.509 10 INFO neutron.wsgi [None req-81a45ab5-c611-410a-a17d-44c80ad002ec f4349c28e88a4223b9759cba1a885fdd 13f189d1340c49e9aa59eac19a312aef - - default default] 10.0.0.104 "GET /v2.0/subnetpools/cd150994-5df7-4cdf-a16c-578cca7da163/tags HTTP/1.1" status: 200 len: 245 time: 0.0175414
2026-02-27 15:57:11.548 10 INFO neutron.wsgi [None req-4467f7f7-20b6-4125-a096-2449e0d698c6 f4349c28e88a4223b9759cba1a885fdd 13f189d1340c49e9aa59eac19a312aef - - - -] 10.0.0.104 "PUT /v2.0/subnetpools/cd150994-5df7-4cdf-a16c-578cca7da163/tags HTTP/1.1" status: 200 len: 230 time: 0.0347877
2026-02-27 15:57:11.568 10 INFO neutron.wsgi [None req-91c0e128-c2c2-41af-9e38-10f2c6e1a814 f4349c28e88a4223b9759cba1a885fdd 13f189d1340c49e9aa59eac19a312aef - - default default] 10.0.0.104 "GET /v2.0/subnetpools/cd150994-5df7-4cdf-a16c-578cca7da163/tags HTTP/1.1" status: 200 len: 230 time: 0.0151868
2026-02-27 15:57:11.596 10 INFO neutron.wsgi [None req-66268616-df57-4424-ab04-b9d402b355c4 f4349c28e88a4223b9759cba1a885fdd 13f189d1340c49e9aa59eac19a312aef - - default default] 10.0.0.104 "GET /v2.0/subnetpools/cd150994-5df7-4cdf-a16c-578cca7da163/tags/red HTTP/1.1" status: 204 len: 168 time: 0.0211968
2026-02-27 15:57:11.615 10 INFO neutron.wsgi [None req-3877deae-bcf4-4956-a977-db5f70cc85b3 66ca095a900c47f1abc1a7e5a5cc1ded e605657acc3642f38b5c5ddb7decb851 - - default default] 10.0.0.104 "GET /v2.0/security-groups?tenant_id=1c763488ba434b5da24853272914535c&name=default HTTP/1.1" status: 200 len: 2996 time: 0.0347826
2026-02-27 15:57:11.617 10 INFO neutron.api.v2.resource [None req-8f74e60d-e6e9-48f5-a5d2-3d314971033d f4349c28e88a4223b9759cba1a885fdd 13f189d1340c49e9aa59eac19a312aef - - default default] show failed (client error): The resource could not be found.
2026-02-27 15:57:11.618 10 INFO neutron.wsgi [None req-8f74e60d-e6e9-48f5-a5d2-3d314971033d f4349c28e88a4223b9759cba1a885fdd 13f189d1340c49e9aa59eac19a312aef - - default default] 10.0.0.104 "GET /v2.0/subnetpools/cd150994-5df7-4cdf-a16c-578cca7da163/tags/green HTTP/1.1" status: 404 len: 299 time: 0.0165923
2026-02-27 15:57:11.679 9 INFO neutron.wsgi [None req-38748b1f-38b4-4e3a-85e0-f6e77ba7f5d4 f4349c28e88a4223b9759cba1a885fdd 13f189d1340c49e9aa59eac19a312aef - - - -] 10.0.0.104 "DELETE /v2.0/subnetpools/cd150994-5df7-4cdf-a16c-578cca7da163/tags/red HTTP/1.1" status: 204 len: 168 time: 0.0566278
2026-02-27 15:57:11.686 9 WARNING neutron.scheduler.dhcp_agent_scheduler [None req-1716f73d-f48b-4307-99ea-a5bd06e620b9 d1787a2e2de54f08bf3cf45d5c6af2e2 72830472573b41168c7952dd08333290 - - default default] No more DHCP agents
2026-02-27 15:57:11.687 9 WARNING neutron.api.rpc.agentnotifiers.dhcp_rpc_agent_api [None req-1716f73d-f48b-4307-99ea-a5bd06e620b9 d1787a2e2de54f08bf3cf45d5c6af2e2 72830472573b41168c7952dd08333290 - - default default] Unable to schedule network 73b7a96e-a37e-4473-bcd2-43699080a968: no agents available; will retry on subsequent port and subnet creation events.
2026-02-27 15:57:11.700 10 INFO neutron.wsgi [None req-cb143ddc-f2e0-49fd-9fff-3bf659ec2dd9 f4349c28e88a4223b9759cba1a885fdd 13f189d1340c49e9aa59eac19a312aef - - default default] 10.0.0.104 "GET /v2.0/subnetpools/cd150994-5df7-4cdf-a16c-578cca7da163/tags HTTP/1.1" status: 200 len: 223 time: 0.0161169
2026-02-27 15:57:11.738 10 INFO neutron.api.v2.resource [None req-7bcd2666-ece0-4d32-b588-6d12beb92d86 f4349c28e88a4223b9759cba1a885fdd 13f189d1340c49e9aa59eac19a312aef - - - -] delete failed (client error): The resource could not be found.
2026-02-27 15:57:11.739 10 INFO neutron.wsgi [None req-7bcd2666-ece0-4d32-b588-6d12beb92d86 f4349c28e88a4223b9759cba1a885fdd 13f189d1340c49e9aa59eac19a312aef - - - -] 10.0.0.104 "DELETE /v2.0/subnetpools/cd150994-5df7-4cdf-a16c-578cca7da163/tags/green HTTP/1.1" status: 404 len: 299 time: 0.0344284
2026-02-27 15:57:11.780 10 INFO neutron.wsgi [None req-fdb98482-0509-473d-b8cc-c5564477e8df f4349c28e88a4223b9759cba1a885fdd 13f189d1340c49e9aa59eac19a312aef - - - -] 10.0.0.104 "DELETE /v2.0/subnetpools/cd150994-5df7-4cdf-a16c-578cca7da163/tags HTTP/1.1" status: 204 len: 168 time: 0.0352287
2026-02-27 15:57:11.800 10 INFO neutron.wsgi [None req-7bd185a4-f134-4bce-afeb-038669399393 f4349c28e88a4223b9759cba1a885fdd 13f189d1340c49e9aa59eac19a312aef - - default default] 10.0.0.104 "GET /v2.0/subnetpools/cd150994-5df7-4cdf-a16c-578cca7da163/tags HTTP/1.1" status: 200 len: 205 time: 0.0154681
2026-02-27 15:57:11.839 10 INFO neutron.wsgi [None req-4f43870f-f074-4609-85e3-fb4cc9a91264 66ca095a900c47f1abc1a7e5a5cc1ded e605657acc3642f38b5c5ddb7decb851 - - - -] 10.0.0.104 "DELETE /v2.0/security-groups/9f4ade4e-6ab2-4bf7-b7d9-046bcb093e06 HTTP/1.1" status: 204 len: 168 time: 0.2196007
2026-02-27 15:57:11.863 9 INFO neutron.db.ovn_revision_numbers_db [None req-1716f73d-f48b-4307-99ea-a5bd06e620b9 d1787a2e2de54f08bf3cf45d5c6af2e2 72830472573b41168c7952dd08333290 - - default default] Successfully bumped revision number for resource d8f3c5e3-bffb-452b-8786-1a6e70895883 (type: ports) to 1
2026-02-27 15:57:11.882 10 INFO neutron.wsgi [None req-26744733-eb92-4da2-a00c-d793f2288948 f4349c28e88a4223b9759cba1a885fdd 13f189d1340c49e9aa59eac19a312aef - - - -] 10.0.0.104 "DELETE /v2.0/subnetpools/cd150994-5df7-4cdf-a16c-578cca7da163 HTTP/1.1" status: 204 len: 168 time: 0.0739119
2026-02-27 15:57:12.627 9 INFO neutron.db.ovn_revision_numbers_db [None req-1716f73d-f48b-4307-99ea-a5bd06e620b9 d1787a2e2de54f08bf3cf45d5c6af2e2 72830472573b41168c7952dd08333290 - - default default] Successfully bumped revision number for resource d8f3c5e3-bffb-452b-8786-1a6e70895883 (type: router_ports) to 2
2026-02-27 15:57:12.715 10 INFO neutron.db.ovn_revision_numbers_db [None req-819b5fc1-b991-4f76-8291-cf628a6b9653 66ca095a900c47f1abc1a7e5a5cc1ded e605657acc3642f38b5c5ddb7decb851 - - default default] Successfully bumped revision number for resource fdc1fedc-49d3-4167-b642-cc8831573e00 (type: security_groups) to 1
2026-02-27 15:57:12.748 10 INFO neutron.wsgi [None req-819b5fc1-b991-4f76-8291-cf628a6b9653 66ca095a900c47f1abc1a7e5a5cc1ded e605657acc3642f38b5c5ddb7decb851 - - default default] 10.0.0.104 "GET /v2.0/security-groups?tenant_id=13f189d1340c49e9aa59eac19a312aef&name=default HTTP/1.1" status: 200 len: 2996 time: 0.2323005
2026-02-27 15:57:12.755 9 INFO neutron.db.ovn_revision_numbers_db [None req-1716f73d-f48b-4307-99ea-a5bd06e620b9 d1787a2e2de54f08bf3cf45d5c6af2e2 72830472573b41168c7952dd08333290 - - default default] Successfully bumped revision number for resource d8f3c5e3-bffb-452b-8786-1a6e70895883 (type: ports) to 2
2026-02-27 15:57:12.821 9 WARNING neutron.scheduler.dhcp_agent_scheduler [None req-1716f73d-f48b-4307-99ea-a5bd06e620b9 d1787a2e2de54f08bf3cf45d5c6af2e2 72830472573b41168c7952dd08333290 - - default default] No more DHCP agents
2026-02-27 15:57:12.822 9 WARNING neutron.api.rpc.agentnotifiers.dhcp_rpc_agent_api [None req-1716f73d-f48b-4307-99ea-a5bd06e620b9 d1787a2e2de54f08bf3cf45d5c6af2e2 72830472573b41168c7952dd08333290 - - default default] Unable to schedule network 73b7a96e-a37e-4473-bcd2-43699080a968: no agents available; will retry on subsequent port and subnet creation events.
2026-02-27 15:57:13.168 9 INFO neutron.db.ovn_revision_numbers_db [None req-1716f73d-f48b-4307-99ea-a5bd06e620b9 d1787a2e2de54f08bf3cf45d5c6af2e2 72830472573b41168c7952dd08333290 - - - -] Successfully bumped revision number for resource d8f3c5e3-bffb-452b-8786-1a6e70895883 (type: router_ports) to 2
2026-02-27 15:57:13.170 9 INFO neutron.wsgi [None req-1716f73d-f48b-4307-99ea-a5bd06e620b9 d1787a2e2de54f08bf3cf45d5c6af2e2 72830472573b41168c7952dd08333290 - - - -] 10.0.0.104 "PUT /v2.0/routers/2ac9f732-105a-444c-a20b-9cf0e32d35a3/add_router_interface HTTP/1.1" status: 200 len: 503 time: 2.1449220
2026-02-27 15:57:13.332 10 INFO neutron.wsgi [None req-31b17595-e8fa-49ac-8345-e787e4cc3865 66ca095a900c47f1abc1a7e5a5cc1ded e605657acc3642f38b5c5ddb7decb851 - - - -] 10.0.0.104 "DELETE /v2.0/security-groups/fdc1fedc-49d3-4167-b642-cc8831573e00 HTTP/1.1" status: 204 len: 168 time: 0.5778604
2026-02-27 15:57:13.357 10 INFO neutron.db.ovn_revision_numbers_db [None req-e208ba37-176b-4902-b72b-05f1fec75f1b d1787a2e2de54f08bf3cf45d5c6af2e2 72830472573b41168c7952dd08333290 - - - -] Successfully bumped revision number for resource 2d3959d8-b155-4bef-b56b-96857d03fac5 (type: security_groups) to 1
2026-02-27 15:57:13.379 10 INFO neutron.wsgi [None req-e208ba37-176b-4902-b72b-05f1fec75f1b d1787a2e2de54f08bf3cf45d5c6af2e2 72830472573b41168c7952dd08333290 - - - -] 10.0.0.104 "POST /v2.0/security-groups HTTP/1.1" status: 201 len: 1764 time: 0.1365263
2026-02-27 15:57:13.502 10 INFO neutron.db.ovn_revision_numbers_db [None req-367817a2-a47a-429d-b8fd-cceb22b795b3 d1787a2e2de54f08bf3cf45d5c6af2e2 72830472573b41168c7952dd08333290 - - - -] Successfully bumped revision number for resource 59bba9d3-f1bb-40ae-9c36-b74b89a506a4 (type: security_group_rules) to 0
2026-02-27 15:57:13.533 10 INFO neutron.wsgi [None req-367817a2-a47a-429d-b8fd-cceb22b795b3 d1787a2e2de54f08bf3cf45d5c6af2e2 72830472573b41168c7952dd08333290 - - - -] 10.0.0.104 "POST /v2.0/security-group-rules HTTP/1.1" status: 201 len: 764 time: 0.1456180
2026-02-27 15:57:13.566 10 INFO neutron.db.ovn_revision_numbers_db [None req-670f7f9b-6f88-4e10-ae7e-eb3ed3f84e84 66ca095a900c47f1abc1a7e5a5cc1ded e605657acc3642f38b5c5ddb7decb851 - - default default] Successfully bumped revision number for resource a362bd36-197e-4378-879a-5ae931f47bd9 (type: security_groups) to 1
2026-02-27 15:57:13.586 10 INFO neutron.wsgi [None req-670f7f9b-6f88-4e10-ae7e-eb3ed3f84e84 66ca095a900c47f1abc1a7e5a5cc1ded e605657acc3642f38b5c5ddb7decb851 - - default default] 10.0.0.104 "GET /v2.0/security-groups?tenant_id=caf6bcdfb206407fa792b7ecb73e31a3&name=default HTTP/1.1" status: 200 len: 2996 time: 0.1075971
2026-02-27 15:57:13.687 9 INFO neutron.db.ovn_revision_numbers_db [None req-bcc274d3-fb76-464c-a71f-a9b43f31d357 d1787a2e2de54f08bf3cf45d5c6af2e2 72830472573b41168c7952dd08333290 - - - -] Successfully bumped revision number for resource f993069c-6103-4af3-b35f-0d81e36812ab (type: security_group_rules) to 0
2026-02-27 15:57:13.709 9 INFO neutron.wsgi [None req-bcc274d3-fb76-464c-a71f-a9b43f31d357 d1787a2e2de54f08bf3cf45d5c6af2e2 72830472573b41168c7952dd08333290 - - - -] 10.0.0.104 "POST /v2.0/security-group-rules HTTP/1.1" status: 201 len: 764 time: 0.1695588
2026-02-27 15:57:13.775 10 INFO neutron.wsgi [None req-e37281c3-1dcf-47a7-bd2e-f0c8aa3b4aed 66ca095a900c47f1abc1a7e5a5cc1ded e605657acc3642f38b5c5ddb7decb851 - - - -] 10.0.0.104 "DELETE /v2.0/security-groups/a362bd36-197e-4378-879a-5ae931f47bd9 HTTP/1.1" status: 204 len: 168 time: 0.1834571
2026-02-27 15:57:13.815 9 INFO neutron.db.ovn_revision_numbers_db [None req-7492aac3-7b0e-45f7-bd3b-5b3f01c9db07 d1787a2e2de54f08bf3cf45d5c6af2e2 72830472573b41168c7952dd08333290 - - - -] Successfully bumped revision number for resource 51a083b6-f41b-48af-811a-df16a1c76bea (type: security_group_rules) to 0
2026-02-27 15:57:13.840 9 INFO neutron.wsgi [None req-7492aac3-7b0e-45f7-bd3b-5b3f01c9db07 d1787a2e2de54f08bf3cf45d5c6af2e2 72830472573b41168c7952dd08333290 - - - -] 10.0.0.104 "POST /v2.0/security-group-rules HTTP/1.1" status: 201 len: 766 time: 0.1254408
2026-02-27 15:57:13.959 9 INFO neutron.db.ovn_revision_numbers_db [None req-49f58907-ec0b-4cf9-966f-fb789cdf9aa9 d1787a2e2de54f08bf3cf45d5c6af2e2 72830472573b41168c7952dd08333290 - - - -] Successfully bumped revision number for resource 8678f072-0dd0-4a56-8d9e-e1f4b66eccd1 (type: security_group_rules) to 0
2026-02-27 15:57:13.985 9 INFO neutron.wsgi [None req-49f58907-ec0b-4cf9-966f-fb789cdf9aa9 d1787a2e2de54f08bf3cf45d5c6af2e2 72830472573b41168c7952dd08333290 - - - -] 10.0.0.104 "POST /v2.0/security-group-rules HTTP/1.1" status: 201 len: 768 time: 0.1402383
2026-02-27 15:57:14.097 9 INFO neutron.db.ovn_revision_numbers_db [None req-ee7fb939-9360-4524-8123-4c60d995aee0 d1787a2e2de54f08bf3cf45d5c6af2e2 72830472573b41168c7952dd08333290 - - - -] Successfully bumped revision number for resource 9983956b-fb2f-434c-9391-cc2d6ccbee4d (type: security_group_rules) to 0
2026-02-27 15:57:14.142 9 INFO neutron.wsgi [None req-ee7fb939-9360-4524-8123-4c60d995aee0 d1787a2e2de54f08bf3cf45d5c6af2e2 72830472573b41168c7952dd08333290 - - - -] 10.0.0.104 "POST /v2.0/security-group-rules HTTP/1.1" status: 201 len: 768 time: 0.1499820
2026-02-27 15:57:14.273 9 INFO neutron.db.ovn_revision_numbers_db [None req-05470950-5577-4708-bc88-a4c2543cff38 d1787a2e2de54f08bf3cf45d5c6af2e2 72830472573b41168c7952dd08333290 - - - -] Successfully bumped revision number for resource 7eef33cf-c7e6-462a-baf0-2ec3e4a41b29 (type: security_group_rules) to 0
2026-02-27 15:57:14.308 9 INFO neutron.wsgi [None req-05470950-5577-4708-bc88-a4c2543cff38 d1787a2e2de54f08bf3cf45d5c6af2e2 72830472573b41168c7952dd08333290 - - - -] 10.0.0.104 "POST /v2.0/security-group-rules HTTP/1.1" status: 201 len: 764 time: 0.1609921
2026-02-27 15:57:14.428 9 INFO neutron.db.ovn_revision_numbers_db [None req-d507bfb6-e27a-45ef-a653-8a1ae85e54e0 d1787a2e2de54f08bf3cf45d5c6af2e2 72830472573b41168c7952dd08333290 - - - -] Successfully bumped revision number for resource d1d92bb3-5765-4b0c-8c7d-1cd0af6545b5 (type: security_group_rules) to 0
2026-02-27 15:57:14.458 9 INFO neutron.wsgi [None req-d507bfb6-e27a-45ef-a653-8a1ae85e54e0 d1787a2e2de54f08bf3cf45d5c6af2e2 72830472573b41168c7952dd08333290 - - - -] 10.0.0.104 "POST /v2.0/security-group-rules HTTP/1.1" status: 201 len: 764 time: 0.1443586
2026-02-27 15:57:14.624 9 INFO neutron.db.ovn_revision_numbers_db [None req-c8e2bd1e-ec08-49eb-a741-9c1269e1c89e d1787a2e2de54f08bf3cf45d5c6af2e2 72830472573b41168c7952dd08333290 - - - -] Successfully bumped revision number for resource 41ff5b5f-b534-4a78-9d16-75403b0c83da (type: security_group_rules) to 0
2026-02-27 15:57:14.650 9 WARNING neutron.plugins.ml2.drivers.ovn.mech_driver.ovsdb.ovn_client [None req-912c40c1-dc61-455c-a2fc-10423d8faf86 - - - - - -] No hosting information found for port 8434039a-7716-4237-a544-c7ca1cdc98b6: RuntimeError: No hosting information found for port 8434039a-7716-4237-a544-c7ca1cdc98b6
2026-02-27 15:57:14.651 9 INFO neutron.plugins.ml2.drivers.ovn.mech_driver.mech_driver [None req-912c40c1-dc61-455c-a2fc-10423d8faf86 - - - - - -] OVN reports status up for port: d8f3c5e3-bffb-452b-8786-1a6e70895883
2026-02-27 15:57:14.663 9 INFO neutron.wsgi [None req-c8e2bd1e-ec08-49eb-a741-9c1269e1c89e d1787a2e2de54f08bf3cf45d5c6af2e2 72830472573b41168c7952dd08333290 - - - -] 10.0.0.104 "POST /v2.0/security-group-rules HTTP/1.1" status: 201 len: 764 time: 0.1961787
2026-02-27 15:57:14.664 9 INFO neutron.plugins.ml2.plugin [None req-912c40c1-dc61-455c-a2fc-10423d8faf86 - - - - - -] Attempt 1 to provision port d8f3c5e3-bffb-452b-8786-1a6e70895883
2026-02-27 15:57:14.794 10 INFO neutron.db.ovn_revision_numbers_db [None req-199cc5db-171c-4142-83a4-4bdcc5bdde11 d1787a2e2de54f08bf3cf45d5c6af2e2 72830472573b41168c7952dd08333290 - - - -] Successfully bumped revision number for resource 2b9bdae7-5367-4918-9733-fcbad22a4f15 (type: security_group_rules) to 0
2026-02-27 15:57:14.816 10 INFO neutron.wsgi [None req-199cc5db-171c-4142-83a4-4bdcc5bdde11 d1787a2e2de54f08bf3cf45d5c6af2e2 72830472573b41168c7952dd08333290 - - - -] 10.0.0.104 "POST /v2.0/security-group-rules HTTP/1.1" status: 201 len: 766 time: 0.1443021
2026-02-27 15:57:14.920 9 INFO neutron.db.ovn_revision_numbers_db [None req-912c40c1-dc61-455c-a2fc-10423d8faf86 - - - - - -] Successfully bumped revision number for resource d8f3c5e3-bffb-452b-8786-1a6e70895883 (type: ports) to 3
2026-02-27 15:57:14.941 10 INFO neutron.db.ovn_revision_numbers_db [None req-0b94efbf-2d31-47bd-ae0f-116cd174989f d1787a2e2de54f08bf3cf45d5c6af2e2 72830472573b41168c7952dd08333290 - - - -] Successfully bumped revision number for resource 12b80da8-3059-4906-8a43-1f274a7566f3 (type: security_group_rules) to 0
2026-02-27 15:57:14.964 10 INFO neutron.wsgi [None req-0b94efbf-2d31-47bd-ae0f-116cd174989f d1787a2e2de54f08bf3cf45d5c6af2e2 72830472573b41168c7952dd08333290 - - - -] 10.0.0.104 "POST /v2.0/security-group-rules HTTP/1.1" status: 201 len: 768 time: 0.1437936
2026-02-27 15:57:15.052 9 INFO neutron.db.ovn_revision_numbers_db [None req-912c40c1-dc61-455c-a2fc-10423d8faf86 - - - - - -] Successfully bumped revision number for resource d8f3c5e3-bffb-452b-8786-1a6e70895883 (type: router_ports) to 3
2026-02-27 15:57:15.081 10 INFO neutron.db.ovn_revision_numbers_db [None req-42922b62-51d1-4ca9-9dfb-ee8d994c432c d1787a2e2de54f08bf3cf45d5c6af2e2 72830472573b41168c7952dd08333290 - - - -] Successfully bumped revision number for resource 3f8a0152-71ce-4636-ac33-2e60177e22bd (type: security_group_rules) to 0
2026-02-27 15:57:15.108 10 INFO neutron.wsgi [None req-42922b62-51d1-4ca9-9dfb-ee8d994c432c d1787a2e2de54f08bf3cf45d5c6af2e2 72830472573b41168c7952dd08333290 - - - -] 10.0.0.104 "POST /v2.0/security-group-rules HTTP/1.1" status: 201 len: 764 time: 0.1396797
2026-02-27 15:57:15.363 9 INFO neutron.wsgi [req-af41cc2d-697f-400b-b1f2-3bac02ee7823 req-e4a9a37d-cb71-4e5a-843b-b19cffc42ea7 d1787a2e2de54f08bf3cf45d5c6af2e2 72830472573b41168c7952dd08333290 - - default default] 10.0.0.99 "GET /v2.0/security-groups?name=tempest-lb_member_SG-1977434810&fields=id&tenant_id=72830472573b41168c7952dd08333290 HTTP/1.1" status: 200 len: 267 time: 0.0349681
2026-02-27 15:57:15.431 9 INFO neutron.wsgi [req-af41cc2d-697f-400b-b1f2-3bac02ee7823 req-9dd67ea3-c6ab-4bd3-81a3-a3e1db8e65eb d1787a2e2de54f08bf3cf45d5c6af2e2 72830472573b41168c7952dd08333290 - - default default] 10.0.0.99 "GET /v2.0/networks?id=3ae255fe-d4ef-46c2-91d4-799bb3734ac0 HTTP/1.1" status: 200 len: 904 time: 0.0620174
2026-02-27 15:57:15.448 9 INFO neutron.wsgi [req-af41cc2d-697f-400b-b1f2-3bac02ee7823 req-2cf3d502-50f9-463e-8aae-d87dde01ab6f d1787a2e2de54f08bf3cf45d5c6af2e2 72830472573b41168c7952dd08333290 - - default default] 10.0.0.99 "GET /v2.0/quotas/72830472573b41168c7952dd08333290 HTTP/1.1" status: 200 len: 386 time: 0.0096967
2026-02-27 15:57:15.654 9 INFO neutron.wsgi [req-af41cc2d-697f-400b-b1f2-3bac02ee7823 req-31faf2c1-8f6b-44b3-ab55-d738e112f445 d1787a2e2de54f08bf3cf45d5c6af2e2 72830472573b41168c7952dd08333290 - - default default] 10.0.0.99 "GET /v2.0/ports?tenant_id=72830472573b41168c7952dd08333290&fields=id HTTP/1.1" status: 200 len: 486 time: 0.2021844
2026-02-27 15:57:15.715 10 INFO neutron.wsgi [None req-76a26d84-028b-4a65-b46c-423f7193a911 722b4e97c1b64737b8e063edcd9fc8d2 2c3fa92430da45ab8ca169af0dc8a694 - - - -] 10.0.0.104 "POST /v2.0/qos/policies HTTP/1.1" status: 201 len: 558 time: 0.1349652
2026-02-27 15:57:15.747 9 INFO neutron.wsgi [req-af41cc2d-697f-400b-b1f2-3bac02ee7823 req-7d929841-1a71-4218-bd0d-4cad26ef0254 b1a33f93d147477c8063f1f237187cff ab3d8c3e43704514aed60ff5f51af34e - - cbde16b25b144b1db5f103cd0e1391b9 cbde16b25b144b1db5f103cd0e1391b9] 10.0.0.99 "GET /v2.0/networks/3ae255fe-d4ef-46c2-91d4-799bb3734ac0?fields=segments HTTP/1.1" status: 200 len: 212 time: 0.0842125
2026-02-27 15:57:15.771 10 INFO neutron.wsgi [None req-35a5243a-5b8e-42f5-b13d-6525e1817d82 722b4e97c1b64737b8e063edcd9fc8d2 2c3fa92430da45ab8ca169af0dc8a694 - - - -] 10.0.0.104 "POST /v2.0/qos/policies HTTP/1.1" status: 201 len: 558 time: 0.0387821
2026-02-27 15:57:15.814 9 INFO neutron.wsgi [req-af41cc2d-697f-400b-b1f2-3bac02ee7823 req-32d225b2-aae0-4b32-abfd-f7fcaa32a15c b1a33f93d147477c8063f1f237187cff ab3d8c3e43704514aed60ff5f51af34e - - cbde16b25b144b1db5f103cd0e1391b9 cbde16b25b144b1db5f103cd0e1391b9] 10.0.0.99 "GET /v2.0/networks/3ae255fe-d4ef-46c2-91d4-799bb3734ac0?fields=provider%3Aphysical_network&fields=provider%3Anetwork_type HTTP/1.1" status: 200 len: 277 time: 0.0574214
2026-02-27 15:57:15.824 10 INFO neutron.wsgi [None req-3772ee8d-6164-4d67-ac19-7f422e2093dc 722b4e97c1b64737b8e063edcd9fc8d2 2c3fa92430da45ab8ca169af0dc8a694 - - - -] 10.0.0.104 "POST /v2.0/qos/policies HTTP/1.1" status: 201 len: 558 time: 0.0476544
2026-02-27 15:57:15.895 9 INFO neutron.wsgi [None req-504cf803-cf2b-4922-aefe-8a43fb08b2a3 722b4e97c1b64737b8e063edcd9fc8d2 2c3fa92430da45ab8ca169af0dc8a694 - - - -] 10.0.0.104 "POST /v2.0/qos/policies HTTP/1.1" status: 201 len: 558 time: 0.0653021
2026-02-27 15:57:15.955 9 INFO neutron.wsgi [req-929e4de2-8bbd-4cf2-8859-85e0217eb433 req-61f2c328-8015-4ae6-acdc-4d8eb0af5f8d d1787a2e2de54f08bf3cf45d5c6af2e2 72830472573b41168c7952dd08333290 - - default default] 10.0.0.99 "GET /v2.0/ports?device_id=21dac582-f751-4c53-abb8-37f29ee916d2 HTTP/1.1" status: 200 len: 210 time: 0.0305820
2026-02-27 15:57:15.960 9 INFO neutron.wsgi [None req-79ce94f8-4dc1-4b1f-90ab-50bc98d83dca 722b4e97c1b64737b8e063edcd9fc8d2 2c3fa92430da45ab8ca169af0dc8a694 - - - -] 10.0.0.104 "POST /v2.0/qos/policies HTTP/1.1" status: 201 len: 558 time: 0.0569420
2026-02-27 15:57:15.992 9 INFO neutron.wsgi [None req-7ba5e29e-ba46-428e-b191-53852aabc329 722b4e97c1b64737b8e063edcd9fc8d2 2c3fa92430da45ab8ca169af0dc8a694 - - - -] 10.0.0.104 "PUT /v2.0/policies/4b14d265-1c9e-4539-8efe-f335df1ce7a2/tags HTTP/1.1" status: 200 len: 210 time: 0.0266387
2026-02-27 15:57:16.020 9 INFO neutron.wsgi [None req-c3d7086f-08f7-43d5-80ca-ff70b2166ee5 722b4e97c1b64737b8e063edcd9fc8d2 2c3fa92430da45ab8ca169af0dc8a694 - - - -] 10.0.0.104 "PUT /v2.0/policies/482602e8-299a-4895-a481-1699f3ea5ccc/tags HTTP/1.1" status: 200 len: 218 time: 0.0225260
2026-02-27 15:57:16.047 9 INFO neutron.wsgi [None req-d4b9a0e1-9336-43a9-899d-c45a8cb662bc 722b4e97c1b64737b8e063edcd9fc8d2 2c3fa92430da45ab8ca169af0dc8a694 - - - -] 10.0.0.104 "PUT /v2.0/policies/97b66423-7d4e-4be6-870b-d359cef3ee0e/tags HTTP/1.1" status: 200 len: 227 time: 0.0231802
2026-02-27 15:57:16.076 9 INFO neutron.wsgi [None req-f82c26b5-f82e-4632-981a-95d8f1dec4e5 722b4e97c1b64737b8e063edcd9fc8d2 2c3fa92430da45ab8ca169af0dc8a694 - - - -] 10.0.0.104 "PUT /v2.0/policies/91a45320-9def-46f8-b7c2-eb61457f2ae9/tags HTTP/1.1" status: 200 len: 212 time: 0.0248916
2026-02-27 15:57:16.573 10 INFO neutron.db.ovn_revision_numbers_db [None req-fadde518-444c-465d-9b55-40e86e337cd7 796708d3d3954ef9a3a5a3948af08866 beb79202451548d2b44a187e00a0c0fb - - - -] Successfully bumped revision number for resource af8a77c3-1b65-429c-8dbb-825f7184e0c2 (type: security_groups) to 1
2026-02-27 15:57:16.621 10 WARNING neutron.plugins.ml2.drivers.ovn.mech_driver.ovsdb.ovn_client [None req-76928be3-c245-4694-afcb-9cabb589e602 - - - - - -] No hosting information found for port 4ea56782-915d-4aea-bf2c-034cadb733b6: RuntimeError: No hosting information found for port 4ea56782-915d-4aea-bf2c-034cadb733b6
2026-02-27 15:57:16.625 10 INFO neutron.db.segments_db [None req-fadde518-444c-465d-9b55-40e86e337cd7 796708d3d3954ef9a3a5a3948af08866 beb79202451548d2b44a187e00a0c0fb - - - -] Added segment dd5137e2-7dd4-4433-be92-422992853623 of type geneve for network 92d81000-4e54-40ee-b087-83795f35696b
2026-02-27 15:57:16.636 9 INFO neutron.wsgi [None req-dd8644c0-feaf-405f-b2e7-f9998b15d02f d2e631fdeda3440b9df3920316d0f5b4 5f7384100fd14d0990fbf4d3faf6c2e9 - - default default] 10.0.0.104 "GET /v2.0/qos/policies?tags=red HTTP/1.1" status: 200 len: 1296 time: 0.2151000
2026-02-27 15:57:16.642 9 INFO neutron.wsgi [req-af41cc2d-697f-400b-b1f2-3bac02ee7823 req-219ceffa-66f7-478c-8f96-64f4b9365d73 d1787a2e2de54f08bf3cf45d5c6af2e2 72830472573b41168c7952dd08333290 - - default default] 199.19.213.79 "GET /v2.0/networks?id=3ae255fe-d4ef-46c2-91d4-799bb3734ac0 HTTP/1.1" status: 200 len: 904 time: 0.0706487
2026-02-27 15:57:16.700 9 INFO neutron.wsgi [req-af41cc2d-697f-400b-b1f2-3bac02ee7823 req-dfe0e77a-3f8e-42a6-9953-5a8a855d79a8 d1787a2e2de54f08bf3cf45d5c6af2e2 72830472573b41168c7952dd08333290 - - default default] 199.19.213.79 "GET /v2.0/security-groups?fields=id&fields=name&tenant_id=72830472573b41168c7952dd08333290 HTTP/1.1" status: 200 len: 378 time: 0.0454361
2026-02-27 15:57:16.723 9 INFO neutron.wsgi [None req-fd25a128-5968-4289-97d0-e8410a96df35 d2e631fdeda3440b9df3920316d0f5b4 5f7384100fd14d0990fbf4d3faf6c2e9 - - default default] 10.0.0.104 "GET /v2.0/qos/policies?tags=red%2Cblue HTTP/1.1" status: 200 len: 941 time: 0.0797498
2026-02-27 15:57:16.782 10 INFO neutron.db.ovn_revision_numbers_db [None req-fadde518-444c-465d-9b55-40e86e337cd7 796708d3d3954ef9a3a5a3948af08866 beb79202451548d2b44a187e00a0c0fb - - - -] Successfully bumped revision number for resource 92d81000-4e54-40ee-b087-83795f35696b (type: networks) to 1
2026-02-27 15:57:16.821 9 INFO neutron.wsgi [None req-5e1c66ae-beb9-4e55-a594-f7b8abd5560c d2e631fdeda3440b9df3920316d0f5b4 5f7384100fd14d0990fbf4d3faf6c2e9 - - default default] 10.0.0.104 "GET /v2.0/qos/policies?tags-any=blue HTTP/1.1" status: 200 len: 941 time: 0.0927420
2026-02-27 15:57:16.997 10 WARNING neutron.scheduler.dhcp_agent_scheduler [None req-fadde518-444c-465d-9b55-40e86e337cd7 796708d3d3954ef9a3a5a3948af08866 beb79202451548d2b44a187e00a0c0fb - - - -] No more DHCP agents
2026-02-27 15:57:16.999 10 WARNING neutron.api.rpc.agentnotifiers.dhcp_rpc_agent_api [None req-fadde518-444c-465d-9b55-40e86e337cd7 796708d3d3954ef9a3a5a3948af08866 beb79202451548d2b44a187e00a0c0fb - - - -] Unable to schedule network 92d81000-4e54-40ee-b087-83795f35696b: no agents available; will retry on subsequent port and subnet creation events.
2026-02-27 15:57:17.003 10 INFO neutron.wsgi [None req-aba3cae3-84ca-49f7-9389-86688fb80c6b d2e631fdeda3440b9df3920316d0f5b4 5f7384100fd14d0990fbf4d3faf6c2e9 - - default default] 10.0.0.104 "GET /v2.0/qos/policies?tags-any=red%2Cblue HTTP/1.1" status: 200 len: 1296 time: 0.1763198
2026-02-27 15:57:17.067 10 INFO neutron.db.ovn_revision_numbers_db [None req-fadde518-444c-465d-9b55-40e86e337cd7 796708d3d3954ef9a3a5a3948af08866 beb79202451548d2b44a187e00a0c0fb - - - -] Successfully bumped revision number for resource 0f981dd9-39e5-4ffe-baff-2e6d063470f3 (type: ports) to 1
2026-02-27 15:57:17.100 10 INFO neutron.wsgi [None req-fadde518-444c-465d-9b55-40e86e337cd7 796708d3d3954ef9a3a5a3948af08866 beb79202451548d2b44a187e00a0c0fb - - - -] 10.0.0.104 "POST /v2.0/networks HTTP/1.1" status: 201 len: 830 time: 0.8810596
2026-02-27 15:57:17.108 9 WARNING neutron.scheduler.dhcp_agent_scheduler [None req-010a0c90-00b6-402f-9fcf-25fcf2c72398 d1787a2e2de54f08bf3cf45d5c6af2e2 72830472573b41168c7952dd08333290 - - - -] No more DHCP agents
2026-02-27 15:57:17.113 9 WARNING neutron.api.rpc.agentnotifiers.dhcp_rpc_agent_api [None req-010a0c90-00b6-402f-9fcf-25fcf2c72398 d1787a2e2de54f08bf3cf45d5c6af2e2 72830472573b41168c7952dd08333290 - - - -] Unable to schedule network 3ae255fe-d4ef-46c2-91d4-799bb3734ac0: no agents available; will retry on subsequent port and subnet creation events.
2026-02-27 15:57:17.131 9 INFO neutron.wsgi [None req-93bbc9e5-d80b-4cab-81ff-09ffbd973d36 d2e631fdeda3440b9df3920316d0f5b4 5f7384100fd14d0990fbf4d3faf6c2e9 - - default default] 10.0.0.104 "GET /v2.0/qos/policies?not-tags=red HTTP/1.1" status: 200 len: 913 time: 0.1211252 /var/lib/openstack/lib/python3.10/site-packages/pycadf/identifier.py:71: UserWarning: Invalid uuid: neutron. To ensure interoperability, identifiers should be a valid uuid. warnings.warn(('Invalid uuid: %s. To ensure interoperability, '
2026-02-27 15:57:17.235 10 INFO neutron.db.ovn_revision_numbers_db [None req-27adb7a8-b45c-4b2a-8057-74ad22cec9d7 c95818ab3416471480252ea096af250e c617c8d6843141e2a427037cd1ce0d5c - - - -] Successfully bumped revision number for resource 6ac278c4-30a4-4f46-a5da-1ea6d7602152 (type: security_groups) to 1
2026-02-27 15:57:17.274 9 INFO neutron.wsgi [None req-40569773-c5a6-4769-afea-05c8f078ae32 d2e631fdeda3440b9df3920316d0f5b4 5f7384100fd14d0990fbf4d3faf6c2e9 - - default default] 10.0.0.104 "GET /v2.0/qos/policies?not-tags=red%2Cblue HTTP/1.1" status: 200 len: 1268 time: 0.1393449
2026-02-27 15:57:17.308 10 INFO neutron.db.segments_db [None req-27adb7a8-b45c-4b2a-8057-74ad22cec9d7 c95818ab3416471480252ea096af250e c617c8d6843141e2a427037cd1ce0d5c - - - -] Added segment 67f189c3-9bd1-4ecf-8ddc-1e26f97e3bcb of type geneve for network f8d50cf6-fca7-4dac-8128-21f9f2eeb5dd
2026-02-27 15:57:17.312 9 INFO neutron.db.ovn_revision_numbers_db [None req-010a0c90-00b6-402f-9fcf-25fcf2c72398 d1787a2e2de54f08bf3cf45d5c6af2e2 72830472573b41168c7952dd08333290 - - - -] Successfully bumped revision number for resource 94f96777-73bf-4ccc-8a1a-6f61d9000893 (type: ports) to 1
2026-02-27 15:57:17.338 9 INFO neutron.wsgi [None req-010a0c90-00b6-402f-9fcf-25fcf2c72398 d1787a2e2de54f08bf3cf45d5c6af2e2 72830472573b41168c7952dd08333290 - - - -] 199.19.213.79 "POST /v2.0/ports HTTP/1.1" status: 201 len: 1384 time: 0.6313798
2026-02-27 15:57:17.400 10 WARNING neutron.scheduler.dhcp_agent_scheduler [None req-5fd3d532-3d00-4a75-a805-f20719b393d5 796708d3d3954ef9a3a5a3948af08866 beb79202451548d2b44a187e00a0c0fb - - - -] No more DHCP agents
2026-02-27 15:57:17.407 10 WARNING neutron.api.rpc.agentnotifiers.dhcp_rpc_agent_api [None req-5fd3d532-3d00-4a75-a805-f20719b393d5 796708d3d3954ef9a3a5a3948af08866 beb79202451548d2b44a187e00a0c0fb - - - -] Unable to schedule network 92d81000-4e54-40ee-b087-83795f35696b: no agents available; will retry on subsequent port and subnet creation events.
2026-02-27 15:57:17.414 9 INFO neutron.wsgi [None req-0766610b-f2e3-44d3-8742-a262a6b5bd4b d2e631fdeda3440b9df3920316d0f5b4 5f7384100fd14d0990fbf4d3faf6c2e9 - - default default] 10.0.0.104 "GET /v2.0/qos/policies?not-tags-any=blue HTTP/1.1" status: 200 len: 1268 time: 0.1276224
2026-02-27 15:57:17.495 10 INFO neutron.db.ovn_revision_numbers_db [None req-27adb7a8-b45c-4b2a-8057-74ad22cec9d7 c95818ab3416471480252ea096af250e c617c8d6843141e2a427037cd1ce0d5c - - - -] Successfully bumped revision number for resource f8d50cf6-fca7-4dac-8128-21f9f2eeb5dd (type: networks) to 1
2026-02-27 15:57:17.518 10 INFO neutron.db.ovn_revision_numbers_db [None req-5fd3d532-3d00-4a75-a805-f20719b393d5 796708d3d3954ef9a3a5a3948af08866 beb79202451548d2b44a187e00a0c0fb - - - -] Successfully bumped revision number for resource 81796e2d-83cc-454c-94ea-f941dce4b480 (type: ports) to 1
2026-02-27 15:57:17.533 9 INFO neutron.wsgi [None req-dea1e32d-caed-4e9f-994d-f03447c611b4 d2e631fdeda3440b9df3920316d0f5b4 5f7384100fd14d0990fbf4d3faf6c2e9 - - default default] 10.0.0.104 "GET /v2.0/qos/policies?not-tags-any=red%2Cblue HTTP/1.1" status: 200 len: 913 time: 0.1143301
2026-02-27 15:57:17.545 10 INFO neutron.wsgi [None req-5fd3d532-3d00-4a75-a805-f20719b393d5 796708d3d3954ef9a3a5a3948af08866 beb79202451548d2b44a187e00a0c0fb - - - -] 10.0.0.104 "POST /v2.0/ports HTTP/1.1" status: 201 len: 942 time: 0.4362192 /var/lib/openstack/lib/python3.10/site-packages/pycadf/identifier.py:71: UserWarning: Invalid uuid: neutron. To ensure interoperability, identifiers should be a valid uuid. warnings.warn(('Invalid uuid: %s. To ensure interoperability, '
2026-02-27 15:57:17.701 10 INFO neutron.wsgi [None req-83aaf6b7-72c3-478a-b3b0-8c31b4c074f7 722b4e97c1b64737b8e063edcd9fc8d2 2c3fa92430da45ab8ca169af0dc8a694 - - - -] 10.0.0.104 "DELETE /v2.0/qos/policies/4b14d265-1c9e-4539-8efe-f335df1ce7a2 HTTP/1.1" status: 204 len: 168 time: 0.1590891 /var/lib/openstack/lib/python3.10/site-packages/pycadf/identifier.py:71: UserWarning: Invalid uuid: neutron. To ensure interoperability, identifiers should be a valid uuid. warnings.warn(('Invalid uuid: %s. To ensure interoperability, '
2026-02-27 15:57:17.768 10 WARNING neutron.scheduler.dhcp_agent_scheduler [None req-27adb7a8-b45c-4b2a-8057-74ad22cec9d7 c95818ab3416471480252ea096af250e c617c8d6843141e2a427037cd1ce0d5c - - - -] No more DHCP agents
2026-02-27 15:57:17.772 10 WARNING neutron.api.rpc.agentnotifiers.dhcp_rpc_agent_api [None req-27adb7a8-b45c-4b2a-8057-74ad22cec9d7 c95818ab3416471480252ea096af250e c617c8d6843141e2a427037cd1ce0d5c - - - -] Unable to schedule network f8d50cf6-fca7-4dac-8128-21f9f2eeb5dd: no agents available; will retry on subsequent port and subnet creation events.
