2026-02-27 15:57:33.862 9 INFO neutron.wsgi [None req-e348d95a-f16e-4dce-b962-f5203a70e977 d49ccc785cab4b6cb5fde479fb80617c 62d3c3e0d6574f109a76026b02b0f8bf - - default default] 10.0.0.104 "GET /v2.0/ports?device_id=3580f1ba-e69a-49ed-9887-c5468436517c HTTP/1.1" status: 200 len: 205 time: 0.0282714
2026-02-27 15:57:34.104 9 INFO neutron.wsgi [None req-71973f18-400d-477d-adda-a4eb7bcfb643 d49ccc785cab4b6cb5fde479fb80617c 62d3c3e0d6574f109a76026b02b0f8bf - - - -] 10.0.0.104 "DELETE /v2.0/routers/3580f1ba-e69a-49ed-9887-c5468436517c HTTP/1.1" status: 204 len: 168 time: 0.2374256
2026-02-27 15:57:35.217 9 INFO neutron.db.ovn_revision_numbers_db [None req-dbd22826-61b4-4945-84d9-63ab1bf30ffc 66ca095a900c47f1abc1a7e5a5cc1ded e605657acc3642f38b5c5ddb7decb851 - - default default] Successfully bumped revision number for resource f9bb80f4-96d2-4fb2-a2b2-3ec39afbd755 (type: security_groups) to 1
2026-02-27 15:57:35.239 9 INFO neutron.wsgi [None req-dbd22826-61b4-4945-84d9-63ab1bf30ffc 66ca095a900c47f1abc1a7e5a5cc1ded e605657acc3642f38b5c5ddb7decb851 - - default default] 10.0.0.104 "GET /v2.0/security-groups?tenant_id=60bb5b854bfc415db596c39d344ab31b&name=default HTTP/1.1" status: 200 len: 2996 time: 0.2897387
2026-02-27 15:57:35.414 9 INFO neutron.wsgi [None req-c7b6b2cd-7157-492c-b264-2792151f8333 66ca095a900c47f1abc1a7e5a5cc1ded e605657acc3642f38b5c5ddb7decb851 - - - -] 10.0.0.104 "DELETE /v2.0/security-groups/f9bb80f4-96d2-4fb2-a2b2-3ec39afbd755 HTTP/1.1" status: 204 len: 168 time: 0.1689284
2026-02-27 15:57:35.574 9 INFO neutron.wsgi [-] 10.0.0.100 "GET / HTTP/1.1" status: 200 len: 247 time: 0.0019407
2026-02-27 15:57:35.576 9 INFO neutron.wsgi [-] 10.0.0.100 "GET / HTTP/1.1" status: 200 len: 247 time: 0.0011408
2026-02-27 15:57:35.619 10 INFO neutron.db.ovn_revision_numbers_db [None req-312b6f2e-d6af-4972-8fd3-525b92459108 66ca095a900c47f1abc1a7e5a5cc1ded e605657acc3642f38b5c5ddb7decb851 - - default default] Successfully bumped revision number for resource 36aa6c5c-4969-4060-ae49-fffb2a4330a3 (type: security_groups) to 1
2026-02-27 15:57:35.642 10 INFO neutron.wsgi [None req-312b6f2e-d6af-4972-8fd3-525b92459108 66ca095a900c47f1abc1a7e5a5cc1ded e605657acc3642f38b5c5ddb7decb851 - - default default] 10.0.0.104 "GET /v2.0/security-groups?tenant_id=5669700303074b64990fb0678691d443&name=default HTTP/1.1" status: 200 len: 2996 time: 0.1275697
2026-02-27 15:57:35.844 9 INFO neutron.db.ovn_revision_numbers_db [None req-ea734033-e1bf-4edc-ba08-ee02e87ec3ba 3a6a8b2972c641b59f144a607fa3ba39 a83e06bf4b1c4680969fbe501834fc6a - - - -] Successfully bumped revision number for resource 5741c647-6860-40bd-b6d8-bd8a0615b45a (type: security_groups) to 1
2026-02-27 15:57:35.849 10 INFO neutron.wsgi [None req-77683dd2-f36e-422b-98c1-fd6e4631f284 66ca095a900c47f1abc1a7e5a5cc1ded e605657acc3642f38b5c5ddb7decb851 - - - -] 10.0.0.104 "DELETE /v2.0/security-groups/36aa6c5c-4969-4060-ae49-fffb2a4330a3 HTTP/1.1" status: 204 len: 168 time: 0.2007210
2026-02-27 15:57:35.903 9 INFO neutron.db.segments_db [None req-ea734033-e1bf-4edc-ba08-ee02e87ec3ba 3a6a8b2972c641b59f144a607fa3ba39 a83e06bf4b1c4680969fbe501834fc6a - - - -] Added segment af13e702-dd24-4196-90c8-d109de2b889c of type geneve for network af3e4541-6db7-4585-8614-63fe432c9455
2026-02-27 15:57:36.042 9 INFO neutron.db.ovn_revision_numbers_db [None req-ea734033-e1bf-4edc-ba08-ee02e87ec3ba 3a6a8b2972c641b59f144a607fa3ba39 a83e06bf4b1c4680969fbe501834fc6a - - - -] Successfully bumped revision number for resource af3e4541-6db7-4585-8614-63fe432c9455 (type: networks) to 1
2026-02-27 15:57:36.095 10 INFO neutron.db.ovn_revision_numbers_db [None req-26600f49-8e32-4efe-9b0a-4ffb3786c14c 66ca095a900c47f1abc1a7e5a5cc1ded e605657acc3642f38b5c5ddb7decb851 - - default default] Successfully bumped revision number for resource 968a4af7-9eee-4257-8e8a-5956796e382f (type: security_groups) to 1
2026-02-27 15:57:36.116 10 INFO neutron.wsgi [None req-26600f49-8e32-4efe-9b0a-4ffb3786c14c 66ca095a900c47f1abc1a7e5a5cc1ded e605657acc3642f38b5c5ddb7decb851 - - default default] 10.0.0.104 "GET /v2.0/security-groups?tenant_id=62d3c3e0d6574f109a76026b02b0f8bf&name=default HTTP/1.1" status: 200 len: 2997 time: 0.1129088
2026-02-27 15:57:36.234 9 WARNING neutron.scheduler.dhcp_agent_scheduler [None req-ea734033-e1bf-4edc-ba08-ee02e87ec3ba 3a6a8b2972c641b59f144a607fa3ba39 a83e06bf4b1c4680969fbe501834fc6a - - - -] No more DHCP agents
2026-02-27 15:57:36.235 9 WARNING neutron.api.rpc.agentnotifiers.dhcp_rpc_agent_api [None req-ea734033-e1bf-4edc-ba08-ee02e87ec3ba 3a6a8b2972c641b59f144a607fa3ba39 a83e06bf4b1c4680969fbe501834fc6a - - - -] Unable to schedule network af3e4541-6db7-4585-8614-63fe432c9455: no agents available; will retry on subsequent port and subnet creation events.
2026-02-27 15:57:36.302 9 INFO neutron.db.ovn_revision_numbers_db [None req-ea734033-e1bf-4edc-ba08-ee02e87ec3ba 3a6a8b2972c641b59f144a607fa3ba39 a83e06bf4b1c4680969fbe501834fc6a - - - -] Successfully bumped revision number for resource ad5dcc39-85a9-4136-b2f5-de8011af91b8 (type: ports) to 1
2026-02-27 15:57:36.314 10 INFO neutron.wsgi [None req-f806788f-7b27-41fd-be0a-f4e58296519c 66ca095a900c47f1abc1a7e5a5cc1ded e605657acc3642f38b5c5ddb7decb851 - - - -] 10.0.0.104 "DELETE /v2.0/security-groups/968a4af7-9eee-4257-8e8a-5956796e382f HTTP/1.1" status: 204 len: 168 time: 0.1920040
2026-02-27 15:57:36.320 9 INFO neutron.wsgi [None req-ea734033-e1bf-4edc-ba08-ee02e87ec3ba 3a6a8b2972c641b59f144a607fa3ba39 a83e06bf4b1c4680969fbe501834fc6a - - - -] 10.0.0.104 "POST /v2.0/networks HTTP/1.1" status: 201 len: 831 time: 0.7432640
2026-02-27 15:57:36.390 10 INFO neutron.wsgi [None req-a11b4d19-c4b9-4448-aa3f-4e1637d8d986 3a6a8b2972c641b59f144a607fa3ba39 a83e06bf4b1c4680969fbe501834fc6a - - - -] 10.0.0.104 "PUT /v2.0/networks/af3e4541-6db7-4585-8614-63fe432c9455/tags HTTP/1.1" status: 200 len: 218 time: 0.0645742
2026-02-27 15:57:36.431 9 INFO neutron.wsgi [None req-714aa29e-bfed-42dc-89fc-c34489b86f8d 3a6a8b2972c641b59f144a607fa3ba39 a83e06bf4b1c4680969fbe501834fc6a - - default default] 10.0.0.104 "GET /v2.0/networks/af3e4541-6db7-4585-8614-63fe432c9455/tags HTTP/1.1" status: 200 len: 218 time: 0.0370595
2026-02-27 15:57:36.485 9 INFO neutron.wsgi [None req-5a0a814d-2604-4eac-937f-b28a37f921dd 3a6a8b2972c641b59f144a607fa3ba39 a83e06bf4b1c4680969fbe501834fc6a - - - -] 10.0.0.104 "PUT /v2.0/networks/af3e4541-6db7-4585-8614-63fe432c9455/tags/green HTTP/1.1" status: 201 len: 201 time: 0.0483391
2026-02-27 15:57:36.530 9 INFO neutron.wsgi [None req-25af692f-6b27-42bc-aa7b-9a366a54546b 3a6a8b2972c641b59f144a607fa3ba39 a83e06bf4b1c4680969fbe501834fc6a - - default default] 10.0.0.104 "GET /v2.0/networks/af3e4541-6db7-4585-8614-63fe432c9455/tags HTTP/1.1" status: 200 len: 227 time: 0.0394666
2026-02-27 15:57:36.573 9 INFO neutron.wsgi [None req-bfdaae32-3246-42c2-a24c-d08491b04516 3a6a8b2972c641b59f144a607fa3ba39 a83e06bf4b1c4680969fbe501834fc6a - - - -] 10.0.0.104 "PUT /v2.0/networks/af3e4541-6db7-4585-8614-63fe432c9455/tags/red HTTP/1.1" status: 201 len: 201 time: 0.0392745
2026-02-27 15:57:36.617 9 INFO neutron.wsgi [None req-f2c0b83b-fe5f-4948-aee1-07806a24125d 3a6a8b2972c641b59f144a607fa3ba39 a83e06bf4b1c4680969fbe501834fc6a - - default default] 10.0.0.104 "GET /v2.0/networks/af3e4541-6db7-4585-8614-63fe432c9455/tags HTTP/1.1" status: 200 len: 227 time: 0.0392191
2026-02-27 15:57:36.685 9 INFO neutron.wsgi [None req-74bea84a-7933-4d8d-badb-c6b67d169fbe 3a6a8b2972c641b59f144a607fa3ba39 a83e06bf4b1c4680969fbe501834fc6a - - - -] 10.0.0.104 "PUT /v2.0/networks/af3e4541-6db7-4585-8614-63fe432c9455/tags/black.or.white HTTP/1.1" status: 201 len: 201 time: 0.0537889
2026-02-27 15:57:36.733 9 INFO neutron.wsgi [None req-d1497fe3-6a0e-4608-80b2-00045df966bc 3a6a8b2972c641b59f144a607fa3ba39 a83e06bf4b1c4680969fbe501834fc6a - - default default] 10.0.0.104 "GET /v2.0/networks/af3e4541-6db7-4585-8614-63fe432c9455/tags HTTP/1.1" status: 200 len: 245 time: 0.0433700
2026-02-27 15:57:36.781 9 INFO neutron.wsgi [None req-2866a99e-4ef2-4aad-a607-a1daa98274d7 3a6a8b2972c641b59f144a607fa3ba39 a83e06bf4b1c4680969fbe501834fc6a - - - -] 10.0.0.104 "PUT /v2.0/networks/af3e4541-6db7-4585-8614-63fe432c9455/tags HTTP/1.1" status: 200 len: 230 time: 0.0437763
2026-02-27 15:57:36.849 9 INFO neutron.wsgi [None req-1ce8ec0f-125c-4794-9079-86967ecc1083 3a6a8b2972c641b59f144a607fa3ba39 a83e06bf4b1c4680969fbe501834fc6a - - default default] 10.0.0.104 "GET /v2.0/networks/af3e4541-6db7-4585-8614-63fe432c9455/tags HTTP/1.1" status: 200 len: 230 time: 0.0630095
2026-02-27 15:57:36.891 9 INFO neutron.wsgi [None req-b2b03428-5374-4912-a509-43d7c75a180c 3a6a8b2972c641b59f144a607fa3ba39 a83e06bf4b1c4680969fbe501834fc6a - - default default] 10.0.0.104 "GET /v2.0/networks/af3e4541-6db7-4585-8614-63fe432c9455/tags/red HTTP/1.1" status: 204 len: 168 time: 0.0367911
2026-02-27 15:57:36.942 9 INFO neutron.api.v2.resource [None req-f5001d67-a95d-4395-a63e-750de6589a3c 3a6a8b2972c641b59f144a607fa3ba39 a83e06bf4b1c4680969fbe501834fc6a - - default default] show failed (client error): The resource could not be found.
2026-02-27 15:57:36.943 9 INFO neutron.wsgi [None req-f5001d67-a95d-4395-a63e-750de6589a3c 3a6a8b2972c641b59f144a607fa3ba39 a83e06bf4b1c4680969fbe501834fc6a - - default default] 10.0.0.104 "GET /v2.0/networks/af3e4541-6db7-4585-8614-63fe432c9455/tags/green HTTP/1.1" status: 404 len: 299 time: 0.0466111
2026-02-27 15:57:37.006 10 INFO neutron.wsgi [None req-97370c3a-e3cc-4902-9c81-d995fa09c04f 3a6a8b2972c641b59f144a607fa3ba39 a83e06bf4b1c4680969fbe501834fc6a - - - -] 10.0.0.104 "DELETE /v2.0/networks/af3e4541-6db7-4585-8614-63fe432c9455/tags/red HTTP/1.1" status: 204 len: 168 time: 0.0546172
2026-02-27 15:57:37.057 10 INFO neutron.wsgi [None req-fdb9686c-d465-4c7a-9f5c-dfa88f35139e 3a6a8b2972c641b59f144a607fa3ba39 a83e06bf4b1c4680969fbe501834fc6a - - default default] 10.0.0.104 "GET /v2.0/networks/af3e4541-6db7-4585-8614-63fe432c9455/tags HTTP/1.1" status: 200 len: 223 time: 0.0446556
2026-02-27 15:57:37.104 10 INFO neutron.api.v2.resource [None req-d38c1484-7f8f-4391-910e-b6472b43ff76 3a6a8b2972c641b59f144a607fa3ba39 a83e06bf4b1c4680969fbe501834fc6a - - - -] delete failed (client error): The resource could not be found.
2026-02-27 15:57:37.105 10 INFO neutron.wsgi [None req-d38c1484-7f8f-4391-910e-b6472b43ff76 3a6a8b2972c641b59f144a607fa3ba39 a83e06bf4b1c4680969fbe501834fc6a - - - -] 10.0.0.104 "DELETE /v2.0/networks/af3e4541-6db7-4585-8614-63fe432c9455/tags/green HTTP/1.1" status: 404 len: 299 time: 0.0458617
2026-02-27 15:57:37.162 10 INFO neutron.wsgi [None req-35c65f58-5074-4472-8885-2e2fae74b6f1 3a6a8b2972c641b59f144a607fa3ba39 a83e06bf4b1c4680969fbe501834fc6a - - - -] 10.0.0.104 "DELETE /v2.0/networks/af3e4541-6db7-4585-8614-63fe432c9455/tags HTTP/1.1" status: 204 len: 168 time: 0.0530934
2026-02-27 15:57:37.199 10 INFO neutron.wsgi [None req-3a6ae974-3f33-403d-83c6-b97f30dab77e 3a6a8b2972c641b59f144a607fa3ba39 a83e06bf4b1c4680969fbe501834fc6a - - default default] 10.0.0.104 "GET /v2.0/networks/af3e4541-6db7-4585-8614-63fe432c9455/tags HTTP/1.1" status: 200 len: 205 time: 0.0337698
2026-02-27 15:57:37.584 10 INFO neutron.services.segments.plugin [-] Segment af13e702-dd24-4196-90c8-d109de2b889c resource provider aggregate not found
2026-02-27 15:57:37.590 10 INFO neutron.services.segments.plugin [-] Segment af13e702-dd24-4196-90c8-d109de2b889c resource provider aggregate not found
2026-02-27 15:57:37.610 10 INFO neutron.services.segments.plugin [-] Segment af13e702-dd24-4196-90c8-d109de2b889c resource provider not found; error: Placement Client Error (4xx): {"errors": [{"status": 404, "title": "Not Found", "detail": "The resource could not be found.\n\n No resource provider with uuid af13e702-dd24-4196-90c8-d109de2b889c found for delete ", "request_id": "req-bcd5439d-46a1-4042-b149-608cdd7574e9"}]}
2026-02-27 15:57:37.612 10 INFO neutron.services.segments.plugin [-] Segment af13e702-dd24-4196-90c8-d109de2b889c resource provider not found; error: Placement Client Error (4xx): {"errors": [{"status": 404, "title": "Not Found", "detail": "The resource could not be found.\n\n No resource provider with uuid af13e702-dd24-4196-90c8-d109de2b889c found for delete ", "request_id": "req-d82e5e31-ffd7-4af5-90aa-b1d789a2016c"}]}
2026-02-27 15:57:37.626 10 INFO neutron.wsgi [None req-cad68f3d-d487-4c44-8504-d05ec86244ca 3a6a8b2972c641b59f144a607fa3ba39 a83e06bf4b1c4680969fbe501834fc6a - - - -] 10.0.0.104 "DELETE /v2.0/networks/af3e4541-6db7-4585-8614-63fe432c9455 HTTP/1.1" status: 204 len: 168 time: 0.4194779
2026-02-27 15:57:38.338 10 INFO neutron.wsgi [None req-91ca61a9-d34f-437a-a77d-7b06e5c0851e 66ca095a900c47f1abc1a7e5a5cc1ded e605657acc3642f38b5c5ddb7decb851 - - default default] 10.0.0.104 "GET /v2.0/security-groups?tenant_id=a83e06bf4b1c4680969fbe501834fc6a&name=default HTTP/1.1" status: 200 len: 2996 time: 0.1644258
2026-02-27 15:57:38.519 10 INFO neutron.wsgi [None req-92c1b491-f6f7-42b0-96d7-46839ec429f3 66ca095a900c47f1abc1a7e5a5cc1ded e605657acc3642f38b5c5ddb7decb851 - - - -] 10.0.0.104 "DELETE /v2.0/security-groups/5741c647-6860-40bd-b6d8-bd8a0615b45a HTTP/1.1" status: 204 len: 168 time: 0.1767511
2026-02-27 15:57:38.724 10 INFO neutron.db.ovn_revision_numbers_db [None req-7c4cdf33-926c-4a30-8b8e-7a6e10f95a03 66ca095a900c47f1abc1a7e5a5cc1ded e605657acc3642f38b5c5ddb7decb851 - - default default] Successfully bumped revision number for resource 0daed4f3-51d6-4487-af3b-037bcdcbf493 (type: security_groups) to 1
2026-02-27 15:57:38.748 10 INFO neutron.wsgi [None req-7c4cdf33-926c-4a30-8b8e-7a6e10f95a03 66ca095a900c47f1abc1a7e5a5cc1ded e605657acc3642f38b5c5ddb7decb851 - - default default] 10.0.0.104 "GET /v2.0/security-groups?tenant_id=84d779a237e3458a927c46c60b779983&name=default HTTP/1.1" status: 200 len: 3000 time: 0.1181123
2026-02-27 15:57:38.916 10 INFO neutron.wsgi [None req-cc61662b-97ee-453b-8312-7ac85b5716ed 66ca095a900c47f1abc1a7e5a5cc1ded e605657acc3642f38b5c5ddb7decb851 - - - -] 10.0.0.104 "DELETE /v2.0/security-groups/0daed4f3-51d6-4487-af3b-037bcdcbf493 HTTP/1.1" status: 204 len: 168 time: 0.1639812
2026-02-27 15:57:40.419 10 INFO neutron.wsgi [req-27d6b634-5ea1-49ff-97ee-db2e8a71b837 req-d33793c0-bc42-431b-b46d-d51dee26e8d5 b1a33f93d147477c8063f1f237187cff ab3d8c3e43704514aed60ff5f51af34e - - cbde16b25b144b1db5f103cd0e1391b9 cbde16b25b144b1db5f103cd0e1391b9] 10.0.0.144 "GET /v2.0/ports?device_id=eba0682c-79aa-44ec-86bb-f925a6bd2ecb HTTP/1.1" status: 200 len: 1590 time: 0.0466578
2026-02-27 15:57:40.454 10 INFO neutron.wsgi [None req-7c5e721e-dd6a-4e38-afd2-1a726a386ad5 f4a1c87189bc435ab26768562b54fede 96e9dd92b0e34725939d0d24d38612da - - - -] 10.0.0.104 "POST /v2.0/subnetpools HTTP/1.1" status: 201 len: 715 time: 0.2370036
2026-02-27 15:57:40.464 10 INFO neutron.wsgi [req-27d6b634-5ea1-49ff-97ee-db2e8a71b837 req-c20ca772-0b46-4436-9cee-19944ce10884 b1a33f93d147477c8063f1f237187cff ab3d8c3e43704514aed60ff5f51af34e - - cbde16b25b144b1db5f103cd0e1391b9 cbde16b25b144b1db5f103cd0e1391b9] 10.0.0.144 "GET /v2.0/security-groups?id=2d3959d8-b155-4bef-b56b-96857d03fac5&fields=id&fields=name HTTP/1.1" status: 200 len: 311 time: 0.0359542
2026-02-27 15:57:40.533 9 INFO neutron.wsgi [None req-d50c88cd-c065-42b4-a616-e1d10090d541 f4a1c87189bc435ab26768562b54fede 96e9dd92b0e34725939d0d24d38612da - - - -] 10.0.0.104 "POST /v2.0/subnetpools HTTP/1.1" status: 201 len: 715 time: 0.0720506
2026-02-27 15:57:40.597 9 INFO neutron.wsgi [None req-307d9cef-93bd-4fd0-a169-3c2a7bc9900d f4a1c87189bc435ab26768562b54fede 96e9dd92b0e34725939d0d24d38612da - - - -] 10.0.0.104 "POST /v2.0/subnetpools HTTP/1.1" status: 201 len: 715 time: 0.0598340
2026-02-27 15:57:40.670 9 INFO neutron.wsgi [None req-d08fd4c0-c8e6-4bd2-a632-ad2a4f16982d f4a1c87189bc435ab26768562b54fede 96e9dd92b0e34725939d0d24d38612da - - - -] 10.0.0.104 "POST /v2.0/subnetpools HTTP/1.1" status: 201 len: 715 time: 0.0672858
2026-02-27 15:57:40.725 9 INFO neutron.wsgi [None req-31e1b831-a8ed-477b-9e74-624c1e32166e f4a1c87189bc435ab26768562b54fede 96e9dd92b0e34725939d0d24d38612da - - - -] 10.0.0.104 "POST /v2.0/subnetpools HTTP/1.1" status: 201 len: 715 time: 0.0496993
2026-02-27 15:57:40.754 9 INFO neutron.wsgi [None req-8fc9b8c9-40f4-4211-8fe9-f259f3bec2ca f4a1c87189bc435ab26768562b54fede 96e9dd92b0e34725939d0d24d38612da - - - -] 10.0.0.104 "PUT /v2.0/subnetpools/da61f585-2b83-4f0e-a254-0f7cc4996646/tags HTTP/1.1" status: 200 len: 210 time: 0.0242114
2026-02-27 15:57:40.785 9 INFO neutron.wsgi [None req-f8adea33-8bd0-45aa-a027-77cf05738bce f4a1c87189bc435ab26768562b54fede 96e9dd92b0e34725939d0d24d38612da - - - -] 10.0.0.104 "PUT /v2.0/subnetpools/0b5f5f01-b775-42b4-9dd6-16ee7c50eaad/tags HTTP/1.1" status: 200 len: 218 time: 0.0273528
2026-02-27 15:57:40.817 9 INFO neutron.wsgi [None req-6446a02e-f25f-413e-bc33-16c8ae8419d2 f4a1c87189bc435ab26768562b54fede 96e9dd92b0e34725939d0d24d38612da - - - -] 10.0.0.104 "PUT /v2.0/subnetpools/60115ae5-6020-40ca-959f-a10f2285fd1d/tags HTTP/1.1" status: 200 len: 227 time: 0.0275059
2026-02-27 15:57:40.849 9 INFO neutron.wsgi [None req-acbdf292-88b8-4043-a93f-a4d4fd72c734 f4a1c87189bc435ab26768562b54fede 96e9dd92b0e34725939d0d24d38612da - - - -] 10.0.0.104 "PUT /v2.0/subnetpools/5dc8ec3b-c450-41eb-b394-c0dfb51034a6/tags HTTP/1.1" status: 200 len: 212 time: 0.0275235
2026-02-27 15:57:40.884 9 INFO neutron.wsgi [None req-864bdda8-9fdd-4618-97bb-6580c9cd808c f4a1c87189bc435ab26768562b54fede 96e9dd92b0e34725939d0d24d38612da - - default default] 10.0.0.104 "GET /v2.0/subnetpools?tags=red HTTP/1.1" status: 200 len: 1758 time: 0.0297112
2026-02-27 15:57:40.923 9 INFO neutron.wsgi [None req-a0a7ef8e-060b-41c9-beac-84565f1d6dbb f4a1c87189bc435ab26768562b54fede 96e9dd92b0e34725939d0d24d38612da - - default default] 10.0.0.104 "GET /v2.0/subnetpools?tags=red%2Cblue HTTP/1.1" status: 200 len: 1251 time: 0.0328341
2026-02-27 15:57:40.953 9 INFO neutron.wsgi [None req-496ed2bc-71a5-4bbc-b570-cdd4fcee3bd0 f4a1c87189bc435ab26768562b54fede 96e9dd92b0e34725939d0d24d38612da - - default default] 10.0.0.104 "GET /v2.0/subnetpools?tags-any=blue HTTP/1.1" status: 200 len: 1251 time: 0.0259039
2026-02-27 15:57:40.979 9 INFO neutron.wsgi [None req-61008a7d-b919-4117-b348-8b7255761143 f4a1c87189bc435ab26768562b54fede 96e9dd92b0e34725939d0d24d38612da - - default default] 10.0.0.104 "GET /v2.0/subnetpools?tags-any=red%2Cblue HTTP/1.1" status: 200 len: 1758 time: 0.0217693
2026-02-27 15:57:41.013 9 INFO neutron.wsgi [None req-54777f43-0d7b-4746-ab0d-976754d0bc84 f4a1c87189bc435ab26768562b54fede 96e9dd92b0e34725939d0d24d38612da - - default default] 10.0.0.104 "GET /v2.0/subnetpools?not-tags=red HTTP/1.1" status: 200 len: 1223 time: 0.0276530
2026-02-27 15:57:41.046 9 INFO neutron.wsgi [None req-7a480c0b-586c-4687-9b6d-8b06e546ddfc f4a1c87189bc435ab26768562b54fede 96e9dd92b0e34725939d0d24d38612da - - default default] 10.0.0.104 "GET /v2.0/subnetpools?not-tags=red%2Cblue HTTP/1.1" status: 200 len: 1730 time: 0.0298359
2026-02-27 15:57:41.073 9 INFO neutron.wsgi [None req-e835d1f1-81ff-40eb-9329-27e69e62d9fd f4a1c87189bc435ab26768562b54fede 96e9dd92b0e34725939d0d24d38612da - - default default] 10.0.0.104 "GET /v2.0/subnetpools?not-tags-any=blue HTTP/1.1" status: 200 len: 1730 time: 0.0232639
2026-02-27 15:57:41.094 9 INFO neutron.wsgi [None req-6b788599-ff00-492a-9d29-8fb63223c2dc f4a1c87189bc435ab26768562b54fede 96e9dd92b0e34725939d0d24d38612da - - default default] 10.0.0.104 "GET /v2.0/subnetpools?not-tags-any=red%2Cblue HTTP/1.1" status: 200 len: 1223 time: 0.0178866
2026-02-27 15:57:41.156 9 INFO neutron.wsgi [None req-81dcf024-4268-4446-b0cf-9f4c611a0ef3 f4a1c87189bc435ab26768562b54fede 96e9dd92b0e34725939d0d24d38612da - - - -] 10.0.0.104 "DELETE /v2.0/subnetpools/da61f585-2b83-4f0e-a254-0f7cc4996646 HTTP/1.1" status: 204 len: 168 time: 0.0576801
2026-02-27 15:57:41.208 9 INFO neutron.wsgi [None req-5d2eb40f-de0f-4c81-a3ae-2ca7c8ca537e f4a1c87189bc435ab26768562b54fede 96e9dd92b0e34725939d0d24d38612da - - - -] 10.0.0.104 "DELETE /v2.0/subnetpools/0b5f5f01-b775-42b4-9dd6-16ee7c50eaad HTTP/1.1" status: 204 len: 168 time: 0.0465276
2026-02-27 15:57:41.259 9 INFO neutron.wsgi [None req-8f3dfb92-6047-4f72-9478-ebc0d89d308c f4a1c87189bc435ab26768562b54fede 96e9dd92b0e34725939d0d24d38612da - - - -] 10.0.0.104 "DELETE /v2.0/subnetpools/60115ae5-6020-40ca-959f-a10f2285fd1d HTTP/1.1" status: 204 len: 168 time: 0.0460825
2026-02-27 15:57:41.314 9 INFO neutron.wsgi [None req-2b2fc55e-7ca7-4e38-a37a-6eaa0fc98748 f4a1c87189bc435ab26768562b54fede 96e9dd92b0e34725939d0d24d38612da - - - -] 10.0.0.104 "DELETE /v2.0/subnetpools/5dc8ec3b-c450-41eb-b394-c0dfb51034a6 HTTP/1.1" status: 204 len: 168 time: 0.0492599
2026-02-27 15:57:41.365 9 INFO neutron.wsgi [None req-9641a3fd-00ba-4cb3-99b7-dad13447d6e6 f4a1c87189bc435ab26768562b54fede 96e9dd92b0e34725939d0d24d38612da - - - -] 10.0.0.104 "DELETE /v2.0/subnetpools/d0a661fd-02c5-4fb1-8eb6-0bf2892afa73 HTTP/1.1" status: 204 len: 168 time: 0.0473180
2026-02-27 15:57:42.225 10 INFO neutron.db.ovn_revision_numbers_db [None req-8fc509d8-4df1-434a-96f5-3ab97daddfc3 a8515a01835a429c91531ea331f55caa 0944736387d54e908f1f977d84d6dffa - - - -] Successfully bumped revision number for resource 74b32d4e-cadb-478b-a029-8d43eab8ec60 (type: routers) to 1
2026-02-27 15:57:42.237 10 INFO neutron.wsgi [None req-8fc509d8-4df1-434a-96f5-3ab97daddfc3 a8515a01835a429c91531ea331f55caa 0944736387d54e908f1f977d84d6dffa - - - -] 10.0.0.104 "POST /v2.0/routers HTTP/1.1" status: 201 len: 654 time: 0.3002598
2026-02-27 15:57:42.264 9 INFO neutron.db.ovn_revision_numbers_db [None req-92e614bd-9631-4e33-8490-ba18b60ad95c 66ca095a900c47f1abc1a7e5a5cc1ded e605657acc3642f38b5c5ddb7decb851 - - default default] Successfully bumped revision number for resource 0388dd23-5114-4b67-bfd5-790178e06385 (type: security_groups) to 1
2026-02-27 15:57:42.292 9 INFO neutron.wsgi [None req-92e614bd-9631-4e33-8490-ba18b60ad95c 66ca095a900c47f1abc1a7e5a5cc1ded e605657acc3642f38b5c5ddb7decb851 - - default default] 10.0.0.104 "GET /v2.0/security-groups?tenant_id=4c7ffeb955424fa39d4361b6e45ac922&name=default HTTP/1.1" status: 200 len: 3000 time: 0.1653669
2026-02-27 15:57:42.292 10 INFO neutron.wsgi [None req-2e9226bb-1522-49b1-ae1b-847aada801fd a8515a01835a429c91531ea331f55caa 0944736387d54e908f1f977d84d6dffa - - - -] 10.0.0.104 "PUT /v2.0/routers/74b32d4e-cadb-478b-a029-8d43eab8ec60/tags HTTP/1.1" status: 200 len: 218 time: 0.0505958
2026-02-27 15:57:42.343 9 INFO neutron.wsgi [None req-ab77e16f-28af-4e85-9667-23f1ea71ba1b a8515a01835a429c91531ea331f55caa 0944736387d54e908f1f977d84d6dffa - - default default] 10.0.0.104 "GET /v2.0/routers/74b32d4e-cadb-478b-a029-8d43eab8ec60/tags HTTP/1.1" status: 200 len: 218 time: 0.0460081
2026-02-27 15:57:42.450 10 INFO neutron.wsgi [None req-22b58c89-9d7d-4787-a503-8d450a7135e2 66ca095a900c47f1abc1a7e5a5cc1ded e605657acc3642f38b5c5ddb7decb851 - - - -] 10.0.0.104 "DELETE /v2.0/security-groups/0388dd23-5114-4b67-bfd5-790178e06385 HTTP/1.1" status: 204 len: 168 time: 0.1537106
2026-02-27 15:57:42.639 10 INFO neutron.db.ovn_revision_numbers_db [None req-6adf22f1-9c12-418f-ab8c-7e3fd8787b89 66ca095a900c47f1abc1a7e5a5cc1ded e605657acc3642f38b5c5ddb7decb851 - - default default] Successfully bumped revision number for resource 1a825217-70af-4b93-8909-f783530f5842 (type: security_groups) to 1
2026-02-27 15:57:42.642 9 INFO neutron.wsgi [None req-7bbf94dc-1bb0-4fda-bd1c-7f2fed8c0739 a8515a01835a429c91531ea331f55caa 0944736387d54e908f1f977d84d6dffa - - - -] 10.0.0.104 "PUT /v2.0/routers/74b32d4e-cadb-478b-a029-8d43eab8ec60/tags/green HTTP/1.1" status: 201 len: 201 time: 0.2901642
2026-02-27 15:57:42.659 10 INFO neutron.wsgi [None req-6adf22f1-9c12-418f-ab8c-7e3fd8787b89 66ca095a900c47f1abc1a7e5a5cc1ded e605657acc3642f38b5c5ddb7decb851 - - default default] 10.0.0.104 "GET /v2.0/security-groups?tenant_id=96e9dd92b0e34725939d0d24d38612da&name=default HTTP/1.1" status: 200 len: 3000 time: 0.1209061
2026-02-27 15:57:42.700 9 INFO neutron.wsgi [None req-8203b978-b6d7-471e-a0e1-3a03e58937dc a8515a01835a429c91531ea331f55caa 0944736387d54e908f1f977d84d6dffa - - default default] 10.0.0.104 "GET /v2.0/routers/74b32d4e-cadb-478b-a029-8d43eab8ec60/tags HTTP/1.1" status: 200 len: 227 time: 0.0526009
2026-02-27 15:57:42.757 9 INFO neutron.wsgi [None req-15afff3e-9bde-4df3-9f76-b59ab9eb933c a8515a01835a429c91531ea331f55caa 0944736387d54e908f1f977d84d6dffa - - - -] 10.0.0.104 "PUT /v2.0/routers/74b32d4e-cadb-478b-a029-8d43eab8ec60/tags/red HTTP/1.1" status: 201 len: 201 time: 0.0511014
2026-02-27 15:57:42.811 9 INFO neutron.wsgi [None req-738b4637-db68-4d19-b700-97429645859e a8515a01835a429c91531ea331f55caa 0944736387d54e908f1f977d84d6dffa - - default default] 10.0.0.104 "GET /v2.0/routers/74b32d4e-cadb-478b-a029-8d43eab8ec60/tags HTTP/1.1" status: 200 len: 227 time: 0.0493593
2026-02-27 15:57:42.851 10 INFO neutron.wsgi [None req-552db44a-e834-4a94-b350-a9bafbcaa7bd 66ca095a900c47f1abc1a7e5a5cc1ded e605657acc3642f38b5c5ddb7decb851 - - - -] 10.0.0.104 "DELETE /v2.0/security-groups/1a825217-70af-4b93-8909-f783530f5842 HTTP/1.1" status: 204 len: 168 time: 0.1879299
2026-02-27 15:57:42.875 9 INFO neutron.wsgi [None req-7ac1eb3e-b671-4480-9588-3d1e266ec12e a8515a01835a429c91531ea331f55caa 0944736387d54e908f1f977d84d6dffa - - - -] 10.0.0.104 "PUT /v2.0/routers/74b32d4e-cadb-478b-a029-8d43eab8ec60/tags/black.or.white HTTP/1.1" status: 201 len: 201 time: 0.0590177
2026-02-27 15:57:42.942 9 INFO neutron.wsgi [None req-d6c53e32-142c-4f3f-ba91-ba5b80804809 a8515a01835a429c91531ea331f55caa 0944736387d54e908f1f977d84d6dffa - - default default] 10.0.0.104 "GET /v2.0/routers/74b32d4e-cadb-478b-a029-8d43eab8ec60/tags HTTP/1.1" status: 200 len: 245 time: 0.0607109
2026-02-27 15:57:43.013 9 INFO neutron.wsgi [None req-d930647b-4ff6-40f3-95fc-808b3b0b9017 a8515a01835a429c91531ea331f55caa 0944736387d54e908f1f977d84d6dffa - - - -] 10.0.0.104 "PUT /v2.0/routers/74b32d4e-cadb-478b-a029-8d43eab8ec60/tags HTTP/1.1" status: 200 len: 230 time: 0.0650132
2026-02-27 15:57:43.064 10 INFO neutron.wsgi [None req-00c2cce6-e1f1-4ecf-94a0-ebc7325b1fa6 a8515a01835a429c91531ea331f55caa 0944736387d54e908f1f977d84d6dffa - - default default] 10.0.0.104 "GET /v2.0/routers/74b32d4e-cadb-478b-a029-8d43eab8ec60/tags HTTP/1.1" status: 200 len: 230 time: 0.0467803
2026-02-27 15:57:43.106 10 INFO neutron.db.ovn_revision_numbers_db [None req-41d80a58-4bc0-4700-a6b7-13d77c10814e 66ca095a900c47f1abc1a7e5a5cc1ded e605657acc3642f38b5c5ddb7decb851 - - default default] Successfully bumped revision number for resource 3edd3678-e883-4c87-a8db-a2f774c8a90b (type: security_groups) to 1
2026-02-27 15:57:43.126 9 INFO neutron.wsgi [None req-10eb19ca-ebe8-4e8a-9870-8c0a7b195d13 a8515a01835a429c91531ea331f55caa 0944736387d54e908f1f977d84d6dffa - - default default] 10.0.0.104 "GET /v2.0/routers/74b32d4e-cadb-478b-a029-8d43eab8ec60/tags/red HTTP/1.1" status: 204 len: 168 time: 0.0567033
2026-02-27 15:57:43.132 10 INFO neutron.wsgi [None req-41d80a58-4bc0-4700-a6b7-13d77c10814e 66ca095a900c47f1abc1a7e5a5cc1ded e605657acc3642f38b5c5ddb7decb851 - - default default] 10.0.0.104 "GET /v2.0/security-groups?tenant_id=6401ea291e3d4178bf739d32eb372869&name=default HTTP/1.1" status: 200 len: 3000 time: 0.1547692
2026-02-27 15:57:43.175 9 INFO neutron.api.v2.resource [None req-3f91f754-4173-47d8-acf3-b9e4f26ac352 a8515a01835a429c91531ea331f55caa 0944736387d54e908f1f977d84d6dffa - - default default] show failed (client error): The resource could not be found.
2026-02-27 15:57:43.176 9 INFO neutron.wsgi [None req-3f91f754-4173-47d8-acf3-b9e4f26ac352 a8515a01835a429c91531ea331f55caa 0944736387d54e908f1f977d84d6dffa - - default default] 10.0.0.104 "GET /v2.0/routers/74b32d4e-cadb-478b-a029-8d43eab8ec60/tags/green HTTP/1.1" status: 404 len: 299 time: 0.0457423
2026-02-27 15:57:43.237 9 INFO neutron.wsgi [None req-e936ee53-92e7-40ab-b0c3-40c3e5d86105 a8515a01835a429c91531ea331f55caa 0944736387d54e908f1f977d84d6dffa - - - -] 10.0.0.104 "DELETE /v2.0/routers/74b32d4e-cadb-478b-a029-8d43eab8ec60/tags/red HTTP/1.1" status: 204 len: 168 time: 0.0564542
2026-02-27 15:57:43.296 10 INFO neutron.wsgi [None req-32c2c05e-e81e-4c69-b20c-de4025f1effa a8515a01835a429c91531ea331f55caa 0944736387d54e908f1f977d84d6dffa - - default default] 10.0.0.104 "GET /v2.0/routers/74b32d4e-cadb-478b-a029-8d43eab8ec60/tags HTTP/1.1" status: 200 len: 223 time: 0.0520802
2026-02-27 15:57:43.337 10 INFO neutron.wsgi [None req-994c28e3-f73c-4f0e-a5f0-9bcccf6c76a5 66ca095a900c47f1abc1a7e5a5cc1ded e605657acc3642f38b5c5ddb7decb851 - - - -] 10.0.0.104 "DELETE /v2.0/security-groups/3edd3678-e883-4c87-a8db-a2f774c8a90b HTTP/1.1" status: 204 len: 168 time: 0.2017233
2026-02-27 15:57:43.359 9 INFO neutron.api.v2.resource [None req-c34dd1d7-6a42-47bf-bae3-606495b6a3ec a8515a01835a429c91531ea331f55caa 0944736387d54e908f1f977d84d6dffa - - - -] delete failed (client error): The resource could not be found.
2026-02-27 15:57:43.361 9 INFO neutron.wsgi [None req-c34dd1d7-6a42-47bf-bae3-606495b6a3ec a8515a01835a429c91531ea331f55caa 0944736387d54e908f1f977d84d6dffa - - - -] 10.0.0.104 "DELETE /v2.0/routers/74b32d4e-cadb-478b-a029-8d43eab8ec60/tags/green HTTP/1.1" status: 404 len: 299 time: 0.0591869
2026-02-27 15:57:43.432 9 INFO neutron.wsgi [None req-5a903bfe-a8ae-41f9-98d0-b89d9cb281b0 a8515a01835a429c91531ea331f55caa 0944736387d54e908f1f977d84d6dffa - - - -] 10.0.0.104 "DELETE /v2.0/routers/74b32d4e-cadb-478b-a029-8d43eab8ec60/tags HTTP/1.1" status: 204 len: 168 time: 0.0654666
2026-02-27 15:57:43.480 9 INFO neutron.wsgi [None req-268bb634-5458-4557-aacf-b6952ace5210 a8515a01835a429c91531ea331f55caa 0944736387d54e908f1f977d84d6dffa - - default default] 10.0.0.104 "GET /v2.0/routers/74b32d4e-cadb-478b-a029-8d43eab8ec60/tags HTTP/1.1" status: 200 len: 205 time: 0.0422511
2026-02-27 15:57:43.541 9 INFO neutron.wsgi [None req-2c49fe49-20ef-457f-86ca-fe4c3703916c a8515a01835a429c91531ea331f55caa 0944736387d54e908f1f977d84d6dffa - - default default] 10.0.0.104 "GET /v2.0/routers/74b32d4e-cadb-478b-a029-8d43eab8ec60 HTTP/1.1" status: 200 len: 655 time: 0.0539415
2026-02-27 15:57:43.989 9 INFO neutron.db.ovn_revision_numbers_db [None req-e035f107-7618-4f8f-9dab-6602f4b55794 a8515a01835a429c91531ea331f55caa 0944736387d54e908f1f977d84d6dffa - - - -] Successfully bumped revision number for resource 74b32d4e-cadb-478b-a029-8d43eab8ec60 (type: routers) to 9
2026-02-27 15:57:43.992 9 INFO neutron.wsgi [None req-e035f107-7618-4f8f-9dab-6602f4b55794 a8515a01835a429c91531ea331f55caa 0944736387d54e908f1f977d84d6dffa - - - -] 10.0.0.104 "PUT /v2.0/routers/74b32d4e-cadb-478b-a029-8d43eab8ec60 HTTP/1.1" status: 200 len: 655 time: 0.4467468
2026-02-27 15:57:44.028 9 INFO neutron.wsgi [None req-36d630ec-9ea0-4cb4-9c6a-282794659f8d a8515a01835a429c91531ea331f55caa 0944736387d54e908f1f977d84d6dffa - - default default] 10.0.0.104 "GET /v2.0/ports?device_id=74b32d4e-cadb-478b-a029-8d43eab8ec60 HTTP/1.1" status: 200 len: 205 time: 0.0235791
2026-02-27 15:57:44.502 9 INFO neutron.wsgi [None req-a8b7b1ba-c92b-4737-a9d7-025a340f2812 a8515a01835a429c91531ea331f55caa 0944736387d54e908f1f977d84d6dffa - - - -] 10.0.0.104 "DELETE /v2.0/routers/74b32d4e-cadb-478b-a029-8d43eab8ec60 HTTP/1.1" status: 204 len: 168 time: 0.4709179
2026-02-27 15:57:44.831 9 INFO neutron.wsgi [None req-c910b3b0-3709-4a15-9fa0-63ce62001a18 1b7c894364bb4341b471e58806e63e7c d20bf0b2e75346f9a2cfb10904c1bbd9 - - default default] 10.0.0.104 "GET /v2.0/subnets/e82484b3-5e18-466c-a845-45d2a557fb36 HTTP/1.1" status: 200 len: 846 time: 0.0316339
2026-02-27 15:57:45.358 10 INFO neutron.wsgi [None req-2bca0d61-8a73-4b1c-848a-75344fb944d5 66ca095a900c47f1abc1a7e5a5cc1ded e605657acc3642f38b5c5ddb7decb851 - - default default] 10.0.0.27 "GET /v2.0/extensions/security-group HTTP/1.1" status: 200 len: 369 time: 0.0460217
2026-02-27 15:57:45.370 10 INFO neutron.wsgi [None req-9cfef4bd-0242-477f-ad63-ff3eada2541b 66ca095a900c47f1abc1a7e5a5cc1ded e605657acc3642f38b5c5ddb7decb851 - - default default] 10.0.0.27 "GET /v2.0/extensions/dns-integration HTTP/1.1" status: 200 len: 371 time: 0.0050392
2026-02-27 15:57:45.380 10 INFO neutron.wsgi [None req-d68cd12d-b188-467e-a2be-66266c02e2a3 66ca095a900c47f1abc1a7e5a5cc1ded e605657acc3642f38b5c5ddb7decb851 - - default default] 10.0.0.27 "GET /v2.0/extensions/qos HTTP/1.1" status: 200 len: 365 time: 0.0045226
2026-02-27 15:57:45.394 10 INFO neutron.wsgi [None req-224d7451-bb77-4cab-88d6-10cf66af597c 66ca095a900c47f1abc1a7e5a5cc1ded e605657acc3642f38b5c5ddb7decb851 - - default default] 10.0.0.27 "GET /v2.0/extensions/allowed-address-pairs HTTP/1.1" status: 200 len: 383 time: 0.0070419
2026-02-27 15:57:45.416 9 INFO neutron.db.ovn_revision_numbers_db [None req-5d54cc6b-f6ab-4e05-bea2-6f68ed6b48bc 66ca095a900c47f1abc1a7e5a5cc1ded e605657acc3642f38b5c5ddb7decb851 - - default default] Successfully bumped revision number for resource 4912a59a-eee9-4545-98f1-35011197fbef (type: security_groups) to 1
2026-02-27 15:57:45.444 9 INFO neutron.wsgi [None req-5d54cc6b-f6ab-4e05-bea2-6f68ed6b48bc 66ca095a900c47f1abc1a7e5a5cc1ded e605657acc3642f38b5c5ddb7decb851 - - default default] 10.0.0.104 "GET /v2.0/security-groups?tenant_id=52a8130811a9449b9b8919be25ad481c&name=default HTTP/1.1" status: 200 len: 3000 time: 0.2489605
2026-02-27 15:57:45.666 9 INFO neutron.wsgi [None req-660d16aa-8566-4f12-86ea-3768f5c763db 66ca095a900c47f1abc1a7e5a5cc1ded e605657acc3642f38b5c5ddb7decb851 - - - -] 10.0.0.104 "DELETE /v2.0/security-groups/4912a59a-eee9-4545-98f1-35011197fbef HTTP/1.1" status: 204 len: 168 time: 0.2179842
2026-02-27 15:57:45.876 9 INFO neutron.db.ovn_revision_numbers_db [None req-a2ebb75d-1dde-411c-ab83-a8583212a020 66ca095a900c47f1abc1a7e5a5cc1ded e605657acc3642f38b5c5ddb7decb851 - - default default] Successfully bumped revision number for resource c2e573de-951a-4bcf-bc74-30cd0779a08d (type: security_groups) to 1
2026-02-27 15:57:45.899 9 INFO neutron.wsgi [None req-a2ebb75d-1dde-411c-ab83-a8583212a020 66ca095a900c47f1abc1a7e5a5cc1ded e605657acc3642f38b5c5ddb7decb851 - - default default] 10.0.0.104 "GET /v2.0/security-groups?tenant_id=0944736387d54e908f1f977d84d6dffa&name=default HTTP/1.1" status: 200 len: 3000 time: 0.1182308
2026-02-27 15:57:45.910 10 INFO neutron.wsgi [-] 10.0.0.27 "GET / HTTP/1.1" status: 200 len: 284 time: 0.0033219
2026-02-27 15:57:45.954 10 INFO neutron.wsgi [None req-85b83fd7-b1cc-426c-b515-2d40d52b88c4 d1787a2e2de54f08bf3cf45d5c6af2e2 72830472573b41168c7952dd08333290 - - default default] 10.0.0.27 "GET /v2.0/subnets/e82484b3-5e18-466c-a845-45d2a557fb36 HTTP/1.1" status: 200 len: 833 time: 0.0401366
2026-02-27 15:57:45.969 10 INFO neutron.wsgi [None req-5371d757-e77f-4b4b-888f-0c41f0f0bb81 66ca095a900c47f1abc1a7e5a5cc1ded e605657acc3642f38b5c5ddb7decb851 - - default default] 10.0.0.27 "GET /v2.0/extensions/security-group HTTP/1.1" status: 200 len: 369 time: 0.0087433
2026-02-27 15:57:45.979 10 INFO neutron.wsgi [None req-6a78fc22-5b4e-4937-9a39-ea6d68644641 66ca095a900c47f1abc1a7e5a5cc1ded e605657acc3642f38b5c5ddb7decb851 - - default default] 10.0.0.27 "GET /v2.0/extensions/dns-integration HTTP/1.1" status: 200 len: 371 time: 0.0051992
2026-02-27 15:57:45.989 10 INFO neutron.wsgi [None req-958c0390-992e-4579-8f10-bd738e831c94 66ca095a900c47f1abc1a7e5a5cc1ded e605657acc3642f38b5c5ddb7decb851 - - default default] 10.0.0.27 "GET /v2.0/extensions/qos HTTP/1.1" status: 200 len: 365 time: 0.0054910
2026-02-27 15:57:46.001 10 INFO neutron.wsgi [None req-a5aae5d8-d162-4e99-98f4-e960ff5d1928 66ca095a900c47f1abc1a7e5a5cc1ded e605657acc3642f38b5c5ddb7decb851 - - default default] 10.0.0.27 "GET /v2.0/extensions/allowed-address-pairs HTTP/1.1" status: 200 len: 383 time: 0.0054402
2026-02-27 15:57:46.046 10 INFO neutron.wsgi [None req-a054b2c1-2b23-4ac6-92fb-c2dc7e1037ec 66ca095a900c47f1abc1a7e5a5cc1ded e605657acc3642f38b5c5ddb7decb851 - - default default] 10.0.0.27 "GET /v2.0/subnets/e82484b3-5e18-466c-a845-45d2a557fb36 HTTP/1.1" status: 200 len: 851 time: 0.0371864
2026-02-27 15:57:46.075 9 INFO neutron.wsgi [None req-a2224ea4-7ca5-40ba-adf1-9235f53163e7 66ca095a900c47f1abc1a7e5a5cc1ded e605657acc3642f38b5c5ddb7decb851 - - - -] 10.0.0.104 "DELETE /v2.0/security-groups/c2e573de-951a-4bcf-bc74-30cd0779a08d HTTP/1.1" status: 204 len: 168 time: 0.1707211
2026-02-27 15:57:46.315 10 INFO neutron.wsgi [None req-b090b280-22b5-43f8-9195-5d1d1297fa92 66ca095a900c47f1abc1a7e5a5cc1ded e605657acc3642f38b5c5ddb7decb851 - - default default] 10.0.0.27 "GET /v2.0/extensions/security-group HTTP/1.1" status: 200 len: 369 time: 0.0078251
2026-02-27 15:57:46.323 10 INFO neutron.wsgi [None req-2a236cfb-45d3-45a2-9e9d-b10ffe13af6e 66ca095a900c47f1abc1a7e5a5cc1ded e605657acc3642f38b5c5ddb7decb851 - - default default] 10.0.0.27 "GET /v2.0/extensions/dns-integration HTTP/1.1" status: 200 len: 371 time: 0.0030425
2026-02-27 15:57:46.332 10 INFO neutron.wsgi [None req-4fa2b13b-951a-4161-af31-8db10ab861a5 66ca095a900c47f1abc1a7e5a5cc1ded e605657acc3642f38b5c5ddb7decb851 - - default default] 10.0.0.27 "GET /v2.0/extensions/qos HTTP/1.1" status: 200 len: 365 time: 0.0040359
2026-02-27 15:57:46.342 10 INFO neutron.wsgi [None req-b9dd8420-cb17-4425-af26-ac9f1a3b9975 66ca095a900c47f1abc1a7e5a5cc1ded e605657acc3642f38b5c5ddb7decb851 - - default default] 10.0.0.27 "GET /v2.0/extensions/allowed-address-pairs HTTP/1.1" status: 200 len: 383 time: 0.0043285
2026-02-27 15:57:46.396 10 INFO neutron.wsgi [None req-fd120546-396a-40ad-82e7-41cd689977a1 66ca095a900c47f1abc1a7e5a5cc1ded e605657acc3642f38b5c5ddb7decb851 - - default default] 10.0.0.27 "GET /v2.0/networks/e856f1ea-ba81-4e2c-af1a-6f39c96a618e HTTP/1.1" status: 200 len: 1002 time: 0.0482769
2026-02-27 15:57:46.408 10 INFO neutron.wsgi [None req-112c2e36-6bce-4788-8f00-f396d82592d1 66ca095a900c47f1abc1a7e5a5cc1ded e605657acc3642f38b5c5ddb7decb851 - - default default] 10.0.0.27 "GET /v2.0/extensions/project-id HTTP/1.1" status: 200 len: 403 time: 0.0051098
2026-02-27 15:57:46.712 10 WARNING neutron.scheduler.dhcp_agent_scheduler [None req-0ec6c4ba-1acc-4bee-9921-a5eae6cdebd1 66ca095a900c47f1abc1a7e5a5cc1ded e605657acc3642f38b5c5ddb7decb851 - - - -] No more DHCP agents
2026-02-27 15:57:46.714 10 WARNING neutron.api.rpc.agentnotifiers.dhcp_rpc_agent_api [None req-0ec6c4ba-1acc-4bee-9921-a5eae6cdebd1 66ca095a900c47f1abc1a7e5a5cc1ded e605657acc3642f38b5c5ddb7decb851 - - - -] Unable to schedule network e856f1ea-ba81-4e2c-af1a-6f39c96a618e: no agents available; will retry on subsequent port and subnet creation events.
2026-02-27 15:57:46.917 10 INFO neutron.db.ovn_revision_numbers_db [None req-0ec6c4ba-1acc-4bee-9921-a5eae6cdebd1 66ca095a900c47f1abc1a7e5a5cc1ded e605657acc3642f38b5c5ddb7decb851 - - - -] Successfully bumped revision number for resource 97ab912e-eb4e-4c36-a125-17baabf62f9a (type: ports) to 1
2026-02-27 15:57:46.937 10 INFO neutron.wsgi [None req-0ec6c4ba-1acc-4bee-9921-a5eae6cdebd1 66ca095a900c47f1abc1a7e5a5cc1ded e605657acc3642f38b5c5ddb7decb851 - - - -] 10.0.0.27 "POST /v2.0/ports HTTP/1.1" status: 201 len: 1333 time: 0.5246844
2026-02-27 15:57:46.961 9 INFO neutron.db.ovn_revision_numbers_db [None req-8f237f96-10bd-4682-98ba-072d3568d991 953d947f4a3146c896801269687a5dde 90a81e1e99334ffd969405ca07abc994 - - - -] Successfully bumped revision number for resource 347181e6-2b8d-40fb-aceb-93ccd0cea781 (type: security_groups) to 1
2026-02-27 15:57:47.010 9 INFO neutron.db.segments_db [None req-8f237f96-10bd-4682-98ba-072d3568d991 953d947f4a3146c896801269687a5dde 90a81e1e99334ffd969405ca07abc994 - - - -] Added segment 5eeef244-3478-47a7-967b-a4c4255fe247 of type geneve for network 81be5d0f-0582-4530-9c03-9a1313d1f709
2026-02-27 15:57:47.145 9 INFO neutron.db.ovn_revision_numbers_db [None req-8f237f96-10bd-4682-98ba-072d3568d991 953d947f4a3146c896801269687a5dde 90a81e1e99334ffd969405ca07abc994 - - - -] Successfully bumped revision number for resource 81be5d0f-0582-4530-9c03-9a1313d1f709 (type: networks) to 1
2026-02-27 15:57:47.351 9 WARNING neutron.scheduler.dhcp_agent_scheduler [None req-8f237f96-10bd-4682-98ba-072d3568d991 953d947f4a3146c896801269687a5dde 90a81e1e99334ffd969405ca07abc994 - - - -] No more DHCP agents
2026-02-27 15:57:47.353 9 WARNING neutron.api.rpc.agentnotifiers.dhcp_rpc_agent_api [None req-8f237f96-10bd-4682-98ba-072d3568d991 953d947f4a3146c896801269687a5dde 90a81e1e99334ffd969405ca07abc994 - - - -] Unable to schedule network 81be5d0f-0582-4530-9c03-9a1313d1f709: no agents available; will retry on subsequent port and subnet creation events.
2026-02-27 15:57:47.416 9 INFO neutron.db.ovn_revision_numbers_db [None req-8f237f96-10bd-4682-98ba-072d3568d991 953d947f4a3146c896801269687a5dde 90a81e1e99334ffd969405ca07abc994 - - - -] Successfully bumped revision number for resource 1418a25a-55f7-4a3c-8576-bf09378f1368 (type: ports) to 1
2026-02-27 15:57:47.453 9 INFO neutron.wsgi [None req-8f237f96-10bd-4682-98ba-072d3568d991 953d947f4a3146c896801269687a5dde 90a81e1e99334ffd969405ca07abc994 - - - -] 10.0.0.104 "POST /v2.0/networks HTTP/1.1" status: 201 len: 831 time: 0.7558937
2026-02-27 15:57:47.538 9 INFO neutron.db.segments_db [None req-ca328da8-14ae-49ce-82fb-81904ab55b91 953d947f4a3146c896801269687a5dde 90a81e1e99334ffd969405ca07abc994 - - - -] Added segment e85b4e35-0a1e-4b2a-a7ab-349d8d6e689c of type geneve for network 059f442a-588e-4816-866c-afcb344efe54
2026-02-27 15:57:47.663 9 INFO neutron.db.ovn_revision_numbers_db [None req-ca328da8-14ae-49ce-82fb-81904ab55b91 953d947f4a3146c896801269687a5dde 90a81e1e99334ffd969405ca07abc994 - - - -] Successfully bumped revision number for resource 059f442a-588e-4816-866c-afcb344efe54 (type: networks) to 1
2026-02-27 15:57:47.863 9 WARNING neutron.scheduler.dhcp_agent_scheduler [None req-ca328da8-14ae-49ce-82fb-81904ab55b91 953d947f4a3146c896801269687a5dde 90a81e1e99334ffd969405ca07abc994 - - - -] No more DHCP agents
2026-02-27 15:57:47.864 9 WARNING neutron.api.rpc.agentnotifiers.dhcp_rpc_agent_api [None req-ca328da8-14ae-49ce-82fb-81904ab55b91 953d947f4a3146c896801269687a5dde 90a81e1e99334ffd969405ca07abc994 - - - -] Unable to schedule network 059f442a-588e-4816-866c-afcb344efe54: no agents available; will retry on subsequent port and subnet creation events.
2026-02-27 15:57:47.928 9 INFO neutron.db.ovn_revision_numbers_db [None req-ca328da8-14ae-49ce-82fb-81904ab55b91 953d947f4a3146c896801269687a5dde 90a81e1e99334ffd969405ca07abc994 - - - -] Successfully bumped revision number for resource 3a168782-4350-4c0d-9513-fee346696ece (type: ports) to 1
2026-02-27 15:57:47.953 9 INFO neutron.wsgi [None req-ca328da8-14ae-49ce-82fb-81904ab55b91 953d947f4a3146c896801269687a5dde 90a81e1e99334ffd969405ca07abc994 - - - -] 10.0.0.104 "POST /v2.0/networks HTTP/1.1" status: 201 len: 831 time: 0.4949985
2026-02-27 15:57:48.008 9 INFO neutron.wsgi [None req-f2c90959-34b3-4157-aea4-ed34e495e894 953d947f4a3146c896801269687a5dde 90a81e1e99334ffd969405ca07abc994 - - - -] 10.0.0.104 "PUT /v2.0/networks/81be5d0f-0582-4530-9c03-9a1313d1f709/tags HTTP/1.1" status: 200 len: 218 time: 0.0505800
2026-02-27 15:57:48.062 9 INFO neutron.wsgi [None req-643fb17b-5132-4c5c-9c16-334a907da5e0 953d947f4a3146c896801269687a5dde 90a81e1e99334ffd969405ca07abc994 - - default default] 10.0.0.104 "GET /v2.0/networks/81be5d0f-0582-4530-9c03-9a1313d1f709/tags HTTP/1.1" status: 200 len: 218 time: 0.0474319
2026-02-27 15:57:48.122 9 INFO neutron.wsgi [None req-669d6d43-c8c0-4760-8992-e6024865cb1e 953d947f4a3146c896801269687a5dde 90a81e1e99334ffd969405ca07abc994 - - - -] 10.0.0.104 "PUT /v2.0/networks/059f442a-588e-4816-866c-afcb344efe54/tags HTTP/1.1" status: 200 len: 210 time: 0.0539894 /var/lib/openstack/lib/python3.10/site-packages/pycadf/identifier.py:71: UserWarning: Invalid uuid: neutron. To ensure interoperability, identifiers should be a valid uuid. warnings.warn(('Invalid uuid: %s. To ensure interoperability, '
2026-02-27 15:57:48.181 10 INFO neutron.wsgi [None req-b5cee765-d958-4dc6-967f-7c4ad946a450 953d947f4a3146c896801269687a5dde 90a81e1e99334ffd969405ca07abc994 - - default default] 10.0.0.104 "GET /v2.0/networks/059f442a-588e-4816-866c-afcb344efe54/tags HTTP/1.1" status: 200 len: 210 time: 0.0436656
2026-02-27 15:57:48.244 10 INFO neutron.wsgi [None req-0eaf6849-3e5f-45bc-a05b-9bd616cd35ff 953d947f4a3146c896801269687a5dde 90a81e1e99334ffd969405ca07abc994 - - - -] 10.0.0.104 "PUT /v2.0/networks/059f442a-588e-4816-866c-afcb344efe54/tags HTTP/1.1" status: 200 len: 205 time: 0.0575986
2026-02-27 15:57:48.465 9 INFO neutron.wsgi [None req-6b3ed929-8e02-4cc9-8e6a-fbe3ba0258dd 66ca095a900c47f1abc1a7e5a5cc1ded e605657acc3642f38b5c5ddb7decb851 - - default default] 199.19.213.79 "GET /v2.0/extensions/security-group HTTP/1.1" status: 200 len: 369 time: 0.1165652
2026-02-27 15:57:48.476 9 INFO neutron.wsgi [None req-6ff9025e-0aed-4176-925c-57d0777bc2b9 66ca095a900c47f1abc1a7e5a5cc1ded e605657acc3642f38b5c5ddb7decb851 - - default default] 199.19.213.79 "GET /v2.0/extensions/dns-integration HTTP/1.1" status: 200 len: 371 time: 0.0045464
2026-02-27 15:57:48.484 9 INFO neutron.wsgi [None req-ae147664-7bc1-4cab-ba89-c1bbf699979f 66ca095a900c47f1abc1a7e5a5cc1ded e605657acc3642f38b5c5ddb7decb851 - - default default] 199.19.213.79 "GET /v2.0/extensions/qos HTTP/1.1" status: 200 len: 365 time: 0.0038445
2026-02-27 15:57:48.493 9 INFO neutron.wsgi [None req-ac3eea80-32ed-4e51-8073-0fb77c12b037 66ca095a900c47f1abc1a7e5a5cc1ded e605657acc3642f38b5c5ddb7decb851 - - default default] 199.19.213.79 "GET /v2.0/extensions/allowed-address-pairs HTTP/1.1" status: 200 len: 383 time: 0.0046988
2026-02-27 15:57:48.529 9 INFO neutron.wsgi [None req-212b2038-ac03-4502-b209-31de19bb74a2 66ca095a900c47f1abc1a7e5a5cc1ded e605657acc3642f38b5c5ddb7decb851 - - default default] 199.19.213.79 "GET /v2.0/ports/97ab912e-eb4e-4c36-a125-17baabf62f9a HTTP/1.1" status: 200 len: 1328 time: 0.0301325
2026-02-27 15:57:48.574 10 INFO neutron.wsgi [None req-91e8012e-fbef-4efa-9529-8f532381521e 953d947f4a3146c896801269687a5dde 90a81e1e99334ffd969405ca07abc994 - - default default] 10.0.0.104 "GET /v2.0/networks/059f442a-588e-4816-866c-afcb344efe54/tags HTTP/1.1" status: 200 len: 205 time: 0.3240657
2026-02-27 15:57:48.619 10 INFO neutron.wsgi [None req-2895a4ee-9ecd-4f8f-8388-10f653d3574c 953d947f4a3146c896801269687a5dde 90a81e1e99334ffd969405ca07abc994 - - default default] 10.0.0.104 "GET /v2.0/networks/81be5d0f-0582-4530-9c03-9a1313d1f709/tags HTTP/1.1" status: 200 len: 218 time: 0.0389979
2026-02-27 15:57:48.634 9 INFO neutron.wsgi [None req-5d15fcc4-ade7-4e93-99d3-af39f06ffe77 66ca095a900c47f1abc1a7e5a5cc1ded e605657acc3642f38b5c5ddb7decb851 - - default default] 199.19.213.79 "GET /v2.0/extensions/security-group HTTP/1.1" status: 200 len: 369 time: 0.0059936
2026-02-27 15:57:48.640 9 INFO neutron.wsgi [None req-eeb82b38-2c6a-4fb1-8b79-a7da10e013ba 66ca095a900c47f1abc1a7e5a5cc1ded e605657acc3642f38b5c5ddb7decb851 - - default default] 199.19.213.79 "GET /v2.0/extensions/dns-integration HTTP/1.1" status: 200 len: 371 time: 0.0031443
2026-02-27 15:57:48.650 9 INFO neutron.wsgi [None req-1c2aa4db-16a0-4bf7-ad0b-52d9a4863ba2 66ca095a900c47f1abc1a7e5a5cc1ded e605657acc3642f38b5c5ddb7decb851 - - default default] 199.19.213.79 "GET /v2.0/extensions/qos HTTP/1.1" status: 200 len: 365 time: 0.0046577
2026-02-27 15:57:48.662 9 INFO neutron.wsgi [None req-49ad2ee9-f087-4237-9b7f-28b2e5092250 66ca095a900c47f1abc1a7e5a5cc1ded e605657acc3642f38b5c5ddb7decb851 - - default default] 199.19.213.79 "GET /v2.0/extensions/allowed-address-pairs HTTP/1.1" status: 200 len: 383 time: 0.0057535
2026-02-27 15:57:48.698 9 INFO neutron.wsgi [None req-4ad06446-8b81-404e-931e-d3b4e94dc1bd 66ca095a900c47f1abc1a7e5a5cc1ded e605657acc3642f38b5c5ddb7decb851 - - default default] 199.19.213.79 "GET /v2.0/security-groups?name=lb-cf60966a-e42c-4733-829d-ecf1405d8a6c HTTP/1.1" status: 200 len: 221 time: 0.0291009
2026-02-27 15:57:48.799 9 INFO neutron.db.ovn_revision_numbers_db [None req-b872a2a0-dde0-4a25-abf2-df971bf572fa 66ca095a900c47f1abc1a7e5a5cc1ded e605657acc3642f38b5c5ddb7decb851 - - - -] Successfully bumped revision number for resource ebe0b263-5350-44e6-9c0d-db35f1dbe6cc (type: security_groups) to 1
2026-02-27 15:57:48.828 9 INFO neutron.wsgi [None req-b872a2a0-dde0-4a25-abf2-df971bf572fa 66ca095a900c47f1abc1a7e5a5cc1ded e605657acc3642f38b5c5ddb7decb851 - - - -] 199.19.213.79 "POST /v2.0/security-groups HTTP/1.1" status: 201 len: 1779 time: 0.1222341
2026-02-27 15:57:48.887 9 INFO neutron.wsgi [None req-57a88d3b-8ce7-4d6e-a722-852f871515cd 66ca095a900c47f1abc1a7e5a5cc1ded e605657acc3642f38b5c5ddb7decb851 - - default default] 199.19.213.79 "GET /v2.0/security-group-rules?security_group_id=ebe0b263-5350-44e6-9c0d-db35f1dbe6cc HTTP/1.1" status: 200 len: 1318 time: 0.0455873
2026-02-27 15:57:49.016 10 INFO neutron.services.segments.plugin [-] Segment 5eeef244-3478-47a7-967b-a4c4255fe247 resource provider aggregate not found
2026-02-27 15:57:49.023 10 INFO neutron.services.segments.plugin [-] Segment 5eeef244-3478-47a7-967b-a4c4255fe247 resource provider aggregate not found
2026-02-27 15:57:49.032 10 INFO neutron.services.segments.plugin [-] Segment 5eeef244-3478-47a7-967b-a4c4255fe247 resource provider not found; error: Placement Client Error (4xx): {"errors": [{"status": 404, "title": "Not Found", "detail": "The resource could not be found.\n\n No resource provider with uuid 5eeef244-3478-47a7-967b-a4c4255fe247 found for delete ", "request_id": "req-472ee0b7-7032-4f52-b60d-3b805abda067"}]}
2026-02-27 15:57:49.050 10 INFO neutron.services.segments.plugin [-] Segment 5eeef244-3478-47a7-967b-a4c4255fe247 resource provider not found; error: Placement Client Error (4xx): {"errors": [{"status": 404, "title": "Not Found", "detail": "The resource could not be found.\n\n No resource provider with uuid 5eeef244-3478-47a7-967b-a4c4255fe247 found for delete ", "request_id": "req-b7101fef-b194-4f03-90c1-44837ea5fa7d"}]}
