2026-04-28 08:23:28.330 9 INFO neutron.api.wsgi [None req-818c2474-71ff-48f6-8d50-366d4ff5ba71 a2b2aee04d4e4d6a9c7048fdd2f2e66d 5906e0af14af44b78d262d35bdab8cf5 - - default default] 199.204.45.129 "GET /v2.0/ports?name=octavia-health-manager-port-instance HTTP/1.1" status: 200 len: 1421 time: 0.0360200
2026-04-28 08:23:28.945 9 INFO neutron.api.wsgi [-] 10.0.0.81 "GET / HTTP/1.1" status: 200 len: 246 time: 0.0025535
2026-04-28 08:23:28.950 10 INFO neutron.api.wsgi [-] 10.0.0.81 "GET / HTTP/1.1" status: 200 len: 246 time: 0.0064080
2026-04-28 08:23:31.050 10 INFO neutron.plugins.ml2.drivers.ovn.mech_driver.mech_driver [-] OVN reports status up for port: 56663c52-b59d-4739-8f08-472bd3681e09
2026-04-28 08:23:31.209 10 INFO neutron.plugins.ml2.plugin [None req-3c1f5374-b0d9-4e39-ae7f-bbf7d1841657 - - - - - -] Attempt 1 to provision port 56663c52-b59d-4739-8f08-472bd3681e09
2026-04-28 08:23:31.535 10 INFO neutron.plugins.ml2.drivers.ovn.mech_driver.ovsdb.extensions.qos [None req-3c1f5374-b0d9-4e39-ae7f-bbf7d1841657 - - - - - -] Starting OVNClientQosExtension
2026-04-28 08:23:31.536 10 INFO neutron.plugins.ml2.drivers.ovn.mech_driver.ovsdb.extensions.placement [None req-3c1f5374-b0d9-4e39-ae7f-bbf7d1841657 - - - - - -] Starting OVNClientPlacementExtension
2026-04-28 08:23:31.674 10 INFO neutron.db.ovn_revision_numbers_db [None req-3c1f5374-b0d9-4e39-ae7f-bbf7d1841657 - - - - - -] Successfully bumped revision number for resource 56663c52-b59d-4739-8f08-472bd3681e09 (type: ports) to 5
2026-04-28 08:23:43.945 9 INFO neutron.api.wsgi [-] 10.0.0.81 "GET / HTTP/1.1" status: 200 len: 246 time: 0.0018950
2026-04-28 08:23:43.945 10 INFO neutron.api.wsgi [-] 10.0.0.81 "GET / HTTP/1.1" status: 200 len: 246 time: 0.0026836
2026-04-28 08:23:58.945 10 INFO neutron.api.wsgi [-] 10.0.0.81 "GET / HTTP/1.1" status: 200 len: 246 time: 0.0020726
2026-04-28 08:23:58.948 9 INFO neutron.api.wsgi [-] 10.0.0.81 "GET / HTTP/1.1" status: 200 len: 246 time: 0.0043156
2026-04-28 08:24:13.944 9 INFO neutron.api.wsgi [-] 10.0.0.81 "GET / HTTP/1.1" status: 200 len: 246 time: 0.0017257
2026-04-28 08:24:13.948 10 INFO neutron.api.wsgi [-] 10.0.0.81 "GET / HTTP/1.1" status: 200 len: 246 time: 0.0049562
2026-04-28 08:24:28.945 9 INFO neutron.api.wsgi [-] 10.0.0.81 "GET / HTTP/1.1" status: 200 len: 246 time: 0.0016108
2026-04-28 08:24:28.945 10 INFO neutron.api.wsgi [-] 10.0.0.81 "GET / HTTP/1.1" status: 200 len: 246 time: 0.0019035
2026-04-28 08:24:43.944 10 INFO neutron.api.wsgi [-] 10.0.0.81 "GET / HTTP/1.1" status: 200 len: 246 time: 0.0018725
2026-04-28 08:24:43.947 9 INFO neutron.api.wsgi [-] 10.0.0.81 "GET / HTTP/1.1" status: 200 len: 246 time: 0.0053189
2026-04-28 08:24:58.946 9 INFO neutron.api.wsgi [-] 10.0.0.81 "GET / HTTP/1.1" status: 200 len: 246 time: 0.0031633
2026-04-28 08:24:58.947 10 INFO neutron.api.wsgi [-] 10.0.0.81 "GET / HTTP/1.1" status: 200 len: 246 time: 0.0020387
2026-04-28 08:25:13.948 9 INFO neutron.api.wsgi [-] 10.0.0.81 "GET / HTTP/1.1" status: 200 len: 246 time: 0.0047698
2026-04-28 08:25:13.951 9 INFO neutron.api.wsgi [-] 10.0.0.81 "GET / HTTP/1.1" status: 200 len: 246 time: 0.0024061
2026-04-28 08:25:28.945 9 INFO neutron.api.wsgi [-] 10.0.0.81 "GET / HTTP/1.1" status: 200 len: 246 time: 0.0019815
2026-04-28 08:25:28.947 9 INFO neutron.api.wsgi [-] 10.0.0.81 "GET / HTTP/1.1" status: 200 len: 246 time: 0.0015686
2026-04-28 08:25:43.947 10 INFO neutron.api.wsgi [-] 10.0.0.81 "GET / HTTP/1.1" status: 200 len: 246 time: 0.0020382
2026-04-28 08:25:43.949 10 INFO neutron.api.wsgi [-] 10.0.0.81 "GET / HTTP/1.1" status: 200 len: 246 time: 0.0012188
2026-04-28 08:25:58.946 10 INFO neutron.api.wsgi [-] 10.0.0.81 "GET / HTTP/1.1" status: 200 len: 246 time: 0.0033026
2026-04-28 08:25:58.947 10 INFO neutron.api.wsgi [-] 10.0.0.81 "GET / HTTP/1.1" status: 200 len: 246 time: 0.0010076
2026-04-28 08:26:13.944 10 INFO neutron.api.wsgi [-] 10.0.0.81 "GET / HTTP/1.1" status: 200 len: 246 time: 0.0016854
2026-04-28 08:26:13.944 9 INFO neutron.api.wsgi [-] 10.0.0.81 "GET / HTTP/1.1" status: 200 len: 246 time: 0.0022044
2026-04-28 08:26:28.945 9 INFO neutron.api.wsgi [-] 10.0.0.81 "GET / HTTP/1.1" status: 200 len: 246 time: 0.0017667
2026-04-28 08:26:28.951 10 INFO neutron.api.wsgi [-] 10.0.0.81 "GET / HTTP/1.1" status: 200 len: 246 time: 0.0052502
2026-04-28 08:26:43.945 10 INFO neutron.api.wsgi [-] 10.0.0.81 "GET / HTTP/1.1" status: 200 len: 246 time: 0.0028758
2026-04-28 08:26:43.945 9 INFO neutron.api.wsgi [-] 10.0.0.81 "GET / HTTP/1.1" status: 200 len: 246 time: 0.0020516
2026-04-28 08:26:58.945 9 INFO neutron.api.wsgi [-] 10.0.0.81 "GET / HTTP/1.1" status: 200 len: 246 time: 0.0025783
2026-04-28 08:26:58.945 10 INFO neutron.api.wsgi [-] 10.0.0.81 "GET / HTTP/1.1" status: 200 len: 246 time: 0.0025344
2026-04-28 08:27:13.946 9 INFO neutron.api.wsgi [-] 10.0.0.81 "GET / HTTP/1.1" status: 200 len: 246 time: 0.0033779
2026-04-28 08:27:13.946 10 INFO neutron.api.wsgi [-] 10.0.0.81 "GET / HTTP/1.1" status: 200 len: 246 time: 0.0033779
2026-04-28 08:27:28.945 9 INFO neutron.api.wsgi [-] 10.0.0.81 "GET / HTTP/1.1" status: 200 len: 246 time: 0.0021400
2026-04-28 08:27:28.948 9 INFO neutron.api.wsgi [-] 10.0.0.81 "GET / HTTP/1.1" status: 200 len: 246 time: 0.0023758
2026-04-28 08:27:43.948 10 INFO neutron.api.wsgi [-] 10.0.0.81 "GET / HTTP/1.1" status: 200 len: 246 time: 0.0040884
2026-04-28 08:27:43.948 9 INFO neutron.api.wsgi [-] 10.0.0.81 "GET / HTTP/1.1" status: 200 len: 246 time: 0.0045059
2026-04-28 08:27:58.946 9 INFO neutron.api.wsgi [-] 10.0.0.81 "GET / HTTP/1.1" status: 200 len: 246 time: 0.0028064
2026-04-28 08:27:58.947 10 INFO neutron.api.wsgi [-] 10.0.0.81 "GET / HTTP/1.1" status: 200 len: 246 time: 0.0038397
2026-04-28 08:28:11.550 15 INFO neutron.plugins.ml2.drivers.ovn.mech_driver.ovsdb.maintenance [None req-5f389e23-ce4c-421f-81e9-911ddb872db2 - - - - - -] OVN maintenance task check_for_inconsistencies finished in 0.026 seconds
2026-04-28 08:28:13.944 10 INFO neutron.api.wsgi [-] 10.0.0.81 "GET / HTTP/1.1" status: 200 len: 246 time: 0.0015447
2026-04-28 08:28:13.946 9 INFO neutron.api.wsgi [-] 10.0.0.81 "GET / HTTP/1.1" status: 200 len: 246 time: 0.0032721
2026-04-28 08:28:28.945 9 INFO neutron.api.wsgi [-] 10.0.0.81 "GET / HTTP/1.1" status: 200 len: 246 time: 0.0022793
2026-04-28 08:28:28.948 9 INFO neutron.api.wsgi [-] 10.0.0.81 "GET / HTTP/1.1" status: 200 len: 246 time: 0.0015519
2026-04-28 08:28:43.961 9 INFO neutron.api.wsgi [-] 10.0.0.81 "GET / HTTP/1.1" status: 200 len: 246 time: 0.0041425
2026-04-28 08:28:43.962 9 INFO neutron.api.wsgi [-] 10.0.0.81 "GET / HTTP/1.1" status: 200 len: 246 time: 0.0011916
2026-04-28 08:28:58.947 9 INFO neutron.api.wsgi [-] 10.0.0.81 "GET / HTTP/1.1" status: 200 len: 246 time: 0.0031183
2026-04-28 08:28:58.951 9 INFO neutron.api.wsgi [-] 10.0.0.81 "GET / HTTP/1.1" status: 200 len: 246 time: 0.0027263
2026-04-28 08:29:13.944 10 INFO neutron.api.wsgi [-] 10.0.0.81 "GET / HTTP/1.1" status: 200 len: 246 time: 0.0016592
2026-04-28 08:29:13.947 9 INFO neutron.api.wsgi [-] 10.0.0.81 "GET / HTTP/1.1" status: 200 len: 246 time: 0.0048339
2026-04-28 08:29:28.946 9 INFO neutron.api.wsgi [-] 10.0.0.81 "GET / HTTP/1.1" status: 200 len: 246 time: 0.0029273
2026-04-28 08:29:28.947 10 INFO neutron.api.wsgi [-] 10.0.0.81 "GET / HTTP/1.1" status: 200 len: 246 time: 0.0034158
2026-04-28 08:29:43.944 9 INFO neutron.api.wsgi [-] 10.0.0.81 "GET / HTTP/1.1" status: 200 len: 246 time: 0.0018575
2026-04-28 08:29:43.947 9 INFO neutron.api.wsgi [-] 10.0.0.81 "GET / HTTP/1.1" status: 200 len: 246 time: 0.0022459
2026-04-28 08:29:58.948 9 INFO neutron.api.wsgi [-] 10.0.0.81 "GET / HTTP/1.1" status: 200 len: 246 time: 0.0046780
2026-04-28 08:29:58.950 9 INFO neutron.api.wsgi [-] 10.0.0.81 "GET / HTTP/1.1" status: 200 len: 246 time: 0.0018632
2026-04-28 08:30:13.955 9 INFO neutron.api.wsgi [-] 10.0.0.81 "GET / HTTP/1.1" status: 200 len: 246 time: 0.0123215
2026-04-28 08:30:13.959 9 INFO neutron.api.wsgi [-] 10.0.0.81 "GET / HTTP/1.1" status: 200 len: 246 time: 0.0023305
2026-04-28 08:30:28.946 10 INFO neutron.api.wsgi [-] 10.0.0.81 "GET / HTTP/1.1" status: 200 len: 246 time: 0.0028980
2026-04-28 08:30:28.948 9 INFO neutron.api.wsgi [-] 10.0.0.81 "GET / HTTP/1.1" status: 200 len: 246 time: 0.0046830 /var/lib/openstack/lib/python3.12/site-packages/pycadf/identifier.py:71: UserWarning: Invalid uuid: unknown. To ensure interoperability, identifiers should be a valid uuid. warnings.warn(('Invalid uuid: %s. To ensure interoperability, '
2026-04-28 08:30:43.207 10 INFO neutron.api.v2.resource [None req-27ccfd33-673f-48ed-99a8-d681f83848d8 a2b2aee04d4e4d6a9c7048fdd2f2e66d 5906e0af14af44b78d262d35bdab8cf5 - - default default] show failed (client error): The resource could not be found.
2026-04-28 08:30:43.209 10 INFO neutron.api.wsgi [None req-27ccfd33-673f-48ed-99a8-d681f83848d8 a2b2aee04d4e4d6a9c7048fdd2f2e66d 5906e0af14af44b78d262d35bdab8cf5 - - default default] 199.204.45.129,10.0.0.81 "GET /v2.0/security-groups/manila-service-security-group?project_id=0385b1eafcf1436ab1be06d0d76c6864 HTTP/1.1" status: 404 len: 321 time: 0.4740329
2026-04-28 08:30:43.380 10 INFO neutron.db.ovn_revision_numbers_db [None req-1658091a-20d5-485c-9cce-771d0ae3b122 a2b2aee04d4e4d6a9c7048fdd2f2e66d 5906e0af14af44b78d262d35bdab8cf5 - - default default] Successfully bumped revision number for resource 109af5fe-bd60-4d0a-8397-4c3442c90764 (type: security_groups) to 1
2026-04-28 08:30:43.395 10 INFO neutron.db.ovn_revision_numbers_db [None req-1658091a-20d5-485c-9cce-771d0ae3b122 a2b2aee04d4e4d6a9c7048fdd2f2e66d 5906e0af14af44b78d262d35bdab8cf5 - - default default] Successfully bumped revision number for resource 47c4db99-29d5-43b7-af37-23c3c2cce066 (type: security_group_rules) to 0
2026-04-28 08:30:43.408 10 INFO neutron.db.ovn_revision_numbers_db [None req-1658091a-20d5-485c-9cce-771d0ae3b122 a2b2aee04d4e4d6a9c7048fdd2f2e66d 5906e0af14af44b78d262d35bdab8cf5 - - default default] Successfully bumped revision number for resource 4ddd82e4-e857-4fea-bfab-16d83398c741 (type: security_group_rules) to 0
2026-04-28 08:30:43.423 10 INFO neutron.db.ovn_revision_numbers_db [None req-1658091a-20d5-485c-9cce-771d0ae3b122 a2b2aee04d4e4d6a9c7048fdd2f2e66d 5906e0af14af44b78d262d35bdab8cf5 - - default default] Successfully bumped revision number for resource 4e5f9818-3ee0-45db-8d8a-5bbfc85361ec (type: security_group_rules) to 0
2026-04-28 08:30:43.436 10 INFO neutron.db.ovn_revision_numbers_db [None req-1658091a-20d5-485c-9cce-771d0ae3b122 a2b2aee04d4e4d6a9c7048fdd2f2e66d 5906e0af14af44b78d262d35bdab8cf5 - - default default] Successfully bumped revision number for resource 77f7be7f-9a24-4973-b9d8-8dd97ddae85d (type: security_group_rules) to 0
2026-04-28 08:30:43.495 10 INFO neutron.api.wsgi [None req-1658091a-20d5-485c-9cce-771d0ae3b122 a2b2aee04d4e4d6a9c7048fdd2f2e66d 5906e0af14af44b78d262d35bdab8cf5 - - default default] 199.204.45.129,10.0.0.81 "GET /v2.0/security-groups?name=manila-service-security-group&project_id=0385b1eafcf1436ab1be06d0d76c6864 HTTP/1.1" status: 200 len: 197 time: 0.2808862
2026-04-28 08:30:43.692 10 INFO neutron.db.ovn_revision_numbers_db [None req-f25ef589-b3ec-401b-8cc1-85c3c2cdaef1 a2b2aee04d4e4d6a9c7048fdd2f2e66d 5906e0af14af44b78d262d35bdab8cf5 - - default default] Successfully bumped revision number for resource 17b6a599-d3c2-47d4-9bcb-eece0dd78b26 (type: security_groups) to 1
2026-04-28 08:30:43.703 10 INFO neutron.db.ovn_revision_numbers_db [None req-f25ef589-b3ec-401b-8cc1-85c3c2cdaef1 a2b2aee04d4e4d6a9c7048fdd2f2e66d 5906e0af14af44b78d262d35bdab8cf5 - - default default] Successfully bumped revision number for resource 8277292a-3a1a-477a-9938-33c00aa1218f (type: security_group_rules) to 0
2026-04-28 08:30:43.715 10 INFO neutron.db.ovn_revision_numbers_db [None req-f25ef589-b3ec-401b-8cc1-85c3c2cdaef1 a2b2aee04d4e4d6a9c7048fdd2f2e66d 5906e0af14af44b78d262d35bdab8cf5 - - default default] Successfully bumped revision number for resource e237d61d-25b9-4ae6-85b9-146fcd51731e (type: security_group_rules) to 0
2026-04-28 08:30:43.753 10 INFO neutron.api.wsgi [None req-f25ef589-b3ec-401b-8cc1-85c3c2cdaef1 a2b2aee04d4e4d6a9c7048fdd2f2e66d 5906e0af14af44b78d262d35bdab8cf5 - - default default] 199.204.45.129,10.0.0.81 "POST /v2.0/security-groups HTTP/1.1" status: 201 len: 1805 time: 0.1907170
2026-04-28 08:30:43.947 10 INFO neutron.api.wsgi [-] 10.0.0.81 "GET / HTTP/1.1" status: 200 len: 246 time: 0.0035810
2026-04-28 08:30:43.950 10 INFO neutron.api.wsgi [-] 10.0.0.81 "GET / HTTP/1.1" status: 200 len: 246 time: 0.0017149
2026-04-28 08:30:44.829 10 INFO neutron.api.wsgi [None req-8aff0b1f-55bc-4b3e-b16b-27d30f86a6fd a2b2aee04d4e4d6a9c7048fdd2f2e66d 5906e0af14af44b78d262d35bdab8cf5 - - default default] 199.204.45.129,10.0.0.81 "GET /v2.0/security-groups/17b6a599-d3c2-47d4-9bcb-eece0dd78b26?project_id=0385b1eafcf1436ab1be06d0d76c6864 HTTP/1.1" status: 200 len: 1800 time: 0.0603318
2026-04-28 08:30:44.862 10 INFO neutron.api.wsgi [None req-fc11a1fa-cbd7-4326-b2a2-648ad663ed49 a2b2aee04d4e4d6a9c7048fdd2f2e66d 5906e0af14af44b78d262d35bdab8cf5 - - default default] 199.204.45.129,10.0.0.81 "GET /v2.0/security-groups/17b6a599-d3c2-47d4-9bcb-eece0dd78b26 HTTP/1.1" status: 200 len: 1800 time: 0.0260708
2026-04-28 08:30:44.961 10 INFO neutron.api.wsgi [None req-1f6eb095-5bec-4e0f-b7e8-f32aec4005a9 a2b2aee04d4e4d6a9c7048fdd2f2e66d 5906e0af14af44b78d262d35bdab8cf5 - - default default] 199.204.45.129,10.0.0.81 "GET /v2.0/security-groups/17b6a599-d3c2-47d4-9bcb-eece0dd78b26?project_id=0385b1eafcf1436ab1be06d0d76c6864 HTTP/1.1" status: 200 len: 1800 time: 0.0284684
2026-04-28 08:30:45.106 10 INFO neutron.db.ovn_revision_numbers_db [None req-9fc9c617-b5c2-4508-8fcc-878710f997bb a2b2aee04d4e4d6a9c7048fdd2f2e66d 5906e0af14af44b78d262d35bdab8cf5 - - default default] Successfully bumped revision number for resource 73c892ea-8cb0-42cd-ba5c-8156cf3499ae (type: security_group_rules) to 0
2026-04-28 08:30:45.150 10 INFO neutron.api.wsgi [None req-9fc9c617-b5c2-4508-8fcc-878710f997bb a2b2aee04d4e4d6a9c7048fdd2f2e66d 5906e0af14af44b78d262d35bdab8cf5 - - default default] 199.204.45.129,10.0.0.81 "POST /v2.0/security-group-rules HTTP/1.1" status: 201 len: 777 time: 0.1813581
2026-04-28 08:30:46.191 10 INFO neutron.api.wsgi [None req-16927f93-5c38-40f3-bae0-7341eae28443 a2b2aee04d4e4d6a9c7048fdd2f2e66d 5906e0af14af44b78d262d35bdab8cf5 - - default default] 199.204.45.129,10.0.0.81 "GET /v2.0/security-groups/17b6a599-d3c2-47d4-9bcb-eece0dd78b26?project_id=0385b1eafcf1436ab1be06d0d76c6864 HTTP/1.1" status: 200 len: 2410 time: 0.0516195
2026-04-28 08:30:46.225 10 INFO neutron.api.wsgi [None req-508122ac-92d2-4dd8-9945-c425e93c03dc a2b2aee04d4e4d6a9c7048fdd2f2e66d 5906e0af14af44b78d262d35bdab8cf5 - - default default] 199.204.45.129,10.0.0.81 "GET /v2.0/security-groups/17b6a599-d3c2-47d4-9bcb-eece0dd78b26 HTTP/1.1" status: 200 len: 2410 time: 0.0283055
2026-04-28 08:30:46.319 10 INFO neutron.api.wsgi [None req-9bea12c4-0966-4f86-a721-62b26627bd69 a2b2aee04d4e4d6a9c7048fdd2f2e66d 5906e0af14af44b78d262d35bdab8cf5 - - default default] 199.204.45.129,10.0.0.81 "GET /v2.0/security-groups/17b6a599-d3c2-47d4-9bcb-eece0dd78b26?project_id=0385b1eafcf1436ab1be06d0d76c6864 HTTP/1.1" status: 200 len: 2410 time: 0.0241616
2026-04-28 08:30:46.440 10 INFO neutron.db.ovn_revision_numbers_db [None req-85d89048-8eb5-4335-8664-b95b9036269e a2b2aee04d4e4d6a9c7048fdd2f2e66d 5906e0af14af44b78d262d35bdab8cf5 - - default default] Successfully bumped revision number for resource 1abcbffe-ef6a-4953-8744-c13a7e515e65 (type: security_group_rules) to 0
2026-04-28 08:30:46.468 10 INFO neutron.api.wsgi [None req-85d89048-8eb5-4335-8664-b95b9036269e a2b2aee04d4e4d6a9c7048fdd2f2e66d 5906e0af14af44b78d262d35bdab8cf5 - - default default] 199.204.45.129,10.0.0.81 "POST /v2.0/security-group-rules HTTP/1.1" status: 201 len: 779 time: 0.1420221
2026-04-28 08:30:47.521 10 INFO neutron.api.wsgi [None req-ba435117-a7fc-4162-ae1f-a1c24242b01f a2b2aee04d4e4d6a9c7048fdd2f2e66d 5906e0af14af44b78d262d35bdab8cf5 - - default default] 199.204.45.129,10.0.0.81 "GET /v2.0/security-groups/17b6a599-d3c2-47d4-9bcb-eece0dd78b26?project_id=0385b1eafcf1436ab1be06d0d76c6864 HTTP/1.1" status: 200 len: 3022 time: 0.0561562
2026-04-28 08:30:47.556 10 INFO neutron.api.wsgi [None req-666d6125-f906-4461-b71c-95203295ab4a a2b2aee04d4e4d6a9c7048fdd2f2e66d 5906e0af14af44b78d262d35bdab8cf5 - - default default] 199.204.45.129,10.0.0.81 "GET /v2.0/security-groups/17b6a599-d3c2-47d4-9bcb-eece0dd78b26 HTTP/1.1" status: 200 len: 3022 time: 0.0279059
2026-04-28 08:30:47.649 10 INFO neutron.api.wsgi [None req-880b34cc-693d-4aff-bf79-3525ef6b9f5d a2b2aee04d4e4d6a9c7048fdd2f2e66d 5906e0af14af44b78d262d35bdab8cf5 - - default default] 199.204.45.129,10.0.0.81 "GET /v2.0/security-groups/17b6a599-d3c2-47d4-9bcb-eece0dd78b26?project_id=0385b1eafcf1436ab1be06d0d76c6864 HTTP/1.1" status: 200 len: 3022 time: 0.0253177
2026-04-28 08:30:47.782 10 INFO neutron.db.ovn_revision_numbers_db [None req-48ee9713-648d-46eb-8ad5-fdc6266f87b8 a2b2aee04d4e4d6a9c7048fdd2f2e66d 5906e0af14af44b78d262d35bdab8cf5 - - default default] Successfully bumped revision number for resource 4eb0b2ee-6cbb-4a8c-a1b2-ab182e74fd7c (type: security_group_rules) to 0
2026-04-28 08:30:47.811 10 INFO neutron.api.wsgi [None req-48ee9713-648d-46eb-8ad5-fdc6266f87b8 a2b2aee04d4e4d6a9c7048fdd2f2e66d 5906e0af14af44b78d262d35bdab8cf5 - - default default] 199.204.45.129,10.0.0.81 "POST /v2.0/security-group-rules HTTP/1.1" status: 201 len: 781 time: 0.1538284
2026-04-28 08:30:48.869 10 INFO neutron.api.wsgi [None req-dc0f8d13-ef77-475f-a588-c7abfb936e08 a2b2aee04d4e4d6a9c7048fdd2f2e66d 5906e0af14af44b78d262d35bdab8cf5 - - default default] 199.204.45.129,10.0.0.81 "GET /v2.0/security-groups/17b6a599-d3c2-47d4-9bcb-eece0dd78b26?project_id=0385b1eafcf1436ab1be06d0d76c6864 HTTP/1.1" status: 200 len: 3636 time: 0.0455937
2026-04-28 08:30:48.905 10 INFO neutron.api.wsgi [None req-4edcf4c3-0f9f-48b4-9b30-670b51523b4e a2b2aee04d4e4d6a9c7048fdd2f2e66d 5906e0af14af44b78d262d35bdab8cf5 - - default default] 199.204.45.129,10.0.0.81 "GET /v2.0/security-groups/17b6a599-d3c2-47d4-9bcb-eece0dd78b26 HTTP/1.1" status: 200 len: 3636 time: 0.0255713
2026-04-28 08:30:49.013 10 INFO neutron.api.wsgi [None req-043c9391-f3d4-4f61-8a8f-7fb4343f589e a2b2aee04d4e4d6a9c7048fdd2f2e66d 5906e0af14af44b78d262d35bdab8cf5 - - default default] 199.204.45.129,10.0.0.81 "GET /v2.0/security-groups/17b6a599-d3c2-47d4-9bcb-eece0dd78b26?project_id=0385b1eafcf1436ab1be06d0d76c6864 HTTP/1.1" status: 200 len: 3636 time: 0.0267882
2026-04-28 08:30:49.186 10 INFO neutron.db.ovn_revision_numbers_db [None req-0aa2d5e0-a362-4fcf-823e-416fb2b360f0 a2b2aee04d4e4d6a9c7048fdd2f2e66d 5906e0af14af44b78d262d35bdab8cf5 - - default default] Successfully bumped revision number for resource 6008a3f0-d357-474c-962a-1a384507451b (type: security_group_rules) to 0
2026-04-28 08:30:49.214 10 INFO neutron.api.wsgi [None req-0aa2d5e0-a362-4fcf-823e-416fb2b360f0 a2b2aee04d4e4d6a9c7048fdd2f2e66d 5906e0af14af44b78d262d35bdab8cf5 - - default default] 199.204.45.129,10.0.0.81 "POST /v2.0/security-group-rules HTTP/1.1" status: 201 len: 782 time: 0.1950672
2026-04-28 08:30:58.948 10 INFO neutron.api.wsgi [-] 10.0.0.81 "GET / HTTP/1.1" status: 200 len: 246 time: 0.0044236
2026-04-28 08:30:58.951 10 INFO neutron.api.wsgi [-] 10.0.0.81 "GET / HTTP/1.1" status: 200 len: 246 time: 0.0014801
2026-04-28 08:31:13.945 10 INFO neutron.api.wsgi [-] 10.0.0.81 "GET / HTTP/1.1" status: 200 len: 246 time: 0.0030270
2026-04-28 08:31:13.947 10 INFO neutron.api.wsgi [-] 10.0.0.81 "GET / HTTP/1.1" status: 200 len: 246 time: 0.0013328
2026-04-28 08:31:28.944 9 INFO neutron.api.wsgi [-] 10.0.0.81 "GET / HTTP/1.1" status: 200 len: 246 time: 0.0019150
2026-04-28 08:31:28.945 10 INFO neutron.api.wsgi [-] 10.0.0.81 "GET / HTTP/1.1" status: 200 len: 246 time: 0.0026460
2026-04-28 08:31:43.946 9 INFO neutron.api.wsgi [-] 10.0.0.81 "GET / HTTP/1.1" status: 200 len: 246 time: 0.0033052
2026-04-28 08:31:43.948 10 INFO neutron.api.wsgi [-] 10.0.0.81 "GET / HTTP/1.1" status: 200 len: 246 time: 0.0033491
2026-04-28 08:31:58.944 10 INFO neutron.api.wsgi [-] 10.0.0.81 "GET / HTTP/1.1" status: 200 len: 246 time: 0.0021739
2026-04-28 08:31:58.945 9 INFO neutron.api.wsgi [-] 10.0.0.81 "GET / HTTP/1.1" status: 200 len: 246 time: 0.0031414
2026-04-28 08:32:13.946 9 INFO neutron.api.wsgi [-] 10.0.0.81 "GET / HTTP/1.1" status: 200 len: 246 time: 0.0022089
2026-04-28 08:32:13.946 10 INFO neutron.api.wsgi [-] 10.0.0.81 "GET / HTTP/1.1" status: 200 len: 246 time: 0.0027189
2026-04-28 08:32:28.945 9 INFO neutron.api.wsgi [-] 10.0.0.81 "GET / HTTP/1.1" status: 200 len: 246 time: 0.0019817
2026-04-28 08:32:28.947 9 INFO neutron.api.wsgi [-] 10.0.0.81 "GET / HTTP/1.1" status: 200 len: 246 time: 0.0015848
2026-04-28 08:32:43.948 9 INFO neutron.api.wsgi [-] 10.0.0.81 "GET / HTTP/1.1" status: 200 len: 246 time: 0.0040503
2026-04-28 08:32:43.950 10 INFO neutron.api.wsgi [-] 10.0.0.81 "GET / HTTP/1.1" status: 200 len: 246 time: 0.0060499
2026-04-28 08:32:58.945 9 INFO neutron.api.wsgi [-] 10.0.0.81 "GET / HTTP/1.1" status: 200 len: 246 time: 0.0020587
2026-04-28 08:32:58.948 9 INFO neutron.api.wsgi [-] 10.0.0.81 "GET / HTTP/1.1" status: 200 len: 246 time: 0.0027151 /var/lib/openstack/lib/python3.12/site-packages/pycadf/identifier.py:71: UserWarning: Invalid uuid: neutron. To ensure interoperability, identifiers should be a valid uuid. warnings.warn(('Invalid uuid: %s. To ensure interoperability, '
2026-04-28 08:33:11.283 10 INFO neutron.api.wsgi [None req-db943120-bc58-45ef-91c0-d53f5120ece4 7569a328b094434195daaea3c18f3274 0385b1eafcf1436ab1be06d0d76c6864 - - 1a9a9c801f84437c975186752f7bc6ba 1a9a9c801f84437c975186752f7bc6ba] 199.204.45.129 "GET /v2.0/networks?tenant_id=0385b1eafcf1436ab1be06d0d76c6864&shared=False HTTP/1.1" status: 200 len: 213 time: 0.1390462
2026-04-28 08:33:11.391 10 INFO neutron.db.segments_db [None req-4f178cfa-92d2-43c5-8179-b5bedcbe569d 7569a328b094434195daaea3c18f3274 0385b1eafcf1436ab1be06d0d76c6864 - - 1a9a9c801f84437c975186752f7bc6ba 1a9a9c801f84437c975186752f7bc6ba] Added segment ee7790b2-b8ca-4585-9530-1aa3aed59219 of type geneve for network 1209b8bd-a989-4875-8764-bed2fa796d92
2026-04-28 08:33:11.556 10 INFO neutron.db.ovn_revision_numbers_db [None req-4f178cfa-92d2-43c5-8179-b5bedcbe569d 7569a328b094434195daaea3c18f3274 0385b1eafcf1436ab1be06d0d76c6864 - - 1a9a9c801f84437c975186752f7bc6ba 1a9a9c801f84437c975186752f7bc6ba] Successfully bumped revision number for resource 1209b8bd-a989-4875-8764-bed2fa796d92 (type: networks) to 1
2026-04-28 08:33:11.586 15 INFO neutron.db.ovn_revision_numbers_db [None req-5f389e23-ce4c-421f-81e9-911ddb872db2 - - - - - -] Successfully bumped revision number for resource 17b6a599-d3c2-47d4-9bcb-eece0dd78b26 (type: security_groups) to 5
2026-04-28 08:33:11.586 15 INFO neutron.plugins.ml2.drivers.ovn.mech_driver.ovsdb.maintenance [None req-5f389e23-ce4c-421f-81e9-911ddb872db2 - - - - - -] OVN maintenance task check_for_inconsistencies finished in 0.062 seconds
2026-04-28 08:33:11.762 10 WARNING neutron.scheduler.dhcp_agent_scheduler [None req-4f178cfa-92d2-43c5-8179-b5bedcbe569d 7569a328b094434195daaea3c18f3274 0385b1eafcf1436ab1be06d0d76c6864 - - 1a9a9c801f84437c975186752f7bc6ba 1a9a9c801f84437c975186752f7bc6ba] No more DHCP agents
2026-04-28 08:33:11.764 10 WARNING neutron.api.rpc.agentnotifiers.dhcp_rpc_agent_api [None req-4f178cfa-92d2-43c5-8179-b5bedcbe569d 7569a328b094434195daaea3c18f3274 0385b1eafcf1436ab1be06d0d76c6864 - - 1a9a9c801f84437c975186752f7bc6ba 1a9a9c801f84437c975186752f7bc6ba] Unable to schedule network 1209b8bd-a989-4875-8764-bed2fa796d92: no agents available; will retry on subsequent port and subnet creation events.
2026-04-28 08:33:11.827 10 INFO neutron.db.ovn_revision_numbers_db [None req-4f178cfa-92d2-43c5-8179-b5bedcbe569d 7569a328b094434195daaea3c18f3274 0385b1eafcf1436ab1be06d0d76c6864 - - 1a9a9c801f84437c975186752f7bc6ba 1a9a9c801f84437c975186752f7bc6ba] Successfully bumped revision number for resource ae846b87-0108-4a3f-8cb9-d3541299c206 (type: ports) to 1
2026-04-28 08:33:11.847 10 INFO neutron.api.wsgi [None req-4f178cfa-92d2-43c5-8179-b5bedcbe569d 7569a328b094434195daaea3c18f3274 0385b1eafcf1436ab1be06d0d76c6864 - - 1a9a9c801f84437c975186752f7bc6ba 1a9a9c801f84437c975186752f7bc6ba] 199.204.45.129 "POST /v2.0/networks HTTP/1.1" status: 201 len: 925 time: 0.5567367
2026-04-28 08:33:11.888 10 INFO neutron.api.wsgi [None req-9f44ec4b-82fd-4267-a94c-35d75274873b 7569a328b094434195daaea3c18f3274 0385b1eafcf1436ab1be06d0d76c6864 - - 1a9a9c801f84437c975186752f7bc6ba 1a9a9c801f84437c975186752f7bc6ba] 199.204.45.129 "GET /v2.0/ports?device_id=manila-share&binding%3Ahost_id=instance HTTP/1.1" status: 200 len: 210 time: 0.0323558
2026-04-28 08:33:11.901 10 INFO neutron.api.wsgi [None req-1db907f6-557c-46ef-a589-00560ad0609a 7569a328b094434195daaea3c18f3274 0385b1eafcf1436ab1be06d0d76c6864 - - 1a9a9c801f84437c975186752f7bc6ba 1a9a9c801f84437c975186752f7bc6ba] 199.204.45.129 "GET /v2.0/extensions HTTP/1.1" status: 200 len: 19298 time: 0.0055761
2026-04-28 08:33:12.178 10 WARNING neutron.scheduler.dhcp_agent_scheduler [None req-87bd6ef3-baa3-40f0-ba87-600717901e5a 7569a328b094434195daaea3c18f3274 0385b1eafcf1436ab1be06d0d76c6864 - - 1a9a9c801f84437c975186752f7bc6ba 1a9a9c801f84437c975186752f7bc6ba] No more DHCP agents
2026-04-28 08:33:12.179 10 WARNING neutron.api.rpc.agentnotifiers.dhcp_rpc_agent_api [None req-87bd6ef3-baa3-40f0-ba87-600717901e5a 7569a328b094434195daaea3c18f3274 0385b1eafcf1436ab1be06d0d76c6864 - - 1a9a9c801f84437c975186752f7bc6ba 1a9a9c801f84437c975186752f7bc6ba] Unable to schedule network 1209b8bd-a989-4875-8764-bed2fa796d92: no agents available; will retry on subsequent port and subnet creation events.
2026-04-28 08:33:12.241 10 INFO neutron.db.ovn_revision_numbers_db [None req-87bd6ef3-baa3-40f0-ba87-600717901e5a 7569a328b094434195daaea3c18f3274 0385b1eafcf1436ab1be06d0d76c6864 - - 1a9a9c801f84437c975186752f7bc6ba 1a9a9c801f84437c975186752f7bc6ba] Successfully bumped revision number for resource bc602d96-6d1b-4c9f-9411-f0a3d42151ec (type: ports) to 1
2026-04-28 08:33:12.442 10 INFO neutron.db.ovn_revision_numbers_db [None req-87bd6ef3-baa3-40f0-ba87-600717901e5a 7569a328b094434195daaea3c18f3274 0385b1eafcf1436ab1be06d0d76c6864 - - 1a9a9c801f84437c975186752f7bc6ba 1a9a9c801f84437c975186752f7bc6ba] Successfully bumped revision number for resource bc602d96-6d1b-4c9f-9411-f0a3d42151ec (type: ports) to 3
2026-04-28 08:33:12.466 10 INFO neutron.api.wsgi [None req-87bd6ef3-baa3-40f0-ba87-600717901e5a 7569a328b094434195daaea3c18f3274 0385b1eafcf1436ab1be06d0d76c6864 - - 1a9a9c801f84437c975186752f7bc6ba 1a9a9c801f84437c975186752f7bc6ba] 199.204.45.129 "POST /v2.0/ports HTTP/1.1" status: 201 len: 1172 time: 0.5572410
2026-04-28 08:33:12.503 10 INFO neutron.api.wsgi [None req-73fb3e9d-359c-47db-a46f-97ac3dd7a92b 7569a328b094434195daaea3c18f3274 0385b1eafcf1436ab1be06d0d76c6864 - - 1a9a9c801f84437c975186752f7bc6ba 1a9a9c801f84437c975186752f7bc6ba] 199.204.45.129 "GET /v2.0/networks/1209b8bd-a989-4875-8764-bed2fa796d92 HTTP/1.1" status: 200 len: 907 time: 0.0317864
2026-04-28 08:33:13.246 9 INFO neutron.plugins.ml2.drivers.ovn.mech_driver.mech_driver [-] OVN reports status up for port: bc602d96-6d1b-4c9f-9411-f0a3d42151ec
2026-04-28 08:33:13.268 9 INFO neutron.plugins.ml2.plugin [None req-290f4d36-cfc6-4568-a71d-fab43aba3af4 - - - - - -] Attempt 1 to provision port bc602d96-6d1b-4c9f-9411-f0a3d42151ec
2026-04-28 08:33:13.470 9 INFO neutron.db.ovn_revision_numbers_db [None req-290f4d36-cfc6-4568-a71d-fab43aba3af4 - - - - - -] Successfully bumped revision number for resource bc602d96-6d1b-4c9f-9411-f0a3d42151ec (type: ports) to 4
2026-04-28 08:33:13.947 9 INFO neutron.api.wsgi [-] 10.0.0.81 "GET / HTTP/1.1" status: 200 len: 246 time: 0.0038073
2026-04-28 08:33:13.951 10 INFO neutron.api.wsgi [-] 10.0.0.81 "GET / HTTP/1.1" status: 200 len: 246 time: 0.0065155
2026-04-28 08:33:14.836 10 INFO neutron.api.wsgi [None req-c7e9dd14-f422-4b83-a52e-cec553d25978 7569a328b094434195daaea3c18f3274 0385b1eafcf1436ab1be06d0d76c6864 - - 1a9a9c801f84437c975186752f7bc6ba 1a9a9c801f84437c975186752f7bc6ba] 199.204.45.129 "GET /v2.0/ports?device_id=manila-share&binding%3Ahost_id=instance HTTP/1.1" status: 200 len: 1172 time: 0.0470338
2026-04-28 08:33:14.876 10 INFO neutron.api.wsgi [None req-f0bcd8af-5c93-4f1b-94be-c1e33cdf8cbf 7569a328b094434195daaea3c18f3274 0385b1eafcf1436ab1be06d0d76c6864 - - 1a9a9c801f84437c975186752f7bc6ba 1a9a9c801f84437c975186752f7bc6ba] 199.204.45.129 "GET /v2.0/networks/1209b8bd-a989-4875-8764-bed2fa796d92 HTTP/1.1" status: 200 len: 907 time: 0.0331795
2026-04-28 08:33:28.948 9 INFO neutron.api.wsgi [-] 10.0.0.81 "GET / HTTP/1.1" status: 200 len: 246 time: 0.0027170
2026-04-28 08:33:28.950 9 INFO neutron.api.wsgi [-] 10.0.0.81 "GET / HTTP/1.1" status: 200 len: 246 time: 0.0014021
2026-04-28 08:33:31.392 10 INFO neutron.api.wsgi [None req-c22d02d0-1761-423f-bd87-e3a00574bac0 a2b2aee04d4e4d6a9c7048fdd2f2e66d 5906e0af14af44b78d262d35bdab8cf5 - - default default] 199.204.45.129,10.0.0.81 "GET /v2.0/quotas/0385b1eafcf1436ab1be06d0d76c6864 HTTP/1.1" status: 200 len: 467 time: 0.0096304 /var/lib/openstack/lib/python3.12/site-packages/neutron/extensions/quotasv2.py:139: UserWarning: Neutron quota engine will require "--force" parameter to set a quota limit without checking the resource usage. warnings.warn('Neutron quota engine will require "--force" '
2026-04-28 08:33:31.906 10 INFO neutron.api.wsgi [None req-52c80381-7a69-4e58-97c6-4f57f44de670 a2b2aee04d4e4d6a9c7048fdd2f2e66d 5906e0af14af44b78d262d35bdab8cf5 - - default default] 199.204.45.129,10.0.0.81 "PUT /v2.0/quotas/0385b1eafcf1436ab1be06d0d76c6864 HTTP/1.1" status: 200 len: 466 time: 0.0318074
2026-04-28 08:33:43.948 9 INFO neutron.api.wsgi [-] 10.0.0.81 "GET / HTTP/1.1" status: 200 len: 246 time: 0.0057299
2026-04-28 08:33:43.948 10 INFO neutron.api.wsgi [-] 10.0.0.81 "GET / HTTP/1.1" status: 200 len: 246 time: 0.0054860
2026-04-28 08:33:58.945 10 INFO neutron.api.wsgi [-] 10.0.0.81 "GET / HTTP/1.1" status: 200 len: 246 time: 0.0024545
2026-04-28 08:33:58.947 9 INFO neutron.api.wsgi [-] 10.0.0.81 "GET / HTTP/1.1" status: 200 len: 246 time: 0.0032613
2026-04-28 08:34:13.945 9 INFO neutron.api.wsgi [-] 10.0.0.81 "GET / HTTP/1.1" status: 200 len: 246 time: 0.0020072
2026-04-28 08:34:13.947 10 INFO neutron.api.wsgi [-] 10.0.0.81 "GET / HTTP/1.1" status: 200 len: 246 time: 0.0037529
2026-04-28 08:34:28.947 9 INFO neutron.api.wsgi [-] 10.0.0.81 "GET / HTTP/1.1" status: 200 len: 246 time: 0.0035207
2026-04-28 08:34:28.952 9 INFO neutron.api.wsgi [-] 10.0.0.81 "GET / HTTP/1.1" status: 200 len: 246 time: 0.0034223
2026-04-28 08:34:43.946 9 INFO neutron.api.wsgi [-] 10.0.0.81 "GET / HTTP/1.1" status: 200 len: 246 time: 0.0028045
2026-04-28 08:34:43.948 10 INFO neutron.api.wsgi [-] 10.0.0.81 "GET / HTTP/1.1" status: 200 len: 246 time: 0.0029662
2026-04-28 08:34:58.947 9 INFO neutron.api.wsgi [-] 10.0.0.81 "GET / HTTP/1.1" status: 200 len: 246 time: 0.0038295
2026-04-28 08:34:58.950 9 INFO neutron.api.wsgi [-] 10.0.0.81 "GET / HTTP/1.1" status: 200 len: 246 time: 0.0019066
2026-04-28 08:35:05.242 10 INFO neutron.api.wsgi [None req-157762f4-b6bf-4a53-8231-e16ad2bf192c a2b2aee04d4e4d6a9c7048fdd2f2e66d 5906e0af14af44b78d262d35bdab8cf5 - - default default] 10.0.0.20 "GET /v2.0/networks HTTP/1.1" status: 200 len: 2350 time: 0.1427372
2026-04-28 08:35:05.303 10 INFO neutron.api.wsgi [None req-ad9d2c8d-d1fa-46b1-9322-4da22824a982 a2b2aee04d4e4d6a9c7048fdd2f2e66d 5906e0af14af44b78d262d35bdab8cf5 - - default default] 10.0.0.20 "GET /v2.0/agents HTTP/1.1" status: 200 len: 1390 time: 0.0566099
2026-04-28 08:35:05.350 10 INFO neutron.api.wsgi [None req-e2b9940f-c737-4a19-b303-3da371d26785 a2b2aee04d4e4d6a9c7048fdd2f2e66d 5906e0af14af44b78d262d35bdab8cf5 - - default default] 10.0.0.20 "GET /v2.0/subnets HTTP/1.1" status: 200 len: 1484 time: 0.0426919
2026-04-28 08:35:05.365 10 INFO neutron.api.wsgi [None req-e55617d0-4d13-4fae-a801-d8ada87feae5 a2b2aee04d4e4d6a9c7048fdd2f2e66d 5906e0af14af44b78d262d35bdab8cf5 - - default default] 10.0.0.20 "GET /v2.0/subnetpools HTTP/1.1" status: 200 len: 193 time: 0.0131640
2026-04-28 08:35:05.411 10 INFO neutron.api.wsgi [None req-5208a5c6-3f43-4d2b-81a2-185bab4f06b2 a2b2aee04d4e4d6a9c7048fdd2f2e66d 5906e0af14af44b78d262d35bdab8cf5 - - default default] 10.0.0.20 "GET /v2.0/security-groups HTTP/1.1" status: 200 len: 17578 time: 0.0446851
2026-04-28 08:35:05.451 10 INFO neutron.api.wsgi [None req-0f52b486-9087-4d7d-8687-70430eca35eb a2b2aee04d4e4d6a9c7048fdd2f2e66d 5906e0af14af44b78d262d35bdab8cf5 - - default default] 10.0.0.20 "GET /v2.0/subnets HTTP/1.1" status: 200 len: 1484 time: 0.0283153
2026-04-28 08:35:05.485 10 INFO neutron.api.wsgi [None req-a2d08ba9-50f8-4ef7-8abc-566012727c18 a2b2aee04d4e4d6a9c7048fdd2f2e66d 5906e0af14af44b78d262d35bdab8cf5 - - default default] 10.0.0.20 "GET /v2.0/floatingips HTTP/1.1" status: 200 len: 193 time: 0.0329230
2026-04-28 08:35:05.514 10 INFO neutron.api.wsgi [None req-c72bcb76-b841-4deb-866b-f4e68d03e9a1 a2b2aee04d4e4d6a9c7048fdd2f2e66d 5906e0af14af44b78d262d35bdab8cf5 - - default default] 10.0.0.20 "GET /v2.0/routers HTTP/1.1" status: 200 len: 189 time: 0.0277073
2026-04-28 08:35:05.525 10 INFO neutron.api.wsgi [None req-354b529f-d235-4111-ac85-50dc9dee1509 a2b2aee04d4e4d6a9c7048fdd2f2e66d 5906e0af14af44b78d262d35bdab8cf5 - - default default] 10.0.0.20 "GET /v2.0/agents?binary=ovn-controller HTTP/1.1" status: 200 len: 591 time: 0.0100358
2026-04-28 08:35:05.543 10 INFO neutron.api.wsgi [None req-48f9c15f-fa87-4eaf-9389-ef17fdabe120 a2b2aee04d4e4d6a9c7048fdd2f2e66d 5906e0af14af44b78d262d35bdab8cf5 - - default default] 10.0.0.20 "GET /v2.0/network-ip-availabilities HTTP/1.1" status: 200 len: 1280 time: 0.0167589
2026-04-28 08:35:05.604 10 INFO neutron.api.wsgi [None req-c3a48f2c-ccee-42e2-bec2-e2d92e05531d a2b2aee04d4e4d6a9c7048fdd2f2e66d 5906e0af14af44b78d262d35bdab8cf5 - - default default] 10.0.0.20 "GET /v2.0/ports HTTP/1.1" status: 200 len: 5351 time: 0.0588620
2026-04-28 08:35:13.945 10 INFO neutron.api.wsgi [-] 10.0.0.81 "GET / HTTP/1.1" status: 200 len: 246 time: 0.0027485
2026-04-28 08:35:13.950 9 INFO neutron.api.wsgi [-] 10.0.0.81 "GET / HTTP/1.1" status: 200 len: 246 time: 0.0072980
2026-04-28 08:35:28.945 9 INFO neutron.api.wsgi [-] 10.0.0.81 "GET / HTTP/1.1" status: 200 len: 246 time: 0.0017540
2026-04-28 08:35:28.949 9 INFO neutron.api.wsgi [-] 10.0.0.81 "GET / HTTP/1.1" status: 200 len: 246 time: 0.0032036
2026-04-28 08:35:43.947 10 INFO neutron.api.wsgi [-] 10.0.0.81 "GET / HTTP/1.1" status: 200 len: 246 time: 0.0032620
2026-04-28 08:35:43.952 9 INFO neutron.api.wsgi [-] 10.0.0.81 "GET / HTTP/1.1" status: 200 len: 246 time: 0.0086858
2026-04-28 08:35:58.946 10 INFO neutron.api.wsgi [-] 10.0.0.81 "GET / HTTP/1.1" status: 200 len: 246 time: 0.0033398
2026-04-28 08:35:58.950 10 INFO neutron.api.wsgi [-] 10.0.0.81 "GET / HTTP/1.1" status: 200 len: 246 time: 0.0026395
2026-04-28 08:36:05.198 10 INFO neutron.api.wsgi [None req-18b023d6-4f82-4744-be2e-6152d17862f1 a2b2aee04d4e4d6a9c7048fdd2f2e66d 5906e0af14af44b78d262d35bdab8cf5 - - default default] 10.0.0.20 "GET /v2.0/networks HTTP/1.1" status: 200 len: 2350 time: 0.1082535
2026-04-28 08:36:05.217 10 INFO neutron.api.wsgi [None req-00a69455-1a1b-4534-a16e-4d3d08baa609 a2b2aee04d4e4d6a9c7048fdd2f2e66d 5906e0af14af44b78d262d35bdab8cf5 - - default default] 10.0.0.20 "GET /v2.0/routers HTTP/1.1" status: 200 len: 189 time: 0.0165031
2026-04-28 08:36:05.264 10 INFO neutron.api.wsgi [None req-a0d2290a-7b70-45e7-bede-7474c880a917 a2b2aee04d4e4d6a9c7048fdd2f2e66d 5906e0af14af44b78d262d35bdab8cf5 - - default default] 10.0.0.20 "GET /v2.0/agents?binary=ovn-controller HTTP/1.1" status: 200 len: 591 time: 0.0463340
2026-04-28 08:36:05.304 10 INFO neutron.api.wsgi [None req-c14ac32c-dbb4-4545-a348-acb5ee819eaa a2b2aee04d4e4d6a9c7048fdd2f2e66d 5906e0af14af44b78d262d35bdab8cf5 - - default default] 10.0.0.20 "GET /v2.0/security-groups HTTP/1.1" status: 200 len: 17578 time: 0.0393300
2026-04-28 08:36:05.329 10 INFO neutron.api.wsgi [None req-b20aeeac-35d9-417a-930c-8ee0db5a43a3 a2b2aee04d4e4d6a9c7048fdd2f2e66d 5906e0af14af44b78d262d35bdab8cf5 - - default default] 10.0.0.20 "GET /v2.0/agents HTTP/1.1" status: 200 len: 1390 time: 0.0157666
2026-04-28 08:36:05.360 10 INFO neutron.api.wsgi [None req-486c63a7-8247-424d-b096-fb899740b47a a2b2aee04d4e4d6a9c7048fdd2f2e66d 5906e0af14af44b78d262d35bdab8cf5 - - default default] 10.0.0.20 "GET /v2.0/subnets HTTP/1.1" status: 200 len: 1484 time: 0.0296955
2026-04-28 08:36:05.369 10 INFO neutron.api.wsgi [None req-f7aedce6-9a90-4ff3-a509-8f2be76a1fa5 a2b2aee04d4e4d6a9c7048fdd2f2e66d 5906e0af14af44b78d262d35bdab8cf5 - - default default] 10.0.0.20 "GET /v2.0/subnetpools HTTP/1.1" status: 200 len: 193 time: 0.0081496
2026-04-28 08:36:05.394 10 INFO neutron.api.wsgi [None req-989f656d-bfe6-4973-b860-d8bba268be77 a2b2aee04d4e4d6a9c7048fdd2f2e66d 5906e0af14af44b78d262d35bdab8cf5 - - default default] 10.0.0.20 "GET /v2.0/subnets HTTP/1.1" status: 200 len: 1484 time: 0.0239429
2026-04-28 08:36:05.436 10 INFO neutron.api.wsgi [None req-c8f193a3-7cf0-401b-b347-75fa8ea80ab3 a2b2aee04d4e4d6a9c7048fdd2f2e66d 5906e0af14af44b78d262d35bdab8cf5 - - default default] 10.0.0.20 "GET /v2.0/ports HTTP/1.1" status: 200 len: 5351 time: 0.0410707
2026-04-28 08:36:05.467 10 INFO neutron.api.wsgi [None req-057e66a7-f912-4918-a167-eb8913ac6e3a a2b2aee04d4e4d6a9c7048fdd2f2e66d 5906e0af14af44b78d262d35bdab8cf5 - - default default] 10.0.0.20 "GET /v2.0/floatingips HTTP/1.1" status: 200 len: 193 time: 0.0268986
2026-04-28 08:36:05.481 10 INFO neutron.api.wsgi [None req-13773684-f5e2-4f4c-9427-80855469e344 a2b2aee04d4e4d6a9c7048fdd2f2e66d 5906e0af14af44b78d262d35bdab8cf5 - - default default] 10.0.0.20 "GET /v2.0/network-ip-availabilities HTTP/1.1" status: 200 len: 1280 time: 0.0126698
2026-04-28 08:36:13.946 10 INFO neutron.api.wsgi [-] 10.0.0.81 "GET / HTTP/1.1" status: 200 len: 246 time: 0.0030375
2026-04-28 08:36:13.951 9 INFO neutron.api.wsgi [-] 10.0.0.81 "GET / HTTP/1.1" status: 200 len: 246 time: 0.0059221
2026-04-28 08:36:28.947 10 INFO neutron.api.wsgi [-] 10.0.0.81 "GET / HTTP/1.1" status: 200 len: 246 time: 0.0048711
2026-04-28 08:36:28.951 10 INFO neutron.api.wsgi [-] 10.0.0.81 "GET / HTTP/1.1" status: 200 len: 246 time: 0.0024784
2026-04-28 08:36:43.951 9 INFO neutron.api.wsgi [-] 10.0.0.81 "GET / HTTP/1.1" status: 200 len: 246 time: 0.0058746
2026-04-28 08:36:43.953 9 INFO neutron.api.wsgi [-] 10.0.0.81 "GET / HTTP/1.1" status: 200 len: 246 time: 0.0013878
2026-04-28 08:36:58.946 9 INFO neutron.api.wsgi [-] 10.0.0.81 "GET / HTTP/1.1" status: 200 len: 246 time: 0.0033469
2026-04-28 08:36:58.950 9 INFO neutron.api.wsgi [-] 10.0.0.81 "GET / HTTP/1.1" status: 200 len: 246 time: 0.0020189
2026-04-28 08:37:05.132 10 INFO neutron.api.wsgi [None req-f54c959f-3555-4237-982c-96824d6d44c7 a2b2aee04d4e4d6a9c7048fdd2f2e66d 5906e0af14af44b78d262d35bdab8cf5 - - default default] 10.0.0.20 "GET /v2.0/network-ip-availabilities HTTP/1.1" status: 200 len: 1280 time: 0.0546410
2026-04-28 08:37:05.152 10 INFO neutron.api.wsgi [None req-cfd45bda-917e-4d0d-a692-32de27654029 a2b2aee04d4e4d6a9c7048fdd2f2e66d 5906e0af14af44b78d262d35bdab8cf5 - - default default] 10.0.0.20 "GET /v2.0/floatingips HTTP/1.1" status: 200 len: 193 time: 0.0186989
2026-04-28 08:37:05.178 10 INFO neutron.api.wsgi [None req-bdae432f-0d76-4b37-ac23-fbfdf9b05d70 a2b2aee04d4e4d6a9c7048fdd2f2e66d 5906e0af14af44b78d262d35bdab8cf5 - - default default] 10.0.0.20 "GET /v2.0/subnets HTTP/1.1" status: 200 len: 1484 time: 0.0258822
2026-04-28 08:37:05.212 10 INFO neutron.api.wsgi [None req-566b2770-f061-4123-a550-e942db6e857a a2b2aee04d4e4d6a9c7048fdd2f2e66d 5906e0af14af44b78d262d35bdab8cf5 - - default default] 10.0.0.20 "GET /v2.0/subnetpools HTTP/1.1" status: 200 len: 193 time: 0.0327094
2026-04-28 08:37:05.275 10 INFO neutron.api.wsgi [None req-351f1df1-11c2-4d28-89d7-f8413d82704d a2b2aee04d4e4d6a9c7048fdd2f2e66d 5906e0af14af44b78d262d35bdab8cf5 - - default default] 10.0.0.20 "GET /v2.0/networks HTTP/1.1" status: 200 len: 2350 time: 0.0621111
2026-04-28 08:37:05.326 10 INFO neutron.api.wsgi [None req-fd2868ad-c40e-45cc-98ef-cebfd738a1a9 a2b2aee04d4e4d6a9c7048fdd2f2e66d 5906e0af14af44b78d262d35bdab8cf5 - - default default] 10.0.0.20 "GET /v2.0/ports HTTP/1.1" status: 200 len: 5351 time: 0.0459628
2026-04-28 08:37:05.361 10 INFO neutron.api.wsgi [None req-f5f92518-b91b-4f9a-ae71-a902b9c3b56d a2b2aee04d4e4d6a9c7048fdd2f2e66d 5906e0af14af44b78d262d35bdab8cf5 - - default default] 10.0.0.20 "GET /v2.0/subnets HTTP/1.1" status: 200 len: 1484 time: 0.0299096
2026-04-28 08:37:05.421 10 INFO neutron.api.wsgi [None req-2351fe6d-795e-4366-8156-fed70e0c3d57 a2b2aee04d4e4d6a9c7048fdd2f2e66d 5906e0af14af44b78d262d35bdab8cf5 - - default default] 10.0.0.20 "GET /v2.0/security-groups HTTP/1.1" status: 200 len: 17578 time: 0.0582366
2026-04-28 08:37:05.470 10 INFO neutron.api.wsgi [None req-7d644e89-3b5c-4779-9b32-3954ddb39a30 a2b2aee04d4e4d6a9c7048fdd2f2e66d 5906e0af14af44b78d262d35bdab8cf5 - - default default] 10.0.0.20 "GET /v2.0/agents HTTP/1.1" status: 200 len: 1390 time: 0.0449767
2026-04-28 08:37:05.487 10 INFO neutron.api.wsgi [None req-f9cdb765-a72e-4659-88d7-65080ef15064 a2b2aee04d4e4d6a9c7048fdd2f2e66d 5906e0af14af44b78d262d35bdab8cf5 - - default default] 10.0.0.20 "GET /v2.0/routers HTTP/1.1" status: 200 len: 189 time: 0.0150957
2026-04-28 08:37:05.495 10 INFO neutron.api.wsgi [None req-49925c0b-bc18-429e-98d5-4324ae07640d a2b2aee04d4e4d6a9c7048fdd2f2e66d 5906e0af14af44b78d262d35bdab8cf5 - - default default] 10.0.0.20 "GET /v2.0/agents?binary=ovn-controller HTTP/1.1" status: 200 len: 591 time: 0.0077171
2026-04-28 08:37:13.946 9 INFO neutron.api.wsgi [-] 10.0.0.81 "GET / HTTP/1.1" status: 200 len: 246 time: 0.0023863
2026-04-28 08:37:13.949 9 INFO neutron.api.wsgi [-] 10.0.0.81 "GET / HTTP/1.1" status: 200 len: 246 time: 0.0023937
2026-04-28 08:37:28.949 10 INFO neutron.api.wsgi [-] 10.0.0.81 "GET / HTTP/1.1" status: 200 len: 246 time: 0.0036368
2026-04-28 08:37:28.950 9 INFO neutron.api.wsgi [-] 10.0.0.81 "GET / HTTP/1.1" status: 200 len: 246 time: 0.0047028
2026-04-28 08:37:43.945 9 INFO neutron.api.wsgi [-] 10.0.0.81 "GET / HTTP/1.1" status: 200 len: 246 time: 0.0016553
2026-04-28 08:37:43.947 9 INFO neutron.api.wsgi [-] 10.0.0.81 "GET / HTTP/1.1" status: 200 len: 246 time: 0.0014989
2026-04-28 08:37:58.946 9 INFO neutron.api.wsgi [-] 10.0.0.81 "GET / HTTP/1.1" status: 200 len: 246 time: 0.0027878
2026-04-28 08:37:58.948 10 INFO neutron.api.wsgi [-] 10.0.0.81 "GET / HTTP/1.1" status: 200 len: 246 time: 0.0050278
2026-04-28 08:38:05.169 10 INFO neutron.api.wsgi [None req-ebd4223f-b8bb-44ee-9c7c-e6462163e26a a2b2aee04d4e4d6a9c7048fdd2f2e66d 5906e0af14af44b78d262d35bdab8cf5 - - default default] 10.0.0.20 "GET /v2.0/agents HTTP/1.1" status: 200 len: 1390 time: 0.0942640
2026-04-28 08:38:05.186 10 INFO neutron.api.wsgi [None req-0b541b0b-402b-4c76-80f8-b77c2d6e7b0d a2b2aee04d4e4d6a9c7048fdd2f2e66d 5906e0af14af44b78d262d35bdab8cf5 - - default default] 10.0.0.20 "GET /v2.0/floatingips HTTP/1.1" status: 200 len: 193 time: 0.0161657
2026-04-28 08:38:05.229 10 INFO neutron.api.wsgi [None req-c0ff7888-4448-4c6b-aed8-13b157cf9113 a2b2aee04d4e4d6a9c7048fdd2f2e66d 5906e0af14af44b78d262d35bdab8cf5 - - default default] 10.0.0.20 "GET /v2.0/networks HTTP/1.1" status: 200 len: 2350 time: 0.0407569
2026-04-28 08:38:05.248 10 INFO neutron.api.wsgi [None req-f833fbeb-95b7-4af8-b24a-d39608362354 a2b2aee04d4e4d6a9c7048fdd2f2e66d 5906e0af14af44b78d262d35bdab8cf5 - - default default] 10.0.0.20 "GET /v2.0/routers HTTP/1.1" status: 200 len: 189 time: 0.0171402
2026-04-28 08:38:05.257 10 INFO neutron.api.wsgi [None req-1046a8ba-4a5e-4892-b784-c4a020a00c58 a2b2aee04d4e4d6a9c7048fdd2f2e66d 5906e0af14af44b78d262d35bdab8cf5 - - default default] 10.0.0.20 "GET /v2.0/agents?binary=ovn-controller HTTP/1.1" status: 200 len: 591 time: 0.0081658
2026-04-28 08:38:05.299 10 INFO neutron.api.wsgi [None req-7b2a044c-ac63-4e26-8ed6-5a5966b2507e a2b2aee04d4e4d6a9c7048fdd2f2e66d 5906e0af14af44b78d262d35bdab8cf5 - - default default] 10.0.0.20 "GET /v2.0/ports HTTP/1.1" status: 200 len: 5351 time: 0.0406396
2026-04-28 08:38:05.333 10 INFO neutron.api.wsgi [None req-91e34ec7-879e-497a-bca2-62c93e9b5129 a2b2aee04d4e4d6a9c7048fdd2f2e66d 5906e0af14af44b78d262d35bdab8cf5 - - default default] 10.0.0.20 "GET /v2.0/subnets HTTP/1.1" status: 200 len: 1484 time: 0.0287111
2026-04-28 08:38:05.345 10 INFO neutron.api.wsgi [None req-e2f49d0f-afb4-4684-a2fe-0922c71ca899 a2b2aee04d4e4d6a9c7048fdd2f2e66d 5906e0af14af44b78d262d35bdab8cf5 - - default default] 10.0.0.20 "GET /v2.0/network-ip-availabilities HTTP/1.1" status: 200 len: 1280 time: 0.0102193
2026-04-28 08:38:05.372 10 INFO neutron.api.wsgi [None req-02b7b0aa-6d2d-42ff-b314-fd13b872544c a2b2aee04d4e4d6a9c7048fdd2f2e66d 5906e0af14af44b78d262d35bdab8cf5 - - default default] 10.0.0.20 "GET /v2.0/subnets HTTP/1.1" status: 200 len: 1484 time: 0.0251396
2026-04-28 08:38:05.379 10 INFO neutron.api.wsgi [None req-b81f8742-433a-48e0-8803-3c7f39083c65 a2b2aee04d4e4d6a9c7048fdd2f2e66d 5906e0af14af44b78d262d35bdab8cf5 - - default default] 10.0.0.20 "GET /v2.0/subnetpools HTTP/1.1" status: 200 len: 193 time: 0.0062785
2026-04-28 08:38:05.416 10 INFO neutron.api.wsgi [None req-6af450b5-4d5d-475c-aa67-3d75ed520da6 a2b2aee04d4e4d6a9c7048fdd2f2e66d 5906e0af14af44b78d262d35bdab8cf5 - - default default] 10.0.0.20 "GET /v2.0/security-groups HTTP/1.1" status: 200 len: 17578 time: 0.0363598
2026-04-28 08:38:11.546 15 INFO neutron.plugins.ml2.drivers.ovn.mech_driver.ovsdb.maintenance [None req-5f389e23-ce4c-421f-81e9-911ddb872db2 - - - - - -] OVN maintenance task check_for_inconsistencies finished in 0.021 seconds
2026-04-28 08:38:13.945 10 INFO neutron.api.wsgi [-] 10.0.0.81 "GET / HTTP/1.1" status: 200 len: 246 time: 0.0023251
2026-04-28 08:38:13.948 10 INFO neutron.api.wsgi [-] 10.0.0.81 "GET / HTTP/1.1" status: 200 len: 246 time: 0.0020046
2026-04-28 08:38:28.946 9 INFO neutron.api.wsgi [-] 10.0.0.81 "GET / HTTP/1.1" status: 200 len: 246 time: 0.0028999
2026-04-28 08:38:28.949 9 INFO neutron.api.wsgi [-] 10.0.0.81 "GET / HTTP/1.1" status: 200 len: 246 time: 0.0019169
2026-04-28 08:38:43.946 10 INFO neutron.api.wsgi [-] 10.0.0.81 "GET / HTTP/1.1" status: 200 len: 246 time: 0.0035293
2026-04-28 08:38:43.946 9 INFO neutron.api.wsgi [-] 10.0.0.81 "GET / HTTP/1.1" status: 200 len: 246 time: 0.0028296
2026-04-28 08:38:58.947 10 INFO neutron.api.wsgi [-] 10.0.0.81 "GET / HTTP/1.1" status: 200 len: 246 time: 0.0025523
2026-04-28 08:38:58.947 9 INFO neutron.api.wsgi [-] 10.0.0.81 "GET / HTTP/1.1" status: 200 len: 246 time: 0.0027256
2026-04-28 08:39:05.145 10 INFO neutron.api.wsgi [None req-378c0772-aeb5-464e-b0ff-3d0cf0efeb39 a2b2aee04d4e4d6a9c7048fdd2f2e66d 5906e0af14af44b78d262d35bdab8cf5 - - default default] 10.0.0.20 "GET /v2.0/agents HTTP/1.1" status: 200 len: 1390 time: 0.0693319
2026-04-28 08:39:05.187 10 INFO neutron.api.wsgi [None req-c8d64055-2711-4c90-b9d7-ac18ad5c0a0c a2b2aee04d4e4d6a9c7048fdd2f2e66d 5906e0af14af44b78d262d35bdab8cf5 - - default default] 10.0.0.20 "GET /v2.0/security-groups HTTP/1.1" status: 200 len: 17578 time: 0.0413504
2026-04-28 08:39:05.217 10 INFO neutron.api.wsgi [None req-fc273b5b-9fc6-4ca3-a4c0-16892c315888 a2b2aee04d4e4d6a9c7048fdd2f2e66d 5906e0af14af44b78d262d35bdab8cf5 - - default default] 10.0.0.20 "GET /v2.0/subnets HTTP/1.1" status: 200 len: 1484 time: 0.0228119
2026-04-28 08:39:05.232 10 INFO neutron.api.wsgi [None req-c1270780-ec4a-44dc-8713-dc223b2d1468 a2b2aee04d4e4d6a9c7048fdd2f2e66d 5906e0af14af44b78d262d35bdab8cf5 - - default default] 10.0.0.20 "GET /v2.0/routers HTTP/1.1" status: 200 len: 189 time: 0.0139468
2026-04-28 08:39:05.241 10 INFO neutron.api.wsgi [None req-4f1d319e-e495-4975-a167-2f426d177186 a2b2aee04d4e4d6a9c7048fdd2f2e66d 5906e0af14af44b78d262d35bdab8cf5 - - default default] 10.0.0.20 "GET /v2.0/agents?binary=ovn-controller HTTP/1.1" status: 200 len: 591 time: 0.0084639
2026-04-28 08:39:05.250 10 INFO neutron.api.wsgi [None req-1ade23d8-646a-4cc6-a061-39adeabe72f9 a2b2aee04d4e4d6a9c7048fdd2f2e66d 5906e0af14af44b78d262d35bdab8cf5 - - default default] 10.0.0.20 "GET /v2.0/network-ip-availabilities HTTP/1.1" status: 200 len: 1280 time: 0.0080245
2026-04-28 08:39:05.265 10 INFO neutron.api.wsgi [None req-5f6bbeb9-9424-4400-8579-039cd3a3421c a2b2aee04d4e4d6a9c7048fdd2f2e66d 5906e0af14af44b78d262d35bdab8cf5 - - default default] 10.0.0.20 "GET /v2.0/floatingips HTTP/1.1" status: 200 len: 193 time: 0.0146956
2026-04-28 08:39:05.287 10 INFO neutron.api.wsgi [None req-81f27943-a446-4d4a-88b5-35efecd14a4a a2b2aee04d4e4d6a9c7048fdd2f2e66d 5906e0af14af44b78d262d35bdab8cf5 - - default default] 10.0.0.20 "GET /v2.0/subnets HTTP/1.1" status: 200 len: 1484 time: 0.0210788
2026-04-28 08:39:05.326 10 INFO neutron.api.wsgi [None req-d506c9d6-9bcd-4cfb-913b-b47e32dd1190 a2b2aee04d4e4d6a9c7048fdd2f2e66d 5906e0af14af44b78d262d35bdab8cf5 - - default default] 10.0.0.20 "GET /v2.0/subnetpools HTTP/1.1" status: 200 len: 193 time: 0.0384817
2026-04-28 08:39:05.372 10 INFO neutron.api.wsgi [None req-a3dc1a20-3c09-415d-b84b-c20326ab7176 a2b2aee04d4e4d6a9c7048fdd2f2e66d 5906e0af14af44b78d262d35bdab8cf5 - - default default] 10.0.0.20 "GET /v2.0/networks HTTP/1.1" status: 200 len: 2350 time: 0.0444272
2026-04-28 08:39:05.424 10 INFO neutron.api.wsgi [None req-bffcdfdb-5c9e-457c-be48-2a1ddbedc4b3 a2b2aee04d4e4d6a9c7048fdd2f2e66d 5906e0af14af44b78d262d35bdab8cf5 - - default default] 10.0.0.20 "GET /v2.0/ports HTTP/1.1" status: 200 len: 5351 time: 0.0513389
2026-04-28 08:39:13.945 10 INFO neutron.api.wsgi [-] 10.0.0.81 "GET / HTTP/1.1" status: 200 len: 246 time: 0.0017776
2026-04-28 08:39:13.946 9 INFO neutron.api.wsgi [-] 10.0.0.81 "GET / HTTP/1.1" status: 200 len: 246 time: 0.0026233
