2026-04-28 08:51:15.165 10 INFO neutron.api.wsgi [req-b624a7ec-b830-4216-bb2a-fd7bdb9f711b req-091bf95e-eed9-4353-a365-48440b1b8f49 a2368ceaf62846b9a38c9c340959a6ae 58f0e2cf4f6b466cbb37cbd966a6cbe8 - - default default] 10.0.0.203 "GET /v2.0/security-groups?id=24f2d4c0-529b-4769-877a-df74ed5d0301&fields=id&fields=name HTTP/1.1" status: 200 len: 312 time: 0.0278077
2026-04-28 08:51:15.352 9 INFO neutron.notifiers.nova [-] Nova event matching ['req-fbf10e70-ddc2-4148-bbdb-d3ffa328de67'] response: {'name': 'network-changed', 'server_uuid': '947a71fa-7095-41b0-862e-76807bee4733', 'tag': '7f263e48-5b7b-4410-8fa8-d33edf10e379', 'status': 'completed', 'code': 200}
2026-04-28 08:51:15.499 9 INFO neutron.api.wsgi [req-48c04a55-7868-4d48-9ca6-6f26168cbd0f req-0aa4f1d4-0b3d-4ebe-bdb2-0f6f0b22fcb6 a2368ceaf62846b9a38c9c340959a6ae 58f0e2cf4f6b466cbb37cbd966a6cbe8 - - default default] 10.0.0.203 "GET /v2.0/ports?device_id=947a71fa-7095-41b0-862e-76807bee4733 HTTP/1.1" status: 200 len: 1170 time: 0.0853868
2026-04-28 08:51:15.543 9 INFO neutron.api.wsgi [req-48c04a55-7868-4d48-9ca6-6f26168cbd0f req-a166bfb6-7398-449d-8fa1-f6c711010167 a2368ceaf62846b9a38c9c340959a6ae 58f0e2cf4f6b466cbb37cbd966a6cbe8 - - default default] 10.0.0.203 "GET /v2.0/security-groups?id=24f2d4c0-529b-4769-877a-df74ed5d0301&fields=id&fields=name HTTP/1.1" status: 200 len: 312 time: 0.0380492
2026-04-28 08:51:15.896 10 INFO neutron.api.wsgi [req-7d9eddad-fac8-453d-82e1-de3b55dcc3a7 req-9dccebf1-8b0d-4a3b-bb13-1f4f4fda5d09 30587a6765614ce99c992f7605ee95af 0385b1eafcf1436ab1be06d0d76c6864 - - 1a9a9c801f84437c975186752f7bc6ba 1a9a9c801f84437c975186752f7bc6ba] 199.204.45.129 "GET /v2.0/ports?tenant_id=58f0e2cf4f6b466cbb37cbd966a6cbe8&device_id=947a71fa-7095-41b0-862e-76807bee4733 HTTP/1.1" status: 200 len: 1409 time: 0.0337498
2026-04-28 08:51:15.950 10 INFO neutron.api.wsgi [req-7d9eddad-fac8-453d-82e1-de3b55dcc3a7 req-58ee594a-32bb-4588-b64c-822e36346e43 30587a6765614ce99c992f7605ee95af 0385b1eafcf1436ab1be06d0d76c6864 - - 1a9a9c801f84437c975186752f7bc6ba 1a9a9c801f84437c975186752f7bc6ba] 199.204.45.129 "GET /v2.0/networks?id=e5dd8902-7fb7-485c-823c-70a3185a657c HTTP/1.1" status: 200 len: 972 time: 0.0496531
2026-04-28 08:51:15.988 9 INFO neutron.plugins.ml2.drivers.ovn.mech_driver.mech_driver [None req-929963fd-f1a0-469a-a83c-c591754e5533 - - - - - -] OVN reports status down for port: 7f263e48-5b7b-4410-8fa8-d33edf10e379
2026-04-28 08:51:16.014 10 INFO neutron.api.wsgi [req-7d9eddad-fac8-453d-82e1-de3b55dcc3a7 req-47c44a00-6fd7-48ae-92f4-7199e858dacc 30587a6765614ce99c992f7605ee95af 0385b1eafcf1436ab1be06d0d76c6864 - - 1a9a9c801f84437c975186752f7bc6ba 1a9a9c801f84437c975186752f7bc6ba] 199.204.45.129 "GET /v2.0/floatingips?fixed_ip_address=10.100.0.8&port_id=7f263e48-5b7b-4410-8fa8-d33edf10e379 HTTP/1.1" status: 200 len: 1059 time: 0.0579627
2026-04-28 08:51:16.061 10 INFO neutron.api.wsgi [req-7d9eddad-fac8-453d-82e1-de3b55dcc3a7 req-1879b325-36f1-456f-8920-1b1dd0bedcbb 30587a6765614ce99c992f7605ee95af 0385b1eafcf1436ab1be06d0d76c6864 - - 1a9a9c801f84437c975186752f7bc6ba 1a9a9c801f84437c975186752f7bc6ba] 199.204.45.129 "GET /v2.0/subnets?id=8d17ff06-94dd-4aa6-96e6-ec285b4721ed HTTP/1.1" status: 200 len: 891 time: 0.0425565
2026-04-28 08:51:16.090 10 INFO neutron.api.wsgi [req-7d9eddad-fac8-453d-82e1-de3b55dcc3a7 req-666fc01c-967c-4efb-8aee-65fdb89f7a2a 30587a6765614ce99c992f7605ee95af 0385b1eafcf1436ab1be06d0d76c6864 - - 1a9a9c801f84437c975186752f7bc6ba 1a9a9c801f84437c975186752f7bc6ba] 199.204.45.129 "GET /v2.0/ports?network_id=e5dd8902-7fb7-485c-823c-70a3185a657c&device_owner=network%3Adhcp HTTP/1.1" status: 200 len: 210 time: 0.0229743
2026-04-28 08:51:16.143 10 INFO neutron.api.wsgi [req-7d9eddad-fac8-453d-82e1-de3b55dcc3a7 req-05810400-a2ec-46a0-8b80-78d02ec86f22 30587a6765614ce99c992f7605ee95af 0385b1eafcf1436ab1be06d0d76c6864 - - 1a9a9c801f84437c975186752f7bc6ba 1a9a9c801f84437c975186752f7bc6ba] 199.204.45.129 "GET /v2.0/networks/e5dd8902-7fb7-485c-823c-70a3185a657c?fields=segments HTTP/1.1" status: 200 len: 212 time: 0.0452459
2026-04-28 08:51:16.192 10 INFO neutron.api.wsgi [req-7d9eddad-fac8-453d-82e1-de3b55dcc3a7 req-15ae35e5-ac77-4881-b08d-95fb3f057468 30587a6765614ce99c992f7605ee95af 0385b1eafcf1436ab1be06d0d76c6864 - - 1a9a9c801f84437c975186752f7bc6ba 1a9a9c801f84437c975186752f7bc6ba] 199.204.45.129 "GET /v2.0/networks/e5dd8902-7fb7-485c-823c-70a3185a657c?fields=provider%3Aphysical_network&fields=provider%3Anetwork_type HTTP/1.1" status: 200 len: 277 time: 0.0445719
2026-04-28 08:51:16.279 9 INFO neutron.db.ovn_revision_numbers_db [None req-929963fd-f1a0-469a-a83c-c591754e5533 - - - - - -] Successfully bumped revision number for resource 7f263e48-5b7b-4410-8fa8-d33edf10e379 (type: ports) to 6
2026-04-28 08:51:16.658 10 INFO neutron.api.wsgi [req-86834c86-7f01-4494-a60e-7294af7eeef2 req-ae0dec62-4e16-4bb3-84ef-bf3392db6c6a a2368ceaf62846b9a38c9c340959a6ae 58f0e2cf4f6b466cbb37cbd966a6cbe8 - - default default] 10.0.0.203 "GET /v2.0/ports?device_id=947a71fa-7095-41b0-862e-76807bee4733 HTTP/1.1" status: 200 len: 1168 time: 0.0515876
2026-04-28 08:51:16.735 10 INFO neutron.api.wsgi [req-86834c86-7f01-4494-a60e-7294af7eeef2 req-51acc68f-69b4-4042-bacd-eb6724ee0c02 a2368ceaf62846b9a38c9c340959a6ae 58f0e2cf4f6b466cbb37cbd966a6cbe8 - - default default] 10.0.0.203 "GET /v2.0/security-groups?id=24f2d4c0-529b-4769-877a-df74ed5d0301&fields=id&fields=name HTTP/1.1" status: 200 len: 312 time: 0.0726779
2026-04-28 08:51:17.159 10 WARNING neutron_lib.context [None req-24d1c4b0-da44-4876-ae2e-ba76eb4d4aec 747f5f5b542744b1b8a3d68591c49873 b060b275825b4715be176636ee4c185f - - default default] Method 'is_advsvc' is deprecated since 2023.2 release (neutron-lib 3.8.0) and will be removed once support for the old RBAC API policies will be removed from Neutron. Please use method 'is_service_role' instead.
2026-04-28 08:51:17.215 10 INFO neutron.api.wsgi [req-8e0dc739-2d7b-4bae-90bd-4cd80231b66b req-f0f15574-4c6b-462a-89e3-7396025445fd a2368ceaf62846b9a38c9c340959a6ae 58f0e2cf4f6b466cbb37cbd966a6cbe8 - - default default] 199.204.45.129 "GET /v2.0/ports?device_id=947a71fa-7095-41b0-862e-76807bee4733 HTTP/1.1" status: 200 len: 1168 time: 0.0487289
2026-04-28 08:51:17.247 10 INFO neutron.api.wsgi [None req-24d1c4b0-da44-4876-ae2e-ba76eb4d4aec 747f5f5b542744b1b8a3d68591c49873 b060b275825b4715be176636ee4c185f - - default default] 10.0.0.149 "POST /v2.0/subnetpools HTTP/1.1" status: 201 len: 715 time: 0.2044001 /var/lib/openstack/lib/python3.12/site-packages/pycadf/identifier.py:71: UserWarning: Invalid uuid: neutron. To ensure interoperability, identifiers should be a valid uuid. warnings.warn(('Invalid uuid: %s. To ensure interoperability, '
2026-04-28 08:51:17.291 9 WARNING neutron_lib.context [None req-e214d5b3-265d-430a-9717-b1bf844f0f29 a8e4f7450ecc4e518b6854d60aa800a7 dddd99d3d6e44e55a523019086319356 - - default default] Method 'is_advsvc' is deprecated since 2023.2 release (neutron-lib 3.8.0) and will be removed once support for the old RBAC API policies will be removed from Neutron. Please use method 'is_service_role' instead.
2026-04-28 08:51:17.309 10 INFO neutron.api.wsgi [None req-81f6d10f-79b4-48bc-b752-1b65f2012625 747f5f5b542744b1b8a3d68591c49873 b060b275825b4715be176636ee4c185f - - default default] 10.0.0.149 "PUT /v2.0/subnetpools/1f7f2e3c-268e-49c4-8ced-58f18be3718b/tags HTTP/1.1" status: 200 len: 218 time: 0.0462680
2026-04-28 08:51:17.341 10 INFO neutron.api.wsgi [None req-357a2e6d-daca-4dcd-b2cd-e44b0ca01882 747f5f5b542744b1b8a3d68591c49873 b060b275825b4715be176636ee4c185f - - default default] 10.0.0.149 "GET /v2.0/subnetpools/1f7f2e3c-268e-49c4-8ced-58f18be3718b/tags HTTP/1.1" status: 200 len: 218 time: 0.0275612
2026-04-28 08:51:17.390 10 INFO neutron.api.wsgi [None req-344cc4cc-00d5-4a4f-8f50-5b3166db47bb 747f5f5b542744b1b8a3d68591c49873 b060b275825b4715be176636ee4c185f - - default default] 10.0.0.149 "PUT /v2.0/subnetpools/1f7f2e3c-268e-49c4-8ced-58f18be3718b/tags/green HTTP/1.1" status: 201 len: 201 time: 0.0425649
2026-04-28 08:51:17.397 9 INFO neutron.notifiers.nova [-] Nova event matching ['req-38ad096f-80b1-4387-a142-0e582dbcc6bd'] response: {'server_uuid': '947a71fa-7095-41b0-862e-76807bee4733', 'name': 'network-vif-unplugged', 'status': 'completed', 'tag': '7f263e48-5b7b-4410-8fa8-d33edf10e379', 'code': 200}
2026-04-28 08:51:17.397 9 INFO neutron.notifiers.nova [-] Nova event matching ['req-38ad096f-80b1-4387-a142-0e582dbcc6bd'] response: {'server_uuid': '947a71fa-7095-41b0-862e-76807bee4733', 'name': 'network-vif-unplugged', 'status': 'completed', 'tag': '7f263e48-5b7b-4410-8fa8-d33edf10e379', 'code': 200}
2026-04-28 08:51:17.429 9 INFO neutron.api.wsgi [None req-4e101d98-fb04-4fe3-a6f4-08fe99218a2a 747f5f5b542744b1b8a3d68591c49873 b060b275825b4715be176636ee4c185f - - default default] 10.0.0.149 "GET /v2.0/subnetpools/1f7f2e3c-268e-49c4-8ced-58f18be3718b/tags HTTP/1.1" status: 200 len: 227 time: 0.0347135
2026-04-28 08:51:17.461 9 INFO neutron.api.wsgi [None req-770049b6-903b-45f9-93de-8202440c1322 747f5f5b542744b1b8a3d68591c49873 b060b275825b4715be176636ee4c185f - - default default] 10.0.0.149 "PUT /v2.0/subnetpools/1f7f2e3c-268e-49c4-8ced-58f18be3718b/tags/red HTTP/1.1" status: 201 len: 201 time: 0.0268409
2026-04-28 08:51:17.471 9 INFO neutron.db.ovn_revision_numbers_db [None req-e214d5b3-265d-430a-9717-b1bf844f0f29 a8e4f7450ecc4e518b6854d60aa800a7 dddd99d3d6e44e55a523019086319356 - - default default] Successfully bumped revision number for resource 05c05680-2b5b-433f-b11d-1b13127b42d4 (type: security_groups) to 1
2026-04-28 08:51:17.493 9 INFO neutron.db.ovn_revision_numbers_db [None req-e214d5b3-265d-430a-9717-b1bf844f0f29 a8e4f7450ecc4e518b6854d60aa800a7 dddd99d3d6e44e55a523019086319356 - - default default] Successfully bumped revision number for resource 254731fd-29db-4c81-ad9e-586605601717 (type: security_group_rules) to 0
2026-04-28 08:51:17.501 9 INFO neutron.api.wsgi [None req-4e4d005b-d1cc-495b-a182-0f8050832c42 747f5f5b542744b1b8a3d68591c49873 b060b275825b4715be176636ee4c185f - - default default] 10.0.0.149 "GET /v2.0/subnetpools/1f7f2e3c-268e-49c4-8ced-58f18be3718b/tags HTTP/1.1" status: 200 len: 227 time: 0.0273271
2026-04-28 08:51:17.510 9 INFO neutron.db.ovn_revision_numbers_db [None req-e214d5b3-265d-430a-9717-b1bf844f0f29 a8e4f7450ecc4e518b6854d60aa800a7 dddd99d3d6e44e55a523019086319356 - - default default] Successfully bumped revision number for resource 42f15380-a7c5-4e3b-977b-76830dc0d591 (type: security_group_rules) to 0
2026-04-28 08:51:17.526 9 INFO neutron.db.ovn_revision_numbers_db [None req-e214d5b3-265d-430a-9717-b1bf844f0f29 a8e4f7450ecc4e518b6854d60aa800a7 dddd99d3d6e44e55a523019086319356 - - default default] Successfully bumped revision number for resource 68f91a8f-2163-4477-bb07-34f479b90cd7 (type: security_group_rules) to 0
2026-04-28 08:51:17.540 9 INFO neutron.db.ovn_revision_numbers_db [None req-e214d5b3-265d-430a-9717-b1bf844f0f29 a8e4f7450ecc4e518b6854d60aa800a7 dddd99d3d6e44e55a523019086319356 - - default default] Successfully bumped revision number for resource 8b279af2-d549-4fa1-b74c-15afb887a749 (type: security_group_rules) to 0
2026-04-28 08:51:17.585 10 INFO neutron.api.wsgi [None req-a29bdcd3-670c-4d08-a03f-bfb18685817c 747f5f5b542744b1b8a3d68591c49873 b060b275825b4715be176636ee4c185f - - default default] 10.0.0.149 "PUT /v2.0/subnetpools/1f7f2e3c-268e-49c4-8ced-58f18be3718b/tags/black.or.white HTTP/1.1" status: 201 len: 201 time: 0.0796657
2026-04-28 08:51:17.623 9 INFO neutron.api.wsgi [None req-8e7d106c-b8e1-4638-baed-bc333994deaf 747f5f5b542744b1b8a3d68591c49873 b060b275825b4715be176636ee4c185f - - default default] 10.0.0.149 "GET /v2.0/subnetpools/1f7f2e3c-268e-49c4-8ced-58f18be3718b/tags HTTP/1.1" status: 200 len: 245 time: 0.0310574
2026-04-28 08:51:17.624 10 INFO neutron.db.l3_db [req-8e0dc739-2d7b-4bae-90bd-4cd80231b66b req-5844617c-d079-49fc-acfb-3722b2b9f5c1 a2368ceaf62846b9a38c9c340959a6ae 58f0e2cf4f6b466cbb37cbd966a6cbe8 - - default default] Floating IP 06aad377-f4cc-4d84-8933-850ad78344b1 disassociated. External IP: 10.96.250.202, port: 7f263e48-5b7b-4410-8fa8-d33edf10e379.
2026-04-28 08:51:17.626 9 INFO neutron.db.segments_db [None req-e214d5b3-265d-430a-9717-b1bf844f0f29 a8e4f7450ecc4e518b6854d60aa800a7 dddd99d3d6e44e55a523019086319356 - - default default] Added segment 837bc384-0d9a-4a78-8fa9-5483d8faa596 of type geneve for network 6b5c048f-76ab-41f8-bd7a-ff5e76328137
2026-04-28 08:51:17.675 9 INFO neutron.api.wsgi [None req-5ae95fc8-64b5-400d-b088-086234ab3e5c 747f5f5b542744b1b8a3d68591c49873 b060b275825b4715be176636ee4c185f - - default default] 10.0.0.149 "PUT /v2.0/subnetpools/1f7f2e3c-268e-49c4-8ced-58f18be3718b/tags HTTP/1.1" status: 200 len: 230 time: 0.0480576
2026-04-28 08:51:17.709 9 INFO neutron.api.wsgi [None req-ffcdd484-915f-482d-b588-7a2b5b9c5f69 747f5f5b542744b1b8a3d68591c49873 b060b275825b4715be176636ee4c185f - - default default] 10.0.0.149 "GET /v2.0/subnetpools/1f7f2e3c-268e-49c4-8ced-58f18be3718b/tags HTTP/1.1" status: 200 len: 230 time: 0.0289764
2026-04-28 08:51:17.750 10 INFO neutron.api.wsgi [req-8e0dc739-2d7b-4bae-90bd-4cd80231b66b req-5844617c-d079-49fc-acfb-3722b2b9f5c1 a2368ceaf62846b9a38c9c340959a6ae 58f0e2cf4f6b466cbb37cbd966a6cbe8 - - default default] 199.204.45.129 "DELETE /v2.0/ports/7f263e48-5b7b-4410-8fa8-d33edf10e379 HTTP/1.1" status: 204 len: 173 time: 0.5310905
2026-04-28 08:51:17.753 9 INFO neutron.api.wsgi [None req-d3baa742-f2c6-4ba5-aeaa-9de7d5a8a00f 747f5f5b542744b1b8a3d68591c49873 b060b275825b4715be176636ee4c185f - - default default] 10.0.0.149 "GET /v2.0/subnetpools/1f7f2e3c-268e-49c4-8ced-58f18be3718b/tags/red HTTP/1.1" status: 204 len: 168 time: 0.0388687
2026-04-28 08:51:17.785 10 INFO neutron.notifiers.nova [-] Nova event matching ['req-6810ce42-4ff3-492b-98cf-b50079ef57a8'] response: {'server_uuid': '947a71fa-7095-41b0-862e-76807bee4733', 'name': 'network-vif-deleted', 'tag': '7f263e48-5b7b-4410-8fa8-d33edf10e379', 'status': 'completed', 'code': 200}
2026-04-28 08:51:17.794 9 INFO neutron.api.v2.resource [None req-d6e6b1e0-4b0d-4b1c-bcf0-8e3f22e0ef32 747f5f5b542744b1b8a3d68591c49873 b060b275825b4715be176636ee4c185f - - default default] show failed (client error): The resource could not be found.
2026-04-28 08:51:17.795 9 INFO neutron.api.wsgi [None req-d6e6b1e0-4b0d-4b1c-bcf0-8e3f22e0ef32 747f5f5b542744b1b8a3d68591c49873 b060b275825b4715be176636ee4c185f - - default default] 10.0.0.149 "GET /v2.0/subnetpools/1f7f2e3c-268e-49c4-8ced-58f18be3718b/tags/green HTTP/1.1" status: 404 len: 299 time: 0.0323322
2026-04-28 08:51:17.807 9 INFO neutron.db.ovn_revision_numbers_db [None req-e214d5b3-265d-430a-9717-b1bf844f0f29 a8e4f7450ecc4e518b6854d60aa800a7 dddd99d3d6e44e55a523019086319356 - - default default] Successfully bumped revision number for resource 6b5c048f-76ab-41f8-bd7a-ff5e76328137 (type: networks) to 1 /var/lib/openstack/lib/python3.12/site-packages/pycadf/identifier.py:71: UserWarning: Invalid uuid: neutron. To ensure interoperability, identifiers should be a valid uuid. warnings.warn(('Invalid uuid: %s. To ensure interoperability, '
2026-04-28 08:51:17.831 9 INFO neutron.api.wsgi [req-ae4c6ccc-97ac-429e-951a-45a3ea194332 req-f6e6e50a-69ec-4162-9109-ee4af66567d8 a2368ceaf62846b9a38c9c340959a6ae 58f0e2cf4f6b466cbb37cbd966a6cbe8 - - default default] 10.0.0.203 "GET /v2.0/ports?device_id=947a71fa-7095-41b0-862e-76807bee4733 HTTP/1.1" status: 200 len: 210 time: 0.0217738
2026-04-28 08:51:17.835 10 INFO neutron.api.wsgi [None req-c2c07000-9141-4fba-8c68-bb1ba8abd584 747f5f5b542744b1b8a3d68591c49873 b060b275825b4715be176636ee4c185f - - default default] 10.0.0.149 "DELETE /v2.0/subnetpools/1f7f2e3c-268e-49c4-8ced-58f18be3718b/tags/red HTTP/1.1" status: 204 len: 168 time: 0.0310376
2026-04-28 08:51:17.868 9 INFO neutron.api.wsgi [None req-db673601-e54b-47d6-a1cf-2e528df7ca6a 747f5f5b542744b1b8a3d68591c49873 b060b275825b4715be176636ee4c185f - - default default] 10.0.0.149 "GET /v2.0/subnetpools/1f7f2e3c-268e-49c4-8ced-58f18be3718b/tags HTTP/1.1" status: 200 len: 223 time: 0.0273962
2026-04-28 08:51:17.895 10 INFO neutron.api.v2.resource [None req-2dd00f55-15d2-4907-9247-de6ff866eddd 747f5f5b542744b1b8a3d68591c49873 b060b275825b4715be176636ee4c185f - - default default] delete failed (client error): The resource could not be found.
2026-04-28 08:51:17.896 10 INFO neutron.api.wsgi [None req-2dd00f55-15d2-4907-9247-de6ff866eddd 747f5f5b542744b1b8a3d68591c49873 b060b275825b4715be176636ee4c185f - - default default] 10.0.0.149 "DELETE /v2.0/subnetpools/1f7f2e3c-268e-49c4-8ced-58f18be3718b/tags/green HTTP/1.1" status: 404 len: 299 time: 0.0221071
2026-04-28 08:51:17.932 10 INFO neutron.api.wsgi [None req-142b211b-132e-4e03-a7c9-59d70d7acc76 747f5f5b542744b1b8a3d68591c49873 b060b275825b4715be176636ee4c185f - - default default] 10.0.0.149 "DELETE /v2.0/subnetpools/1f7f2e3c-268e-49c4-8ced-58f18be3718b/tags HTTP/1.1" status: 204 len: 168 time: 0.0294425
2026-04-28 08:51:17.958 10 INFO neutron.api.wsgi [None req-d80ce8d5-9e67-43fd-9c0b-f74e6b32b7ff 747f5f5b542744b1b8a3d68591c49873 b060b275825b4715be176636ee4c185f - - default default] 10.0.0.149 "GET /v2.0/subnetpools/1f7f2e3c-268e-49c4-8ced-58f18be3718b/tags HTTP/1.1" status: 200 len: 205 time: 0.0213625
2026-04-28 08:51:17.991 9 WARNING neutron.scheduler.dhcp_agent_scheduler [None req-e214d5b3-265d-430a-9717-b1bf844f0f29 a8e4f7450ecc4e518b6854d60aa800a7 dddd99d3d6e44e55a523019086319356 - - default default] No more DHCP agents
2026-04-28 08:51:17.992 9 WARNING neutron.api.rpc.agentnotifiers.dhcp_rpc_agent_api [None req-e214d5b3-265d-430a-9717-b1bf844f0f29 a8e4f7450ecc4e518b6854d60aa800a7 dddd99d3d6e44e55a523019086319356 - - default default] Unable to schedule network 6b5c048f-76ab-41f8-bd7a-ff5e76328137: no agents available; will retry on subsequent port and subnet creation events.
2026-04-28 08:51:18.020 10 INFO neutron.api.wsgi [None req-2497822b-5800-4b2b-8160-b9fad991fda9 747f5f5b542744b1b8a3d68591c49873 b060b275825b4715be176636ee4c185f - - default default] 10.0.0.149 "DELETE /v2.0/subnetpools/1f7f2e3c-268e-49c4-8ced-58f18be3718b HTTP/1.1" status: 204 len: 168 time: 0.0510418
2026-04-28 08:51:18.058 9 INFO neutron.db.ovn_revision_numbers_db [None req-e214d5b3-265d-430a-9717-b1bf844f0f29 a8e4f7450ecc4e518b6854d60aa800a7 dddd99d3d6e44e55a523019086319356 - - default default] Successfully bumped revision number for resource 4d85a4cc-32f5-4a42-8749-518f85dd157b (type: ports) to 1
2026-04-28 08:51:18.082 9 INFO neutron.api.wsgi [None req-e214d5b3-265d-430a-9717-b1bf844f0f29 a8e4f7450ecc4e518b6854d60aa800a7 dddd99d3d6e44e55a523019086319356 - - default default] 10.0.0.149 "POST /v2.0/networks HTTP/1.1" status: 201 len: 830 time: 0.9194233
2026-04-28 08:51:18.092 9 WARNING neutron_lib.context [None req-944af2e7-baed-4326-854d-2327c240c415 a8e4f7450ecc4e518b6854d60aa800a7 dddd99d3d6e44e55a523019086319356 - - default default] Method 'is_advsvc' is deprecated since 2023.2 release (neutron-lib 3.8.0) and will be removed once support for the old RBAC API policies will be removed from Neutron. Please use method 'is_service_role' instead.
2026-04-28 08:51:18.506 9 WARNING neutron.scheduler.dhcp_agent_scheduler [None req-944af2e7-baed-4326-854d-2327c240c415 a8e4f7450ecc4e518b6854d60aa800a7 dddd99d3d6e44e55a523019086319356 - - default default] No more DHCP agents
2026-04-28 08:51:18.507 9 WARNING neutron.api.rpc.agentnotifiers.dhcp_rpc_agent_api [None req-944af2e7-baed-4326-854d-2327c240c415 a8e4f7450ecc4e518b6854d60aa800a7 dddd99d3d6e44e55a523019086319356 - - default default] Unable to schedule network 8301fb6d-9aec-4d84-b74f-b2012bc8b9c2: no agents available; will retry on subsequent port and subnet creation events.
2026-04-28 08:51:18.631 9 INFO neutron.db.ovn_revision_numbers_db [None req-944af2e7-baed-4326-854d-2327c240c415 a8e4f7450ecc4e518b6854d60aa800a7 dddd99d3d6e44e55a523019086319356 - - default default] Successfully bumped revision number for resource 523b22e1-cdfa-44d7-8f58-aeb8ac4ed371 (type: ports) to 1
2026-04-28 08:51:18.892 10 WARNING neutron_lib.context [None req-dfcd77ed-292e-495c-a77a-6f70d5826fb4 0e7c1bee2d04403783f34d00040b2a2d 5b7d3fb307934419a71de339acab4e40 - - default default] Method 'is_advsvc' is deprecated since 2023.2 release (neutron-lib 3.8.0) and will be removed once support for the old RBAC API policies will be removed from Neutron. Please use method 'is_service_role' instead.
2026-04-28 08:51:18.935 10 INFO neutron.api.wsgi [req-b38086aa-c037-445d-84f5-8a1bafee1103 req-390638cb-954e-4fef-ad07-9f3d3e6db385 a2368ceaf62846b9a38c9c340959a6ae 58f0e2cf4f6b466cbb37cbd966a6cbe8 - - default default] 10.0.0.203 "GET /v2.0/ports?device_id=947a71fa-7095-41b0-862e-76807bee4733 HTTP/1.1" status: 200 len: 210 time: 0.0235043
2026-04-28 08:51:19.001 9 INFO neutron.db.ovn_revision_numbers_db [None req-1eff47d7-8198-499f-bbd9-668575007c07 a2b2aee04d4e4d6a9c7048fdd2f2e66d 5906e0af14af44b78d262d35bdab8cf5 - - default default] Successfully bumped revision number for resource d761cf8b-38c2-4aa4-9249-5e251b8258fc (type: security_groups) to 1
2026-04-28 08:51:19.019 9 INFO neutron.db.ovn_revision_numbers_db [None req-1eff47d7-8198-499f-bbd9-668575007c07 a2b2aee04d4e4d6a9c7048fdd2f2e66d 5906e0af14af44b78d262d35bdab8cf5 - - default default] Successfully bumped revision number for resource 033cb7c7-33a2-4131-8591-bbb3b0706ef5 (type: security_group_rules) to 0
2026-04-28 08:51:19.047 9 INFO neutron.db.ovn_revision_numbers_db [None req-1eff47d7-8198-499f-bbd9-668575007c07 a2b2aee04d4e4d6a9c7048fdd2f2e66d 5906e0af14af44b78d262d35bdab8cf5 - - default default] Successfully bumped revision number for resource 19487b99-f223-4997-99d0-cfc6328429e8 (type: security_group_rules) to 0
2026-04-28 08:51:19.054 10 INFO neutron.db.ovn_revision_numbers_db [None req-dfcd77ed-292e-495c-a77a-6f70d5826fb4 0e7c1bee2d04403783f34d00040b2a2d 5b7d3fb307934419a71de339acab4e40 - - default default] Successfully bumped revision number for resource 02e1bb6c-b3d8-43f4-b4d3-9a5ccff488a9 (type: security_groups) to 1
2026-04-28 08:51:19.075 10 INFO neutron.db.ovn_revision_numbers_db [None req-dfcd77ed-292e-495c-a77a-6f70d5826fb4 0e7c1bee2d04403783f34d00040b2a2d 5b7d3fb307934419a71de339acab4e40 - - default default] Successfully bumped revision number for resource 0b2c8a0f-1b4f-4cda-9c94-88f8a0f31d74 (type: security_group_rules) to 0
2026-04-28 08:51:19.090 9 INFO neutron.db.ovn_revision_numbers_db [None req-1eff47d7-8198-499f-bbd9-668575007c07 a2b2aee04d4e4d6a9c7048fdd2f2e66d 5906e0af14af44b78d262d35bdab8cf5 - - default default] Successfully bumped revision number for resource 251f1c45-fec3-46e0-9c27-bc32f7b663f2 (type: security_group_rules) to 0
2026-04-28 08:51:19.096 10 INFO neutron.db.ovn_revision_numbers_db [None req-dfcd77ed-292e-495c-a77a-6f70d5826fb4 0e7c1bee2d04403783f34d00040b2a2d 5b7d3fb307934419a71de339acab4e40 - - default default] Successfully bumped revision number for resource 1c31cb67-fbe4-4f16-9809-d5f68f66301a (type: security_group_rules) to 0
2026-04-28 08:51:19.108 9 INFO neutron.db.ovn_revision_numbers_db [None req-1eff47d7-8198-499f-bbd9-668575007c07 a2b2aee04d4e4d6a9c7048fdd2f2e66d 5906e0af14af44b78d262d35bdab8cf5 - - default default] Successfully bumped revision number for resource 786aaf33-a29e-4a80-a124-5b4e6e9a648c (type: security_group_rules) to 0
2026-04-28 08:51:19.110 10 INFO neutron.db.ovn_revision_numbers_db [None req-dfcd77ed-292e-495c-a77a-6f70d5826fb4 0e7c1bee2d04403783f34d00040b2a2d 5b7d3fb307934419a71de339acab4e40 - - default default] Successfully bumped revision number for resource a17a3c6b-bca4-4d44-8aab-9b49b4e14350 (type: security_group_rules) to 0
2026-04-28 08:51:19.123 10 INFO neutron.db.ovn_revision_numbers_db [None req-dfcd77ed-292e-495c-a77a-6f70d5826fb4 0e7c1bee2d04403783f34d00040b2a2d 5b7d3fb307934419a71de339acab4e40 - - default default] Successfully bumped revision number for resource d328586a-e042-4107-95f7-d2fa82a58d75 (type: security_group_rules) to 0
2026-04-28 08:51:19.159 9 INFO neutron.api.wsgi [None req-1eff47d7-8198-499f-bbd9-668575007c07 a2b2aee04d4e4d6a9c7048fdd2f2e66d 5906e0af14af44b78d262d35bdab8cf5 - - default default] 10.0.0.149 "GET /v2.0/security-groups?tenant_id=b060b275825b4715be176636ee4c185f&name=default HTTP/1.1" status: 200 len: 3120 time: 0.4754374
2026-04-28 08:51:19.421 9 INFO neutron.plugins.ml2.drivers.ovn.mech_driver.ovsdb.commands [None req-f314c7c5-f51b-4edd-b5f9-6d21e7adcd08 - - - - - -] Schedule LRP lrp-523b22e1-cdfa-44d7-8f58-aeb8ac4ed371 on gateway 3e177de7-d177-4b0e-b889-1a2c5099a0ab with priority 1
2026-04-28 08:51:19.443 9 INFO neutron.plugins.ml2.drivers.ovn.mech_driver.mech_driver [None req-9e40384c-6715-4f24-82ee-ef3589f6774b - - - - - -] OVN reports status up for port: 523b22e1-cdfa-44d7-8f58-aeb8ac4ed371
2026-04-28 08:51:19.455 10 INFO neutron.plugins.ml2.drivers.ovn.mech_driver.ovsdb.ovsdb_monitor [None req-27b26c58-aaf1-480f-902a-e867ca11e1db - - - - - -] Router 39c362b6-7da0-4815-a1cd-9b19c64e112a is bound to host instance
2026-04-28 08:51:19.459 9 INFO neutron.plugins.ml2.plugin [None req-9e40384c-6715-4f24-82ee-ef3589f6774b - - - - - -] Attempt 1 to provision port 523b22e1-cdfa-44d7-8f58-aeb8ac4ed371
2026-04-28 08:51:19.501 9 INFO neutron.api.wsgi [None req-6b786d3d-f332-4dc4-87cf-ccbd4c351aa1 a2b2aee04d4e4d6a9c7048fdd2f2e66d 5906e0af14af44b78d262d35bdab8cf5 - - default default] 10.0.0.149 "DELETE /v2.0/security-groups/d761cf8b-38c2-4aa4-9249-5e251b8258fc HTTP/1.1" status: 204 len: 168 time: 0.3364329
2026-04-28 08:51:19.503 9 INFO neutron.db.ovn_revision_numbers_db [None req-944af2e7-baed-4326-854d-2327c240c415 a8e4f7450ecc4e518b6854d60aa800a7 dddd99d3d6e44e55a523019086319356 - - default default] Successfully bumped revision number for resource 523b22e1-cdfa-44d7-8f58-aeb8ac4ed371 (type: router_ports) to 1
2026-04-28 08:51:19.525 10 INFO neutron.db.segments_db [None req-dfcd77ed-292e-495c-a77a-6f70d5826fb4 0e7c1bee2d04403783f34d00040b2a2d 5b7d3fb307934419a71de339acab4e40 - - default default] Added segment 6aafa52a-392c-4c4a-b7fc-ede303368251 of type geneve for network 969dda3b-55f8-4196-8bbd-ce08de63eca5
2026-04-28 08:51:19.582 9 INFO neutron.db.ovn_revision_numbers_db [None req-944af2e7-baed-4326-854d-2327c240c415 a8e4f7450ecc4e518b6854d60aa800a7 dddd99d3d6e44e55a523019086319356 - - default default] Successfully bumped revision number for resource 39c362b6-7da0-4815-a1cd-9b19c64e112a (type: routers) to 2
2026-04-28 08:51:19.603 9 INFO neutron.api.wsgi [None req-944af2e7-baed-4326-854d-2327c240c415 a8e4f7450ecc4e518b6854d60aa800a7 dddd99d3d6e44e55a523019086319356 - - default default] 10.0.0.149 "POST /v2.0/routers HTTP/1.1" status: 201 len: 1154 time: 1.5168433
2026-04-28 08:51:19.676 10 INFO neutron.db.ovn_revision_numbers_db [None req-dfcd77ed-292e-495c-a77a-6f70d5826fb4 0e7c1bee2d04403783f34d00040b2a2d 5b7d3fb307934419a71de339acab4e40 - - default default] Successfully bumped revision number for resource 969dda3b-55f8-4196-8bbd-ce08de63eca5 (type: networks) to 1
2026-04-28 08:51:19.810 9 INFO neutron.api.wsgi [None req-69f68e24-7041-4727-a39a-4551fdf3b3d8 f454406e102047f3a8d30d817cbc6cd0 aff8aa23f9c54429a3e9c9f2f28a1b22 - - default default] 10.0.0.149 "GET /v2.0/subnets?project_id=dddd99d3d6e44e55a523019086319356&cidr=10.100.0.0%2F28 HTTP/1.1" status: 200 len: 207 time: 0.2011669
2026-04-28 08:51:19.857 9 INFO neutron.api.wsgi [None req-f284e07d-1148-4905-9ef3-fb42a3be4b47 f454406e102047f3a8d30d817cbc6cd0 aff8aa23f9c54429a3e9c9f2f28a1b22 - - default default] 10.0.0.149 "GET /v2.0/networks?router%3Aexternal=True HTTP/1.1" status: 200 len: 947 time: 0.0414410
2026-04-28 08:51:19.882 9 INFO neutron.api.wsgi [None req-b3a096be-ab1a-4c4f-9ad2-99a96864202a f454406e102047f3a8d30d817cbc6cd0 aff8aa23f9c54429a3e9c9f2f28a1b22 - - default default] 10.0.0.149 "GET /v2.0/subnets?network_id=8301fb6d-9aec-4d84-b74f-b2012bc8b9c2&cidr=10.100.0.0%2F28 HTTP/1.1" status: 200 len: 207 time: 0.0203586
2026-04-28 08:51:19.884 9 INFO neutron.db.ovn_revision_numbers_db [None req-a0bbd399-7c88-4981-bb5b-def6b451902c a2b2aee04d4e4d6a9c7048fdd2f2e66d 5906e0af14af44b78d262d35bdab8cf5 - - default default] Successfully bumped revision number for resource a373d3cd-955c-4515-9bcd-f8465997110c (type: security_groups) to 1
2026-04-28 08:51:19.893 9 WARNING neutron_lib.context [None req-3d138eb6-645b-483f-9ac2-49fd5bb22ec1 a8e4f7450ecc4e518b6854d60aa800a7 dddd99d3d6e44e55a523019086319356 - - default default] Method 'is_advsvc' is deprecated since 2023.2 release (neutron-lib 3.8.0) and will be removed once support for the old RBAC API policies will be removed from Neutron. Please use method 'is_service_role' instead.
2026-04-28 08:51:19.936 9 INFO neutron.db.ovn_revision_numbers_db [None req-a0bbd399-7c88-4981-bb5b-def6b451902c a2b2aee04d4e4d6a9c7048fdd2f2e66d 5906e0af14af44b78d262d35bdab8cf5 - - default default] Successfully bumped revision number for resource c09a2414-9eac-4c25-88b5-4d0356d57275 (type: security_group_rules) to 0
2026-04-28 08:51:19.939 10 WARNING neutron.scheduler.dhcp_agent_scheduler [None req-dfcd77ed-292e-495c-a77a-6f70d5826fb4 0e7c1bee2d04403783f34d00040b2a2d 5b7d3fb307934419a71de339acab4e40 - - default default] No more DHCP agents
2026-04-28 08:51:19.940 10 WARNING neutron.api.rpc.agentnotifiers.dhcp_rpc_agent_api [None req-dfcd77ed-292e-495c-a77a-6f70d5826fb4 0e7c1bee2d04403783f34d00040b2a2d 5b7d3fb307934419a71de339acab4e40 - - default default] Unable to schedule network 969dda3b-55f8-4196-8bbd-ce08de63eca5: no agents available; will retry on subsequent port and subnet creation events.
2026-04-28 08:51:19.983 9 INFO neutron.db.ovn_revision_numbers_db [None req-a0bbd399-7c88-4981-bb5b-def6b451902c a2b2aee04d4e4d6a9c7048fdd2f2e66d 5906e0af14af44b78d262d35bdab8cf5 - - default default] Successfully bumped revision number for resource c5984695-95e0-490b-8d26-61a4dd9c16cf (type: security_group_rules) to 0
2026-04-28 08:51:20.002 9 INFO neutron.db.ovn_revision_numbers_db [None req-a0bbd399-7c88-4981-bb5b-def6b451902c a2b2aee04d4e4d6a9c7048fdd2f2e66d 5906e0af14af44b78d262d35bdab8cf5 - - default default] Successfully bumped revision number for resource ee43e362-fda1-409e-83ce-dba5e8f79ddb (type: security_group_rules) to 0
2026-04-28 08:51:20.025 9 INFO neutron.db.ovn_revision_numbers_db [None req-a0bbd399-7c88-4981-bb5b-def6b451902c a2b2aee04d4e4d6a9c7048fdd2f2e66d 5906e0af14af44b78d262d35bdab8cf5 - - default default] Successfully bumped revision number for resource fbe5c905-9a74-4479-9201-b4bf379e658c (type: security_group_rules) to 0
2026-04-28 08:51:20.035 10 INFO neutron.db.ovn_revision_numbers_db [None req-dfcd77ed-292e-495c-a77a-6f70d5826fb4 0e7c1bee2d04403783f34d00040b2a2d 5b7d3fb307934419a71de339acab4e40 - - default default] Successfully bumped revision number for resource a5e7e674-216c-45d2-923b-d88342c7b683 (type: ports) to 1
2026-04-28 08:51:20.053 9 INFO neutron.api.wsgi [req-17791cd1-ffd0-4a0d-b293-5d300ee6445a req-b9f211d6-7f5f-42da-840f-0996b6938aa2 a2368ceaf62846b9a38c9c340959a6ae 58f0e2cf4f6b466cbb37cbd966a6cbe8 - - default default] 10.0.0.203 "GET /v2.0/ports?device_id=947a71fa-7095-41b0-862e-76807bee4733 HTTP/1.1" status: 200 len: 210 time: 0.0218966
2026-04-28 08:51:20.062 10 INFO neutron.api.wsgi [None req-dfcd77ed-292e-495c-a77a-6f70d5826fb4 0e7c1bee2d04403783f34d00040b2a2d 5b7d3fb307934419a71de339acab4e40 - - default default] 10.0.0.149 "POST /v2.0/networks HTTP/1.1" status: 201 len: 831 time: 1.2179716
2026-04-28 08:51:20.074 9 WARNING neutron_lib.context [None req-11706542-a0f4-47fb-9714-251e49625013 0e7c1bee2d04403783f34d00040b2a2d 5b7d3fb307934419a71de339acab4e40 - - default default] Method 'is_advsvc' is deprecated since 2023.2 release (neutron-lib 3.8.0) and will be removed once support for the old RBAC API policies will be removed from Neutron. Please use method 'is_service_role' instead.
2026-04-28 08:51:20.097 9 INFO neutron.api.wsgi [None req-a0bbd399-7c88-4981-bb5b-def6b451902c a2b2aee04d4e4d6a9c7048fdd2f2e66d 5906e0af14af44b78d262d35bdab8cf5 - - default default] 10.0.0.149 "GET /v2.0/security-groups?tenant_id=189e69ad87274066adef90397f21711b&name=default HTTP/1.1" status: 200 len: 3120 time: 0.4756761
2026-04-28 08:51:20.098 10 INFO neutron.db.ovn_revision_numbers_db [None req-7105edff-6755-49ac-9963-9fede9a9bc96 - - - - - -] Successfully bumped revision number for resource 523b22e1-cdfa-44d7-8f58-aeb8ac4ed371 (type: ports) to 1
2026-04-28 08:51:20.136 9 WARNING neutron.scheduler.dhcp_agent_scheduler [None req-3d138eb6-645b-483f-9ac2-49fd5bb22ec1 a8e4f7450ecc4e518b6854d60aa800a7 dddd99d3d6e44e55a523019086319356 - - default default] No more DHCP agents
2026-04-28 08:51:20.139 9 WARNING neutron.api.rpc.agentnotifiers.dhcp_rpc_agent_api [None req-3d138eb6-645b-483f-9ac2-49fd5bb22ec1 a8e4f7450ecc4e518b6854d60aa800a7 dddd99d3d6e44e55a523019086319356 - - default default] Unable to schedule network 6b5c048f-76ab-41f8-bd7a-ff5e76328137: no agents available; will retry on subsequent port and subnet creation events.
2026-04-28 08:51:20.370 10 INFO neutron.api.wsgi [None req-b02f1578-1fa8-40c2-b0b0-70615ffdc5c1 a2b2aee04d4e4d6a9c7048fdd2f2e66d 5906e0af14af44b78d262d35bdab8cf5 - - default default] 10.0.0.149 "DELETE /v2.0/security-groups/a373d3cd-955c-4515-9bcd-f8465997110c HTTP/1.1" status: 204 len: 168 time: 0.2664449
2026-04-28 08:51:20.395 9 WARNING neutron.scheduler.dhcp_agent_scheduler [None req-11706542-a0f4-47fb-9714-251e49625013 0e7c1bee2d04403783f34d00040b2a2d 5b7d3fb307934419a71de339acab4e40 - - default default] No more DHCP agents
2026-04-28 08:51:20.397 9 WARNING neutron.api.rpc.agentnotifiers.dhcp_rpc_agent_api [None req-11706542-a0f4-47fb-9714-251e49625013 0e7c1bee2d04403783f34d00040b2a2d 5b7d3fb307934419a71de339acab4e40 - - default default] Unable to schedule network 969dda3b-55f8-4196-8bbd-ce08de63eca5: no agents available; will retry on subsequent port and subnet creation events.
2026-04-28 08:51:20.477 9 INFO neutron.db.ovn_revision_numbers_db [None req-11706542-a0f4-47fb-9714-251e49625013 0e7c1bee2d04403783f34d00040b2a2d 5b7d3fb307934419a71de339acab4e40 - - default default] Successfully bumped revision number for resource 444a50eb-524f-4376-8a6d-721ad9801f61 (type: ports) to 1
2026-04-28 08:51:20.501 10 INFO neutron.db.ovn_revision_numbers_db [None req-7105edff-6755-49ac-9963-9fede9a9bc96 - - - - - -] Successfully bumped revision number for resource 523b22e1-cdfa-44d7-8f58-aeb8ac4ed371 (type: ports) to 4
2026-04-28 08:51:20.506 9 INFO neutron.api.wsgi [None req-11706542-a0f4-47fb-9714-251e49625013 0e7c1bee2d04403783f34d00040b2a2d 5b7d3fb307934419a71de339acab4e40 - - default default] 10.0.0.149 "POST /v2.0/ports HTTP/1.1" status: 201 len: 942 time: 0.4369686 /var/lib/openstack/lib/python3.12/site-packages/pycadf/identifier.py:71: UserWarning: Invalid uuid: neutron. To ensure interoperability, identifiers should be a valid uuid. warnings.warn(('Invalid uuid: %s. To ensure interoperability, '
2026-04-28 08:51:20.517 9 WARNING neutron_lib.context [None req-a207b05f-85ee-410f-b417-2c7c26c6aec3 0e7c1bee2d04403783f34d00040b2a2d 5b7d3fb307934419a71de339acab4e40 - - default default] Method 'is_advsvc' is deprecated since 2023.2 release (neutron-lib 3.8.0) and will be removed once support for the old RBAC API policies will be removed from Neutron. Please use method 'is_service_role' instead.
2026-04-28 08:51:20.619 9 INFO neutron.db.segments_db [None req-a207b05f-85ee-410f-b417-2c7c26c6aec3 0e7c1bee2d04403783f34d00040b2a2d 5b7d3fb307934419a71de339acab4e40 - - default default] Added segment 5ba464fa-50fb-471d-99f2-ad14d115df42 of type geneve for network c663d509-5924-4a7c-a513-31d5f86812d1
2026-04-28 08:51:20.712 9 INFO neutron.db.ovn_revision_numbers_db [None req-42e16a07-f0e2-4400-b6fd-b99117918ff4 - - - - - -] Successfully bumped revision number for resource 4d85a4cc-32f5-4a42-8749-518f85dd157b (type: ports) to 2
2026-04-28 08:51:20.748 9 INFO neutron.db.ovn_revision_numbers_db [None req-42e16a07-f0e2-4400-b6fd-b99117918ff4 - - - - - -] Successfully bumped revision number for resource e66c6d87-548e-489a-aca4-441643c8a62c (type: subnets) to 0
2026-04-28 08:51:20.770 9 INFO neutron.api.wsgi [None req-3d138eb6-645b-483f-9ac2-49fd5bb22ec1 a8e4f7450ecc4e518b6854d60aa800a7 dddd99d3d6e44e55a523019086319356 - - default default] 10.0.0.149 "POST /v2.0/subnets HTTP/1.1" status: 201 len: 855 time: 0.8823104
2026-04-28 08:51:20.793 9 INFO neutron.db.ovn_revision_numbers_db [None req-a207b05f-85ee-410f-b417-2c7c26c6aec3 0e7c1bee2d04403783f34d00040b2a2d 5b7d3fb307934419a71de339acab4e40 - - default default] Successfully bumped revision number for resource c663d509-5924-4a7c-a513-31d5f86812d1 (type: networks) to 1
2026-04-28 08:51:20.801 10 INFO neutron.db.ovn_revision_numbers_db [None req-7105edff-6755-49ac-9963-9fede9a9bc96 - - - - - -] Successfully bumped revision number for resource 523b22e1-cdfa-44d7-8f58-aeb8ac4ed371 (type: ports) to 5
2026-04-28 08:51:21.002 9 WARNING neutron.scheduler.dhcp_agent_scheduler [None req-a207b05f-85ee-410f-b417-2c7c26c6aec3 0e7c1bee2d04403783f34d00040b2a2d 5b7d3fb307934419a71de339acab4e40 - - default default] No more DHCP agents
2026-04-28 08:51:21.004 9 WARNING neutron.api.rpc.agentnotifiers.dhcp_rpc_agent_api [None req-a207b05f-85ee-410f-b417-2c7c26c6aec3 0e7c1bee2d04403783f34d00040b2a2d 5b7d3fb307934419a71de339acab4e40 - - default default] Unable to schedule network c663d509-5924-4a7c-a513-31d5f86812d1: no agents available; will retry on subsequent port and subnet creation events.
2026-04-28 08:51:21.089 9 INFO neutron.db.ovn_revision_numbers_db [None req-a207b05f-85ee-410f-b417-2c7c26c6aec3 0e7c1bee2d04403783f34d00040b2a2d 5b7d3fb307934419a71de339acab4e40 - - default default] Successfully bumped revision number for resource 3671a63f-8ec4-40ec-b172-0ac07c3db7f6 (type: ports) to 1
2026-04-28 08:51:21.126 9 INFO neutron.api.wsgi [None req-a207b05f-85ee-410f-b417-2c7c26c6aec3 0e7c1bee2d04403783f34d00040b2a2d 5b7d3fb307934419a71de339acab4e40 - - default default] 10.0.0.149 "POST /v2.0/networks HTTP/1.1" status: 201 len: 831 time: 0.6134002
2026-04-28 08:51:21.137 9 WARNING neutron_lib.context [None req-1d6ee536-dec9-4ebe-ac66-fda9393f4eda 0e7c1bee2d04403783f34d00040b2a2d 5b7d3fb307934419a71de339acab4e40 - - default default] Method 'is_advsvc' is deprecated since 2023.2 release (neutron-lib 3.8.0) and will be removed once support for the old RBAC API policies will be removed from Neutron. Please use method 'is_service_role' instead.
2026-04-28 08:51:21.146 10 INFO neutron.api.wsgi [req-ecb7e8a0-edf4-4e09-8854-37000c39297f req-faa53152-3076-490c-a850-99b26426a52a a2368ceaf62846b9a38c9c340959a6ae 58f0e2cf4f6b466cbb37cbd966a6cbe8 - - default default] 10.0.0.203 "GET /v2.0/ports?device_id=947a71fa-7095-41b0-862e-76807bee4733 HTTP/1.1" status: 200 len: 210 time: 0.0181434
2026-04-28 08:51:21.427 9 WARNING neutron.scheduler.dhcp_agent_scheduler [None req-1e1c94ef-a094-4c57-b93a-5fdf5c33424a a8e4f7450ecc4e518b6854d60aa800a7 dddd99d3d6e44e55a523019086319356 - - default default] No more DHCP agents
2026-04-28 08:51:21.430 9 WARNING neutron.api.rpc.agentnotifiers.dhcp_rpc_agent_api [None req-1e1c94ef-a094-4c57-b93a-5fdf5c33424a a8e4f7450ecc4e518b6854d60aa800a7 dddd99d3d6e44e55a523019086319356 - - default default] Unable to schedule network 6b5c048f-76ab-41f8-bd7a-ff5e76328137: no agents available; will retry on subsequent port and subnet creation events.
2026-04-28 08:51:21.456 9 WARNING neutron.scheduler.dhcp_agent_scheduler [None req-1d6ee536-dec9-4ebe-ac66-fda9393f4eda 0e7c1bee2d04403783f34d00040b2a2d 5b7d3fb307934419a71de339acab4e40 - - default default] No more DHCP agents
2026-04-28 08:51:21.461 9 WARNING neutron.api.rpc.agentnotifiers.dhcp_rpc_agent_api [None req-1d6ee536-dec9-4ebe-ac66-fda9393f4eda 0e7c1bee2d04403783f34d00040b2a2d 5b7d3fb307934419a71de339acab4e40 - - default default] Unable to schedule network c663d509-5924-4a7c-a513-31d5f86812d1: no agents available; will retry on subsequent port and subnet creation events.
2026-04-28 08:51:21.537 9 INFO neutron.db.ovn_revision_numbers_db [None req-1d6ee536-dec9-4ebe-ac66-fda9393f4eda 0e7c1bee2d04403783f34d00040b2a2d 5b7d3fb307934419a71de339acab4e40 - - default default] Successfully bumped revision number for resource 04457772-c8f6-45b6-b221-8e94a3f6f444 (type: ports) to 1
2026-04-28 08:51:21.563 9 INFO neutron.api.wsgi [None req-1d6ee536-dec9-4ebe-ac66-fda9393f4eda 0e7c1bee2d04403783f34d00040b2a2d 5b7d3fb307934419a71de339acab4e40 - - default default] 10.0.0.149 "POST /v2.0/ports HTTP/1.1" status: 201 len: 942 time: 0.4304810
2026-04-28 08:51:21.573 10 WARNING neutron_lib.context [None req-bc956661-2595-4661-bb9c-6dcf384bf9f3 0e7c1bee2d04403783f34d00040b2a2d 5b7d3fb307934419a71de339acab4e40 - - default default] Method 'is_advsvc' is deprecated since 2023.2 release (neutron-lib 3.8.0) and will be removed once support for the old RBAC API policies will be removed from Neutron. Please use method 'is_service_role' instead.
2026-04-28 08:51:21.605 9 INFO neutron.db.ovn_revision_numbers_db [None req-1e1c94ef-a094-4c57-b93a-5fdf5c33424a a8e4f7450ecc4e518b6854d60aa800a7 dddd99d3d6e44e55a523019086319356 - - default default] Successfully bumped revision number for resource 82ecbe70-d344-4ea3-be88-1b2827cb1bd5 (type: ports) to 1
2026-04-28 08:51:21.659 10 INFO neutron.db.segments_db [None req-bc956661-2595-4661-bb9c-6dcf384bf9f3 0e7c1bee2d04403783f34d00040b2a2d 5b7d3fb307934419a71de339acab4e40 - - default default] Added segment 850caf58-12de-466e-bda7-05aef2804132 of type geneve for network 403e7a58-470b-4351-9a61-748f8eb41eed
2026-04-28 08:51:21.790 10 INFO neutron.db.ovn_revision_numbers_db [None req-bc956661-2595-4661-bb9c-6dcf384bf9f3 0e7c1bee2d04403783f34d00040b2a2d 5b7d3fb307934419a71de339acab4e40 - - default default] Successfully bumped revision number for resource 403e7a58-470b-4351-9a61-748f8eb41eed (type: networks) to 1
2026-04-28 08:51:21.945 10 WARNING neutron.scheduler.dhcp_agent_scheduler [None req-bc956661-2595-4661-bb9c-6dcf384bf9f3 0e7c1bee2d04403783f34d00040b2a2d 5b7d3fb307934419a71de339acab4e40 - - default default] No more DHCP agents
2026-04-28 08:51:21.946 10 WARNING neutron.api.rpc.agentnotifiers.dhcp_rpc_agent_api [None req-bc956661-2595-4661-bb9c-6dcf384bf9f3 0e7c1bee2d04403783f34d00040b2a2d 5b7d3fb307934419a71de339acab4e40 - - default default] Unable to schedule network 403e7a58-470b-4351-9a61-748f8eb41eed: no agents available; will retry on subsequent port and subnet creation events.
2026-04-28 08:51:22.007 10 INFO neutron.db.ovn_revision_numbers_db [None req-bc956661-2595-4661-bb9c-6dcf384bf9f3 0e7c1bee2d04403783f34d00040b2a2d 5b7d3fb307934419a71de339acab4e40 - - default default] Successfully bumped revision number for resource 567d03ab-2ff1-40d2-b56b-8ec7eff29358 (type: ports) to 1
2026-04-28 08:51:22.030 10 INFO neutron.api.wsgi [None req-bc956661-2595-4661-bb9c-6dcf384bf9f3 0e7c1bee2d04403783f34d00040b2a2d 5b7d3fb307934419a71de339acab4e40 - - default default] 10.0.0.149 "POST /v2.0/networks HTTP/1.1" status: 201 len: 831 time: 0.4608889 /var/lib/openstack/lib/python3.12/site-packages/pycadf/identifier.py:71: UserWarning: Invalid uuid: neutron. To ensure interoperability, identifiers should be a valid uuid. warnings.warn(('Invalid uuid: %s. To ensure interoperability, '
2026-04-28 08:51:22.042 9 WARNING neutron_lib.context [None req-77168d5c-3059-4df7-8d98-c4b2dae39750 0e7c1bee2d04403783f34d00040b2a2d 5b7d3fb307934419a71de339acab4e40 - - default default] Method 'is_advsvc' is deprecated since 2023.2 release (neutron-lib 3.8.0) and will be removed once support for the old RBAC API policies will be removed from Neutron. Please use method 'is_service_role' instead.
2026-04-28 08:51:22.341 9 INFO neutron.plugins.ml2.drivers.ovn.mech_driver.mech_driver [None req-9e40384c-6715-4f24-82ee-ef3589f6774b - - - - - -] OVN reports status up for port: 82ecbe70-d344-4ea3-be88-1b2827cb1bd5
2026-04-28 08:51:22.361 9 INFO neutron.plugins.ml2.plugin [None req-9e40384c-6715-4f24-82ee-ef3589f6774b - - - - - -] Attempt 1 to provision port 82ecbe70-d344-4ea3-be88-1b2827cb1bd5
2026-04-28 08:51:22.374 9 WARNING neutron.scheduler.dhcp_agent_scheduler [None req-77168d5c-3059-4df7-8d98-c4b2dae39750 0e7c1bee2d04403783f34d00040b2a2d 5b7d3fb307934419a71de339acab4e40 - - default default] No more DHCP agents
2026-04-28 08:51:22.378 9 WARNING neutron.api.rpc.agentnotifiers.dhcp_rpc_agent_api [None req-77168d5c-3059-4df7-8d98-c4b2dae39750 0e7c1bee2d04403783f34d00040b2a2d 5b7d3fb307934419a71de339acab4e40 - - default default] Unable to schedule network 403e7a58-470b-4351-9a61-748f8eb41eed: no agents available; will retry on subsequent port and subnet creation events.
2026-04-28 08:51:22.386 9 INFO neutron.db.ovn_revision_numbers_db [None req-1e1c94ef-a094-4c57-b93a-5fdf5c33424a a8e4f7450ecc4e518b6854d60aa800a7 dddd99d3d6e44e55a523019086319356 - - default default] Successfully bumped revision number for resource 82ecbe70-d344-4ea3-be88-1b2827cb1bd5 (type: ports) to 1
2026-04-28 08:51:22.387 10 INFO neutron.api.wsgi [None req-fe9ba8bb-f424-45fa-8050-a44920a4dd69 a2368ceaf62846b9a38c9c340959a6ae 58f0e2cf4f6b466cbb37cbd966a6cbe8 - - default default] 10.0.0.149 "DELETE /v2.0/security-groups/24f2d4c0-529b-4769-877a-df74ed5d0301 HTTP/1.1" status: 204 len: 168 time: 0.1546803
2026-04-28 08:51:22.400 10 INFO neutron.api.v2.resource [None req-bf439c3a-9d83-4a46-80ac-5d433f521d99 a2368ceaf62846b9a38c9c340959a6ae 58f0e2cf4f6b466cbb37cbd966a6cbe8 - - default default] show failed (client error): The resource could not be found.
2026-04-28 08:51:22.401 10 INFO neutron.api.wsgi [None req-bf439c3a-9d83-4a46-80ac-5d433f521d99 a2368ceaf62846b9a38c9c340959a6ae 58f0e2cf4f6b466cbb37cbd966a6cbe8 - - default default] 10.0.0.149 "GET /v2.0/security-groups/24f2d4c0-529b-4769-877a-df74ed5d0301 HTTP/1.1" status: 404 len: 347 time: 0.0092688
2026-04-28 08:51:22.487 9 INFO neutron.db.ovn_revision_numbers_db [None req-77168d5c-3059-4df7-8d98-c4b2dae39750 0e7c1bee2d04403783f34d00040b2a2d 5b7d3fb307934419a71de339acab4e40 - - default default] Successfully bumped revision number for resource 2360122e-7b11-42ae-b5b6-c748ca151bad (type: ports) to 1
2026-04-28 08:51:22.496 9 WARNING neutron.scheduler.dhcp_agent_scheduler [None req-1e1c94ef-a094-4c57-b93a-5fdf5c33424a a8e4f7450ecc4e518b6854d60aa800a7 dddd99d3d6e44e55a523019086319356 - - default default] No more DHCP agents
2026-04-28 08:51:22.501 9 WARNING neutron.api.rpc.agentnotifiers.dhcp_rpc_agent_api [None req-1e1c94ef-a094-4c57-b93a-5fdf5c33424a a8e4f7450ecc4e518b6854d60aa800a7 dddd99d3d6e44e55a523019086319356 - - default default] Unable to schedule network 6b5c048f-76ab-41f8-bd7a-ff5e76328137: no agents available; will retry on subsequent port and subnet creation events.
2026-04-28 08:51:22.528 9 INFO neutron.api.wsgi [None req-77168d5c-3059-4df7-8d98-c4b2dae39750 0e7c1bee2d04403783f34d00040b2a2d 5b7d3fb307934419a71de339acab4e40 - - default default] 10.0.0.149 "POST /v2.0/ports HTTP/1.1" status: 201 len: 942 time: 0.4912539 /var/lib/openstack/lib/python3.12/site-packages/pycadf/identifier.py:71: UserWarning: Invalid uuid: neutron. To ensure interoperability, identifiers should be a valid uuid. warnings.warn(('Invalid uuid: %s. To ensure interoperability, '
2026-04-28 08:51:22.539 9 WARNING neutron_lib.context [None req-8e3db846-feb8-4bf0-b088-c84460ddc9d7 0e7c1bee2d04403783f34d00040b2a2d 5b7d3fb307934419a71de339acab4e40 - - default default] Method 'is_advsvc' is deprecated since 2023.2 release (neutron-lib 3.8.0) and will be removed once support for the old RBAC API policies will be removed from Neutron. Please use method 'is_service_role' instead.
2026-04-28 08:51:22.689 9 INFO neutron.db.segments_db [None req-8e3db846-feb8-4bf0-b088-c84460ddc9d7 0e7c1bee2d04403783f34d00040b2a2d 5b7d3fb307934419a71de339acab4e40 - - default default] Added segment 0751e569-d5fd-4710-af41-93e525640252 of type geneve for network 436a3fcb-b9a9-4115-85cf-b55b47a1d852
2026-04-28 08:51:22.759 10 INFO neutron.api.wsgi [None req-4579a906-d676-432a-9529-caa2fd9aab7f a2368ceaf62846b9a38c9c340959a6ae 58f0e2cf4f6b466cbb37cbd966a6cbe8 - - default default] 10.0.0.149 "DELETE /v2.0/floatingips/06aad377-f4cc-4d84-8933-850ad78344b1 HTTP/1.1" status: 204 len: 168 time: 0.3533070
2026-04-28 08:51:23.251 9 INFO neutron.db.ovn_revision_numbers_db [None req-8e3db846-feb8-4bf0-b088-c84460ddc9d7 0e7c1bee2d04403783f34d00040b2a2d 5b7d3fb307934419a71de339acab4e40 - - default default] Successfully bumped revision number for resource 436a3fcb-b9a9-4115-85cf-b55b47a1d852 (type: networks) to 1
2026-04-28 08:51:23.380 9 INFO neutron.db.ovn_revision_numbers_db [None req-9e40384c-6715-4f24-82ee-ef3589f6774b - - - - - -] Successfully bumped revision number for resource 82ecbe70-d344-4ea3-be88-1b2827cb1bd5 (type: ports) to 2
2026-04-28 08:51:23.552 9 INFO neutron.db.ovn_revision_numbers_db [None req-1e1c94ef-a094-4c57-b93a-5fdf5c33424a a8e4f7450ecc4e518b6854d60aa800a7 dddd99d3d6e44e55a523019086319356 - - default default] Successfully bumped revision number for resource 82ecbe70-d344-4ea3-be88-1b2827cb1bd5 (type: router_ports) to 1
2026-04-28 08:51:23.559 9 INFO neutron.api.wsgi [None req-1e1c94ef-a094-4c57-b93a-5fdf5c33424a a8e4f7450ecc4e518b6854d60aa800a7 dddd99d3d6e44e55a523019086319356 - - default default] 10.0.0.149 "PUT /v2.0/routers/39c362b6-7da0-4815-a1cd-9b19c64e112a/add_router_interface HTTP/1.1" status: 200 len: 503 time: 2.7844100
2026-04-28 08:51:23.618 9 WARNING neutron.scheduler.dhcp_agent_scheduler [None req-8e3db846-feb8-4bf0-b088-c84460ddc9d7 0e7c1bee2d04403783f34d00040b2a2d 5b7d3fb307934419a71de339acab4e40 - - default default] No more DHCP agents
2026-04-28 08:51:23.620 9 WARNING neutron.api.rpc.agentnotifiers.dhcp_rpc_agent_api [None req-8e3db846-feb8-4bf0-b088-c84460ddc9d7 0e7c1bee2d04403783f34d00040b2a2d 5b7d3fb307934419a71de339acab4e40 - - default default] Unable to schedule network 436a3fcb-b9a9-4115-85cf-b55b47a1d852: no agents available; will retry on subsequent port and subnet creation events.
