2026-04-28 08:51:46.842 10 WARNING neutron.api.rpc.agentnotifiers.dhcp_rpc_agent_api [None req-2298b646-5145-4d37-8e05-e2c0880414d8 e6de024a574d41998e6cf432465b10eb 9a11ad25d1a0480b87a19927e33fce1f - - default default] Unable to schedule network 46088b89-f9e1-4b38-ab51-ad54dbd1490d: no agents available; will retry on subsequent port and subnet creation events.
2026-04-28 08:51:46.921 10 INFO neutron.db.ovn_revision_numbers_db [None req-2298b646-5145-4d37-8e05-e2c0880414d8 e6de024a574d41998e6cf432465b10eb 9a11ad25d1a0480b87a19927e33fce1f - - default default] Successfully bumped revision number for resource 3fbc6a80-484a-4490-b667-c59531a60358 (type: ports) to 1
2026-04-28 08:51:46.943 10 INFO neutron.api.wsgi [None req-2298b646-5145-4d37-8e05-e2c0880414d8 e6de024a574d41998e6cf432465b10eb 9a11ad25d1a0480b87a19927e33fce1f - - default default] 10.0.0.149 "POST /v2.0/ports HTTP/1.1" status: 201 len: 942 time: 0.3907826
2026-04-28 08:51:46.944 10 INFO neutron.db.ovn_revision_numbers_db [None req-0b307663-df61-4456-bb27-88be82734fc9 - - - - - -] Successfully bumped revision number for resource c5c03f04-f485-481a-85a2-398e1f34c3ce (type: ports) to 3 /var/lib/openstack/lib/python3.12/site-packages/pycadf/identifier.py:71: UserWarning: Invalid uuid: neutron. To ensure interoperability, identifiers should be a valid uuid. warnings.warn(('Invalid uuid: %s. To ensure interoperability, '
2026-04-28 08:51:46.953 10 WARNING neutron_lib.context [None req-5da23e7a-2c8e-4247-9e08-3a61acd7410a e6de024a574d41998e6cf432465b10eb 9a11ad25d1a0480b87a19927e33fce1f - - default default] Method 'is_advsvc' is deprecated since 2023.2 release (neutron-lib 3.8.0) and will be removed once support for the old RBAC API policies will be removed from Neutron. Please use method 'is_service_role' instead.
2026-04-28 08:51:47.016 10 INFO neutron.db.segments_db [None req-0b307663-df61-4456-bb27-88be82734fc9 - - - - - -] Added segment b0146b57-2234-4377-b89e-8e45aa3a3764 of type geneve for network 0dd67c47-e752-4ce0-8cfb-67b38ce4ac4b
2026-04-28 08:51:47.174 10 INFO neutron.api.wsgi [None req-5da23e7a-2c8e-4247-9e08-3a61acd7410a e6de024a574d41998e6cf432465b10eb 9a11ad25d1a0480b87a19927e33fce1f - - default default] 10.0.0.149 "POST /v2.0/trunks HTTP/1.1" status: 201 len: 608 time: 0.2257137
2026-04-28 08:51:47.229 9 INFO neutron.api.wsgi [None req-3e74ae5f-0e1c-4bbf-97c1-a73b24b110ed e6de024a574d41998e6cf432465b10eb 9a11ad25d1a0480b87a19927e33fce1f - - default default] 10.0.0.149 "PUT /v2.0/trunks/ddd0bba4-0b24-4d2d-a9a9-d8dadc9ff4e3/tags HTTP/1.1" status: 200 len: 210 time: 0.0459228
2026-04-28 08:51:47.236 10 INFO neutron.db.ovn_revision_numbers_db [None req-dfd68256-38d4-45af-8b30-4d96eb865fcc - - - - - -] Successfully bumped revision number for resource 0dd67c47-e752-4ce0-8cfb-67b38ce4ac4b (type: networks) to 1
2026-04-28 08:51:47.272 9 INFO neutron.api.wsgi [None req-88c49688-158e-4824-baa2-dc188eb42340 e6de024a574d41998e6cf432465b10eb 9a11ad25d1a0480b87a19927e33fce1f - - default default] 10.0.0.149 "PUT /v2.0/trunks/32db0f15-9c8a-49d8-8476-1fe44950ad1c/tags HTTP/1.1" status: 200 len: 218 time: 0.0376413
2026-04-28 08:51:47.307 9 INFO neutron.api.wsgi [None req-24445d7b-0e01-46aa-83db-a67f9c1638f1 e6de024a574d41998e6cf432465b10eb 9a11ad25d1a0480b87a19927e33fce1f - - default default] 10.0.0.149 "PUT /v2.0/trunks/6e2c51fc-f431-49f8-8e49-13a8ad42ae87/tags HTTP/1.1" status: 200 len: 227 time: 0.0268922
2026-04-28 08:51:47.338 9 INFO neutron.api.wsgi [None req-ac85e7da-f083-49b3-827b-3c0884afb7f0 e6de024a574d41998e6cf432465b10eb 9a11ad25d1a0480b87a19927e33fce1f - - default default] 10.0.0.149 "PUT /v2.0/trunks/121e6496-2954-4a79-a267-9764494089a7/tags HTTP/1.1" status: 200 len: 212 time: 0.0267382
2026-04-28 08:51:47.351 10 INFO neutron.api.wsgi [req-09e5c300-e7d2-48a8-8342-843d9a49471b req-f877a30e-610b-4fa4-8c8d-d5af8577fbb0 30587a6765614ce99c992f7605ee95af 0385b1eafcf1436ab1be06d0d76c6864 - - 1a9a9c801f84437c975186752f7bc6ba 1a9a9c801f84437c975186752f7bc6ba] 199.204.45.129 "GET /v2.0/ports?tenant_id=5367e4dbe31b4006bf1f36a967e38192&device_id=a1a2eae5-42b1-4d61-a338-78c4fe32a8d5 HTTP/1.1" status: 200 len: 1407 time: 0.0437813
2026-04-28 08:51:47.364 9 INFO neutron.api.wsgi [None req-eb4d2c20-f375-461c-8221-97440ed8a32f e6de024a574d41998e6cf432465b10eb 9a11ad25d1a0480b87a19927e33fce1f - - default default] 10.0.0.149 "GET /v2.0/trunks?tags=red HTTP/1.1" status: 200 len: 1447 time: 0.0199614
2026-04-28 08:51:47.379 10 INFO neutron.api.wsgi [req-09e5c300-e7d2-48a8-8342-843d9a49471b req-4d49daba-86c9-43f8-ba07-0dd569740155 30587a6765614ce99c992f7605ee95af 0385b1eafcf1436ab1be06d0d76c6864 - - 1a9a9c801f84437c975186752f7bc6ba 1a9a9c801f84437c975186752f7bc6ba] 199.204.45.129 "GET /v2.0/floatingips?fixed_ip_address=10.100.0.6&port_id=95188862-28b8-43b6-bce4-adf10b9d3378 HTTP/1.1" status: 200 len: 217 time: 0.0218091
2026-04-28 08:51:47.388 9 INFO neutron.api.wsgi [None req-7253590f-d037-48e3-a099-79885dc1af11 e6de024a574d41998e6cf432465b10eb 9a11ad25d1a0480b87a19927e33fce1f - - default default] 10.0.0.149 "GET /v2.0/trunks?tags=red%2Cblue HTTP/1.1" status: 200 len: 1041 time: 0.0200288
2026-04-28 08:51:47.407 9 INFO neutron.api.wsgi [None req-cef39e7f-7d26-4c1d-90b4-9baf56a07b3a e6de024a574d41998e6cf432465b10eb 9a11ad25d1a0480b87a19927e33fce1f - - default default] 10.0.0.149 "GET /v2.0/trunks?tags-any=blue HTTP/1.1" status: 200 len: 1041 time: 0.0148075
2026-04-28 08:51:47.411 10 INFO neutron.api.wsgi [req-09e5c300-e7d2-48a8-8342-843d9a49471b req-da83faa8-b2bd-47b2-8c63-cb0a017d4753 30587a6765614ce99c992f7605ee95af 0385b1eafcf1436ab1be06d0d76c6864 - - 1a9a9c801f84437c975186752f7bc6ba 1a9a9c801f84437c975186752f7bc6ba] 199.204.45.129 "GET /v2.0/subnets?id=828331b6-89ba-4f69-b7a3-a9d11c39e13f HTTP/1.1" status: 200 len: 892 time: 0.0263736
2026-04-28 08:51:47.430 9 INFO neutron.api.wsgi [None req-20926cc7-2cc0-4d37-b1e7-7a6348bb3ed0 e6de024a574d41998e6cf432465b10eb 9a11ad25d1a0480b87a19927e33fce1f - - default default] 10.0.0.149 "GET /v2.0/trunks?tags-any=red%2Cblue HTTP/1.1" status: 200 len: 1447 time: 0.0185523
2026-04-28 08:51:47.442 10 INFO neutron.api.wsgi [req-09e5c300-e7d2-48a8-8342-843d9a49471b req-2bf80767-dfab-4623-915b-f0313ca8e594 30587a6765614ce99c992f7605ee95af 0385b1eafcf1436ab1be06d0d76c6864 - - 1a9a9c801f84437c975186752f7bc6ba 1a9a9c801f84437c975186752f7bc6ba] 199.204.45.129 "GET /v2.0/ports?network_id=9001d43c-a943-4743-9653-8284947a5a6f&device_owner=network%3Adhcp HTTP/1.1" status: 200 len: 210 time: 0.0240314
2026-04-28 08:51:47.457 9 INFO neutron.api.wsgi [None req-1f892462-12a7-4bbb-9a39-e25fb0afeb09 e6de024a574d41998e6cf432465b10eb 9a11ad25d1a0480b87a19927e33fce1f - - default default] 10.0.0.149 "GET /v2.0/trunks?not-tags=red HTTP/1.1" status: 200 len: 1013 time: 0.0212421
2026-04-28 08:51:47.476 10 WARNING neutron.scheduler.dhcp_agent_scheduler [None req-dfd68256-38d4-45af-8b30-4d96eb865fcc - - - - - -] No more DHCP agents
2026-04-28 08:51:47.477 10 WARNING neutron.api.rpc.agentnotifiers.dhcp_rpc_agent_api [None req-dfd68256-38d4-45af-8b30-4d96eb865fcc - - - - - -] Unable to schedule network 0dd67c47-e752-4ce0-8cfb-67b38ce4ac4b: no agents available; will retry on subsequent port and subnet creation events.
2026-04-28 08:51:47.481 9 INFO neutron.api.wsgi [None req-a805c5e1-d155-43a2-b4bc-306114afbaed e6de024a574d41998e6cf432465b10eb 9a11ad25d1a0480b87a19927e33fce1f - - default default] 10.0.0.149 "GET /v2.0/trunks?not-tags=red%2Cblue HTTP/1.1" status: 200 len: 1419 time: 0.0178006
2026-04-28 08:51:47.496 10 INFO neutron.api.wsgi [req-09e5c300-e7d2-48a8-8342-843d9a49471b req-69aae414-52b5-4449-81b4-1508f12c2532 30587a6765614ce99c992f7605ee95af 0385b1eafcf1436ab1be06d0d76c6864 - - 1a9a9c801f84437c975186752f7bc6ba 1a9a9c801f84437c975186752f7bc6ba] 199.204.45.129 "GET /v2.0/networks/9001d43c-a943-4743-9653-8284947a5a6f?fields=segments HTTP/1.1" status: 200 len: 212 time: 0.0484090
2026-04-28 08:51:47.502 9 INFO neutron.api.wsgi [None req-bfc49db9-87d4-403b-8a90-42727df2acf7 e6de024a574d41998e6cf432465b10eb 9a11ad25d1a0480b87a19927e33fce1f - - default default] 10.0.0.149 "GET /v2.0/trunks?not-tags-any=blue HTTP/1.1" status: 200 len: 1419 time: 0.0169806
2026-04-28 08:51:47.525 9 INFO neutron.api.wsgi [None req-94d609c0-6b1a-4766-9b00-cf3bbb4efb62 e6de024a574d41998e6cf432465b10eb 9a11ad25d1a0480b87a19927e33fce1f - - default default] 10.0.0.149 "GET /v2.0/trunks?not-tags-any=red%2Cblue HTTP/1.1" status: 200 len: 1013 time: 0.0170479
2026-04-28 08:51:47.544 9 INFO neutron.api.wsgi [None req-e4be684e-293d-41fe-87da-f5d29def3c9b e6de024a574d41998e6cf432465b10eb 9a11ad25d1a0480b87a19927e33fce1f - - default default] 10.0.0.149 "GET /v2.0/trunks/ddd0bba4-0b24-4d2d-a9a9-d8dadc9ff4e3 HTTP/1.1" status: 200 len: 608 time: 0.0137599
2026-04-28 08:51:47.546 10 INFO neutron.api.wsgi [req-09e5c300-e7d2-48a8-8342-843d9a49471b req-e3c10b51-802e-4767-b81e-0c7f94a12627 30587a6765614ce99c992f7605ee95af 0385b1eafcf1436ab1be06d0d76c6864 - - 1a9a9c801f84437c975186752f7bc6ba 1a9a9c801f84437c975186752f7bc6ba] 199.204.45.129 "GET /v2.0/networks/9001d43c-a943-4743-9653-8284947a5a6f?fields=provider%3Aphysical_network&fields=provider%3Anetwork_type HTTP/1.1" status: 200 len: 277 time: 0.0449800
2026-04-28 08:51:47.548 10 INFO neutron.db.ovn_revision_numbers_db [None req-dfd68256-38d4-45af-8b30-4d96eb865fcc - - - - - -] Successfully bumped revision number for resource c240220f-e05c-4400-9067-e67a64839e76 (type: ports) to 1
2026-04-28 08:51:47.645 9 INFO neutron.api.wsgi [None req-a95a6636-c923-4d85-903b-9ed701f7ae5e e6de024a574d41998e6cf432465b10eb 9a11ad25d1a0480b87a19927e33fce1f - - default default] 10.0.0.149 "GET /v2.0/ports/7a0fafee-f344-4ba0-ab8f-11360220311a HTTP/1.1" status: 200 len: 1020 time: 0.0952682
2026-04-28 08:51:47.678 10 WARNING neutron.scheduler.dhcp_agent_scheduler [None req-dfd68256-38d4-45af-8b30-4d96eb865fcc - - - - - -] No more DHCP agents
2026-04-28 08:51:47.680 10 WARNING neutron.api.rpc.agentnotifiers.dhcp_rpc_agent_api [None req-dfd68256-38d4-45af-8b30-4d96eb865fcc - - - - - -] Unable to schedule network 0dd67c47-e752-4ce0-8cfb-67b38ce4ac4b: no agents available; will retry on subsequent port and subnet creation events.
2026-04-28 08:51:47.715 10 INFO neutron.db.ovn_revision_numbers_db [None req-dfd68256-38d4-45af-8b30-4d96eb865fcc - - - - - -] Successfully bumped revision number for resource f4ec4bad-e545-413c-922d-48242e9f2575 (type: subnets) to 0
2026-04-28 08:51:47.723 9 INFO neutron.api.wsgi [None req-a304c566-b9ad-4d91-8539-ce8cb96f369c e6de024a574d41998e6cf432465b10eb 9a11ad25d1a0480b87a19927e33fce1f - - default default] 10.0.0.149 "DELETE /v2.0/trunks/ddd0bba4-0b24-4d2d-a9a9-d8dadc9ff4e3 HTTP/1.1" status: 204 len: 168 time: 0.0724623
2026-04-28 08:51:47.748 9 INFO neutron.api.wsgi [None req-b86ad95c-a712-4a41-bc49-8debb9004189 e6de024a574d41998e6cf432465b10eb 9a11ad25d1a0480b87a19927e33fce1f - - default default] 10.0.0.149 "GET /v2.0/trunks/32db0f15-9c8a-49d8-8476-1fe44950ad1c HTTP/1.1" status: 200 len: 616 time: 0.0160944
2026-04-28 08:51:47.798 10 INFO neutron.api.wsgi [req-7f8c1aba-51c0-483e-87b8-003945d4cb22 req-53a2f3ae-315b-4924-bbbb-23728ce8e782 e7513023662340439b3cfd782acf39e0 5367e4dbe31b4006bf1f36a967e38192 - - default default] 10.0.0.203 "GET /v2.0/ports?device_id=a1a2eae5-42b1-4d61-a338-78c4fe32a8d5 HTTP/1.1" status: 200 len: 1168 time: 0.1003463
2026-04-28 08:51:47.826 9 INFO neutron.api.wsgi [None req-19cd8431-8cf2-41ca-b34c-de4a12ca5795 e6de024a574d41998e6cf432465b10eb 9a11ad25d1a0480b87a19927e33fce1f - - default default] 10.0.0.149 "GET /v2.0/ports/c032d49c-3a88-4367-a5b4-e8066ab546f6 HTTP/1.1" status: 200 len: 1020 time: 0.0708828
2026-04-28 08:51:47.847 10 INFO neutron.api.wsgi [req-7f8c1aba-51c0-483e-87b8-003945d4cb22 req-cf00fa43-f989-458b-a85a-e7cce58e01f0 e7513023662340439b3cfd782acf39e0 5367e4dbe31b4006bf1f36a967e38192 - - default default] 10.0.0.203 "GET /v2.0/security-groups?id=c7bef42b-2247-47ea-8c13-a4d3dd9bdcc7&fields=id&fields=name HTTP/1.1" status: 200 len: 313 time: 0.0405757
2026-04-28 08:51:47.933 9 INFO neutron.api.wsgi [None req-ba09e92a-7bd7-4c17-975f-3fcfb7484fc9 e6de024a574d41998e6cf432465b10eb 9a11ad25d1a0480b87a19927e33fce1f - - default default] 10.0.0.149 "DELETE /v2.0/trunks/32db0f15-9c8a-49d8-8476-1fe44950ad1c HTTP/1.1" status: 204 len: 168 time: 0.0997193
2026-04-28 08:51:47.953 9 INFO neutron.api.wsgi [None req-a3141769-ce64-4de6-88d8-35eb93b943ea e6de024a574d41998e6cf432465b10eb 9a11ad25d1a0480b87a19927e33fce1f - - default default] 10.0.0.149 "GET /v2.0/trunks/6e2c51fc-f431-49f8-8e49-13a8ad42ae87 HTTP/1.1" status: 200 len: 625 time: 0.0146520
2026-04-28 08:51:48.037 9 INFO neutron.api.wsgi [None req-27ca1f21-2741-478b-bbfb-ba4798d5bf94 e6de024a574d41998e6cf432465b10eb 9a11ad25d1a0480b87a19927e33fce1f - - default default] 10.0.0.149 "GET /v2.0/ports/2257aee3-57e2-41c3-8267-2a61c3ccaac6 HTTP/1.1" status: 200 len: 1020 time: 0.0771883
2026-04-28 08:51:48.176 9 INFO neutron.api.wsgi [None req-1ab72b41-4167-4c87-98ce-f385c2108536 e6de024a574d41998e6cf432465b10eb 9a11ad25d1a0480b87a19927e33fce1f - - default default] 10.0.0.149 "DELETE /v2.0/trunks/6e2c51fc-f431-49f8-8e49-13a8ad42ae87 HTTP/1.1" status: 204 len: 168 time: 0.1328490
2026-04-28 08:51:48.200 9 INFO neutron.api.wsgi [None req-c3eb1d9f-935a-4ba8-8868-082ffcb3ffee e6de024a574d41998e6cf432465b10eb 9a11ad25d1a0480b87a19927e33fce1f - - default default] 10.0.0.149 "GET /v2.0/trunks/121e6496-2954-4a79-a267-9764494089a7 HTTP/1.1" status: 200 len: 610 time: 0.0185623
2026-04-28 08:51:48.233 10 WARNING neutron.scheduler.dhcp_agent_scheduler [None req-dfd68256-38d4-45af-8b30-4d96eb865fcc - - - - - -] No more DHCP agents
2026-04-28 08:51:48.235 10 WARNING neutron.api.rpc.agentnotifiers.dhcp_rpc_agent_api [None req-dfd68256-38d4-45af-8b30-4d96eb865fcc - - - - - -] Unable to schedule network 0dd67c47-e752-4ce0-8cfb-67b38ce4ac4b: no agents available; will retry on subsequent port and subnet creation events.
2026-04-28 08:51:48.313 9 INFO neutron.api.wsgi [None req-23156d5c-b4de-4eea-85cd-b616ddb051fe e6de024a574d41998e6cf432465b10eb 9a11ad25d1a0480b87a19927e33fce1f - - default default] 10.0.0.149 "GET /v2.0/ports/007a2b79-f7ba-4015-9055-36a7028b04dc HTTP/1.1" status: 200 len: 1020 time: 0.1077192
2026-04-28 08:51:48.424 10 INFO neutron.db.ovn_revision_numbers_db [None req-dfd68256-38d4-45af-8b30-4d96eb865fcc - - - - - -] Successfully bumped revision number for resource e37f6634-72a9-4504-adc3-661ac0a700ea (type: ports) to 1
2026-04-28 08:51:48.434 10 INFO neutron.api.wsgi [None req-c31cf73d-16f4-470e-b876-c523156acf1f e6de024a574d41998e6cf432465b10eb 9a11ad25d1a0480b87a19927e33fce1f - - default default] 10.0.0.149 "DELETE /v2.0/trunks/121e6496-2954-4a79-a267-9764494089a7 HTTP/1.1" status: 204 len: 168 time: 0.1082485
2026-04-28 08:51:48.459 9 INFO neutron.api.wsgi [None req-92129aff-bd41-4b87-9d80-9522d9304900 e6de024a574d41998e6cf432465b10eb 9a11ad25d1a0480b87a19927e33fce1f - - default default] 10.0.0.149 "GET /v2.0/trunks/7e98b707-0d56-4cb7-8cec-33685a3f3532 HTTP/1.1" status: 200 len: 603 time: 0.0158956
2026-04-28 08:51:48.541 9 INFO neutron.api.wsgi [None req-5a2fe0e1-20b0-4666-9f68-950dca0a5b18 e6de024a574d41998e6cf432465b10eb 9a11ad25d1a0480b87a19927e33fce1f - - default default] 10.0.0.149 "GET /v2.0/ports/3fbc6a80-484a-4490-b667-c59531a60358 HTTP/1.1" status: 200 len: 1020 time: 0.0752909
2026-04-28 08:51:48.663 9 INFO neutron.api.wsgi [None req-0ef06522-07b2-446d-bdf1-a5e28e0a22be e6de024a574d41998e6cf432465b10eb 9a11ad25d1a0480b87a19927e33fce1f - - default default] 10.0.0.149 "DELETE /v2.0/trunks/7e98b707-0d56-4cb7-8cec-33685a3f3532 HTTP/1.1" status: 204 len: 168 time: 0.1184850
2026-04-28 08:51:48.928 9 INFO neutron.api.wsgi [None req-a6e557fc-3a5a-486d-9b77-6a5eeb425d9e e6de024a574d41998e6cf432465b10eb 9a11ad25d1a0480b87a19927e33fce1f - - default default] 10.0.0.149 "DELETE /v2.0/ports/7a0fafee-f344-4ba0-ab8f-11360220311a HTTP/1.1" status: 204 len: 168 time: 0.2602634
2026-04-28 08:51:48.965 9 INFO neutron.api.wsgi [req-ab6bee25-1c43-4a3f-b4f9-a41a4fc5c1c7 req-2700e8b4-b5e3-4f9a-b28f-ae9906d5014c e7513023662340439b3cfd782acf39e0 5367e4dbe31b4006bf1f36a967e38192 - - default default] 10.0.0.203 "GET /v2.0/ports?device_id=a1a2eae5-42b1-4d61-a338-78c4fe32a8d5 HTTP/1.1" status: 200 len: 1168 time: 0.0420990
2026-04-28 08:51:49.029 9 INFO neutron.api.wsgi [req-ab6bee25-1c43-4a3f-b4f9-a41a4fc5c1c7 req-59c76548-bdbd-45c3-a32f-fb7816dd6a88 e7513023662340439b3cfd782acf39e0 5367e4dbe31b4006bf1f36a967e38192 - - default default] 10.0.0.203 "GET /v2.0/security-groups?id=c7bef42b-2247-47ea-8c13-a4d3dd9bdcc7&fields=id&fields=name HTTP/1.1" status: 200 len: 313 time: 0.0558610
2026-04-28 08:51:49.147 10 INFO neutron.db.ovn_revision_numbers_db [None req-dfd68256-38d4-45af-8b30-4d96eb865fcc - - - - - -] Successfully bumped revision number for resource e37f6634-72a9-4504-adc3-661ac0a700ea (type: ports) to 1
2026-04-28 08:51:49.225 10 WARNING neutron.scheduler.dhcp_agent_scheduler [None req-dfd68256-38d4-45af-8b30-4d96eb865fcc - - - - - -] No more DHCP agents
2026-04-28 08:51:49.226 10 WARNING neutron.api.rpc.agentnotifiers.dhcp_rpc_agent_api [None req-dfd68256-38d4-45af-8b30-4d96eb865fcc - - - - - -] Unable to schedule network 0dd67c47-e752-4ce0-8cfb-67b38ce4ac4b: no agents available; will retry on subsequent port and subnet creation events.
2026-04-28 08:51:49.277 10 INFO neutron.api.wsgi [None req-f3295826-2853-4531-a3f7-a3f29d5316c9 e6de024a574d41998e6cf432465b10eb 9a11ad25d1a0480b87a19927e33fce1f - - default default] 10.0.0.149 "DELETE /v2.0/ports/c032d49c-3a88-4367-a5b4-e8066ab546f6 HTTP/1.1" status: 204 len: 168 time: 0.3430262
2026-04-28 08:51:49.594 10 INFO neutron.api.wsgi [None req-72d8de34-ae20-4bbd-94e3-0daa89d41cb4 e6de024a574d41998e6cf432465b10eb 9a11ad25d1a0480b87a19927e33fce1f - - default default] 10.0.0.149 "DELETE /v2.0/ports/2257aee3-57e2-41c3-8267-2a61c3ccaac6 HTTP/1.1" status: 204 len: 168 time: 0.3121636
2026-04-28 08:51:49.753 10 INFO neutron.plugins.ml2.drivers.ovn.mech_driver.mech_driver [None req-1b74bbd7-ad49-449e-80c8-735c0e3f9d53 - - - - - -] OVN reports status up for port: 95188862-28b8-43b6-bce4-adf10b9d3378
2026-04-28 08:51:49.773 10 INFO neutron.plugins.ml2.plugin [None req-1b74bbd7-ad49-449e-80c8-735c0e3f9d53 - - - - - -] Attempt 1 to provision port 95188862-28b8-43b6-bce4-adf10b9d3378
2026-04-28 08:51:49.945 10 INFO neutron.notifiers.nova [-] Nova event matching ['req-c502c2e5-b569-47a7-a225-f40f7c7232cc'] response: {'server_uuid': 'a1a2eae5-42b1-4d61-a338-78c4fe32a8d5', 'name': 'network-vif-plugged', 'status': 'completed', 'tag': '95188862-28b8-43b6-bce4-adf10b9d3378', 'code': 200}
2026-04-28 08:51:49.953 9 INFO neutron.api.wsgi [None req-783e6fbd-2b0c-4dc8-b1e2-acd38c6da337 e6de024a574d41998e6cf432465b10eb 9a11ad25d1a0480b87a19927e33fce1f - - default default] 10.0.0.149 "DELETE /v2.0/ports/007a2b79-f7ba-4015-9055-36a7028b04dc HTTP/1.1" status: 204 len: 168 time: 0.3518069
2026-04-28 08:51:50.110 10 INFO neutron.db.ovn_revision_numbers_db [None req-1b74bbd7-ad49-449e-80c8-735c0e3f9d53 - - - - - -] Successfully bumped revision number for resource 95188862-28b8-43b6-bce4-adf10b9d3378 (type: ports) to 5
2026-04-28 08:51:50.184 9 INFO neutron.api.wsgi [req-ebd14ebe-3c4c-479a-b211-063285dd38d1 req-89a47b44-6569-4f91-88f7-d0e5cd925f51 e7513023662340439b3cfd782acf39e0 5367e4dbe31b4006bf1f36a967e38192 - - default default] 10.0.0.203 "GET /v2.0/ports?device_id=a1a2eae5-42b1-4d61-a338-78c4fe32a8d5 HTTP/1.1" status: 200 len: 1170 time: 0.0726423
2026-04-28 08:51:50.229 9 INFO neutron.api.wsgi [req-ebd14ebe-3c4c-479a-b211-063285dd38d1 req-587a6d63-f4e2-467d-ae40-843eb69a574b e7513023662340439b3cfd782acf39e0 5367e4dbe31b4006bf1f36a967e38192 - - default default] 10.0.0.203 "GET /v2.0/security-groups?id=c7bef42b-2247-47ea-8c13-a4d3dd9bdcc7&fields=id&fields=name HTTP/1.1" status: 200 len: 313 time: 0.0372562
2026-04-28 08:51:50.265 10 INFO neutron.db.ovn_revision_numbers_db [None req-dfd68256-38d4-45af-8b30-4d96eb865fcc - - - - - -] Successfully bumped revision number for resource e37f6634-72a9-4504-adc3-661ac0a700ea (type: router_ports) to 1
2026-04-28 08:51:50.497 10 WARNING neutron.scheduler.dhcp_agent_scheduler [None req-dfd68256-38d4-45af-8b30-4d96eb865fcc - - - - - -] No more DHCP agents
2026-04-28 08:51:50.498 10 WARNING neutron.api.rpc.agentnotifiers.dhcp_rpc_agent_api [None req-dfd68256-38d4-45af-8b30-4d96eb865fcc - - - - - -] Unable to schedule network 0dd67c47-e752-4ce0-8cfb-67b38ce4ac4b: no agents available; will retry on subsequent port and subnet creation events. /var/lib/openstack/lib/python3.12/site-packages/pycadf/identifier.py:71: UserWarning: Invalid uuid: neutron. To ensure interoperability, identifiers should be a valid uuid. warnings.warn(('Invalid uuid: %s. To ensure interoperability, '
2026-04-28 08:51:50.617 10 INFO neutron.api.wsgi [req-e549f540-b6a4-48b7-872d-917490ac6043 req-462e0af9-1f3e-4f04-b570-dc9a0ca2aeec 30587a6765614ce99c992f7605ee95af 0385b1eafcf1436ab1be06d0d76c6864 - - 1a9a9c801f84437c975186752f7bc6ba 1a9a9c801f84437c975186752f7bc6ba] 10.0.0.214 "GET /v2.0/ports?device_id=7dbcd4b3-25f4-435f-be62-4191399101a0 HTTP/1.1" status: 200 len: 1409 time: 0.1353872
2026-04-28 08:51:50.683 10 INFO neutron.api.wsgi [req-e549f540-b6a4-48b7-872d-917490ac6043 req-035381eb-a0ea-44a6-94f9-5dbfe6616f6f 30587a6765614ce99c992f7605ee95af 0385b1eafcf1436ab1be06d0d76c6864 - - 1a9a9c801f84437c975186752f7bc6ba 1a9a9c801f84437c975186752f7bc6ba] 10.0.0.214 "GET /v2.0/security-groups?id=c032154c-00bb-4402-b22a-c7c37752a87d&fields=id&fields=name HTTP/1.1" status: 200 len: 313 time: 0.0595739
2026-04-28 08:51:50.699 10 INFO neutron.db.ovn_revision_numbers_db [None req-dfd68256-38d4-45af-8b30-4d96eb865fcc - - - - - -] Successfully bumped revision number for resource 3c2955cb-f68e-48c4-a5bc-e8aa2a39d100 (type: ports) to 1
2026-04-28 08:51:50.986 10 INFO neutron.db.ovn_revision_numbers_db [None req-dfd68256-38d4-45af-8b30-4d96eb865fcc - - - - - -] Successfully bumped revision number for resource 3c2955cb-f68e-48c4-a5bc-e8aa2a39d100 (type: ports) to 3
2026-04-28 08:51:51.341 9 INFO neutron.api.wsgi [req-3178ccb3-6663-492a-8ea0-68a9e450e744 req-21f1771d-5a43-4777-a04c-c26bf0ed4fb5 e7513023662340439b3cfd782acf39e0 5367e4dbe31b4006bf1f36a967e38192 - - default default] 10.0.0.203 "GET /v2.0/ports?device_id=a1a2eae5-42b1-4d61-a338-78c4fe32a8d5 HTTP/1.1" status: 200 len: 1170 time: 0.0376480
2026-04-28 08:51:51.387 9 INFO neutron.api.wsgi [req-3178ccb3-6663-492a-8ea0-68a9e450e744 req-f73f7070-aaff-4fdd-a4c1-98c68e92d0ae e7513023662340439b3cfd782acf39e0 5367e4dbe31b4006bf1f36a967e38192 - - default default] 10.0.0.203 "GET /v2.0/security-groups?id=c7bef42b-2247-47ea-8c13-a4d3dd9bdcc7&fields=id&fields=name HTTP/1.1" status: 200 len: 313 time: 0.0388803
2026-04-28 08:51:51.565 10 INFO neutron.api.wsgi [None req-b39e27fb-fe51-4c3d-ab3f-1928ac9d41ec 6c405a7cb13647048bf09186535a50d6 15c15dbac7964bc28956b010a84c943b - - default default] 10.0.0.149 "POST /v2.0/vpn/vpnservices HTTP/1.1" status: 201 len: 657 time: 5.9381144
2026-04-28 08:51:51.583 9 INFO neutron.api.wsgi [None req-d48e6b73-6275-48ef-8c31-aa2b30bef2f8 345cb0a8eb1648568292f23d2098f5f7 eb2da881f36d4f0da8cf06b38d28ee9a - - default default] 10.0.0.149 "GET /v2.0/vpn/vpnservices HTTP/1.1" status: 200 len: 1508 time: 0.0117745
2026-04-28 08:51:51.672 9 WARNING neutron.plugins.ml2.drivers.ovn.mech_driver.ovsdb.ovn_client [None req-c19a330f-ddda-4f1c-afe9-5f9d95f7112d - - - - - -] No hosting information found for port b8526461-65c1-4822-be12-9999ece3c2ba: RuntimeError: No hosting information found for port b8526461-65c1-4822-be12-9999ece3c2ba
2026-04-28 08:51:51.765 9 INFO neutron.db.ovn_revision_numbers_db [None req-c19a330f-ddda-4f1c-afe9-5f9d95f7112d - - - - - -] Successfully bumped revision number for resource bce94aaa-75d9-4117-8029-bc69d068593a (type: router_ports) to 2
2026-04-28 08:51:51.897 9 INFO neutron.db.ovn_revision_numbers_db [None req-c19a330f-ddda-4f1c-afe9-5f9d95f7112d - - - - - -] Successfully bumped revision number for resource b8526461-65c1-4822-be12-9999ece3c2ba (type: router_ports) to 2
2026-04-28 08:51:51.936 9 INFO neutron.plugins.ml2.drivers.ovn.mech_driver.mech_driver [None req-c19a330f-ddda-4f1c-afe9-5f9d95f7112d - - - - - -] OVN reports status up for port: c06a6dfa-98fa-428b-982b-c825da97b0bb
2026-04-28 08:51:51.941 9 INFO neutron.plugins.ml2.plugin [None req-c19a330f-ddda-4f1c-afe9-5f9d95f7112d - - - - - -] Attempt 1 to provision port c06a6dfa-98fa-428b-982b-c825da97b0bb
2026-04-28 08:51:51.992 10 INFO neutron.notifiers.nova [-] Nova event matching ['req-aa29e166-a0cb-4fd9-9e4d-4af5d9a4608d'] response: {'server_uuid': 'a1a2eae5-42b1-4d61-a338-78c4fe32a8d5', 'name': 'network-vif-plugged', 'status': 'completed', 'tag': '95188862-28b8-43b6-bce4-adf10b9d3378', 'code': 200}
2026-04-28 08:51:52.258 9 INFO neutron.api.wsgi [None req-a2b49274-8024-4213-b3b9-74018369c535 e6de024a574d41998e6cf432465b10eb 9a11ad25d1a0480b87a19927e33fce1f - - default default] 10.0.0.149 "DELETE /v2.0/ports/3fbc6a80-484a-4490-b667-c59531a60358 HTTP/1.1" status: 204 len: 168 time: 0.2980876
2026-04-28 08:51:52.493 9 INFO neutron.api.wsgi [req-a7139b17-b5dc-4466-a148-4e2cfe6dac9e req-c4c0526a-5ec0-4d17-bc4c-e1c99f8fef90 e7513023662340439b3cfd782acf39e0 5367e4dbe31b4006bf1f36a967e38192 - - default default] 10.0.0.203 "GET /v2.0/ports?device_id=a1a2eae5-42b1-4d61-a338-78c4fe32a8d5 HTTP/1.1" status: 200 len: 1170 time: 0.0368736
2026-04-28 08:51:52.561 9 INFO neutron.api.wsgi [req-a7139b17-b5dc-4466-a148-4e2cfe6dac9e req-5e465e74-0d16-42f9-997d-5c8d0af0921a e7513023662340439b3cfd782acf39e0 5367e4dbe31b4006bf1f36a967e38192 - - default default] 10.0.0.203 "GET /v2.0/security-groups?id=c7bef42b-2247-47ea-8c13-a4d3dd9bdcc7&fields=id&fields=name HTTP/1.1" status: 200 len: 313 time: 0.0615706
2026-04-28 08:51:52.666 10 INFO neutron.api.wsgi [req-b6d7e6a5-2d1a-463d-93bc-a6084ee0ffd6 req-701c6056-5069-417c-8252-ccde1bb7a510 e7513023662340439b3cfd782acf39e0 5367e4dbe31b4006bf1f36a967e38192 - - default default] 10.0.0.203 "GET /v2.0/ports?device_id=a1a2eae5-42b1-4d61-a338-78c4fe32a8d5 HTTP/1.1" status: 200 len: 1170 time: 0.0457327
2026-04-28 08:51:52.688 9 INFO neutron.services.segments.plugin [-] Segment aa2a5fa5-5fe6-4860-ac43-44e2a738045e resource provider aggregate not found
2026-04-28 08:51:52.697 9 INFO neutron.services.segments.plugin [-] Segment aa2a5fa5-5fe6-4860-ac43-44e2a738045e resource provider aggregate not found
2026-04-28 08:51:52.712 9 INFO neutron.services.segments.plugin [-] Segment aa2a5fa5-5fe6-4860-ac43-44e2a738045e resource provider not found; error: Placement Client Error (4xx): {"errors": [{"status": 404, "title": "Not Found", "detail": "The resource could not be found.\n\n No resource provider with uuid aa2a5fa5-5fe6-4860-ac43-44e2a738045e found for delete ", "request_id": "req-fca9a4ca-73ec-43dc-a738-7aecba0efedb"}]}
2026-04-28 08:51:52.714 9 INFO neutron.services.segments.plugin [-] Segment aa2a5fa5-5fe6-4860-ac43-44e2a738045e resource provider not found; error: Placement Client Error (4xx): {"errors": [{"status": 404, "title": "Not Found", "detail": "The resource could not be found.\n\n No resource provider with uuid aa2a5fa5-5fe6-4860-ac43-44e2a738045e found for delete ", "request_id": "req-04bab9c2-9462-44e4-aab3-9dd1cf5b2024"}]}
2026-04-28 08:51:52.772 9 INFO neutron.api.wsgi [None req-d1a844b9-3f2e-4d6b-a410-587cffaefcef e6de024a574d41998e6cf432465b10eb 9a11ad25d1a0480b87a19927e33fce1f - - default default] 10.0.0.149 "DELETE /v2.0/networks/f55c5042-1f58-4203-8310-f9935dd8da53 HTTP/1.1" status: 204 len: 168 time: 0.5066857
2026-04-28 08:51:53.139 10 INFO neutron.services.segments.plugin [-] Segment 9909dc3a-4cb8-4051-bcbb-ef95648e6c48 resource provider aggregate not found
2026-04-28 08:51:53.145 10 INFO neutron.services.segments.plugin [-] Segment 9909dc3a-4cb8-4051-bcbb-ef95648e6c48 resource provider aggregate not found
2026-04-28 08:51:53.158 10 INFO neutron.services.segments.plugin [-] Segment 9909dc3a-4cb8-4051-bcbb-ef95648e6c48 resource provider not found; error: Placement Client Error (4xx): {"errors": [{"status": 404, "title": "Not Found", "detail": "The resource could not be found.\n\n No resource provider with uuid 9909dc3a-4cb8-4051-bcbb-ef95648e6c48 found for delete ", "request_id": "req-66998051-bef0-4a37-b795-a53f5f7c7e01"}]}
2026-04-28 08:51:53.163 10 INFO neutron.services.segments.plugin [-] Segment 9909dc3a-4cb8-4051-bcbb-ef95648e6c48 resource provider not found; error: Placement Client Error (4xx): {"errors": [{"status": 404, "title": "Not Found", "detail": "The resource could not be found.\n\n No resource provider with uuid 9909dc3a-4cb8-4051-bcbb-ef95648e6c48 found for delete ", "request_id": "req-231cf7e1-2720-4afc-bde0-6bffb301a8e8"}]}
2026-04-28 08:51:53.192 10 INFO neutron.api.wsgi [None req-15105c3b-4eb3-46e1-922a-41d50d308388 e6de024a574d41998e6cf432465b10eb 9a11ad25d1a0480b87a19927e33fce1f - - default default] 10.0.0.149 "DELETE /v2.0/networks/15241718-9660-459d-8394-59e04debc81c HTTP/1.1" status: 204 len: 168 time: 0.4143665
2026-04-28 08:51:53.225 9 INFO neutron.db.ovn_revision_numbers_db [None req-64480251-1e0d-42d1-946c-2f4eb458a210 e7513023662340439b3cfd782acf39e0 5367e4dbe31b4006bf1f36a967e38192 - - default default] Successfully bumped revision number for resource 4428a466-694a-4069-8128-855dafd76486 (type: floatingips) to 1
2026-04-28 08:51:53.366 9 INFO neutron.db.ovn_revision_numbers_db [None req-64480251-1e0d-42d1-946c-2f4eb458a210 e7513023662340439b3cfd782acf39e0 5367e4dbe31b4006bf1f36a967e38192 - - default default] Successfully bumped revision number for resource 4428a466-694a-4069-8128-855dafd76486 (type: floatingips) to 2
2026-04-28 08:51:53.366 9 INFO neutron.db.l3_db [None req-64480251-1e0d-42d1-946c-2f4eb458a210 e7513023662340439b3cfd782acf39e0 5367e4dbe31b4006bf1f36a967e38192 - - default default] Floating IP 4428a466-694a-4069-8128-855dafd76486 associated. External IP: 10.96.250.203, port: 95188862-28b8-43b6-bce4-adf10b9d3378.
2026-04-28 08:51:53.393 9 INFO neutron.api.wsgi [None req-64480251-1e0d-42d1-946c-2f4eb458a210 e7513023662340439b3cfd782acf39e0 5367e4dbe31b4006bf1f36a967e38192 - - default default] 10.0.0.149 "PUT /v2.0/floatingips/4428a466-694a-4069-8128-855dafd76486 HTTP/1.1" status: 200 len: 1049 time: 0.7145257
2026-04-28 08:51:53.432 9 INFO neutron.notifiers.nova [-] Nova event matching ['req-ad789649-7860-4544-955b-19cc2e7bb557'] response: {'name': 'network-changed', 'server_uuid': 'a1a2eae5-42b1-4d61-a338-78c4fe32a8d5', 'tag': '95188862-28b8-43b6-bce4-adf10b9d3378', 'status': 'completed', 'code': 200}
2026-04-28 08:51:53.648 9 INFO neutron.api.wsgi [None req-47844a7f-8137-4b35-97c0-d8c9174b43f6 e6de024a574d41998e6cf432465b10eb 9a11ad25d1a0480b87a19927e33fce1f - - default default] 10.0.0.149 "DELETE /v2.0/networks/83812ac0-9206-49ab-ac18-38332955a45b HTTP/1.1" status: 204 len: 168 time: 0.4498944 /var/lib/openstack/lib/python3.12/site-packages/pycadf/identifier.py:71: UserWarning: Invalid uuid: neutron. To ensure interoperability, identifiers should be a valid uuid. warnings.warn(('Invalid uuid: %s. To ensure interoperability, '
2026-04-28 08:51:53.999 9 INFO neutron.api.wsgi [None req-2bf9baf6-2d19-42a5-a460-0c0ea54c3ea9 f454406e102047f3a8d30d817cbc6cd0 aff8aa23f9c54429a3e9c9f2f28a1b22 - - default default] 10.0.0.149 "GET /v2.0/ports?project_id=dddd99d3d6e44e55a523019086319356&network_id=6b5c048f-76ab-41f8-bd7a-ff5e76328137 HTTP/1.1" status: 200 len: 3510 time: 0.0916107
2026-04-28 08:51:54.016 10 INFO neutron.api.wsgi [req-96765f85-75f8-448d-a2cf-f844314eee69 req-0c85a1fe-7a81-4066-91f3-5e4006f1e0b3 30587a6765614ce99c992f7605ee95af 0385b1eafcf1436ab1be06d0d76c6864 - - 1a9a9c801f84437c975186752f7bc6ba 1a9a9c801f84437c975186752f7bc6ba] 199.204.45.129 "GET /v2.0/ports?tenant_id=5367e4dbe31b4006bf1f36a967e38192&device_id=a1a2eae5-42b1-4d61-a338-78c4fe32a8d5 HTTP/1.1" status: 200 len: 1409 time: 0.0746114
2026-04-28 08:51:54.090 10 INFO neutron.api.wsgi [req-96765f85-75f8-448d-a2cf-f844314eee69 req-35e92a78-fb1d-4efa-b90a-834f84687e27 30587a6765614ce99c992f7605ee95af 0385b1eafcf1436ab1be06d0d76c6864 - - 1a9a9c801f84437c975186752f7bc6ba 1a9a9c801f84437c975186752f7bc6ba] 199.204.45.129 "GET /v2.0/networks?id=9001d43c-a943-4743-9653-8284947a5a6f HTTP/1.1" status: 200 len: 973 time: 0.0663772
2026-04-28 08:51:54.148 10 INFO neutron.api.wsgi [req-96765f85-75f8-448d-a2cf-f844314eee69 req-6095db7c-ac79-4744-8ec4-5f55224a5dfb 30587a6765614ce99c992f7605ee95af 0385b1eafcf1436ab1be06d0d76c6864 - - 1a9a9c801f84437c975186752f7bc6ba 1a9a9c801f84437c975186752f7bc6ba] 199.204.45.129 "GET /v2.0/floatingips?fixed_ip_address=10.100.0.6&port_id=95188862-28b8-43b6-bce4-adf10b9d3378 HTTP/1.1" status: 200 len: 1059 time: 0.0513568
2026-04-28 08:51:54.179 10 INFO neutron.api.wsgi [req-96765f85-75f8-448d-a2cf-f844314eee69 req-cb1197c1-6724-410f-bb66-83c707af5fbf 30587a6765614ce99c992f7605ee95af 0385b1eafcf1436ab1be06d0d76c6864 - - 1a9a9c801f84437c975186752f7bc6ba 1a9a9c801f84437c975186752f7bc6ba] 199.204.45.129 "GET /v2.0/subnets?id=828331b6-89ba-4f69-b7a3-a9d11c39e13f HTTP/1.1" status: 200 len: 892 time: 0.0254233
2026-04-28 08:51:54.179 9 INFO neutron.api.wsgi [None req-ceaf4b53-b3c1-4eed-b219-bfa99ed11998 e6de024a574d41998e6cf432465b10eb 9a11ad25d1a0480b87a19927e33fce1f - - default default] 10.0.0.149 "DELETE /v2.0/networks/503cb534-33e5-4770-88ed-f29d5b8f3438 HTTP/1.1" status: 204 len: 168 time: 0.5266929
2026-04-28 08:51:54.206 10 INFO neutron.api.wsgi [req-96765f85-75f8-448d-a2cf-f844314eee69 req-79bc1d97-1384-46d2-92ca-88fded531081 30587a6765614ce99c992f7605ee95af 0385b1eafcf1436ab1be06d0d76c6864 - - 1a9a9c801f84437c975186752f7bc6ba 1a9a9c801f84437c975186752f7bc6ba] 199.204.45.129 "GET /v2.0/ports?network_id=9001d43c-a943-4743-9653-8284947a5a6f&device_owner=network%3Adhcp HTTP/1.1" status: 200 len: 210 time: 0.0220311
2026-04-28 08:51:54.279 10 INFO neutron.api.wsgi [req-96765f85-75f8-448d-a2cf-f844314eee69 req-9593029b-c623-48de-a00f-e9322b3efee1 30587a6765614ce99c992f7605ee95af 0385b1eafcf1436ab1be06d0d76c6864 - - 1a9a9c801f84437c975186752f7bc6ba 1a9a9c801f84437c975186752f7bc6ba] 199.204.45.129 "GET /v2.0/networks/9001d43c-a943-4743-9653-8284947a5a6f?fields=segments HTTP/1.1" status: 200 len: 212 time: 0.0650508
2026-04-28 08:51:54.283 10 INFO neutron.api.wsgi [None req-cd8825d4-51f6-4166-a6e7-997f93fbda92 f454406e102047f3a8d30d817cbc6cd0 aff8aa23f9c54429a3e9c9f2f28a1b22 - - default default] 10.0.0.149 "GET /v2.0/subnets?network_id=8301fb6d-9aec-4d84-b74f-b2012bc8b9c2 HTTP/1.1" status: 200 len: 861 time: 0.0320520
2026-04-28 08:51:54.354 10 INFO neutron.api.wsgi [req-96765f85-75f8-448d-a2cf-f844314eee69 req-1d7b6702-f1b3-4c5a-9d2a-21c0cea0edea 30587a6765614ce99c992f7605ee95af 0385b1eafcf1436ab1be06d0d76c6864 - - 1a9a9c801f84437c975186752f7bc6ba 1a9a9c801f84437c975186752f7bc6ba] 199.204.45.129 "GET /v2.0/networks/9001d43c-a943-4743-9653-8284947a5a6f?fields=provider%3Aphysical_network&fields=provider%3Anetwork_type HTTP/1.1" status: 200 len: 277 time: 0.0643628
2026-04-28 08:51:54.521 10 INFO neutron.api.wsgi [None req-21da76e5-1812-4b27-8764-335d2f226cf0 6c405a7cb13647048bf09186535a50d6 15c15dbac7964bc28956b010a84c943b - - default default] 10.0.0.149 "DELETE /v2.0/vpn/vpnservices/b1c76754-92a5-4cd1-85c3-f47ab797655e HTTP/1.1" status: 204 len: 168 time: 2.9334917
2026-04-28 08:51:54.532 10 WARNING neutron_lib.context [None req-299e2c37-ea6b-44e0-a197-69c1297a49c7 345cb0a8eb1648568292f23d2098f5f7 eb2da881f36d4f0da8cf06b38d28ee9a - - default default] Method 'is_advsvc' is deprecated since 2023.2 release (neutron-lib 3.8.0) and will be removed once support for the old RBAC API policies will be removed from Neutron. Please use method 'is_service_role' instead.
2026-04-28 08:51:54.634 10 INFO neutron.api.wsgi [None req-299e2c37-ea6b-44e0-a197-69c1297a49c7 345cb0a8eb1648568292f23d2098f5f7 eb2da881f36d4f0da8cf06b38d28ee9a - - default default] 10.0.0.149 "POST /v2.0/vpn/endpoint-groups HTTP/1.1" status: 201 len: 501 time: 0.1067204
2026-04-28 08:51:54.641 9 INFO neutron.api.wsgi [None req-bd9ce42e-7561-40ed-96d3-5a45f3822d82 e6de024a574d41998e6cf432465b10eb 9a11ad25d1a0480b87a19927e33fce1f - - default default] 10.0.0.149 "DELETE /v2.0/networks/46088b89-f9e1-4b38-ab51-ad54dbd1490d HTTP/1.1" status: 204 len: 168 time: 0.4559493 /var/lib/openstack/lib/python3.12/site-packages/pycadf/identifier.py:71: UserWarning: Invalid uuid: neutron. To ensure interoperability, identifiers should be a valid uuid. warnings.warn(('Invalid uuid: %s. To ensure interoperability, '
2026-04-28 08:51:54.648 10 WARNING neutron_lib.context [None req-90e3511f-3463-4621-930e-ad7a1740edf3 345cb0a8eb1648568292f23d2098f5f7 eb2da881f36d4f0da8cf06b38d28ee9a - - default default] Method 'is_advsvc' is deprecated since 2023.2 release (neutron-lib 3.8.0) and will be removed once support for the old RBAC API policies will be removed from Neutron. Please use method 'is_service_role' instead.
2026-04-28 08:51:54.661 10 INFO neutron.db.ovn_revision_numbers_db [None req-7813cb79-7dcf-4422-be9c-f5e76dd97acb a8e4f7450ecc4e518b6854d60aa800a7 dddd99d3d6e44e55a523019086319356 - - default default] Successfully bumped revision number for resource 6ae77e48-053e-4971-956d-b72656dc3a7c (type: floatingips) to 2
2026-04-28 08:51:54.713 10 INFO neutron.api.wsgi [None req-90e3511f-3463-4621-930e-ad7a1740edf3 345cb0a8eb1648568292f23d2098f5f7 eb2da881f36d4f0da8cf06b38d28ee9a - - default default] 10.0.0.149 "POST /v2.0/vpn/endpoint-groups HTTP/1.1" status: 201 len: 493 time: 0.0728049
2026-04-28 08:51:54.724 10 WARNING neutron.api.v2.base [None req-6ae96974-58ed-47f5-a7bb-8a0df9f37ece 345cb0a8eb1648568292f23d2098f5f7 eb2da881f36d4f0da8cf06b38d28ee9a - - default default] An exception happened while processing the request body. The exception message is [Unrecognized attribute(s) 'peer_cidr'].: webob.exc.HTTPBadRequest: Unrecognized attribute(s) 'peer_cidr'
2026-04-28 08:51:54.725 10 INFO neutron.api.v2.resource [None req-6ae96974-58ed-47f5-a7bb-8a0df9f37ece 345cb0a8eb1648568292f23d2098f5f7 eb2da881f36d4f0da8cf06b38d28ee9a - - default default] create failed (client error): Unrecognized attribute(s) 'peer_cidr'
2026-04-28 08:51:54.726 10 INFO neutron.api.wsgi [None req-6ae96974-58ed-47f5-a7bb-8a0df9f37ece 345cb0a8eb1648568292f23d2098f5f7 eb2da881f36d4f0da8cf06b38d28ee9a - - default default] 10.0.0.149 "POST /v2.0/vpn/ipsec-site-connections HTTP/1.1" status: 400 len: 313 time: 0.0071845
2026-04-28 08:51:54.728 9 INFO neutron.services.segments.plugin [-] Segment bb9fbdc8-77bd-407e-841f-58f6ca9c5a02 resource provider aggregate not found
2026-04-28 08:51:54.739 10 INFO neutron.db.l3_db [None req-7813cb79-7dcf-4422-be9c-f5e76dd97acb a8e4f7450ecc4e518b6854d60aa800a7 dddd99d3d6e44e55a523019086319356 - - default default] Floating IP 6ae77e48-053e-4971-956d-b72656dc3a7c disassociated. External IP: 10.96.250.220, port: fc7c5edf-4834-46b0-869b-48e6e8922a67.
2026-04-28 08:51:54.744 9 INFO neutron.services.segments.plugin [-] Segment bb9fbdc8-77bd-407e-841f-58f6ca9c5a02 resource provider aggregate not found
2026-04-28 08:51:54.750 9 INFO neutron.services.segments.plugin [-] Segment bb9fbdc8-77bd-407e-841f-58f6ca9c5a02 resource provider not found; error: Placement Client Error (4xx): {"errors": [{"status": 404, "title": "Not Found", "detail": "The resource could not be found.\n\n No resource provider with uuid bb9fbdc8-77bd-407e-841f-58f6ca9c5a02 found for delete ", "request_id": "req-0213ffd9-5b9c-40fe-b12f-62c2de8ac8f2"}]}
2026-04-28 08:51:54.767 9 INFO neutron.api.wsgi [None req-1da72889-a0af-4d45-b91a-02490ebf337b 345cb0a8eb1648568292f23d2098f5f7 eb2da881f36d4f0da8cf06b38d28ee9a - - default default] 10.0.0.149 "GET /v2.0/vpn/endpoint-groups HTTP/1.1" status: 200 len: 1388 time: 0.0302145
2026-04-28 08:51:54.768 9 INFO neutron.services.segments.plugin [-] Segment 704d2a85-b86c-4704-83f6-9ec6b4184b57 resource provider aggregate not found
2026-04-28 08:51:54.772 10 INFO neutron.api.wsgi [None req-7813cb79-7dcf-4422-be9c-f5e76dd97acb a8e4f7450ecc4e518b6854d60aa800a7 dddd99d3d6e44e55a523019086319356 - - default default] 10.0.0.149 "PUT /v2.0/floatingips/6ae77e48-053e-4971-956d-b72656dc3a7c HTTP/1.1" status: 200 len: 748 time: 0.3439500
2026-04-28 08:51:54.773 9 INFO neutron.services.segments.plugin [-] Segment bb9fbdc8-77bd-407e-841f-58f6ca9c5a02 resource provider not found; error: Placement Client Error (4xx): {"errors": [{"status": 404, "title": "Not Found", "detail": "The resource could not be found.\n\n No resource provider with uuid bb9fbdc8-77bd-407e-841f-58f6ca9c5a02 found for delete ", "request_id": "req-87f6bb70-cac0-411e-9885-2616ea205ec2"}]}
2026-04-28 08:51:54.788 9 INFO neutron.services.segments.plugin [-] Segment 704d2a85-b86c-4704-83f6-9ec6b4184b57 resource provider not found; error: Placement Client Error (4xx): {"errors": [{"status": 404, "title": "Not Found", "detail": "The resource could not be found.\n\n No resource provider with uuid 704d2a85-b86c-4704-83f6-9ec6b4184b57 found for delete ", "request_id": "req-8d25f52a-0a23-4163-b912-0ed8dfd7ad56"}]}
2026-04-28 08:51:54.792 9 INFO neutron.services.segments.plugin [-] Segment 704d2a85-b86c-4704-83f6-9ec6b4184b57 resource provider aggregate not found
2026-04-28 08:51:54.807 10 INFO neutron.notifiers.nova [-] Nova event matching ['req-3459805d-ecc9-44df-a3af-e9c87dbfd4d1'] response: {'name': 'network-changed', 'server_uuid': '7dbcd4b3-25f4-435f-be62-4191399101a0', 'tag': 'fc7c5edf-4834-46b0-869b-48e6e8922a67', 'status': 'completed', 'code': 200}
2026-04-28 08:51:54.824 9 INFO neutron.services.segments.plugin [-] Segment 474fb09b-f1ff-4e5d-bca9-8a87f5d851a8 resource provider aggregate not found
2026-04-28 08:51:54.828 9 INFO neutron.services.segments.plugin [-] Segment 704d2a85-b86c-4704-83f6-9ec6b4184b57 resource provider not found; error: Placement Client Error (4xx): {"errors": [{"status": 404, "title": "Not Found", "detail": "The resource could not be found.\n\n No resource provider with uuid 704d2a85-b86c-4704-83f6-9ec6b4184b57 found for delete ", "request_id": "req-64eaab35-c75c-4b69-8e5a-9b3d23142f57"}]}
2026-04-28 08:51:54.840 9 INFO neutron.services.segments.plugin [-] Segment 474fb09b-f1ff-4e5d-bca9-8a87f5d851a8 resource provider not found; error: Placement Client Error (4xx): {"errors": [{"status": 404, "title": "Not Found", "detail": "The resource could not be found.\n\n No resource provider with uuid 474fb09b-f1ff-4e5d-bca9-8a87f5d851a8 found for delete ", "request_id": "req-505ebfab-3138-48d2-849d-4a2d0f95796d"}]}
2026-04-28 08:51:54.844 9 INFO neutron.api.wsgi [None req-44eab182-3e49-4bd5-b1ab-34d87db671c6 a8e4f7450ecc4e518b6854d60aa800a7 dddd99d3d6e44e55a523019086319356 - - default default] 10.0.0.149 "GET /v2.0/floatingips/6ae77e48-053e-4971-956d-b72656dc3a7c HTTP/1.1" status: 200 len: 746 time: 0.0659931
2026-04-28 08:51:54.858 9 INFO neutron.services.segments.plugin [-] Segment 474fb09b-f1ff-4e5d-bca9-8a87f5d851a8 resource provider aggregate not found
2026-04-28 08:51:54.870 9 INFO neutron.api.wsgi [None req-c0466d21-d8bc-4a99-b7a5-71392b713a7b 345cb0a8eb1648568292f23d2098f5f7 eb2da881f36d4f0da8cf06b38d28ee9a - - default default] 10.0.0.149 "DELETE /v2.0/vpn/endpoint-groups/1dcaa4bc-14b3-4830-a8da-717154aca06f HTTP/1.1" status: 204 len: 168 time: 0.0930560
2026-04-28 08:51:54.889 9 INFO neutron.services.segments.plugin [-] Segment 474fb09b-f1ff-4e5d-bca9-8a87f5d851a8 resource provider not found; error: Placement Client Error (4xx): {"errors": [{"status": 404, "title": "Not Found", "detail": "The resource could not be found.\n\n No resource provider with uuid 474fb09b-f1ff-4e5d-bca9-8a87f5d851a8 found for delete ", "request_id": "req-60884ee5-8d50-4d8b-823b-40f7c679f814"}]}
2026-04-28 08:51:54.892 10 INFO neutron.api.wsgi [None req-353b2a1c-3402-4747-a74f-19ca4b08a92c 345cb0a8eb1648568292f23d2098f5f7 eb2da881f36d4f0da8cf06b38d28ee9a - - default default] 10.0.0.149 "GET /v2.0/vpn/endpoint-groups HTTP/1.1" status: 200 len: 1111 time: 0.0157650
2026-04-28 08:51:54.919 10 INFO neutron.api.wsgi [None req-c2dab4b9-ea99-4a8d-b4d7-4669bb1320fc 345cb0a8eb1648568292f23d2098f5f7 eb2da881f36d4f0da8cf06b38d28ee9a - - default default] 10.0.0.149 "GET /v2.0/vpn/endpoint-groups HTTP/1.1" status: 200 len: 1111 time: 0.0217164
2026-04-28 08:51:54.960 10 INFO neutron.api.wsgi [None req-e9da094f-264b-48d0-b9d9-d9e7f7238abc 345cb0a8eb1648568292f23d2098f5f7 eb2da881f36d4f0da8cf06b38d28ee9a - - default default] 10.0.0.149 "DELETE /v2.0/vpn/endpoint-groups/913d30d1-77a7-43db-85d5-2b1c595936cc HTTP/1.1" status: 204 len: 168 time: 0.0330951
2026-04-28 08:51:54.984 10 INFO neutron.api.wsgi [None req-404465e7-21b7-4b2d-965d-1b1d2b75421a 345cb0a8eb1648568292f23d2098f5f7 eb2da881f36d4f0da8cf06b38d28ee9a - - default default] 10.0.0.149 "GET /v2.0/vpn/endpoint-groups HTTP/1.1" status: 200 len: 827 time: 0.0195177
2026-04-28 08:51:54.996 10 WARNING neutron_lib.context [None req-00b1d028-e80e-4e79-9348-42110fae44c6 345cb0a8eb1648568292f23d2098f5f7 eb2da881f36d4f0da8cf06b38d28ee9a - - default default] Method 'is_advsvc' is deprecated since 2023.2 release (neutron-lib 3.8.0) and will be removed once support for the old RBAC API policies will be removed from Neutron. Please use method 'is_service_role' instead.
2026-04-28 08:51:55.098 10 INFO neutron.api.wsgi [None req-00b1d028-e80e-4e79-9348-42110fae44c6 345cb0a8eb1648568292f23d2098f5f7 eb2da881f36d4f0da8cf06b38d28ee9a - - default default] 10.0.0.149 "POST /v2.0/vpn/endpoint-groups HTTP/1.1" status: 201 len: 501 time: 0.1071522
2026-04-28 08:51:55.107 10 WARNING neutron_lib.context [None req-ae6fbbfc-728a-495e-9989-946a414c56d9 345cb0a8eb1648568292f23d2098f5f7 eb2da881f36d4f0da8cf06b38d28ee9a - - default default] Method 'is_advsvc' is deprecated since 2023.2 release (neutron-lib 3.8.0) and will be removed once support for the old RBAC API policies will be removed from Neutron. Please use method 'is_service_role' instead.
2026-04-28 08:51:55.155 10 INFO neutron.api.wsgi [None req-ae6fbbfc-728a-495e-9989-946a414c56d9 345cb0a8eb1648568292f23d2098f5f7 eb2da881f36d4f0da8cf06b38d28ee9a - - default default] 10.0.0.149 "POST /v2.0/vpn/endpoint-groups HTTP/1.1" status: 201 len: 493 time: 0.0516140
2026-04-28 08:51:55.173 10 WARNING neutron_lib.context [None req-cf270cec-da70-4aa2-ae9f-3466d49930ef 345cb0a8eb1648568292f23d2098f5f7 eb2da881f36d4f0da8cf06b38d28ee9a - - default default] Method 'is_advsvc' is deprecated since 2023.2 release (neutron-lib 3.8.0) and will be removed once support for the old RBAC API policies will be removed from Neutron. Please use method 'is_service_role' instead.
2026-04-28 08:51:55.183 10 INFO neutron.services.segments.plugin [-] Segment b0146b57-2234-4377-b89e-8e45aa3a3764 resource provider aggregate not found
2026-04-28 08:51:55.188 10 INFO neutron.services.segments.plugin [-] Segment b0146b57-2234-4377-b89e-8e45aa3a3764 resource provider aggregate not found
2026-04-28 08:51:55.202 10 INFO neutron.services.segments.plugin [-] Segment b0146b57-2234-4377-b89e-8e45aa3a3764 resource provider not found; error: Placement Client Error (4xx): {"errors": [{"status": 404, "title": "Not Found", "detail": "The resource could not be found.\n\n No resource provider with uuid b0146b57-2234-4377-b89e-8e45aa3a3764 found for delete ", "request_id": "req-59835e8e-c948-4501-abc9-2b925568655a"}]}
2026-04-28 08:51:55.208 10 INFO neutron.services.segments.plugin [-] Segment b0146b57-2234-4377-b89e-8e45aa3a3764 resource provider not found; error: Placement Client Error (4xx): {"errors": [{"status": 404, "title": "Not Found", "detail": "The resource could not be found.\n\n No resource provider with uuid b0146b57-2234-4377-b89e-8e45aa3a3764 found for delete ", "request_id": "req-b37891e2-51a9-49b6-b19e-cd0550bc41ae"}]}
2026-04-28 08:51:55.300 10 INFO neutron.api.v2.resource [None req-cf270cec-da70-4aa2-ae9f-3466d49930ef 345cb0a8eb1648568292f23d2098f5f7 eb2da881f36d4f0da8cf06b38d28ee9a - - default default] create failed (client error): The server could not comply with the request since it is either malformed or otherwise incorrect.
2026-04-28 08:51:55.302 10 INFO neutron.api.wsgi [None req-cf270cec-da70-4aa2-ae9f-3466d49930ef 345cb0a8eb1648568292f23d2098f5f7 eb2da881f36d4f0da8cf06b38d28ee9a - - default default] 10.0.0.149 "POST /v2.0/vpn/ipsec-site-connections HTTP/1.1" status: 400 len: 373 time: 0.1384606
2026-04-28 08:51:55.346 10 INFO neutron.api.wsgi [None req-e7472860-36ff-4e0e-a15b-c860e075bdec 345cb0a8eb1648568292f23d2098f5f7 eb2da881f36d4f0da8cf06b38d28ee9a - - default default] 10.0.0.149 "GET /v2.0/vpn/endpoint-groups HTTP/1.1" status: 200 len: 1388 time: 0.0314291
2026-04-28 08:51:55.371 10 INFO neutron.api.wsgi [req-11988bb2-c31f-445a-b7b6-dafdb5a834a8 req-65a128a4-ebcc-4b54-a22e-7eb15887e768 30587a6765614ce99c992f7605ee95af 0385b1eafcf1436ab1be06d0d76c6864 - - 1a9a9c801f84437c975186752f7bc6ba 1a9a9c801f84437c975186752f7bc6ba] 199.204.45.129 "GET /v2.0/ports?tenant_id=dddd99d3d6e44e55a523019086319356&device_id=7dbcd4b3-25f4-435f-be62-4191399101a0 HTTP/1.1" status: 200 len: 1409 time: 0.0503674
2026-04-28 08:51:55.401 10 INFO neutron.api.wsgi [None req-3439b91c-3294-452e-9fd0-9b97e4a58198 345cb0a8eb1648568292f23d2098f5f7 eb2da881f36d4f0da8cf06b38d28ee9a - - default default] 10.0.0.149 "DELETE /v2.0/vpn/endpoint-groups/1768caec-c718-4e95-b167-a3e2bf1bc0e5 HTTP/1.1" status: 204 len: 168 time: 0.0473516
2026-04-28 08:51:55.420 9 INFO neutron.api.wsgi [None req-ffac5cd1-3199-4af8-b329-5081a9b98920 345cb0a8eb1648568292f23d2098f5f7 eb2da881f36d4f0da8cf06b38d28ee9a - - default default] 10.0.0.149 "GET /v2.0/vpn/endpoint-groups HTTP/1.1" status: 200 len: 1111 time: 0.0131571
2026-04-28 08:51:55.433 9 INFO neutron.api.wsgi [None req-2849b5ee-d3e7-497a-b288-6a25d1965e01 345cb0a8eb1648568292f23d2098f5f7 eb2da881f36d4f0da8cf06b38d28ee9a - - default default] 10.0.0.149 "GET /v2.0/vpn/endpoint-groups HTTP/1.1" status: 200 len: 1111 time: 0.0104570
