2026-04-28 08:49:05.560 10 INFO neutron.db.ovn_revision_numbers_db [None req-81e43921-a2dd-4be4-aa8d-c83270836e7e a2b2aee04d4e4d6a9c7048fdd2f2e66d 5906e0af14af44b78d262d35bdab8cf5 - - default default] Successfully bumped revision number for resource 44cba2af-e1d6-40e5-8ddf-a8e167eb13e5 (type: ports) to 1
2026-04-28 08:49:05.579 10 WARNING neutron_lib.context [req-8169cb8d-4a2d-4e9f-a49b-7ad1778a7cc8 req-9eb9df32-1a5e-4fd5-852e-dbe1dffa81e1 5a535ae13f0a4dd49ae694392293734f 0007e7a2ff3a41dda0fa389ad73b16e4 - - default default] Method 'is_advsvc' is deprecated since 2023.2 release (neutron-lib 3.8.0) and will be removed once support for the old RBAC API policies will be removed from Neutron. Please use method 'is_service_role' instead.
2026-04-28 08:49:05.589 10 INFO neutron.api.wsgi [None req-04bc3a63-71c4-4bab-9ee9-d1fdabf618a8 a2b2aee04d4e4d6a9c7048fdd2f2e66d 5906e0af14af44b78d262d35bdab8cf5 - - default default] 10.0.0.20 "GET /v2.0/network-ip-availabilities HTTP/1.1" status: 200 len: 2740 time: 0.3195541
2026-04-28 08:49:05.631 9 INFO neutron.db.ovn_revision_numbers_db [None req-80a48317-b9e9-4369-aa33-dba9b87ccdc6 06d3d657852e45398f2adf930de3f0e7 73f3455434514dab860e886c6e1d572a - - default default] Successfully bumped revision number for resource 34a1c474-50b5-4d0a-966a-d93261f2db8d (type: security_group_rules) to 0
2026-04-28 08:49:05.664 10 INFO neutron.api.wsgi [None req-75f02726-605a-4371-8a7c-20f9190d260c a2b2aee04d4e4d6a9c7048fdd2f2e66d 5906e0af14af44b78d262d35bdab8cf5 - - default default] 10.0.0.20 "GET /v2.0/subnets HTTP/1.1" status: 200 len: 3540 time: 0.0710437
2026-04-28 08:49:05.672 9 INFO neutron.api.wsgi [None req-80a48317-b9e9-4369-aa33-dba9b87ccdc6 06d3d657852e45398f2adf930de3f0e7 73f3455434514dab860e886c6e1d572a - - default default] 10.0.0.149 "POST /v2.0/security-group-rules HTTP/1.1" status: 201 len: 801 time: 0.2939146
2026-04-28 08:49:05.683 9 WARNING neutron_lib.context [None req-6ad34d47-018e-4697-9445-7c42ed924233 06d3d657852e45398f2adf930de3f0e7 73f3455434514dab860e886c6e1d572a - - default default] Method 'is_advsvc' is deprecated since 2023.2 release (neutron-lib 3.8.0) and will be removed once support for the old RBAC API policies will be removed from Neutron. Please use method 'is_service_role' instead.
2026-04-28 08:49:05.684 10 INFO neutron.api.wsgi [None req-f9aa086b-9a8b-42fb-9cfb-beda9216e8d7 a2b2aee04d4e4d6a9c7048fdd2f2e66d 5906e0af14af44b78d262d35bdab8cf5 - - default default] 10.0.0.20 "GET /v2.0/subnetpools HTTP/1.1" status: 200 len: 193 time: 0.0171301
2026-04-28 08:49:05.750 10 INFO neutron.db.ovn_revision_numbers_db [None req-657610ca-5c60-47c8-ab20-7c0e94e3dfd9 - - - - - -] Successfully bumped revision number for resource ed541a45-6e95-4bda-a53b-642fff17b9f7 (type: ports) to 4
2026-04-28 08:49:05.810 10 INFO neutron.api.wsgi [None req-0559a802-45c2-4548-807d-99e7aae2b194 a2b2aee04d4e4d6a9c7048fdd2f2e66d 5906e0af14af44b78d262d35bdab8cf5 - - default default] 10.0.0.20 "GET /v2.0/networks HTTP/1.1" status: 200 len: 4646 time: 0.1159172
2026-04-28 08:49:05.955 10 INFO neutron.db.ovn_revision_numbers_db [req-8169cb8d-4a2d-4e9f-a49b-7ad1778a7cc8 req-9eb9df32-1a5e-4fd5-852e-dbe1dffa81e1 5a535ae13f0a4dd49ae694392293734f 0007e7a2ff3a41dda0fa389ad73b16e4 - - default default] Successfully bumped revision number for resource f6ab2ca2-bbbd-484b-9bcf-55c22b5e9b1e (type: security_groups) to 1
2026-04-28 08:49:05.980 9 WARNING neutron.scheduler.dhcp_agent_scheduler [None req-6ad34d47-018e-4697-9445-7c42ed924233 06d3d657852e45398f2adf930de3f0e7 73f3455434514dab860e886c6e1d572a - - default default] No more DHCP agents
2026-04-28 08:49:05.981 10 INFO neutron.api.wsgi [None req-c31be420-3d25-473b-90b4-2e4351629d43 a2b2aee04d4e4d6a9c7048fdd2f2e66d 5906e0af14af44b78d262d35bdab8cf5 - - default default] 10.0.0.20 "GET /v2.0/routers HTTP/1.1" status: 200 len: 3097 time: 0.1631782
2026-04-28 08:49:05.987 9 WARNING neutron.api.rpc.agentnotifiers.dhcp_rpc_agent_api [None req-6ad34d47-018e-4697-9445-7c42ed924233 06d3d657852e45398f2adf930de3f0e7 73f3455434514dab860e886c6e1d572a - - default default] Unable to schedule network 8301fb6d-9aec-4d84-b74f-b2012bc8b9c2: no agents available; will retry on subsequent port and subnet creation events.
2026-04-28 08:49:06.010 10 INFO neutron.api.wsgi [None req-1dee6fab-9e70-4a1a-a972-aa1e58f43360 a2b2aee04d4e4d6a9c7048fdd2f2e66d 5906e0af14af44b78d262d35bdab8cf5 - - default default] 10.0.0.20 "GET /v2.0/agents?binary=ovn-controller HTTP/1.1" status: 200 len: 591 time: 0.0255563
2026-04-28 08:49:06.013 10 INFO neutron.db.ovn_revision_numbers_db [req-8169cb8d-4a2d-4e9f-a49b-7ad1778a7cc8 req-9eb9df32-1a5e-4fd5-852e-dbe1dffa81e1 5a535ae13f0a4dd49ae694392293734f 0007e7a2ff3a41dda0fa389ad73b16e4 - - default default] Successfully bumped revision number for resource 6832f3d1-a655-42d3-9843-f71de2e2d327 (type: security_group_rules) to 0
2026-04-28 08:49:06.030 10 INFO neutron.api.wsgi [None req-79f0ea59-aaa5-4efa-bb93-44fbcb765ecc a2b2aee04d4e4d6a9c7048fdd2f2e66d 5906e0af14af44b78d262d35bdab8cf5 - - default default] 10.0.0.20 "GET /v2.0/agents HTTP/1.1" status: 200 len: 1390 time: 0.0172474
2026-04-28 08:49:06.052 10 INFO neutron.db.ovn_revision_numbers_db [req-8169cb8d-4a2d-4e9f-a49b-7ad1778a7cc8 req-9eb9df32-1a5e-4fd5-852e-dbe1dffa81e1 5a535ae13f0a4dd49ae694392293734f 0007e7a2ff3a41dda0fa389ad73b16e4 - - default default] Successfully bumped revision number for resource 9891f720-1413-46e6-8435-de2ea1a29bac (type: security_group_rules) to 0
2026-04-28 08:49:06.103 10 INFO neutron.api.wsgi [None req-ce4a629b-493c-4b07-b9e4-f4b729f22649 a2b2aee04d4e4d6a9c7048fdd2f2e66d 5906e0af14af44b78d262d35bdab8cf5 - - default default] 10.0.0.20 "GET /v2.0/security-groups HTTP/1.1" status: 200 len: 30804 time: 0.0700746
2026-04-28 08:49:06.135 10 INFO neutron.api.wsgi [req-8169cb8d-4a2d-4e9f-a49b-7ad1778a7cc8 req-9eb9df32-1a5e-4fd5-852e-dbe1dffa81e1 5a535ae13f0a4dd49ae694392293734f 0007e7a2ff3a41dda0fa389ad73b16e4 - - default default] 10.0.0.203 "POST /v2.0/security-groups HTTP/1.1" status: 201 len: 1886 time: 0.7244523
2026-04-28 08:49:06.167 10 INFO neutron.api.wsgi [None req-5dad97e2-a153-4375-8f88-aa116dfd30c1 a2b2aee04d4e4d6a9c7048fdd2f2e66d 5906e0af14af44b78d262d35bdab8cf5 - - default default] 10.0.0.20 "GET /v2.0/subnets HTTP/1.1" status: 200 len: 3540 time: 0.0529428
2026-04-28 08:49:06.247 10 INFO neutron.api.wsgi [None req-e54d1e17-9830-4e97-80e1-6b301b95f3d6 a2b2aee04d4e4d6a9c7048fdd2f2e66d 5906e0af14af44b78d262d35bdab8cf5 - - default default] 10.0.0.20 "GET /v2.0/ports HTTP/1.1" status: 200 len: 15988 time: 0.0774152
2026-04-28 08:49:06.295 9 INFO neutron.api.wsgi [None req-6ad34d47-018e-4697-9445-7c42ed924233 06d3d657852e45398f2adf930de3f0e7 73f3455434514dab860e886c6e1d572a - - default default] 10.0.0.149 "POST /v2.0/floatingips HTTP/1.1" status: 201 len: 751 time: 0.6180387
2026-04-28 08:49:06.307 10 INFO neutron.api.wsgi [None req-ef40b69a-1a16-434f-8607-84c78b15c02b a2b2aee04d4e4d6a9c7048fdd2f2e66d 5906e0af14af44b78d262d35bdab8cf5 - - default default] 10.0.0.20 "GET /v2.0/floatingips HTTP/1.1" status: 200 len: 730 time: 0.0441797
2026-04-28 08:49:06.461 10 INFO neutron.db.ovn_revision_numbers_db [None req-657610ca-5c60-47c8-ab20-7c0e94e3dfd9 - - - - - -] Successfully bumped revision number for resource ed541a45-6e95-4bda-a53b-642fff17b9f7 (type: ports) to 5
2026-04-28 08:49:06.624 10 INFO neutron.db.ovn_revision_numbers_db [None req-81e43921-a2dd-4be4-aa8d-c83270836e7e a2b2aee04d4e4d6a9c7048fdd2f2e66d 5906e0af14af44b78d262d35bdab8cf5 - - default default] Successfully bumped revision number for resource 44cba2af-e1d6-40e5-8ddf-a8e167eb13e5 (type: ports) to 1
2026-04-28 08:49:06.679 10 WARNING neutron.scheduler.dhcp_agent_scheduler [None req-81e43921-a2dd-4be4-aa8d-c83270836e7e a2b2aee04d4e4d6a9c7048fdd2f2e66d 5906e0af14af44b78d262d35bdab8cf5 - - default default] No more DHCP agents
2026-04-28 08:49:06.680 10 WARNING neutron.api.rpc.agentnotifiers.dhcp_rpc_agent_api [None req-81e43921-a2dd-4be4-aa8d-c83270836e7e a2b2aee04d4e4d6a9c7048fdd2f2e66d 5906e0af14af44b78d262d35bdab8cf5 - - default default] Unable to schedule network 02d6896f-2224-41ce-85a4-f1b7c855c1fa: no agents available; will retry on subsequent port and subnet creation events.
2026-04-28 08:49:06.785 9 WARNING neutron_lib.context [req-8ff277b1-20d3-44a4-b209-d755948e4db2 req-d7d7d922-50d6-4b6c-ab94-e3bdddc62d41 5a535ae13f0a4dd49ae694392293734f 0007e7a2ff3a41dda0fa389ad73b16e4 - - default default] Method 'is_advsvc' is deprecated since 2023.2 release (neutron-lib 3.8.0) and will be removed once support for the old RBAC API policies will be removed from Neutron. Please use method 'is_service_role' instead.
2026-04-28 08:49:06.803 10 INFO neutron.api.wsgi [req-8e79c9ca-28d2-4859-bcef-091c8cb7b1db req-68ec02c7-a138-4529-a30a-4096f789f0a2 06d3d657852e45398f2adf930de3f0e7 73f3455434514dab860e886c6e1d572a - - default default] 10.0.0.203 "GET /v2.0/security-groups?name=tempest-securitygroup--1569916991&fields=id&tenant_id=73f3455434514dab860e886c6e1d572a HTTP/1.1" status: 200 len: 267 time: 0.0515804
2026-04-28 08:49:06.874 10 INFO neutron.api.wsgi [req-8e79c9ca-28d2-4859-bcef-091c8cb7b1db req-1b560de3-7898-4e13-bd0d-9adde1af8674 06d3d657852e45398f2adf930de3f0e7 73f3455434514dab860e886c6e1d572a - - default default] 10.0.0.203 "GET /v2.0/networks?id=1dafed95-3177-4264-ba80-2780e6dfd66e HTTP/1.1" status: 200 len: 882 time: 0.0607488
2026-04-28 08:49:06.889 10 INFO neutron.api.wsgi [req-8e79c9ca-28d2-4859-bcef-091c8cb7b1db req-5c98ec67-d593-48c0-8dc2-22c5e59b9cc4 06d3d657852e45398f2adf930de3f0e7 73f3455434514dab860e886c6e1d572a - - default default] 10.0.0.203 "GET /v2.0/quotas/73f3455434514dab860e886c6e1d572a HTTP/1.1" status: 200 len: 491 time: 0.0092533
2026-04-28 08:49:06.909 9 INFO neutron.db.ovn_revision_numbers_db [req-8ff277b1-20d3-44a4-b209-d755948e4db2 req-d7d7d922-50d6-4b6c-ab94-e3bdddc62d41 5a535ae13f0a4dd49ae694392293734f 0007e7a2ff3a41dda0fa389ad73b16e4 - - default default] Successfully bumped revision number for resource d2324a53-7d95-468a-8bd2-73af88e55cd6 (type: security_groups) to 1
2026-04-28 08:49:06.937 9 INFO neutron.db.ovn_revision_numbers_db [req-8ff277b1-20d3-44a4-b209-d755948e4db2 req-d7d7d922-50d6-4b6c-ab94-e3bdddc62d41 5a535ae13f0a4dd49ae694392293734f 0007e7a2ff3a41dda0fa389ad73b16e4 - - default default] Successfully bumped revision number for resource 086a658e-3e19-45ee-91c6-f89e5913f1d0 (type: security_group_rules) to 0
2026-04-28 08:49:06.951 9 INFO neutron.db.ovn_revision_numbers_db [req-8ff277b1-20d3-44a4-b209-d755948e4db2 req-d7d7d922-50d6-4b6c-ab94-e3bdddc62d41 5a535ae13f0a4dd49ae694392293734f 0007e7a2ff3a41dda0fa389ad73b16e4 - - default default] Successfully bumped revision number for resource fc0310ec-c191-4438-87bd-5b5722db67b4 (type: security_group_rules) to 0
2026-04-28 08:49:06.984 9 INFO neutron.api.wsgi [req-8ff277b1-20d3-44a4-b209-d755948e4db2 req-d7d7d922-50d6-4b6c-ab94-e3bdddc62d41 5a535ae13f0a4dd49ae694392293734f 0007e7a2ff3a41dda0fa389ad73b16e4 - - default default] 10.0.0.203 "POST /v2.0/security-groups HTTP/1.1" status: 201 len: 1886 time: 0.4271731
2026-04-28 08:49:07.015 9 WARNING neutron_lib.context [req-e99f4bb3-140c-47a7-87cf-a2c679c49b62 req-fcfec627-81de-44ff-a652-ea5a3dbaf028 5a535ae13f0a4dd49ae694392293734f 0007e7a2ff3a41dda0fa389ad73b16e4 - - default default] Method 'is_advsvc' is deprecated since 2023.2 release (neutron-lib 3.8.0) and will be removed once support for the old RBAC API policies will be removed from Neutron. Please use method 'is_service_role' instead.
2026-04-28 08:49:07.108 9 INFO neutron.db.ovn_revision_numbers_db [req-e99f4bb3-140c-47a7-87cf-a2c679c49b62 req-fcfec627-81de-44ff-a652-ea5a3dbaf028 5a535ae13f0a4dd49ae694392293734f 0007e7a2ff3a41dda0fa389ad73b16e4 - - default default] Successfully bumped revision number for resource ce7954ef-fc79-41e6-95ab-c54e8a13c385 (type: security_groups) to 1
2026-04-28 08:49:07.121 9 INFO neutron.db.ovn_revision_numbers_db [req-e99f4bb3-140c-47a7-87cf-a2c679c49b62 req-fcfec627-81de-44ff-a652-ea5a3dbaf028 5a535ae13f0a4dd49ae694392293734f 0007e7a2ff3a41dda0fa389ad73b16e4 - - default default] Successfully bumped revision number for resource 2469b493-9522-4bf7-b873-b89937f3442d (type: security_group_rules) to 0
2026-04-28 08:49:07.128 10 INFO neutron.api.wsgi [req-8e79c9ca-28d2-4859-bcef-091c8cb7b1db req-5a50f762-7319-4892-882d-697b36ed8991 06d3d657852e45398f2adf930de3f0e7 73f3455434514dab860e886c6e1d572a - - default default] 10.0.0.203 "GET /v2.0/ports?tenant_id=73f3455434514dab860e886c6e1d572a&fields=id HTTP/1.1" status: 200 len: 302 time: 0.2339883
2026-04-28 08:49:07.131 9 INFO neutron.db.ovn_revision_numbers_db [req-e99f4bb3-140c-47a7-87cf-a2c679c49b62 req-fcfec627-81de-44ff-a652-ea5a3dbaf028 5a535ae13f0a4dd49ae694392293734f 0007e7a2ff3a41dda0fa389ad73b16e4 - - default default] Successfully bumped revision number for resource c91d8ef4-912d-4dbd-b1ab-b8d90b64985d (type: security_group_rules) to 0
2026-04-28 08:49:07.177 9 INFO neutron.api.wsgi [req-e99f4bb3-140c-47a7-87cf-a2c679c49b62 req-fcfec627-81de-44ff-a652-ea5a3dbaf028 5a535ae13f0a4dd49ae694392293734f 0007e7a2ff3a41dda0fa389ad73b16e4 - - default default] 10.0.0.203 "POST /v2.0/security-groups HTTP/1.1" status: 201 len: 1886 time: 0.1664195
2026-04-28 08:49:07.241 9 INFO neutron.api.wsgi [req-9be11c9f-f6ae-4a7a-9896-6848a2676e13 req-3b7dc706-c921-40f3-8043-7db9b1271509 5a535ae13f0a4dd49ae694392293734f 0007e7a2ff3a41dda0fa389ad73b16e4 - - default default] 10.0.0.203 "GET /v2.0/security-groups?tenant_id=0007e7a2ff3a41dda0fa389ad73b16e4 HTTP/1.1" status: 200 len: 8104 time: 0.0404251
2026-04-28 08:49:07.278 9 INFO neutron.api.wsgi [req-9be11c9f-f6ae-4a7a-9896-6848a2676e13 req-be5d03f3-3ec7-4a71-bf56-18dea9301333 5a535ae13f0a4dd49ae694392293734f 0007e7a2ff3a41dda0fa389ad73b16e4 - - default default] 10.0.0.203 "GET /v2.0/security-groups/7bcadbc2-ea01-4380-9703-fe6a901e7183 HTTP/1.1" status: 200 len: 3118 time: 0.0258288
2026-04-28 08:49:07.311 9 INFO neutron.api.wsgi [req-9be11c9f-f6ae-4a7a-9896-6848a2676e13 req-6035d3b6-2ca1-4b8a-bbf8-9c241f8f6099 5a535ae13f0a4dd49ae694392293734f 0007e7a2ff3a41dda0fa389ad73b16e4 - - default default] 10.0.0.203 "GET /v2.0/security-groups/7bcadbc2-ea01-4380-9703-fe6a901e7183 HTTP/1.1" status: 200 len: 3118 time: 0.0257912
2026-04-28 08:49:07.356 9 INFO neutron.api.wsgi [req-e8309f2e-f828-44cf-aa3e-f7762daf42d9 req-3d21dcc6-4325-4868-aa97-541f8ee4b0d0 5a535ae13f0a4dd49ae694392293734f 0007e7a2ff3a41dda0fa389ad73b16e4 - - default default] 10.0.0.203 "GET /v2.0/security-groups/f6ab2ca2-bbbd-484b-9bcf-55c22b5e9b1e HTTP/1.1" status: 200 len: 1881 time: 0.0209811
2026-04-28 08:49:07.466 9 INFO neutron.api.wsgi [req-e8309f2e-f828-44cf-aa3e-f7762daf42d9 req-b63cfda3-b9f2-4f84-8c85-eae7ebd3e355 5a535ae13f0a4dd49ae694392293734f 0007e7a2ff3a41dda0fa389ad73b16e4 - - default default] 10.0.0.203 "DELETE /v2.0/security-groups/f6ab2ca2-bbbd-484b-9bcf-55c22b5e9b1e HTTP/1.1" status: 204 len: 173 time: 0.1026616
2026-04-28 08:49:07.480 10 INFO neutron.db.ovn_revision_numbers_db [None req-25866cdc-ae6d-4bd9-91b2-92a5a3f3bda6 a2b2aee04d4e4d6a9c7048fdd2f2e66d 5906e0af14af44b78d262d35bdab8cf5 - - default default] Successfully bumped revision number for resource 267e71a4-5876-43a7-9dac-445aaa1d3c86 (type: security_groups) to 1
2026-04-28 08:49:07.493 9 INFO neutron.api.v2.resource [req-6c856b6b-4a89-4f27-8443-18d6aff45aae req-d93846f5-ded7-4832-aa23-0d084641df19 5a535ae13f0a4dd49ae694392293734f 0007e7a2ff3a41dda0fa389ad73b16e4 - - default default] show failed (client error): The resource could not be found.
2026-04-28 08:49:07.494 9 INFO neutron.api.wsgi [req-6c856b6b-4a89-4f27-8443-18d6aff45aae req-d93846f5-ded7-4832-aa23-0d084641df19 5a535ae13f0a4dd49ae694392293734f 0007e7a2ff3a41dda0fa389ad73b16e4 - - default default] 10.0.0.203 "GET /v2.0/security-groups/f6ab2ca2-bbbd-484b-9bcf-55c22b5e9b1e HTTP/1.1" status: 404 len: 352 time: 0.0102239
2026-04-28 08:49:07.500 10 INFO neutron.db.ovn_revision_numbers_db [None req-25866cdc-ae6d-4bd9-91b2-92a5a3f3bda6 a2b2aee04d4e4d6a9c7048fdd2f2e66d 5906e0af14af44b78d262d35bdab8cf5 - - default default] Successfully bumped revision number for resource 0e00bdf8-cdbc-4904-a0be-47c879c4799c (type: security_group_rules) to 0
2026-04-28 08:49:07.517 10 INFO neutron.api.wsgi [req-8e79c9ca-28d2-4859-bcef-091c8cb7b1db req-2d5f4dd9-c493-454e-a988-8a51339eec6e 30587a6765614ce99c992f7605ee95af 0385b1eafcf1436ab1be06d0d76c6864 - - 1a9a9c801f84437c975186752f7bc6ba 1a9a9c801f84437c975186752f7bc6ba] 10.0.0.203 "GET /v2.0/extensions HTTP/1.1" status: 200 len: 19298 time: 0.0556755
2026-04-28 08:49:07.530 10 INFO neutron.db.ovn_revision_numbers_db [None req-25866cdc-ae6d-4bd9-91b2-92a5a3f3bda6 a2b2aee04d4e4d6a9c7048fdd2f2e66d 5906e0af14af44b78d262d35bdab8cf5 - - default default] Successfully bumped revision number for resource 805e533a-56ab-431a-b854-2fd87717f1bb (type: security_group_rules) to 0
2026-04-28 08:49:07.533 9 INFO neutron.api.wsgi [req-cac53a40-c75a-41bb-819a-989434e3021e req-ebef5be5-fcd9-4359-9df4-1431da684a99 5a535ae13f0a4dd49ae694392293734f 0007e7a2ff3a41dda0fa389ad73b16e4 - - default default] 10.0.0.203 "GET /v2.0/security-groups/d2324a53-7d95-468a-8bd2-73af88e55cd6 HTTP/1.1" status: 200 len: 1881 time: 0.0226755
2026-04-28 08:49:07.558 10 INFO neutron.db.ovn_revision_numbers_db [None req-25866cdc-ae6d-4bd9-91b2-92a5a3f3bda6 a2b2aee04d4e4d6a9c7048fdd2f2e66d 5906e0af14af44b78d262d35bdab8cf5 - - default default] Successfully bumped revision number for resource bf67321b-614c-4fab-a99a-34dfbe4693aa (type: security_group_rules) to 0
2026-04-28 08:49:07.589 10 INFO neutron.db.ovn_revision_numbers_db [None req-25866cdc-ae6d-4bd9-91b2-92a5a3f3bda6 a2b2aee04d4e4d6a9c7048fdd2f2e66d 5906e0af14af44b78d262d35bdab8cf5 - - default default] Successfully bumped revision number for resource d32342b4-c1b1-40c8-96cd-249a6852e297 (type: security_group_rules) to 0
2026-04-28 08:49:07.631 10 INFO neutron.api.wsgi [None req-25866cdc-ae6d-4bd9-91b2-92a5a3f3bda6 a2b2aee04d4e4d6a9c7048fdd2f2e66d 5906e0af14af44b78d262d35bdab8cf5 - - default default] 10.0.0.149 "GET /v2.0/security-groups?tenant_id=c2da7b75ed264674b2d9a7b20adcddef&name=default HTTP/1.1" status: 200 len: 3120 time: 0.4035592
2026-04-28 08:49:07.655 10 INFO neutron.api.wsgi [req-8e79c9ca-28d2-4859-bcef-091c8cb7b1db req-b000787b-67a3-4de5-b216-0f1326b7b85b 30587a6765614ce99c992f7605ee95af 0385b1eafcf1436ab1be06d0d76c6864 - - 1a9a9c801f84437c975186752f7bc6ba 1a9a9c801f84437c975186752f7bc6ba] 10.0.0.203 "GET /v2.0/networks/1dafed95-3177-4264-ba80-2780e6dfd66e?fields=segments HTTP/1.1" status: 200 len: 212 time: 0.1297777
2026-04-28 08:49:07.673 10 INFO neutron.db.ovn_revision_numbers_db [None req-81e43921-a2dd-4be4-aa8d-c83270836e7e a2b2aee04d4e4d6a9c7048fdd2f2e66d 5906e0af14af44b78d262d35bdab8cf5 - - default default] Successfully bumped revision number for resource 44cba2af-e1d6-40e5-8ddf-a8e167eb13e5 (type: router_ports) to 1
2026-04-28 08:49:07.678 10 INFO neutron.api.wsgi [None req-81e43921-a2dd-4be4-aa8d-c83270836e7e a2b2aee04d4e4d6a9c7048fdd2f2e66d 5906e0af14af44b78d262d35bdab8cf5 - - default default] 10.0.0.149 "PUT /v2.0/routers/2a436986-3c6a-49d3-827c-89ce71d1806b/add_router_interface HTTP/1.1" status: 200 len: 503 time: 3.0907631
2026-04-28 08:49:07.688 9 INFO neutron.api.wsgi [req-cac53a40-c75a-41bb-819a-989434e3021e req-cbf8ed37-db38-48f7-b4d1-889581c8a1d1 5a535ae13f0a4dd49ae694392293734f 0007e7a2ff3a41dda0fa389ad73b16e4 - - default default] 10.0.0.203 "DELETE /v2.0/security-groups/d2324a53-7d95-468a-8bd2-73af88e55cd6 HTTP/1.1" status: 204 len: 173 time: 0.1481285
2026-04-28 08:49:07.715 10 INFO neutron.api.wsgi [req-8e79c9ca-28d2-4859-bcef-091c8cb7b1db req-14132035-43a8-4e25-bcca-5da6bb7629eb 30587a6765614ce99c992f7605ee95af 0385b1eafcf1436ab1be06d0d76c6864 - - 1a9a9c801f84437c975186752f7bc6ba 1a9a9c801f84437c975186752f7bc6ba] 10.0.0.203 "GET /v2.0/networks/1dafed95-3177-4264-ba80-2780e6dfd66e?fields=provider%3Aphysical_network&fields=provider%3Anetwork_type HTTP/1.1" status: 200 len: 277 time: 0.0504689
2026-04-28 08:49:07.721 9 INFO neutron.api.v2.resource [req-2b435b1e-b3cc-435b-be08-d367217f421f req-f5ee104b-f04c-4b93-96ab-f983a77cbcad 5a535ae13f0a4dd49ae694392293734f 0007e7a2ff3a41dda0fa389ad73b16e4 - - default default] show failed (client error): The resource could not be found.
2026-04-28 08:49:07.722 9 INFO neutron.api.wsgi [req-2b435b1e-b3cc-435b-be08-d367217f421f req-f5ee104b-f04c-4b93-96ab-f983a77cbcad 5a535ae13f0a4dd49ae694392293734f 0007e7a2ff3a41dda0fa389ad73b16e4 - - default default] 10.0.0.203 "GET /v2.0/security-groups/d2324a53-7d95-468a-8bd2-73af88e55cd6 HTTP/1.1" status: 404 len: 352 time: 0.0150659
2026-04-28 08:49:07.772 9 INFO neutron.api.wsgi [req-9d10145a-228d-4f26-804c-4d9f532ac695 req-bf88e5b8-2256-42c7-9226-ea853c7cefda 5a535ae13f0a4dd49ae694392293734f 0007e7a2ff3a41dda0fa389ad73b16e4 - - default default] 10.0.0.203 "GET /v2.0/security-groups/ce7954ef-fc79-41e6-95ab-c54e8a13c385 HTTP/1.1" status: 200 len: 1881 time: 0.0246949
2026-04-28 08:49:07.883 9 INFO neutron.api.wsgi [None req-e71cc18d-ef18-41c3-887a-4fbff4c362cb a2b2aee04d4e4d6a9c7048fdd2f2e66d 5906e0af14af44b78d262d35bdab8cf5 - - default default] 10.0.0.149 "DELETE /v2.0/security-groups/267e71a4-5876-43a7-9dac-445aaa1d3c86 HTTP/1.1" status: 204 len: 168 time: 0.2464843
2026-04-28 08:49:07.889 9 INFO neutron.api.wsgi [req-9d10145a-228d-4f26-804c-4d9f532ac695 req-9a103d10-2361-44ef-9101-8732924dc169 5a535ae13f0a4dd49ae694392293734f 0007e7a2ff3a41dda0fa389ad73b16e4 - - default default] 10.0.0.203 "DELETE /v2.0/security-groups/ce7954ef-fc79-41e6-95ab-c54e8a13c385 HTTP/1.1" status: 204 len: 173 time: 0.1130431
2026-04-28 08:49:07.925 9 INFO neutron.api.v2.resource [req-5e0d5c20-5efd-4790-a1e3-ec66b814ef9c req-7ac82f05-5c0b-4ad4-ae7f-ebd86e4dd848 5a535ae13f0a4dd49ae694392293734f 0007e7a2ff3a41dda0fa389ad73b16e4 - - default default] show failed (client error): The resource could not be found.
2026-04-28 08:49:07.926 9 INFO neutron.api.wsgi [req-5e0d5c20-5efd-4790-a1e3-ec66b814ef9c req-7ac82f05-5c0b-4ad4-ae7f-ebd86e4dd848 5a535ae13f0a4dd49ae694392293734f 0007e7a2ff3a41dda0fa389ad73b16e4 - - default default] 10.0.0.203 "GET /v2.0/security-groups/ce7954ef-fc79-41e6-95ab-c54e8a13c385 HTTP/1.1" status: 404 len: 352 time: 0.0173082
2026-04-28 08:49:07.927 10 INFO neutron.api.wsgi [req-b2afd7f6-85ba-4f7c-81fb-d02214365ea1 req-11f68fba-38ca-47d7-b21d-b3c5cb71c1c9 06d3d657852e45398f2adf930de3f0e7 73f3455434514dab860e886c6e1d572a - - default default] 10.0.0.203 "GET /v2.0/ports?device_id=c2cdd1b1-6037-452a-8283-f9455db7425b HTTP/1.1" status: 200 len: 210 time: 0.0392354
2026-04-28 08:49:07.993 9 INFO neutron.api.wsgi [req-43a9d69a-a05d-4fff-84fe-9ccc649e45ad req-0ee9882f-3598-4c6f-b730-98671b6bc9fd 5a535ae13f0a4dd49ae694392293734f 0007e7a2ff3a41dda0fa389ad73b16e4 - - default default] 10.0.0.203 "GET /v2.0/security-groups?tenant_id=0007e7a2ff3a41dda0fa389ad73b16e4 HTTP/1.1" status: 200 len: 3121 time: 0.0389657
2026-04-28 08:49:08.032 9 INFO neutron.api.wsgi [req-43a9d69a-a05d-4fff-84fe-9ccc649e45ad req-8d14cb22-6f45-4a6c-939e-9dd5f2379583 5a535ae13f0a4dd49ae694392293734f 0007e7a2ff3a41dda0fa389ad73b16e4 - - default default] 10.0.0.203 "GET /v2.0/security-groups/7bcadbc2-ea01-4380-9703-fe6a901e7183 HTTP/1.1" status: 200 len: 3118 time: 0.0338068
2026-04-28 08:49:08.067 9 INFO neutron.api.wsgi [req-43a9d69a-a05d-4fff-84fe-9ccc649e45ad req-1603f1c7-3a74-4b5e-98ff-1025324733f1 5a535ae13f0a4dd49ae694392293734f 0007e7a2ff3a41dda0fa389ad73b16e4 - - default default] 10.0.0.203 "GET /v2.0/security-groups/7bcadbc2-ea01-4380-9703-fe6a901e7183 HTTP/1.1" status: 200 len: 3118 time: 0.0286362
2026-04-28 08:49:08.110 9 INFO neutron.api.v2.resource [req-dd334b43-eb74-427a-9e73-6d0b4eecdd61 req-47cafd7e-75f6-4137-9c36-904970aecaa9 5a535ae13f0a4dd49ae694392293734f 0007e7a2ff3a41dda0fa389ad73b16e4 - - default default] show failed (client error): The resource could not be found.
2026-04-28 08:49:08.111 9 INFO neutron.api.wsgi [req-dd334b43-eb74-427a-9e73-6d0b4eecdd61 req-47cafd7e-75f6-4137-9c36-904970aecaa9 5a535ae13f0a4dd49ae694392293734f 0007e7a2ff3a41dda0fa389ad73b16e4 - - default default] 10.0.0.203 "GET /v2.0/security-groups/ce7954ef-fc79-41e6-95ab-c54e8a13c385 HTTP/1.1" status: 404 len: 352 time: 0.0150774
2026-04-28 08:49:08.123 10 INFO neutron.db.ovn_revision_numbers_db [None req-4a3fc6d8-fe13-474b-8098-ae9b9fc220b6 a2b2aee04d4e4d6a9c7048fdd2f2e66d 5906e0af14af44b78d262d35bdab8cf5 - - default default] Successfully bumped revision number for resource f4dc0283-ba13-4716-84b1-b3d2c17f7477 (type: security_groups) to 1
2026-04-28 08:49:08.138 10 INFO neutron.db.ovn_revision_numbers_db [None req-4a3fc6d8-fe13-474b-8098-ae9b9fc220b6 a2b2aee04d4e4d6a9c7048fdd2f2e66d 5906e0af14af44b78d262d35bdab8cf5 - - default default] Successfully bumped revision number for resource 08307578-688c-4b4b-8b27-aae5f3e5de71 (type: security_group_rules) to 0
2026-04-28 08:49:08.144 9 INFO neutron.api.v2.resource [req-78057992-9b8d-4a9a-aa75-3fa70c3b1f5e req-ad1eff24-462c-4e44-9000-2b8156a3adfc 5a535ae13f0a4dd49ae694392293734f 0007e7a2ff3a41dda0fa389ad73b16e4 - - default default] show failed (client error): The resource could not be found.
2026-04-28 08:49:08.146 9 INFO neutron.api.wsgi [req-78057992-9b8d-4a9a-aa75-3fa70c3b1f5e req-ad1eff24-462c-4e44-9000-2b8156a3adfc 5a535ae13f0a4dd49ae694392293734f 0007e7a2ff3a41dda0fa389ad73b16e4 - - default default] 10.0.0.203 "GET /v2.0/security-groups/d2324a53-7d95-468a-8bd2-73af88e55cd6 HTTP/1.1" status: 404 len: 352 time: 0.0144060
2026-04-28 08:49:08.151 10 INFO neutron.db.ovn_revision_numbers_db [None req-4a3fc6d8-fe13-474b-8098-ae9b9fc220b6 a2b2aee04d4e4d6a9c7048fdd2f2e66d 5906e0af14af44b78d262d35bdab8cf5 - - default default] Successfully bumped revision number for resource 2fbf7845-578b-4f88-9284-fd39f6e44240 (type: security_group_rules) to 0
2026-04-28 08:49:08.164 10 INFO neutron.db.ovn_revision_numbers_db [None req-4a3fc6d8-fe13-474b-8098-ae9b9fc220b6 a2b2aee04d4e4d6a9c7048fdd2f2e66d 5906e0af14af44b78d262d35bdab8cf5 - - default default] Successfully bumped revision number for resource a1594734-a0f5-4e60-bcc5-478e01d0112e (type: security_group_rules) to 0
2026-04-28 08:49:08.172 9 INFO neutron.api.v2.resource [req-b60b124b-ddb5-492d-a689-2bc8330d5732 req-7b6cf797-7a01-4dc6-b12e-6ffff9510dee 5a535ae13f0a4dd49ae694392293734f 0007e7a2ff3a41dda0fa389ad73b16e4 - - default default] show failed (client error): The resource could not be found.
2026-04-28 08:49:08.174 9 INFO neutron.api.wsgi [req-b60b124b-ddb5-492d-a689-2bc8330d5732 req-7b6cf797-7a01-4dc6-b12e-6ffff9510dee 5a535ae13f0a4dd49ae694392293734f 0007e7a2ff3a41dda0fa389ad73b16e4 - - default default] 10.0.0.203 "GET /v2.0/security-groups/f6ab2ca2-bbbd-484b-9bcf-55c22b5e9b1e HTTP/1.1" status: 404 len: 352 time: 0.0117040
2026-04-28 08:49:08.179 10 INFO neutron.db.ovn_revision_numbers_db [None req-4a3fc6d8-fe13-474b-8098-ae9b9fc220b6 a2b2aee04d4e4d6a9c7048fdd2f2e66d 5906e0af14af44b78d262d35bdab8cf5 - - default default] Successfully bumped revision number for resource e61de06c-9ad9-4777-a01d-2c71b57f9418 (type: security_group_rules) to 0
2026-04-28 08:49:08.242 10 INFO neutron.api.wsgi [None req-4a3fc6d8-fe13-474b-8098-ae9b9fc220b6 a2b2aee04d4e4d6a9c7048fdd2f2e66d 5906e0af14af44b78d262d35bdab8cf5 - - default default] 10.0.0.149 "GET /v2.0/security-groups?tenant_id=63a22b2276a94a309a7e29c8e3a3b47d&name=default HTTP/1.1" status: 200 len: 3120 time: 0.2380023
2026-04-28 08:49:08.260 10 WARNING neutron_lib.context [req-13452245-675b-4ecc-a43b-a0ad7b99e08f req-5a17d98e-920f-43c4-b4bc-dfc97f91f692 e747348c35dd4a39a83b400ff6d49a11 8b7c9f18aad34b1688e1874c160a1c3c - - default default] Method 'is_advsvc' is deprecated since 2023.2 release (neutron-lib 3.8.0) and will be removed once support for the old RBAC API policies will be removed from Neutron. Please use method 'is_service_role' instead.
2026-04-28 08:49:08.467 9 INFO neutron.api.wsgi [None req-f2ab089b-1775-402b-aef5-93cb0cbe2017 a2b2aee04d4e4d6a9c7048fdd2f2e66d 5906e0af14af44b78d262d35bdab8cf5 - - default default] 10.0.0.149 "DELETE /v2.0/security-groups/f4dc0283-ba13-4716-84b1-b3d2c17f7477 HTTP/1.1" status: 204 len: 168 time: 0.2189012
2026-04-28 08:49:08.498 10 INFO neutron.db.ovn_revision_numbers_db [req-13452245-675b-4ecc-a43b-a0ad7b99e08f req-5a17d98e-920f-43c4-b4bc-dfc97f91f692 e747348c35dd4a39a83b400ff6d49a11 8b7c9f18aad34b1688e1874c160a1c3c - - default default] Successfully bumped revision number for resource 7a236c30-ab2d-41a3-bf8d-e7e318544124 (type: security_groups) to 1
2026-04-28 08:49:08.511 10 WARNING neutron.plugins.ml2.drivers.ovn.mech_driver.ovsdb.ovn_client [None req-2c21d296-6fb8-4a96-82aa-2475ecc90cd4 - - - - - -] No hosting information found for port 9299363b-4083-46d5-a5fa-ba397ef6e3ce: RuntimeError: No hosting information found for port 9299363b-4083-46d5-a5fa-ba397ef6e3ce
2026-04-28 08:49:08.511 10 INFO neutron.plugins.ml2.drivers.ovn.mech_driver.mech_driver [None req-2c21d296-6fb8-4a96-82aa-2475ecc90cd4 - - - - - -] OVN reports status up for port: 26244d64-1a1a-4cea-ad1d-9ea18b62eefd
2026-04-28 08:49:08.524 10 INFO neutron.db.ovn_revision_numbers_db [req-13452245-675b-4ecc-a43b-a0ad7b99e08f req-5a17d98e-920f-43c4-b4bc-dfc97f91f692 e747348c35dd4a39a83b400ff6d49a11 8b7c9f18aad34b1688e1874c160a1c3c - - default default] Successfully bumped revision number for resource c7044642-ad34-4684-b2cf-3cf46a858721 (type: security_group_rules) to 0
2026-04-28 08:49:08.527 10 INFO neutron.plugins.ml2.plugin [None req-2c21d296-6fb8-4a96-82aa-2475ecc90cd4 - - - - - -] Attempt 1 to provision port 26244d64-1a1a-4cea-ad1d-9ea18b62eefd
2026-04-28 08:49:08.552 10 INFO neutron.db.ovn_revision_numbers_db [req-13452245-675b-4ecc-a43b-a0ad7b99e08f req-5a17d98e-920f-43c4-b4bc-dfc97f91f692 e747348c35dd4a39a83b400ff6d49a11 8b7c9f18aad34b1688e1874c160a1c3c - - default default] Successfully bumped revision number for resource cfae6a3e-bb5e-4f50-a4f6-6450abc5fa68 (type: security_group_rules) to 0
2026-04-28 08:49:08.612 10 INFO neutron.api.wsgi [req-13452245-675b-4ecc-a43b-a0ad7b99e08f req-5a17d98e-920f-43c4-b4bc-dfc97f91f692 e747348c35dd4a39a83b400ff6d49a11 8b7c9f18aad34b1688e1874c160a1c3c - - default default] 10.0.0.203 "POST /v2.0/security-groups HTTP/1.1" status: 201 len: 1891 time: 0.3580780
2026-04-28 08:49:08.677 9 INFO neutron.api.wsgi [req-e0eda3f7-7957-4dcd-8172-bb14cc68eab4 req-761cf4d8-4ed1-415c-a000-fb3b5583bd2f e747348c35dd4a39a83b400ff6d49a11 8b7c9f18aad34b1688e1874c160a1c3c - - default default] 10.0.0.203 "GET /v2.0/security-groups/7a236c30-ab2d-41a3-bf8d-e7e318544124 HTTP/1.1" status: 200 len: 1886 time: 0.0384943
2026-04-28 08:49:08.699 9 WARNING neutron_lib.context [req-e0eda3f7-7957-4dcd-8172-bb14cc68eab4 req-0a831f22-c372-4f51-b933-816abdd973b6 e747348c35dd4a39a83b400ff6d49a11 8b7c9f18aad34b1688e1874c160a1c3c - - default default] Method 'is_advsvc' is deprecated since 2023.2 release (neutron-lib 3.8.0) and will be removed once support for the old RBAC API policies will be removed from Neutron. Please use method 'is_service_role' instead.
2026-04-28 08:49:08.848 9 INFO neutron.db.ovn_revision_numbers_db [req-e0eda3f7-7957-4dcd-8172-bb14cc68eab4 req-0a831f22-c372-4f51-b933-816abdd973b6 e747348c35dd4a39a83b400ff6d49a11 8b7c9f18aad34b1688e1874c160a1c3c - - default default] Successfully bumped revision number for resource cf11e2ca-bb4d-4955-a89d-f14e2e9b0394 (type: security_group_rules) to 0
2026-04-28 08:49:08.895 9 INFO neutron.api.wsgi [req-e0eda3f7-7957-4dcd-8172-bb14cc68eab4 req-0a831f22-c372-4f51-b933-816abdd973b6 e747348c35dd4a39a83b400ff6d49a11 8b7c9f18aad34b1688e1874c160a1c3c - - default default] 10.0.0.203 "POST /v2.0/security-group-rules HTTP/1.1" status: 201 len: 818 time: 0.2116282
2026-04-28 08:49:08.937 10 WARNING neutron_lib.context [req-a0626ca7-1415-4473-a320-53fa48f550f3 req-1496a8b3-bba9-4997-a77c-e7a5dcd526ab e747348c35dd4a39a83b400ff6d49a11 8b7c9f18aad34b1688e1874c160a1c3c - - default default] Method 'is_advsvc' is deprecated since 2023.2 release (neutron-lib 3.8.0) and will be removed once support for the old RBAC API policies will be removed from Neutron. Please use method 'is_service_role' instead.
2026-04-28 08:49:09.073 9 INFO neutron.api.wsgi [req-9c9fc51d-61e8-4fda-80b6-58eab27c1dfa req-1a6f921d-cc85-4dbb-942c-5c0a7c5a2346 06d3d657852e45398f2adf930de3f0e7 73f3455434514dab860e886c6e1d572a - - default default] 10.0.0.203 "GET /v2.0/ports?device_id=c2cdd1b1-6037-452a-8283-f9455db7425b HTTP/1.1" status: 200 len: 210 time: 0.0278180
2026-04-28 08:49:09.181 10 ERROR neutron.plugins.ml2.managers [None req-2c21d296-6fb8-4a96-82aa-2475ecc90cd4 - - - - - -] Mechanism driver 'ovn' failed in update_port_postcommit: ovsdbapp.backend.ovs_idl.idlutils.RowNotFound: Cannot find Logical_Switch_Port with name=26244d64-1a1a-4cea-ad1d-9ea18b62eefd
2026-04-28 08:49:09.181 10 ERROR neutron.plugins.ml2.managers
Traceback (most recent call last):
2026-04-28 08:49:09.181 10 ERROR neutron.plugins.ml2.managers
File "/var/lib/openstack/lib/python3.12/site-packages/neutron/plugins/ml2/managers.py", line 481, in _call_on_drivers
2026-04-28 08:49:09.181 10 ERROR neutron.plugins.ml2.managers getattr(driver.obj, method_name)(context)
2026-04-28 08:49:09.181 10 ERROR neutron.plugins.ml2.managers
File "/var/lib/openstack/lib/python3.12/site-packages/neutron/plugins/ml2/drivers/ovn/mech_driver/mech_driver.py", line 987, in update_port_postcommit
2026-04-28 08:49:09.181 10 ERROR neutron.plugins.ml2.managers self._ovn_update_port(context.plugin_context, port, original_port,
2026-04-28 08:49:09.181 10 ERROR neutron.plugins.ml2.managers
File "/var/lib/openstack/lib/python3.12/site-packages/neutron/plugins/ml2/drivers/ovn/mech_driver/mech_driver.py", line 867, in _ovn_update_port
2026-04-28 08:49:09.181 10 ERROR neutron.plugins.ml2.managers self._ovn_client.update_port(plugin_context, port,
2026-04-28 08:49:09.181 10 ERROR neutron.plugins.ml2.managers
File "/var/lib/openstack/lib/python3.12/site-packages/neutron/plugins/ml2/drivers/ovn/mech_driver/ovsdb/ovn_client.py", line 759, in update_port
2026-04-28 08:49:09.181 10 ERROR neutron.plugins.ml2.managers ovn_port = self._nb_idl.lookup('Logical_Switch_Port', port['id'])
2026-04-28 08:49:09.181 10 ERROR neutron.plugins.ml2.managers ^^^^^^^^^^^^^^^^^^^^^^^^^^^^^^^^^^^^^^^^^^^^^^^^^^^^^^
2026-04-28 08:49:09.181 10 ERROR neutron.plugins.ml2.managers
File "/var/lib/openstack/lib/python3.12/site-packages/ovsdbapp/backend/ovs_idl/__init__.py", line 184, in lookup
2026-04-28 08:49:09.181 10 ERROR neutron.plugins.ml2.managers return self._lookup(table, record)
2026-04-28 08:49:09.181 10 ERROR neutron.plugins.ml2.managers ^^^^^^^^^^^^^^^^^^^^^^^^^^^
2026-04-28 08:49:09.181 10 ERROR neutron.plugins.ml2.managers
File "/var/lib/openstack/lib/python3.12/site-packages/ovsdbapp/backend/ovs_idl/__init__.py", line 235, in _lookup
2026-04-28 08:49:09.181 10 ERROR neutron.plugins.ml2.managers row = idlutils.row_by_value(self, rl.table, rl.column, record)
2026-04-28 08:49:09.181 10 ERROR neutron.plugins.ml2.managers ^^^^^^^^^^^^^^^^^^^^^^^^^^^^^^^^^^^^^^^^^^^^^^^^^^^^^^^^
2026-04-28 08:49:09.181 10 ERROR neutron.plugins.ml2.managers
File "/var/lib/openstack/lib/python3.12/site-packages/ovsdbapp/backend/ovs_idl/idlutils.py", line 114, in row_by_value
2026-04-28 08:49:09.181 10 ERROR neutron.plugins.ml2.managers raise RowNotFound(table=table, col=column, match=match)
2026-04-28 08:49:09.181 10 ERROR neutron.plugins.ml2.managers ovsdbapp.backend.ovs_idl.idlutils.RowNotFound: Cannot find Logical_Switch_Port with name=26244d64-1a1a-4cea-ad1d-9ea18b62eefd
2026-04-28 08:49:09.181 10 ERROR neutron.plugins.ml2.managers
2026-04-28 08:49:09.201 10 ERROR ovsdbapp.backend.ovs_idl.command [None req-2c21d296-6fb8-4a96-82aa-2475ecc90cd4 - - - - - -] Error executing command (LspGetUpCommand): ovsdbapp.backend.ovs_idl.idlutils.RowNotFound: Cannot find Logical_Switch_Port with name=26244d64-1a1a-4cea-ad1d-9ea18b62eefd
2026-04-28 08:49:09.201 10 ERROR ovsdbapp.backend.ovs_idl.command
Traceback (most recent call last):
2026-04-28 08:49:09.201 10 ERROR ovsdbapp.backend.ovs_idl.command
File "/var/lib/openstack/lib/python3.12/site-packages/ovsdbapp/backend/ovs_idl/command.py", line 47, in execute
2026-04-28 08:49:09.201 10 ERROR ovsdbapp.backend.ovs_idl.command self.run_idl(None)
2026-04-28 08:49:09.201 10 ERROR ovsdbapp.backend.ovs_idl.command
File "/var/lib/openstack/lib/python3.12/site-packages/ovsdbapp/schema/ovn_northbound/commands.py", line 679, in run_idl
2026-04-28 08:49:09.201 10 ERROR ovsdbapp.backend.ovs_idl.command lsp = self.api.lookup('Logical_Switch_Port', self.port)
2026-04-28 08:49:09.201 10 ERROR ovsdbapp.backend.ovs_idl.command ^^^^^^^^^^^^^^^^^^^^^^^^^^^^^^^^^^^^^^^^^^^^^^^^^
2026-04-28 08:49:09.201 10 ERROR ovsdbapp.backend.ovs_idl.command
File "/var/lib/openstack/lib/python3.12/site-packages/ovsdbapp/backend/ovs_idl/__init__.py", line 184, in lookup
2026-04-28 08:49:09.201 10 ERROR ovsdbapp.backend.ovs_idl.command return self._lookup(table, record)
2026-04-28 08:49:09.201 10 ERROR ovsdbapp.backend.ovs_idl.command ^^^^^^^^^^^^^^^^^^^^^^^^^^^
2026-04-28 08:49:09.201 10 ERROR ovsdbapp.backend.ovs_idl.command
File "/var/lib/openstack/lib/python3.12/site-packages/ovsdbapp/backend/ovs_idl/__init__.py", line 235, in _lookup
2026-04-28 08:49:09.201 10 ERROR ovsdbapp.backend.ovs_idl.command row = idlutils.row_by_value(self, rl.table, rl.column, record)
2026-04-28 08:49:09.201 10 ERROR ovsdbapp.backend.ovs_idl.command ^^^^^^^^^^^^^^^^^^^^^^^^^^^^^^^^^^^^^^^^^^^^^^^^^^^^^^^^
2026-04-28 08:49:09.201 10 ERROR ovsdbapp.backend.ovs_idl.command
File "/var/lib/openstack/lib/python3.12/site-packages/ovsdbapp/backend/ovs_idl/idlutils.py", line 114, in row_by_value
2026-04-28 08:49:09.201 10 ERROR ovsdbapp.backend.ovs_idl.command raise RowNotFound(table=table, col=column, match=match)
2026-04-28 08:49:09.201 10 ERROR ovsdbapp.backend.ovs_idl.command ovsdbapp.backend.ovs_idl.idlutils.RowNotFound: Cannot find Logical_Switch_Port with name=26244d64-1a1a-4cea-ad1d-9ea18b62eefd
2026-04-28 08:49:09.201 10 ERROR ovsdbapp.backend.ovs_idl.command
2026-04-28 08:49:09.202 10 ERROR ovsdbapp.event [None req-2c21d296-6fb8-4a96-82aa-2475ecc90cd4 - - - - - -] Unexpected exception in notify_loop: ovsdbapp.backend.ovs_idl.idlutils.RowNotFound: Cannot find Logical_Switch_Port with name=26244d64-1a1a-4cea-ad1d-9ea18b62eefd
2026-04-28 08:49:09.202 10 ERROR ovsdbapp.event
Traceback (most recent call last):
2026-04-28 08:49:09.202 10 ERROR ovsdbapp.event
File "/var/lib/openstack/lib/python3.12/site-packages/ovsdbapp/event.py", line 177, in notify_loop
2026-04-28 08:49:09.202 10 ERROR ovsdbapp.event match.run(event, row, updates)
2026-04-28 08:49:09.202 10 ERROR ovsdbapp.event
File "/var/lib/openstack/lib/python3.12/site-packages/neutron/plugins/ml2/drivers/ovn/mech_driver/ovsdb/ovsdb_monitor.py", line 511, in run
2026-04-28 08:49:09.202 10 ERROR ovsdbapp.event self.driver.set_port_status_up(row.name)
2026-04-28 08:49:09.202 10 ERROR ovsdbapp.event
File "/var/lib/openstack/lib/python3.12/site-packages/neutron/plugins/ml2/drivers/ovn/mech_driver/mech_driver.py", line 1286, in set_port_status_up
2026-04-28 08:49:09.202 10 ERROR ovsdbapp.event self._ovn_client.update_lsp_host_info(admin_context, db_port)
2026-04-28 08:49:09.202 10 ERROR ovsdbapp.event
File "/var/lib/openstack/lib/python3.12/site-packages/neutron/plugins/ml2/drivers/ovn/mech_driver/ovsdb/ovn_client.py", line 314, in update_lsp_host_info
2026-04-28 08:49:09.202 10 ERROR ovsdbapp.event port_up = self._nb_idl.lsp_get_up(db_port.id).execute(
2026-04-28 08:49:09.202 10 ERROR ovsdbapp.event ^^^^^^^^^^^^^^^^^^^^^^^^^^^^^^^^^^^^^^^^^^^^
2026-04-28 08:49:09.202 10 ERROR ovsdbapp.event
File "/var/lib/openstack/lib/python3.12/site-packages/ovsdbapp/backend/ovs_idl/command.py", line 47, in execute
2026-04-28 08:49:09.202 10 ERROR ovsdbapp.event self.run_idl(None)
2026-04-28 08:49:09.202 10 ERROR ovsdbapp.event
File "/var/lib/openstack/lib/python3.12/site-packages/ovsdbapp/schema/ovn_northbound/commands.py", line 679, in run_idl
2026-04-28 08:49:09.202 10 ERROR ovsdbapp.event lsp = self.api.lookup('Logical_Switch_Port', self.port)
2026-04-28 08:49:09.202 10 ERROR ovsdbapp.event ^^^^^^^^^^^^^^^^^^^^^^^^^^^^^^^^^^^^^^^^^^^^^^^^^
2026-04-28 08:49:09.202 10 ERROR ovsdbapp.event
File "/var/lib/openstack/lib/python3.12/site-packages/ovsdbapp/backend/ovs_idl/__init__.py", line 184, in lookup
2026-04-28 08:49:09.202 10 ERROR ovsdbapp.event return self._lookup(table, record)
2026-04-28 08:49:09.202 10 ERROR ovsdbapp.event ^^^^^^^^^^^^^^^^^^^^^^^^^^^
2026-04-28 08:49:09.202 10 ERROR ovsdbapp.event
File "/var/lib/openstack/lib/python3.12/site-packages/ovsdbapp/backend/ovs_idl/__init__.py", line 235, in _lookup
2026-04-28 08:49:09.202 10 ERROR ovsdbapp.event row = idlutils.row_by_value(self, rl.table, rl.column, record)
2026-04-28 08:49:09.202 10 ERROR ovsdbapp.event ^^^^^^^^^^^^^^^^^^^^^^^^^^^^^^^^^^^^^^^^^^^^^^^^^^^^^^^^
2026-04-28 08:49:09.202 10 ERROR ovsdbapp.event
File "/var/lib/openstack/lib/python3.12/site-packages/ovsdbapp/backend/ovs_idl/idlutils.py", line 114, in row_by_value
2026-04-28 08:49:09.202 10 ERROR ovsdbapp.event raise RowNotFound(table=table, col=column, match=match)
2026-04-28 08:49:09.202 10 ERROR ovsdbapp.event ovsdbapp.backend.ovs_idl.idlutils.RowNotFound: Cannot find Logical_Switch_Port with name=26244d64-1a1a-4cea-ad1d-9ea18b62eefd
2026-04-28 08:49:09.202 10 ERROR ovsdbapp.event
2026-04-28 08:49:09.367 10 INFO neutron.db.ovn_revision_numbers_db [None req-2c21d296-6fb8-4a96-82aa-2475ecc90cd4 - - - - - -] Successfully bumped revision number for resource 9299363b-4083-46d5-a5fa-ba397ef6e3ce (type: router_ports) to 2
2026-04-28 08:49:09.377 10 INFO neutron.db.ovn_revision_numbers_db [req-a0626ca7-1415-4473-a320-53fa48f550f3 req-1496a8b3-bba9-4997-a77c-e7a5dcd526ab e747348c35dd4a39a83b400ff6d49a11 8b7c9f18aad34b1688e1874c160a1c3c - - default default] Successfully bumped revision number for resource 86a6dc1d-ac49-4c2a-83dd-713bafe7ccd0 (type: security_groups) to 1
2026-04-28 08:49:09.379 10 INFO neutron.plugins.ml2.drivers.ovn.mech_driver.mech_driver [None req-2c21d296-6fb8-4a96-82aa-2475ecc90cd4 - - - - - -] OVN reports status up for port: ed541a45-6e95-4bda-a53b-642fff17b9f7
2026-04-28 08:49:09.396 10 INFO neutron.plugins.ml2.plugin [None req-2c21d296-6fb8-4a96-82aa-2475ecc90cd4 - - - - - -] Attempt 1 to provision port ed541a45-6e95-4bda-a53b-642fff17b9f7
2026-04-28 08:49:09.402 10 INFO neutron.db.ovn_revision_numbers_db [req-a0626ca7-1415-4473-a320-53fa48f550f3 req-1496a8b3-bba9-4997-a77c-e7a5dcd526ab e747348c35dd4a39a83b400ff6d49a11 8b7c9f18aad34b1688e1874c160a1c3c - - default default] Successfully bumped revision number for resource 2dac3399-a087-4101-9761-e88e153635b6 (type: security_group_rules) to 0
2026-04-28 08:49:09.429 10 INFO neutron.db.ovn_revision_numbers_db [req-a0626ca7-1415-4473-a320-53fa48f550f3 req-1496a8b3-bba9-4997-a77c-e7a5dcd526ab e747348c35dd4a39a83b400ff6d49a11 8b7c9f18aad34b1688e1874c160a1c3c - - default default] Successfully bumped revision number for resource bf44f01e-9b12-4eff-a8ae-6d9cb7aa4415 (type: security_group_rules) to 0
2026-04-28 08:49:09.502 10 INFO neutron.api.wsgi [req-a0626ca7-1415-4473-a320-53fa48f550f3 req-1496a8b3-bba9-4997-a77c-e7a5dcd526ab e747348c35dd4a39a83b400ff6d49a11 8b7c9f18aad34b1688e1874c160a1c3c - - default default] 10.0.0.203 "POST /v2.0/security-groups HTTP/1.1" status: 201 len: 1891 time: 0.5761933
2026-04-28 08:49:09.537 10 INFO neutron.plugins.ml2.drivers.ovn.mech_driver.mech_driver [None req-2c21d296-6fb8-4a96-82aa-2475ecc90cd4 - - - - - -] OVN reports status up for port: 44cba2af-e1d6-40e5-8ddf-a8e167eb13e5
2026-04-28 08:49:09.550 10 INFO neutron.plugins.ml2.plugin [None req-2c21d296-6fb8-4a96-82aa-2475ecc90cd4 - - - - - -] Attempt 1 to provision port 44cba2af-e1d6-40e5-8ddf-a8e167eb13e5
2026-04-28 08:49:09.552 9 INFO neutron.api.wsgi [req-d0b8e101-fcf0-4897-b55a-510b94876f87 req-d5f8bd2f-3ad3-456e-9bbf-f8605cc0ca3e e747348c35dd4a39a83b400ff6d49a11 8b7c9f18aad34b1688e1874c160a1c3c - - default default] 10.0.0.203 "GET /v2.0/security-groups/86a6dc1d-ac49-4c2a-83dd-713bafe7ccd0 HTTP/1.1" status: 200 len: 1886 time: 0.0240467
2026-04-28 08:49:09.561 9 WARNING neutron_lib.context [req-d0b8e101-fcf0-4897-b55a-510b94876f87 req-de452f9a-67e4-40eb-958b-a6b59c3255d0 e747348c35dd4a39a83b400ff6d49a11 8b7c9f18aad34b1688e1874c160a1c3c - - default default] Method 'is_advsvc' is deprecated since 2023.2 release (neutron-lib 3.8.0) and will be removed once support for the old RBAC API policies will be removed from Neutron. Please use method 'is_service_role' instead.
2026-04-28 08:49:09.684 9 INFO neutron.db.ovn_revision_numbers_db [req-d0b8e101-fcf0-4897-b55a-510b94876f87 req-de452f9a-67e4-40eb-958b-a6b59c3255d0 e747348c35dd4a39a83b400ff6d49a11 8b7c9f18aad34b1688e1874c160a1c3c - - default default] Successfully bumped revision number for resource acdae7f1-c65c-45a0-9f8a-274848216d03 (type: security_group_rules) to 0
2026-04-28 08:49:09.717 9 INFO neutron.api.wsgi [req-d0b8e101-fcf0-4897-b55a-510b94876f87 req-de452f9a-67e4-40eb-958b-a6b59c3255d0 e747348c35dd4a39a83b400ff6d49a11 8b7c9f18aad34b1688e1874c160a1c3c - - default default] 10.0.0.203 "POST /v2.0/security-group-rules HTTP/1.1" status: 201 len: 818 time: 0.1616180
2026-04-28 08:49:09.784 10 INFO neutron.api.wsgi [req-b40d1437-cc09-4ee7-8017-9e9fd5a2ca1f req-7ddfac9b-96b3-404e-8cab-8c6f492917ce e747348c35dd4a39a83b400ff6d49a11 8b7c9f18aad34b1688e1874c160a1c3c - - default default] 10.0.0.203 "GET /v2.0/security-groups/86a6dc1d-ac49-4c2a-83dd-713bafe7ccd0 HTTP/1.1" status: 200 len: 2511 time: 0.0341995
2026-04-28 08:49:09.800 10 WARNING neutron_lib.context [req-b40d1437-cc09-4ee7-8017-9e9fd5a2ca1f req-da7de875-39ec-4e4e-9638-2922da639ec1 e747348c35dd4a39a83b400ff6d49a11 8b7c9f18aad34b1688e1874c160a1c3c - - default default] Method 'is_advsvc' is deprecated since 2023.2 release (neutron-lib 3.8.0) and will be removed once support for the old RBAC API policies will be removed from Neutron. Please use method 'is_service_role' instead.
2026-04-28 08:49:10.112 10 INFO neutron.api.wsgi [None req-f534d163-64c7-4c8a-a93f-1b4faaf90448 a2b2aee04d4e4d6a9c7048fdd2f2e66d 5906e0af14af44b78d262d35bdab8cf5 - - default default] 10.0.0.149 "PUT /v2.0/routers/cd2b1e5f-5858-40c8-8179-fafb2479f12f/remove_router_interface HTTP/1.1" status: 200 len: 503 time: 1.9289222
2026-04-28 08:49:10.127 10 INFO neutron.db.ovn_revision_numbers_db [req-b40d1437-cc09-4ee7-8017-9e9fd5a2ca1f req-da7de875-39ec-4e4e-9638-2922da639ec1 e747348c35dd4a39a83b400ff6d49a11 8b7c9f18aad34b1688e1874c160a1c3c - - default default] Successfully bumped revision number for resource 5a54a036-8371-49d7-9e07-838c501b80d4 (type: security_group_rules) to 0
2026-04-28 08:49:10.139 10 INFO neutron.db.ovn_revision_numbers_db [None req-2c21d296-6fb8-4a96-82aa-2475ecc90cd4 - - - - - -] Successfully bumped revision number for resource 44cba2af-e1d6-40e5-8ddf-a8e167eb13e5 (type: ports) to 2
2026-04-28 08:49:10.179 10 INFO neutron.api.wsgi [req-b40d1437-cc09-4ee7-8017-9e9fd5a2ca1f req-da7de875-39ec-4e4e-9638-2922da639ec1 e747348c35dd4a39a83b400ff6d49a11 8b7c9f18aad34b1688e1874c160a1c3c - - default default] 10.0.0.203 "POST /v2.0/security-group-rules HTTP/1.1" status: 201 len: 823 time: 0.3867393
2026-04-28 08:49:10.203 9 INFO neutron.api.wsgi [req-5106218f-6cba-4117-bb5c-4ed5de7839e0 req-d4c443c2-befe-4b62-8018-86d9d4c95619 06d3d657852e45398f2adf930de3f0e7 73f3455434514dab860e886c6e1d572a - - default default] 10.0.0.203 "GET /v2.0/ports?device_id=c2cdd1b1-6037-452a-8283-f9455db7425b HTTP/1.1" status: 200 len: 210 time: 0.0263128 /var/lib/openstack/lib/python3.12/site-packages/pycadf/identifier.py:71: UserWarning: Invalid uuid: neutron. To ensure interoperability, identifiers should be a valid uuid. warnings.warn(('Invalid uuid: %s. To ensure interoperability, '
2026-04-28 08:49:10.243 10 INFO neutron.api.wsgi [req-ad993ca6-ee33-46ce-b099-45c478ebe11c req-9a87b1ed-4167-4fdb-ad8e-3d7e1779cc5a e747348c35dd4a39a83b400ff6d49a11 8b7c9f18aad34b1688e1874c160a1c3c - - default default] 10.0.0.203 "GET /v2.0/security-groups/86a6dc1d-ac49-4c2a-83dd-713bafe7ccd0 HTTP/1.1" status: 200 len: 3141 time: 0.0397499
2026-04-28 08:49:10.291 9 INFO neutron.api.wsgi [req-153a63c9-1080-4c7c-bbee-e3b43dd3926b req-54874fe7-145d-49c2-b32c-baf3f572f655 e747348c35dd4a39a83b400ff6d49a11 8b7c9f18aad34b1688e1874c160a1c3c - - default default] 10.0.0.203 "GET /v2.0/security-group-rules/5a54a036-8371-49d7-9e07-838c501b80d4 HTTP/1.1" status: 200 len: 815 time: 0.0193210
2026-04-28 08:49:10.344 9 INFO neutron.api.wsgi [req-153a63c9-1080-4c7c-bbee-e3b43dd3926b req-993416f7-a8e7-4bc5-89a8-5272db6a77bc e747348c35dd4a39a83b400ff6d49a11 8b7c9f18aad34b1688e1874c160a1c3c - - default default] 10.0.0.203 "GET /v2.0/security-groups/86a6dc1d-ac49-4c2a-83dd-713bafe7ccd0 HTTP/1.1" status: 200 len: 3141 time: 0.0477796
2026-04-28 08:49:10.533 9 INFO neutron.api.wsgi [req-153a63c9-1080-4c7c-bbee-e3b43dd3926b req-1c6b6e20-e922-49d8-a252-3f5acf6b9022 e747348c35dd4a39a83b400ff6d49a11 8b7c9f18aad34b1688e1874c160a1c3c - - default default] 10.0.0.203 "DELETE /v2.0/security-group-rules/5a54a036-8371-49d7-9e07-838c501b80d4 HTTP/1.1" status: 204 len: 173 time: 0.1844358
2026-04-28 08:49:10.585 10 INFO neutron.api.wsgi [req-eecb64ce-aac5-4e12-9395-6cdac5de8ecd req-8a008116-839f-4d86-91ae-9787c8896ef4 e747348c35dd4a39a83b400ff6d49a11 8b7c9f18aad34b1688e1874c160a1c3c - - default default] 10.0.0.203 "GET /v2.0/security-groups/86a6dc1d-ac49-4c2a-83dd-713bafe7ccd0 HTTP/1.1" status: 200 len: 2511 time: 0.0308962
2026-04-28 08:49:10.743 10 INFO neutron.api.wsgi [req-eecb64ce-aac5-4e12-9395-6cdac5de8ecd req-25ef538b-7542-4244-9f80-5ac63f09f3d7 e747348c35dd4a39a83b400ff6d49a11 8b7c9f18aad34b1688e1874c160a1c3c - - default default] 10.0.0.203 "DELETE /v2.0/security-groups/86a6dc1d-ac49-4c2a-83dd-713bafe7ccd0 HTTP/1.1" status: 204 len: 173 time: 0.1501868
