2026-04-28 08:54:54.086 9 INFO neutron.api.wsgi [req-7602a3db-e0bb-48c5-aa9f-e26fa9ad7b85 req-a93bd272-bad2-445e-b5ba-90049e55a479 306fb4bea6da4572b503037ce978bfbd bc8a8a9723b34d55afab08dc27bd9f66 - - default default] 10.0.0.203 "GET /v2.0/security-groups?id=63eff3f6-2f82-4138-92d7-d3c7d2ee3d3f&id=f630a154-1567-467d-b972-cb96b5005a06&fields=id&fields=name HTTP/1.1" status: 200 len: 403 time: 0.0390129
2026-04-28 08:54:54.508 9 INFO neutron.api.wsgi [req-5cc4c49a-cdaa-4505-ba3e-22095cb6c05f req-5a047d14-20fe-48e6-84b1-6f9e11f05495 30587a6765614ce99c992f7605ee95af 0385b1eafcf1436ab1be06d0d76c6864 - - 1a9a9c801f84437c975186752f7bc6ba 1a9a9c801f84437c975186752f7bc6ba] 199.204.45.129 "GET /v2.0/ports?device_id=5b5af651-156e-4be2-bef1-53c77794e089 HTTP/1.1" status: 200 len: 1446 time: 0.0420349
2026-04-28 08:54:54.558 9 INFO neutron.api.wsgi [req-5cc4c49a-cdaa-4505-ba3e-22095cb6c05f req-a368a5be-f7d6-42ce-87b9-e670802ae73f 30587a6765614ce99c992f7605ee95af 0385b1eafcf1436ab1be06d0d76c6864 - - 1a9a9c801f84437c975186752f7bc6ba 1a9a9c801f84437c975186752f7bc6ba] 199.204.45.129 "GET /v2.0/security-groups?id=63eff3f6-2f82-4138-92d7-d3c7d2ee3d3f&id=f630a154-1567-467d-b972-cb96b5005a06&fields=id&fields=name HTTP/1.1" status: 200 len: 403 time: 0.0442774
2026-04-28 08:54:54.673 10 INFO neutron.plugins.ml2.drivers.ovn.mech_driver.mech_driver [None req-40ba4e0c-29f7-41b9-8608-097ff7399871 - - - - - -] OVN reports status up for port: 5b835ea4-b09a-4281-a49b-1bea64bb4cd5
2026-04-28 08:54:54.683 10 INFO neutron.plugins.ml2.plugin [None req-40ba4e0c-29f7-41b9-8608-097ff7399871 - - - - - -] Attempt 1 to provision port 5b835ea4-b09a-4281-a49b-1bea64bb4cd5
2026-04-28 08:54:54.805 10 INFO neutron.notifiers.nova [-] Nova event matching ['req-2f18424e-6860-4d1c-a780-53c8b6e1d780'] response: {'server_uuid': '5b5af651-156e-4be2-bef1-53c77794e089', 'name': 'network-vif-plugged', 'status': 'completed', 'tag': '5b835ea4-b09a-4281-a49b-1bea64bb4cd5', 'code': 200}
2026-04-28 08:54:54.924 10 INFO neutron.db.ovn_revision_numbers_db [None req-40ba4e0c-29f7-41b9-8608-097ff7399871 - - - - - -] Successfully bumped revision number for resource 5b835ea4-b09a-4281-a49b-1bea64bb4cd5 (type: ports) to 5
2026-04-28 08:54:55.183 9 INFO neutron.api.wsgi [req-470271fd-dc14-4648-b845-f3e2033e6a7e req-8f59526b-d377-4886-9af1-9346d150e145 306fb4bea6da4572b503037ce978bfbd bc8a8a9723b34d55afab08dc27bd9f66 - - default default] 10.0.0.203 "GET /v2.0/ports?device_id=5b5af651-156e-4be2-bef1-53c77794e089 HTTP/1.1" status: 200 len: 1210 time: 0.0384674
2026-04-28 08:54:55.242 9 INFO neutron.api.wsgi [req-470271fd-dc14-4648-b845-f3e2033e6a7e req-7523cf1e-08c4-40b1-af3a-2c2f75e3e298 306fb4bea6da4572b503037ce978bfbd bc8a8a9723b34d55afab08dc27bd9f66 - - default default] 10.0.0.203 "GET /v2.0/security-groups?id=63eff3f6-2f82-4138-92d7-d3c7d2ee3d3f&id=f630a154-1567-467d-b972-cb96b5005a06&fields=id&fields=name HTTP/1.1" status: 200 len: 403 time: 0.0518022 /var/lib/openstack/lib/python3.12/site-packages/pycadf/identifier.py:71: UserWarning: Invalid uuid: neutron. To ensure interoperability, identifiers should be a valid uuid. warnings.warn(('Invalid uuid: %s. To ensure interoperability, '
2026-04-28 08:54:56.420 10 INFO neutron.api.wsgi [req-3da75f78-99a2-40b8-be0e-cb1ccaefa328 req-2d0761e2-e848-4e6a-8d30-39f8c96fa031 306fb4bea6da4572b503037ce978bfbd bc8a8a9723b34d55afab08dc27bd9f66 - - default default] 10.0.0.203 "GET /v2.0/ports?device_id=5b5af651-156e-4be2-bef1-53c77794e089 HTTP/1.1" status: 200 len: 1210 time: 0.0876555
2026-04-28 08:54:56.470 10 INFO neutron.api.wsgi [req-3da75f78-99a2-40b8-be0e-cb1ccaefa328 req-a65fc945-00a5-4da8-9720-88cd31359d51 306fb4bea6da4572b503037ce978bfbd bc8a8a9723b34d55afab08dc27bd9f66 - - default default] 10.0.0.203 "GET /v2.0/security-groups?id=63eff3f6-2f82-4138-92d7-d3c7d2ee3d3f&id=f630a154-1567-467d-b972-cb96b5005a06&fields=id&fields=name HTTP/1.1" status: 200 len: 403 time: 0.0428078
2026-04-28 08:54:56.849 10 INFO neutron.notifiers.nova [-] Nova event matching ['req-40bae62e-f784-48ca-9bf0-78c3c3622b26'] response: {'server_uuid': '5b5af651-156e-4be2-bef1-53c77794e089', 'name': 'network-vif-plugged', 'status': 'completed', 'tag': '5b835ea4-b09a-4281-a49b-1bea64bb4cd5', 'code': 200}
2026-04-28 08:54:57.052 10 INFO neutron.api.wsgi [req-85fb3216-b053-4eaf-bbf7-21acf29f0f5f req-a2a9fa64-24f7-4f8c-ab94-cbb41df4ccd9 a2b2aee04d4e4d6a9c7048fdd2f2e66d 5906e0af14af44b78d262d35bdab8cf5 - - default default] 10.0.0.203 "GET /v2.0/security-groups?id=bbb9c331-9fc3-4934-aead-4fe481397756&fields=id HTTP/1.1" status: 200 len: 267 time: 0.0336833
2026-04-28 08:54:57.105 10 INFO neutron.api.wsgi [req-85fb3216-b053-4eaf-bbf7-21acf29f0f5f req-c8f65a7b-42d2-43b7-8fd2-38e95495a678 a2b2aee04d4e4d6a9c7048fdd2f2e66d 5906e0af14af44b78d262d35bdab8cf5 - - default default] 10.0.0.203 "GET /v2.0/networks?id=60e5727a-7856-4db1-af3d-e8cd50ff61f2 HTTP/1.1" status: 200 len: 937 time: 0.0464797
2026-04-28 08:54:57.126 10 INFO neutron.api.wsgi [req-85fb3216-b053-4eaf-bbf7-21acf29f0f5f req-5c900fbf-890e-49c3-9961-b5c72bd552a7 a2b2aee04d4e4d6a9c7048fdd2f2e66d 5906e0af14af44b78d262d35bdab8cf5 - - default default] 10.0.0.203 "GET /v2.0/quotas/5906e0af14af44b78d262d35bdab8cf5 HTTP/1.1" status: 200 len: 490 time: 0.0130725
2026-04-28 08:54:57.189 10 INFO neutron.api.wsgi [req-85fb3216-b053-4eaf-bbf7-21acf29f0f5f req-c39fcc62-1b4c-49c4-954f-11245404e078 a2b2aee04d4e4d6a9c7048fdd2f2e66d 5906e0af14af44b78d262d35bdab8cf5 - - default default] 10.0.0.203 "GET /v2.0/ports?tenant_id=5906e0af14af44b78d262d35bdab8cf5&fields=id HTTP/1.1" status: 200 len: 348 time: 0.0575638
2026-04-28 08:54:57.295 10 INFO neutron.api.wsgi [req-85fb3216-b053-4eaf-bbf7-21acf29f0f5f req-43e44dae-e0e9-4093-b5c8-a3d66d73fd62 30587a6765614ce99c992f7605ee95af 0385b1eafcf1436ab1be06d0d76c6864 - - 1a9a9c801f84437c975186752f7bc6ba 1a9a9c801f84437c975186752f7bc6ba] 10.0.0.203 "GET /v2.0/networks/60e5727a-7856-4db1-af3d-e8cd50ff61f2?fields=segments HTTP/1.1" status: 200 len: 212 time: 0.0952506
2026-04-28 08:54:57.350 10 INFO neutron.api.wsgi [req-85fb3216-b053-4eaf-bbf7-21acf29f0f5f req-60ed27cd-3f02-4b31-9323-bf7a31fcd0ff 30587a6765614ce99c992f7605ee95af 0385b1eafcf1436ab1be06d0d76c6864 - - 1a9a9c801f84437c975186752f7bc6ba 1a9a9c801f84437c975186752f7bc6ba] 10.0.0.203 "GET /v2.0/networks/60e5727a-7856-4db1-af3d-e8cd50ff61f2?fields=provider%3Aphysical_network&fields=provider%3Anetwork_type HTTP/1.1" status: 200 len: 277 time: 0.0482078
2026-04-28 08:54:57.664 9 INFO neutron.api.wsgi [req-6e85d219-817b-40b7-8b15-7bbcc0fe78ee req-3ddb53b5-d980-4487-9bb7-ceaa6ffe73f4 306fb4bea6da4572b503037ce978bfbd bc8a8a9723b34d55afab08dc27bd9f66 - - default default] 10.0.0.203 "GET /v2.0/ports?device_id=5b5af651-156e-4be2-bef1-53c77794e089 HTTP/1.1" status: 200 len: 1210 time: 0.1184599
2026-04-28 08:54:57.724 9 INFO neutron.api.wsgi [req-6e85d219-817b-40b7-8b15-7bbcc0fe78ee req-8149ad05-ff44-4f81-b41f-3e0082af04fd 306fb4bea6da4572b503037ce978bfbd bc8a8a9723b34d55afab08dc27bd9f66 - - default default] 10.0.0.203 "GET /v2.0/security-groups?id=63eff3f6-2f82-4138-92d7-d3c7d2ee3d3f&id=f630a154-1567-467d-b972-cb96b5005a06&fields=id&fields=name HTTP/1.1" status: 200 len: 403 time: 0.0560722
2026-04-28 08:54:57.838 10 INFO neutron.api.wsgi [req-1945a0bd-b690-41c4-83b3-625d636e939b req-0f9e87a0-bb43-4c0c-8eb7-1f97fc91ac9a 306fb4bea6da4572b503037ce978bfbd bc8a8a9723b34d55afab08dc27bd9f66 - - default default] 10.0.0.203 "GET /v2.0/ports?device_id=5b5af651-156e-4be2-bef1-53c77794e089 HTTP/1.1" status: 200 len: 1210 time: 0.0527003
2026-04-28 08:54:58.085 9 INFO neutron.api.wsgi [req-0e4b0b1a-ab7f-4ce4-a8d5-0e25a600c84f req-11bf8120-1bc1-4542-9130-f70f757cc482 a2b2aee04d4e4d6a9c7048fdd2f2e66d 5906e0af14af44b78d262d35bdab8cf5 - - default default] 10.0.0.203 "GET /v2.0/ports?device_id=2c1dc3e2-68d6-4ea8-a723-4a0a04509c4b HTTP/1.1" status: 200 len: 210 time: 0.0227706
2026-04-28 08:54:58.158 10 INFO neutron.api.wsgi [req-67e0dbbd-e48b-48c1-a18a-8839af67449b req-c152b4b5-ce96-47f8-9925-fa2845e55aa1 a2b2aee04d4e4d6a9c7048fdd2f2e66d 5906e0af14af44b78d262d35bdab8cf5 - - default default] 10.0.0.203 "GET /v2.0/ports?device_id=2c1dc3e2-68d6-4ea8-a723-4a0a04509c4b HTTP/1.1" status: 200 len: 210 time: 0.0316019
2026-04-28 08:54:58.419 10 INFO neutron.db.ovn_revision_numbers_db [None req-8677f7b2-5d98-4637-a8f8-fd15dca16b53 306fb4bea6da4572b503037ce978bfbd bc8a8a9723b34d55afab08dc27bd9f66 - - default default] Successfully bumped revision number for resource a24bdf8a-437c-4d29-9724-a18097281da4 (type: floatingips) to 1
2026-04-28 08:54:58.542 10 INFO neutron.db.ovn_revision_numbers_db [None req-8677f7b2-5d98-4637-a8f8-fd15dca16b53 306fb4bea6da4572b503037ce978bfbd bc8a8a9723b34d55afab08dc27bd9f66 - - default default] Successfully bumped revision number for resource a24bdf8a-437c-4d29-9724-a18097281da4 (type: floatingips) to 2
2026-04-28 08:54:58.542 10 INFO neutron.db.l3_db [None req-8677f7b2-5d98-4637-a8f8-fd15dca16b53 306fb4bea6da4572b503037ce978bfbd bc8a8a9723b34d55afab08dc27bd9f66 - - default default] Floating IP a24bdf8a-437c-4d29-9724-a18097281da4 associated. External IP: 10.96.250.212, port: 5b835ea4-b09a-4281-a49b-1bea64bb4cd5.
2026-04-28 08:54:58.584 10 INFO neutron.api.wsgi [None req-8677f7b2-5d98-4637-a8f8-fd15dca16b53 306fb4bea6da4572b503037ce978bfbd bc8a8a9723b34d55afab08dc27bd9f66 - - default default] 10.0.0.149 "PUT /v2.0/floatingips/a24bdf8a-437c-4d29-9724-a18097281da4 HTTP/1.1" status: 200 len: 1049 time: 0.7306719
2026-04-28 08:54:58.906 10 INFO neutron.notifiers.nova [-] Nova event matching ['req-d995efae-3b1f-4736-997c-547f4d0d1b16'] response: {'name': 'network-changed', 'server_uuid': '5b5af651-156e-4be2-bef1-53c77794e089', 'tag': '5b835ea4-b09a-4281-a49b-1bea64bb4cd5', 'status': 'completed', 'code': 200}
2026-04-28 08:54:58.947 10 INFO neutron.api.wsgi [-] 10.0.0.81 "GET / HTTP/1.1" status: 200 len: 246 time: 0.0031245
2026-04-28 08:54:58.950 10 INFO neutron.api.wsgi [-] 10.0.0.81 "GET / HTTP/1.1" status: 200 len: 246 time: 0.0019445 /var/lib/openstack/lib/python3.12/site-packages/pycadf/identifier.py:71: UserWarning: Invalid uuid: neutron. To ensure interoperability, identifiers should be a valid uuid. warnings.warn(('Invalid uuid: %s. To ensure interoperability, '
2026-04-28 08:54:59.468 9 INFO neutron.api.wsgi [req-5069dc3d-225c-4db5-8883-5c3ca22daa7d req-9b20d84a-dcff-40a3-97ea-d4e0952952db 30587a6765614ce99c992f7605ee95af 0385b1eafcf1436ab1be06d0d76c6864 - - 1a9a9c801f84437c975186752f7bc6ba 1a9a9c801f84437c975186752f7bc6ba] 199.204.45.129 "GET /v2.0/ports?tenant_id=bc8a8a9723b34d55afab08dc27bd9f66&device_id=5b5af651-156e-4be2-bef1-53c77794e089 HTTP/1.1" status: 200 len: 1448 time: 0.0509098
2026-04-28 08:54:59.513 9 INFO neutron.api.wsgi [req-5069dc3d-225c-4db5-8883-5c3ca22daa7d req-6c38a856-6d56-4dc1-816c-4f6192e16185 30587a6765614ce99c992f7605ee95af 0385b1eafcf1436ab1be06d0d76c6864 - - 1a9a9c801f84437c975186752f7bc6ba 1a9a9c801f84437c975186752f7bc6ba] 199.204.45.129 "GET /v2.0/networks?id=98db910f-54f2-469d-92de-75b97726af01 HTTP/1.1" status: 200 len: 969 time: 0.0379803
2026-04-28 08:54:59.580 9 INFO neutron.api.wsgi [req-5069dc3d-225c-4db5-8883-5c3ca22daa7d req-f47c3d43-4629-4583-9bb5-ac364a59309a 30587a6765614ce99c992f7605ee95af 0385b1eafcf1436ab1be06d0d76c6864 - - 1a9a9c801f84437c975186752f7bc6ba 1a9a9c801f84437c975186752f7bc6ba] 199.204.45.129 "GET /v2.0/floatingips?fixed_ip_address=10.100.0.4&port_id=5b835ea4-b09a-4281-a49b-1bea64bb4cd5 HTTP/1.1" status: 200 len: 1059 time: 0.0599291
2026-04-28 08:54:59.621 9 INFO neutron.api.wsgi [req-5069dc3d-225c-4db5-8883-5c3ca22daa7d req-31e60997-3058-4f11-9b77-044ced3106c9 30587a6765614ce99c992f7605ee95af 0385b1eafcf1436ab1be06d0d76c6864 - - 1a9a9c801f84437c975186752f7bc6ba 1a9a9c801f84437c975186752f7bc6ba] 199.204.45.129 "GET /v2.0/subnets?id=af9d15c3-184a-44ea-811c-bbf7d87afef3 HTTP/1.1" status: 200 len: 889 time: 0.0348165
2026-04-28 08:54:59.647 9 INFO neutron.api.wsgi [req-5069dc3d-225c-4db5-8883-5c3ca22daa7d req-4cdb0433-b231-4edd-8b31-8eb4b0f49bfa 30587a6765614ce99c992f7605ee95af 0385b1eafcf1436ab1be06d0d76c6864 - - 1a9a9c801f84437c975186752f7bc6ba 1a9a9c801f84437c975186752f7bc6ba] 199.204.45.129 "GET /v2.0/ports?network_id=98db910f-54f2-469d-92de-75b97726af01&device_owner=network%3Adhcp HTTP/1.1" status: 200 len: 210 time: 0.0194163
2026-04-28 08:54:59.707 9 INFO neutron.api.wsgi [req-5069dc3d-225c-4db5-8883-5c3ca22daa7d req-e708020c-2856-42a3-9c76-2913b0a1d89a 30587a6765614ce99c992f7605ee95af 0385b1eafcf1436ab1be06d0d76c6864 - - 1a9a9c801f84437c975186752f7bc6ba 1a9a9c801f84437c975186752f7bc6ba] 199.204.45.129 "GET /v2.0/networks/98db910f-54f2-469d-92de-75b97726af01?fields=segments HTTP/1.1" status: 200 len: 212 time: 0.0541213
2026-04-28 08:54:59.768 9 INFO neutron.api.wsgi [req-5069dc3d-225c-4db5-8883-5c3ca22daa7d req-c680f063-1c8d-413a-ad49-412ed6d4b9e5 30587a6765614ce99c992f7605ee95af 0385b1eafcf1436ab1be06d0d76c6864 - - 1a9a9c801f84437c975186752f7bc6ba 1a9a9c801f84437c975186752f7bc6ba] 199.204.45.129 "GET /v2.0/networks/98db910f-54f2-469d-92de-75b97726af01?fields=provider%3Aphysical_network&fields=provider%3Anetwork_type HTTP/1.1" status: 200 len: 277 time: 0.0523050
2026-04-28 08:55:02.255 9 INFO neutron.api.wsgi [req-d29875a6-f29e-4590-9a9b-c6a1e38b7130 req-b61f52f8-68f5-47e3-a81a-34195f1a3d64 a2b2aee04d4e4d6a9c7048fdd2f2e66d 5906e0af14af44b78d262d35bdab8cf5 - - default default] 10.0.0.203 "GET /v2.0/ports?device_id=2c1dc3e2-68d6-4ea8-a723-4a0a04509c4b HTTP/1.1" status: 200 len: 210 time: 0.0204012
2026-04-28 08:55:02.355 10 INFO neutron.api.wsgi [req-89a5a418-6718-4a50-a509-43bee54cafc2 req-95f68baf-7884-40f3-8e63-bfc212beda07 a2b2aee04d4e4d6a9c7048fdd2f2e66d 5906e0af14af44b78d262d35bdab8cf5 - - default default] 10.0.0.203 "GET /v2.0/ports?device_id=2c1dc3e2-68d6-4ea8-a723-4a0a04509c4b HTTP/1.1" status: 200 len: 210 time: 0.0197775
2026-04-28 08:55:02.524 9 INFO neutron.api.wsgi [req-85fb3216-b053-4eaf-bbf7-21acf29f0f5f req-6a9c045c-5d21-4720-a2aa-3e2e137a6882 a2b2aee04d4e4d6a9c7048fdd2f2e66d 5906e0af14af44b78d262d35bdab8cf5 - - default default] 199.204.45.129 "GET /v2.0/networks?id=60e5727a-7856-4db1-af3d-e8cd50ff61f2 HTTP/1.1" status: 200 len: 937 time: 0.0566509
2026-04-28 08:55:02.583 9 INFO neutron.api.wsgi [req-85fb3216-b053-4eaf-bbf7-21acf29f0f5f req-e34c3fd7-097c-48eb-a220-bbb35cd532e1 a2b2aee04d4e4d6a9c7048fdd2f2e66d 5906e0af14af44b78d262d35bdab8cf5 - - default default] 199.204.45.129 "GET /v2.0/security-groups?fields=id&fields=name&tenant_id=5906e0af14af44b78d262d35bdab8cf5 HTTP/1.1" status: 200 len: 542 time: 0.0538092
2026-04-28 08:55:02.938 9 WARNING neutron.scheduler.dhcp_agent_scheduler [req-85fb3216-b053-4eaf-bbf7-21acf29f0f5f req-7c9b6979-b839-4168-b2b5-e38993920ae3 a2b2aee04d4e4d6a9c7048fdd2f2e66d 5906e0af14af44b78d262d35bdab8cf5 - - default default] No more DHCP agents
2026-04-28 08:55:02.940 9 WARNING neutron.api.rpc.agentnotifiers.dhcp_rpc_agent_api [req-85fb3216-b053-4eaf-bbf7-21acf29f0f5f req-7c9b6979-b839-4168-b2b5-e38993920ae3 a2b2aee04d4e4d6a9c7048fdd2f2e66d 5906e0af14af44b78d262d35bdab8cf5 - - default default] Unable to schedule network 60e5727a-7856-4db1-af3d-e8cd50ff61f2: no agents available; will retry on subsequent port and subnet creation events.
2026-04-28 08:55:03.099 9 INFO neutron.db.ovn_revision_numbers_db [req-85fb3216-b053-4eaf-bbf7-21acf29f0f5f req-7c9b6979-b839-4168-b2b5-e38993920ae3 a2b2aee04d4e4d6a9c7048fdd2f2e66d 5906e0af14af44b78d262d35bdab8cf5 - - default default] Successfully bumped revision number for resource 33b5b27f-8392-4ee9-ab2c-b39e1d44211d (type: ports) to 1
2026-04-28 08:55:03.120 9 INFO neutron.api.wsgi [req-85fb3216-b053-4eaf-bbf7-21acf29f0f5f req-7c9b6979-b839-4168-b2b5-e38993920ae3 a2b2aee04d4e4d6a9c7048fdd2f2e66d 5906e0af14af44b78d262d35bdab8cf5 - - default default] 199.204.45.129 "POST /v2.0/ports HTTP/1.1" status: 201 len: 1287 time: 0.5335436 /var/lib/openstack/lib/python3.12/site-packages/pycadf/identifier.py:71: UserWarning: Invalid uuid: neutron. To ensure interoperability, identifiers should be a valid uuid. warnings.warn(('Invalid uuid: %s. To ensure interoperability, '
2026-04-28 08:55:03.518 9 INFO neutron.db.ovn_revision_numbers_db [req-85fb3216-b053-4eaf-bbf7-21acf29f0f5f req-624c6c42-fa22-4893-b82a-3eac494447a3 30587a6765614ce99c992f7605ee95af 0385b1eafcf1436ab1be06d0d76c6864 - - 1a9a9c801f84437c975186752f7bc6ba 1a9a9c801f84437c975186752f7bc6ba] Successfully bumped revision number for resource 33b5b27f-8392-4ee9-ab2c-b39e1d44211d (type: ports) to 2
2026-04-28 08:55:03.725 9 INFO neutron.db.ovn_revision_numbers_db [req-85fb3216-b053-4eaf-bbf7-21acf29f0f5f req-624c6c42-fa22-4893-b82a-3eac494447a3 30587a6765614ce99c992f7605ee95af 0385b1eafcf1436ab1be06d0d76c6864 - - 1a9a9c801f84437c975186752f7bc6ba 1a9a9c801f84437c975186752f7bc6ba] Successfully bumped revision number for resource 33b5b27f-8392-4ee9-ab2c-b39e1d44211d (type: ports) to 4
2026-04-28 08:55:03.741 9 INFO neutron.api.wsgi [req-85fb3216-b053-4eaf-bbf7-21acf29f0f5f req-624c6c42-fa22-4893-b82a-3eac494447a3 30587a6765614ce99c992f7605ee95af 0385b1eafcf1436ab1be06d0d76c6864 - - 1a9a9c801f84437c975186752f7bc6ba 1a9a9c801f84437c975186752f7bc6ba] 199.204.45.129 "PUT /v2.0/ports/33b5b27f-8392-4ee9-ab2c-b39e1d44211d HTTP/1.1" status: 200 len: 1412 time: 0.6137505
2026-04-28 08:55:03.786 9 INFO neutron.notifiers.nova [-] Nova event matching ['req-d0ed4136-c6da-4915-8130-ea2d4561cf4d'] response: {'name': 'network-changed', 'server_uuid': '2c1dc3e2-68d6-4ea8-a723-4a0a04509c4b', 'tag': '33b5b27f-8392-4ee9-ab2c-b39e1d44211d', 'status': 'completed', 'code': 200} /var/lib/openstack/lib/python3.12/site-packages/pycadf/identifier.py:71: UserWarning: Invalid uuid: neutron. To ensure interoperability, identifiers should be a valid uuid. warnings.warn(('Invalid uuid: %s. To ensure interoperability, '
2026-04-28 08:55:04.342 9 INFO neutron.api.wsgi [req-a195ea54-4693-4db9-b361-489a61ca72b7 req-2494cdd9-b9f4-4bcd-9807-eb73fda2bab2 30587a6765614ce99c992f7605ee95af 0385b1eafcf1436ab1be06d0d76c6864 - - 1a9a9c801f84437c975186752f7bc6ba 1a9a9c801f84437c975186752f7bc6ba] 199.204.45.129 "GET /v2.0/ports?tenant_id=5906e0af14af44b78d262d35bdab8cf5&device_id=2c1dc3e2-68d6-4ea8-a723-4a0a04509c4b HTTP/1.1" status: 200 len: 1415 time: 0.0451379
2026-04-28 08:55:04.390 9 INFO neutron.api.wsgi [req-a195ea54-4693-4db9-b361-489a61ca72b7 req-215f128e-c939-4359-b336-1f3afdcd9ae3 30587a6765614ce99c992f7605ee95af 0385b1eafcf1436ab1be06d0d76c6864 - - 1a9a9c801f84437c975186752f7bc6ba 1a9a9c801f84437c975186752f7bc6ba] 199.204.45.129 "GET /v2.0/networks?tenant_id=5906e0af14af44b78d262d35bdab8cf5&shared=False HTTP/1.1" status: 200 len: 937 time: 0.0432231
2026-04-28 08:55:04.459 9 INFO neutron.api.wsgi [req-a195ea54-4693-4db9-b361-489a61ca72b7 req-b31ee440-db5c-4e1e-8384-1867a21400ad 30587a6765614ce99c992f7605ee95af 0385b1eafcf1436ab1be06d0d76c6864 - - 1a9a9c801f84437c975186752f7bc6ba 1a9a9c801f84437c975186752f7bc6ba] 199.204.45.129 "GET /v2.0/networks?shared=True HTTP/1.1" status: 200 len: 952 time: 0.0636904
2026-04-28 08:55:05.152 10 INFO neutron.api.wsgi [None req-a8177bd2-e5d7-4bf1-9ead-bf38c872c766 a2b2aee04d4e4d6a9c7048fdd2f2e66d 5906e0af14af44b78d262d35bdab8cf5 - - default default] 10.0.0.20 "GET /v2.0/agents HTTP/1.1" status: 200 len: 1390 time: 0.0606821
2026-04-28 08:55:05.265 10 INFO neutron.api.wsgi [None req-5ad052e5-019a-4bee-9b40-84804a70c0d8 a2b2aee04d4e4d6a9c7048fdd2f2e66d 5906e0af14af44b78d262d35bdab8cf5 - - default default] 10.0.0.20 "GET /v2.0/ports HTTP/1.1" status: 200 len: 28588 time: 0.1115096
2026-04-28 08:55:05.328 10 INFO neutron.api.wsgi [None req-956b4627-e0c3-4a4d-b478-576c1939c44a a2b2aee04d4e4d6a9c7048fdd2f2e66d 5906e0af14af44b78d262d35bdab8cf5 - - default default] 10.0.0.20 "GET /v2.0/floatingips HTTP/1.1" status: 200 len: 2722 time: 0.0433941
2026-04-28 08:55:05.410 10 INFO neutron.api.wsgi [None req-082fc786-dbf1-474d-88af-f4b51e25ee08 a2b2aee04d4e4d6a9c7048fdd2f2e66d 5906e0af14af44b78d262d35bdab8cf5 - - default default] 10.0.0.20 "GET /v2.0/routers HTTP/1.1" status: 200 len: 3064 time: 0.0803063
2026-04-28 08:55:05.424 10 INFO neutron.api.wsgi [None req-dbbf8b85-e1ba-4530-8013-827b7f81b83e a2b2aee04d4e4d6a9c7048fdd2f2e66d 5906e0af14af44b78d262d35bdab8cf5 - - default default] 10.0.0.20 "GET /v2.0/agents?binary=ovn-controller HTTP/1.1" status: 200 len: 591 time: 0.0125153
2026-04-28 08:55:05.441 10 INFO neutron.api.wsgi [None req-b15d76fc-b3a3-4b9d-b1fd-ed776b789c18 a2b2aee04d4e4d6a9c7048fdd2f2e66d 5906e0af14af44b78d262d35bdab8cf5 - - default default] 10.0.0.20 "GET /v2.0/network-ip-availabilities HTTP/1.1" status: 200 len: 4300 time: 0.0158007
2026-04-28 08:55:05.510 10 INFO neutron.api.wsgi [None req-1cfc13ed-f856-40c7-b09b-cc52d1a6996d a2b2aee04d4e4d6a9c7048fdd2f2e66d 5906e0af14af44b78d262d35bdab8cf5 - - default default] 10.0.0.20 "GET /v2.0/networks HTTP/1.1" status: 200 len: 6233 time: 0.0671742
2026-04-28 08:55:05.520 9 INFO neutron.api.wsgi [req-85fb3216-b053-4eaf-bbf7-21acf29f0f5f req-8fa673d9-85b0-4c42-8276-dfe8d8559ff8 30587a6765614ce99c992f7605ee95af 0385b1eafcf1436ab1be06d0d76c6864 - - 1a9a9c801f84437c975186752f7bc6ba 1a9a9c801f84437c975186752f7bc6ba] 199.204.45.129 "GET /v2.0/ports?tenant_id=5906e0af14af44b78d262d35bdab8cf5&device_id=2c1dc3e2-68d6-4ea8-a723-4a0a04509c4b HTTP/1.1" status: 200 len: 1415 time: 0.0380821
2026-04-28 08:55:05.536 10 INFO neutron.api.wsgi [req-91f81612-1cec-4060-acd6-490dd7c151a5 req-d64d6b16-66f1-4e9b-aee8-2f487fc4b8d5 a2b2aee04d4e4d6a9c7048fdd2f2e66d 5906e0af14af44b78d262d35bdab8cf5 - - default default] 10.0.0.203 "GET /v2.0/ports?device_id=2c1dc3e2-68d6-4ea8-a723-4a0a04509c4b HTTP/1.1" status: 200 len: 1415 time: 0.0652661
2026-04-28 08:55:05.555 9 INFO neutron.api.wsgi [req-85fb3216-b053-4eaf-bbf7-21acf29f0f5f req-000d74ff-88f9-4c17-a1ac-c99e6c9ebf8e 30587a6765614ce99c992f7605ee95af 0385b1eafcf1436ab1be06d0d76c6864 - - 1a9a9c801f84437c975186752f7bc6ba 1a9a9c801f84437c975186752f7bc6ba] 199.204.45.129 "GET /v2.0/floatingips?fixed_ip_address=172.24.1.132&port_id=33b5b27f-8392-4ee9-ab2c-b39e1d44211d HTTP/1.1" status: 200 len: 217 time: 0.0306995
2026-04-28 08:55:05.589 10 INFO neutron.api.wsgi [None req-4340a190-a4a4-4540-9f2c-349f6ec29b20 a2b2aee04d4e4d6a9c7048fdd2f2e66d 5906e0af14af44b78d262d35bdab8cf5 - - default default] 10.0.0.20 "GET /v2.0/subnets HTTP/1.1" status: 200 len: 7038 time: 0.0742450
2026-04-28 08:55:05.592 9 INFO neutron.api.wsgi [req-85fb3216-b053-4eaf-bbf7-21acf29f0f5f req-40f306b5-3ac9-4915-847d-79139c300265 30587a6765614ce99c992f7605ee95af 0385b1eafcf1436ab1be06d0d76c6864 - - 1a9a9c801f84437c975186752f7bc6ba 1a9a9c801f84437c975186752f7bc6ba] 199.204.45.129 "GET /v2.0/subnets?id=bcef4540-ca78-4763-8003-0570180df743 HTTP/1.1" status: 200 len: 853 time: 0.0302720
2026-04-28 08:55:05.602 10 INFO neutron.api.wsgi [None req-d906fc64-022d-4403-ac30-fb11fbba8931 a2b2aee04d4e4d6a9c7048fdd2f2e66d 5906e0af14af44b78d262d35bdab8cf5 - - default default] 10.0.0.20 "GET /v2.0/subnetpools HTTP/1.1" status: 200 len: 193 time: 0.0100813
2026-04-28 08:55:05.617 10 INFO neutron.api.wsgi [req-91f81612-1cec-4060-acd6-490dd7c151a5 req-dded0b18-3ed5-41d5-bea1-e7c4add24414 a2b2aee04d4e4d6a9c7048fdd2f2e66d 5906e0af14af44b78d262d35bdab8cf5 - - default default] 10.0.0.203 "GET /v2.0/security-groups?id=bbb9c331-9fc3-4934-aead-4fe481397756&fields=id&fields=name HTTP/1.1" status: 200 len: 294 time: 0.0699940
2026-04-28 08:55:05.623 9 INFO neutron.api.wsgi [req-85fb3216-b053-4eaf-bbf7-21acf29f0f5f req-6aa59901-a1f7-4e27-be7b-11d6754874ff 30587a6765614ce99c992f7605ee95af 0385b1eafcf1436ab1be06d0d76c6864 - - 1a9a9c801f84437c975186752f7bc6ba 1a9a9c801f84437c975186752f7bc6ba] 199.204.45.129 "GET /v2.0/ports?network_id=60e5727a-7856-4db1-af3d-e8cd50ff61f2&device_owner=network%3Adhcp HTTP/1.1" status: 200 len: 210 time: 0.0242672
2026-04-28 08:55:05.656 10 INFO neutron.api.wsgi [None req-1e28ed7e-cf35-4982-86ff-2d43d7a78ecc a2b2aee04d4e4d6a9c7048fdd2f2e66d 5906e0af14af44b78d262d35bdab8cf5 - - default default] 10.0.0.20 "GET /v2.0/security-groups HTTP/1.1" status: 200 len: 44483 time: 0.0517411
2026-04-28 08:55:05.721 10 INFO neutron.api.wsgi [None req-65f3ab63-80fb-4e43-a466-b8d6e4166eeb a2b2aee04d4e4d6a9c7048fdd2f2e66d 5906e0af14af44b78d262d35bdab8cf5 - - default default] 10.0.0.20 "GET /v2.0/subnets HTTP/1.1" status: 200 len: 7038 time: 0.0529392
2026-04-28 08:55:05.730 9 INFO neutron.api.wsgi [req-85fb3216-b053-4eaf-bbf7-21acf29f0f5f req-1d97984c-67e6-4886-82a0-7e9dea5bb4cb 30587a6765614ce99c992f7605ee95af 0385b1eafcf1436ab1be06d0d76c6864 - - 1a9a9c801f84437c975186752f7bc6ba 1a9a9c801f84437c975186752f7bc6ba] 199.204.45.129 "GET /v2.0/networks/60e5727a-7856-4db1-af3d-e8cd50ff61f2?fields=segments HTTP/1.1" status: 200 len: 212 time: 0.0968146
2026-04-28 08:55:05.762 9 INFO neutron.api.wsgi [req-545e7d31-bf37-43d9-809e-9a2dd352ebbf req-17c58ab4-6932-4666-887d-fca916c63539 a2b2aee04d4e4d6a9c7048fdd2f2e66d 5906e0af14af44b78d262d35bdab8cf5 - - default default] 10.0.0.203 "GET /v2.0/ports?device_id=2c1dc3e2-68d6-4ea8-a723-4a0a04509c4b HTTP/1.1" status: 200 len: 1415 time: 0.0775149
2026-04-28 08:55:05.814 9 INFO neutron.api.wsgi [req-85fb3216-b053-4eaf-bbf7-21acf29f0f5f req-d6e3f306-589c-4de2-9756-dd01c27a8c71 30587a6765614ce99c992f7605ee95af 0385b1eafcf1436ab1be06d0d76c6864 - - 1a9a9c801f84437c975186752f7bc6ba 1a9a9c801f84437c975186752f7bc6ba] 199.204.45.129 "GET /v2.0/networks/60e5727a-7856-4db1-af3d-e8cd50ff61f2?fields=provider%3Aphysical_network&fields=provider%3Anetwork_type HTTP/1.1" status: 200 len: 277 time: 0.0679042
2026-04-28 08:55:08.989 9 INFO neutron.api.wsgi [req-0fe22c0b-016d-4731-b187-a1e02feb4c30 req-3d0a6ae2-8ee1-4532-9250-10eedc86f8ce 30587a6765614ce99c992f7605ee95af 0385b1eafcf1436ab1be06d0d76c6864 - - 1a9a9c801f84437c975186752f7bc6ba 1a9a9c801f84437c975186752f7bc6ba] 199.204.45.129 "GET /v2.0/ports?device_id=2c1dc3e2-68d6-4ea8-a723-4a0a04509c4b HTTP/1.1" status: 200 len: 1415 time: 0.0347443
2026-04-28 08:55:09.024 9 INFO neutron.api.wsgi [req-0fe22c0b-016d-4731-b187-a1e02feb4c30 req-799ac513-5a94-4fd0-928e-6fa5fd2d21d3 30587a6765614ce99c992f7605ee95af 0385b1eafcf1436ab1be06d0d76c6864 - - 1a9a9c801f84437c975186752f7bc6ba 1a9a9c801f84437c975186752f7bc6ba] 199.204.45.129 "GET /v2.0/security-groups?id=bbb9c331-9fc3-4934-aead-4fe481397756&fields=id&fields=name HTTP/1.1" status: 200 len: 294 time: 0.0307543
2026-04-28 08:55:09.165 10 INFO neutron.plugins.ml2.drivers.ovn.mech_driver.mech_driver [None req-9e587fd4-6969-42d6-b6a1-7b79fda3d13d - - - - - -] OVN reports status up for port: 33b5b27f-8392-4ee9-ab2c-b39e1d44211d
2026-04-28 08:55:09.199 10 INFO neutron.plugins.ml2.plugin [None req-9e587fd4-6969-42d6-b6a1-7b79fda3d13d - - - - - -] Attempt 1 to provision port 33b5b27f-8392-4ee9-ab2c-b39e1d44211d
2026-04-28 08:55:09.218 9 INFO neutron.api.wsgi [req-96e9cde0-4107-4019-a702-33cb7f481eae req-b3ba2fd8-eeea-4867-9aa1-1cb15e81be69 a2b2aee04d4e4d6a9c7048fdd2f2e66d 5906e0af14af44b78d262d35bdab8cf5 - - default default] 10.0.0.203 "GET /v2.0/ports?device_id=2c1dc3e2-68d6-4ea8-a723-4a0a04509c4b HTTP/1.1" status: 200 len: 1415 time: 0.0334249
2026-04-28 08:55:09.259 9 INFO neutron.api.wsgi [req-96e9cde0-4107-4019-a702-33cb7f481eae req-edfeb0b1-8f40-4aaa-a90e-da986d1ed350 a2b2aee04d4e4d6a9c7048fdd2f2e66d 5906e0af14af44b78d262d35bdab8cf5 - - default default] 10.0.0.203 "GET /v2.0/security-groups?id=bbb9c331-9fc3-4934-aead-4fe481397756&fields=id&fields=name HTTP/1.1" status: 200 len: 294 time: 0.0334024
2026-04-28 08:55:09.342 10 INFO neutron.notifiers.nova [-] Nova event matching ['req-97d40647-0d6e-4f76-b9bd-6f1825fe221c'] response: {'server_uuid': '2c1dc3e2-68d6-4ea8-a723-4a0a04509c4b', 'name': 'network-vif-plugged', 'status': 'completed', 'tag': '33b5b27f-8392-4ee9-ab2c-b39e1d44211d', 'code': 200}
2026-04-28 08:55:09.377 10 INFO neutron.api.wsgi [req-1253ede5-3788-4f79-944d-7853e8b34ffe req-613d33b9-2a25-4198-94a9-53bee42badd8 a2b2aee04d4e4d6a9c7048fdd2f2e66d 5906e0af14af44b78d262d35bdab8cf5 - - default default] 10.0.0.203 "GET /v2.0/ports?device_id=2c1dc3e2-68d6-4ea8-a723-4a0a04509c4b HTTP/1.1" status: 200 len: 1417 time: 0.0560260
2026-04-28 08:55:09.543 10 INFO neutron.db.ovn_revision_numbers_db [None req-9e587fd4-6969-42d6-b6a1-7b79fda3d13d - - - - - -] Successfully bumped revision number for resource 33b5b27f-8392-4ee9-ab2c-b39e1d44211d (type: ports) to 5
2026-04-28 08:55:11.374 10 INFO neutron.notifiers.nova [-] Nova event matching ['req-ed370624-7f0f-4ea2-90ea-d0b211e657d7'] response: {'server_uuid': '2c1dc3e2-68d6-4ea8-a723-4a0a04509c4b', 'name': 'network-vif-plugged', 'status': 'completed', 'tag': '33b5b27f-8392-4ee9-ab2c-b39e1d44211d', 'code': 200}
2026-04-28 08:55:12.497 9 INFO neutron.api.wsgi [req-d963efbf-a00c-48ef-b5cf-35dde94cdd98 req-7449e485-7233-43f7-a071-6dd23f47361f a2b2aee04d4e4d6a9c7048fdd2f2e66d 5906e0af14af44b78d262d35bdab8cf5 - - default default] 10.0.0.203 "GET /v2.0/ports?device_id=2c1dc3e2-68d6-4ea8-a723-4a0a04509c4b HTTP/1.1" status: 200 len: 1417 time: 0.0494213
2026-04-28 08:55:12.537 9 INFO neutron.api.wsgi [req-d963efbf-a00c-48ef-b5cf-35dde94cdd98 req-2f268d88-ca2f-4255-9482-4c4a6db43b7a a2b2aee04d4e4d6a9c7048fdd2f2e66d 5906e0af14af44b78d262d35bdab8cf5 - - default default] 10.0.0.203 "GET /v2.0/security-groups?id=bbb9c331-9fc3-4934-aead-4fe481397756&fields=id&fields=name HTTP/1.1" status: 200 len: 294 time: 0.0342402 /var/lib/openstack/lib/python3.12/site-packages/pycadf/identifier.py:71: UserWarning: Invalid uuid: neutron. To ensure interoperability, identifiers should be a valid uuid. warnings.warn(('Invalid uuid: %s. To ensure interoperability, '
2026-04-28 08:55:12.631 10 INFO neutron.api.wsgi [req-d59727c1-5d49-4623-98b2-6480aa139ed1 req-16a91ffa-2f50-4e9b-900e-d7d82911bacf a2b2aee04d4e4d6a9c7048fdd2f2e66d 5906e0af14af44b78d262d35bdab8cf5 - - default default] 10.0.0.203 "GET /v2.0/ports?device_id=2c1dc3e2-68d6-4ea8-a723-4a0a04509c4b HTTP/1.1" status: 200 len: 1417 time: 0.0379050
2026-04-28 08:55:13.944 10 INFO neutron.api.wsgi [-] 10.0.0.81 "GET / HTTP/1.1" status: 200 len: 246 time: 0.0016625
2026-04-28 08:55:13.946 10 INFO neutron.api.wsgi [-] 10.0.0.81 "GET / HTTP/1.1" status: 200 len: 246 time: 0.0012569
2026-04-28 08:55:14.192 10 INFO neutron.api.wsgi [req-39f0a1b5-46af-48e3-99a3-aed4715ff37a req-052e9423-dd28-407b-8215-0151def6a53c 306fb4bea6da4572b503037ce978bfbd bc8a8a9723b34d55afab08dc27bd9f66 - - default default] 10.0.0.203 "GET /v2.0/ports?device_id=5b5af651-156e-4be2-bef1-53c77794e089 HTTP/1.1" status: 200 len: 1210 time: 0.1224332
2026-04-28 08:55:14.244 10 INFO neutron.api.wsgi [req-39f0a1b5-46af-48e3-99a3-aed4715ff37a req-de505e2c-801c-4e6e-8c4c-1c3ce7d66810 306fb4bea6da4572b503037ce978bfbd bc8a8a9723b34d55afab08dc27bd9f66 - - default default] 10.0.0.203 "GET /v2.0/security-groups?id=63eff3f6-2f82-4138-92d7-d3c7d2ee3d3f&id=f630a154-1567-467d-b972-cb96b5005a06&fields=id&fields=name HTTP/1.1" status: 200 len: 403 time: 0.0428598
2026-04-28 08:55:14.410 9 INFO neutron.api.wsgi [None req-7dde704a-8df8-42bb-8a79-54d22a23880f 6f0ac22003ee4446957fc9e324631155 133d01e7cb57404bbd4aba8a8d886da0 - - default default] 10.0.0.149 "GET /v2.0/ports?device_id=5b5af651-156e-4be2-bef1-53c77794e089 HTTP/1.1" status: 200 len: 1443 time: 0.1314092
2026-04-28 08:55:14.487 9 INFO neutron.api.wsgi [None req-b580fd81-70fd-4735-92d7-96b4ac46318c 306fb4bea6da4572b503037ce978bfbd bc8a8a9723b34d55afab08dc27bd9f66 - - default default] 10.0.0.149 "GET /v2.0/floatingips?floating_network_id=8301fb6d-9aec-4d84-b74f-b2012bc8b9c2&port_id=5b835ea4-b09a-4281-a49b-1bea64bb4cd5 HTTP/1.1" status: 200 len: 1054 time: 0.0711086
2026-04-28 08:55:14.764 10 INFO neutron.api.wsgi [req-6dd45fd1-14fb-405e-afcd-f121cc84b452 req-2a03c2c6-6c35-4da2-8251-efd8040f2752 30587a6765614ce99c992f7605ee95af 0385b1eafcf1436ab1be06d0d76c6864 - - 1a9a9c801f84437c975186752f7bc6ba 1a9a9c801f84437c975186752f7bc6ba] 10.0.0.214 "GET /v2.0/ports?device_id=5b5af651-156e-4be2-bef1-53c77794e089 HTTP/1.1" status: 200 len: 1448 time: 0.0372281
2026-04-28 08:55:14.814 10 INFO neutron.api.wsgi [req-6dd45fd1-14fb-405e-afcd-f121cc84b452 req-8d9eeacc-fae2-45c7-9f5e-3ca295a7584a 30587a6765614ce99c992f7605ee95af 0385b1eafcf1436ab1be06d0d76c6864 - - 1a9a9c801f84437c975186752f7bc6ba 1a9a9c801f84437c975186752f7bc6ba] 10.0.0.214 "GET /v2.0/security-groups?id=63eff3f6-2f82-4138-92d7-d3c7d2ee3d3f&id=f630a154-1567-467d-b972-cb96b5005a06&fields=id&fields=name HTTP/1.1" status: 200 len: 403 time: 0.0444772
2026-04-28 08:55:17.195 10 INFO neutron.api.wsgi [req-84d1930b-a05e-48df-a195-ae031f8401d7 req-125f3646-34da-42af-a7af-8a13a889eb99 306fb4bea6da4572b503037ce978bfbd bc8a8a9723b34d55afab08dc27bd9f66 - - default default] 10.0.0.203 "GET /v2.0/ports?device_id=5b5af651-156e-4be2-bef1-53c77794e089 HTTP/1.1" status: 200 len: 1210 time: 0.0471182
2026-04-28 08:55:17.263 10 INFO neutron.api.wsgi [req-84d1930b-a05e-48df-a195-ae031f8401d7 req-e2dc847c-8f1a-4033-ba54-7534ec16242c 306fb4bea6da4572b503037ce978bfbd bc8a8a9723b34d55afab08dc27bd9f66 - - default default] 10.0.0.203 "GET /v2.0/security-groups?id=63eff3f6-2f82-4138-92d7-d3c7d2ee3d3f&id=f630a154-1567-467d-b972-cb96b5005a06&fields=id&fields=name HTTP/1.1" status: 200 len: 403 time: 0.0614598
2026-04-28 08:55:17.710 10 INFO neutron.plugins.ml2.drivers.ovn.mech_driver.mech_driver [None req-c54b7f3e-1221-4d93-ab8f-5631712cec58 - - - - - -] OVN reports status down for port: 5b835ea4-b09a-4281-a49b-1bea64bb4cd5
2026-04-28 08:55:17.897 10 INFO neutron.notifiers.nova [-] Nova event matching ['req-4d0ecd2c-48bd-4d5a-ae34-6ce51f7d8531'] response: {'server_uuid': '5b5af651-156e-4be2-bef1-53c77794e089', 'name': 'network-vif-unplugged', 'status': 'completed', 'tag': '5b835ea4-b09a-4281-a49b-1bea64bb4cd5', 'code': 200}
2026-04-28 08:55:18.023 10 INFO neutron.db.ovn_revision_numbers_db [None req-c54b7f3e-1221-4d93-ab8f-5631712cec58 - - - - - -] Successfully bumped revision number for resource 5b835ea4-b09a-4281-a49b-1bea64bb4cd5 (type: ports) to 6 /var/lib/openstack/lib/python3.12/site-packages/pycadf/identifier.py:71: UserWarning: Invalid uuid: neutron. To ensure interoperability, identifiers should be a valid uuid. warnings.warn(('Invalid uuid: %s. To ensure interoperability, '
2026-04-28 08:55:18.376 10 INFO neutron.api.wsgi [req-de698feb-1004-4ccb-aeb8-8577ee55fb51 req-cd4ceaba-f3d1-4e51-9928-d897d51a56ab 306fb4bea6da4572b503037ce978bfbd bc8a8a9723b34d55afab08dc27bd9f66 - - default default] 10.0.0.203 "GET /v2.0/ports?device_id=5b5af651-156e-4be2-bef1-53c77794e089 HTTP/1.1" status: 200 len: 1208 time: 0.0441556
2026-04-28 08:55:18.428 10 INFO neutron.api.wsgi [req-de698feb-1004-4ccb-aeb8-8577ee55fb51 req-438f4c66-dda1-431c-9dc8-0e5196625dab 306fb4bea6da4572b503037ce978bfbd bc8a8a9723b34d55afab08dc27bd9f66 - - default default] 10.0.0.203 "GET /v2.0/security-groups?id=63eff3f6-2f82-4138-92d7-d3c7d2ee3d3f&id=f630a154-1567-467d-b972-cb96b5005a06&fields=id&fields=name HTTP/1.1" status: 200 len: 403 time: 0.0474770
2026-04-28 08:55:18.997 9 INFO neutron.api.wsgi [req-8d74131f-9cc3-49b0-a0a7-ae6023de083a req-23faf1b5-a6c4-4f5a-8f2b-a93a3fa28981 306fb4bea6da4572b503037ce978bfbd bc8a8a9723b34d55afab08dc27bd9f66 - - default default] 199.204.45.129 "GET /v2.0/ports?device_id=5b5af651-156e-4be2-bef1-53c77794e089 HTTP/1.1" status: 200 len: 1208 time: 0.0836091
2026-04-28 08:55:19.425 9 INFO neutron.db.l3_db [req-8d74131f-9cc3-49b0-a0a7-ae6023de083a req-42f39cbc-4d4e-49e3-a121-eb754fcc6518 306fb4bea6da4572b503037ce978bfbd bc8a8a9723b34d55afab08dc27bd9f66 - - default default] Floating IP a24bdf8a-437c-4d29-9724-a18097281da4 disassociated. External IP: 10.96.250.212, port: 5b835ea4-b09a-4281-a49b-1bea64bb4cd5. /var/lib/openstack/lib/python3.12/site-packages/pycadf/identifier.py:71: UserWarning: Invalid uuid: neutron. To ensure interoperability, identifiers should be a valid uuid. warnings.warn(('Invalid uuid: %s. To ensure interoperability, '
2026-04-28 08:55:19.555 9 INFO neutron.api.wsgi [req-ac99199b-c41e-4b5d-9bf4-8ec39e629184 req-747751af-0d49-47c5-870b-7249776993f8 306fb4bea6da4572b503037ce978bfbd bc8a8a9723b34d55afab08dc27bd9f66 - - default default] 10.0.0.203 "GET /v2.0/ports?device_id=5b5af651-156e-4be2-bef1-53c77794e089 HTTP/1.1" status: 200 len: 1208 time: 0.0509391
2026-04-28 08:55:19.617 9 INFO neutron.api.wsgi [req-ac99199b-c41e-4b5d-9bf4-8ec39e629184 req-8af1f71c-0a87-4192-aec2-909db5940629 306fb4bea6da4572b503037ce978bfbd bc8a8a9723b34d55afab08dc27bd9f66 - - default default] 10.0.0.203 "GET /v2.0/security-groups?id=63eff3f6-2f82-4138-92d7-d3c7d2ee3d3f&id=f630a154-1567-467d-b972-cb96b5005a06&fields=id&fields=name HTTP/1.1" status: 200 len: 403 time: 0.0586631
2026-04-28 08:55:19.629 9 INFO neutron.api.wsgi [req-8d74131f-9cc3-49b0-a0a7-ae6023de083a req-42f39cbc-4d4e-49e3-a121-eb754fcc6518 306fb4bea6da4572b503037ce978bfbd bc8a8a9723b34d55afab08dc27bd9f66 - - default default] 199.204.45.129 "DELETE /v2.0/ports/5b835ea4-b09a-4281-a49b-1bea64bb4cd5 HTTP/1.1" status: 204 len: 173 time: 0.6273003
2026-04-28 08:55:19.667 9 INFO neutron.notifiers.nova [-] Nova event matching ['req-27fc50ef-6556-4160-9d02-2774a2afef03'] response: {'server_uuid': '5b5af651-156e-4be2-bef1-53c77794e089', 'name': 'network-vif-deleted', 'tag': '5b835ea4-b09a-4281-a49b-1bea64bb4cd5', 'status': 'completed', 'code': 200}
2026-04-28 08:55:19.940 10 INFO neutron.notifiers.nova [-] Nova event matching ['req-56479603-f9d4-45ee-ae64-edb23c53fdd2'] response: {'server_uuid': '5b5af651-156e-4be2-bef1-53c77794e089', 'name': 'network-vif-unplugged', 'status': 'completed', 'tag': '5b835ea4-b09a-4281-a49b-1bea64bb4cd5', 'code': 200}
2026-04-28 08:55:20.705 10 INFO neutron.api.wsgi [req-bedb5166-3514-4952-a57a-cbb92ea32daf req-87f53d6e-2313-4b9d-9daf-6535c11befe4 306fb4bea6da4572b503037ce978bfbd bc8a8a9723b34d55afab08dc27bd9f66 - - default default] 10.0.0.203 "GET /v2.0/ports?device_id=5b5af651-156e-4be2-bef1-53c77794e089 HTTP/1.1" status: 200 len: 210 time: 0.0205553
2026-04-28 08:55:21.165 9 INFO neutron.api.wsgi [req-947f6e48-3bfd-4003-89cb-b1fb06bd2f6d req-dbdeb5e6-b4eb-457e-acee-7ba12d503bc7 30587a6765614ce99c992f7605ee95af 0385b1eafcf1436ab1be06d0d76c6864 - - 1a9a9c801f84437c975186752f7bc6ba 1a9a9c801f84437c975186752f7bc6ba] 199.204.45.129 "GET /v2.0/ports?device_id=5bfd7f5b-15dd-487e-84e2-caf1c33a2745&fields=binding%3Ahost_id&fields=binding%3Avif_type HTTP/1.1" status: 200 len: 265 time: 0.0320256
2026-04-28 08:55:21.810 9 INFO neutron.api.wsgi [req-496af855-e742-455f-8ee2-4a4e242d8c66 req-3613a61d-3307-4229-a010-6ca9e35a9b3b 306fb4bea6da4572b503037ce978bfbd bc8a8a9723b34d55afab08dc27bd9f66 - - default default] 10.0.0.203 "GET /v2.0/ports?device_id=5b5af651-156e-4be2-bef1-53c77794e089 HTTP/1.1" status: 200 len: 210 time: 0.0262065
2026-04-28 08:55:22.221 9 INFO neutron.api.wsgi [req-947f6e48-3bfd-4003-89cb-b1fb06bd2f6d req-5f0290fd-d2cf-4ea1-b500-9f9d1cc4cd98 30587a6765614ce99c992f7605ee95af 0385b1eafcf1436ab1be06d0d76c6864 - - 1a9a9c801f84437c975186752f7bc6ba 1a9a9c801f84437c975186752f7bc6ba] 199.204.45.129 "GET /v2.0/ports?tenant_id=233b3b5a7793422989072e8b84eb46a7&device_id=5bfd7f5b-15dd-487e-84e2-caf1c33a2745 HTTP/1.1" status: 200 len: 1634 time: 0.0411036
2026-04-28 08:55:22.801 9 INFO neutron.api.wsgi [req-947f6e48-3bfd-4003-89cb-b1fb06bd2f6d req-42003650-e0dd-4029-8c11-4b713cd72a23 30587a6765614ce99c992f7605ee95af 0385b1eafcf1436ab1be06d0d76c6864 - - 1a9a9c801f84437c975186752f7bc6ba 1a9a9c801f84437c975186752f7bc6ba] 199.204.45.129 "GET /v2.0/networks?id=ebc60d29-612c-450f-a86b-15b48b36b6f5 HTTP/1.1" status: 200 len: 1002 time: 0.0650041
2026-04-28 08:55:22.834 9 INFO neutron.api.wsgi [req-947f6e48-3bfd-4003-89cb-b1fb06bd2f6d req-6b680387-25e9-47d7-b061-3febe691cb37 30587a6765614ce99c992f7605ee95af 0385b1eafcf1436ab1be06d0d76c6864 - - 1a9a9c801f84437c975186752f7bc6ba 1a9a9c801f84437c975186752f7bc6ba] 199.204.45.129 "GET /v2.0/floatingips?fixed_ip_address=10.2.1.192&port_id=87a3ae7f-49a0-4430-806c-eba2dedbd1c9 HTTP/1.1" status: 200 len: 1059 time: 0.0288644
2026-04-28 08:55:22.857 9 INFO neutron.api.wsgi [req-947f6e48-3bfd-4003-89cb-b1fb06bd2f6d req-3f184abf-dc57-4a02-a5a5-97690ba090a8 30587a6765614ce99c992f7605ee95af 0385b1eafcf1436ab1be06d0d76c6864 - - 1a9a9c801f84437c975186752f7bc6ba 1a9a9c801f84437c975186752f7bc6ba] 199.204.45.129 "GET /v2.0/floatingips?fixed_ip_address=fd7b%3Af9f7%3Afff%3A4eca%3A%3A2c&port_id=87a3ae7f-49a0-4430-806c-eba2dedbd1c9 HTTP/1.1" status: 200 len: 217 time: 0.0180507
2026-04-28 08:55:22.899 9 INFO neutron.api.wsgi [req-947f6e48-3bfd-4003-89cb-b1fb06bd2f6d req-2913df8e-a57d-46c3-9185-44d26e2c6021 30587a6765614ce99c992f7605ee95af 0385b1eafcf1436ab1be06d0d76c6864 - - 1a9a9c801f84437c975186752f7bc6ba 1a9a9c801f84437c975186752f7bc6ba] 199.204.45.129 "GET /v2.0/subnets?id=ae2a2737-c4f4-43a9-b4ee-658699825cd9&id=005b4cb0-7ff9-43fd-a2c5-43295a23bfe0 HTTP/1.1" status: 200 len: 1609 time: 0.0348892
2026-04-28 08:55:22.907 10 INFO neutron.api.wsgi [req-a22df29e-dfa8-48d4-b056-10437815342e req-12a1e13a-fb3f-429b-bf86-cee2165fec39 306fb4bea6da4572b503037ce978bfbd bc8a8a9723b34d55afab08dc27bd9f66 - - default default] 10.0.0.203 "GET /v2.0/ports?device_id=5b5af651-156e-4be2-bef1-53c77794e089 HTTP/1.1" status: 200 len: 210 time: 0.0227644
2026-04-28 08:55:22.923 9 INFO neutron.api.wsgi [req-947f6e48-3bfd-4003-89cb-b1fb06bd2f6d req-ad42fb7b-135d-4d20-990f-58f9938c9b36 30587a6765614ce99c992f7605ee95af 0385b1eafcf1436ab1be06d0d76c6864 - - 1a9a9c801f84437c975186752f7bc6ba 1a9a9c801f84437c975186752f7bc6ba] 199.204.45.129 "GET /v2.0/ports?network_id=ebc60d29-612c-450f-a86b-15b48b36b6f5&device_owner=network%3Adhcp HTTP/1.1" status: 200 len: 210 time: 0.0190368
2026-04-28 08:55:22.945 9 INFO neutron.api.wsgi [req-947f6e48-3bfd-4003-89cb-b1fb06bd2f6d req-bf38c341-8c57-4721-bd3c-ac51fecbf63d 30587a6765614ce99c992f7605ee95af 0385b1eafcf1436ab1be06d0d76c6864 - - 1a9a9c801f84437c975186752f7bc6ba 1a9a9c801f84437c975186752f7bc6ba] 199.204.45.129 "GET /v2.0/ports?network_id=ebc60d29-612c-450f-a86b-15b48b36b6f5&device_owner=network%3Adhcp HTTP/1.1" status: 200 len: 210 time: 0.0170426
2026-04-28 08:55:22.995 9 INFO neutron.api.wsgi [req-947f6e48-3bfd-4003-89cb-b1fb06bd2f6d req-2009e998-fc1f-4ba3-86a5-4a7cd394450a 30587a6765614ce99c992f7605ee95af 0385b1eafcf1436ab1be06d0d76c6864 - - 1a9a9c801f84437c975186752f7bc6ba 1a9a9c801f84437c975186752f7bc6ba] 199.204.45.129 "GET /v2.0/networks/ebc60d29-612c-450f-a86b-15b48b36b6f5?fields=segments HTTP/1.1" status: 200 len: 212 time: 0.0430841
2026-04-28 08:55:23.038 9 INFO neutron.api.wsgi [req-947f6e48-3bfd-4003-89cb-b1fb06bd2f6d req-06f05838-9b76-4449-8a12-b2d399987507 30587a6765614ce99c992f7605ee95af 0385b1eafcf1436ab1be06d0d76c6864 - - 1a9a9c801f84437c975186752f7bc6ba 1a9a9c801f84437c975186752f7bc6ba] 199.204.45.129 "GET /v2.0/networks/ebc60d29-612c-450f-a86b-15b48b36b6f5?fields=provider%3Aphysical_network&fields=provider%3Anetwork_type HTTP/1.1" status: 200 len: 277 time: 0.0400462
2026-04-28 08:55:24.218 9 INFO neutron.api.wsgi [None req-e840b5d9-9ab4-4b87-9d22-d050d7518ee8 306fb4bea6da4572b503037ce978bfbd bc8a8a9723b34d55afab08dc27bd9f66 - - default default] 10.0.0.149 "DELETE /v2.0/security-groups/f630a154-1567-467d-b972-cb96b5005a06 HTTP/1.1" status: 204 len: 168 time: 0.1529109
2026-04-28 08:55:24.232 9 INFO neutron.api.v2.resource [None req-25043117-12dd-4faa-ab7f-9908e6ef7b4c 306fb4bea6da4572b503037ce978bfbd bc8a8a9723b34d55afab08dc27bd9f66 - - default default] show failed (client error): The resource could not be found.
2026-04-28 08:55:24.233 9 INFO neutron.api.wsgi [None req-25043117-12dd-4faa-ab7f-9908e6ef7b4c 306fb4bea6da4572b503037ce978bfbd bc8a8a9723b34d55afab08dc27bd9f66 - - default default] 10.0.0.149 "GET /v2.0/security-groups/f630a154-1567-467d-b972-cb96b5005a06 HTTP/1.1" status: 404 len: 347 time: 0.0095627
2026-04-28 08:55:24.577 9 INFO neutron.api.wsgi [None req-6505ee9a-7b38-4f2f-964b-5cafd249d2e5 306fb4bea6da4572b503037ce978bfbd bc8a8a9723b34d55afab08dc27bd9f66 - - default default] 10.0.0.149 "DELETE /v2.0/floatingips/a24bdf8a-437c-4d29-9724-a18097281da4 HTTP/1.1" status: 204 len: 168 time: 0.3389688
2026-04-28 08:55:24.749 9 INFO neutron.api.wsgi [None req-d8d3622d-c6d6-4e27-bc31-88afaf42394e 306fb4bea6da4572b503037ce978bfbd bc8a8a9723b34d55afab08dc27bd9f66 - - default default] 10.0.0.149 "DELETE /v2.0/security-groups/63eff3f6-2f82-4138-92d7-d3c7d2ee3d3f HTTP/1.1" status: 204 len: 168 time: 0.1663492
2026-04-28 08:55:25.996 10 INFO neutron.api.wsgi [None req-5a7cfb7a-d374-4671-a56d-34ed8160d9b4 a2b2aee04d4e4d6a9c7048fdd2f2e66d 5906e0af14af44b78d262d35bdab8cf5 - - default default] 10.0.0.149 "PUT /v2.0/routers/ac6eea62-6f00-4910-be56-cbf1b5f7ac35/remove_router_interface HTTP/1.1" status: 200 len: 503 time: 1.2098362 /var/lib/openstack/lib/python3.12/site-packages/pycadf/identifier.py:71: UserWarning: Invalid uuid: neutron. To ensure interoperability, identifiers should be a valid uuid. warnings.warn(('Invalid uuid: %s. To ensure interoperability, '
2026-04-28 08:55:26.756 10 INFO neutron.api.wsgi [None req-1c768a30-3cca-4e55-8917-9ab4542b52ae a2b2aee04d4e4d6a9c7048fdd2f2e66d 5906e0af14af44b78d262d35bdab8cf5 - - default default] 10.0.0.149 "DELETE /v2.0/routers/ac6eea62-6f00-4910-be56-cbf1b5f7ac35 HTTP/1.1" status: 204 len: 168 time: 0.7551835
2026-04-28 08:55:26.945 9 INFO neutron.api.wsgi [None req-ebdb2896-4209-447a-8924-7f9f8280de88 a2b2aee04d4e4d6a9c7048fdd2f2e66d 5906e0af14af44b78d262d35bdab8cf5 - - default default] 10.0.0.149 "DELETE /v2.0/subnets/af9d15c3-184a-44ea-811c-bbf7d87afef3 HTTP/1.1" status: 204 len: 168 time: 0.1745994
2026-04-28 08:55:27.316 9 INFO neutron.api.wsgi [None req-eb408315-68f9-45e2-afcd-0e30d97dab75 a2b2aee04d4e4d6a9c7048fdd2f2e66d 5906e0af14af44b78d262d35bdab8cf5 - - default default] 10.0.0.149 "DELETE /v2.0/networks/98db910f-54f2-469d-92de-75b97726af01 HTTP/1.1" status: 204 len: 168 time: 0.3654990
2026-04-28 08:55:27.406 9 INFO neutron.services.segments.plugin [-] Segment de586b70-6fd2-49fd-8e0d-3ae901ee8ecd resource provider aggregate not found
2026-04-28 08:55:27.414 9 INFO neutron.services.segments.plugin [-] Segment de586b70-6fd2-49fd-8e0d-3ae901ee8ecd resource provider aggregate not found
2026-04-28 08:55:27.421 9 INFO neutron.services.segments.plugin [-] Segment de586b70-6fd2-49fd-8e0d-3ae901ee8ecd resource provider not found; error: Placement Client Error (4xx): {"errors": [{"status": 404, "title": "Not Found", "detail": "The resource could not be found.\n\n No resource provider with uuid de586b70-6fd2-49fd-8e0d-3ae901ee8ecd found for delete ", "request_id": "req-77577fd4-112a-4ee3-9023-e6530d6cbc77"}]}
2026-04-28 08:55:27.434 9 INFO neutron.services.segments.plugin [-] Segment de586b70-6fd2-49fd-8e0d-3ae901ee8ecd resource provider not found; error: Placement Client Error (4xx): {"errors": [{"status": 404, "title": "Not Found", "detail": "The resource could not be found.\n\n No resource provider with uuid de586b70-6fd2-49fd-8e0d-3ae901ee8ecd found for delete ", "request_id": "req-7da4b89f-586a-4044-a29b-666784fa3672"}]}
2026-04-28 08:55:28.891 9 INFO neutron.api.wsgi [None req-bad51536-f001-4a68-a30e-6faaabe1813b a2b2aee04d4e4d6a9c7048fdd2f2e66d 5906e0af14af44b78d262d35bdab8cf5 - - default default] 10.0.0.149 "PUT /v2.0/routers/12853d42-3a01-4945-86d2-12cc458bfc8b/remove_router_interface HTTP/1.1" status: 200 len: 503 time: 1.5679858 /var/lib/openstack/lib/python3.12/site-packages/pycadf/identifier.py:71: UserWarning: Invalid uuid: neutron. To ensure interoperability, identifiers should be a valid uuid. warnings.warn(('Invalid uuid: %s. To ensure interoperability, '
2026-04-28 08:55:28.947 10 INFO neutron.api.wsgi [-] 10.0.0.81 "GET / HTTP/1.1" status: 200 len: 246 time: 0.0037251
2026-04-28 08:55:28.948 9 INFO neutron.api.wsgi [-] 10.0.0.81 "GET / HTTP/1.1" status: 200 len: 246 time: 0.0045905
2026-04-28 08:55:30.010 9 INFO neutron.api.wsgi [None req-baf86d82-7427-4b04-820f-779ec016e56b a2b2aee04d4e4d6a9c7048fdd2f2e66d 5906e0af14af44b78d262d35bdab8cf5 - - default default] 10.0.0.149 "DELETE /v2.0/routers/12853d42-3a01-4945-86d2-12cc458bfc8b HTTP/1.1" status: 204 len: 168 time: 1.1141238
2026-04-28 08:55:30.253 9 INFO neutron.api.wsgi [None req-4c0a12df-0649-4aae-a2b5-aadd35680ff2 a2b2aee04d4e4d6a9c7048fdd2f2e66d 5906e0af14af44b78d262d35bdab8cf5 - - default default] 10.0.0.149 "DELETE /v2.0/subnets/2ff2274a-4eb5-4496-aa96-fab4ee0a3c43 HTTP/1.1" status: 204 len: 168 time: 0.2378979
2026-04-28 08:55:30.604 9 INFO neutron.services.segments.plugin [-] Segment 6f2fa324-b661-41fa-a7ab-55b71f86d500 resource provider aggregate not found
2026-04-28 08:55:30.609 9 INFO neutron.services.segments.plugin [-] Segment 6f2fa324-b661-41fa-a7ab-55b71f86d500 resource provider aggregate not found
2026-04-28 08:55:30.627 9 INFO neutron.services.segments.plugin [-] Segment 6f2fa324-b661-41fa-a7ab-55b71f86d500 resource provider not found; error: Placement Client Error (4xx): {"errors": [{"status": 404, "title": "Not Found", "detail": "The resource could not be found.\n\n No resource provider with uuid 6f2fa324-b661-41fa-a7ab-55b71f86d500 found for delete ", "request_id": "req-44867fc1-e82a-404a-8899-896bb624e8f2"}]}
2026-04-28 08:55:30.631 9 INFO neutron.services.segments.plugin [-] Segment 6f2fa324-b661-41fa-a7ab-55b71f86d500 resource provider not found; error: Placement Client Error (4xx): {"errors": [{"status": 404, "title": "Not Found", "detail": "The resource could not be found.\n\n No resource provider with uuid 6f2fa324-b661-41fa-a7ab-55b71f86d500 found for delete ", "request_id": "req-78f7fdc7-3c0a-41b2-b5e2-28c2f73f06e0"}]}
2026-04-28 08:55:30.648 9 INFO neutron.api.wsgi [None req-a862b33c-fc77-414c-b40e-32ac48d1bcbd a2b2aee04d4e4d6a9c7048fdd2f2e66d 5906e0af14af44b78d262d35bdab8cf5 - - default default] 10.0.0.149 "DELETE /v2.0/networks/4e3fc48a-c210-429b-92a1-b2ff4c761480 HTTP/1.1" status: 204 len: 168 time: 0.3870537
