2026-04-28 08:53:55.969 10 INFO neutron.api.wsgi [req-6059f162-0599-4677-b925-5498575d3358 req-37fa254b-6b27-48ed-9dc1-1c9212d8be98 638e897ae44646c6baf03fd8f4e464ed 3fa0c24fe55541f4a40c26364376413f - - default default] 199.204.45.129 "POST /v2.0/ports HTTP/1.1" status: 201 len: 1162 time: 0.6248813 /var/lib/openstack/lib/python3.12/site-packages/pycadf/identifier.py:71: UserWarning: Invalid uuid: neutron. To ensure interoperability, identifiers should be a valid uuid. warnings.warn(('Invalid uuid: %s. To ensure interoperability, '
2026-04-28 08:53:56.090 9 INFO neutron.db.ovn_revision_numbers_db [None req-2fd83f7a-a170-40e4-bb92-d652d80f7829 586693900a4e494197bd6f64c0f28924 233b3b5a7793422989072e8b84eb46a7 - - default default] Successfully bumped revision number for resource 4eaba926-c7f6-4240-be43-b318121a4127 (type: security_group_rules) to 0
2026-04-28 08:53:56.138 9 INFO neutron.api.wsgi [None req-2fd83f7a-a170-40e4-bb92-d652d80f7829 586693900a4e494197bd6f64c0f28924 233b3b5a7793422989072e8b84eb46a7 - - default default] 10.0.0.149 "POST /v2.0/security-group-rules HTTP/1.1" status: 201 len: 796 time: 0.3628550 /var/lib/openstack/lib/python3.12/site-packages/pycadf/identifier.py:71: UserWarning: Invalid uuid: neutron. To ensure interoperability, identifiers should be a valid uuid. warnings.warn(('Invalid uuid: %s. To ensure interoperability, '
2026-04-28 08:53:56.447 9 INFO neutron.api.wsgi [req-a72c22d2-ec33-4174-91d3-1032ced6f41e req-bc6f8be3-44e3-4a7b-9655-5786e328e25d 638e897ae44646c6baf03fd8f4e464ed 3fa0c24fe55541f4a40c26364376413f - - default default] 10.0.0.203 "GET /v2.0/ports?device_id=ad9a7f3e-a667-4f28-aa74-c39e34bdbbdd HTTP/1.1" status: 200 len: 1172 time: 0.0789478
2026-04-28 08:53:56.474 10 INFO neutron.api.wsgi [req-53742fcc-f9de-4dae-b7bc-96064675e0c0 req-ce8b112e-9af0-4ed9-ba79-a319cfebde6d 586693900a4e494197bd6f64c0f28924 233b3b5a7793422989072e8b84eb46a7 - - default default] 10.0.0.203 "GET /v2.0/security-groups?name=tempest-lb_member_SG-1895820794&fields=id&tenant_id=233b3b5a7793422989072e8b84eb46a7 HTTP/1.1" status: 200 len: 267 time: 0.0412030
2026-04-28 08:53:56.491 9 INFO neutron.api.wsgi [req-a72c22d2-ec33-4174-91d3-1032ced6f41e req-ae7200f3-2b9b-46f4-bc1b-574068b024f6 638e897ae44646c6baf03fd8f4e464ed 3fa0c24fe55541f4a40c26364376413f - - default default] 10.0.0.203 "GET /v2.0/security-groups?id=6b754ae5-d0a4-4504-aedc-4db25b36a930&fields=id&fields=name HTTP/1.1" status: 200 len: 286 time: 0.0355372
2026-04-28 08:53:56.519 10 INFO neutron.api.wsgi [req-53742fcc-f9de-4dae-b7bc-96064675e0c0 req-23c9fe72-0d75-4f4f-91f6-91bc0fe96e11 586693900a4e494197bd6f64c0f28924 233b3b5a7793422989072e8b84eb46a7 - - default default] 10.0.0.203 "GET /v2.0/networks?id=ebc60d29-612c-450f-a86b-15b48b36b6f5 HTTP/1.1" status: 200 len: 903 time: 0.0396204
2026-04-28 08:53:56.520 10 INFO neutron.db.ovn_revision_numbers_db [req-6059f162-0599-4677-b925-5498575d3358 req-977af636-e9f9-4fdd-a157-4bd4279d93e2 30587a6765614ce99c992f7605ee95af 0385b1eafcf1436ab1be06d0d76c6864 - - 1a9a9c801f84437c975186752f7bc6ba 1a9a9c801f84437c975186752f7bc6ba] Successfully bumped revision number for resource 72f253da-c072-483f-a72c-da3db82b6503 (type: ports) to 2
2026-04-28 08:53:56.536 10 INFO neutron.api.wsgi [req-53742fcc-f9de-4dae-b7bc-96064675e0c0 req-bf4288ba-2595-4dba-b07a-bce265790c94 586693900a4e494197bd6f64c0f28924 233b3b5a7793422989072e8b84eb46a7 - - default default] 10.0.0.203 "GET /v2.0/quotas/233b3b5a7793422989072e8b84eb46a7 HTTP/1.1" status: 200 len: 491 time: 0.0107925
2026-04-28 08:53:56.719 10 INFO neutron.api.wsgi [req-53742fcc-f9de-4dae-b7bc-96064675e0c0 req-72ddcbfe-5bde-44f1-9294-2ce5eb250670 586693900a4e494197bd6f64c0f28924 233b3b5a7793422989072e8b84eb46a7 - - default default] 10.0.0.203 "GET /v2.0/ports?tenant_id=233b3b5a7793422989072e8b84eb46a7&fields=id HTTP/1.1" status: 200 len: 486 time: 0.1783578 /var/lib/openstack/lib/python3.12/site-packages/pycadf/identifier.py:71: UserWarning: Invalid uuid: neutron. To ensure interoperability, identifiers should be a valid uuid. warnings.warn(('Invalid uuid: %s. To ensure interoperability, '
2026-04-28 08:53:56.787 10 INFO neutron.api.wsgi [req-53742fcc-f9de-4dae-b7bc-96064675e0c0 req-f4571046-53a4-4da3-b51d-0ce04c212a1d 30587a6765614ce99c992f7605ee95af 0385b1eafcf1436ab1be06d0d76c6864 - - 1a9a9c801f84437c975186752f7bc6ba 1a9a9c801f84437c975186752f7bc6ba] 10.0.0.203 "GET /v2.0/networks/ebc60d29-612c-450f-a86b-15b48b36b6f5?fields=segments HTTP/1.1" status: 200 len: 212 time: 0.0559866
2026-04-28 08:53:56.845 10 INFO neutron.api.wsgi [req-53742fcc-f9de-4dae-b7bc-96064675e0c0 req-51c0be49-4c70-4d30-bb4d-35999da9bf1c 30587a6765614ce99c992f7605ee95af 0385b1eafcf1436ab1be06d0d76c6864 - - 1a9a9c801f84437c975186752f7bc6ba 1a9a9c801f84437c975186752f7bc6ba] 10.0.0.203 "GET /v2.0/networks/ebc60d29-612c-450f-a86b-15b48b36b6f5?fields=provider%3Aphysical_network&fields=provider%3Anetwork_type HTTP/1.1" status: 200 len: 277 time: 0.0499904
2026-04-28 08:53:56.854 10 INFO neutron.db.ovn_revision_numbers_db [req-6059f162-0599-4677-b925-5498575d3358 req-977af636-e9f9-4fdd-a157-4bd4279d93e2 30587a6765614ce99c992f7605ee95af 0385b1eafcf1436ab1be06d0d76c6864 - - 1a9a9c801f84437c975186752f7bc6ba 1a9a9c801f84437c975186752f7bc6ba] Successfully bumped revision number for resource 72f253da-c072-483f-a72c-da3db82b6503 (type: ports) to 4
2026-04-28 08:53:56.872 10 INFO neutron.api.wsgi [req-6059f162-0599-4677-b925-5498575d3358 req-977af636-e9f9-4fdd-a157-4bd4279d93e2 30587a6765614ce99c992f7605ee95af 0385b1eafcf1436ab1be06d0d76c6864 - - 1a9a9c801f84437c975186752f7bc6ba 1a9a9c801f84437c975186752f7bc6ba] 199.204.45.129 "PUT /v2.0/ports/72f253da-c072-483f-a72c-da3db82b6503 HTTP/1.1" status: 200 len: 1408 time: 0.8973985
2026-04-28 08:53:56.914 10 INFO neutron.notifiers.nova [-] Nova event matching ['req-91e0c2ea-cb02-4f34-96ad-40c77a84ae7e'] response: {'name': 'network-changed', 'server_uuid': 'ad9a7f3e-a667-4f28-aa74-c39e34bdbbdd', 'tag': '72f253da-c072-483f-a72c-da3db82b6503', 'status': 'completed', 'code': 200}
2026-04-28 08:53:57.001 9 INFO neutron.api.wsgi [req-e6d28a4f-1cc5-4d8a-b5a5-29501f384bfa req-09e2deca-d3dd-4630-9eb2-fce6182836af 586693900a4e494197bd6f64c0f28924 233b3b5a7793422989072e8b84eb46a7 - - default default] 10.0.0.203 "GET /v2.0/ports?device_id=5bfd7f5b-15dd-487e-84e2-caf1c33a2745 HTTP/1.1" status: 200 len: 210 time: 0.0197558
2026-04-28 08:53:57.320 10 WARNING neutron.plugins.ml2.drivers.ovn.mech_driver.ovsdb.ovn_client [None req-7a939588-4567-4cba-b882-325a8d9db2fb - - - - - -] No hosting information found for port ca79f7a8-3b08-4f83-be84-182bbc7c53f6: RuntimeError: No hosting information found for port ca79f7a8-3b08-4f83-be84-182bbc7c53f6
2026-04-28 08:53:57.401 10 INFO neutron.db.ovn_revision_numbers_db [None req-7a939588-4567-4cba-b882-325a8d9db2fb - - - - - -] Successfully bumped revision number for resource ca79f7a8-3b08-4f83-be84-182bbc7c53f6 (type: router_ports) to 2
2026-04-28 08:53:57.475 10 INFO neutron.api.wsgi [req-a83c39d6-eb59-4e45-bcad-879b9e6a6a7c req-47518b0a-0e68-4205-9d9c-13296f728a2b 30587a6765614ce99c992f7605ee95af 0385b1eafcf1436ab1be06d0d76c6864 - - 1a9a9c801f84437c975186752f7bc6ba 1a9a9c801f84437c975186752f7bc6ba] 199.204.45.129 "GET /v2.0/ports?tenant_id=3fa0c24fe55541f4a40c26364376413f&device_id=ad9a7f3e-a667-4f28-aa74-c39e34bdbbdd HTTP/1.1" status: 200 len: 1411 time: 0.0401719
2026-04-28 08:53:57.531 10 INFO neutron.api.wsgi [req-a83c39d6-eb59-4e45-bcad-879b9e6a6a7c req-40b85529-6d35-47fb-997c-cf3b5d59deb9 30587a6765614ce99c992f7605ee95af 0385b1eafcf1436ab1be06d0d76c6864 - - 1a9a9c801f84437c975186752f7bc6ba 1a9a9c801f84437c975186752f7bc6ba] 199.204.45.129 "GET /v2.0/networks?tenant_id=3fa0c24fe55541f4a40c26364376413f&shared=False HTTP/1.1" status: 200 len: 971 time: 0.0497861
2026-04-28 08:53:57.601 10 INFO neutron.api.wsgi [req-a83c39d6-eb59-4e45-bcad-879b9e6a6a7c req-a7bc1ef9-aa15-4a65-b379-30e4126b6065 30587a6765614ce99c992f7605ee95af 0385b1eafcf1436ab1be06d0d76c6864 - - 1a9a9c801f84437c975186752f7bc6ba 1a9a9c801f84437c975186752f7bc6ba] 199.204.45.129 "GET /v2.0/networks?shared=True HTTP/1.1" status: 200 len: 952 time: 0.0628321
2026-04-28 08:53:57.638 10 INFO neutron.api.wsgi [req-ab17a4fe-7508-4705-9994-db30e033fd83 req-ccf31272-0be9-421f-bbfd-707d8f0710e4 638e897ae44646c6baf03fd8f4e464ed 3fa0c24fe55541f4a40c26364376413f - - default default] 10.0.0.203 "GET /v2.0/ports?device_id=ad9a7f3e-a667-4f28-aa74-c39e34bdbbdd HTTP/1.1" status: 200 len: 1172 time: 0.0838902
2026-04-28 08:53:57.688 10 INFO neutron.api.wsgi [req-ab17a4fe-7508-4705-9994-db30e033fd83 req-fccdd4eb-bba5-4cfa-b1ab-a346a2bac96c 638e897ae44646c6baf03fd8f4e464ed 3fa0c24fe55541f4a40c26364376413f - - default default] 10.0.0.203 "GET /v2.0/security-groups?id=6b754ae5-d0a4-4504-aedc-4db25b36a930&fields=id&fields=name HTTP/1.1" status: 200 len: 286 time: 0.0422504
2026-04-28 08:53:58.680 10 INFO neutron.api.wsgi [req-6059f162-0599-4677-b925-5498575d3358 req-c578de2d-5877-49e0-a39a-07cf8c5aa10a 30587a6765614ce99c992f7605ee95af 0385b1eafcf1436ab1be06d0d76c6864 - - 1a9a9c801f84437c975186752f7bc6ba 1a9a9c801f84437c975186752f7bc6ba] 199.204.45.129 "GET /v2.0/ports?tenant_id=3fa0c24fe55541f4a40c26364376413f&device_id=ad9a7f3e-a667-4f28-aa74-c39e34bdbbdd HTTP/1.1" status: 200 len: 1411 time: 0.0491891
2026-04-28 08:53:58.703 10 INFO neutron.api.wsgi [req-6059f162-0599-4677-b925-5498575d3358 req-377e3292-6e74-4ddf-8ce8-ad8e30e1c4e6 30587a6765614ce99c992f7605ee95af 0385b1eafcf1436ab1be06d0d76c6864 - - 1a9a9c801f84437c975186752f7bc6ba 1a9a9c801f84437c975186752f7bc6ba] 199.204.45.129 "GET /v2.0/floatingips?fixed_ip_address=10.100.0.10&port_id=72f253da-c072-483f-a72c-da3db82b6503 HTTP/1.1" status: 200 len: 217 time: 0.0165603
2026-04-28 08:53:58.736 10 INFO neutron.api.wsgi [req-6059f162-0599-4677-b925-5498575d3358 req-493aafc4-83cb-44ab-b89c-28f8a06dadfc 30587a6765614ce99c992f7605ee95af 0385b1eafcf1436ab1be06d0d76c6864 - - 1a9a9c801f84437c975186752f7bc6ba 1a9a9c801f84437c975186752f7bc6ba] 199.204.45.129 "GET /v2.0/subnets?id=722aae25-5228-4353-b253-2842455518a6 HTTP/1.1" status: 200 len: 890 time: 0.0267563
2026-04-28 08:53:58.761 10 INFO neutron.api.wsgi [req-6059f162-0599-4677-b925-5498575d3358 req-076b6f6f-3a0f-4191-a4f6-3b64464d7626 30587a6765614ce99c992f7605ee95af 0385b1eafcf1436ab1be06d0d76c6864 - - 1a9a9c801f84437c975186752f7bc6ba 1a9a9c801f84437c975186752f7bc6ba] 199.204.45.129 "GET /v2.0/ports?network_id=6736cbb6-264b-49a3-b352-fab83f168e62&device_owner=network%3Adhcp HTTP/1.1" status: 200 len: 210 time: 0.0187538
2026-04-28 08:53:58.803 9 INFO neutron.api.wsgi [req-e155f266-12f2-40b0-839c-36a564679e25 req-95863843-5052-4899-ac37-feeaa13ca766 638e897ae44646c6baf03fd8f4e464ed 3fa0c24fe55541f4a40c26364376413f - - default default] 10.0.0.203 "GET /v2.0/ports?device_id=ad9a7f3e-a667-4f28-aa74-c39e34bdbbdd HTTP/1.1" status: 200 len: 1172 time: 0.0361912
2026-04-28 08:53:58.803 10 INFO neutron.api.wsgi [req-6059f162-0599-4677-b925-5498575d3358 req-f48f7ea3-a47e-4fe9-b42b-6ed4393c3f6f 30587a6765614ce99c992f7605ee95af 0385b1eafcf1436ab1be06d0d76c6864 - - 1a9a9c801f84437c975186752f7bc6ba 1a9a9c801f84437c975186752f7bc6ba] 199.204.45.129 "GET /v2.0/networks/6736cbb6-264b-49a3-b352-fab83f168e62?fields=segments HTTP/1.1" status: 200 len: 212 time: 0.0372386
2026-04-28 08:53:58.840 9 INFO neutron.api.wsgi [req-e155f266-12f2-40b0-839c-36a564679e25 req-c72048fb-4837-475f-bc11-1727060bf2c5 638e897ae44646c6baf03fd8f4e464ed 3fa0c24fe55541f4a40c26364376413f - - default default] 10.0.0.203 "GET /v2.0/security-groups?id=6b754ae5-d0a4-4504-aedc-4db25b36a930&fields=id&fields=name HTTP/1.1" status: 200 len: 286 time: 0.0315146
2026-04-28 08:53:58.849 10 INFO neutron.api.wsgi [req-6059f162-0599-4677-b925-5498575d3358 req-a401aac3-5c0a-4f91-814d-961581ec6473 30587a6765614ce99c992f7605ee95af 0385b1eafcf1436ab1be06d0d76c6864 - - 1a9a9c801f84437c975186752f7bc6ba 1a9a9c801f84437c975186752f7bc6ba] 199.204.45.129 "GET /v2.0/networks/6736cbb6-264b-49a3-b352-fab83f168e62?fields=provider%3Aphysical_network&fields=provider%3Anetwork_type HTTP/1.1" status: 200 len: 277 time: 0.0424211
2026-04-28 08:53:58.946 9 INFO neutron.api.wsgi [-] 10.0.0.81 "GET / HTTP/1.1" status: 200 len: 246 time: 0.0030527
2026-04-28 08:53:58.948 10 INFO neutron.api.wsgi [-] 10.0.0.81 "GET / HTTP/1.1" status: 200 len: 246 time: 0.0052772
2026-04-28 08:53:59.426 9 WARNING neutron.plugins.ml2.drivers.ovn.mech_driver.ovsdb.ovn_client [None req-0d702709-fc70-4f02-8313-328a18a131a3 - - - - - -] No hosting information found for port bf3f84cc-e72a-432a-8b88-17099dd98163: RuntimeError: No hosting information found for port bf3f84cc-e72a-432a-8b88-17099dd98163
2026-04-28 08:53:59.506 9 INFO neutron.db.ovn_revision_numbers_db [None req-0d702709-fc70-4f02-8313-328a18a131a3 - - - - - -] Successfully bumped revision number for resource e4c97e99-b6a8-4d15-aeb3-8ee63023051a (type: router_ports) to 2
2026-04-28 08:53:59.574 9 INFO neutron.db.ovn_revision_numbers_db [None req-0d702709-fc70-4f02-8313-328a18a131a3 - - - - - -] Successfully bumped revision number for resource bf3f84cc-e72a-432a-8b88-17099dd98163 (type: router_ports) to 2
2026-04-28 08:53:59.612 9 INFO neutron.plugins.ml2.drivers.ovn.mech_driver.mech_driver [None req-0d702709-fc70-4f02-8313-328a18a131a3 - - - - - -] OVN reports status up for port: 63c42e29-f125-4151-8dda-29b752f633da
2026-04-28 08:53:59.628 9 INFO neutron.plugins.ml2.plugin [None req-0d702709-fc70-4f02-8313-328a18a131a3 - - - - - -] Attempt 1 to provision port 63c42e29-f125-4151-8dda-29b752f633da
2026-04-28 08:53:59.935 10 INFO neutron.api.wsgi [req-abbc0c68-00c7-4089-9214-650a51115eef req-97dedb2e-11b0-40af-a50f-accf80993042 638e897ae44646c6baf03fd8f4e464ed 3fa0c24fe55541f4a40c26364376413f - - default default] 10.0.0.203 "GET /v2.0/ports?device_id=ad9a7f3e-a667-4f28-aa74-c39e34bdbbdd HTTP/1.1" status: 200 len: 1172 time: 0.0356336
2026-04-28 08:53:59.974 10 INFO neutron.api.wsgi [req-abbc0c68-00c7-4089-9214-650a51115eef req-d3b12cd1-55eb-44c7-b1c8-34cd6f1289ed 638e897ae44646c6baf03fd8f4e464ed 3fa0c24fe55541f4a40c26364376413f - - default default] 10.0.0.203 "GET /v2.0/security-groups?id=6b754ae5-d0a4-4504-aedc-4db25b36a930&fields=id&fields=name HTTP/1.1" status: 200 len: 286 time: 0.0319340
2026-04-28 08:54:00.023 9 INFO neutron.db.ovn_revision_numbers_db [None req-0d702709-fc70-4f02-8313-328a18a131a3 - - - - - -] Successfully bumped revision number for resource 63c42e29-f125-4151-8dda-29b752f633da (type: ports) to 2
2026-04-28 08:54:00.993 10 INFO neutron.plugins.ml2.drivers.ovn.mech_driver.mech_driver [None req-7a939588-4567-4cba-b882-325a8d9db2fb - - - - - -] OVN reports status up for port: 72f253da-c072-483f-a72c-da3db82b6503
2026-04-28 08:54:01.022 10 INFO neutron.plugins.ml2.plugin [None req-7a939588-4567-4cba-b882-325a8d9db2fb - - - - - -] Attempt 1 to provision port 72f253da-c072-483f-a72c-da3db82b6503
2026-04-28 08:54:01.084 9 INFO neutron.api.wsgi [req-bec82779-01fc-4c76-8fa6-a654772bff21 req-5e4f5b3c-80c0-4f51-b098-a985c43996d1 638e897ae44646c6baf03fd8f4e464ed 3fa0c24fe55541f4a40c26364376413f - - default default] 10.0.0.203 "GET /v2.0/ports?device_id=ad9a7f3e-a667-4f28-aa74-c39e34bdbbdd HTTP/1.1" status: 200 len: 1172 time: 0.0494382
2026-04-28 08:54:01.148 9 INFO neutron.api.wsgi [req-bec82779-01fc-4c76-8fa6-a654772bff21 req-0e417cdb-a438-45ba-86aa-6f233cd6603e 638e897ae44646c6baf03fd8f4e464ed 3fa0c24fe55541f4a40c26364376413f - - default default] 10.0.0.203 "GET /v2.0/security-groups?id=6b754ae5-d0a4-4504-aedc-4db25b36a930&fields=id&fields=name HTTP/1.1" status: 200 len: 286 time: 0.0583756
2026-04-28 08:54:01.167 10 INFO neutron.notifiers.nova [-] Nova event matching ['req-b544a506-7955-41a2-930b-299ac433677b'] response: {'server_uuid': 'ad9a7f3e-a667-4f28-aa74-c39e34bdbbdd', 'name': 'network-vif-plugged', 'status': 'completed', 'tag': '72f253da-c072-483f-a72c-da3db82b6503', 'code': 200}
2026-04-28 08:54:01.360 10 INFO neutron.api.wsgi [req-53742fcc-f9de-4dae-b7bc-96064675e0c0 req-db319ba5-9ef2-42c9-93c8-4d78fde9a122 586693900a4e494197bd6f64c0f28924 233b3b5a7793422989072e8b84eb46a7 - - default default] 199.204.45.129 "GET /v2.0/networks?id=ebc60d29-612c-450f-a86b-15b48b36b6f5 HTTP/1.1" status: 200 len: 903 time: 0.0877426
2026-04-28 08:54:01.423 10 INFO neutron.api.wsgi [req-53742fcc-f9de-4dae-b7bc-96064675e0c0 req-20818a74-e253-416b-b5a2-9d8bd027e83d 586693900a4e494197bd6f64c0f28924 233b3b5a7793422989072e8b84eb46a7 - - default default] 199.204.45.129 "GET /v2.0/security-groups?fields=id&fields=name&tenant_id=233b3b5a7793422989072e8b84eb46a7 HTTP/1.1" status: 200 len: 378 time: 0.0550818
2026-04-28 08:54:01.433 10 WARNING neutron_lib.context [req-53742fcc-f9de-4dae-b7bc-96064675e0c0 req-672105fc-2c6c-4c2e-a85b-aa18183fe1ca 586693900a4e494197bd6f64c0f28924 233b3b5a7793422989072e8b84eb46a7 - - default default] Method 'is_advsvc' is deprecated since 2023.2 release (neutron-lib 3.8.0) and will be removed once support for the old RBAC API policies will be removed from Neutron. Please use method 'is_service_role' instead.
2026-04-28 08:54:01.519 10 INFO neutron.db.ovn_revision_numbers_db [None req-7a939588-4567-4cba-b882-325a8d9db2fb - - - - - -] Successfully bumped revision number for resource 72f253da-c072-483f-a72c-da3db82b6503 (type: ports) to 5
2026-04-28 08:54:01.812 10 WARNING neutron.scheduler.dhcp_agent_scheduler [req-53742fcc-f9de-4dae-b7bc-96064675e0c0 req-672105fc-2c6c-4c2e-a85b-aa18183fe1ca 586693900a4e494197bd6f64c0f28924 233b3b5a7793422989072e8b84eb46a7 - - default default] No more DHCP agents
2026-04-28 08:54:01.813 10 WARNING neutron.api.rpc.agentnotifiers.dhcp_rpc_agent_api [req-53742fcc-f9de-4dae-b7bc-96064675e0c0 req-672105fc-2c6c-4c2e-a85b-aa18183fe1ca 586693900a4e494197bd6f64c0f28924 233b3b5a7793422989072e8b84eb46a7 - - default default] Unable to schedule network ebc60d29-612c-450f-a86b-15b48b36b6f5: no agents available; will retry on subsequent port and subnet creation events.
2026-04-28 08:54:01.943 10 INFO neutron.db.ovn_revision_numbers_db [req-53742fcc-f9de-4dae-b7bc-96064675e0c0 req-672105fc-2c6c-4c2e-a85b-aa18183fe1ca 586693900a4e494197bd6f64c0f28924 233b3b5a7793422989072e8b84eb46a7 - - default default] Successfully bumped revision number for resource 87a3ae7f-49a0-4430-806c-eba2dedbd1c9 (type: ports) to 1
2026-04-28 08:54:01.968 10 INFO neutron.api.wsgi [req-53742fcc-f9de-4dae-b7bc-96064675e0c0 req-672105fc-2c6c-4c2e-a85b-aa18183fe1ca 586693900a4e494197bd6f64c0f28924 233b3b5a7793422989072e8b84eb46a7 - - default default] 199.204.45.129 "POST /v2.0/ports HTTP/1.1" status: 201 len: 1384 time: 0.5414748 /var/lib/openstack/lib/python3.12/site-packages/pycadf/identifier.py:71: UserWarning: Invalid uuid: neutron. To ensure interoperability, identifiers should be a valid uuid. warnings.warn(('Invalid uuid: %s. To ensure interoperability, '
2026-04-28 08:54:02.142 9 INFO neutron.api.wsgi [req-2314f544-d281-4764-8822-f1630d8f5499 req-b72672b7-1207-4710-9c96-f5794bf52512 586693900a4e494197bd6f64c0f28924 233b3b5a7793422989072e8b84eb46a7 - - default default] 10.0.0.203 "GET /v2.0/ports?device_id=5bfd7f5b-15dd-487e-84e2-caf1c33a2745 HTTP/1.1" status: 200 len: 1382 time: 0.0734353
2026-04-28 08:54:02.193 9 INFO neutron.api.wsgi [req-2314f544-d281-4764-8822-f1630d8f5499 req-2364d916-767e-4643-8840-229450e7fb67 586693900a4e494197bd6f64c0f28924 233b3b5a7793422989072e8b84eb46a7 - - default default] 10.0.0.203 "GET /v2.0/security-groups?id=889aebf8-d88e-4f8b-8f34-fa3f39fb3181&fields=id&fields=name HTTP/1.1" status: 200 len: 311 time: 0.0422201 /var/lib/openstack/lib/python3.12/site-packages/pycadf/identifier.py:71: UserWarning: Invalid uuid: neutron. To ensure interoperability, identifiers should be a valid uuid. warnings.warn(('Invalid uuid: %s. To ensure interoperability, '
2026-04-28 08:54:02.255 10 INFO neutron.api.wsgi [req-e8e535dd-7f6d-42c9-b46d-b3a9e17aaa15 req-3201a607-42b2-4f7f-a4c9-5ef74becda20 638e897ae44646c6baf03fd8f4e464ed 3fa0c24fe55541f4a40c26364376413f - - default default] 10.0.0.203 "GET /v2.0/ports?device_id=ad9a7f3e-a667-4f28-aa74-c39e34bdbbdd HTTP/1.1" status: 200 len: 1174 time: 0.0395653
2026-04-28 08:54:02.320 10 INFO neutron.api.wsgi [req-e8e535dd-7f6d-42c9-b46d-b3a9e17aaa15 req-11c6958f-8cb7-4b79-afd0-eb0bcd12d228 638e897ae44646c6baf03fd8f4e464ed 3fa0c24fe55541f4a40c26364376413f - - default default] 10.0.0.203 "GET /v2.0/security-groups?id=6b754ae5-d0a4-4504-aedc-4db25b36a930&fields=id&fields=name HTTP/1.1" status: 200 len: 286 time: 0.0557997
2026-04-28 08:54:02.405 10 INFO neutron.db.ovn_revision_numbers_db [req-53742fcc-f9de-4dae-b7bc-96064675e0c0 req-89291726-294c-4d81-957a-bc4f45191c73 30587a6765614ce99c992f7605ee95af 0385b1eafcf1436ab1be06d0d76c6864 - - 1a9a9c801f84437c975186752f7bc6ba 1a9a9c801f84437c975186752f7bc6ba] Successfully bumped revision number for resource 87a3ae7f-49a0-4430-806c-eba2dedbd1c9 (type: ports) to 2
2026-04-28 08:54:02.676 10 INFO neutron.db.ovn_revision_numbers_db [req-53742fcc-f9de-4dae-b7bc-96064675e0c0 req-89291726-294c-4d81-957a-bc4f45191c73 30587a6765614ce99c992f7605ee95af 0385b1eafcf1436ab1be06d0d76c6864 - - 1a9a9c801f84437c975186752f7bc6ba 1a9a9c801f84437c975186752f7bc6ba] Successfully bumped revision number for resource 87a3ae7f-49a0-4430-806c-eba2dedbd1c9 (type: ports) to 4
2026-04-28 08:54:02.696 10 INFO neutron.api.wsgi [req-53742fcc-f9de-4dae-b7bc-96064675e0c0 req-89291726-294c-4d81-957a-bc4f45191c73 30587a6765614ce99c992f7605ee95af 0385b1eafcf1436ab1be06d0d76c6864 - - 1a9a9c801f84437c975186752f7bc6ba 1a9a9c801f84437c975186752f7bc6ba] 199.204.45.129 "PUT /v2.0/ports/87a3ae7f-49a0-4430-806c-eba2dedbd1c9 HTTP/1.1" status: 200 len: 1629 time: 0.7233551
2026-04-28 08:54:03.205 10 INFO neutron.notifiers.nova [-] Nova event matching ['req-a87ada6a-156e-4784-887f-1664f0abbf36'] response: {'server_uuid': 'ad9a7f3e-a667-4f28-aa74-c39e34bdbbdd', 'name': 'network-vif-plugged', 'status': 'completed', 'tag': '72f253da-c072-483f-a72c-da3db82b6503', 'code': 200}
2026-04-28 08:54:03.205 10 INFO neutron.notifiers.nova [-] Nova event matching ['req-a87ada6a-156e-4784-887f-1664f0abbf36'] response: {'name': 'network-changed', 'server_uuid': '5bfd7f5b-15dd-487e-84e2-caf1c33a2745', 'tag': '87a3ae7f-49a0-4430-806c-eba2dedbd1c9', 'status': 'completed', 'code': 200} /var/lib/openstack/lib/python3.12/site-packages/pycadf/identifier.py:71: UserWarning: Invalid uuid: neutron. To ensure interoperability, identifiers should be a valid uuid. warnings.warn(('Invalid uuid: %s. To ensure interoperability, '
2026-04-28 08:54:03.486 10 INFO neutron.api.wsgi [req-9e04a1f9-c735-41ae-9225-f8faf299ac61 req-adf5c70d-8482-48b6-8a72-782d951d5b6a 638e897ae44646c6baf03fd8f4e464ed 3fa0c24fe55541f4a40c26364376413f - - default default] 10.0.0.203 "GET /v2.0/ports?device_id=ad9a7f3e-a667-4f28-aa74-c39e34bdbbdd HTTP/1.1" status: 200 len: 1174 time: 0.0959923
2026-04-28 08:54:03.544 10 INFO neutron.api.wsgi [req-9e04a1f9-c735-41ae-9225-f8faf299ac61 req-e8bba0bd-cba1-42b4-855b-a7815b7af154 638e897ae44646c6baf03fd8f4e464ed 3fa0c24fe55541f4a40c26364376413f - - default default] 10.0.0.203 "GET /v2.0/security-groups?id=6b754ae5-d0a4-4504-aedc-4db25b36a930&fields=id&fields=name HTTP/1.1" status: 200 len: 286 time: 0.0517023
2026-04-28 08:54:03.755 10 INFO neutron.api.wsgi [req-53742fcc-f9de-4dae-b7bc-96064675e0c0 req-14c80512-ee84-49a1-8d59-5ae174931f6d 30587a6765614ce99c992f7605ee95af 0385b1eafcf1436ab1be06d0d76c6864 - - 1a9a9c801f84437c975186752f7bc6ba 1a9a9c801f84437c975186752f7bc6ba] 199.204.45.129 "GET /v2.0/ports?tenant_id=233b3b5a7793422989072e8b84eb46a7&device_id=5bfd7f5b-15dd-487e-84e2-caf1c33a2745 HTTP/1.1" status: 200 len: 1632 time: 0.0453045
2026-04-28 08:54:03.784 10 INFO neutron.api.wsgi [req-53742fcc-f9de-4dae-b7bc-96064675e0c0 req-1b96a852-4e5c-43e7-b484-3c9f308c4484 30587a6765614ce99c992f7605ee95af 0385b1eafcf1436ab1be06d0d76c6864 - - 1a9a9c801f84437c975186752f7bc6ba 1a9a9c801f84437c975186752f7bc6ba] 199.204.45.129 "GET /v2.0/floatingips?fixed_ip_address=10.2.1.192&port_id=87a3ae7f-49a0-4430-806c-eba2dedbd1c9 HTTP/1.1" status: 200 len: 217 time: 0.0215840
2026-04-28 08:54:03.812 10 INFO neutron.api.wsgi [req-53742fcc-f9de-4dae-b7bc-96064675e0c0 req-0154fc94-65f9-4acc-8335-f758941b35ce 30587a6765614ce99c992f7605ee95af 0385b1eafcf1436ab1be06d0d76c6864 - - 1a9a9c801f84437c975186752f7bc6ba 1a9a9c801f84437c975186752f7bc6ba] 199.204.45.129 "GET /v2.0/floatingips?fixed_ip_address=fd7b%3Af9f7%3Afff%3A4eca%3A%3A2c&port_id=87a3ae7f-49a0-4430-806c-eba2dedbd1c9 HTTP/1.1" status: 200 len: 217 time: 0.0213566
2026-04-28 08:54:03.866 10 INFO neutron.api.wsgi [req-53742fcc-f9de-4dae-b7bc-96064675e0c0 req-ffcb4b4e-43e0-4f00-9c9a-c19be5791dc6 30587a6765614ce99c992f7605ee95af 0385b1eafcf1436ab1be06d0d76c6864 - - 1a9a9c801f84437c975186752f7bc6ba 1a9a9c801f84437c975186752f7bc6ba] 199.204.45.129 "GET /v2.0/subnets?id=ae2a2737-c4f4-43a9-b4ee-658699825cd9&id=005b4cb0-7ff9-43fd-a2c5-43295a23bfe0 HTTP/1.1" status: 200 len: 1609 time: 0.0450099
2026-04-28 08:54:03.892 10 INFO neutron.api.wsgi [req-53742fcc-f9de-4dae-b7bc-96064675e0c0 req-c2c7bad5-3eb5-4b4b-ab58-96a7a5f0eb41 30587a6765614ce99c992f7605ee95af 0385b1eafcf1436ab1be06d0d76c6864 - - 1a9a9c801f84437c975186752f7bc6ba 1a9a9c801f84437c975186752f7bc6ba] 199.204.45.129 "GET /v2.0/ports?network_id=ebc60d29-612c-450f-a86b-15b48b36b6f5&device_owner=network%3Adhcp HTTP/1.1" status: 200 len: 210 time: 0.0187416
2026-04-28 08:54:03.915 10 INFO neutron.api.wsgi [req-53742fcc-f9de-4dae-b7bc-96064675e0c0 req-be580f12-ece0-4786-be4a-b818d40b009b 30587a6765614ce99c992f7605ee95af 0385b1eafcf1436ab1be06d0d76c6864 - - 1a9a9c801f84437c975186752f7bc6ba 1a9a9c801f84437c975186752f7bc6ba] 199.204.45.129 "GET /v2.0/ports?network_id=ebc60d29-612c-450f-a86b-15b48b36b6f5&device_owner=network%3Adhcp HTTP/1.1" status: 200 len: 210 time: 0.0160637
2026-04-28 08:54:03.967 10 INFO neutron.api.wsgi [req-53742fcc-f9de-4dae-b7bc-96064675e0c0 req-25a6fa74-cbd6-42d2-a382-83b565384209 30587a6765614ce99c992f7605ee95af 0385b1eafcf1436ab1be06d0d76c6864 - - 1a9a9c801f84437c975186752f7bc6ba 1a9a9c801f84437c975186752f7bc6ba] 199.204.45.129 "GET /v2.0/networks/ebc60d29-612c-450f-a86b-15b48b36b6f5?fields=segments HTTP/1.1" status: 200 len: 212 time: 0.0471668
2026-04-28 08:54:04.023 10 INFO neutron.api.wsgi [req-53742fcc-f9de-4dae-b7bc-96064675e0c0 req-8c0b7fa2-2d4f-4a1a-be53-93d8009e3132 30587a6765614ce99c992f7605ee95af 0385b1eafcf1436ab1be06d0d76c6864 - - 1a9a9c801f84437c975186752f7bc6ba 1a9a9c801f84437c975186752f7bc6ba] 199.204.45.129 "GET /v2.0/networks/ebc60d29-612c-450f-a86b-15b48b36b6f5?fields=provider%3Aphysical_network&fields=provider%3Anetwork_type HTTP/1.1" status: 200 len: 277 time: 0.0517857
2026-04-28 08:54:04.896 9 WARNING neutron.plugins.ml2.drivers.ovn.mech_driver.ovsdb.ovn_client [None req-f6bbcac5-e03d-485e-8b46-d6918dbc82ac - - - - - -] No hosting information found for port 63c42e29-f125-4151-8dda-29b752f633da: RuntimeError: No hosting information found for port 63c42e29-f125-4151-8dda-29b752f633da
2026-04-28 08:54:05.058 9 INFO neutron.api.wsgi [req-ff92cf49-a6dd-45a5-a82d-b065b528482e req-f293db8a-eab9-454b-a4bb-d77b7437cc2a 638e897ae44646c6baf03fd8f4e464ed 3fa0c24fe55541f4a40c26364376413f - - default default] 10.0.0.203 "GET /v2.0/ports?device_id=ad9a7f3e-a667-4f28-aa74-c39e34bdbbdd HTTP/1.1" status: 200 len: 1174 time: 0.0991855
2026-04-28 08:54:05.087 10 INFO neutron.api.wsgi [req-cf7c15cc-0013-452a-9dbf-2a2ded887612 req-f34b218e-6918-45aa-952e-c623e09802c3 30587a6765614ce99c992f7605ee95af 0385b1eafcf1436ab1be06d0d76c6864 - - 1a9a9c801f84437c975186752f7bc6ba 1a9a9c801f84437c975186752f7bc6ba] 199.204.45.129 "GET /v2.0/ports?tenant_id=233b3b5a7793422989072e8b84eb46a7&device_id=5bfd7f5b-15dd-487e-84e2-caf1c33a2745 HTTP/1.1" status: 200 len: 1632 time: 0.0478039
2026-04-28 08:54:05.119 9 INFO neutron.api.wsgi [req-ff92cf49-a6dd-45a5-a82d-b065b528482e req-2cc56133-0099-45dc-a9f3-7c955c86f4af 638e897ae44646c6baf03fd8f4e464ed 3fa0c24fe55541f4a40c26364376413f - - default default] 10.0.0.203 "GET /v2.0/security-groups?id=6b754ae5-d0a4-4504-aedc-4db25b36a930&fields=id&fields=name HTTP/1.1" status: 200 len: 286 time: 0.0566235
2026-04-28 08:54:05.138 10 INFO neutron.api.wsgi [req-cf7c15cc-0013-452a-9dbf-2a2ded887612 req-b28a45de-e3bc-499b-ba1b-227f924d4483 30587a6765614ce99c992f7605ee95af 0385b1eafcf1436ab1be06d0d76c6864 - - 1a9a9c801f84437c975186752f7bc6ba 1a9a9c801f84437c975186752f7bc6ba] 199.204.45.129 "GET /v2.0/networks?id=ebc60d29-612c-450f-a86b-15b48b36b6f5 HTTP/1.1" status: 200 len: 1002 time: 0.0419080
2026-04-28 08:54:05.166 10 INFO neutron.api.wsgi [req-cf7c15cc-0013-452a-9dbf-2a2ded887612 req-1988a8a7-26d5-4b74-827c-b1c384c09e32 30587a6765614ce99c992f7605ee95af 0385b1eafcf1436ab1be06d0d76c6864 - - 1a9a9c801f84437c975186752f7bc6ba 1a9a9c801f84437c975186752f7bc6ba] 199.204.45.129 "GET /v2.0/floatingips?fixed_ip_address=10.2.1.192&port_id=87a3ae7f-49a0-4430-806c-eba2dedbd1c9 HTTP/1.1" status: 200 len: 217 time: 0.0225973
2026-04-28 08:54:05.205 10 INFO neutron.api.wsgi [req-cf7c15cc-0013-452a-9dbf-2a2ded887612 req-c46e86fc-2ca6-432d-b3f2-7ef40fef4b23 30587a6765614ce99c992f7605ee95af 0385b1eafcf1436ab1be06d0d76c6864 - - 1a9a9c801f84437c975186752f7bc6ba 1a9a9c801f84437c975186752f7bc6ba] 199.204.45.129 "GET /v2.0/floatingips?fixed_ip_address=fd7b%3Af9f7%3Afff%3A4eca%3A%3A2c&port_id=87a3ae7f-49a0-4430-806c-eba2dedbd1c9 HTTP/1.1" status: 200 len: 217 time: 0.0267389
2026-04-28 08:54:05.254 10 INFO neutron.api.wsgi [req-cf7c15cc-0013-452a-9dbf-2a2ded887612 req-37f97015-39dd-4726-9a44-3be166361ed8 30587a6765614ce99c992f7605ee95af 0385b1eafcf1436ab1be06d0d76c6864 - - 1a9a9c801f84437c975186752f7bc6ba 1a9a9c801f84437c975186752f7bc6ba] 199.204.45.129 "GET /v2.0/subnets?id=ae2a2737-c4f4-43a9-b4ee-658699825cd9&id=005b4cb0-7ff9-43fd-a2c5-43295a23bfe0 HTTP/1.1" status: 200 len: 1609 time: 0.0410452
2026-04-28 08:54:05.262 10 INFO neutron.api.wsgi [None req-bfa41a6e-2db5-43e5-8f75-327a17fd26d3 a2b2aee04d4e4d6a9c7048fdd2f2e66d 5906e0af14af44b78d262d35bdab8cf5 - - default default] 10.0.0.20 "GET /v2.0/routers HTTP/1.1" status: 200 len: 2104 time: 0.1740425
2026-04-28 08:54:05.286 10 INFO neutron.api.wsgi [req-cf7c15cc-0013-452a-9dbf-2a2ded887612 req-e0bd6c75-2f9f-40d7-a086-715b065677d5 30587a6765614ce99c992f7605ee95af 0385b1eafcf1436ab1be06d0d76c6864 - - 1a9a9c801f84437c975186752f7bc6ba 1a9a9c801f84437c975186752f7bc6ba] 199.204.45.129 "GET /v2.0/ports?network_id=ebc60d29-612c-450f-a86b-15b48b36b6f5&device_owner=network%3Adhcp HTTP/1.1" status: 200 len: 210 time: 0.0231736
2026-04-28 08:54:05.289 10 INFO neutron.api.wsgi [None req-a64b6eaa-7a45-4c61-bef7-f7d7e50342c4 a2b2aee04d4e4d6a9c7048fdd2f2e66d 5906e0af14af44b78d262d35bdab8cf5 - - default default] 10.0.0.20 "GET /v2.0/agents?binary=ovn-controller HTTP/1.1" status: 200 len: 591 time: 0.0256746
2026-04-28 08:54:05.302 10 INFO neutron.api.wsgi [None req-7f728926-034e-4151-8b1a-b79a944f584b a2b2aee04d4e4d6a9c7048fdd2f2e66d 5906e0af14af44b78d262d35bdab8cf5 - - default default] 10.0.0.20 "GET /v2.0/agents HTTP/1.1" status: 200 len: 1390 time: 0.0128114
2026-04-28 08:54:05.312 10 INFO neutron.api.wsgi [req-cf7c15cc-0013-452a-9dbf-2a2ded887612 req-e7ad9040-cc11-458d-af0d-cd3924f79844 30587a6765614ce99c992f7605ee95af 0385b1eafcf1436ab1be06d0d76c6864 - - 1a9a9c801f84437c975186752f7bc6ba 1a9a9c801f84437c975186752f7bc6ba] 199.204.45.129 "GET /v2.0/ports?network_id=ebc60d29-612c-450f-a86b-15b48b36b6f5&device_owner=network%3Adhcp HTTP/1.1" status: 200 len: 210 time: 0.0193150
2026-04-28 08:54:05.357 10 INFO neutron.api.wsgi [None req-95d1a8f7-dad4-4918-966c-b23d966b9fc4 a2b2aee04d4e4d6a9c7048fdd2f2e66d 5906e0af14af44b78d262d35bdab8cf5 - - default default] 10.0.0.20 "GET /v2.0/subnets HTTP/1.1" status: 200 len: 6362 time: 0.0504522
2026-04-28 08:54:05.373 10 INFO neutron.api.wsgi [None req-10d3ddad-83f9-4882-88cf-f7393672d64b a2b2aee04d4e4d6a9c7048fdd2f2e66d 5906e0af14af44b78d262d35bdab8cf5 - - default default] 10.0.0.20 "GET /v2.0/subnetpools HTTP/1.1" status: 200 len: 193 time: 0.0119452
2026-04-28 08:54:05.388 10 INFO neutron.api.wsgi [None req-53fd1088-d768-4d04-9c7d-c56f823f060a a2b2aee04d4e4d6a9c7048fdd2f2e66d 5906e0af14af44b78d262d35bdab8cf5 - - default default] 10.0.0.20 "GET /v2.0/floatingips HTTP/1.1" status: 200 len: 193 time: 0.0138724
2026-04-28 08:54:05.409 10 INFO neutron.api.wsgi [None req-136f916f-884d-407e-a419-d7d1a91067af a2b2aee04d4e4d6a9c7048fdd2f2e66d 5906e0af14af44b78d262d35bdab8cf5 - - default default] 10.0.0.20 "GET /v2.0/network-ip-availabilities HTTP/1.1" status: 200 len: 3832 time: 0.0200818
2026-04-28 08:54:05.414 10 INFO neutron.api.wsgi [req-cf7c15cc-0013-452a-9dbf-2a2ded887612 req-92f610b4-e1b7-464a-857e-35b1f11e5a63 30587a6765614ce99c992f7605ee95af 0385b1eafcf1436ab1be06d0d76c6864 - - 1a9a9c801f84437c975186752f7bc6ba 1a9a9c801f84437c975186752f7bc6ba] 199.204.45.129 "GET /v2.0/networks/ebc60d29-612c-450f-a86b-15b48b36b6f5?fields=segments HTTP/1.1" status: 200 len: 212 time: 0.0951889
2026-04-28 08:54:05.420 9 INFO neutron.db.ovn_revision_numbers_db [None req-f6bbcac5-e03d-485e-8b46-d6918dbc82ac - - - - - -] Successfully bumped revision number for resource 63c42e29-f125-4151-8dda-29b752f633da (type: router_ports) to 2
2026-04-28 08:54:05.489 10 INFO neutron.api.wsgi [None req-155af9d2-ec48-4e23-9a10-4619b1a58e09 a2b2aee04d4e4d6a9c7048fdd2f2e66d 5906e0af14af44b78d262d35bdab8cf5 - - default default] 10.0.0.20 "GET /v2.0/security-groups HTTP/1.1" status: 200 len: 31742 time: 0.0746839
2026-04-28 08:54:05.492 10 INFO neutron.plugins.ml2.drivers.ovn.mech_driver.mech_driver [None req-487eebbe-228a-4799-92a7-947eb4256fb3 - - - - - -] OVN reports status down for port: 72f253da-c072-483f-a72c-da3db82b6503
2026-04-28 08:54:05.520 10 INFO neutron.api.wsgi [req-cf7c15cc-0013-452a-9dbf-2a2ded887612 req-2a445e31-ac5b-466b-990e-13df7d8734e1 30587a6765614ce99c992f7605ee95af 0385b1eafcf1436ab1be06d0d76c6864 - - 1a9a9c801f84437c975186752f7bc6ba 1a9a9c801f84437c975186752f7bc6ba] 199.204.45.129 "GET /v2.0/networks/ebc60d29-612c-450f-a86b-15b48b36b6f5?fields=provider%3Aphysical_network&fields=provider%3Anetwork_type HTTP/1.1" status: 200 len: 277 time: 0.0993388
2026-04-28 08:54:05.550 10 INFO neutron.api.wsgi [None req-67c05c6d-c063-4376-ae6a-2f3de54d05f8 a2b2aee04d4e4d6a9c7048fdd2f2e66d 5906e0af14af44b78d262d35bdab8cf5 - - default default] 10.0.0.20 "GET /v2.0/subnets HTTP/1.1" status: 200 len: 6362 time: 0.0526085
2026-04-28 08:54:05.629 10 INFO neutron.api.wsgi [None req-fff46224-3cc9-422b-8d15-a2831e794af9 a2b2aee04d4e4d6a9c7048fdd2f2e66d 5906e0af14af44b78d262d35bdab8cf5 - - default default] 10.0.0.20 "GET /v2.0/networks HTTP/1.1" status: 200 len: 5478 time: 0.0764976
2026-04-28 08:54:05.743 10 INFO neutron.api.wsgi [None req-fb6ced0f-5d0b-4bff-9bb1-f088ee0951d9 a2b2aee04d4e4d6a9c7048fdd2f2e66d 5906e0af14af44b78d262d35bdab8cf5 - - default default] 10.0.0.20 "GET /v2.0/ports HTTP/1.1" status: 200 len: 18589 time: 0.1099880
2026-04-28 08:54:05.745 10 INFO neutron.notifiers.nova [-] Nova event matching ['req-8ca0eeeb-fd41-4806-94dc-d177d45e68fa'] response: {'server_uuid': 'ad9a7f3e-a667-4f28-aa74-c39e34bdbbdd', 'name': 'network-vif-unplugged', 'status': 'completed', 'tag': '72f253da-c072-483f-a72c-da3db82b6503', 'code': 200}
2026-04-28 08:54:05.873 10 INFO neutron.db.ovn_revision_numbers_db [None req-487eebbe-228a-4799-92a7-947eb4256fb3 - - - - - -] Successfully bumped revision number for resource 72f253da-c072-483f-a72c-da3db82b6503 (type: ports) to 6
2026-04-28 08:54:06.260 9 INFO neutron.api.wsgi [req-98b7698e-0d30-4cff-9128-0ca9fc546abc req-aedd0b42-1caf-4c3b-bd20-a79d9d64bb15 638e897ae44646c6baf03fd8f4e464ed 3fa0c24fe55541f4a40c26364376413f - - default default] 10.0.0.203 "GET /v2.0/ports?device_id=ad9a7f3e-a667-4f28-aa74-c39e34bdbbdd HTTP/1.1" status: 200 len: 1172 time: 0.0395868
2026-04-28 08:54:06.299 9 INFO neutron.api.wsgi [req-98b7698e-0d30-4cff-9128-0ca9fc546abc req-89d34695-1faf-4342-829f-8d904f3a588d 638e897ae44646c6baf03fd8f4e464ed 3fa0c24fe55541f4a40c26364376413f - - default default] 10.0.0.203 "GET /v2.0/security-groups?id=6b754ae5-d0a4-4504-aedc-4db25b36a930&fields=id&fields=name HTTP/1.1" status: 200 len: 286 time: 0.0343456
2026-04-28 08:54:06.536 9 INFO neutron.plugins.ml2.drivers.ovn.mech_driver.mech_driver [None req-f6bbcac5-e03d-485e-8b46-d6918dbc82ac - - - - - -] OVN reports status up for port: 87a3ae7f-49a0-4430-806c-eba2dedbd1c9
2026-04-28 08:54:06.548 9 INFO neutron.plugins.ml2.plugin [None req-f6bbcac5-e03d-485e-8b46-d6918dbc82ac - - - - - -] Attempt 1 to provision port 87a3ae7f-49a0-4430-806c-eba2dedbd1c9
2026-04-28 08:54:06.699 9 INFO neutron.notifiers.nova [-] Nova event matching ['req-fd52f14d-cbdc-40ae-bc10-67b4b73eedb5'] response: {'server_uuid': '5bfd7f5b-15dd-487e-84e2-caf1c33a2745', 'name': 'network-vif-plugged', 'status': 'completed', 'tag': '87a3ae7f-49a0-4430-806c-eba2dedbd1c9', 'code': 200} /var/lib/openstack/lib/python3.12/site-packages/pycadf/identifier.py:71: UserWarning: Invalid uuid: neutron. To ensure interoperability, identifiers should be a valid uuid. warnings.warn(('Invalid uuid: %s. To ensure interoperability, '
2026-04-28 08:54:06.759 10 INFO neutron.api.wsgi [req-3bb77569-a648-4c97-952c-7e2580b3ab1a req-6f7ae469-16e7-4766-b3dc-71a3347acfd5 638e897ae44646c6baf03fd8f4e464ed 3fa0c24fe55541f4a40c26364376413f - - default default] 199.204.45.129 "GET /v2.0/ports?device_id=ad9a7f3e-a667-4f28-aa74-c39e34bdbbdd HTTP/1.1" status: 200 len: 1172 time: 0.0504131
2026-04-28 08:54:06.833 9 INFO neutron.db.ovn_revision_numbers_db [None req-f6bbcac5-e03d-485e-8b46-d6918dbc82ac - - - - - -] Successfully bumped revision number for resource 87a3ae7f-49a0-4430-806c-eba2dedbd1c9 (type: ports) to 5
2026-04-28 08:54:07.129 10 INFO neutron.api.wsgi [req-3bb77569-a648-4c97-952c-7e2580b3ab1a req-212c44dd-6284-4b5b-947f-0d49f64b96fd 638e897ae44646c6baf03fd8f4e464ed 3fa0c24fe55541f4a40c26364376413f - - default default] 199.204.45.129 "DELETE /v2.0/ports/72f253da-c072-483f-a72c-da3db82b6503 HTTP/1.1" status: 204 len: 173 time: 0.3625696 /var/lib/openstack/lib/python3.12/site-packages/pycadf/identifier.py:71: UserWarning: Invalid uuid: neutron. To ensure interoperability, identifiers should be a valid uuid. warnings.warn(('Invalid uuid: %s. To ensure interoperability, '
2026-04-28 08:54:07.419 10 INFO neutron.api.wsgi [req-eca89251-a80c-4d31-b93a-7f53bb28efd0 req-8757e0b8-0ccc-435f-8444-5a4a70270c7c 638e897ae44646c6baf03fd8f4e464ed 3fa0c24fe55541f4a40c26364376413f - - default default] 10.0.0.203 "GET /v2.0/ports?device_id=ad9a7f3e-a667-4f28-aa74-c39e34bdbbdd HTTP/1.1" status: 200 len: 210 time: 0.0606771
2026-04-28 08:54:07.475 9 INFO neutron.api.wsgi [req-45889baa-1bdd-4ae2-a47c-6631aabd77dd req-bc0fcabb-e0ed-463e-9487-fd7ad9469aad 586693900a4e494197bd6f64c0f28924 233b3b5a7793422989072e8b84eb46a7 - - default default] 10.0.0.203 "GET /v2.0/ports?device_id=5bfd7f5b-15dd-487e-84e2-caf1c33a2745 HTTP/1.1" status: 200 len: 1396 time: 0.2028210
2026-04-28 08:54:07.526 9 INFO neutron.api.wsgi [req-45889baa-1bdd-4ae2-a47c-6631aabd77dd req-7366c426-0fc7-4868-ab25-6788127d91d3 586693900a4e494197bd6f64c0f28924 233b3b5a7793422989072e8b84eb46a7 - - default default] 10.0.0.203 "GET /v2.0/security-groups?id=889aebf8-d88e-4f8b-8f34-fa3f39fb3181&fields=id&fields=name HTTP/1.1" status: 200 len: 311 time: 0.0437493
2026-04-28 08:54:07.781 10 INFO neutron.notifiers.nova [-] Nova event matching ['req-76e37a9f-0445-40d9-b8df-e40d19dea313'] response: {'server_uuid': 'ad9a7f3e-a667-4f28-aa74-c39e34bdbbdd', 'name': 'network-vif-unplugged', 'status': 'completed', 'tag': '72f253da-c072-483f-a72c-da3db82b6503', 'code': 200}
2026-04-28 08:54:07.781 10 INFO neutron.notifiers.nova [-] Nova event matching ['req-76e37a9f-0445-40d9-b8df-e40d19dea313'] response: {'server_uuid': 'ad9a7f3e-a667-4f28-aa74-c39e34bdbbdd', 'name': 'network-vif-deleted', 'tag': '72f253da-c072-483f-a72c-da3db82b6503', 'status': 'completed', 'code': 200}
2026-04-28 08:54:08.517 9 INFO neutron.api.wsgi [req-6f09102b-7f42-422e-bbe5-9158ed279dea req-0e6aca23-44e0-485f-bad1-56b9829757d5 638e897ae44646c6baf03fd8f4e464ed 3fa0c24fe55541f4a40c26364376413f - - default default] 10.0.0.203 "GET /v2.0/ports?device_id=ad9a7f3e-a667-4f28-aa74-c39e34bdbbdd HTTP/1.1" status: 200 len: 210 time: 0.0197618
2026-04-28 08:54:08.736 9 INFO neutron.notifiers.nova [-] Nova event matching ['req-d7b1274f-b091-4e11-a43e-b5617929cc02'] response: {'server_uuid': '5bfd7f5b-15dd-487e-84e2-caf1c33a2745', 'name': 'network-vif-plugged', 'status': 'completed', 'tag': '87a3ae7f-49a0-4430-806c-eba2dedbd1c9', 'code': 200}
2026-04-28 08:54:09.645 9 INFO neutron.api.wsgi [req-dca20a86-d680-4413-9bbd-58f3bb3294ee req-4e54aca0-ff75-4282-9ff2-ea3998bbb445 638e897ae44646c6baf03fd8f4e464ed 3fa0c24fe55541f4a40c26364376413f - - default default] 10.0.0.203 "GET /v2.0/ports?device_id=ad9a7f3e-a667-4f28-aa74-c39e34bdbbdd HTTP/1.1" status: 200 len: 210 time: 0.0266995
2026-04-28 08:54:12.691 9 INFO neutron.api.wsgi [req-83dfbe22-ee33-4442-a754-656a894f6dc4 req-876f0fe3-2e45-4dd4-aa64-0bc22d1c6f18 586693900a4e494197bd6f64c0f28924 233b3b5a7793422989072e8b84eb46a7 - - default default] 10.0.0.203 "GET /v2.0/ports?device_id=5bfd7f5b-15dd-487e-84e2-caf1c33a2745 HTTP/1.1" status: 200 len: 1396 time: 0.1030478
2026-04-28 08:54:12.751 9 INFO neutron.api.wsgi [req-83dfbe22-ee33-4442-a754-656a894f6dc4 req-65d9279d-baee-432d-a3ac-933578c363a5 586693900a4e494197bd6f64c0f28924 233b3b5a7793422989072e8b84eb46a7 - - default default] 10.0.0.203 "GET /v2.0/security-groups?id=889aebf8-d88e-4f8b-8f34-fa3f39fb3181&fields=id&fields=name HTTP/1.1" status: 200 len: 311 time: 0.0542791
2026-04-28 08:54:12.885 10 INFO neutron.api.wsgi [None req-3a5130cf-a3e3-4d5a-b925-f958649f9c52 586693900a4e494197bd6f64c0f28924 233b3b5a7793422989072e8b84eb46a7 - - default default] 10.0.0.149 "GET /v2.0/ports?network_id=ebc60d29-612c-450f-a86b-15b48b36b6f5&mac_address=fa%3A16%3A3e%3A0a%3A4d%3Aa3 HTTP/1.1" status: 200 len: 1391 time: 0.1080408
2026-04-28 08:54:12.896 10 WARNING neutron_lib.context [None req-d333196b-0bfa-4d26-8a76-d5e9e0fa3d8a 586693900a4e494197bd6f64c0f28924 233b3b5a7793422989072e8b84eb46a7 - - default default] Method 'is_advsvc' is deprecated since 2023.2 release (neutron-lib 3.8.0) and will be removed once support for the old RBAC API policies will be removed from Neutron. Please use method 'is_service_role' instead.
2026-04-28 08:54:13.213 10 WARNING neutron.scheduler.dhcp_agent_scheduler [None req-d333196b-0bfa-4d26-8a76-d5e9e0fa3d8a 586693900a4e494197bd6f64c0f28924 233b3b5a7793422989072e8b84eb46a7 - - default default] No more DHCP agents
2026-04-28 08:54:13.215 10 WARNING neutron.api.rpc.agentnotifiers.dhcp_rpc_agent_api [None req-d333196b-0bfa-4d26-8a76-d5e9e0fa3d8a 586693900a4e494197bd6f64c0f28924 233b3b5a7793422989072e8b84eb46a7 - - default default] Unable to schedule network 8301fb6d-9aec-4d84-b74f-b2012bc8b9c2: no agents available; will retry on subsequent port and subnet creation events.
2026-04-28 08:54:13.343 9 INFO neutron.api.wsgi [None req-8c0a666c-0dd3-4cda-b560-a94ea2b126a7 a2b2aee04d4e4d6a9c7048fdd2f2e66d 5906e0af14af44b78d262d35bdab8cf5 - - default default] 10.0.0.149 "PUT /v2.0/routers/f4b20c1f-b992-4fdd-a9ee-cf32cef2aeb6/remove_router_interface HTTP/1.1" status: 200 len: 503 time: 1.4280801
2026-04-28 08:54:13.949 9 INFO neutron.api.wsgi [-] 10.0.0.81 "GET / HTTP/1.1" status: 200 len: 246 time: 0.0030298
2026-04-28 08:54:13.954 9 INFO neutron.api.wsgi [-] 10.0.0.81 "GET / HTTP/1.1" status: 200 len: 246 time: 0.0030801
2026-04-28 08:54:14.673 10 INFO neutron.db.ovn_revision_numbers_db [None req-d333196b-0bfa-4d26-8a76-d5e9e0fa3d8a 586693900a4e494197bd6f64c0f28924 233b3b5a7793422989072e8b84eb46a7 - - default default] Successfully bumped revision number for resource 427e473c-24b5-4ccf-b699-a49fbb5b86e8 (type: floatingips) to -1
2026-04-28 08:54:14.793 10 INFO neutron.api.wsgi [None req-c5e4b4d9-8a94-41eb-add1-c2d49e37018c a2b2aee04d4e4d6a9c7048fdd2f2e66d 5906e0af14af44b78d262d35bdab8cf5 - - default default] 10.0.0.149 "DELETE /v2.0/routers/f4b20c1f-b992-4fdd-a9ee-cf32cef2aeb6 HTTP/1.1" status: 204 len: 168 time: 1.4387643
2026-04-28 08:54:14.838 10 INFO neutron.db.ovn_revision_numbers_db [None req-d333196b-0bfa-4d26-8a76-d5e9e0fa3d8a 586693900a4e494197bd6f64c0f28924 233b3b5a7793422989072e8b84eb46a7 - - default default] Successfully bumped revision number for resource 427e473c-24b5-4ccf-b699-a49fbb5b86e8 (type: floatingips) to 1
2026-04-28 08:54:14.838 10 INFO neutron.db.l3_db [None req-d333196b-0bfa-4d26-8a76-d5e9e0fa3d8a 586693900a4e494197bd6f64c0f28924 233b3b5a7793422989072e8b84eb46a7 - - default default] Floating IP 427e473c-24b5-4ccf-b699-a49fbb5b86e8 associated. External IP: 10.96.250.206, port: 87a3ae7f-49a0-4430-806c-eba2dedbd1c9.
2026-04-28 08:54:14.884 10 INFO neutron.api.wsgi [None req-d333196b-0bfa-4d26-8a76-d5e9e0fa3d8a 586693900a4e494197bd6f64c0f28924 233b3b5a7793422989072e8b84eb46a7 - - default default] 10.0.0.149 "POST /v2.0/floatingips HTTP/1.1" status: 201 len: 1054 time: 1.9935923
2026-04-28 08:54:14.918 10 INFO neutron.notifiers.nova [-] Nova event matching ['req-b7eac42b-5c7f-4651-a442-9b638875851f'] response: {'name': 'network-changed', 'server_uuid': '5bfd7f5b-15dd-487e-84e2-caf1c33a2745', 'tag': '87a3ae7f-49a0-4430-806c-eba2dedbd1c9', 'status': 'completed', 'code': 200} /var/lib/openstack/lib/python3.12/site-packages/pycadf/identifier.py:71: UserWarning: Invalid uuid: neutron. To ensure interoperability, identifiers should be a valid uuid. warnings.warn(('Invalid uuid: %s. To ensure interoperability, '
2026-04-28 08:54:14.982 10 INFO neutron.api.wsgi [None req-eb8296a9-a535-47f6-8470-06e0433cd0fa a2b2aee04d4e4d6a9c7048fdd2f2e66d 5906e0af14af44b78d262d35bdab8cf5 - - default default] 10.0.0.149 "DELETE /v2.0/subnets/722aae25-5228-4353-b253-2842455518a6 HTTP/1.1" status: 204 len: 168 time: 0.1843431
2026-04-28 08:54:15.010 9 INFO neutron.api.wsgi [req-24750c60-9375-4a60-98dd-a444839b57f3 req-31fec6e4-0f53-4f4e-bd98-7c1a827c1185 586693900a4e494197bd6f64c0f28924 233b3b5a7793422989072e8b84eb46a7 - - default default] 10.0.0.203 "GET /v2.0/security-groups?name=tempest-lb_member_SG-1895820794&fields=id&tenant_id=233b3b5a7793422989072e8b84eb46a7 HTTP/1.1" status: 200 len: 267 time: 0.0540442
2026-04-28 08:54:15.070 9 INFO neutron.api.wsgi [req-24750c60-9375-4a60-98dd-a444839b57f3 req-eb433290-78bc-45fe-a05e-ca08bd650f91 586693900a4e494197bd6f64c0f28924 233b3b5a7793422989072e8b84eb46a7 - - default default] 10.0.0.203 "GET /v2.0/networks?id=f6ac6529-8aa9-4ad6-8a49-4042b2e4533c HTTP/1.1" status: 200 len: 904 time: 0.0533056
2026-04-28 08:54:15.089 9 INFO neutron.api.wsgi [req-24750c60-9375-4a60-98dd-a444839b57f3 req-8196f792-6e5e-4294-b14f-fbd98518c26e 586693900a4e494197bd6f64c0f28924 233b3b5a7793422989072e8b84eb46a7 - - default default] 10.0.0.203 "GET /v2.0/quotas/233b3b5a7793422989072e8b84eb46a7 HTTP/1.1" status: 200 len: 491 time: 0.0111463
2026-04-28 08:54:15.243 9 INFO neutron.api.wsgi [req-24750c60-9375-4a60-98dd-a444839b57f3 req-60567368-23dd-4cd9-a4a4-8e513aa0fc22 586693900a4e494197bd6f64c0f28924 233b3b5a7793422989072e8b84eb46a7 - - default default] 10.0.0.203 "GET /v2.0/ports?tenant_id=233b3b5a7793422989072e8b84eb46a7&fields=id HTTP/1.1" status: 200 len: 532 time: 0.1487045
2026-04-28 08:54:15.310 9 INFO neutron.api.wsgi [req-24750c60-9375-4a60-98dd-a444839b57f3 req-02613a66-c0a1-46e1-bd26-8641b2cb204b 30587a6765614ce99c992f7605ee95af 0385b1eafcf1436ab1be06d0d76c6864 - - 1a9a9c801f84437c975186752f7bc6ba 1a9a9c801f84437c975186752f7bc6ba] 10.0.0.203 "GET /v2.0/networks/f6ac6529-8aa9-4ad6-8a49-4042b2e4533c?fields=segments HTTP/1.1" status: 200 len: 212 time: 0.0540283
2026-04-28 08:54:15.375 9 INFO neutron.api.wsgi [req-24750c60-9375-4a60-98dd-a444839b57f3 req-96a9b9e9-4769-468d-95d7-319f993a29c8 30587a6765614ce99c992f7605ee95af 0385b1eafcf1436ab1be06d0d76c6864 - - 1a9a9c801f84437c975186752f7bc6ba 1a9a9c801f84437c975186752f7bc6ba] 10.0.0.203 "GET /v2.0/networks/f6ac6529-8aa9-4ad6-8a49-4042b2e4533c?fields=provider%3Aphysical_network&fields=provider%3Anetwork_type HTTP/1.1" status: 200 len: 277 time: 0.0559361
2026-04-28 08:54:15.386 10 INFO neutron.services.segments.plugin [-] Segment 058a35b8-8c66-4f0b-8694-738c3622a273 resource provider aggregate not found
2026-04-28 08:54:15.391 10 INFO neutron.services.segments.plugin [-] Segment 058a35b8-8c66-4f0b-8694-738c3622a273 resource provider aggregate not found
2026-04-28 08:54:15.407 10 INFO neutron.services.segments.plugin [-] Segment 058a35b8-8c66-4f0b-8694-738c3622a273 resource provider not found; error: Placement Client Error (4xx): {"errors": [{"status": 404, "title": "Not Found", "detail": "The resource could not be found.\n\n No resource provider with uuid 058a35b8-8c66-4f0b-8694-738c3622a273 found for delete ", "request_id": "req-1bf8fbb4-a9ef-4efa-b215-d908626d99d4"}]}
2026-04-28 08:54:15.408 10 INFO neutron.services.segments.plugin [-] Segment 058a35b8-8c66-4f0b-8694-738c3622a273 resource provider not found; error: Placement Client Error (4xx): {"errors": [{"status": 404, "title": "Not Found", "detail": "The resource could not be found.\n\n No resource provider with uuid 058a35b8-8c66-4f0b-8694-738c3622a273 found for delete ", "request_id": "req-c6d4447c-f4a2-4ab6-bd71-b7a5d57bbc0b"}]}
2026-04-28 08:54:15.513 10 INFO neutron.api.wsgi [None req-6bc52788-af4c-4686-bd7d-e2be56b8c0ce a2b2aee04d4e4d6a9c7048fdd2f2e66d 5906e0af14af44b78d262d35bdab8cf5 - - default default] 10.0.0.149 "DELETE /v2.0/networks/6736cbb6-264b-49a3-b352-fab83f168e62 HTTP/1.1" status: 204 len: 168 time: 0.5261827
2026-04-28 08:54:15.555 10 INFO neutron.api.wsgi [req-b5ed3ffb-1bcc-4d4e-8edd-60efa8f79ae0 req-adfd234c-65c1-458c-a9b8-a5e79da3bbc5 586693900a4e494197bd6f64c0f28924 233b3b5a7793422989072e8b84eb46a7 - - default default] 10.0.0.203 "GET /v2.0/ports?device_id=c8c14293-9bd6-4b87-98e6-a2470f9f313a HTTP/1.1" status: 200 len: 210 time: 0.0210788
