2026-04-28 08:51:38.834 10 INFO neutron.db.segments_db [None req-af445b7c-9d9d-4893-ad9f-56709cb84195 e6de024a574d41998e6cf432465b10eb 9a11ad25d1a0480b87a19927e33fce1f - - default default] Added segment aa2a5fa5-5fe6-4860-ac43-44e2a738045e of type geneve for network f55c5042-1f58-4203-8310-f9935dd8da53
2026-04-28 08:51:38.940 9 WARNING neutron.scheduler.dhcp_agent_scheduler [None req-83ee0914-8132-45d3-a856-1c749d8bc274 345cb0a8eb1648568292f23d2098f5f7 eb2da881f36d4f0da8cf06b38d28ee9a - - default default] No more DHCP agents
2026-04-28 08:51:38.942 9 WARNING neutron.api.rpc.agentnotifiers.dhcp_rpc_agent_api [None req-83ee0914-8132-45d3-a856-1c749d8bc274 345cb0a8eb1648568292f23d2098f5f7 eb2da881f36d4f0da8cf06b38d28ee9a - - default default] Unable to schedule network 972b005f-7963-4360-857e-d6ff7694be4b: no agents available; will retry on subsequent port and subnet creation events.
2026-04-28 08:51:39.041 10 INFO neutron.db.ovn_revision_numbers_db [None req-af445b7c-9d9d-4893-ad9f-56709cb84195 e6de024a574d41998e6cf432465b10eb 9a11ad25d1a0480b87a19927e33fce1f - - default default] Successfully bumped revision number for resource f55c5042-1f58-4203-8310-f9935dd8da53 (type: networks) to 1
2026-04-28 08:51:39.044 9 INFO neutron.db.ovn_revision_numbers_db [None req-83ee0914-8132-45d3-a856-1c749d8bc274 345cb0a8eb1648568292f23d2098f5f7 eb2da881f36d4f0da8cf06b38d28ee9a - - default default] Successfully bumped revision number for resource 9e91318b-a2c4-475a-926e-dfeaa31af313 (type: ports) to 1
2026-04-28 08:51:39.062 10 INFO neutron.api.wsgi [req-9d8762a7-329d-463d-a545-27ce8ebc5c76 req-38dddb1b-5aac-4fbe-ad18-89382eb81482 a8e4f7450ecc4e518b6854d60aa800a7 dddd99d3d6e44e55a523019086319356 - - default default] 10.0.0.203 "GET /v2.0/ports?device_id=7dbcd4b3-25f4-435f-be62-4191399101a0 HTTP/1.1" status: 200 len: 1170 time: 0.1408129
2026-04-28 08:51:39.067 9 INFO neutron.api.wsgi [None req-83ee0914-8132-45d3-a856-1c749d8bc274 345cb0a8eb1648568292f23d2098f5f7 eb2da881f36d4f0da8cf06b38d28ee9a - - default default] 10.0.0.149 "POST /v2.0/networks HTTP/1.1" status: 201 len: 831 time: 0.5921888
2026-04-28 08:51:39.083 9 WARNING neutron_lib.context [None req-ce5cdf5c-6097-48ec-a00f-ba9284897e21 345cb0a8eb1648568292f23d2098f5f7 eb2da881f36d4f0da8cf06b38d28ee9a - - default default] Method 'is_advsvc' is deprecated since 2023.2 release (neutron-lib 3.8.0) and will be removed once support for the old RBAC API policies will be removed from Neutron. Please use method 'is_service_role' instead.
2026-04-28 08:51:39.130 10 INFO neutron.api.wsgi [req-9d8762a7-329d-463d-a545-27ce8ebc5c76 req-a0fec711-f366-4b59-97d4-75c240b88234 a8e4f7450ecc4e518b6854d60aa800a7 dddd99d3d6e44e55a523019086319356 - - default default] 10.0.0.203 "GET /v2.0/security-groups?id=c032154c-00bb-4402-b22a-c7c37752a87d&fields=id&fields=name HTTP/1.1" status: 200 len: 313 time: 0.0628338
2026-04-28 08:51:39.272 10 WARNING neutron.scheduler.dhcp_agent_scheduler [None req-af445b7c-9d9d-4893-ad9f-56709cb84195 e6de024a574d41998e6cf432465b10eb 9a11ad25d1a0480b87a19927e33fce1f - - default default] No more DHCP agents
2026-04-28 08:51:39.273 10 WARNING neutron.api.rpc.agentnotifiers.dhcp_rpc_agent_api [None req-af445b7c-9d9d-4893-ad9f-56709cb84195 e6de024a574d41998e6cf432465b10eb 9a11ad25d1a0480b87a19927e33fce1f - - default default] Unable to schedule network f55c5042-1f58-4203-8310-f9935dd8da53: no agents available; will retry on subsequent port and subnet creation events.
2026-04-28 08:51:39.322 9 WARNING neutron.scheduler.dhcp_agent_scheduler [None req-ce5cdf5c-6097-48ec-a00f-ba9284897e21 345cb0a8eb1648568292f23d2098f5f7 eb2da881f36d4f0da8cf06b38d28ee9a - - default default] No more DHCP agents
2026-04-28 08:51:39.324 9 WARNING neutron.api.rpc.agentnotifiers.dhcp_rpc_agent_api [None req-ce5cdf5c-6097-48ec-a00f-ba9284897e21 345cb0a8eb1648568292f23d2098f5f7 eb2da881f36d4f0da8cf06b38d28ee9a - - default default] Unable to schedule network 972b005f-7963-4360-857e-d6ff7694be4b: no agents available; will retry on subsequent port and subnet creation events.
2026-04-28 08:51:39.364 10 INFO neutron.db.ovn_revision_numbers_db [None req-af445b7c-9d9d-4893-ad9f-56709cb84195 e6de024a574d41998e6cf432465b10eb 9a11ad25d1a0480b87a19927e33fce1f - - default default] Successfully bumped revision number for resource 340b79f4-0bac-4920-84e5-5930a336f423 (type: ports) to 1
2026-04-28 08:51:39.400 10 INFO neutron.api.wsgi [None req-af445b7c-9d9d-4893-ad9f-56709cb84195 e6de024a574d41998e6cf432465b10eb 9a11ad25d1a0480b87a19927e33fce1f - - default default] 10.0.0.149 "POST /v2.0/networks HTTP/1.1" status: 201 len: 830 time: 0.9032378
2026-04-28 08:51:39.416 10 WARNING neutron_lib.context [None req-d5d632a8-2025-41db-b64a-3a6b38ffef24 e6de024a574d41998e6cf432465b10eb 9a11ad25d1a0480b87a19927e33fce1f - - default default] Method 'is_advsvc' is deprecated since 2023.2 release (neutron-lib 3.8.0) and will be removed once support for the old RBAC API policies will be removed from Neutron. Please use method 'is_service_role' instead.
2026-04-28 08:51:39.471 9 WARNING neutron.plugins.ml2.drivers.ovn.mech_driver.ovsdb.ovn_client [None req-9c2b314c-ed05-442c-9008-b96906aa2166 - - - - - -] No hosting information found for port 3c860492-6257-4940-b432-2746fbdd223b: RuntimeError: No hosting information found for port 3c860492-6257-4940-b432-2746fbdd223b
2026-04-28 08:51:39.578 9 INFO neutron.api.wsgi [req-5503bee0-5dc0-494b-83c6-f4e0a3f879e8 req-e6e7fa1e-69bc-4b6d-8d56-f1f4e547ec04 e7513023662340439b3cfd782acf39e0 5367e4dbe31b4006bf1f36a967e38192 - - default default] 10.0.0.203 "GET /v2.0/ports?device_id=a1a2eae5-42b1-4d61-a338-78c4fe32a8d5 HTTP/1.1" status: 200 len: 210 time: 0.0257628
2026-04-28 08:51:39.616 9 INFO neutron.db.ovn_revision_numbers_db [None req-9c2b314c-ed05-442c-9008-b96906aa2166 - - - - - -] Successfully bumped revision number for resource 3c860492-6257-4940-b432-2746fbdd223b (type: router_ports) to 2
2026-04-28 08:51:39.617 9 INFO neutron.plugins.ml2.drivers.ovn.mech_driver.mech_driver [None req-9c2b314c-ed05-442c-9008-b96906aa2166 - - - - - -] OVN reports status up for port: 434c90d1-3782-44b8-92cb-7e54f76c0c3e
2026-04-28 08:51:39.633 9 INFO neutron.plugins.ml2.plugin [None req-9c2b314c-ed05-442c-9008-b96906aa2166 - - - - - -] Attempt 1 to provision port 434c90d1-3782-44b8-92cb-7e54f76c0c3e
2026-04-28 08:51:39.713 10 WARNING neutron.scheduler.dhcp_agent_scheduler [None req-d5d632a8-2025-41db-b64a-3a6b38ffef24 e6de024a574d41998e6cf432465b10eb 9a11ad25d1a0480b87a19927e33fce1f - - default default] No more DHCP agents
2026-04-28 08:51:39.715 10 WARNING neutron.api.rpc.agentnotifiers.dhcp_rpc_agent_api [None req-d5d632a8-2025-41db-b64a-3a6b38ffef24 e6de024a574d41998e6cf432465b10eb 9a11ad25d1a0480b87a19927e33fce1f - - default default] Unable to schedule network f55c5042-1f58-4203-8310-f9935dd8da53: no agents available; will retry on subsequent port and subnet creation events.
2026-04-28 08:51:39.744 9 INFO neutron.plugins.ml2.drivers.ovn.mech_driver.mech_driver [None req-9c2b314c-ed05-442c-9008-b96906aa2166 - - - - - -] OVN reports status up for port: bce94aaa-75d9-4117-8029-bc69d068593a
2026-04-28 08:51:39.756 9 INFO neutron.plugins.ml2.plugin [None req-9c2b314c-ed05-442c-9008-b96906aa2166 - - - - - -] Attempt 1 to provision port bce94aaa-75d9-4117-8029-bc69d068593a
2026-04-28 08:51:39.791 10 INFO neutron.db.ovn_revision_numbers_db [None req-d5d632a8-2025-41db-b64a-3a6b38ffef24 e6de024a574d41998e6cf432465b10eb 9a11ad25d1a0480b87a19927e33fce1f - - default default] Successfully bumped revision number for resource 7a0fafee-f344-4ba0-ab8f-11360220311a (type: ports) to 1
2026-04-28 08:51:39.818 10 INFO neutron.api.wsgi [None req-d5d632a8-2025-41db-b64a-3a6b38ffef24 e6de024a574d41998e6cf432465b10eb 9a11ad25d1a0480b87a19927e33fce1f - - default default] 10.0.0.149 "POST /v2.0/ports HTTP/1.1" status: 201 len: 942 time: 0.4123716 /var/lib/openstack/lib/python3.12/site-packages/pycadf/identifier.py:71: UserWarning: Invalid uuid: neutron. To ensure interoperability, identifiers should be a valid uuid. warnings.warn(('Invalid uuid: %s. To ensure interoperability, '
2026-04-28 08:51:39.827 10 WARNING neutron_lib.context [None req-50ecf403-6e65-44cd-9e1d-8a3ca483129c e6de024a574d41998e6cf432465b10eb 9a11ad25d1a0480b87a19927e33fce1f - - default default] Method 'is_advsvc' is deprecated since 2023.2 release (neutron-lib 3.8.0) and will be removed once support for the old RBAC API policies will be removed from Neutron. Please use method 'is_service_role' instead.
2026-04-28 08:51:39.832 10 INFO neutron.notifiers.nova [-] Nova event matching ['req-278008aa-2dc2-420a-b40d-60518e6061c0'] response: {'server_uuid': '7dbcd4b3-25f4-435f-be62-4191399101a0', 'name': 'network-vif-plugged', 'status': 'completed', 'tag': 'fc7c5edf-4834-46b0-869b-48e6e8922a67', 'code': 200}
2026-04-28 08:51:39.901 9 INFO neutron.db.ovn_revision_numbers_db [None req-ff622c1a-71a2-4eb3-aa0c-06ed9fabfd2e - - - - - -] Successfully bumped revision number for resource 9e91318b-a2c4-475a-926e-dfeaa31af313 (type: ports) to 2
2026-04-28 08:51:39.936 9 INFO neutron.db.ovn_revision_numbers_db [None req-ff622c1a-71a2-4eb3-aa0c-06ed9fabfd2e - - - - - -] Successfully bumped revision number for resource 9c2c28f2-1ccc-4b7b-ba01-2a02c47baf46 (type: subnets) to 0
2026-04-28 08:51:39.952 9 INFO neutron.api.wsgi [None req-ce5cdf5c-6097-48ec-a00f-ba9284897e21 345cb0a8eb1648568292f23d2098f5f7 eb2da881f36d4f0da8cf06b38d28ee9a - - default default] 10.0.0.149 "POST /v2.0/subnets HTTP/1.1" status: 201 len: 828 time: 0.8766673
2026-04-28 08:51:39.966 9 WARNING neutron_lib.context [None req-23ffa3c5-22f4-46f4-b0d7-78d62b41e67a 345cb0a8eb1648568292f23d2098f5f7 eb2da881f36d4f0da8cf06b38d28ee9a - - default default] Method 'is_advsvc' is deprecated since 2023.2 release (neutron-lib 3.8.0) and will be removed once support for the old RBAC API policies will be removed from Neutron. Please use method 'is_service_role' instead.
2026-04-28 08:51:40.068 10 INFO neutron.api.wsgi [None req-50ecf403-6e65-44cd-9e1d-8a3ca483129c e6de024a574d41998e6cf432465b10eb 9a11ad25d1a0480b87a19927e33fce1f - - default default] 10.0.0.149 "POST /v2.0/trunks HTTP/1.1" status: 201 len: 608 time: 0.2444613
2026-04-28 08:51:40.078 10 WARNING neutron_lib.context [None req-7e54b05c-8d5d-41cf-a0e7-c2ac65876f98 e6de024a574d41998e6cf432465b10eb 9a11ad25d1a0480b87a19927e33fce1f - - default default] Method 'is_advsvc' is deprecated since 2023.2 release (neutron-lib 3.8.0) and will be removed once support for the old RBAC API policies will be removed from Neutron. Please use method 'is_service_role' instead.
2026-04-28 08:51:40.159 10 INFO neutron.db.segments_db [None req-7e54b05c-8d5d-41cf-a0e7-c2ac65876f98 e6de024a574d41998e6cf432465b10eb 9a11ad25d1a0480b87a19927e33fce1f - - default default] Added segment 9909dc3a-4cb8-4051-bcbb-ef95648e6c48 of type geneve for network 15241718-9660-459d-8394-59e04debc81c
2026-04-28 08:51:40.247 9 INFO neutron.api.wsgi [req-74e0d433-309e-454d-9641-bc5d7d35469e req-2439bf86-208a-4d4b-a5dc-51d19d221928 a8e4f7450ecc4e518b6854d60aa800a7 dddd99d3d6e44e55a523019086319356 - - default default] 10.0.0.203 "GET /v2.0/ports?device_id=7dbcd4b3-25f4-435f-be62-4191399101a0 HTTP/1.1" status: 200 len: 1170 time: 0.0535154
2026-04-28 08:51:40.274 9 INFO neutron.db.ovn_revision_numbers_db [None req-9c2b314c-ed05-442c-9008-b96906aa2166 - - - - - -] Successfully bumped revision number for resource bce94aaa-75d9-4117-8029-bc69d068593a (type: ports) to 2
2026-04-28 08:51:40.325 9 INFO neutron.api.wsgi [req-74e0d433-309e-454d-9641-bc5d7d35469e req-feab7bc9-68e3-4da1-9a6b-cf0fc43cb853 a8e4f7450ecc4e518b6854d60aa800a7 dddd99d3d6e44e55a523019086319356 - - default default] 10.0.0.203 "GET /v2.0/security-groups?id=c032154c-00bb-4402-b22a-c7c37752a87d&fields=id&fields=name HTTP/1.1" status: 200 len: 313 time: 0.0705197
2026-04-28 08:51:40.327 10 INFO neutron.db.ovn_revision_numbers_db [None req-7e54b05c-8d5d-41cf-a0e7-c2ac65876f98 e6de024a574d41998e6cf432465b10eb 9a11ad25d1a0480b87a19927e33fce1f - - default default] Successfully bumped revision number for resource 15241718-9660-459d-8394-59e04debc81c (type: networks) to 1
2026-04-28 08:51:40.429 10 INFO neutron.api.wsgi [req-fd992b4f-e481-4c79-8201-a95ccfc7371c req-85c3ff17-4cdc-4040-aa87-ef1896ce96f2 a8e4f7450ecc4e518b6854d60aa800a7 dddd99d3d6e44e55a523019086319356 - - default default] 10.0.0.203 "GET /v2.0/ports?device_id=7dbcd4b3-25f4-435f-be62-4191399101a0 HTTP/1.1" status: 200 len: 1170 time: 0.0444694
2026-04-28 08:51:40.491 10 INFO neutron.api.wsgi [req-fd992b4f-e481-4c79-8201-a95ccfc7371c req-7cdd5171-40d4-4349-b599-01c900be4ef7 a8e4f7450ecc4e518b6854d60aa800a7 dddd99d3d6e44e55a523019086319356 - - default default] 10.0.0.203 "GET /v2.0/security-groups?id=c032154c-00bb-4402-b22a-c7c37752a87d&fields=id&fields=name HTTP/1.1" status: 200 len: 313 time: 0.0581472
2026-04-28 08:51:40.567 9 WARNING neutron.scheduler.dhcp_agent_scheduler [None req-23ffa3c5-22f4-46f4-b0d7-78d62b41e67a 345cb0a8eb1648568292f23d2098f5f7 eb2da881f36d4f0da8cf06b38d28ee9a - - default default] No more DHCP agents
2026-04-28 08:51:40.573 9 WARNING neutron.api.rpc.agentnotifiers.dhcp_rpc_agent_api [None req-23ffa3c5-22f4-46f4-b0d7-78d62b41e67a 345cb0a8eb1648568292f23d2098f5f7 eb2da881f36d4f0da8cf06b38d28ee9a - - default default] Unable to schedule network 8301fb6d-9aec-4d84-b74f-b2012bc8b9c2: no agents available; will retry on subsequent port and subnet creation events.
2026-04-28 08:51:40.581 10 WARNING neutron.scheduler.dhcp_agent_scheduler [None req-7e54b05c-8d5d-41cf-a0e7-c2ac65876f98 e6de024a574d41998e6cf432465b10eb 9a11ad25d1a0480b87a19927e33fce1f - - default default] No more DHCP agents
2026-04-28 08:51:40.583 10 WARNING neutron.api.rpc.agentnotifiers.dhcp_rpc_agent_api [None req-7e54b05c-8d5d-41cf-a0e7-c2ac65876f98 e6de024a574d41998e6cf432465b10eb 9a11ad25d1a0480b87a19927e33fce1f - - default default] Unable to schedule network 15241718-9660-459d-8394-59e04debc81c: no agents available; will retry on subsequent port and subnet creation events.
2026-04-28 08:51:40.605 9 INFO neutron.api.wsgi [None req-57cb45ca-42c6-4ecc-98cb-540fd8beafcf f454406e102047f3a8d30d817cbc6cd0 aff8aa23f9c54429a3e9c9f2f28a1b22 - - default default] 10.0.0.149 "GET /v2.0/ports?device_id=7dbcd4b3-25f4-435f-be62-4191399101a0 HTTP/1.1" status: 200 len: 1404 time: 0.0762489
2026-04-28 08:51:40.618 9 WARNING neutron_lib.context [None req-434cf2a2-9f57-4239-a665-62dbf0b8cea0 a8e4f7450ecc4e518b6854d60aa800a7 dddd99d3d6e44e55a523019086319356 - - default default] Method 'is_advsvc' is deprecated since 2023.2 release (neutron-lib 3.8.0) and will be removed once support for the old RBAC API policies will be removed from Neutron. Please use method 'is_service_role' instead.
2026-04-28 08:51:40.665 10 INFO neutron.db.ovn_revision_numbers_db [None req-7e54b05c-8d5d-41cf-a0e7-c2ac65876f98 e6de024a574d41998e6cf432465b10eb 9a11ad25d1a0480b87a19927e33fce1f - - default default] Successfully bumped revision number for resource f5a7f751-902f-4587-b924-482068f4a304 (type: ports) to 1
2026-04-28 08:51:40.683 9 INFO neutron.api.wsgi [req-8642e852-2aac-4911-b1aa-f19a3582e898 req-6409aea6-7bff-4a2f-839a-f9e0e9cc480c e7513023662340439b3cfd782acf39e0 5367e4dbe31b4006bf1f36a967e38192 - - default default] 10.0.0.203 "GET /v2.0/ports?device_id=a1a2eae5-42b1-4d61-a338-78c4fe32a8d5 HTTP/1.1" status: 200 len: 210 time: 0.0263357
2026-04-28 08:51:40.707 10 INFO neutron.api.wsgi [None req-7e54b05c-8d5d-41cf-a0e7-c2ac65876f98 e6de024a574d41998e6cf432465b10eb 9a11ad25d1a0480b87a19927e33fce1f - - default default] 10.0.0.149 "POST /v2.0/networks HTTP/1.1" status: 201 len: 831 time: 0.6328311
2026-04-28 08:51:40.715 10 WARNING neutron_lib.context [None req-53bdad7a-f469-4b7a-925e-b8cc1351337b e6de024a574d41998e6cf432465b10eb 9a11ad25d1a0480b87a19927e33fce1f - - default default] Method 'is_advsvc' is deprecated since 2023.2 release (neutron-lib 3.8.0) and will be removed once support for the old RBAC API policies will be removed from Neutron. Please use method 'is_service_role' instead.
2026-04-28 08:51:40.832 9 INFO neutron.db.ovn_revision_numbers_db [None req-23ffa3c5-22f4-46f4-b0d7-78d62b41e67a 345cb0a8eb1648568292f23d2098f5f7 eb2da881f36d4f0da8cf06b38d28ee9a - - default default] Successfully bumped revision number for resource c06a6dfa-98fa-428b-982b-c825da97b0bb (type: ports) to 1
2026-04-28 08:51:40.955 10 WARNING neutron.scheduler.dhcp_agent_scheduler [None req-53bdad7a-f469-4b7a-925e-b8cc1351337b e6de024a574d41998e6cf432465b10eb 9a11ad25d1a0480b87a19927e33fce1f - - default default] No more DHCP agents
2026-04-28 08:51:40.957 10 WARNING neutron.api.rpc.agentnotifiers.dhcp_rpc_agent_api [None req-53bdad7a-f469-4b7a-925e-b8cc1351337b e6de024a574d41998e6cf432465b10eb 9a11ad25d1a0480b87a19927e33fce1f - - default default] Unable to schedule network 15241718-9660-459d-8394-59e04debc81c: no agents available; will retry on subsequent port and subnet creation events.
2026-04-28 08:51:40.957 9 WARNING neutron.scheduler.dhcp_agent_scheduler [None req-434cf2a2-9f57-4239-a665-62dbf0b8cea0 a8e4f7450ecc4e518b6854d60aa800a7 dddd99d3d6e44e55a523019086319356 - - default default] No more DHCP agents
2026-04-28 08:51:40.959 9 WARNING neutron.api.rpc.agentnotifiers.dhcp_rpc_agent_api [None req-434cf2a2-9f57-4239-a665-62dbf0b8cea0 a8e4f7450ecc4e518b6854d60aa800a7 dddd99d3d6e44e55a523019086319356 - - default default] Unable to schedule network 8301fb6d-9aec-4d84-b74f-b2012bc8b9c2: no agents available; will retry on subsequent port and subnet creation events.
2026-04-28 08:51:41.052 10 INFO neutron.db.ovn_revision_numbers_db [None req-53bdad7a-f469-4b7a-925e-b8cc1351337b e6de024a574d41998e6cf432465b10eb 9a11ad25d1a0480b87a19927e33fce1f - - default default] Successfully bumped revision number for resource c032d49c-3a88-4367-a5b4-e8066ab546f6 (type: ports) to 1
2026-04-28 08:51:41.086 10 INFO neutron.api.wsgi [None req-53bdad7a-f469-4b7a-925e-b8cc1351337b e6de024a574d41998e6cf432465b10eb 9a11ad25d1a0480b87a19927e33fce1f - - default default] 10.0.0.149 "POST /v2.0/ports HTTP/1.1" status: 201 len: 942 time: 0.3749096 /var/lib/openstack/lib/python3.12/site-packages/pycadf/identifier.py:71: UserWarning: Invalid uuid: neutron. To ensure interoperability, identifiers should be a valid uuid. warnings.warn(('Invalid uuid: %s. To ensure interoperability, '
2026-04-28 08:51:41.097 10 WARNING neutron_lib.context [None req-20a63a41-8bf0-475a-9f67-046084b2d689 e6de024a574d41998e6cf432465b10eb 9a11ad25d1a0480b87a19927e33fce1f - - default default] Method 'is_advsvc' is deprecated since 2023.2 release (neutron-lib 3.8.0) and will be removed once support for the old RBAC API policies will be removed from Neutron. Please use method 'is_service_role' instead.
2026-04-28 08:51:41.419 10 INFO neutron.api.wsgi [None req-20a63a41-8bf0-475a-9f67-046084b2d689 e6de024a574d41998e6cf432465b10eb 9a11ad25d1a0480b87a19927e33fce1f - - default default] 10.0.0.149 "POST /v2.0/trunks HTTP/1.1" status: 201 len: 608 time: 0.3278105
2026-04-28 08:51:41.429 9 WARNING neutron_lib.context [None req-d94e2474-865e-4678-9242-970d3889e33c e6de024a574d41998e6cf432465b10eb 9a11ad25d1a0480b87a19927e33fce1f - - default default] Method 'is_advsvc' is deprecated since 2023.2 release (neutron-lib 3.8.0) and will be removed once support for the old RBAC API policies will be removed from Neutron. Please use method 'is_service_role' instead.
2026-04-28 08:51:41.567 9 INFO neutron.db.segments_db [None req-d94e2474-865e-4678-9242-970d3889e33c e6de024a574d41998e6cf432465b10eb 9a11ad25d1a0480b87a19927e33fce1f - - default default] Added segment bb9fbdc8-77bd-407e-841f-58f6ca9c5a02 of type geneve for network 83812ac0-9206-49ab-ac18-38332955a45b
2026-04-28 08:51:41.765 10 INFO neutron.api.wsgi [req-4168c19c-4760-4bd5-9b37-b2cddbbd96aa req-f430b785-fe71-41bb-b2ea-32ba71eed2d6 e7513023662340439b3cfd782acf39e0 5367e4dbe31b4006bf1f36a967e38192 - - default default] 10.0.0.203 "GET /v2.0/ports?device_id=a1a2eae5-42b1-4d61-a338-78c4fe32a8d5 HTTP/1.1" status: 200 len: 210 time: 0.0146973
2026-04-28 08:51:42.056 9 INFO neutron.db.ovn_revision_numbers_db [None req-d94e2474-865e-4678-9242-970d3889e33c e6de024a574d41998e6cf432465b10eb 9a11ad25d1a0480b87a19927e33fce1f - - default default] Successfully bumped revision number for resource 83812ac0-9206-49ab-ac18-38332955a45b (type: networks) to 1
2026-04-28 08:51:42.117 9 INFO neutron.plugins.ml2.drivers.ovn.mech_driver.ovsdb.commands [None req-f314c7c5-f51b-4edd-b5f9-6d21e7adcd08 - - - - - -] Schedule LRP lrp-c06a6dfa-98fa-428b-982b-c825da97b0bb on gateway 3e177de7-d177-4b0e-b889-1a2c5099a0ab with priority 1
2026-04-28 08:51:42.191 9 INFO neutron.db.ovn_revision_numbers_db [None req-23ffa3c5-22f4-46f4-b0d7-78d62b41e67a 345cb0a8eb1648568292f23d2098f5f7 eb2da881f36d4f0da8cf06b38d28ee9a - - default default] Successfully bumped revision number for resource c06a6dfa-98fa-428b-982b-c825da97b0bb (type: router_ports) to 1
2026-04-28 08:51:42.314 9 INFO neutron.db.ovn_revision_numbers_db [None req-23ffa3c5-22f4-46f4-b0d7-78d62b41e67a 345cb0a8eb1648568292f23d2098f5f7 eb2da881f36d4f0da8cf06b38d28ee9a - - default default] Successfully bumped revision number for resource 1fa2668d-638c-45f9-8fc2-91136aa489bd (type: routers) to 2
2026-04-28 08:51:42.354 9 INFO neutron.api.wsgi [None req-23ffa3c5-22f4-46f4-b0d7-78d62b41e67a 345cb0a8eb1648568292f23d2098f5f7 eb2da881f36d4f0da8cf06b38d28ee9a - - default default] 10.0.0.149 "POST /v2.0/routers HTTP/1.1" status: 201 len: 1136 time: 2.3914754
2026-04-28 08:51:42.360 9 WARNING neutron.scheduler.dhcp_agent_scheduler [None req-d94e2474-865e-4678-9242-970d3889e33c e6de024a574d41998e6cf432465b10eb 9a11ad25d1a0480b87a19927e33fce1f - - default default] No more DHCP agents
2026-04-28 08:51:42.362 9 WARNING neutron.api.rpc.agentnotifiers.dhcp_rpc_agent_api [None req-d94e2474-865e-4678-9242-970d3889e33c e6de024a574d41998e6cf432465b10eb 9a11ad25d1a0480b87a19927e33fce1f - - default default] Unable to schedule network 83812ac0-9206-49ab-ac18-38332955a45b: no agents available; will retry on subsequent port and subnet creation events. /var/lib/openstack/lib/python3.12/site-packages/pycadf/identifier.py:71: UserWarning: Invalid uuid: neutron. To ensure interoperability, identifiers should be a valid uuid. warnings.warn(('Invalid uuid: %s. To ensure interoperability, '
2026-04-28 08:51:42.388 9 INFO neutron.db.ovn_revision_numbers_db [None req-434cf2a2-9f57-4239-a665-62dbf0b8cea0 a8e4f7450ecc4e518b6854d60aa800a7 dddd99d3d6e44e55a523019086319356 - - default default] Successfully bumped revision number for resource 6ae77e48-053e-4971-956d-b72656dc3a7c (type: floatingips) to -1
2026-04-28 08:51:42.495 9 INFO neutron.db.ovn_revision_numbers_db [None req-d94e2474-865e-4678-9242-970d3889e33c e6de024a574d41998e6cf432465b10eb 9a11ad25d1a0480b87a19927e33fce1f - - default default] Successfully bumped revision number for resource ba20fba1-b4cc-4af0-9975-219a7339a5cc (type: ports) to 1
2026-04-28 08:51:42.527 9 INFO neutron.api.wsgi [None req-d94e2474-865e-4678-9242-970d3889e33c e6de024a574d41998e6cf432465b10eb 9a11ad25d1a0480b87a19927e33fce1f - - default default] 10.0.0.149 "POST /v2.0/networks HTTP/1.1" status: 201 len: 831 time: 1.1017885
2026-04-28 08:51:42.539 10 WARNING neutron_lib.context [None req-b0ab1d7c-e610-420c-a1a6-20f327af8b43 e6de024a574d41998e6cf432465b10eb 9a11ad25d1a0480b87a19927e33fce1f - - default default] Method 'is_advsvc' is deprecated since 2023.2 release (neutron-lib 3.8.0) and will be removed once support for the old RBAC API policies will be removed from Neutron. Please use method 'is_service_role' instead.
2026-04-28 08:51:42.542 9 INFO neutron.db.ovn_revision_numbers_db [None req-434cf2a2-9f57-4239-a665-62dbf0b8cea0 a8e4f7450ecc4e518b6854d60aa800a7 dddd99d3d6e44e55a523019086319356 - - default default] Successfully bumped revision number for resource 6ae77e48-053e-4971-956d-b72656dc3a7c (type: floatingips) to 1
2026-04-28 08:51:42.543 9 INFO neutron.db.l3_db [None req-434cf2a2-9f57-4239-a665-62dbf0b8cea0 a8e4f7450ecc4e518b6854d60aa800a7 dddd99d3d6e44e55a523019086319356 - - default default] Floating IP 6ae77e48-053e-4971-956d-b72656dc3a7c associated. External IP: 10.96.250.220, port: fc7c5edf-4834-46b0-869b-48e6e8922a67.
2026-04-28 08:51:42.595 9 INFO neutron.api.wsgi [None req-434cf2a2-9f57-4239-a665-62dbf0b8cea0 a8e4f7450ecc4e518b6854d60aa800a7 dddd99d3d6e44e55a523019086319356 - - default default] 10.0.0.149 "POST /v2.0/floatingips HTTP/1.1" status: 201 len: 1054 time: 1.9838729
2026-04-28 08:51:42.629 9 INFO neutron.notifiers.nova [-] Nova event matching ['req-9721aa8f-fd09-4123-a1dd-ef2fd20db0d6'] response: {'name': 'network-changed', 'server_uuid': '7dbcd4b3-25f4-435f-be62-4191399101a0', 'tag': 'fc7c5edf-4834-46b0-869b-48e6e8922a67', 'status': 'completed', 'code': 200}
2026-04-28 08:51:42.676 10 INFO neutron.api.wsgi [None req-60014183-0314-4562-9456-c0b1dcc6fc93 a8e4f7450ecc4e518b6854d60aa800a7 dddd99d3d6e44e55a523019086319356 - - default default] 10.0.0.149 "GET /v2.0/floatingips/6ae77e48-053e-4971-956d-b72656dc3a7c HTTP/1.1" status: 200 len: 1051 time: 0.0760074
2026-04-28 08:51:42.866 10 INFO neutron.api.wsgi [req-f680e49d-5054-4780-bfd9-37a024479293 req-5278e3a6-ab3d-4e83-b6f8-ad7d3aa47b1d e7513023662340439b3cfd782acf39e0 5367e4dbe31b4006bf1f36a967e38192 - - default default] 10.0.0.203 "GET /v2.0/ports?device_id=a1a2eae5-42b1-4d61-a338-78c4fe32a8d5 HTTP/1.1" status: 200 len: 210 time: 0.0310702 /var/lib/openstack/lib/python3.12/site-packages/pycadf/identifier.py:71: UserWarning: Invalid uuid: neutron. To ensure interoperability, identifiers should be a valid uuid. warnings.warn(('Invalid uuid: %s. To ensure interoperability, '
2026-04-28 08:51:42.946 10 WARNING neutron.scheduler.dhcp_agent_scheduler [None req-b0ab1d7c-e610-420c-a1a6-20f327af8b43 e6de024a574d41998e6cf432465b10eb 9a11ad25d1a0480b87a19927e33fce1f - - default default] No more DHCP agents
2026-04-28 08:51:42.949 10 WARNING neutron.api.rpc.agentnotifiers.dhcp_rpc_agent_api [None req-b0ab1d7c-e610-420c-a1a6-20f327af8b43 e6de024a574d41998e6cf432465b10eb 9a11ad25d1a0480b87a19927e33fce1f - - default default] Unable to schedule network 83812ac0-9206-49ab-ac18-38332955a45b: no agents available; will retry on subsequent port and subnet creation events.
2026-04-28 08:51:42.990 10 INFO neutron.api.wsgi [req-09e5c300-e7d2-48a8-8342-843d9a49471b req-6b65d857-8cc7-45c9-9d47-b157c40787ee e7513023662340439b3cfd782acf39e0 5367e4dbe31b4006bf1f36a967e38192 - - default default] 199.204.45.129 "GET /v2.0/networks?id=9001d43c-a943-4743-9653-8284947a5a6f HTTP/1.1" status: 200 len: 874 time: 0.0764174
2026-04-28 08:51:43.073 10 INFO neutron.api.wsgi [req-09e5c300-e7d2-48a8-8342-843d9a49471b req-0fa8fc64-b550-4034-a542-24eddb430af2 e7513023662340439b3cfd782acf39e0 5367e4dbe31b4006bf1f36a967e38192 - - default default] 199.204.45.129 "GET /v2.0/security-groups?fields=id&fields=name&tenant_id=5367e4dbe31b4006bf1f36a967e38192 HTTP/1.1" status: 200 len: 380 time: 0.0730824
2026-04-28 08:51:43.087 10 WARNING neutron_lib.context [req-09e5c300-e7d2-48a8-8342-843d9a49471b req-7abc6aa7-1fb2-480a-b65f-bee73cc04e73 e7513023662340439b3cfd782acf39e0 5367e4dbe31b4006bf1f36a967e38192 - - default default] Method 'is_advsvc' is deprecated since 2023.2 release (neutron-lib 3.8.0) and will be removed once support for the old RBAC API policies will be removed from Neutron. Please use method 'is_service_role' instead.
2026-04-28 08:51:43.108 10 INFO neutron.db.ovn_revision_numbers_db [None req-b0ab1d7c-e610-420c-a1a6-20f327af8b43 e6de024a574d41998e6cf432465b10eb 9a11ad25d1a0480b87a19927e33fce1f - - default default] Successfully bumped revision number for resource 2257aee3-57e2-41c3-8267-2a61c3ccaac6 (type: ports) to 1
2026-04-28 08:51:43.147 10 INFO neutron.api.wsgi [None req-b0ab1d7c-e610-420c-a1a6-20f327af8b43 e6de024a574d41998e6cf432465b10eb 9a11ad25d1a0480b87a19927e33fce1f - - default default] 10.0.0.149 "POST /v2.0/ports HTTP/1.1" status: 201 len: 942 time: 0.6146123
2026-04-28 08:51:43.158 10 WARNING neutron_lib.context [None req-c0e360ca-bc89-4dd6-9e3c-26b7210a5c4c e6de024a574d41998e6cf432465b10eb 9a11ad25d1a0480b87a19927e33fce1f - - default default] Method 'is_advsvc' is deprecated since 2023.2 release (neutron-lib 3.8.0) and will be removed once support for the old RBAC API policies will be removed from Neutron. Please use method 'is_service_role' instead.
2026-04-28 08:51:43.190 10 WARNING neutron.scheduler.dhcp_agent_scheduler [None req-1704bf54-2024-45f8-9d0f-004b428ee2b2 345cb0a8eb1648568292f23d2098f5f7 eb2da881f36d4f0da8cf06b38d28ee9a - - default default] No more DHCP agents
2026-04-28 08:51:43.194 10 WARNING neutron.api.rpc.agentnotifiers.dhcp_rpc_agent_api [None req-1704bf54-2024-45f8-9d0f-004b428ee2b2 345cb0a8eb1648568292f23d2098f5f7 eb2da881f36d4f0da8cf06b38d28ee9a - - default default] Unable to schedule network 972b005f-7963-4360-857e-d6ff7694be4b: no agents available; will retry on subsequent port and subnet creation events.
2026-04-28 08:51:43.228 9 INFO neutron.api.wsgi [req-6b33755a-a4ec-41d9-b03a-03708f55a323 req-2e019917-37fc-4d10-af76-bd425df0b143 30587a6765614ce99c992f7605ee95af 0385b1eafcf1436ab1be06d0d76c6864 - - 1a9a9c801f84437c975186752f7bc6ba 1a9a9c801f84437c975186752f7bc6ba] 199.204.45.129 "GET /v2.0/ports?tenant_id=dddd99d3d6e44e55a523019086319356&device_id=7dbcd4b3-25f4-435f-be62-4191399101a0 HTTP/1.1" status: 200 len: 1409 time: 0.0700111
2026-04-28 08:51:43.306 9 INFO neutron.api.wsgi [req-6b33755a-a4ec-41d9-b03a-03708f55a323 req-8a655ef3-0450-46d8-9bae-b042ace63307 30587a6765614ce99c992f7605ee95af 0385b1eafcf1436ab1be06d0d76c6864 - - 1a9a9c801f84437c975186752f7bc6ba 1a9a9c801f84437c975186752f7bc6ba] 199.204.45.129 "GET /v2.0/networks?id=6b5c048f-76ab-41f8-bd7a-ff5e76328137 HTTP/1.1" status: 200 len: 957 time: 0.0702872
2026-04-28 08:51:43.399 9 INFO neutron.api.wsgi [req-6b33755a-a4ec-41d9-b03a-03708f55a323 req-fddccf10-809c-4c8d-bf39-ce9fa2264ce6 30587a6765614ce99c992f7605ee95af 0385b1eafcf1436ab1be06d0d76c6864 - - 1a9a9c801f84437c975186752f7bc6ba 1a9a9c801f84437c975186752f7bc6ba] 199.204.45.129 "GET /v2.0/floatingips?fixed_ip_address=10.100.0.6&port_id=fc7c5edf-4834-46b0-869b-48e6e8922a67 HTTP/1.1" status: 200 len: 1059 time: 0.0885425
2026-04-28 08:51:43.454 9 INFO neutron.api.wsgi [req-6b33755a-a4ec-41d9-b03a-03708f55a323 req-cd13e55b-a5e4-4b74-b557-b48ea881c20d 30587a6765614ce99c992f7605ee95af 0385b1eafcf1436ab1be06d0d76c6864 - - 1a9a9c801f84437c975186752f7bc6ba 1a9a9c801f84437c975186752f7bc6ba] 199.204.45.129 "GET /v2.0/subnets?id=e66c6d87-548e-489a-aca4-441643c8a62c HTTP/1.1" status: 200 len: 876 time: 0.0371416
2026-04-28 08:51:43.494 9 INFO neutron.api.wsgi [req-6b33755a-a4ec-41d9-b03a-03708f55a323 req-88081d21-a50e-48eb-b113-df988081c840 30587a6765614ce99c992f7605ee95af 0385b1eafcf1436ab1be06d0d76c6864 - - 1a9a9c801f84437c975186752f7bc6ba 1a9a9c801f84437c975186752f7bc6ba] 199.204.45.129 "GET /v2.0/ports?network_id=6b5c048f-76ab-41f8-bd7a-ff5e76328137&device_owner=network%3Adhcp HTTP/1.1" status: 200 len: 210 time: 0.0338073
2026-04-28 08:51:43.546 10 INFO neutron.db.ovn_revision_numbers_db [None req-1704bf54-2024-45f8-9d0f-004b428ee2b2 345cb0a8eb1648568292f23d2098f5f7 eb2da881f36d4f0da8cf06b38d28ee9a - - default default] Successfully bumped revision number for resource 67b0b73f-61c4-4861-b374-5740c51b3779 (type: ports) to 1
2026-04-28 08:51:43.560 10 INFO neutron.api.wsgi [None req-c0e360ca-bc89-4dd6-9e3c-26b7210a5c4c e6de024a574d41998e6cf432465b10eb 9a11ad25d1a0480b87a19927e33fce1f - - default default] 10.0.0.149 "POST /v2.0/trunks HTTP/1.1" status: 201 len: 608 time: 0.4073212
2026-04-28 08:51:43.560 9 INFO neutron.api.wsgi [req-6b33755a-a4ec-41d9-b03a-03708f55a323 req-53b99c0c-f71b-4447-bed2-790978317fee 30587a6765614ce99c992f7605ee95af 0385b1eafcf1436ab1be06d0d76c6864 - - 1a9a9c801f84437c975186752f7bc6ba 1a9a9c801f84437c975186752f7bc6ba] 199.204.45.129 "GET /v2.0/networks/6b5c048f-76ab-41f8-bd7a-ff5e76328137?fields=segments HTTP/1.1" status: 200 len: 212 time: 0.0602331 /var/lib/openstack/lib/python3.12/site-packages/pycadf/identifier.py:71: UserWarning: Invalid uuid: neutron. To ensure interoperability, identifiers should be a valid uuid. warnings.warn(('Invalid uuid: %s. To ensure interoperability, '
2026-04-28 08:51:43.582 10 WARNING neutron_lib.context [None req-c29efab7-8424-4794-82e2-995ff27ffe5c e6de024a574d41998e6cf432465b10eb 9a11ad25d1a0480b87a19927e33fce1f - - default default] Method 'is_advsvc' is deprecated since 2023.2 release (neutron-lib 3.8.0) and will be removed once support for the old RBAC API policies will be removed from Neutron. Please use method 'is_service_role' instead.
2026-04-28 08:51:43.615 9 INFO neutron.api.wsgi [req-6b33755a-a4ec-41d9-b03a-03708f55a323 req-488848e8-6220-410b-b3a0-2446fa3b9cde 30587a6765614ce99c992f7605ee95af 0385b1eafcf1436ab1be06d0d76c6864 - - 1a9a9c801f84437c975186752f7bc6ba 1a9a9c801f84437c975186752f7bc6ba] 199.204.45.129 "GET /v2.0/networks/6b5c048f-76ab-41f8-bd7a-ff5e76328137?fields=provider%3Aphysical_network&fields=provider%3Anetwork_type HTTP/1.1" status: 200 len: 277 time: 0.0490360
2026-04-28 08:51:43.950 9 INFO neutron.api.wsgi [-] 10.0.0.81 "GET / HTTP/1.1" status: 200 len: 246 time: 0.0074344
2026-04-28 08:51:43.953 9 INFO neutron.api.wsgi [-] 10.0.0.81 "GET / HTTP/1.1" status: 200 len: 246 time: 0.0015297
2026-04-28 08:51:44.058 9 INFO neutron.api.wsgi [req-9cf0a6cf-286a-4760-954a-075e1d0013d3 req-5f96eb93-c1fe-490b-b3a2-fa00959a0d3a e7513023662340439b3cfd782acf39e0 5367e4dbe31b4006bf1f36a967e38192 - - default default] 10.0.0.203 "GET /v2.0/ports?device_id=a1a2eae5-42b1-4d61-a338-78c4fe32a8d5 HTTP/1.1" status: 200 len: 1156 time: 0.0919025
2026-04-28 08:51:44.093 10 WARNING neutron.scheduler.dhcp_agent_scheduler [req-09e5c300-e7d2-48a8-8342-843d9a49471b req-7abc6aa7-1fb2-480a-b65f-bee73cc04e73 e7513023662340439b3cfd782acf39e0 5367e4dbe31b4006bf1f36a967e38192 - - default default] No more DHCP agents
2026-04-28 08:51:44.097 10 WARNING neutron.api.rpc.agentnotifiers.dhcp_rpc_agent_api [req-09e5c300-e7d2-48a8-8342-843d9a49471b req-7abc6aa7-1fb2-480a-b65f-bee73cc04e73 e7513023662340439b3cfd782acf39e0 5367e4dbe31b4006bf1f36a967e38192 - - default default] Unable to schedule network 9001d43c-a943-4743-9653-8284947a5a6f: no agents available; will retry on subsequent port and subnet creation events.
2026-04-28 08:51:44.110 9 INFO neutron.api.wsgi [req-9cf0a6cf-286a-4760-954a-075e1d0013d3 req-de2117df-4e03-4622-9a1d-6c7679c21f36 e7513023662340439b3cfd782acf39e0 5367e4dbe31b4006bf1f36a967e38192 - - default default] 10.0.0.203 "GET /v2.0/security-groups?id=c7bef42b-2247-47ea-8c13-a4d3dd9bdcc7&fields=id&fields=name HTTP/1.1" status: 200 len: 313 time: 0.0471115
2026-04-28 08:51:44.144 10 INFO neutron.db.segments_db [None req-c29efab7-8424-4794-82e2-995ff27ffe5c e6de024a574d41998e6cf432465b10eb 9a11ad25d1a0480b87a19927e33fce1f - - default default] Added segment 704d2a85-b86c-4704-83f6-9ec6b4184b57 of type geneve for network 503cb534-33e5-4770-88ed-f29d5b8f3438
2026-04-28 08:51:44.325 10 INFO neutron.db.ovn_revision_numbers_db [None req-c29efab7-8424-4794-82e2-995ff27ffe5c e6de024a574d41998e6cf432465b10eb 9a11ad25d1a0480b87a19927e33fce1f - - default default] Successfully bumped revision number for resource 503cb534-33e5-4770-88ed-f29d5b8f3438 (type: networks) to 1
2026-04-28 08:51:44.335 10 INFO neutron.db.ovn_revision_numbers_db [req-09e5c300-e7d2-48a8-8342-843d9a49471b req-7abc6aa7-1fb2-480a-b65f-bee73cc04e73 e7513023662340439b3cfd782acf39e0 5367e4dbe31b4006bf1f36a967e38192 - - default default] Successfully bumped revision number for resource 95188862-28b8-43b6-bce4-adf10b9d3378 (type: ports) to 1
2026-04-28 08:51:44.377 10 INFO neutron.api.wsgi [req-09e5c300-e7d2-48a8-8342-843d9a49471b req-7abc6aa7-1fb2-480a-b65f-bee73cc04e73 e7513023662340439b3cfd782acf39e0 5367e4dbe31b4006bf1f36a967e38192 - - default default] 199.204.45.129 "POST /v2.0/ports HTTP/1.1" status: 201 len: 1158 time: 1.2975032 /var/lib/openstack/lib/python3.12/site-packages/pycadf/identifier.py:71: UserWarning: Invalid uuid: neutron. To ensure interoperability, identifiers should be a valid uuid. warnings.warn(('Invalid uuid: %s. To ensure interoperability, '
2026-04-28 08:51:44.629 10 WARNING neutron.scheduler.dhcp_agent_scheduler [None req-c29efab7-8424-4794-82e2-995ff27ffe5c e6de024a574d41998e6cf432465b10eb 9a11ad25d1a0480b87a19927e33fce1f - - default default] No more DHCP agents
2026-04-28 08:51:44.633 10 WARNING neutron.api.rpc.agentnotifiers.dhcp_rpc_agent_api [None req-c29efab7-8424-4794-82e2-995ff27ffe5c e6de024a574d41998e6cf432465b10eb 9a11ad25d1a0480b87a19927e33fce1f - - default default] Unable to schedule network 503cb534-33e5-4770-88ed-f29d5b8f3438: no agents available; will retry on subsequent port and subnet creation events.
2026-04-28 08:51:44.767 10 INFO neutron.db.ovn_revision_numbers_db [None req-c29efab7-8424-4794-82e2-995ff27ffe5c e6de024a574d41998e6cf432465b10eb 9a11ad25d1a0480b87a19927e33fce1f - - default default] Successfully bumped revision number for resource d5de4729-c714-4bce-996e-29ad962860cd (type: ports) to 1
2026-04-28 08:51:44.818 10 INFO neutron.api.wsgi [None req-c29efab7-8424-4794-82e2-995ff27ffe5c e6de024a574d41998e6cf432465b10eb 9a11ad25d1a0480b87a19927e33fce1f - - default default] 10.0.0.149 "POST /v2.0/networks HTTP/1.1" status: 201 len: 831 time: 1.2428019
2026-04-28 08:51:44.831 10 WARNING neutron_lib.context [None req-b9505781-781b-4c44-acd7-2eb2818c4926 e6de024a574d41998e6cf432465b10eb 9a11ad25d1a0480b87a19927e33fce1f - - default default] Method 'is_advsvc' is deprecated since 2023.2 release (neutron-lib 3.8.0) and will be removed once support for the old RBAC API policies will be removed from Neutron. Please use method 'is_service_role' instead.
2026-04-28 08:51:45.110 10 INFO neutron.db.ovn_revision_numbers_db [None req-1704bf54-2024-45f8-9d0f-004b428ee2b2 345cb0a8eb1648568292f23d2098f5f7 eb2da881f36d4f0da8cf06b38d28ee9a - - default default] Successfully bumped revision number for resource 67b0b73f-61c4-4861-b374-5740c51b3779 (type: ports) to 1
2026-04-28 08:51:45.123 10 INFO neutron.db.ovn_revision_numbers_db [req-09e5c300-e7d2-48a8-8342-843d9a49471b req-17c87356-90c5-4a6d-8a02-f32f179d2012 30587a6765614ce99c992f7605ee95af 0385b1eafcf1436ab1be06d0d76c6864 - - 1a9a9c801f84437c975186752f7bc6ba 1a9a9c801f84437c975186752f7bc6ba] Successfully bumped revision number for resource 95188862-28b8-43b6-bce4-adf10b9d3378 (type: ports) to 2
2026-04-28 08:51:45.190 10 WARNING neutron.scheduler.dhcp_agent_scheduler [None req-b9505781-781b-4c44-acd7-2eb2818c4926 e6de024a574d41998e6cf432465b10eb 9a11ad25d1a0480b87a19927e33fce1f - - default default] No more DHCP agents
2026-04-28 08:51:45.191 10 WARNING neutron.api.rpc.agentnotifiers.dhcp_rpc_agent_api [None req-b9505781-781b-4c44-acd7-2eb2818c4926 e6de024a574d41998e6cf432465b10eb 9a11ad25d1a0480b87a19927e33fce1f - - default default] Unable to schedule network 503cb534-33e5-4770-88ed-f29d5b8f3438: no agents available; will retry on subsequent port and subnet creation events.
2026-04-28 08:51:45.198 10 WARNING neutron.scheduler.dhcp_agent_scheduler [None req-1704bf54-2024-45f8-9d0f-004b428ee2b2 345cb0a8eb1648568292f23d2098f5f7 eb2da881f36d4f0da8cf06b38d28ee9a - - default default] No more DHCP agents
2026-04-28 08:51:45.204 10 WARNING neutron.api.rpc.agentnotifiers.dhcp_rpc_agent_api [None req-1704bf54-2024-45f8-9d0f-004b428ee2b2 345cb0a8eb1648568292f23d2098f5f7 eb2da881f36d4f0da8cf06b38d28ee9a - - default default] Unable to schedule network 972b005f-7963-4360-857e-d6ff7694be4b: no agents available; will retry on subsequent port and subnet creation events.
2026-04-28 08:51:45.227 9 INFO neutron.api.wsgi [req-aea9107a-8ae0-42ec-8694-a59f5e3de8de req-839c9d0d-f193-462f-b261-4d3f349c8af1 e7513023662340439b3cfd782acf39e0 5367e4dbe31b4006bf1f36a967e38192 - - default default] 10.0.0.203 "GET /v2.0/ports?device_id=a1a2eae5-42b1-4d61-a338-78c4fe32a8d5 HTTP/1.1" status: 200 len: 1168 time: 0.0480127
2026-04-28 08:51:45.242 9 WARNING neutron.plugins.ml2.drivers.ovn.mech_driver.ovsdb.ovn_client [None req-38eb3194-e341-4598-9596-9c46d61e7216 - - - - - -] No hosting information found for port bce94aaa-75d9-4117-8029-bc69d068593a: RuntimeError: No hosting information found for port bce94aaa-75d9-4117-8029-bc69d068593a
2026-04-28 08:51:45.243 9 INFO neutron.plugins.ml2.drivers.ovn.mech_driver.mech_driver [None req-38eb3194-e341-4598-9596-9c46d61e7216 - - - - - -] OVN reports status up for port: b8526461-65c1-4822-be12-9999ece3c2ba
2026-04-28 08:51:45.262 9 INFO neutron.plugins.ml2.plugin [None req-38eb3194-e341-4598-9596-9c46d61e7216 - - - - - -] Attempt 1 to provision port b8526461-65c1-4822-be12-9999ece3c2ba
2026-04-28 08:51:45.297 9 INFO neutron.api.wsgi [req-aea9107a-8ae0-42ec-8694-a59f5e3de8de req-81940252-d31b-4980-a550-d6371f391a67 e7513023662340439b3cfd782acf39e0 5367e4dbe31b4006bf1f36a967e38192 - - default default] 10.0.0.203 "GET /v2.0/security-groups?id=c7bef42b-2247-47ea-8c13-a4d3dd9bdcc7&fields=id&fields=name HTTP/1.1" status: 200 len: 313 time: 0.0646942
2026-04-28 08:51:45.318 10 INFO neutron.db.ovn_revision_numbers_db [None req-b9505781-781b-4c44-acd7-2eb2818c4926 e6de024a574d41998e6cf432465b10eb 9a11ad25d1a0480b87a19927e33fce1f - - default default] Successfully bumped revision number for resource 007a2b79-f7ba-4015-9055-36a7028b04dc (type: ports) to 1
2026-04-28 08:51:45.360 10 INFO neutron.api.wsgi [None req-b9505781-781b-4c44-acd7-2eb2818c4926 e6de024a574d41998e6cf432465b10eb 9a11ad25d1a0480b87a19927e33fce1f - - default default] 10.0.0.149 "POST /v2.0/ports HTTP/1.1" status: 201 len: 942 time: 0.5366161
2026-04-28 08:51:45.372 9 WARNING neutron_lib.context [None req-048b1805-cfb6-418a-8893-d8802490f070 e6de024a574d41998e6cf432465b10eb 9a11ad25d1a0480b87a19927e33fce1f - - default default] Method 'is_advsvc' is deprecated since 2023.2 release (neutron-lib 3.8.0) and will be removed once support for the old RBAC API policies will be removed from Neutron. Please use method 'is_service_role' instead.
2026-04-28 08:51:45.457 10 INFO neutron.db.ovn_revision_numbers_db [req-09e5c300-e7d2-48a8-8342-843d9a49471b req-17c87356-90c5-4a6d-8a02-f32f179d2012 30587a6765614ce99c992f7605ee95af 0385b1eafcf1436ab1be06d0d76c6864 - - 1a9a9c801f84437c975186752f7bc6ba 1a9a9c801f84437c975186752f7bc6ba] Successfully bumped revision number for resource 95188862-28b8-43b6-bce4-adf10b9d3378 (type: ports) to 4
2026-04-28 08:51:45.478 10 INFO neutron.api.wsgi [req-09e5c300-e7d2-48a8-8342-843d9a49471b req-17c87356-90c5-4a6d-8a02-f32f179d2012 30587a6765614ce99c992f7605ee95af 0385b1eafcf1436ab1be06d0d76c6864 - - 1a9a9c801f84437c975186752f7bc6ba 1a9a9c801f84437c975186752f7bc6ba] 199.204.45.129 "PUT /v2.0/ports/95188862-28b8-43b6-bce4-adf10b9d3378 HTTP/1.1" status: 200 len: 1404 time: 1.0852835
2026-04-28 08:51:45.521 10 INFO neutron.notifiers.nova [-] Nova event matching ['req-a61eeeca-ac9f-48d9-b5da-6517e219bf02'] response: {'name': 'network-changed', 'server_uuid': 'a1a2eae5-42b1-4d61-a338-78c4fe32a8d5', 'tag': '95188862-28b8-43b6-bce4-adf10b9d3378', 'status': 'completed', 'code': 200}
2026-04-28 08:51:45.617 10 INFO neutron.db.ovn_revision_numbers_db [None req-1704bf54-2024-45f8-9d0f-004b428ee2b2 345cb0a8eb1648568292f23d2098f5f7 eb2da881f36d4f0da8cf06b38d28ee9a - - default default] Successfully bumped revision number for resource 67b0b73f-61c4-4861-b374-5740c51b3779 (type: router_ports) to 1
2026-04-28 08:51:45.623 10 INFO neutron.api.wsgi [None req-1704bf54-2024-45f8-9d0f-004b428ee2b2 345cb0a8eb1648568292f23d2098f5f7 eb2da881f36d4f0da8cf06b38d28ee9a - - default default] 10.0.0.149 "PUT /v2.0/routers/1fa2668d-638c-45f9-8fc2-91136aa489bd/add_router_interface HTTP/1.1" status: 200 len: 503 time: 3.2626622 /var/lib/openstack/lib/python3.12/site-packages/pycadf/identifier.py:71: UserWarning: Invalid uuid: neutron. To ensure interoperability, identifiers should be a valid uuid. warnings.warn(('Invalid uuid: %s. To ensure interoperability, '
2026-04-28 08:51:45.701 9 INFO neutron.api.wsgi [None req-048b1805-cfb6-418a-8893-d8802490f070 e6de024a574d41998e6cf432465b10eb 9a11ad25d1a0480b87a19927e33fce1f - - default default] 10.0.0.149 "POST /v2.0/trunks HTTP/1.1" status: 201 len: 608 time: 0.3358963
2026-04-28 08:51:45.713 10 WARNING neutron_lib.context [None req-4d793d47-983c-44eb-a5d8-097bcb128bf8 e6de024a574d41998e6cf432465b10eb 9a11ad25d1a0480b87a19927e33fce1f - - default default] Method 'is_advsvc' is deprecated since 2023.2 release (neutron-lib 3.8.0) and will be removed once support for the old RBAC API policies will be removed from Neutron. Please use method 'is_service_role' instead.
2026-04-28 08:51:45.824 9 INFO neutron.db.ovn_revision_numbers_db [None req-38eb3194-e341-4598-9596-9c46d61e7216 - - - - - -] Successfully bumped revision number for resource b8526461-65c1-4822-be12-9999ece3c2ba (type: ports) to 2
2026-04-28 08:51:45.864 10 INFO neutron.db.segments_db [None req-4d793d47-983c-44eb-a5d8-097bcb128bf8 e6de024a574d41998e6cf432465b10eb 9a11ad25d1a0480b87a19927e33fce1f - - default default] Added segment 474fb09b-f1ff-4e5d-bca9-8a87f5d851a8 of type geneve for network 46088b89-f9e1-4b38-ab51-ad54dbd1490d
2026-04-28 08:51:46.119 10 INFO neutron.api.wsgi [req-94dcf850-dfe7-4fd3-b13f-1637ed9392cd req-6a7e63f7-0e2a-45b9-b34a-2651d491af77 30587a6765614ce99c992f7605ee95af 0385b1eafcf1436ab1be06d0d76c6864 - - 1a9a9c801f84437c975186752f7bc6ba 1a9a9c801f84437c975186752f7bc6ba] 199.204.45.129 "GET /v2.0/ports?tenant_id=5367e4dbe31b4006bf1f36a967e38192&device_id=a1a2eae5-42b1-4d61-a338-78c4fe32a8d5 HTTP/1.1" status: 200 len: 1407 time: 0.0814242
2026-04-28 08:51:46.185 10 INFO neutron.db.ovn_revision_numbers_db [None req-4d793d47-983c-44eb-a5d8-097bcb128bf8 e6de024a574d41998e6cf432465b10eb 9a11ad25d1a0480b87a19927e33fce1f - - default default] Successfully bumped revision number for resource 46088b89-f9e1-4b38-ab51-ad54dbd1490d (type: networks) to 1
2026-04-28 08:51:46.212 10 INFO neutron.api.wsgi [req-94dcf850-dfe7-4fd3-b13f-1637ed9392cd req-40ba8d4d-824f-402e-88c1-961138ab1ea7 30587a6765614ce99c992f7605ee95af 0385b1eafcf1436ab1be06d0d76c6864 - - 1a9a9c801f84437c975186752f7bc6ba 1a9a9c801f84437c975186752f7bc6ba] 199.204.45.129 "GET /v2.0/networks?tenant_id=5367e4dbe31b4006bf1f36a967e38192&shared=False HTTP/1.1" status: 200 len: 973 time: 0.0861034
2026-04-28 08:51:46.293 10 INFO neutron.api.wsgi [req-94dcf850-dfe7-4fd3-b13f-1637ed9392cd req-b041a00c-6b24-48a4-98ea-196a52b4041c 30587a6765614ce99c992f7605ee95af 0385b1eafcf1436ab1be06d0d76c6864 - - 1a9a9c801f84437c975186752f7bc6ba 1a9a9c801f84437c975186752f7bc6ba] 199.204.45.129 "GET /v2.0/networks?shared=True HTTP/1.1" status: 200 len: 952 time: 0.0724065
2026-04-28 08:51:46.444 10 WARNING neutron.scheduler.dhcp_agent_scheduler [None req-4d793d47-983c-44eb-a5d8-097bcb128bf8 e6de024a574d41998e6cf432465b10eb 9a11ad25d1a0480b87a19927e33fce1f - - default default] No more DHCP agents
2026-04-28 08:51:46.446 10 WARNING neutron.api.rpc.agentnotifiers.dhcp_rpc_agent_api [None req-4d793d47-983c-44eb-a5d8-097bcb128bf8 e6de024a574d41998e6cf432465b10eb 9a11ad25d1a0480b87a19927e33fce1f - - default default] Unable to schedule network 46088b89-f9e1-4b38-ab51-ad54dbd1490d: no agents available; will retry on subsequent port and subnet creation events.
2026-04-28 08:51:46.464 10 WARNING neutron.scheduler.dhcp_agent_scheduler [None req-0b307663-df61-4456-bb27-88be82734fc9 - - - - - -] No more DHCP agents
2026-04-28 08:51:46.467 10 WARNING neutron.api.rpc.agentnotifiers.dhcp_rpc_agent_api [None req-0b307663-df61-4456-bb27-88be82734fc9 - - - - - -] Unable to schedule network 8301fb6d-9aec-4d84-b74f-b2012bc8b9c2: no agents available; will retry on subsequent port and subnet creation events.
2026-04-28 08:51:46.520 10 INFO neutron.db.ovn_revision_numbers_db [None req-4d793d47-983c-44eb-a5d8-097bcb128bf8 e6de024a574d41998e6cf432465b10eb 9a11ad25d1a0480b87a19927e33fce1f - - default default] Successfully bumped revision number for resource 13ffba4e-f1ad-48b1-adda-ef0b2f0ab7ab (type: ports) to 1
2026-04-28 08:51:46.547 10 INFO neutron.api.wsgi [None req-4d793d47-983c-44eb-a5d8-097bcb128bf8 e6de024a574d41998e6cf432465b10eb 9a11ad25d1a0480b87a19927e33fce1f - - default default] 10.0.0.149 "POST /v2.0/networks HTTP/1.1" status: 201 len: 829 time: 0.8394079
2026-04-28 08:51:46.557 10 WARNING neutron_lib.context [None req-2298b646-5145-4d37-8e05-e2c0880414d8 e6de024a574d41998e6cf432465b10eb 9a11ad25d1a0480b87a19927e33fce1f - - default default] Method 'is_advsvc' is deprecated since 2023.2 release (neutron-lib 3.8.0) and will be removed once support for the old RBAC API policies will be removed from Neutron. Please use method 'is_service_role' instead.
2026-04-28 08:51:46.582 9 INFO neutron.api.wsgi [req-e138cc6c-a2e7-4896-8fc4-c4d741637263 req-46fe0b85-4340-4a4e-ba51-7209b57ad4a1 e7513023662340439b3cfd782acf39e0 5367e4dbe31b4006bf1f36a967e38192 - - default default] 10.0.0.203 "GET /v2.0/ports?device_id=a1a2eae5-42b1-4d61-a338-78c4fe32a8d5 HTTP/1.1" status: 200 len: 1168 time: 0.0428646
2026-04-28 08:51:46.626 9 INFO neutron.api.wsgi [req-e138cc6c-a2e7-4896-8fc4-c4d741637263 req-95e8bd7e-34d0-45b4-a319-0a5c0bcf31cf e7513023662340439b3cfd782acf39e0 5367e4dbe31b4006bf1f36a967e38192 - - default default] 10.0.0.203 "GET /v2.0/security-groups?id=c7bef42b-2247-47ea-8c13-a4d3dd9bdcc7&fields=id&fields=name HTTP/1.1" status: 200 len: 313 time: 0.0357578
2026-04-28 08:51:46.628 10 INFO neutron.db.ovn_revision_numbers_db [None req-0b307663-df61-4456-bb27-88be82734fc9 - - - - - -] Successfully bumped revision number for resource c5c03f04-f485-481a-85a2-398e1f34c3ce (type: ports) to 1
2026-04-28 08:51:46.840 10 WARNING neutron.scheduler.dhcp_agent_scheduler [None req-2298b646-5145-4d37-8e05-e2c0880414d8 e6de024a574d41998e6cf432465b10eb 9a11ad25d1a0480b87a19927e33fce1f - - default default] No more DHCP agents
