2026-04-28 08:52:58.663 9 INFO neutron.api.wsgi [None req-a5e05403-e8a2-4e12-b4dc-34f3a0466643 1cb19cd98d594079a43a2720262ffb3d e946eafa5da44c9d8225ccd8d686f6e3 - - default default] 10.0.0.149 "POST /v2.0/qos/policies HTTP/1.1" status: 201 len: 558 time: 0.2858555
2026-04-28 08:52:58.712 9 INFO neutron.api.wsgi [None req-62f7d48c-b038-4413-9d86-8e74041619ac 1cb19cd98d594079a43a2720262ffb3d e946eafa5da44c9d8225ccd8d686f6e3 - - default default] 10.0.0.149 "POST /v2.0/qos/policies HTTP/1.1" status: 201 len: 558 time: 0.0432694
2026-04-28 08:52:58.762 9 WARNING neutron_lib.context [None req-03a0c50b-2e68-43ea-ab12-73523cae1800 135c2a2be4d84035ba5cc7174bf777b5 9ea42fa7c6784ce298e0de391a9e4182 - - default default] Method 'is_advsvc' is deprecated since 2023.2 release (neutron-lib 3.8.0) and will be removed once support for the old RBAC API policies will be removed from Neutron. Please use method 'is_service_role' instead.
2026-04-28 08:52:58.774 9 INFO neutron.api.wsgi [None req-9d2dda51-ebd3-4f07-87cf-dac5408adb07 1cb19cd98d594079a43a2720262ffb3d e946eafa5da44c9d8225ccd8d686f6e3 - - default default] 10.0.0.149 "POST /v2.0/qos/policies HTTP/1.1" status: 201 len: 558 time: 0.0551641
2026-04-28 08:52:58.839 10 INFO neutron.api.wsgi [None req-f8ba7dfc-efd4-4e2d-b000-69004a18a396 1cb19cd98d594079a43a2720262ffb3d e946eafa5da44c9d8225ccd8d686f6e3 - - default default] 10.0.0.149 "POST /v2.0/qos/policies HTTP/1.1" status: 201 len: 558 time: 0.0592501
2026-04-28 08:52:58.877 10 INFO neutron.api.wsgi [None req-e7950008-9595-4ba5-941c-c3cb23c7a674 1cb19cd98d594079a43a2720262ffb3d e946eafa5da44c9d8225ccd8d686f6e3 - - default default] 10.0.0.149 "POST /v2.0/qos/policies HTTP/1.1" status: 201 len: 558 time: 0.0339701
2026-04-28 08:52:58.904 10 INFO neutron.api.wsgi [None req-8421a3ba-bde8-4247-a578-bfadbaff0991 1cb19cd98d594079a43a2720262ffb3d e946eafa5da44c9d8225ccd8d686f6e3 - - default default] 10.0.0.149 "PUT /v2.0/policies/e7fcf1c2-8494-4c05-870a-5cb7a85ee066/tags HTTP/1.1" status: 200 len: 210 time: 0.0227172
2026-04-28 08:52:58.931 10 INFO neutron.api.wsgi [None req-9ae7f1f6-2f8a-4c85-8077-f3a5fdc8a7d1 1cb19cd98d594079a43a2720262ffb3d e946eafa5da44c9d8225ccd8d686f6e3 - - default default] 10.0.0.149 "PUT /v2.0/policies/47b12ffa-387c-4b73-98b2-d6e4afed9958/tags HTTP/1.1" status: 200 len: 218 time: 0.0231309
2026-04-28 08:52:58.945 9 INFO neutron.api.wsgi [-] 10.0.0.81 "GET / HTTP/1.1" status: 200 len: 246 time: 0.0017610
2026-04-28 08:52:58.945 10 INFO neutron.api.wsgi [-] 10.0.0.81 "GET / HTTP/1.1" status: 200 len: 246 time: 0.0019462
2026-04-28 08:52:58.968 10 INFO neutron.api.wsgi [None req-c221da78-a613-450d-abde-1f51c174374c 1cb19cd98d594079a43a2720262ffb3d e946eafa5da44c9d8225ccd8d686f6e3 - - default default] 10.0.0.149 "PUT /v2.0/policies/06b70941-2e73-44a0-91f4-3b73ba32d85f/tags HTTP/1.1" status: 200 len: 227 time: 0.0328522
2026-04-28 08:52:58.975 9 WARNING neutron.scheduler.dhcp_agent_scheduler [None req-03a0c50b-2e68-43ea-ab12-73523cae1800 135c2a2be4d84035ba5cc7174bf777b5 9ea42fa7c6784ce298e0de391a9e4182 - - default default] No more DHCP agents
2026-04-28 08:52:58.976 9 WARNING neutron.api.rpc.agentnotifiers.dhcp_rpc_agent_api [None req-03a0c50b-2e68-43ea-ab12-73523cae1800 135c2a2be4d84035ba5cc7174bf777b5 9ea42fa7c6784ce298e0de391a9e4182 - - default default] Unable to schedule network 7e399cb3-3a5c-466e-b632-9ebba27d0711: no agents available; will retry on subsequent port and subnet creation events.
2026-04-28 08:52:59.001 9 INFO neutron.db.ovn_revision_numbers_db [None req-03a0c50b-2e68-43ea-ab12-73523cae1800 135c2a2be4d84035ba5cc7174bf777b5 9ea42fa7c6784ce298e0de391a9e4182 - - default default] Successfully bumped revision number for resource 25fc6902-3a86-46b5-a9d0-80a09f1ca567 (type: subnets) to 0
2026-04-28 08:52:59.002 10 INFO neutron.api.wsgi [None req-a99cbf6a-66d8-4c5f-a77f-497890e59dc6 1cb19cd98d594079a43a2720262ffb3d e946eafa5da44c9d8225ccd8d686f6e3 - - default default] 10.0.0.149 "PUT /v2.0/policies/61347d24-82fc-4dd7-bbf2-22ea9f8a2fbd/tags HTTP/1.1" status: 200 len: 212 time: 0.0277424
2026-04-28 08:52:59.027 9 INFO neutron.api.wsgi [None req-03a0c50b-2e68-43ea-ab12-73523cae1800 135c2a2be4d84035ba5cc7174bf777b5 9ea42fa7c6784ce298e0de391a9e4182 - - default default] 10.0.0.149 "POST /v2.0/subnets HTTP/1.1" status: 201 len: 872 time: 0.2698164
2026-04-28 08:52:59.037 9 WARNING neutron_lib.context [None req-5641eb87-619e-4651-88af-f317346d1418 135c2a2be4d84035ba5cc7174bf777b5 9ea42fa7c6784ce298e0de391a9e4182 - - default default] Method 'is_advsvc' is deprecated since 2023.2 release (neutron-lib 3.8.0) and will be removed once support for the old RBAC API policies will be removed from Neutron. Please use method 'is_service_role' instead.
2026-04-28 08:52:59.395 9 INFO neutron.db.segments_db [None req-5641eb87-619e-4651-88af-f317346d1418 135c2a2be4d84035ba5cc7174bf777b5 9ea42fa7c6784ce298e0de391a9e4182 - - default default] Added segment 04820d54-e8d5-44b2-9b9e-5a26bf1610f2 of type geneve for network 70c8d676-5837-408a-be42-3d8ed8eb8d20
2026-04-28 08:52:59.503 9 INFO neutron.api.wsgi [None req-dfee121d-14d7-42e5-b68d-447d8d518fad ce0377aaed8741e49262ba6df75cb275 8c491a5f6a194364b90890c0da2f7281 - - default default] 10.0.0.149 "GET /v2.0/qos/policies?tags=red HTTP/1.1" status: 200 len: 1296 time: 0.1334047
2026-04-28 08:52:59.553 9 INFO neutron.db.ovn_revision_numbers_db [None req-5641eb87-619e-4651-88af-f317346d1418 135c2a2be4d84035ba5cc7174bf777b5 9ea42fa7c6784ce298e0de391a9e4182 - - default default] Successfully bumped revision number for resource 70c8d676-5837-408a-be42-3d8ed8eb8d20 (type: networks) to 1
2026-04-28 08:52:59.572 10 INFO neutron.api.wsgi [None req-42b87c5c-6c07-436d-8e39-cccf40dc27ae ce0377aaed8741e49262ba6df75cb275 8c491a5f6a194364b90890c0da2f7281 - - default default] 10.0.0.149 "GET /v2.0/qos/policies?tags=red%2Cblue HTTP/1.1" status: 200 len: 941 time: 0.0603039
2026-04-28 08:52:59.653 10 INFO neutron.api.wsgi [None req-af79c27a-0ed8-460a-b813-670d97e975ae ce0377aaed8741e49262ba6df75cb275 8c491a5f6a194364b90890c0da2f7281 - - default default] 10.0.0.149 "GET /v2.0/qos/policies?tags-any=blue HTTP/1.1" status: 200 len: 941 time: 0.0747457
2026-04-28 08:52:59.749 9 WARNING neutron.scheduler.dhcp_agent_scheduler [None req-5641eb87-619e-4651-88af-f317346d1418 135c2a2be4d84035ba5cc7174bf777b5 9ea42fa7c6784ce298e0de391a9e4182 - - default default] No more DHCP agents
2026-04-28 08:52:59.751 9 WARNING neutron.api.rpc.agentnotifiers.dhcp_rpc_agent_api [None req-5641eb87-619e-4651-88af-f317346d1418 135c2a2be4d84035ba5cc7174bf777b5 9ea42fa7c6784ce298e0de391a9e4182 - - default default] Unable to schedule network 70c8d676-5837-408a-be42-3d8ed8eb8d20: no agents available; will retry on subsequent port and subnet creation events.
2026-04-28 08:52:59.757 9 INFO neutron.api.wsgi [None req-fc2bc9e1-0886-4ce6-87eb-bf69a3356e2f ce0377aaed8741e49262ba6df75cb275 8c491a5f6a194364b90890c0da2f7281 - - default default] 10.0.0.149 "GET /v2.0/qos/policies?tags-any=red%2Cblue HTTP/1.1" status: 200 len: 1296 time: 0.0974185
2026-04-28 08:52:59.824 9 INFO neutron.api.wsgi [None req-f269ef8a-d589-4408-bee3-46aad2cde339 ce0377aaed8741e49262ba6df75cb275 8c491a5f6a194364b90890c0da2f7281 - - default default] 10.0.0.149 "GET /v2.0/qos/policies?not-tags=red HTTP/1.1" status: 200 len: 913 time: 0.0622718
2026-04-28 08:52:59.825 9 INFO neutron.db.ovn_revision_numbers_db [None req-5641eb87-619e-4651-88af-f317346d1418 135c2a2be4d84035ba5cc7174bf777b5 9ea42fa7c6784ce298e0de391a9e4182 - - default default] Successfully bumped revision number for resource 4bf22968-9ed7-487a-89b8-817b1cfa1035 (type: ports) to 1
2026-04-28 08:52:59.854 9 INFO neutron.api.wsgi [None req-5641eb87-619e-4651-88af-f317346d1418 135c2a2be4d84035ba5cc7174bf777b5 9ea42fa7c6784ce298e0de391a9e4182 - - default default] 10.0.0.149 "POST /v2.0/networks HTTP/1.1" status: 201 len: 846 time: 0.8212397
2026-04-28 08:52:59.907 10 INFO neutron.api.wsgi [None req-47171261-8d2f-4c13-8871-6ad6776cec81 ce0377aaed8741e49262ba6df75cb275 8c491a5f6a194364b90890c0da2f7281 - - default default] 10.0.0.149 "GET /v2.0/qos/policies?not-tags=red%2Cblue HTTP/1.1" status: 200 len: 1268 time: 0.0739954
2026-04-28 08:52:59.989 10 INFO neutron.api.wsgi [None req-03b55137-edc6-4d0c-ac9d-0f9ad4aaf495 ce0377aaed8741e49262ba6df75cb275 8c491a5f6a194364b90890c0da2f7281 - - default default] 10.0.0.149 "GET /v2.0/qos/policies?not-tags-any=blue HTTP/1.1" status: 200 len: 1268 time: 0.0744569
2026-04-28 08:53:00.012 9 INFO neutron.db.ovn_revision_numbers_db [None req-f8bd3873-880c-46c6-935f-b16e85cacde5 135c2a2be4d84035ba5cc7174bf777b5 9ea42fa7c6784ce298e0de391a9e4182 - - default default] Successfully bumped revision number for resource 70c8d676-5837-408a-be42-3d8ed8eb8d20 (type: networks) to 2
2026-04-28 08:53:00.017 9 INFO neutron.api.wsgi [None req-f8bd3873-880c-46c6-935f-b16e85cacde5 135c2a2be4d84035ba5cc7174bf777b5 9ea42fa7c6784ce298e0de391a9e4182 - - default default] 10.0.0.149 "PUT /v2.0/networks/70c8d676-5837-408a-be42-3d8ed8eb8d20 HTTP/1.1" status: 200 len: 792 time: 0.1561580
2026-04-28 08:53:00.025 10 WARNING neutron_lib.context [None req-7780d9f8-b93a-4a1b-826b-d59e2f40e067 135c2a2be4d84035ba5cc7174bf777b5 9ea42fa7c6784ce298e0de391a9e4182 - - default default] Method 'is_advsvc' is deprecated since 2023.2 release (neutron-lib 3.8.0) and will be removed once support for the old RBAC API policies will be removed from Neutron. Please use method 'is_service_role' instead.
2026-04-28 08:53:00.065 10 INFO neutron.api.wsgi [None req-fcc33afa-88cf-4019-8f08-6184f3e7fda7 ce0377aaed8741e49262ba6df75cb275 8c491a5f6a194364b90890c0da2f7281 - - default default] 10.0.0.149 "GET /v2.0/qos/policies?not-tags-any=red%2Cblue HTTP/1.1" status: 200 len: 913 time: 0.0711174
2026-04-28 08:53:00.137 10 INFO neutron.api.wsgi [None req-90aa5587-0dd5-444f-a1aa-ace9c39de236 1cb19cd98d594079a43a2720262ffb3d e946eafa5da44c9d8225ccd8d686f6e3 - - default default] 10.0.0.149 "DELETE /v2.0/qos/policies/e7fcf1c2-8494-4c05-870a-5cb7a85ee066 HTTP/1.1" status: 204 len: 168 time: 0.0630496
2026-04-28 08:53:00.210 10 INFO neutron.api.wsgi [None req-d4ab8b52-4a94-4e36-9ad8-fbc3e22d965b 1cb19cd98d594079a43a2720262ffb3d e946eafa5da44c9d8225ccd8d686f6e3 - - default default] 10.0.0.149 "DELETE /v2.0/qos/policies/47b12ffa-387c-4b73-98b2-d6e4afed9958 HTTP/1.1" status: 204 len: 168 time: 0.0694597
2026-04-28 08:53:00.230 10 WARNING neutron.scheduler.dhcp_agent_scheduler [None req-7780d9f8-b93a-4a1b-826b-d59e2f40e067 135c2a2be4d84035ba5cc7174bf777b5 9ea42fa7c6784ce298e0de391a9e4182 - - default default] No more DHCP agents
2026-04-28 08:53:00.232 10 WARNING neutron.api.rpc.agentnotifiers.dhcp_rpc_agent_api [None req-7780d9f8-b93a-4a1b-826b-d59e2f40e067 135c2a2be4d84035ba5cc7174bf777b5 9ea42fa7c6784ce298e0de391a9e4182 - - default default] Unable to schedule network 70c8d676-5837-408a-be42-3d8ed8eb8d20: no agents available; will retry on subsequent port and subnet creation events.
2026-04-28 08:53:00.271 10 INFO neutron.db.ovn_revision_numbers_db [None req-7780d9f8-b93a-4a1b-826b-d59e2f40e067 135c2a2be4d84035ba5cc7174bf777b5 9ea42fa7c6784ce298e0de391a9e4182 - - default default] Successfully bumped revision number for resource 186dc6b0-5de2-44a5-a7b8-8ceb2163ea1e (type: subnets) to 0
2026-04-28 08:53:00.276 9 INFO neutron.api.wsgi [None req-e84343cd-117b-408b-a1f5-a2b760543a77 1cb19cd98d594079a43a2720262ffb3d e946eafa5da44c9d8225ccd8d686f6e3 - - default default] 10.0.0.149 "DELETE /v2.0/qos/policies/06b70941-2e73-44a0-91f4-3b73ba32d85f HTTP/1.1" status: 204 len: 168 time: 0.0605733
2026-04-28 08:53:00.299 10 INFO neutron.api.wsgi [None req-7780d9f8-b93a-4a1b-826b-d59e2f40e067 135c2a2be4d84035ba5cc7174bf777b5 9ea42fa7c6784ce298e0de391a9e4182 - - default default] 10.0.0.149 "POST /v2.0/subnets HTTP/1.1" status: 201 len: 845 time: 0.2784741
2026-04-28 08:53:00.340 10 INFO neutron.api.wsgi [None req-784df07e-7374-44b3-921c-2cf3e6c46d30 1cb19cd98d594079a43a2720262ffb3d e946eafa5da44c9d8225ccd8d686f6e3 - - default default] 10.0.0.149 "DELETE /v2.0/qos/policies/61347d24-82fc-4dd7-bbf2-22ea9f8a2fbd HTTP/1.1" status: 204 len: 168 time: 0.0559583
2026-04-28 08:53:00.414 9 INFO neutron.api.wsgi [None req-1fffb413-4174-4b51-840b-f35841780728 1cb19cd98d594079a43a2720262ffb3d e946eafa5da44c9d8225ccd8d686f6e3 - - default default] 10.0.0.149 "DELETE /v2.0/qos/policies/28c081bd-160e-4f78-8ee1-0c73c85d28d8 HTTP/1.1" status: 204 len: 168 time: 0.0695164
2026-04-28 08:53:00.970 9 INFO neutron.db.ovn_revision_numbers_db [None req-9b851505-e218-4deb-a067-1d822da0db67 - - - - - -] Successfully bumped revision number for resource 4bf22968-9ed7-487a-89b8-817b1cfa1035 (type: ports) to 2
2026-04-28 08:53:01.006 9 INFO neutron.db.ovn_revision_numbers_db [None req-9b851505-e218-4deb-a067-1d822da0db67 - - - - - -] Successfully bumped revision number for resource 186dc6b0-5de2-44a5-a7b8-8ceb2163ea1e (type: subnets) to 1
2026-04-28 08:53:01.012 9 INFO neutron.api.wsgi [None req-f606024c-e53f-4948-b064-8063469deae3 135c2a2be4d84035ba5cc7174bf777b5 9ea42fa7c6784ce298e0de391a9e4182 - - default default] 10.0.0.149 "PUT /v2.0/subnets/186dc6b0-5de2-44a5-a7b8-8ceb2163ea1e HTTP/1.1" status: 200 len: 850 time: 0.7071781
2026-04-28 08:53:01.469 9 INFO neutron.services.segments.plugin [-] Segment 04820d54-e8d5-44b2-9b9e-5a26bf1610f2 resource provider aggregate not found
2026-04-28 08:53:01.476 9 INFO neutron.services.segments.plugin [-] Segment 04820d54-e8d5-44b2-9b9e-5a26bf1610f2 resource provider aggregate not found
2026-04-28 08:53:01.484 9 INFO neutron.services.segments.plugin [-] Segment 04820d54-e8d5-44b2-9b9e-5a26bf1610f2 resource provider not found; error: Placement Client Error (4xx): {"errors": [{"status": 404, "title": "Not Found", "detail": "The resource could not be found.\n\n No resource provider with uuid 04820d54-e8d5-44b2-9b9e-5a26bf1610f2 found for delete ", "request_id": "req-afd89559-890a-4452-ac4a-b5c3e50a484c"}]}
2026-04-28 08:53:01.491 9 INFO neutron.services.segments.plugin [-] Segment 04820d54-e8d5-44b2-9b9e-5a26bf1610f2 resource provider not found; error: Placement Client Error (4xx): {"errors": [{"status": 404, "title": "Not Found", "detail": "The resource could not be found.\n\n No resource provider with uuid 04820d54-e8d5-44b2-9b9e-5a26bf1610f2 found for delete ", "request_id": "req-344bb5fa-68a6-4b9a-97eb-5087445076f4"}]}
2026-04-28 08:53:01.516 9 INFO neutron.api.wsgi [None req-9f194a22-8fd8-4044-9abf-2d80f59b9d4f 135c2a2be4d84035ba5cc7174bf777b5 9ea42fa7c6784ce298e0de391a9e4182 - - default default] 10.0.0.149 "DELETE /v2.0/networks/70c8d676-5837-408a-be42-3d8ed8eb8d20 HTTP/1.1" status: 204 len: 168 time: 0.4972692
2026-04-28 08:53:01.540 10 INFO neutron.pecan_wsgi.hooks.translation [None req-f2268056-48f9-4888-8ddf-583bb7c7ba1b 135c2a2be4d84035ba5cc7174bf777b5 9ea42fa7c6784ce298e0de391a9e4182 - - default default] DELETE failed (client error): The resource could not be found.
2026-04-28 08:53:01.543 10 INFO neutron.api.wsgi [None req-f2268056-48f9-4888-8ddf-583bb7c7ba1b 135c2a2be4d84035ba5cc7174bf777b5 9ea42fa7c6784ce298e0de391a9e4182 - - default default] 10.0.0.149 "DELETE /v2.0/networks/70c8d676-5837-408a-be42-3d8ed8eb8d20 HTTP/1.1" status: 404 len: 339 time: 0.0213554
2026-04-28 08:53:01.614 10 INFO neutron.api.wsgi [None req-29a18145-6c90-4e97-902d-dd0537560a62 135c2a2be4d84035ba5cc7174bf777b5 9ea42fa7c6784ce298e0de391a9e4182 - - default default] 10.0.0.149 "GET /v2.0/networks?router%3Aexternal=True HTTP/1.1" status: 200 len: 845 time: 0.0648685
2026-04-28 08:53:01.635 10 INFO neutron.db.ovn_revision_numbers_db [None req-0adfa97f-a5b2-420f-8806-7064ebd425a4 a2b2aee04d4e4d6a9c7048fdd2f2e66d 5906e0af14af44b78d262d35bdab8cf5 - - default default] Successfully bumped revision number for resource 24f21cc5-5531-48e9-bf8c-05d681ad7770 (type: security_groups) to 1
2026-04-28 08:53:01.656 10 INFO neutron.api.wsgi [None req-e981957a-b688-4f62-9bc5-992fd9793d53 135c2a2be4d84035ba5cc7174bf777b5 9ea42fa7c6784ce298e0de391a9e4182 - - default default] 10.0.0.149 "GET /v2.0/subnets?network_id=8301fb6d-9aec-4d84-b74f-b2012bc8b9c2 HTTP/1.1" status: 200 len: 843 time: 0.0358520
2026-04-28 08:53:01.657 10 INFO neutron.db.ovn_revision_numbers_db [None req-0adfa97f-a5b2-420f-8806-7064ebd425a4 a2b2aee04d4e4d6a9c7048fdd2f2e66d 5906e0af14af44b78d262d35bdab8cf5 - - default default] Successfully bumped revision number for resource 30982771-0fa4-40d8-aac2-3c20608635f5 (type: security_group_rules) to 0
2026-04-28 08:53:01.669 9 INFO neutron.api.wsgi [None req-2ebac6c7-a136-4884-824e-9f7a7608de9a 135c2a2be4d84035ba5cc7174bf777b5 9ea42fa7c6784ce298e0de391a9e4182 - - default default] 10.0.0.149 "GET /v2.0/extensions HTTP/1.1" status: 200 len: 19293 time: 0.0067077
2026-04-28 08:53:01.671 10 INFO neutron.db.ovn_revision_numbers_db [None req-0adfa97f-a5b2-420f-8806-7064ebd425a4 a2b2aee04d4e4d6a9c7048fdd2f2e66d 5906e0af14af44b78d262d35bdab8cf5 - - default default] Successfully bumped revision number for resource 4483244d-57fd-49b7-904a-a95bc8b6c128 (type: security_group_rules) to 0
2026-04-28 08:53:01.700 10 INFO neutron.db.ovn_revision_numbers_db [None req-0adfa97f-a5b2-420f-8806-7064ebd425a4 a2b2aee04d4e4d6a9c7048fdd2f2e66d 5906e0af14af44b78d262d35bdab8cf5 - - default default] Successfully bumped revision number for resource 81f570c8-774e-405a-9291-8d45165569db (type: security_group_rules) to 0
2026-04-28 08:53:01.716 10 INFO neutron.db.ovn_revision_numbers_db [None req-0adfa97f-a5b2-420f-8806-7064ebd425a4 a2b2aee04d4e4d6a9c7048fdd2f2e66d 5906e0af14af44b78d262d35bdab8cf5 - - default default] Successfully bumped revision number for resource 9832091a-e603-4784-8abf-f5b52f41774e (type: security_group_rules) to 0
2026-04-28 08:53:01.750 9 INFO neutron.api.wsgi [None req-08d1c1d5-b6f6-4bc3-9d30-75be83082556 135c2a2be4d84035ba5cc7174bf777b5 9ea42fa7c6784ce298e0de391a9e4182 - - default default] 10.0.0.149 "GET /v2.0/networks HTTP/1.1" status: 200 len: 1507 time: 0.0718420
2026-04-28 08:53:01.761 10 INFO neutron.api.wsgi [None req-0adfa97f-a5b2-420f-8806-7064ebd425a4 a2b2aee04d4e4d6a9c7048fdd2f2e66d 5906e0af14af44b78d262d35bdab8cf5 - - default default] 10.0.0.149 "GET /v2.0/security-groups?tenant_id=e946eafa5da44c9d8225ccd8d686f6e3&name=default HTTP/1.1" status: 200 len: 3120 time: 0.5015769
2026-04-28 08:53:01.802 9 INFO neutron.api.wsgi [None req-ecdd7ea8-f5f2-44a3-804b-101eb0ec3bf0 135c2a2be4d84035ba5cc7174bf777b5 9ea42fa7c6784ce298e0de391a9e4182 - - default default] 10.0.0.149 "GET /v2.0/subnets HTTP/1.1" status: 200 len: 1507 time: 0.0418317
2026-04-28 08:53:01.888 10 INFO neutron.api.wsgi [None req-a02e6e7c-7fd3-4f08-a9ac-ad382bf02c0d 135c2a2be4d84035ba5cc7174bf777b5 9ea42fa7c6784ce298e0de391a9e4182 - - default default] 10.0.0.149 "GET /v2.0/networks/7e399cb3-3a5c-466e-b632-9ebba27d0711 HTTP/1.1" status: 200 len: 866 time: 0.0774846
2026-04-28 08:53:01.919 9 INFO neutron.api.wsgi [None req-e3fc6d6b-7905-4774-999c-e8cb691468e7 135c2a2be4d84035ba5cc7174bf777b5 9ea42fa7c6784ce298e0de391a9e4182 - - default default] 10.0.0.149 "GET /v2.0/subnets/25fc6902-3a86-46b5-a9d0-80a09f1ca567 HTTP/1.1" status: 200 len: 867 time: 0.0243962
2026-04-28 08:53:01.937 9 INFO neutron.pecan_wsgi.hooks.translation [None req-984cd6e1-dc6f-4237-beea-bd010b486efd 135c2a2be4d84035ba5cc7174bf777b5 9ea42fa7c6784ce298e0de391a9e4182 - - default default] DELETE failed (client error): The resource could not be found.
2026-04-28 08:53:01.940 9 INFO neutron.api.wsgi [None req-984cd6e1-dc6f-4237-beea-bd010b486efd 135c2a2be4d84035ba5cc7174bf777b5 9ea42fa7c6784ce298e0de391a9e4182 - - default default] 10.0.0.149 "DELETE /v2.0/subnets/186dc6b0-5de2-44a5-a7b8-8ceb2163ea1e HTTP/1.1" status: 404 len: 337 time: 0.0133832
2026-04-28 08:53:01.957 9 INFO neutron.pecan_wsgi.hooks.translation [None req-44a80db0-6461-4357-bdcc-26fb4596300a 135c2a2be4d84035ba5cc7174bf777b5 9ea42fa7c6784ce298e0de391a9e4182 - - default default] DELETE failed (client error): The resource could not be found.
2026-04-28 08:53:01.960 9 INFO neutron.api.wsgi [None req-44a80db0-6461-4357-bdcc-26fb4596300a 135c2a2be4d84035ba5cc7174bf777b5 9ea42fa7c6784ce298e0de391a9e4182 - - default default] 10.0.0.149 "DELETE /v2.0/networks/70c8d676-5837-408a-be42-3d8ed8eb8d20 HTTP/1.1" status: 404 len: 339 time: 0.0142860
2026-04-28 08:53:02.025 10 INFO neutron.api.wsgi [None req-94ebd159-f18c-41cf-a442-711ae02c5341 a2b2aee04d4e4d6a9c7048fdd2f2e66d 5906e0af14af44b78d262d35bdab8cf5 - - default default] 10.0.0.149 "DELETE /v2.0/security-groups/24f21cc5-5531-48e9-bf8c-05d681ad7770 HTTP/1.1" status: 204 len: 168 time: 0.2578588
2026-04-28 08:53:02.102 9 INFO neutron.api.wsgi [None req-83a7ca28-c14f-4151-b94b-0338727b59b5 135c2a2be4d84035ba5cc7174bf777b5 9ea42fa7c6784ce298e0de391a9e4182 - - default default] 10.0.0.149 "DELETE /v2.0/subnets/25fc6902-3a86-46b5-a9d0-80a09f1ca567 HTTP/1.1" status: 204 len: 168 time: 0.1377013
2026-04-28 08:53:02.285 9 INFO neutron.db.ovn_revision_numbers_db [None req-5718fe33-8743-4ee5-89b2-d75caf6b9eab a2b2aee04d4e4d6a9c7048fdd2f2e66d 5906e0af14af44b78d262d35bdab8cf5 - - default default] Successfully bumped revision number for resource 5551a7b1-9023-46ec-a0ff-d176e178e12e (type: security_groups) to 1
2026-04-28 08:53:02.307 9 INFO neutron.db.ovn_revision_numbers_db [None req-5718fe33-8743-4ee5-89b2-d75caf6b9eab a2b2aee04d4e4d6a9c7048fdd2f2e66d 5906e0af14af44b78d262d35bdab8cf5 - - default default] Successfully bumped revision number for resource 150438be-1c9d-47ac-8a42-79a271b51162 (type: security_group_rules) to 0
2026-04-28 08:53:02.336 9 INFO neutron.db.ovn_revision_numbers_db [None req-5718fe33-8743-4ee5-89b2-d75caf6b9eab a2b2aee04d4e4d6a9c7048fdd2f2e66d 5906e0af14af44b78d262d35bdab8cf5 - - default default] Successfully bumped revision number for resource 5932423f-5c40-42ad-b474-e87cf5d2891a (type: security_group_rules) to 0
2026-04-28 08:53:02.356 9 INFO neutron.db.ovn_revision_numbers_db [None req-5718fe33-8743-4ee5-89b2-d75caf6b9eab a2b2aee04d4e4d6a9c7048fdd2f2e66d 5906e0af14af44b78d262d35bdab8cf5 - - default default] Successfully bumped revision number for resource b5b35c6d-264f-4ee4-b317-324dfb157154 (type: security_group_rules) to 0
2026-04-28 08:53:02.383 9 INFO neutron.db.ovn_revision_numbers_db [None req-5718fe33-8743-4ee5-89b2-d75caf6b9eab a2b2aee04d4e4d6a9c7048fdd2f2e66d 5906e0af14af44b78d262d35bdab8cf5 - - default default] Successfully bumped revision number for resource f930a99e-2b3a-4929-bf0f-fdbea22cee78 (type: security_group_rules) to 0
2026-04-28 08:53:02.434 9 INFO neutron.api.wsgi [None req-5718fe33-8743-4ee5-89b2-d75caf6b9eab a2b2aee04d4e4d6a9c7048fdd2f2e66d 5906e0af14af44b78d262d35bdab8cf5 - - default default] 10.0.0.149 "GET /v2.0/security-groups?tenant_id=8c491a5f6a194364b90890c0da2f7281&name=default HTTP/1.1" status: 200 len: 3120 time: 0.2977405
2026-04-28 08:53:02.513 9 INFO neutron.api.wsgi [None req-4a7344ed-0347-4442-bfef-36ef20b8835f 135c2a2be4d84035ba5cc7174bf777b5 9ea42fa7c6784ce298e0de391a9e4182 - - default default] 10.0.0.149 "DELETE /v2.0/networks/7e399cb3-3a5c-466e-b632-9ebba27d0711 HTTP/1.1" status: 204 len: 168 time: 0.4051931
2026-04-28 08:53:02.694 10 INFO neutron.api.wsgi [None req-4ea14fad-0036-4841-9c06-fa4711867c0a a2b2aee04d4e4d6a9c7048fdd2f2e66d 5906e0af14af44b78d262d35bdab8cf5 - - default default] 10.0.0.149 "DELETE /v2.0/security-groups/5551a7b1-9023-46ec-a0ff-d176e178e12e HTTP/1.1" status: 204 len: 168 time: 0.2540243
2026-04-28 08:53:02.992 10 INFO neutron.db.ovn_revision_numbers_db [None req-7980e10d-d5bf-4460-aac2-6ecbce0ed8d2 a2b2aee04d4e4d6a9c7048fdd2f2e66d 5906e0af14af44b78d262d35bdab8cf5 - - default default] Successfully bumped revision number for resource 54a01709-669d-470f-b378-d2d92c552ba4 (type: security_groups) to 1
2026-04-28 08:53:03.028 10 INFO neutron.db.ovn_revision_numbers_db [None req-7980e10d-d5bf-4460-aac2-6ecbce0ed8d2 a2b2aee04d4e4d6a9c7048fdd2f2e66d 5906e0af14af44b78d262d35bdab8cf5 - - default default] Successfully bumped revision number for resource 16443161-8967-479e-9991-7f9ef003eaf5 (type: security_group_rules) to 0
2026-04-28 08:53:03.048 10 INFO neutron.db.ovn_revision_numbers_db [None req-7980e10d-d5bf-4460-aac2-6ecbce0ed8d2 a2b2aee04d4e4d6a9c7048fdd2f2e66d 5906e0af14af44b78d262d35bdab8cf5 - - default default] Successfully bumped revision number for resource 2bd79d99-1486-47d7-a928-d9cd09ee1448 (type: security_group_rules) to 0
2026-04-28 08:53:03.073 10 INFO neutron.db.ovn_revision_numbers_db [None req-7980e10d-d5bf-4460-aac2-6ecbce0ed8d2 a2b2aee04d4e4d6a9c7048fdd2f2e66d 5906e0af14af44b78d262d35bdab8cf5 - - default default] Successfully bumped revision number for resource 868d9bb8-7f1a-4d01-9b62-f1ebaecad81e (type: security_group_rules) to 0
2026-04-28 08:53:03.094 10 INFO neutron.db.ovn_revision_numbers_db [None req-7980e10d-d5bf-4460-aac2-6ecbce0ed8d2 a2b2aee04d4e4d6a9c7048fdd2f2e66d 5906e0af14af44b78d262d35bdab8cf5 - - default default] Successfully bumped revision number for resource b8697549-aebc-4d26-b5d9-b3fc9362344b (type: security_group_rules) to 0
2026-04-28 08:53:03.142 10 INFO neutron.api.wsgi [None req-7980e10d-d5bf-4460-aac2-6ecbce0ed8d2 a2b2aee04d4e4d6a9c7048fdd2f2e66d 5906e0af14af44b78d262d35bdab8cf5 - - default default] 10.0.0.149 "GET /v2.0/security-groups?tenant_id=fa3506af90084655ad75273ee4fc187d&name=default HTTP/1.1" status: 200 len: 3120 time: 0.2523627
2026-04-28 08:53:03.266 9 INFO neutron.api.wsgi [None req-b72624cc-e4c2-4ff0-8ec8-197042f8c869 a2b2aee04d4e4d6a9c7048fdd2f2e66d 5906e0af14af44b78d262d35bdab8cf5 - - default default] 10.0.0.149 "GET /v2.0/security-groups?tenant_id=9ea42fa7c6784ce298e0de391a9e4182&name=default HTTP/1.1" status: 200 len: 3120 time: 0.2182670
2026-04-28 08:53:03.490 10 INFO neutron.api.wsgi [None req-e3efccca-99ab-470e-8965-ba2131e13544 a2b2aee04d4e4d6a9c7048fdd2f2e66d 5906e0af14af44b78d262d35bdab8cf5 - - default default] 10.0.0.149 "DELETE /v2.0/security-groups/54a01709-669d-470f-b378-d2d92c552ba4 HTTP/1.1" status: 204 len: 168 time: 0.3424697
2026-04-28 08:53:03.509 9 INFO neutron.services.segments.plugin [-] Segment d962e98c-a447-4aad-98e0-5cab15951731 resource provider aggregate not found
2026-04-28 08:53:03.514 9 INFO neutron.services.segments.plugin [-] Segment d962e98c-a447-4aad-98e0-5cab15951731 resource provider aggregate not found
2026-04-28 08:53:03.530 9 INFO neutron.services.segments.plugin [-] Segment d962e98c-a447-4aad-98e0-5cab15951731 resource provider not found; error: Placement Client Error (4xx): {"errors": [{"status": 404, "title": "Not Found", "detail": "The resource could not be found.\n\n No resource provider with uuid d962e98c-a447-4aad-98e0-5cab15951731 found for delete ", "request_id": "req-c0f202d0-c7d4-46af-9c6e-d4b5682321c7"}]}
2026-04-28 08:53:03.533 9 INFO neutron.services.segments.plugin [-] Segment d962e98c-a447-4aad-98e0-5cab15951731 resource provider not found; error: Placement Client Error (4xx): {"errors": [{"status": 404, "title": "Not Found", "detail": "The resource could not be found.\n\n No resource provider with uuid d962e98c-a447-4aad-98e0-5cab15951731 found for delete ", "request_id": "req-51623e40-e06e-4c3a-96f2-4e413e655810"}]}
2026-04-28 08:53:03.541 9 INFO neutron.api.wsgi [None req-c8de9b74-1162-4681-9c21-e3c5647c6167 a2b2aee04d4e4d6a9c7048fdd2f2e66d 5906e0af14af44b78d262d35bdab8cf5 - - default default] 10.0.0.149 "DELETE /v2.0/security-groups/57ab4990-a59c-490a-af66-2c35fe9b3088 HTTP/1.1" status: 204 len: 168 time: 0.2675350
2026-04-28 08:53:05.385 10 INFO neutron.api.wsgi [None req-15e53321-3f99-456e-8d62-7a5f35b643bc a2b2aee04d4e4d6a9c7048fdd2f2e66d 5906e0af14af44b78d262d35bdab8cf5 - - default default] 10.0.0.20 "GET /v2.0/security-groups HTTP/1.1" status: 200 len: 17578 time: 0.1944518
2026-04-28 08:53:05.419 10 INFO neutron.api.wsgi [None req-e986fdcb-aed4-4047-aaa9-6d543f05d2af a2b2aee04d4e4d6a9c7048fdd2f2e66d 5906e0af14af44b78d262d35bdab8cf5 - - default default] 10.0.0.20 "GET /v2.0/subnets HTTP/1.1" status: 200 len: 1484 time: 0.0279737
2026-04-28 08:53:05.431 10 INFO neutron.api.wsgi [None req-7cd6b882-7dd4-4d7a-939d-94bd38c4b03e a2b2aee04d4e4d6a9c7048fdd2f2e66d 5906e0af14af44b78d262d35bdab8cf5 - - default default] 10.0.0.20 "GET /v2.0/subnetpools HTTP/1.1" status: 200 len: 193 time: 0.0100253
2026-04-28 08:53:05.471 10 INFO neutron.api.wsgi [None req-3c1aba51-7cd9-407d-8181-d73b7fc1fc6f a2b2aee04d4e4d6a9c7048fdd2f2e66d 5906e0af14af44b78d262d35bdab8cf5 - - default default] 10.0.0.20 "GET /v2.0/subnets HTTP/1.1" status: 200 len: 1484 time: 0.0393474
2026-04-28 08:53:05.485 10 INFO neutron.api.wsgi [None req-433fa9e6-b478-43f4-be01-fa784a70faec a2b2aee04d4e4d6a9c7048fdd2f2e66d 5906e0af14af44b78d262d35bdab8cf5 - - default default] 10.0.0.20 "GET /v2.0/network-ip-availabilities HTTP/1.1" status: 200 len: 1280 time: 0.0117304
2026-04-28 08:53:05.502 10 INFO neutron.api.wsgi [None req-be8f6d2d-100d-47be-b5a8-c36b3ba55516 a2b2aee04d4e4d6a9c7048fdd2f2e66d 5906e0af14af44b78d262d35bdab8cf5 - - default default] 10.0.0.20 "GET /v2.0/floatingips HTTP/1.1" status: 200 len: 193 time: 0.0164626
2026-04-28 08:53:05.557 10 INFO neutron.api.wsgi [None req-cecb1796-6b33-4a02-9fcd-c29870311468 a2b2aee04d4e4d6a9c7048fdd2f2e66d 5906e0af14af44b78d262d35bdab8cf5 - - default default] 10.0.0.20 "GET /v2.0/networks HTTP/1.1" status: 200 len: 2350 time: 0.0538256
2026-04-28 08:53:05.574 10 INFO neutron.api.wsgi [None req-55f3aedb-ce83-4281-be6d-17a30c14c7d0 a2b2aee04d4e4d6a9c7048fdd2f2e66d 5906e0af14af44b78d262d35bdab8cf5 - - default default] 10.0.0.20 "GET /v2.0/agents HTTP/1.1" status: 200 len: 1390 time: 0.0144939
2026-04-28 08:53:05.613 9 WARNING neutron_lib.context [None req-b6a58fe8-1777-48a6-9ad0-2ebd40b77d7d 52d200795f714247aff43af319b2b22b 7fe3cac82024417ea24f1e6736770073 - - default default] Method 'is_advsvc' is deprecated since 2023.2 release (neutron-lib 3.8.0) and will be removed once support for the old RBAC API policies will be removed from Neutron. Please use method 'is_service_role' instead.
2026-04-28 08:53:05.630 10 INFO neutron.api.wsgi [None req-10e7d3b6-d24d-4442-8485-5087b35ee30f a2b2aee04d4e4d6a9c7048fdd2f2e66d 5906e0af14af44b78d262d35bdab8cf5 - - default default] 10.0.0.20 "GET /v2.0/ports HTTP/1.1" status: 200 len: 5351 time: 0.0554950
2026-04-28 08:53:05.655 10 INFO neutron.api.wsgi [None req-17556d86-75c0-46df-bb49-84948c9c5ff1 a2b2aee04d4e4d6a9c7048fdd2f2e66d 5906e0af14af44b78d262d35bdab8cf5 - - default default] 10.0.0.20 "GET /v2.0/routers HTTP/1.1" status: 200 len: 189 time: 0.0192022
2026-04-28 08:53:05.665 10 INFO neutron.api.wsgi [None req-83ffd645-ab9f-4964-a694-f77665a63870 a2b2aee04d4e4d6a9c7048fdd2f2e66d 5906e0af14af44b78d262d35bdab8cf5 - - default default] 10.0.0.20 "GET /v2.0/agents?binary=ovn-controller HTTP/1.1" status: 200 len: 591 time: 0.0100875
2026-04-28 08:53:05.764 9 INFO neutron.db.ovn_revision_numbers_db [None req-b6a58fe8-1777-48a6-9ad0-2ebd40b77d7d 52d200795f714247aff43af319b2b22b 7fe3cac82024417ea24f1e6736770073 - - default default] Successfully bumped revision number for resource 936672b2-d1dd-4f7a-9a75-46cee1e20f5c (type: security_groups) to 1
2026-04-28 08:53:05.779 9 INFO neutron.db.ovn_revision_numbers_db [None req-b6a58fe8-1777-48a6-9ad0-2ebd40b77d7d 52d200795f714247aff43af319b2b22b 7fe3cac82024417ea24f1e6736770073 - - default default] Successfully bumped revision number for resource 1c644983-18fc-4fe4-a66f-49423414f0da (type: security_group_rules) to 0
2026-04-28 08:53:05.795 9 INFO neutron.db.ovn_revision_numbers_db [None req-b6a58fe8-1777-48a6-9ad0-2ebd40b77d7d 52d200795f714247aff43af319b2b22b 7fe3cac82024417ea24f1e6736770073 - - default default] Successfully bumped revision number for resource 72f1261c-60db-4b71-8d91-fe06d8acf06e (type: security_group_rules) to 0
2026-04-28 08:53:05.876 9 INFO neutron.db.ovn_revision_numbers_db [None req-b6a58fe8-1777-48a6-9ad0-2ebd40b77d7d 52d200795f714247aff43af319b2b22b 7fe3cac82024417ea24f1e6736770073 - - default default] Successfully bumped revision number for resource 80eddb70-dff1-4a24-9836-7e43afb8daf0 (type: security_group_rules) to 0
2026-04-28 08:53:05.942 9 INFO neutron.db.ovn_revision_numbers_db [None req-b6a58fe8-1777-48a6-9ad0-2ebd40b77d7d 52d200795f714247aff43af319b2b22b 7fe3cac82024417ea24f1e6736770073 - - default default] Successfully bumped revision number for resource cc530281-3be9-4bca-ba4f-12e51ad0c783 (type: security_group_rules) to 0
2026-04-28 08:53:06.035 9 INFO neutron.db.segments_db [None req-b6a58fe8-1777-48a6-9ad0-2ebd40b77d7d 52d200795f714247aff43af319b2b22b 7fe3cac82024417ea24f1e6736770073 - - default default] Added segment 2ba6fc0a-aa9c-40e3-9534-b58338430d6e of type geneve for network a3f7cd15-ac12-49b5-b16f-df56e33b2068
2026-04-28 08:53:06.173 9 INFO neutron.db.ovn_revision_numbers_db [None req-b6a58fe8-1777-48a6-9ad0-2ebd40b77d7d 52d200795f714247aff43af319b2b22b 7fe3cac82024417ea24f1e6736770073 - - default default] Successfully bumped revision number for resource a3f7cd15-ac12-49b5-b16f-df56e33b2068 (type: networks) to 1
2026-04-28 08:53:06.403 9 WARNING neutron.scheduler.dhcp_agent_scheduler [None req-b6a58fe8-1777-48a6-9ad0-2ebd40b77d7d 52d200795f714247aff43af319b2b22b 7fe3cac82024417ea24f1e6736770073 - - default default] No more DHCP agents
2026-04-28 08:53:06.404 9 WARNING neutron.api.rpc.agentnotifiers.dhcp_rpc_agent_api [None req-b6a58fe8-1777-48a6-9ad0-2ebd40b77d7d 52d200795f714247aff43af319b2b22b 7fe3cac82024417ea24f1e6736770073 - - default default] Unable to schedule network a3f7cd15-ac12-49b5-b16f-df56e33b2068: no agents available; will retry on subsequent port and subnet creation events.
2026-04-28 08:53:06.480 9 INFO neutron.db.ovn_revision_numbers_db [None req-b6a58fe8-1777-48a6-9ad0-2ebd40b77d7d 52d200795f714247aff43af319b2b22b 7fe3cac82024417ea24f1e6736770073 - - default default] Successfully bumped revision number for resource 1547287f-f56d-478b-b5b4-79b16159e447 (type: ports) to 1
2026-04-28 08:53:06.513 9 INFO neutron.api.wsgi [None req-b6a58fe8-1777-48a6-9ad0-2ebd40b77d7d 52d200795f714247aff43af319b2b22b 7fe3cac82024417ea24f1e6736770073 - - default default] 10.0.0.149 "POST /v2.0/networks HTTP/1.1" status: 201 len: 833 time: 1.1046388
2026-04-28 08:53:06.523 9 WARNING neutron_lib.context [None req-2ff3f0e3-d72d-43f9-9aa0-2b26d4e08794 52d200795f714247aff43af319b2b22b 7fe3cac82024417ea24f1e6736770073 - - default default] Method 'is_advsvc' is deprecated since 2023.2 release (neutron-lib 3.8.0) and will be removed once support for the old RBAC API policies will be removed from Neutron. Please use method 'is_service_role' instead.
2026-04-28 08:53:06.616 9 INFO neutron.db.segments_db [None req-2ff3f0e3-d72d-43f9-9aa0-2b26d4e08794 52d200795f714247aff43af319b2b22b 7fe3cac82024417ea24f1e6736770073 - - default default] Added segment 08887130-f01d-4e38-babc-02030382330c of type geneve for network 679dad12-d5e4-4475-aab6-5f4478592241
2026-04-28 08:53:06.758 9 INFO neutron.db.ovn_revision_numbers_db [None req-2ff3f0e3-d72d-43f9-9aa0-2b26d4e08794 52d200795f714247aff43af319b2b22b 7fe3cac82024417ea24f1e6736770073 - - default default] Successfully bumped revision number for resource 679dad12-d5e4-4475-aab6-5f4478592241 (type: networks) to 1
2026-04-28 08:53:06.963 9 WARNING neutron.scheduler.dhcp_agent_scheduler [None req-2ff3f0e3-d72d-43f9-9aa0-2b26d4e08794 52d200795f714247aff43af319b2b22b 7fe3cac82024417ea24f1e6736770073 - - default default] No more DHCP agents
2026-04-28 08:53:06.964 9 WARNING neutron.api.rpc.agentnotifiers.dhcp_rpc_agent_api [None req-2ff3f0e3-d72d-43f9-9aa0-2b26d4e08794 52d200795f714247aff43af319b2b22b 7fe3cac82024417ea24f1e6736770073 - - default default] Unable to schedule network 679dad12-d5e4-4475-aab6-5f4478592241: no agents available; will retry on subsequent port and subnet creation events.
2026-04-28 08:53:07.034 9 INFO neutron.db.ovn_revision_numbers_db [None req-2ff3f0e3-d72d-43f9-9aa0-2b26d4e08794 52d200795f714247aff43af319b2b22b 7fe3cac82024417ea24f1e6736770073 - - default default] Successfully bumped revision number for resource fcd79e89-2528-4288-9454-20b840bbecd2 (type: ports) to 1
2026-04-28 08:53:07.058 9 INFO neutron.api.wsgi [None req-2ff3f0e3-d72d-43f9-9aa0-2b26d4e08794 52d200795f714247aff43af319b2b22b 7fe3cac82024417ea24f1e6736770073 - - default default] 10.0.0.149 "POST /v2.0/networks HTTP/1.1" status: 201 len: 832 time: 0.5385525
2026-04-28 08:53:07.067 9 WARNING neutron_lib.context [None req-2d572604-f37d-4e62-b4c2-15cbe1b760a6 52d200795f714247aff43af319b2b22b 7fe3cac82024417ea24f1e6736770073 - - default default] Method 'is_advsvc' is deprecated since 2023.2 release (neutron-lib 3.8.0) and will be removed once support for the old RBAC API policies will be removed from Neutron. Please use method 'is_service_role' instead.
2026-04-28 08:53:07.254 9 WARNING neutron.scheduler.dhcp_agent_scheduler [None req-2d572604-f37d-4e62-b4c2-15cbe1b760a6 52d200795f714247aff43af319b2b22b 7fe3cac82024417ea24f1e6736770073 - - default default] No more DHCP agents
2026-04-28 08:53:07.255 9 WARNING neutron.api.rpc.agentnotifiers.dhcp_rpc_agent_api [None req-2d572604-f37d-4e62-b4c2-15cbe1b760a6 52d200795f714247aff43af319b2b22b 7fe3cac82024417ea24f1e6736770073 - - default default] Unable to schedule network a3f7cd15-ac12-49b5-b16f-df56e33b2068: no agents available; will retry on subsequent port and subnet creation events.
2026-04-28 08:53:07.286 9 INFO neutron.db.ovn_revision_numbers_db [None req-2d572604-f37d-4e62-b4c2-15cbe1b760a6 52d200795f714247aff43af319b2b22b 7fe3cac82024417ea24f1e6736770073 - - default default] Successfully bumped revision number for resource 9fa37194-2568-474d-859b-0a46ad130c10 (type: subnets) to 0
2026-04-28 08:53:07.303 9 INFO neutron.api.wsgi [None req-2d572604-f37d-4e62-b4c2-15cbe1b760a6 52d200795f714247aff43af319b2b22b 7fe3cac82024417ea24f1e6736770073 - - default default] 10.0.0.149 "POST /v2.0/subnets HTTP/1.1" status: 201 len: 845 time: 0.2404914
2026-04-28 08:53:07.316 9 WARNING neutron_lib.context [None req-6ac299a0-f948-4b7c-9daa-624686b75758 52d200795f714247aff43af319b2b22b 7fe3cac82024417ea24f1e6736770073 - - default default] Method 'is_advsvc' is deprecated since 2023.2 release (neutron-lib 3.8.0) and will be removed once support for the old RBAC API policies will be removed from Neutron. Please use method 'is_service_role' instead.
2026-04-28 08:53:07.708 9 WARNING neutron.scheduler.dhcp_agent_scheduler [None req-6ac299a0-f948-4b7c-9daa-624686b75758 52d200795f714247aff43af319b2b22b 7fe3cac82024417ea24f1e6736770073 - - default default] No more DHCP agents
2026-04-28 08:53:07.710 9 WARNING neutron.api.rpc.agentnotifiers.dhcp_rpc_agent_api [None req-6ac299a0-f948-4b7c-9daa-624686b75758 52d200795f714247aff43af319b2b22b 7fe3cac82024417ea24f1e6736770073 - - default default] Unable to schedule network 679dad12-d5e4-4475-aab6-5f4478592241: no agents available; will retry on subsequent port and subnet creation events.
2026-04-28 08:53:07.786 9 INFO neutron.db.ovn_revision_numbers_db [None req-6ac299a0-f948-4b7c-9daa-624686b75758 52d200795f714247aff43af319b2b22b 7fe3cac82024417ea24f1e6736770073 - - default default] Successfully bumped revision number for resource 3eed81bf-6d97-4760-ab4e-2c1fea7f1178 (type: subnets) to 0
2026-04-28 08:53:07.974 9 INFO neutron.api.wsgi [None req-6ac299a0-f948-4b7c-9daa-624686b75758 52d200795f714247aff43af319b2b22b 7fe3cac82024417ea24f1e6736770073 - - default default] 10.0.0.149 "POST /v2.0/subnets HTTP/1.1" status: 201 len: 854 time: 0.6646001
2026-04-28 08:53:07.985 9 WARNING neutron_lib.context [None req-f0faf644-dede-47aa-b856-e0cd2981309f 52d200795f714247aff43af319b2b22b 7fe3cac82024417ea24f1e6736770073 - - default default] Method 'is_advsvc' is deprecated since 2023.2 release (neutron-lib 3.8.0) and will be removed once support for the old RBAC API policies will be removed from Neutron. Please use method 'is_service_role' instead.
2026-04-28 08:53:08.115 10 WARNING neutron_lib.context [None req-3f0470b3-528b-40a1-988a-8a20cdd63320 33a7b3a8b6e54a1f8464513b16ca97c5 c67dd3da7c5a433e963a2686ddc3ac96 - - default default] Method 'is_advsvc' is deprecated since 2023.2 release (neutron-lib 3.8.0) and will be removed once support for the old RBAC API policies will be removed from Neutron. Please use method 'is_service_role' instead.
2026-04-28 08:53:08.129 9 INFO neutron.db.ovn_revision_numbers_db [None req-f0faf644-dede-47aa-b856-e0cd2981309f 52d200795f714247aff43af319b2b22b 7fe3cac82024417ea24f1e6736770073 - - default default] Successfully bumped revision number for resource f986dd68-0a9a-49c2-91dd-23220b225bb7 (type: routers) to 1
2026-04-28 08:53:08.146 9 INFO neutron.api.wsgi [None req-f0faf644-dede-47aa-b856-e0cd2981309f 52d200795f714247aff43af319b2b22b 7fe3cac82024417ea24f1e6736770073 - - default default] 10.0.0.149 "POST /v2.0/routers HTTP/1.1" status: 201 len: 805 time: 0.1657546
2026-04-28 08:53:08.167 10 INFO neutron.api.wsgi [None req-3f0470b3-528b-40a1-988a-8a20cdd63320 33a7b3a8b6e54a1f8464513b16ca97c5 c67dd3da7c5a433e963a2686ddc3ac96 - - default default] 10.0.0.149 "POST /v2.0/subnetpools HTTP/1.1" status: 201 len: 715 time: 0.2396362
2026-04-28 08:53:08.180 10 WARNING neutron_lib.context [None req-ae05ef89-c192-4d91-9a35-7938ef2edf2a 33a7b3a8b6e54a1f8464513b16ca97c5 c67dd3da7c5a433e963a2686ddc3ac96 - - default default] Method 'is_advsvc' is deprecated since 2023.2 release (neutron-lib 3.8.0) and will be removed once support for the old RBAC API policies will be removed from Neutron. Please use method 'is_service_role' instead.
2026-04-28 08:53:08.242 10 INFO neutron.api.wsgi [None req-ae05ef89-c192-4d91-9a35-7938ef2edf2a 33a7b3a8b6e54a1f8464513b16ca97c5 c67dd3da7c5a433e963a2686ddc3ac96 - - default default] 10.0.0.149 "POST /v2.0/subnetpools HTTP/1.1" status: 201 len: 715 time: 0.0670700
2026-04-28 08:53:08.255 10 WARNING neutron_lib.context [None req-3cc04097-e8a9-4818-a790-8df4117a420d 33a7b3a8b6e54a1f8464513b16ca97c5 c67dd3da7c5a433e963a2686ddc3ac96 - - default default] Method 'is_advsvc' is deprecated since 2023.2 release (neutron-lib 3.8.0) and will be removed once support for the old RBAC API policies will be removed from Neutron. Please use method 'is_service_role' instead.
2026-04-28 08:53:08.308 10 INFO neutron.api.wsgi [None req-3cc04097-e8a9-4818-a790-8df4117a420d 33a7b3a8b6e54a1f8464513b16ca97c5 c67dd3da7c5a433e963a2686ddc3ac96 - - default default] 10.0.0.149 "POST /v2.0/subnetpools HTTP/1.1" status: 201 len: 715 time: 0.0608287
2026-04-28 08:53:08.319 10 WARNING neutron_lib.context [None req-eae4bb80-d9a7-4b48-bfc6-8d1661b2edb8 33a7b3a8b6e54a1f8464513b16ca97c5 c67dd3da7c5a433e963a2686ddc3ac96 - - default default] Method 'is_advsvc' is deprecated since 2023.2 release (neutron-lib 3.8.0) and will be removed once support for the old RBAC API policies will be removed from Neutron. Please use method 'is_service_role' instead.
2026-04-28 08:53:08.368 10 INFO neutron.api.wsgi [None req-eae4bb80-d9a7-4b48-bfc6-8d1661b2edb8 33a7b3a8b6e54a1f8464513b16ca97c5 c67dd3da7c5a433e963a2686ddc3ac96 - - default default] 10.0.0.149 "POST /v2.0/subnetpools HTTP/1.1" status: 201 len: 715 time: 0.0556664
2026-04-28 08:53:08.376 10 WARNING neutron_lib.context [None req-86e0292b-671e-44f4-950a-5fb60d9d2989 33a7b3a8b6e54a1f8464513b16ca97c5 c67dd3da7c5a433e963a2686ddc3ac96 - - default default] Method 'is_advsvc' is deprecated since 2023.2 release (neutron-lib 3.8.0) and will be removed once support for the old RBAC API policies will be removed from Neutron. Please use method 'is_service_role' instead.
2026-04-28 08:53:08.442 10 INFO neutron.api.wsgi [None req-86e0292b-671e-44f4-950a-5fb60d9d2989 33a7b3a8b6e54a1f8464513b16ca97c5 c67dd3da7c5a433e963a2686ddc3ac96 - - default default] 10.0.0.149 "POST /v2.0/subnetpools HTTP/1.1" status: 201 len: 715 time: 0.0699074
2026-04-28 08:53:08.486 10 INFO neutron.api.wsgi [None req-7c95cbe7-acf8-4089-8922-da5c64be7990 33a7b3a8b6e54a1f8464513b16ca97c5 c67dd3da7c5a433e963a2686ddc3ac96 - - default default] 10.0.0.149 "PUT /v2.0/subnetpools/ccf3b6a3-91e3-4624-a559-c8a39a914f3b/tags HTTP/1.1" status: 200 len: 210 time: 0.0402610
2026-04-28 08:53:08.528 10 INFO neutron.api.wsgi [None req-d85a8bac-97ab-4e48-8f6f-b727bff33db3 33a7b3a8b6e54a1f8464513b16ca97c5 c67dd3da7c5a433e963a2686ddc3ac96 - - default default] 10.0.0.149 "PUT /v2.0/subnetpools/cd57ab8e-f6a8-4049-8f64-00fe77d1427a/tags HTTP/1.1" status: 200 len: 218 time: 0.0362835
2026-04-28 08:53:08.539 9 WARNING neutron.scheduler.dhcp_agent_scheduler [None req-30f8632b-2307-4f3b-87ee-e39e2d045529 52d200795f714247aff43af319b2b22b 7fe3cac82024417ea24f1e6736770073 - - default default] No more DHCP agents
2026-04-28 08:53:08.541 9 WARNING neutron.api.rpc.agentnotifiers.dhcp_rpc_agent_api [None req-30f8632b-2307-4f3b-87ee-e39e2d045529 52d200795f714247aff43af319b2b22b 7fe3cac82024417ea24f1e6736770073 - - default default] Unable to schedule network a3f7cd15-ac12-49b5-b16f-df56e33b2068: no agents available; will retry on subsequent port and subnet creation events.
2026-04-28 08:53:08.567 10 INFO neutron.api.wsgi [None req-52fbffbb-56cc-49e8-b688-6754db7a9ba6 33a7b3a8b6e54a1f8464513b16ca97c5 c67dd3da7c5a433e963a2686ddc3ac96 - - default default] 10.0.0.149 "PUT /v2.0/subnetpools/0d034684-3a64-4fd8-a65a-21801d181daa/tags HTTP/1.1" status: 200 len: 227 time: 0.0338655
2026-04-28 08:53:08.639 9 INFO neutron.db.ovn_revision_numbers_db [None req-30f8632b-2307-4f3b-87ee-e39e2d045529 52d200795f714247aff43af319b2b22b 7fe3cac82024417ea24f1e6736770073 - - default default] Successfully bumped revision number for resource 566be583-a7b3-42cd-bfbc-2cf0f4c88c8a (type: ports) to 1
2026-04-28 08:53:08.639 10 INFO neutron.api.wsgi [None req-8b1f0625-7231-4c4d-8482-f2bf17b69ca8 33a7b3a8b6e54a1f8464513b16ca97c5 c67dd3da7c5a433e963a2686ddc3ac96 - - default default] 10.0.0.149 "PUT /v2.0/subnetpools/046d8a57-ef40-409b-8109-d1e6e449df31/tags HTTP/1.1" status: 200 len: 212 time: 0.0668743
2026-04-28 08:53:08.665 10 INFO neutron.api.wsgi [None req-45bacacd-f37e-4098-aa16-84d9d8e5134d 33a7b3a8b6e54a1f8464513b16ca97c5 c67dd3da7c5a433e963a2686ddc3ac96 - - default default] 10.0.0.149 "GET /v2.0/subnetpools?tags=red HTTP/1.1" status: 200 len: 1758 time: 0.0205944
2026-04-28 08:53:08.700 10 INFO neutron.api.wsgi [None req-79a5eab0-7a4c-4d81-86ef-f909375a2808 33a7b3a8b6e54a1f8464513b16ca97c5 c67dd3da7c5a433e963a2686ddc3ac96 - - default default] 10.0.0.149 "GET /v2.0/subnetpools?tags=red%2Cblue HTTP/1.1" status: 200 len: 1251 time: 0.0294147
2026-04-28 08:53:08.729 10 INFO neutron.api.wsgi [None req-fff47a66-b14c-46e8-8982-2b4b52a5b008 33a7b3a8b6e54a1f8464513b16ca97c5 c67dd3da7c5a433e963a2686ddc3ac96 - - default default] 10.0.0.149 "GET /v2.0/subnetpools?tags-any=blue HTTP/1.1" status: 200 len: 1251 time: 0.0232682
2026-04-28 08:53:08.754 10 INFO neutron.api.wsgi [None req-100caf24-fea9-4a4b-8005-23dd837c0120 33a7b3a8b6e54a1f8464513b16ca97c5 c67dd3da7c5a433e963a2686ddc3ac96 - - default default] 10.0.0.149 "GET /v2.0/subnetpools?tags-any=red%2Cblue HTTP/1.1" status: 200 len: 1758 time: 0.0209489
2026-04-28 08:53:08.779 10 INFO neutron.api.wsgi [None req-34fca937-b023-4789-a63b-eb18d872e039 33a7b3a8b6e54a1f8464513b16ca97c5 c67dd3da7c5a433e963a2686ddc3ac96 - - default default] 10.0.0.149 "GET /v2.0/subnetpools?not-tags=red HTTP/1.1" status: 200 len: 1223 time: 0.0199168
2026-04-28 08:53:08.807 10 INFO neutron.api.wsgi [None req-59b305f7-e8af-4e91-ade4-2dd44542b5ff 33a7b3a8b6e54a1f8464513b16ca97c5 c67dd3da7c5a433e963a2686ddc3ac96 - - default default] 10.0.0.149 "GET /v2.0/subnetpools?not-tags=red%2Cblue HTTP/1.1" status: 200 len: 1730 time: 0.0223846
2026-04-28 08:53:08.833 10 INFO neutron.api.wsgi [None req-c5319872-60ed-4c36-911b-befd8f39b735 33a7b3a8b6e54a1f8464513b16ca97c5 c67dd3da7c5a433e963a2686ddc3ac96 - - default default] 10.0.0.149 "GET /v2.0/subnetpools?not-tags-any=blue HTTP/1.1" status: 200 len: 1730 time: 0.0209665
2026-04-28 08:53:08.859 10 INFO neutron.api.wsgi [None req-05d2a404-a79d-42d7-8b89-adad59ddda32 33a7b3a8b6e54a1f8464513b16ca97c5 c67dd3da7c5a433e963a2686ddc3ac96 - - default default] 10.0.0.149 "GET /v2.0/subnetpools?not-tags-any=red%2Cblue HTTP/1.1" status: 200 len: 1223 time: 0.0210660
2026-04-28 08:53:08.970 10 INFO neutron.api.wsgi [None req-ad432dc2-b832-4cdf-8637-ec6bcdf53639 33a7b3a8b6e54a1f8464513b16ca97c5 c67dd3da7c5a433e963a2686ddc3ac96 - - default default] 10.0.0.149 "DELETE /v2.0/subnetpools/ccf3b6a3-91e3-4624-a559-c8a39a914f3b HTTP/1.1" status: 204 len: 168 time: 0.1042061
2026-04-28 08:53:09.036 10 INFO neutron.api.wsgi [None req-970571a0-7676-4ea7-add0-8027beb1c2cf 33a7b3a8b6e54a1f8464513b16ca97c5 c67dd3da7c5a433e963a2686ddc3ac96 - - default default] 10.0.0.149 "DELETE /v2.0/subnetpools/cd57ab8e-f6a8-4049-8f64-00fe77d1427a HTTP/1.1" status: 204 len: 168 time: 0.0613639
2026-04-28 08:53:09.096 10 INFO neutron.api.wsgi [None req-44a0f656-343d-41bd-85a1-0082eeb87d44 33a7b3a8b6e54a1f8464513b16ca97c5 c67dd3da7c5a433e963a2686ddc3ac96 - - default default] 10.0.0.149 "DELETE /v2.0/subnetpools/0d034684-3a64-4fd8-a65a-21801d181daa HTTP/1.1" status: 204 len: 168 time: 0.0527709
2026-04-28 08:53:09.160 9 INFO neutron.plugins.ml2.drivers.ovn.mech_driver.mech_driver [None req-29319165-18d6-48ae-bedb-824c4a9142bb - - - - - -] OVN reports status up for port: 566be583-a7b3-42cd-bfbc-2cf0f4c88c8a
2026-04-28 08:53:09.169 9 INFO neutron.plugins.ml2.plugin [None req-29319165-18d6-48ae-bedb-824c4a9142bb - - - - - -] Attempt 1 to provision port 566be583-a7b3-42cd-bfbc-2cf0f4c88c8a
2026-04-28 08:53:09.170 10 INFO neutron.api.wsgi [None req-d8e41463-9936-4c13-8a6e-82aba91853aa 33a7b3a8b6e54a1f8464513b16ca97c5 c67dd3da7c5a433e963a2686ddc3ac96 - - default default] 10.0.0.149 "DELETE /v2.0/subnetpools/046d8a57-ef40-409b-8109-d1e6e449df31 HTTP/1.1" status: 204 len: 168 time: 0.0685325
2026-04-28 08:53:09.182 9 INFO neutron.db.ovn_revision_numbers_db [None req-30f8632b-2307-4f3b-87ee-e39e2d045529 52d200795f714247aff43af319b2b22b 7fe3cac82024417ea24f1e6736770073 - - default default] Successfully bumped revision number for resource 566be583-a7b3-42cd-bfbc-2cf0f4c88c8a (type: ports) to 1
