2026-04-28 08:53:41.609 9 WARNING neutron_lib.context [None req-4df78752-4c20-4815-8a6d-a05e91365d28 586693900a4e494197bd6f64c0f28924 233b3b5a7793422989072e8b84eb46a7 - - default default] Method 'is_advsvc' is deprecated since 2023.2 release (neutron-lib 3.8.0) and will be removed once support for the old RBAC API policies will be removed from Neutron. Please use method 'is_service_role' instead.
2026-04-28 08:53:41.814 9 WARNING neutron.scheduler.dhcp_agent_scheduler [None req-4df78752-4c20-4815-8a6d-a05e91365d28 586693900a4e494197bd6f64c0f28924 233b3b5a7793422989072e8b84eb46a7 - - default default] No more DHCP agents
2026-04-28 08:53:41.815 9 WARNING neutron.api.rpc.agentnotifiers.dhcp_rpc_agent_api [None req-4df78752-4c20-4815-8a6d-a05e91365d28 586693900a4e494197bd6f64c0f28924 233b3b5a7793422989072e8b84eb46a7 - - default default] Unable to schedule network ebc60d29-612c-450f-a86b-15b48b36b6f5: no agents available; will retry on subsequent port and subnet creation events.
2026-04-28 08:53:42.250 9 INFO neutron.db.ovn_revision_numbers_db [None req-b1b5e95c-6375-465c-9291-93e083b13ffb - - - - - -] Successfully bumped revision number for resource 717d1adb-68a7-499e-bcd0-20f4068348ac (type: ports) to 2
2026-04-28 08:53:42.280 9 INFO neutron.db.ovn_revision_numbers_db [None req-b1b5e95c-6375-465c-9291-93e083b13ffb - - - - - -] Successfully bumped revision number for resource ae2a2737-c4f4-43a9-b4ee-658699825cd9 (type: subnets) to 0
2026-04-28 08:53:42.296 9 INFO neutron.api.wsgi [None req-4df78752-4c20-4815-8a6d-a05e91365d28 586693900a4e494197bd6f64c0f28924 233b3b5a7793422989072e8b84eb46a7 - - default default] 10.0.0.149 "POST /v2.0/subnets HTTP/1.1" status: 201 len: 853 time: 0.6917179
2026-04-28 08:53:42.312 9 WARNING neutron_lib.context [None req-d8233ffb-7ca3-4e19-8060-57cc7e94b261 586693900a4e494197bd6f64c0f28924 233b3b5a7793422989072e8b84eb46a7 - - default default] Method 'is_advsvc' is deprecated since 2023.2 release (neutron-lib 3.8.0) and will be removed once support for the old RBAC API policies will be removed from Neutron. Please use method 'is_service_role' instead.
2026-04-28 08:53:42.538 9 WARNING neutron.scheduler.dhcp_agent_scheduler [None req-d8233ffb-7ca3-4e19-8060-57cc7e94b261 586693900a4e494197bd6f64c0f28924 233b3b5a7793422989072e8b84eb46a7 - - default default] No more DHCP agents
2026-04-28 08:53:42.539 9 WARNING neutron.api.rpc.agentnotifiers.dhcp_rpc_agent_api [None req-d8233ffb-7ca3-4e19-8060-57cc7e94b261 586693900a4e494197bd6f64c0f28924 233b3b5a7793422989072e8b84eb46a7 - - default default] Unable to schedule network ebc60d29-612c-450f-a86b-15b48b36b6f5: no agents available; will retry on subsequent port and subnet creation events.
2026-04-28 08:53:42.567 9 INFO neutron.db.ovn_revision_numbers_db [None req-d8233ffb-7ca3-4e19-8060-57cc7e94b261 586693900a4e494197bd6f64c0f28924 233b3b5a7793422989072e8b84eb46a7 - - default default] Successfully bumped revision number for resource 005b4cb0-7ff9-43fd-a2c5-43295a23bfe0 (type: subnets) to 0
2026-04-28 08:53:42.586 9 INFO neutron.api.wsgi [None req-d8233ffb-7ca3-4e19-8060-57cc7e94b261 586693900a4e494197bd6f64c0f28924 233b3b5a7793422989072e8b84eb46a7 - - default default] 10.0.0.149 "POST /v2.0/subnets HTTP/1.1" status: 201 len: 925 time: 0.2849777
2026-04-28 08:53:42.598 10 WARNING neutron_lib.context [None req-dd9f69ae-2a4d-429a-a490-ef0ace32c61f 586693900a4e494197bd6f64c0f28924 233b3b5a7793422989072e8b84eb46a7 - - default default] Method 'is_advsvc' is deprecated since 2023.2 release (neutron-lib 3.8.0) and will be removed once support for the old RBAC API policies will be removed from Neutron. Please use method 'is_service_role' instead.
2026-04-28 08:53:42.700 10 INFO neutron.db.segments_db [None req-dd9f69ae-2a4d-429a-a490-ef0ace32c61f 586693900a4e494197bd6f64c0f28924 233b3b5a7793422989072e8b84eb46a7 - - default default] Added segment e12713eb-b911-4b36-b643-280ccb529175 of type geneve for network f6ac6529-8aa9-4ad6-8a49-4042b2e4533c
2026-04-28 08:53:42.819 10 INFO neutron.db.ovn_revision_numbers_db [None req-dd9f69ae-2a4d-429a-a490-ef0ace32c61f 586693900a4e494197bd6f64c0f28924 233b3b5a7793422989072e8b84eb46a7 - - default default] Successfully bumped revision number for resource f6ac6529-8aa9-4ad6-8a49-4042b2e4533c (type: networks) to 1
2026-04-28 08:53:42.955 9 INFO neutron.db.ovn_revision_numbers_db [None req-14c568c3-eb9c-4509-8ea2-64d4c4eee06c a2b2aee04d4e4d6a9c7048fdd2f2e66d 5906e0af14af44b78d262d35bdab8cf5 - - default default] Successfully bumped revision number for resource 6b754ae5-d0a4-4504-aedc-4db25b36a930 (type: security_groups) to 1
2026-04-28 08:53:42.969 9 INFO neutron.db.ovn_revision_numbers_db [None req-14c568c3-eb9c-4509-8ea2-64d4c4eee06c a2b2aee04d4e4d6a9c7048fdd2f2e66d 5906e0af14af44b78d262d35bdab8cf5 - - default default] Successfully bumped revision number for resource 0d1b9a27-8375-4c90-add8-a72368c2e9a9 (type: security_group_rules) to 0
2026-04-28 08:53:42.982 9 INFO neutron.db.ovn_revision_numbers_db [None req-14c568c3-eb9c-4509-8ea2-64d4c4eee06c a2b2aee04d4e4d6a9c7048fdd2f2e66d 5906e0af14af44b78d262d35bdab8cf5 - - default default] Successfully bumped revision number for resource 1a703950-5e4e-4e07-884d-d34d72040268 (type: security_group_rules) to 0
2026-04-28 08:53:42.987 10 WARNING neutron.scheduler.dhcp_agent_scheduler [None req-dd9f69ae-2a4d-429a-a490-ef0ace32c61f 586693900a4e494197bd6f64c0f28924 233b3b5a7793422989072e8b84eb46a7 - - default default] No more DHCP agents
2026-04-28 08:53:42.991 10 WARNING neutron.api.rpc.agentnotifiers.dhcp_rpc_agent_api [None req-dd9f69ae-2a4d-429a-a490-ef0ace32c61f 586693900a4e494197bd6f64c0f28924 233b3b5a7793422989072e8b84eb46a7 - - default default] Unable to schedule network f6ac6529-8aa9-4ad6-8a49-4042b2e4533c: no agents available; will retry on subsequent port and subnet creation events.
2026-04-28 08:53:42.997 9 INFO neutron.db.ovn_revision_numbers_db [None req-14c568c3-eb9c-4509-8ea2-64d4c4eee06c a2b2aee04d4e4d6a9c7048fdd2f2e66d 5906e0af14af44b78d262d35bdab8cf5 - - default default] Successfully bumped revision number for resource 4ece8ae7-6ca1-46a6-95cd-3cbd30604964 (type: security_group_rules) to 0
2026-04-28 08:53:43.011 9 INFO neutron.db.ovn_revision_numbers_db [None req-14c568c3-eb9c-4509-8ea2-64d4c4eee06c a2b2aee04d4e4d6a9c7048fdd2f2e66d 5906e0af14af44b78d262d35bdab8cf5 - - default default] Successfully bumped revision number for resource f76e3250-5480-4e02-b9c6-0d1a499d7da4 (type: security_group_rules) to 0
2026-04-28 08:53:43.061 10 INFO neutron.db.ovn_revision_numbers_db [None req-dd9f69ae-2a4d-429a-a490-ef0ace32c61f 586693900a4e494197bd6f64c0f28924 233b3b5a7793422989072e8b84eb46a7 - - default default] Successfully bumped revision number for resource 57083e27-e50d-44ce-87f3-0734e1bc79c9 (type: ports) to 1
2026-04-28 08:53:43.081 10 INFO neutron.api.wsgi [None req-dd9f69ae-2a4d-429a-a490-ef0ace32c61f 586693900a4e494197bd6f64c0f28924 233b3b5a7793422989072e8b84eb46a7 - - default default] 10.0.0.149 "POST /v2.0/networks HTTP/1.1" status: 201 len: 837 time: 0.4887354
2026-04-28 08:53:43.090 10 WARNING neutron_lib.context [None req-b8d942f9-f634-4476-82a3-915a9892ce86 586693900a4e494197bd6f64c0f28924 233b3b5a7793422989072e8b84eb46a7 - - default default] Method 'is_advsvc' is deprecated since 2023.2 release (neutron-lib 3.8.0) and will be removed once support for the old RBAC API policies will be removed from Neutron. Please use method 'is_service_role' instead.
2026-04-28 08:53:43.098 9 INFO neutron.db.segments_db [None req-14c568c3-eb9c-4509-8ea2-64d4c4eee06c a2b2aee04d4e4d6a9c7048fdd2f2e66d 5906e0af14af44b78d262d35bdab8cf5 - - default default] Added segment 058a35b8-8c66-4f0b-8694-738c3622a273 of type geneve for network 6736cbb6-264b-49a3-b352-fab83f168e62
2026-04-28 08:53:43.222 9 INFO neutron.db.ovn_revision_numbers_db [None req-14c568c3-eb9c-4509-8ea2-64d4c4eee06c a2b2aee04d4e4d6a9c7048fdd2f2e66d 5906e0af14af44b78d262d35bdab8cf5 - - default default] Successfully bumped revision number for resource 6736cbb6-264b-49a3-b352-fab83f168e62 (type: networks) to 1
2026-04-28 08:53:43.285 10 WARNING neutron.scheduler.dhcp_agent_scheduler [None req-b8d942f9-f634-4476-82a3-915a9892ce86 586693900a4e494197bd6f64c0f28924 233b3b5a7793422989072e8b84eb46a7 - - default default] No more DHCP agents
2026-04-28 08:53:43.287 10 WARNING neutron.api.rpc.agentnotifiers.dhcp_rpc_agent_api [None req-b8d942f9-f634-4476-82a3-915a9892ce86 586693900a4e494197bd6f64c0f28924 233b3b5a7793422989072e8b84eb46a7 - - default default] Unable to schedule network f6ac6529-8aa9-4ad6-8a49-4042b2e4533c: no agents available; will retry on subsequent port and subnet creation events.
2026-04-28 08:53:43.484 9 WARNING neutron.scheduler.dhcp_agent_scheduler [None req-14c568c3-eb9c-4509-8ea2-64d4c4eee06c a2b2aee04d4e4d6a9c7048fdd2f2e66d 5906e0af14af44b78d262d35bdab8cf5 - - default default] No more DHCP agents
2026-04-28 08:53:43.486 9 WARNING neutron.api.rpc.agentnotifiers.dhcp_rpc_agent_api [None req-14c568c3-eb9c-4509-8ea2-64d4c4eee06c a2b2aee04d4e4d6a9c7048fdd2f2e66d 5906e0af14af44b78d262d35bdab8cf5 - - default default] Unable to schedule network 6736cbb6-264b-49a3-b352-fab83f168e62: no agents available; will retry on subsequent port and subnet creation events.
2026-04-28 08:53:43.563 9 INFO neutron.db.ovn_revision_numbers_db [None req-14c568c3-eb9c-4509-8ea2-64d4c4eee06c a2b2aee04d4e4d6a9c7048fdd2f2e66d 5906e0af14af44b78d262d35bdab8cf5 - - default default] Successfully bumped revision number for resource 6abb5c0c-0c7b-438d-801b-e77d34be91b6 (type: ports) to 1
2026-04-28 08:53:43.603 9 INFO neutron.api.wsgi [None req-14c568c3-eb9c-4509-8ea2-64d4c4eee06c a2b2aee04d4e4d6a9c7048fdd2f2e66d 5906e0af14af44b78d262d35bdab8cf5 - - default default] 10.0.0.149 "POST /v2.0/networks HTTP/1.1" status: 201 len: 943 time: 0.9517045
2026-04-28 08:53:43.771 9 WARNING neutron.scheduler.dhcp_agent_scheduler [None req-5bef5304-fed1-41a2-96e1-8ac3ed563a2c a2b2aee04d4e4d6a9c7048fdd2f2e66d 5906e0af14af44b78d262d35bdab8cf5 - - default default] No more DHCP agents
2026-04-28 08:53:43.772 9 WARNING neutron.api.rpc.agentnotifiers.dhcp_rpc_agent_api [None req-5bef5304-fed1-41a2-96e1-8ac3ed563a2c a2b2aee04d4e4d6a9c7048fdd2f2e66d 5906e0af14af44b78d262d35bdab8cf5 - - default default] Unable to schedule network 6736cbb6-264b-49a3-b352-fab83f168e62: no agents available; will retry on subsequent port and subnet creation events.
2026-04-28 08:53:43.829 10 INFO neutron.db.ovn_revision_numbers_db [None req-5b4deb1e-d568-43af-af2b-86cccb07756c - - - - - -] Successfully bumped revision number for resource 57083e27-e50d-44ce-87f3-0734e1bc79c9 (type: ports) to 2
2026-04-28 08:53:43.868 10 INFO neutron.db.ovn_revision_numbers_db [None req-5b4deb1e-d568-43af-af2b-86cccb07756c - - - - - -] Successfully bumped revision number for resource a89993aa-2854-4bea-857a-a630ac0c47fb (type: subnets) to 0
2026-04-28 08:53:43.917 10 INFO neutron.api.wsgi [None req-b8d942f9-f634-4476-82a3-915a9892ce86 586693900a4e494197bd6f64c0f28924 233b3b5a7793422989072e8b84eb46a7 - - default default] 10.0.0.149 "POST /v2.0/subnets HTTP/1.1" status: 201 len: 855 time: 0.8307986
2026-04-28 08:53:43.928 10 WARNING neutron_lib.context [None req-b11530a0-e96f-417a-bf5f-23775f760594 586693900a4e494197bd6f64c0f28924 233b3b5a7793422989072e8b84eb46a7 - - default default] Method 'is_advsvc' is deprecated since 2023.2 release (neutron-lib 3.8.0) and will be removed once support for the old RBAC API policies will be removed from Neutron. Please use method 'is_service_role' instead.
2026-04-28 08:53:43.947 9 INFO neutron.api.wsgi [-] 10.0.0.81 "GET / HTTP/1.1" status: 200 len: 246 time: 0.0037456
2026-04-28 08:53:43.951 9 INFO neutron.api.wsgi [-] 10.0.0.81 "GET / HTTP/1.1" status: 200 len: 246 time: 0.0021446
2026-04-28 08:53:44.237 10 WARNING neutron.scheduler.dhcp_agent_scheduler [None req-b11530a0-e96f-417a-bf5f-23775f760594 586693900a4e494197bd6f64c0f28924 233b3b5a7793422989072e8b84eb46a7 - - default default] No more DHCP agents
2026-04-28 08:53:44.239 10 WARNING neutron.api.rpc.agentnotifiers.dhcp_rpc_agent_api [None req-b11530a0-e96f-417a-bf5f-23775f760594 586693900a4e494197bd6f64c0f28924 233b3b5a7793422989072e8b84eb46a7 - - default default] Unable to schedule network f6ac6529-8aa9-4ad6-8a49-4042b2e4533c: no agents available; will retry on subsequent port and subnet creation events.
2026-04-28 08:53:44.283 9 INFO neutron.db.ovn_revision_numbers_db [None req-91a488ed-7402-4853-8ddc-eb0835422542 - - - - - -] Successfully bumped revision number for resource 6abb5c0c-0c7b-438d-801b-e77d34be91b6 (type: ports) to 2
2026-04-28 08:53:44.337 10 INFO neutron.db.ovn_revision_numbers_db [None req-b11530a0-e96f-417a-bf5f-23775f760594 586693900a4e494197bd6f64c0f28924 233b3b5a7793422989072e8b84eb46a7 - - default default] Successfully bumped revision number for resource 7cc9b657-2ee3-45d7-8005-108ab277730c (type: subnets) to 0
2026-04-28 08:53:44.349 9 INFO neutron.db.ovn_revision_numbers_db [None req-91a488ed-7402-4853-8ddc-eb0835422542 - - - - - -] Successfully bumped revision number for resource 722aae25-5228-4353-b253-2842455518a6 (type: subnets) to 0
2026-04-28 08:53:44.360 10 INFO neutron.api.wsgi [None req-b11530a0-e96f-417a-bf5f-23775f760594 586693900a4e494197bd6f64c0f28924 233b3b5a7793422989072e8b84eb46a7 - - default default] 10.0.0.149 "POST /v2.0/subnets HTTP/1.1" status: 201 len: 927 time: 0.4373484
2026-04-28 08:53:44.369 9 INFO neutron.api.wsgi [None req-5bef5304-fed1-41a2-96e1-8ac3ed563a2c a2b2aee04d4e4d6a9c7048fdd2f2e66d 5906e0af14af44b78d262d35bdab8cf5 - - default default] 10.0.0.149 "POST /v2.0/subnets HTTP/1.1" status: 201 len: 887 time: 0.7599227
2026-04-28 08:53:44.373 10 WARNING neutron_lib.context [None req-f5c9c6b9-25c1-4a6b-9865-b595b8ff3428 586693900a4e494197bd6f64c0f28924 233b3b5a7793422989072e8b84eb46a7 - - default default] Method 'is_advsvc' is deprecated since 2023.2 release (neutron-lib 3.8.0) and will be removed once support for the old RBAC API policies will be removed from Neutron. Please use method 'is_service_role' instead.
2026-04-28 08:53:44.846 9 WARNING neutron.scheduler.dhcp_agent_scheduler [None req-107f9665-0506-4ba8-97fc-8213fc84f013 a2b2aee04d4e4d6a9c7048fdd2f2e66d 5906e0af14af44b78d262d35bdab8cf5 - - default default] No more DHCP agents
2026-04-28 08:53:44.847 9 WARNING neutron.api.rpc.agentnotifiers.dhcp_rpc_agent_api [None req-107f9665-0506-4ba8-97fc-8213fc84f013 a2b2aee04d4e4d6a9c7048fdd2f2e66d 5906e0af14af44b78d262d35bdab8cf5 - - default default] Unable to schedule network 8301fb6d-9aec-4d84-b74f-b2012bc8b9c2: no agents available; will retry on subsequent port and subnet creation events.
2026-04-28 08:53:44.855 10 WARNING neutron.scheduler.dhcp_agent_scheduler [None req-f5c9c6b9-25c1-4a6b-9865-b595b8ff3428 586693900a4e494197bd6f64c0f28924 233b3b5a7793422989072e8b84eb46a7 - - default default] No more DHCP agents
2026-04-28 08:53:44.856 10 WARNING neutron.api.rpc.agentnotifiers.dhcp_rpc_agent_api [None req-f5c9c6b9-25c1-4a6b-9865-b595b8ff3428 586693900a4e494197bd6f64c0f28924 233b3b5a7793422989072e8b84eb46a7 - - default default] Unable to schedule network 8301fb6d-9aec-4d84-b74f-b2012bc8b9c2: no agents available; will retry on subsequent port and subnet creation events.
2026-04-28 08:53:44.986 10 INFO neutron.db.ovn_revision_numbers_db [None req-f5c9c6b9-25c1-4a6b-9865-b595b8ff3428 586693900a4e494197bd6f64c0f28924 233b3b5a7793422989072e8b84eb46a7 - - default default] Successfully bumped revision number for resource cb96ad1b-7955-445b-b33b-d57f2ab06268 (type: ports) to 1
2026-04-28 08:53:44.991 9 INFO neutron.db.ovn_revision_numbers_db [None req-107f9665-0506-4ba8-97fc-8213fc84f013 a2b2aee04d4e4d6a9c7048fdd2f2e66d 5906e0af14af44b78d262d35bdab8cf5 - - default default] Successfully bumped revision number for resource 9a3fef79-e05b-49c2-b3fa-19b421f0376e (type: ports) to 1
2026-04-28 08:53:45.612 10 INFO neutron.plugins.ml2.drivers.ovn.mech_driver.ovsdb.commands [None req-644b6bd9-7971-4d26-ac21-8079cb7bc3ac - - - - - -] Schedule LRP lrp-cb96ad1b-7955-445b-b33b-d57f2ab06268 on gateway 3e177de7-d177-4b0e-b889-1a2c5099a0ab with priority 1
2026-04-28 08:53:45.621 10 INFO neutron.plugins.ml2.drivers.ovn.mech_driver.mech_driver [None req-c977147e-a7ff-46b7-b623-7595e24ad641 - - - - - -] OVN reports status up for port: cb96ad1b-7955-445b-b33b-d57f2ab06268
2026-04-28 08:53:45.623 9 INFO neutron.plugins.ml2.drivers.ovn.mech_driver.ovsdb.commands [None req-f314c7c5-f51b-4edd-b5f9-6d21e7adcd08 - - - - - -] Schedule LRP lrp-9a3fef79-e05b-49c2-b3fa-19b421f0376e on gateway 3e177de7-d177-4b0e-b889-1a2c5099a0ab with priority 1
2026-04-28 08:53:45.635 9 INFO neutron.plugins.ml2.drivers.ovn.mech_driver.mech_driver [None req-7d0fd07e-b8e2-48a1-9a53-65ba1582d114 - - - - - -] OVN reports status up for port: 9a3fef79-e05b-49c2-b3fa-19b421f0376e
2026-04-28 08:53:45.647 10 INFO neutron.plugins.ml2.drivers.ovn.mech_driver.ovsdb.ovsdb_monitor [None req-58b9bc90-8e9c-45a8-9492-930ec41049a2 - - - - - -] Router 3b5718c0-8c0a-4b4f-af48-3e68a0fe1b70 is bound to host instance
2026-04-28 08:53:45.653 9 INFO neutron.plugins.ml2.plugin [None req-7d0fd07e-b8e2-48a1-9a53-65ba1582d114 - - - - - -] Attempt 1 to provision port 9a3fef79-e05b-49c2-b3fa-19b421f0376e
2026-04-28 08:53:45.673 9 INFO neutron.db.ovn_revision_numbers_db [None req-107f9665-0506-4ba8-97fc-8213fc84f013 a2b2aee04d4e4d6a9c7048fdd2f2e66d 5906e0af14af44b78d262d35bdab8cf5 - - default default] Successfully bumped revision number for resource 9a3fef79-e05b-49c2-b3fa-19b421f0376e (type: router_ports) to 1
2026-04-28 08:53:45.674 10 INFO neutron.plugins.ml2.plugin [None req-c977147e-a7ff-46b7-b623-7595e24ad641 - - - - - -] Attempt 1 to provision port cb96ad1b-7955-445b-b33b-d57f2ab06268
2026-04-28 08:53:45.706 10 INFO neutron.db.ovn_revision_numbers_db [None req-f5c9c6b9-25c1-4a6b-9865-b595b8ff3428 586693900a4e494197bd6f64c0f28924 233b3b5a7793422989072e8b84eb46a7 - - default default] Successfully bumped revision number for resource cb96ad1b-7955-445b-b33b-d57f2ab06268 (type: router_ports) to 1
2026-04-28 08:53:45.817 10 INFO neutron.db.ovn_revision_numbers_db [None req-f5c9c6b9-25c1-4a6b-9865-b595b8ff3428 586693900a4e494197bd6f64c0f28924 233b3b5a7793422989072e8b84eb46a7 - - default default] Successfully bumped revision number for resource 3b5718c0-8c0a-4b4f-af48-3e68a0fe1b70 (type: routers) to 2
2026-04-28 08:53:45.847 10 INFO neutron.api.wsgi [None req-f5c9c6b9-25c1-4a6b-9865-b595b8ff3428 586693900a4e494197bd6f64c0f28924 233b3b5a7793422989072e8b84eb46a7 - - default default] 10.0.0.149 "POST /v2.0/routers HTTP/1.1" status: 201 len: 1144 time: 1.4797416
2026-04-28 08:53:46.077 9 INFO neutron.db.ovn_revision_numbers_db [None req-107f9665-0506-4ba8-97fc-8213fc84f013 a2b2aee04d4e4d6a9c7048fdd2f2e66d 5906e0af14af44b78d262d35bdab8cf5 - - default default] Successfully bumped revision number for resource f4b20c1f-b992-4fdd-a9ee-cf32cef2aeb6 (type: routers) to 2
2026-04-28 08:53:46.104 9 INFO neutron.api.wsgi [None req-107f9665-0506-4ba8-97fc-8213fc84f013 a2b2aee04d4e4d6a9c7048fdd2f2e66d 5906e0af14af44b78d262d35bdab8cf5 - - default default] 10.0.0.149 "POST /v2.0/routers HTTP/1.1" status: 201 len: 1165 time: 1.7301176
2026-04-28 08:53:46.595 9 WARNING neutron.scheduler.dhcp_agent_scheduler [None req-dfecb6b7-4ae8-4855-93fd-caf5c4976211 a2b2aee04d4e4d6a9c7048fdd2f2e66d 5906e0af14af44b78d262d35bdab8cf5 - - default default] No more DHCP agents
2026-04-28 08:53:46.597 9 WARNING neutron.api.rpc.agentnotifiers.dhcp_rpc_agent_api [None req-dfecb6b7-4ae8-4855-93fd-caf5c4976211 a2b2aee04d4e4d6a9c7048fdd2f2e66d 5906e0af14af44b78d262d35bdab8cf5 - - default default] Unable to schedule network 6736cbb6-264b-49a3-b352-fab83f168e62: no agents available; will retry on subsequent port and subnet creation events.
2026-04-28 08:53:46.642 10 INFO neutron.db.ovn_revision_numbers_db [None req-330c1596-55bc-4d9d-999f-78107f700fb2 - - - - - -] Successfully bumped revision number for resource cb96ad1b-7955-445b-b33b-d57f2ab06268 (type: ports) to 1
2026-04-28 08:53:46.732 9 INFO neutron.db.ovn_revision_numbers_db [None req-dfecb6b7-4ae8-4855-93fd-caf5c4976211 a2b2aee04d4e4d6a9c7048fdd2f2e66d 5906e0af14af44b78d262d35bdab8cf5 - - default default] Successfully bumped revision number for resource e4c97e99-b6a8-4d15-aeb3-8ee63023051a (type: ports) to 1
2026-04-28 08:53:46.801 10 WARNING neutron.scheduler.dhcp_agent_scheduler [None req-3a642c2d-4b49-4117-9d67-a291fdf37575 586693900a4e494197bd6f64c0f28924 233b3b5a7793422989072e8b84eb46a7 - - default default] No more DHCP agents
2026-04-28 08:53:46.802 10 WARNING neutron.api.rpc.agentnotifiers.dhcp_rpc_agent_api [None req-3a642c2d-4b49-4117-9d67-a291fdf37575 586693900a4e494197bd6f64c0f28924 233b3b5a7793422989072e8b84eb46a7 - - default default] Unable to schedule network 30973a2a-6cea-4da5-905e-9c05e8aa1c9a: no agents available; will retry on subsequent port and subnet creation events.
2026-04-28 08:53:46.957 10 INFO neutron.db.ovn_revision_numbers_db [None req-3a642c2d-4b49-4117-9d67-a291fdf37575 586693900a4e494197bd6f64c0f28924 233b3b5a7793422989072e8b84eb46a7 - - default default] Successfully bumped revision number for resource bf3f84cc-e72a-432a-8b88-17099dd98163 (type: ports) to 1
2026-04-28 08:53:47.049 10 INFO neutron.db.ovn_revision_numbers_db [None req-330c1596-55bc-4d9d-999f-78107f700fb2 - - - - - -] Successfully bumped revision number for resource cb96ad1b-7955-445b-b33b-d57f2ab06268 (type: ports) to 4
2026-04-28 08:53:47.370 9 INFO neutron.db.ovn_revision_numbers_db [None req-dfecb6b7-4ae8-4855-93fd-caf5c4976211 a2b2aee04d4e4d6a9c7048fdd2f2e66d 5906e0af14af44b78d262d35bdab8cf5 - - default default] Successfully bumped revision number for resource e4c97e99-b6a8-4d15-aeb3-8ee63023051a (type: ports) to 1
2026-04-28 08:53:47.434 9 WARNING neutron.scheduler.dhcp_agent_scheduler [None req-dfecb6b7-4ae8-4855-93fd-caf5c4976211 a2b2aee04d4e4d6a9c7048fdd2f2e66d 5906e0af14af44b78d262d35bdab8cf5 - - default default] No more DHCP agents
2026-04-28 08:53:47.435 9 WARNING neutron.api.rpc.agentnotifiers.dhcp_rpc_agent_api [None req-dfecb6b7-4ae8-4855-93fd-caf5c4976211 a2b2aee04d4e4d6a9c7048fdd2f2e66d 5906e0af14af44b78d262d35bdab8cf5 - - default default] Unable to schedule network 6736cbb6-264b-49a3-b352-fab83f168e62: no agents available; will retry on subsequent port and subnet creation events.
2026-04-28 08:53:47.542 10 INFO neutron.db.ovn_revision_numbers_db [None req-330c1596-55bc-4d9d-999f-78107f700fb2 - - - - - -] Successfully bumped revision number for resource cb96ad1b-7955-445b-b33b-d57f2ab06268 (type: ports) to 5
2026-04-28 08:53:47.631 10 INFO neutron.plugins.ml2.drivers.ovn.mech_driver.ovsdb.ovsdb_monitor [None req-330c1596-55bc-4d9d-999f-78107f700fb2 - - - - - -] Router f4b20c1f-b992-4fdd-a9ee-cf32cef2aeb6 is bound to host instance
2026-04-28 08:53:47.845 10 INFO neutron.db.ovn_revision_numbers_db [None req-3a642c2d-4b49-4117-9d67-a291fdf37575 586693900a4e494197bd6f64c0f28924 233b3b5a7793422989072e8b84eb46a7 - - default default] Successfully bumped revision number for resource bf3f84cc-e72a-432a-8b88-17099dd98163 (type: ports) to 1
2026-04-28 08:53:47.938 10 WARNING neutron.scheduler.dhcp_agent_scheduler [None req-3a642c2d-4b49-4117-9d67-a291fdf37575 586693900a4e494197bd6f64c0f28924 233b3b5a7793422989072e8b84eb46a7 - - default default] No more DHCP agents
2026-04-28 08:53:47.938 10 WARNING neutron.api.rpc.agentnotifiers.dhcp_rpc_agent_api [None req-3a642c2d-4b49-4117-9d67-a291fdf37575 586693900a4e494197bd6f64c0f28924 233b3b5a7793422989072e8b84eb46a7 - - default default] Unable to schedule network 30973a2a-6cea-4da5-905e-9c05e8aa1c9a: no agents available; will retry on subsequent port and subnet creation events.
2026-04-28 08:53:48.157 9 INFO neutron.db.ovn_revision_numbers_db [None req-dfecb6b7-4ae8-4855-93fd-caf5c4976211 a2b2aee04d4e4d6a9c7048fdd2f2e66d 5906e0af14af44b78d262d35bdab8cf5 - - default default] Successfully bumped revision number for resource e4c97e99-b6a8-4d15-aeb3-8ee63023051a (type: router_ports) to 1
2026-04-28 08:53:48.163 9 INFO neutron.api.wsgi [None req-dfecb6b7-4ae8-4855-93fd-caf5c4976211 a2b2aee04d4e4d6a9c7048fdd2f2e66d 5906e0af14af44b78d262d35bdab8cf5 - - default default] 10.0.0.149 "PUT /v2.0/routers/f4b20c1f-b992-4fdd-a9ee-cf32cef2aeb6/add_router_interface HTTP/1.1" status: 200 len: 503 time: 2.0514672
2026-04-28 08:53:48.286 10 INFO neutron.db.ovn_revision_numbers_db [None req-96ea81dc-92be-4bfb-a710-cf730a417813 - - - - - -] Successfully bumped revision number for resource 9a3fef79-e05b-49c2-b3fa-19b421f0376e (type: ports) to 1
2026-04-28 08:53:48.381 10 INFO neutron.db.ovn_revision_numbers_db [None req-3a642c2d-4b49-4117-9d67-a291fdf37575 586693900a4e494197bd6f64c0f28924 233b3b5a7793422989072e8b84eb46a7 - - default default] Successfully bumped revision number for resource bf3f84cc-e72a-432a-8b88-17099dd98163 (type: router_ports) to 1
2026-04-28 08:53:48.395 10 INFO neutron.api.wsgi [None req-3a642c2d-4b49-4117-9d67-a291fdf37575 586693900a4e494197bd6f64c0f28924 233b3b5a7793422989072e8b84eb46a7 - - default default] 10.0.0.149 "PUT /v2.0/routers/3b5718c0-8c0a-4b4f-af48-3e68a0fe1b70/add_router_interface HTTP/1.1" status: 200 len: 503 time: 2.5430319
2026-04-28 08:53:48.514 9 INFO neutron.plugins.ml2.drivers.ovn.mech_driver.mech_driver [None req-7d0fd07e-b8e2-48a1-9a53-65ba1582d114 - - - - - -] OVN reports status up for port: e4c97e99-b6a8-4d15-aeb3-8ee63023051a
2026-04-28 08:53:48.529 9 INFO neutron.plugins.ml2.plugin [None req-7d0fd07e-b8e2-48a1-9a53-65ba1582d114 - - - - - -] Attempt 1 to provision port e4c97e99-b6a8-4d15-aeb3-8ee63023051a
2026-04-28 08:53:48.651 10 INFO neutron.db.ovn_revision_numbers_db [None req-96ea81dc-92be-4bfb-a710-cf730a417813 - - - - - -] Successfully bumped revision number for resource 9a3fef79-e05b-49c2-b3fa-19b421f0376e (type: ports) to 4
2026-04-28 08:53:48.986 10 INFO neutron.db.ovn_revision_numbers_db [None req-96ea81dc-92be-4bfb-a710-cf730a417813 - - - - - -] Successfully bumped revision number for resource 9a3fef79-e05b-49c2-b3fa-19b421f0376e (type: ports) to 5
2026-04-28 08:53:49.060 9 WARNING neutron.scheduler.dhcp_agent_scheduler [None req-6b7628e3-53ab-4a54-9d1e-824fbc15b186 586693900a4e494197bd6f64c0f28924 233b3b5a7793422989072e8b84eb46a7 - - default default] No more DHCP agents
2026-04-28 08:53:49.063 9 WARNING neutron.api.rpc.agentnotifiers.dhcp_rpc_agent_api [None req-6b7628e3-53ab-4a54-9d1e-824fbc15b186 586693900a4e494197bd6f64c0f28924 233b3b5a7793422989072e8b84eb46a7 - - default default] Unable to schedule network ebc60d29-612c-450f-a86b-15b48b36b6f5: no agents available; will retry on subsequent port and subnet creation events.
2026-04-28 08:53:49.110 9 INFO neutron.db.ovn_revision_numbers_db [None req-7d0fd07e-b8e2-48a1-9a53-65ba1582d114 - - - - - -] Successfully bumped revision number for resource e4c97e99-b6a8-4d15-aeb3-8ee63023051a (type: ports) to 2
2026-04-28 08:53:49.219 9 INFO neutron.db.ovn_revision_numbers_db [None req-6b7628e3-53ab-4a54-9d1e-824fbc15b186 586693900a4e494197bd6f64c0f28924 233b3b5a7793422989072e8b84eb46a7 - - default default] Successfully bumped revision number for resource 63c42e29-f125-4151-8dda-29b752f633da (type: ports) to 1
2026-04-28 08:53:49.957 9 INFO neutron.db.ovn_revision_numbers_db [None req-6b7628e3-53ab-4a54-9d1e-824fbc15b186 586693900a4e494197bd6f64c0f28924 233b3b5a7793422989072e8b84eb46a7 - - default default] Successfully bumped revision number for resource 63c42e29-f125-4151-8dda-29b752f633da (type: ports) to 1
2026-04-28 08:53:50.003 9 WARNING neutron.scheduler.dhcp_agent_scheduler [None req-6b7628e3-53ab-4a54-9d1e-824fbc15b186 586693900a4e494197bd6f64c0f28924 233b3b5a7793422989072e8b84eb46a7 - - default default] No more DHCP agents
2026-04-28 08:53:50.005 9 WARNING neutron.api.rpc.agentnotifiers.dhcp_rpc_agent_api [None req-6b7628e3-53ab-4a54-9d1e-824fbc15b186 586693900a4e494197bd6f64c0f28924 233b3b5a7793422989072e8b84eb46a7 - - default default] Unable to schedule network ebc60d29-612c-450f-a86b-15b48b36b6f5: no agents available; will retry on subsequent port and subnet creation events.
2026-04-28 08:53:50.446 9 INFO neutron.db.ovn_revision_numbers_db [None req-6b7628e3-53ab-4a54-9d1e-824fbc15b186 586693900a4e494197bd6f64c0f28924 233b3b5a7793422989072e8b84eb46a7 - - default default] Successfully bumped revision number for resource 63c42e29-f125-4151-8dda-29b752f633da (type: router_ports) to 1
2026-04-28 08:53:50.452 9 INFO neutron.api.wsgi [None req-6b7628e3-53ab-4a54-9d1e-824fbc15b186 586693900a4e494197bd6f64c0f28924 233b3b5a7793422989072e8b84eb46a7 - - default default] 10.0.0.149 "PUT /v2.0/routers/3b5718c0-8c0a-4b4f-af48-3e68a0fe1b70/add_router_interface HTTP/1.1" status: 200 len: 503 time: 2.0494506
2026-04-28 08:53:50.509 9 INFO neutron.api.wsgi [req-6059f162-0599-4677-b925-5498575d3358 req-da1785b1-f33e-43cf-bf1d-8f6fac96fd8b 638e897ae44646c6baf03fd8f4e464ed 3fa0c24fe55541f4a40c26364376413f - - default default] 10.0.0.203 "GET /v2.0/networks?id=6736cbb6-264b-49a3-b352-fab83f168e62 HTTP/1.1" status: 200 len: 872 time: 0.0790493
2026-04-28 08:53:50.531 9 INFO neutron.api.wsgi [req-6059f162-0599-4677-b925-5498575d3358 req-60b01896-024c-432a-9dda-413dbe428191 638e897ae44646c6baf03fd8f4e464ed 3fa0c24fe55541f4a40c26364376413f - - default default] 10.0.0.203 "GET /v2.0/quotas/3fa0c24fe55541f4a40c26364376413f HTTP/1.1" status: 200 len: 491 time: 0.0104291
2026-04-28 08:53:50.662 9 INFO neutron.api.wsgi [req-6059f162-0599-4677-b925-5498575d3358 req-80afe812-0e07-4012-ab9b-e6a9f4424287 638e897ae44646c6baf03fd8f4e464ed 3fa0c24fe55541f4a40c26364376413f - - default default] 10.0.0.203 "GET /v2.0/ports?tenant_id=3fa0c24fe55541f4a40c26364376413f&fields=id HTTP/1.1" status: 200 len: 302 time: 0.1255383
2026-04-28 08:53:50.730 9 INFO neutron.api.wsgi [req-6059f162-0599-4677-b925-5498575d3358 req-635326ef-b2b9-4f58-be10-4d1336a7d444 30587a6765614ce99c992f7605ee95af 0385b1eafcf1436ab1be06d0d76c6864 - - 1a9a9c801f84437c975186752f7bc6ba 1a9a9c801f84437c975186752f7bc6ba] 10.0.0.203 "GET /v2.0/networks/6736cbb6-264b-49a3-b352-fab83f168e62?fields=segments HTTP/1.1" status: 200 len: 212 time: 0.0600276
2026-04-28 08:53:50.797 9 INFO neutron.api.wsgi [req-6059f162-0599-4677-b925-5498575d3358 req-16684071-9d35-477b-a2fc-9ccb53194c22 30587a6765614ce99c992f7605ee95af 0385b1eafcf1436ab1be06d0d76c6864 - - 1a9a9c801f84437c975186752f7bc6ba 1a9a9c801f84437c975186752f7bc6ba] 10.0.0.203 "GET /v2.0/networks/6736cbb6-264b-49a3-b352-fab83f168e62?fields=provider%3Aphysical_network&fields=provider%3Anetwork_type HTTP/1.1" status: 200 len: 277 time: 0.0610421
2026-04-28 08:53:50.953 10 INFO neutron.api.wsgi [req-ba929bcc-f48c-4e71-8909-5c42996f187c req-6d44600d-d34d-4800-b915-43c17dd2c071 638e897ae44646c6baf03fd8f4e464ed 3fa0c24fe55541f4a40c26364376413f - - default default] 10.0.0.203 "GET /v2.0/ports?device_id=ad9a7f3e-a667-4f28-aa74-c39e34bdbbdd HTTP/1.1" status: 200 len: 210 time: 0.0179434
2026-04-28 08:53:51.292 9 WARNING neutron.scheduler.dhcp_agent_scheduler [None req-3e9a2387-7897-4c5d-9a6a-9e5efa0f4da5 586693900a4e494197bd6f64c0f28924 233b3b5a7793422989072e8b84eb46a7 - - default default] No more DHCP agents
2026-04-28 08:53:51.294 9 WARNING neutron.api.rpc.agentnotifiers.dhcp_rpc_agent_api [None req-3e9a2387-7897-4c5d-9a6a-9e5efa0f4da5 586693900a4e494197bd6f64c0f28924 233b3b5a7793422989072e8b84eb46a7 - - default default] Unable to schedule network f6ac6529-8aa9-4ad6-8a49-4042b2e4533c: no agents available; will retry on subsequent port and subnet creation events.
2026-04-28 08:53:51.459 9 INFO neutron.db.ovn_revision_numbers_db [None req-3e9a2387-7897-4c5d-9a6a-9e5efa0f4da5 586693900a4e494197bd6f64c0f28924 233b3b5a7793422989072e8b84eb46a7 - - default default] Successfully bumped revision number for resource ca79f7a8-3b08-4f83-be84-182bbc7c53f6 (type: ports) to 1
2026-04-28 08:53:52.046 9 INFO neutron.api.wsgi [req-ed03f5ff-915e-49cf-a54d-63c8ea1d3c70 req-a2eeff0e-f6ba-49d0-8045-80b9e6df594b 638e897ae44646c6baf03fd8f4e464ed 3fa0c24fe55541f4a40c26364376413f - - default default] 10.0.0.203 "GET /v2.0/ports?device_id=ad9a7f3e-a667-4f28-aa74-c39e34bdbbdd HTTP/1.1" status: 200 len: 210 time: 0.0212636
2026-04-28 08:53:52.272 10 INFO neutron.plugins.ml2.drivers.ovn.mech_driver.mech_driver [None req-c977147e-a7ff-46b7-b623-7595e24ad641 - - - - - -] OVN reports status up for port: ca79f7a8-3b08-4f83-be84-182bbc7c53f6
2026-04-28 08:53:52.285 10 INFO neutron.plugins.ml2.plugin [None req-c977147e-a7ff-46b7-b623-7595e24ad641 - - - - - -] Attempt 1 to provision port ca79f7a8-3b08-4f83-be84-182bbc7c53f6
2026-04-28 08:53:52.299 9 INFO neutron.db.ovn_revision_numbers_db [None req-3e9a2387-7897-4c5d-9a6a-9e5efa0f4da5 586693900a4e494197bd6f64c0f28924 233b3b5a7793422989072e8b84eb46a7 - - default default] Successfully bumped revision number for resource ca79f7a8-3b08-4f83-be84-182bbc7c53f6 (type: ports) to 1
2026-04-28 08:53:52.357 9 WARNING neutron.scheduler.dhcp_agent_scheduler [None req-3e9a2387-7897-4c5d-9a6a-9e5efa0f4da5 586693900a4e494197bd6f64c0f28924 233b3b5a7793422989072e8b84eb46a7 - - default default] No more DHCP agents
2026-04-28 08:53:52.359 9 WARNING neutron.api.rpc.agentnotifiers.dhcp_rpc_agent_api [None req-3e9a2387-7897-4c5d-9a6a-9e5efa0f4da5 586693900a4e494197bd6f64c0f28924 233b3b5a7793422989072e8b84eb46a7 - - default default] Unable to schedule network f6ac6529-8aa9-4ad6-8a49-4042b2e4533c: no agents available; will retry on subsequent port and subnet creation events.
2026-04-28 08:53:52.693 10 INFO neutron.db.ovn_revision_numbers_db [None req-c977147e-a7ff-46b7-b623-7595e24ad641 - - - - - -] Successfully bumped revision number for resource ca79f7a8-3b08-4f83-be84-182bbc7c53f6 (type: ports) to 2
2026-04-28 08:53:52.706 9 INFO neutron.db.ovn_revision_numbers_db [None req-3e9a2387-7897-4c5d-9a6a-9e5efa0f4da5 586693900a4e494197bd6f64c0f28924 233b3b5a7793422989072e8b84eb46a7 - - default default] Successfully bumped revision number for resource ca79f7a8-3b08-4f83-be84-182bbc7c53f6 (type: router_ports) to 1
2026-04-28 08:53:52.713 9 INFO neutron.api.wsgi [None req-3e9a2387-7897-4c5d-9a6a-9e5efa0f4da5 586693900a4e494197bd6f64c0f28924 233b3b5a7793422989072e8b84eb46a7 - - default default] 10.0.0.149 "PUT /v2.0/routers/3b5718c0-8c0a-4b4f-af48-3e68a0fe1b70/add_router_interface HTTP/1.1" status: 200 len: 503 time: 2.2550790
2026-04-28 08:53:52.769 9 WARNING neutron_lib.context [None req-6ada518f-eacb-4875-82fa-df999f9b982b 586693900a4e494197bd6f64c0f28924 233b3b5a7793422989072e8b84eb46a7 - - default default] Method 'is_advsvc' is deprecated since 2023.2 release (neutron-lib 3.8.0) and will be removed once support for the old RBAC API policies will be removed from Neutron. Please use method 'is_service_role' instead.
2026-04-28 08:53:52.882 9 INFO neutron.db.ovn_revision_numbers_db [None req-6ada518f-eacb-4875-82fa-df999f9b982b 586693900a4e494197bd6f64c0f28924 233b3b5a7793422989072e8b84eb46a7 - - default default] Successfully bumped revision number for resource 889aebf8-d88e-4f8b-8f34-fa3f39fb3181 (type: security_groups) to 1
2026-04-28 08:53:52.895 9 INFO neutron.db.ovn_revision_numbers_db [None req-6ada518f-eacb-4875-82fa-df999f9b982b 586693900a4e494197bd6f64c0f28924 233b3b5a7793422989072e8b84eb46a7 - - default default] Successfully bumped revision number for resource 3bf95610-d48b-47b2-845e-bc528473d080 (type: security_group_rules) to 0
2026-04-28 08:53:52.909 9 INFO neutron.db.ovn_revision_numbers_db [None req-6ada518f-eacb-4875-82fa-df999f9b982b 586693900a4e494197bd6f64c0f28924 233b3b5a7793422989072e8b84eb46a7 - - default default] Successfully bumped revision number for resource 8821f9ad-09fd-4294-a58a-05f46f3b5eb6 (type: security_group_rules) to 0
2026-04-28 08:53:52.947 9 INFO neutron.api.wsgi [None req-6ada518f-eacb-4875-82fa-df999f9b982b 586693900a4e494197bd6f64c0f28924 233b3b5a7793422989072e8b84eb46a7 - - default default] 10.0.0.149 "POST /v2.0/security-groups HTTP/1.1" status: 201 len: 1830 time: 0.1830945
2026-04-28 08:53:52.958 9 WARNING neutron_lib.context [None req-d91383e6-6d98-43a9-85a3-50b94857b9f6 586693900a4e494197bd6f64c0f28924 233b3b5a7793422989072e8b84eb46a7 - - default default] Method 'is_advsvc' is deprecated since 2023.2 release (neutron-lib 3.8.0) and will be removed once support for the old RBAC API policies will be removed from Neutron. Please use method 'is_service_role' instead.
2026-04-28 08:53:53.114 9 INFO neutron.db.ovn_revision_numbers_db [None req-d91383e6-6d98-43a9-85a3-50b94857b9f6 586693900a4e494197bd6f64c0f28924 233b3b5a7793422989072e8b84eb46a7 - - default default] Successfully bumped revision number for resource 3c6376bc-b0b8-4b1d-8a2c-f9a9b94692ec (type: security_group_rules) to 0
2026-04-28 08:53:53.132 9 INFO neutron.api.wsgi [req-f808b5bd-5799-4cc3-a363-de9e95a21c23 req-89660998-c995-4224-8a3b-d310f078aaf9 638e897ae44646c6baf03fd8f4e464ed 3fa0c24fe55541f4a40c26364376413f - - default default] 10.0.0.203 "GET /v2.0/ports?device_id=ad9a7f3e-a667-4f28-aa74-c39e34bdbbdd HTTP/1.1" status: 200 len: 210 time: 0.0204535
2026-04-28 08:53:53.154 9 INFO neutron.api.wsgi [None req-d91383e6-6d98-43a9-85a3-50b94857b9f6 586693900a4e494197bd6f64c0f28924 233b3b5a7793422989072e8b84eb46a7 - - default default] 10.0.0.149 "POST /v2.0/security-group-rules HTTP/1.1" status: 201 len: 796 time: 0.2002032
2026-04-28 08:53:53.164 9 WARNING neutron_lib.context [None req-a7c4c365-52c3-4f10-9df4-cac1d952bf86 586693900a4e494197bd6f64c0f28924 233b3b5a7793422989072e8b84eb46a7 - - default default] Method 'is_advsvc' is deprecated since 2023.2 release (neutron-lib 3.8.0) and will be removed once support for the old RBAC API policies will be removed from Neutron. Please use method 'is_service_role' instead.
2026-04-28 08:53:53.301 9 INFO neutron.db.ovn_revision_numbers_db [None req-a7c4c365-52c3-4f10-9df4-cac1d952bf86 586693900a4e494197bd6f64c0f28924 233b3b5a7793422989072e8b84eb46a7 - - default default] Successfully bumped revision number for resource 7171aae5-7ae3-4156-9fe2-9fbda62aa75e (type: security_group_rules) to 0
2026-04-28 08:53:53.334 9 INFO neutron.api.wsgi [None req-a7c4c365-52c3-4f10-9df4-cac1d952bf86 586693900a4e494197bd6f64c0f28924 233b3b5a7793422989072e8b84eb46a7 - - default default] 10.0.0.149 "POST /v2.0/security-group-rules HTTP/1.1" status: 201 len: 796 time: 0.1751609
2026-04-28 08:53:53.348 10 WARNING neutron_lib.context [None req-875aecce-a0e4-4fea-bce0-3e68675dfa1d 586693900a4e494197bd6f64c0f28924 233b3b5a7793422989072e8b84eb46a7 - - default default] Method 'is_advsvc' is deprecated since 2023.2 release (neutron-lib 3.8.0) and will be removed once support for the old RBAC API policies will be removed from Neutron. Please use method 'is_service_role' instead.
2026-04-28 08:53:53.486 10 INFO neutron.db.ovn_revision_numbers_db [None req-875aecce-a0e4-4fea-bce0-3e68675dfa1d 586693900a4e494197bd6f64c0f28924 233b3b5a7793422989072e8b84eb46a7 - - default default] Successfully bumped revision number for resource b1d5d494-5839-4433-a5c3-4eaddbd18020 (type: security_group_rules) to 0
2026-04-28 08:53:53.519 10 INFO neutron.api.wsgi [None req-875aecce-a0e4-4fea-bce0-3e68675dfa1d 586693900a4e494197bd6f64c0f28924 233b3b5a7793422989072e8b84eb46a7 - - default default] 10.0.0.149 "POST /v2.0/security-group-rules HTTP/1.1" status: 201 len: 798 time: 0.1782038
2026-04-28 08:53:53.531 9 WARNING neutron_lib.context [None req-455cac3b-7ddc-43b2-a86c-5b1725d4d7cb 586693900a4e494197bd6f64c0f28924 233b3b5a7793422989072e8b84eb46a7 - - default default] Method 'is_advsvc' is deprecated since 2023.2 release (neutron-lib 3.8.0) and will be removed once support for the old RBAC API policies will be removed from Neutron. Please use method 'is_service_role' instead.
2026-04-28 08:53:53.671 9 INFO neutron.db.ovn_revision_numbers_db [None req-455cac3b-7ddc-43b2-a86c-5b1725d4d7cb 586693900a4e494197bd6f64c0f28924 233b3b5a7793422989072e8b84eb46a7 - - default default] Successfully bumped revision number for resource acaa20eb-d595-4107-8ad1-19bb42c096b0 (type: security_group_rules) to 0
2026-04-28 08:53:53.706 9 INFO neutron.api.wsgi [None req-455cac3b-7ddc-43b2-a86c-5b1725d4d7cb 586693900a4e494197bd6f64c0f28924 233b3b5a7793422989072e8b84eb46a7 - - default default] 10.0.0.149 "POST /v2.0/security-group-rules HTTP/1.1" status: 201 len: 800 time: 0.1802328
2026-04-28 08:53:53.717 9 WARNING neutron_lib.context [None req-b325d071-aa24-4585-8d8f-23adbc4b7066 586693900a4e494197bd6f64c0f28924 233b3b5a7793422989072e8b84eb46a7 - - default default] Method 'is_advsvc' is deprecated since 2023.2 release (neutron-lib 3.8.0) and will be removed once support for the old RBAC API policies will be removed from Neutron. Please use method 'is_service_role' instead.
2026-04-28 08:53:53.972 9 WARNING neutron.plugins.ml2.drivers.ovn.mech_driver.ovsdb.ovn_client [None req-efc412c2-f9ee-48b9-a68e-9d29701590b9 - - - - - -] No hosting information found for port e4c97e99-b6a8-4d15-aeb3-8ee63023051a: RuntimeError: No hosting information found for port e4c97e99-b6a8-4d15-aeb3-8ee63023051a
2026-04-28 08:53:53.973 9 INFO neutron.plugins.ml2.drivers.ovn.mech_driver.mech_driver [None req-efc412c2-f9ee-48b9-a68e-9d29701590b9 - - - - - -] OVN reports status up for port: bf3f84cc-e72a-432a-8b88-17099dd98163
2026-04-28 08:53:53.992 9 INFO neutron.db.ovn_revision_numbers_db [None req-b325d071-aa24-4585-8d8f-23adbc4b7066 586693900a4e494197bd6f64c0f28924 233b3b5a7793422989072e8b84eb46a7 - - default default] Successfully bumped revision number for resource ec53f8e9-6b7c-4d98-9a18-342a4c6f589a (type: security_group_rules) to 0
2026-04-28 08:53:54.001 9 INFO neutron.plugins.ml2.plugin [None req-efc412c2-f9ee-48b9-a68e-9d29701590b9 - - - - - -] Attempt 1 to provision port bf3f84cc-e72a-432a-8b88-17099dd98163
2026-04-28 08:53:54.209 10 INFO neutron.api.wsgi [req-823da09f-1ad7-4dac-9828-61603f79ebed req-da00d74f-19a7-43d8-b973-819a6be2ea15 638e897ae44646c6baf03fd8f4e464ed 3fa0c24fe55541f4a40c26364376413f - - default default] 10.0.0.203 "GET /v2.0/ports?device_id=ad9a7f3e-a667-4f28-aa74-c39e34bdbbdd HTTP/1.1" status: 200 len: 210 time: 0.0190547
2026-04-28 08:53:54.254 9 INFO neutron.api.wsgi [None req-b325d071-aa24-4585-8d8f-23adbc4b7066 586693900a4e494197bd6f64c0f28924 233b3b5a7793422989072e8b84eb46a7 - - default default] 10.0.0.149 "POST /v2.0/security-group-rules HTTP/1.1" status: 201 len: 800 time: 0.5424588
2026-04-28 08:53:54.261 9 WARNING neutron_lib.context [None req-d12f6eac-2390-4cdf-be2e-805b4a984911 586693900a4e494197bd6f64c0f28924 233b3b5a7793422989072e8b84eb46a7 - - default default] Method 'is_advsvc' is deprecated since 2023.2 release (neutron-lib 3.8.0) and will be removed once support for the old RBAC API policies will be removed from Neutron. Please use method 'is_service_role' instead.
2026-04-28 08:53:54.611 9 INFO neutron.db.ovn_revision_numbers_db [None req-efc412c2-f9ee-48b9-a68e-9d29701590b9 - - - - - -] Successfully bumped revision number for resource bf3f84cc-e72a-432a-8b88-17099dd98163 (type: ports) to 2
2026-04-28 08:53:54.706 9 INFO neutron.db.ovn_revision_numbers_db [None req-d12f6eac-2390-4cdf-be2e-805b4a984911 586693900a4e494197bd6f64c0f28924 233b3b5a7793422989072e8b84eb46a7 - - default default] Successfully bumped revision number for resource 2466a402-f66c-42b0-b7f6-5aa105df8248 (type: security_group_rules) to 0
2026-04-28 08:53:54.744 9 INFO neutron.api.wsgi [None req-d12f6eac-2390-4cdf-be2e-805b4a984911 586693900a4e494197bd6f64c0f28924 233b3b5a7793422989072e8b84eb46a7 - - default default] 10.0.0.149 "POST /v2.0/security-group-rules HTTP/1.1" status: 201 len: 796 time: 0.4861934
2026-04-28 08:53:54.756 9 WARNING neutron_lib.context [None req-419727aa-7906-4d9c-bbc6-6003b30a9e0c 586693900a4e494197bd6f64c0f28924 233b3b5a7793422989072e8b84eb46a7 - - default default] Method 'is_advsvc' is deprecated since 2023.2 release (neutron-lib 3.8.0) and will be removed once support for the old RBAC API policies will be removed from Neutron. Please use method 'is_service_role' instead.
2026-04-28 08:53:54.920 9 INFO neutron.db.ovn_revision_numbers_db [None req-419727aa-7906-4d9c-bbc6-6003b30a9e0c 586693900a4e494197bd6f64c0f28924 233b3b5a7793422989072e8b84eb46a7 - - default default] Successfully bumped revision number for resource f1495e50-9f0a-4c0c-8b19-bbb4534c74f9 (type: security_group_rules) to 0
2026-04-28 08:53:54.957 9 INFO neutron.api.wsgi [None req-419727aa-7906-4d9c-bbc6-6003b30a9e0c 586693900a4e494197bd6f64c0f28924 233b3b5a7793422989072e8b84eb46a7 - - default default] 10.0.0.149 "POST /v2.0/security-group-rules HTTP/1.1" status: 201 len: 796 time: 0.2066290
2026-04-28 08:53:54.967 9 WARNING neutron_lib.context [None req-a89f1847-bc22-4497-8675-d8e964e684dc 586693900a4e494197bd6f64c0f28924 233b3b5a7793422989072e8b84eb46a7 - - default default] Method 'is_advsvc' is deprecated since 2023.2 release (neutron-lib 3.8.0) and will be removed once support for the old RBAC API policies will be removed from Neutron. Please use method 'is_service_role' instead.
2026-04-28 08:53:55.139 9 INFO neutron.db.ovn_revision_numbers_db [None req-a89f1847-bc22-4497-8675-d8e964e684dc 586693900a4e494197bd6f64c0f28924 233b3b5a7793422989072e8b84eb46a7 - - default default] Successfully bumped revision number for resource 49b0c39a-8530-4810-b17c-16b1ec80595d (type: security_group_rules) to 0
2026-04-28 08:53:55.176 9 INFO neutron.api.wsgi [None req-a89f1847-bc22-4497-8675-d8e964e684dc 586693900a4e494197bd6f64c0f28924 233b3b5a7793422989072e8b84eb46a7 - - default default] 10.0.0.149 "POST /v2.0/security-group-rules HTTP/1.1" status: 201 len: 796 time: 0.2137263
2026-04-28 08:53:55.187 9 WARNING neutron_lib.context [None req-6545244f-f2f0-45eb-9f1f-9416b416de5b 586693900a4e494197bd6f64c0f28924 233b3b5a7793422989072e8b84eb46a7 - - default default] Method 'is_advsvc' is deprecated since 2023.2 release (neutron-lib 3.8.0) and will be removed once support for the old RBAC API policies will be removed from Neutron. Please use method 'is_service_role' instead.
2026-04-28 08:53:55.311 10 INFO neutron.api.wsgi [req-d9bfdcec-394e-4d8b-b614-6ab06c112277 req-9f15fe9a-7194-496e-b679-c1fddd57b2b9 638e897ae44646c6baf03fd8f4e464ed 3fa0c24fe55541f4a40c26364376413f - - default default] 10.0.0.203 "GET /v2.0/ports?device_id=ad9a7f3e-a667-4f28-aa74-c39e34bdbbdd HTTP/1.1" status: 200 len: 210 time: 0.0333247
2026-04-28 08:53:55.339 10 INFO neutron.api.wsgi [req-6059f162-0599-4677-b925-5498575d3358 req-fa836ccd-1d3e-4e00-a69f-50df929eee6b 638e897ae44646c6baf03fd8f4e464ed 3fa0c24fe55541f4a40c26364376413f - - default default] 199.204.45.129 "GET /v2.0/networks?id=6736cbb6-264b-49a3-b352-fab83f168e62 HTTP/1.1" status: 200 len: 872 time: 0.0748518
2026-04-28 08:53:55.353 10 WARNING neutron_lib.context [req-6059f162-0599-4677-b925-5498575d3358 req-37fa254b-6b27-48ed-9dc1-1c9212d8be98 638e897ae44646c6baf03fd8f4e464ed 3fa0c24fe55541f4a40c26364376413f - - default default] Method 'is_advsvc' is deprecated since 2023.2 release (neutron-lib 3.8.0) and will be removed once support for the old RBAC API policies will be removed from Neutron. Please use method 'is_service_role' instead.
2026-04-28 08:53:55.362 9 INFO neutron.db.ovn_revision_numbers_db [None req-6545244f-f2f0-45eb-9f1f-9416b416de5b 586693900a4e494197bd6f64c0f28924 233b3b5a7793422989072e8b84eb46a7 - - default default] Successfully bumped revision number for resource dd30b493-1a45-43e3-8a44-66fb920c1337 (type: security_group_rules) to 0
2026-04-28 08:53:55.396 9 INFO neutron.api.wsgi [None req-6545244f-f2f0-45eb-9f1f-9416b416de5b 586693900a4e494197bd6f64c0f28924 233b3b5a7793422989072e8b84eb46a7 - - default default] 10.0.0.149 "POST /v2.0/security-group-rules HTTP/1.1" status: 201 len: 798 time: 0.2129481
2026-04-28 08:53:55.405 9 WARNING neutron_lib.context [None req-24b932f7-cc68-4492-b911-7e494fc27126 586693900a4e494197bd6f64c0f28924 233b3b5a7793422989072e8b84eb46a7 - - default default] Method 'is_advsvc' is deprecated since 2023.2 release (neutron-lib 3.8.0) and will be removed once support for the old RBAC API policies will be removed from Neutron. Please use method 'is_service_role' instead.
2026-04-28 08:53:55.607 9 INFO neutron.db.ovn_revision_numbers_db [None req-24b932f7-cc68-4492-b911-7e494fc27126 586693900a4e494197bd6f64c0f28924 233b3b5a7793422989072e8b84eb46a7 - - default default] Successfully bumped revision number for resource 2763204c-8053-4761-a036-6924f2d35959 (type: security_group_rules) to 0
2026-04-28 08:53:55.664 10 WARNING neutron.scheduler.dhcp_agent_scheduler [req-6059f162-0599-4677-b925-5498575d3358 req-37fa254b-6b27-48ed-9dc1-1c9212d8be98 638e897ae44646c6baf03fd8f4e464ed 3fa0c24fe55541f4a40c26364376413f - - default default] No more DHCP agents
2026-04-28 08:53:55.665 10 WARNING neutron.api.rpc.agentnotifiers.dhcp_rpc_agent_api [req-6059f162-0599-4677-b925-5498575d3358 req-37fa254b-6b27-48ed-9dc1-1c9212d8be98 638e897ae44646c6baf03fd8f4e464ed 3fa0c24fe55541f4a40c26364376413f - - default default] Unable to schedule network 6736cbb6-264b-49a3-b352-fab83f168e62: no agents available; will retry on subsequent port and subnet creation events.
2026-04-28 08:53:55.771 9 INFO neutron.api.wsgi [None req-24b932f7-cc68-4492-b911-7e494fc27126 586693900a4e494197bd6f64c0f28924 233b3b5a7793422989072e8b84eb46a7 - - default default] 10.0.0.149 "POST /v2.0/security-group-rules HTTP/1.1" status: 201 len: 800 time: 0.3706748
2026-04-28 08:53:55.780 9 WARNING neutron_lib.context [None req-2fd83f7a-a170-40e4-bb92-d652d80f7829 586693900a4e494197bd6f64c0f28924 233b3b5a7793422989072e8b84eb46a7 - - default default] Method 'is_advsvc' is deprecated since 2023.2 release (neutron-lib 3.8.0) and will be removed once support for the old RBAC API policies will be removed from Neutron. Please use method 'is_service_role' instead.
2026-04-28 08:53:55.866 10 INFO neutron.db.ovn_revision_numbers_db [req-6059f162-0599-4677-b925-5498575d3358 req-37fa254b-6b27-48ed-9dc1-1c9212d8be98 638e897ae44646c6baf03fd8f4e464ed 3fa0c24fe55541f4a40c26364376413f - - default default] Successfully bumped revision number for resource 72f253da-c072-483f-a72c-da3db82b6503 (type: ports) to 1
