2026-04-28 08:49:22.944 9 WARNING neutron_lib.context [None req-dcc8e332-b5df-43d6-aab0-9548952d5dd4 727d213ed5704abf8910f87f5606431b 01c344fb00af4c19a7c82f2a635c7ce7 - - default default] Method 'is_advsvc' is deprecated since 2023.2 release (neutron-lib 3.8.0) and will be removed once support for the old RBAC API policies will be removed from Neutron. Please use method 'is_service_role' instead.
2026-04-28 08:49:23.069 9 INFO neutron.db.ovn_revision_numbers_db [None req-dcc8e332-b5df-43d6-aab0-9548952d5dd4 727d213ed5704abf8910f87f5606431b 01c344fb00af4c19a7c82f2a635c7ce7 - - default default] Successfully bumped revision number for resource 8efbc8a0-821d-4f98-8be4-32155c272c21 (type: security_groups) to 1
2026-04-28 08:49:23.084 9 INFO neutron.db.ovn_revision_numbers_db [None req-dcc8e332-b5df-43d6-aab0-9548952d5dd4 727d213ed5704abf8910f87f5606431b 01c344fb00af4c19a7c82f2a635c7ce7 - - default default] Successfully bumped revision number for resource 2ea3d9c0-3b23-45ad-99a8-cd6c31e2072d (type: security_group_rules) to 0
2026-04-28 08:49:23.094 10 INFO neutron.api.wsgi [req-0485b7c0-c88b-460b-b532-2a7f21c20dc1 req-bd8f7b6e-d30c-42e3-ac8b-63219604408b 06d3d657852e45398f2adf930de3f0e7 73f3455434514dab860e886c6e1d572a - - default default] 10.0.0.203 "GET /v2.0/ports?device_id=c2cdd1b1-6037-452a-8283-f9455db7425b HTTP/1.1" status: 200 len: 1168 time: 0.0789168
2026-04-28 08:49:23.097 9 INFO neutron.db.ovn_revision_numbers_db [None req-dcc8e332-b5df-43d6-aab0-9548952d5dd4 727d213ed5704abf8910f87f5606431b 01c344fb00af4c19a7c82f2a635c7ce7 - - default default] Successfully bumped revision number for resource 8e24943f-fe13-4cce-b02e-025663c6b600 (type: security_group_rules) to 0
2026-04-28 08:49:23.134 9 INFO neutron.api.wsgi [None req-dcc8e332-b5df-43d6-aab0-9548952d5dd4 727d213ed5704abf8910f87f5606431b 01c344fb00af4c19a7c82f2a635c7ce7 - - default default] 10.0.0.149 "POST /v2.0/security-groups HTTP/1.1" status: 201 len: 1860 time: 0.1943974
2026-04-28 08:49:23.143 10 INFO neutron.api.wsgi [req-0485b7c0-c88b-460b-b532-2a7f21c20dc1 req-19d380c0-7731-4d32-ae6a-a7a64bafe3b1 06d3d657852e45398f2adf930de3f0e7 73f3455434514dab860e886c6e1d572a - - default default] 10.0.0.203 "GET /v2.0/security-groups?id=a0a0fc53-9f85-4acd-be0c-a17210778e27&fields=id&fields=name HTTP/1.1" status: 200 len: 313 time: 0.0436440
2026-04-28 08:49:23.145 10 WARNING neutron_lib.context [None req-fde103fc-e552-465f-83aa-af8b2d42fb9f 727d213ed5704abf8910f87f5606431b 01c344fb00af4c19a7c82f2a635c7ce7 - - default default] Method 'is_advsvc' is deprecated since 2023.2 release (neutron-lib 3.8.0) and will be removed once support for the old RBAC API policies will be removed from Neutron. Please use method 'is_service_role' instead.
2026-04-28 08:49:23.341 10 INFO neutron.db.ovn_revision_numbers_db [None req-fde103fc-e552-465f-83aa-af8b2d42fb9f 727d213ed5704abf8910f87f5606431b 01c344fb00af4c19a7c82f2a635c7ce7 - - default default] Successfully bumped revision number for resource 842ce828-b892-487e-9eb8-e0aec23897a1 (type: security_group_rules) to 0
2026-04-28 08:49:23.346 10 INFO neutron.db.ovn_revision_numbers_db [None req-e773cee0-77ce-4fd8-8103-6f6afad2b7f0 - - - - - -] Successfully bumped revision number for resource 65cebbe3-c3df-4682-b5ca-be2a4c2a6014 (type: ports) to 2
2026-04-28 08:49:23.377 10 INFO neutron.api.wsgi [None req-fde103fc-e552-465f-83aa-af8b2d42fb9f 727d213ed5704abf8910f87f5606431b 01c344fb00af4c19a7c82f2a635c7ce7 - - default default] 10.0.0.149 "POST /v2.0/security-group-rules HTTP/1.1" status: 201 len: 796 time: 0.2377050
2026-04-28 08:49:23.390 10 WARNING neutron_lib.context [None req-a26efa2a-3d17-4199-9a93-30496bd4ba34 727d213ed5704abf8910f87f5606431b 01c344fb00af4c19a7c82f2a635c7ce7 - - default default] Method 'is_advsvc' is deprecated since 2023.2 release (neutron-lib 3.8.0) and will be removed once support for the old RBAC API policies will be removed from Neutron. Please use method 'is_service_role' instead.
2026-04-28 08:49:23.517 10 INFO neutron.db.ovn_revision_numbers_db [None req-a26efa2a-3d17-4199-9a93-30496bd4ba34 727d213ed5704abf8910f87f5606431b 01c344fb00af4c19a7c82f2a635c7ce7 - - default default] Successfully bumped revision number for resource 0125f7c1-f704-4e74-84e6-865b1cecf270 (type: security_group_rules) to 0
2026-04-28 08:49:23.571 10 INFO neutron.api.wsgi [None req-a26efa2a-3d17-4199-9a93-30496bd4ba34 727d213ed5704abf8910f87f5606431b 01c344fb00af4c19a7c82f2a635c7ce7 - - default default] 10.0.0.149 "POST /v2.0/security-group-rules HTTP/1.1" status: 201 len: 801 time: 0.1851494
2026-04-28 08:49:23.582 10 WARNING neutron_lib.context [None req-965091e9-da08-4b21-86c3-99218b19ffed 727d213ed5704abf8910f87f5606431b 01c344fb00af4c19a7c82f2a635c7ce7 - - default default] Method 'is_advsvc' is deprecated since 2023.2 release (neutron-lib 3.8.0) and will be removed once support for the old RBAC API policies will be removed from Neutron. Please use method 'is_service_role' instead.
2026-04-28 08:49:23.831 10 WARNING neutron.scheduler.dhcp_agent_scheduler [None req-965091e9-da08-4b21-86c3-99218b19ffed 727d213ed5704abf8910f87f5606431b 01c344fb00af4c19a7c82f2a635c7ce7 - - default default] No more DHCP agents
2026-04-28 08:49:23.833 10 WARNING neutron.api.rpc.agentnotifiers.dhcp_rpc_agent_api [None req-965091e9-da08-4b21-86c3-99218b19ffed 727d213ed5704abf8910f87f5606431b 01c344fb00af4c19a7c82f2a635c7ce7 - - default default] Unable to schedule network 8301fb6d-9aec-4d84-b74f-b2012bc8b9c2: no agents available; will retry on subsequent port and subnet creation events.
2026-04-28 08:49:24.130 10 INFO neutron.api.wsgi [None req-965091e9-da08-4b21-86c3-99218b19ffed 727d213ed5704abf8910f87f5606431b 01c344fb00af4c19a7c82f2a635c7ce7 - - default default] 10.0.0.149 "POST /v2.0/floatingips HTTP/1.1" status: 201 len: 751 time: 0.5525708
2026-04-28 08:49:24.254 9 INFO neutron.api.wsgi [req-5efafec3-0a76-4df9-9c8e-dda7771f8dc3 req-2c225c53-0f8e-45d5-be39-9be0e05de5e6 06d3d657852e45398f2adf930de3f0e7 73f3455434514dab860e886c6e1d572a - - default default] 10.0.0.203 "GET /v2.0/ports?device_id=c2cdd1b1-6037-452a-8283-f9455db7425b HTTP/1.1" status: 200 len: 1168 time: 0.0500200
2026-04-28 08:49:24.308 9 INFO neutron.api.wsgi [req-5efafec3-0a76-4df9-9c8e-dda7771f8dc3 req-c3da42f4-5f5d-4549-833c-2cc376550606 06d3d657852e45398f2adf930de3f0e7 73f3455434514dab860e886c6e1d572a - - default default] 10.0.0.203 "GET /v2.0/security-groups?id=a0a0fc53-9f85-4acd-be0c-a17210778e27&fields=id&fields=name HTTP/1.1" status: 200 len: 313 time: 0.0476511
2026-04-28 08:49:24.499 10 WARNING neutron_lib.context [None req-2d34f385-4db2-4750-9014-967ef722cd24 f0089e128f5f40419a14c2805ff4bb21 12e99eb4015841e38974a76bf5f05907 - - default default] Method 'is_advsvc' is deprecated since 2023.2 release (neutron-lib 3.8.0) and will be removed once support for the old RBAC API policies will be removed from Neutron. Please use method 'is_service_role' instead.
2026-04-28 08:49:24.499 10 WARNING neutron_lib.context [None req-2d34f385-4db2-4750-9014-967ef722cd24 f0089e128f5f40419a14c2805ff4bb21 12e99eb4015841e38974a76bf5f05907 - - default default] Method 'is_advsvc' is deprecated since 2023.2 release (neutron-lib 3.8.0) and will be removed once support for the old RBAC API policies will be removed from Neutron. Please use method 'is_service_role' instead.
2026-04-28 08:49:24.593 10 INFO neutron.api.wsgi [req-d9231de9-0249-42cd-bc3d-7c568810e187 req-0492f989-fc2b-4a7e-92e2-2ddbec4e2705 727d213ed5704abf8910f87f5606431b 01c344fb00af4c19a7c82f2a635c7ce7 - - default default] 10.0.0.203 "GET /v2.0/security-groups?name=tempest-securitygroup--2013981284&fields=id&tenant_id=01c344fb00af4c19a7c82f2a635c7ce7 HTTP/1.1" status: 200 len: 267 time: 0.0373750
2026-04-28 08:49:24.646 10 INFO neutron.db.ovn_revision_numbers_db [None req-2d34f385-4db2-4750-9014-967ef722cd24 f0089e128f5f40419a14c2805ff4bb21 12e99eb4015841e38974a76bf5f05907 - - default default] Successfully bumped revision number for resource e2f02209-93e7-46ae-b7cc-d878068f23ba (type: security_groups) to 1
2026-04-28 08:49:24.654 10 INFO neutron.api.wsgi [req-d9231de9-0249-42cd-bc3d-7c568810e187 req-989d2461-a91c-4397-891e-e97eb99e3d12 727d213ed5704abf8910f87f5606431b 01c344fb00af4c19a7c82f2a635c7ce7 - - default default] 10.0.0.203 "GET /v2.0/networks?id=d9900dc2-d711-4c90-a20f-c2e202cc4a01 HTTP/1.1" status: 200 len: 868 time: 0.0538774
2026-04-28 08:49:24.667 10 INFO neutron.db.ovn_revision_numbers_db [None req-2d34f385-4db2-4750-9014-967ef722cd24 f0089e128f5f40419a14c2805ff4bb21 12e99eb4015841e38974a76bf5f05907 - - default default] Successfully bumped revision number for resource 40b31838-de8f-4bb1-9f79-6d08f69a0fe0 (type: security_group_rules) to 0
2026-04-28 08:49:24.674 10 INFO neutron.api.wsgi [req-d9231de9-0249-42cd-bc3d-7c568810e187 req-8b56da06-127b-4f3e-94e0-7cf56e30d13b 727d213ed5704abf8910f87f5606431b 01c344fb00af4c19a7c82f2a635c7ce7 - - default default] 10.0.0.203 "GET /v2.0/quotas/01c344fb00af4c19a7c82f2a635c7ce7 HTTP/1.1" status: 200 len: 491 time: 0.0129817
2026-04-28 08:49:24.687 10 INFO neutron.db.ovn_revision_numbers_db [None req-2d34f385-4db2-4750-9014-967ef722cd24 f0089e128f5f40419a14c2805ff4bb21 12e99eb4015841e38974a76bf5f05907 - - default default] Successfully bumped revision number for resource 6777ff0e-873f-46ef-a4fa-6dca782fa4af (type: security_group_rules) to 0
2026-04-28 08:49:24.706 10 INFO neutron.db.ovn_revision_numbers_db [None req-2d34f385-4db2-4750-9014-967ef722cd24 f0089e128f5f40419a14c2805ff4bb21 12e99eb4015841e38974a76bf5f05907 - - default default] Successfully bumped revision number for resource a05b66ea-e81f-45b9-afa1-57918043d02c (type: security_group_rules) to 0
2026-04-28 08:49:24.730 10 INFO neutron.db.ovn_revision_numbers_db [None req-2d34f385-4db2-4750-9014-967ef722cd24 f0089e128f5f40419a14c2805ff4bb21 12e99eb4015841e38974a76bf5f05907 - - default default] Successfully bumped revision number for resource c8aa57bb-ea86-470d-816b-8057882e0918 (type: security_group_rules) to 0
2026-04-28 08:49:24.761 10 INFO neutron.api.wsgi [req-d9231de9-0249-42cd-bc3d-7c568810e187 req-8007d2c3-9966-46c0-8d00-4bb56c0052c0 727d213ed5704abf8910f87f5606431b 01c344fb00af4c19a7c82f2a635c7ce7 - - default default] 10.0.0.203 "GET /v2.0/ports?tenant_id=01c344fb00af4c19a7c82f2a635c7ce7&fields=id HTTP/1.1" status: 200 len: 302 time: 0.0817494
2026-04-28 08:49:24.826 10 INFO neutron.api.wsgi [req-d9231de9-0249-42cd-bc3d-7c568810e187 req-00d31394-19fa-4b2a-82e1-a2598362d91d 30587a6765614ce99c992f7605ee95af 0385b1eafcf1436ab1be06d0d76c6864 - - 1a9a9c801f84437c975186752f7bc6ba 1a9a9c801f84437c975186752f7bc6ba] 10.0.0.203 "GET /v2.0/networks/d9900dc2-d711-4c90-a20f-c2e202cc4a01?fields=segments HTTP/1.1" status: 200 len: 212 time: 0.0526116
2026-04-28 08:49:24.843 10 INFO neutron.db.segments_db [None req-2d34f385-4db2-4750-9014-967ef722cd24 f0089e128f5f40419a14c2805ff4bb21 12e99eb4015841e38974a76bf5f05907 - - default default] Added segment 65c0df17-a7e2-4eb8-aa88-2054a62d2313 of type geneve for network f72e9457-7b22-4826-a982-358490452ccf
2026-04-28 08:49:24.904 10 INFO neutron.api.wsgi [req-d9231de9-0249-42cd-bc3d-7c568810e187 req-3114b5e9-3a6a-4b3a-a96d-e84338f51be3 30587a6765614ce99c992f7605ee95af 0385b1eafcf1436ab1be06d0d76c6864 - - 1a9a9c801f84437c975186752f7bc6ba 1a9a9c801f84437c975186752f7bc6ba] 10.0.0.203 "GET /v2.0/networks/d9900dc2-d711-4c90-a20f-c2e202cc4a01?fields=provider%3Aphysical_network&fields=provider%3Anetwork_type HTTP/1.1" status: 200 len: 277 time: 0.0705061
2026-04-28 08:49:24.944 10 INFO neutron.db.segments_db [None req-2d34f385-4db2-4750-9014-967ef722cd24 f0089e128f5f40419a14c2805ff4bb21 12e99eb4015841e38974a76bf5f05907 - - default default] Added segment 89613e7a-370e-4c7c-8571-efe1f2d313c4 of type geneve for network 292dc5e3-9810-402e-9f3f-706e4dc26f26
2026-04-28 08:49:25.064 9 INFO neutron.api.wsgi [req-a99ce45a-6371-4242-ae5d-e56c6e22df5e req-ba9d5cd1-04c6-4036-b7ed-a9e0a8e6e721 727d213ed5704abf8910f87f5606431b 01c344fb00af4c19a7c82f2a635c7ce7 - - default default] 10.0.0.203 "GET /v2.0/ports?device_id=c3d3b3c4-ba20-42bf-85cd-e37ead711248 HTTP/1.1" status: 200 len: 210 time: 0.0222924
2026-04-28 08:49:25.078 10 INFO neutron.db.ovn_revision_numbers_db [None req-2d34f385-4db2-4750-9014-967ef722cd24 f0089e128f5f40419a14c2805ff4bb21 12e99eb4015841e38974a76bf5f05907 - - default default] Successfully bumped revision number for resource f72e9457-7b22-4826-a982-358490452ccf (type: networks) to 1
2026-04-28 08:49:25.285 10 WARNING neutron.scheduler.dhcp_agent_scheduler [None req-2d34f385-4db2-4750-9014-967ef722cd24 f0089e128f5f40419a14c2805ff4bb21 12e99eb4015841e38974a76bf5f05907 - - default default] No more DHCP agents
2026-04-28 08:49:25.286 10 WARNING neutron.api.rpc.agentnotifiers.dhcp_rpc_agent_api [None req-2d34f385-4db2-4750-9014-967ef722cd24 f0089e128f5f40419a14c2805ff4bb21 12e99eb4015841e38974a76bf5f05907 - - default default] Unable to schedule network f72e9457-7b22-4826-a982-358490452ccf: no agents available; will retry on subsequent port and subnet creation events.
2026-04-28 08:49:25.360 10 INFO neutron.db.ovn_revision_numbers_db [None req-2d34f385-4db2-4750-9014-967ef722cd24 f0089e128f5f40419a14c2805ff4bb21 12e99eb4015841e38974a76bf5f05907 - - default default] Successfully bumped revision number for resource 9df3ec46-572e-464d-8c46-e9e011ff1187 (type: ports) to 1
2026-04-28 08:49:25.426 10 INFO neutron.api.wsgi [req-74e77725-c305-4a67-94d4-336ef84dec53 req-7d0ca227-ace4-48e0-9b25-c742353a7ee3 06d3d657852e45398f2adf930de3f0e7 73f3455434514dab860e886c6e1d572a - - default default] 10.0.0.203 "GET /v2.0/ports?device_id=c2cdd1b1-6037-452a-8283-f9455db7425b HTTP/1.1" status: 200 len: 1168 time: 0.0470650
2026-04-28 08:49:25.465 10 INFO neutron.db.ovn_revision_numbers_db [None req-2d34f385-4db2-4750-9014-967ef722cd24 f0089e128f5f40419a14c2805ff4bb21 12e99eb4015841e38974a76bf5f05907 - - default default] Successfully bumped revision number for resource 292dc5e3-9810-402e-9f3f-706e4dc26f26 (type: networks) to 1
2026-04-28 08:49:25.481 10 INFO neutron.api.wsgi [req-74e77725-c305-4a67-94d4-336ef84dec53 req-638dd725-e8e2-42b8-9754-e19a8f3a7b86 06d3d657852e45398f2adf930de3f0e7 73f3455434514dab860e886c6e1d572a - - default default] 10.0.0.203 "GET /v2.0/security-groups?id=a0a0fc53-9f85-4acd-be0c-a17210778e27&fields=id&fields=name HTTP/1.1" status: 200 len: 313 time: 0.0507669
2026-04-28 08:49:25.648 10 WARNING neutron.scheduler.dhcp_agent_scheduler [None req-2d34f385-4db2-4750-9014-967ef722cd24 f0089e128f5f40419a14c2805ff4bb21 12e99eb4015841e38974a76bf5f05907 - - default default] No more DHCP agents
2026-04-28 08:49:25.650 10 WARNING neutron.api.rpc.agentnotifiers.dhcp_rpc_agent_api [None req-2d34f385-4db2-4750-9014-967ef722cd24 f0089e128f5f40419a14c2805ff4bb21 12e99eb4015841e38974a76bf5f05907 - - default default] Unable to schedule network 292dc5e3-9810-402e-9f3f-706e4dc26f26: no agents available; will retry on subsequent port and subnet creation events.
2026-04-28 08:49:25.717 10 INFO neutron.db.ovn_revision_numbers_db [None req-2d34f385-4db2-4750-9014-967ef722cd24 f0089e128f5f40419a14c2805ff4bb21 12e99eb4015841e38974a76bf5f05907 - - default default] Successfully bumped revision number for resource fdf78316-f09f-42f5-8aaf-687fea5d8c77 (type: ports) to 1
2026-04-28 08:49:25.739 10 INFO neutron.api.wsgi [None req-2d34f385-4db2-4750-9014-967ef722cd24 f0089e128f5f40419a14c2805ff4bb21 12e99eb4015841e38974a76bf5f05907 - - default default] 10.0.0.149 "POST /v2.0/networks HTTP/1.1" status: 201 len: 1445 time: 1.5123549
2026-04-28 08:49:25.810 10 INFO neutron.api.wsgi [None req-5b498df3-563a-4885-a828-75ff619d3b9b f0089e128f5f40419a14c2805ff4bb21 12e99eb4015841e38974a76bf5f05907 - - default default] 10.0.0.149 "GET /v2.0/networks HTTP/1.1" status: 200 len: 2051 time: 0.0646977
2026-04-28 08:49:26.170 9 INFO neutron.api.wsgi [req-3f92e891-7217-4a18-a4ba-dea3267ceabe req-b1b5546f-3f07-4526-ac3c-7d88cfa7d3cc 727d213ed5704abf8910f87f5606431b 01c344fb00af4c19a7c82f2a635c7ce7 - - default default] 10.0.0.203 "GET /v2.0/ports?device_id=c3d3b3c4-ba20-42bf-85cd-e37ead711248 HTTP/1.1" status: 200 len: 210 time: 0.0235820
2026-04-28 08:49:26.215 10 INFO neutron.api.wsgi [None req-a21f5929-431e-4346-9988-e53e131a4986 f0089e128f5f40419a14c2805ff4bb21 12e99eb4015841e38974a76bf5f05907 - - default default] 10.0.0.149 "DELETE /v2.0/networks/f72e9457-7b22-4826-a982-358490452ccf HTTP/1.1" status: 204 len: 168 time: 0.4003778
2026-04-28 08:49:26.596 10 INFO neutron.api.wsgi [None req-46c4a6d3-de75-4434-afc7-025fe29d3224 f0089e128f5f40419a14c2805ff4bb21 12e99eb4015841e38974a76bf5f05907 - - default default] 10.0.0.149 "DELETE /v2.0/networks/292dc5e3-9810-402e-9f3f-706e4dc26f26 HTTP/1.1" status: 204 len: 168 time: 0.3754590
2026-04-28 08:49:26.603 10 INFO neutron.api.wsgi [req-31937663-01b3-448f-b4c3-0df30a42703b req-01d4da5a-ebcc-4054-bf84-7a8a7517f265 06d3d657852e45398f2adf930de3f0e7 73f3455434514dab860e886c6e1d572a - - default default] 10.0.0.203 "GET /v2.0/ports?device_id=c2cdd1b1-6037-452a-8283-f9455db7425b HTTP/1.1" status: 200 len: 1168 time: 0.0552773
2026-04-28 08:49:26.643 10 INFO neutron.api.wsgi [req-31937663-01b3-448f-b4c3-0df30a42703b req-4956fafa-3934-42ee-be71-e4364ade66f7 06d3d657852e45398f2adf930de3f0e7 73f3455434514dab860e886c6e1d572a - - default default] 10.0.0.203 "GET /v2.0/security-groups?id=a0a0fc53-9f85-4acd-be0c-a17210778e27&fields=id&fields=name HTTP/1.1" status: 200 len: 313 time: 0.0333347
2026-04-28 08:49:26.668 9 INFO neutron.api.wsgi [None req-d328b478-1f76-4097-abac-bf30183fc784 f0089e128f5f40419a14c2805ff4bb21 12e99eb4015841e38974a76bf5f05907 - - default default] 10.0.0.149 "GET /v2.0/networks HTTP/1.1" status: 200 len: 845 time: 0.0642900
2026-04-28 08:49:26.679 9 WARNING neutron_lib.context [None req-f293e82d-c284-45fc-8a0d-f27d53b2bcef f0089e128f5f40419a14c2805ff4bb21 12e99eb4015841e38974a76bf5f05907 - - default default] Method 'is_advsvc' is deprecated since 2023.2 release (neutron-lib 3.8.0) and will be removed once support for the old RBAC API policies will be removed from Neutron. Please use method 'is_service_role' instead.
2026-04-28 08:49:26.686 10 INFO neutron.services.segments.plugin [-] Segment 65c0df17-a7e2-4eb8-aa88-2054a62d2313 resource provider aggregate not found
2026-04-28 08:49:26.697 10 INFO neutron.services.segments.plugin [-] Segment 65c0df17-a7e2-4eb8-aa88-2054a62d2313 resource provider aggregate not found
2026-04-28 08:49:26.703 10 INFO neutron.services.segments.plugin [-] Segment 65c0df17-a7e2-4eb8-aa88-2054a62d2313 resource provider not found; error: Placement Client Error (4xx): {"errors": [{"status": 404, "title": "Not Found", "detail": "The resource could not be found.\n\n No resource provider with uuid 65c0df17-a7e2-4eb8-aa88-2054a62d2313 found for delete ", "request_id": "req-79312ad3-b179-42fe-872f-afe006b376f8"}]}
2026-04-28 08:49:26.709 10 INFO neutron.services.segments.plugin [-] Segment 65c0df17-a7e2-4eb8-aa88-2054a62d2313 resource provider not found; error: Placement Client Error (4xx): {"errors": [{"status": 404, "title": "Not Found", "detail": "The resource could not be found.\n\n No resource provider with uuid 65c0df17-a7e2-4eb8-aa88-2054a62d2313 found for delete ", "request_id": "req-2b31dba1-eaa9-4def-ae1a-835627f7000f"}]}
2026-04-28 08:49:26.773 9 INFO neutron.db.segments_db [None req-f293e82d-c284-45fc-8a0d-f27d53b2bcef f0089e128f5f40419a14c2805ff4bb21 12e99eb4015841e38974a76bf5f05907 - - default default] Added segment 2d7f6669-8c68-4ef5-a8e8-9546b395cf0d of type geneve for network cc31f6d4-6640-4a9c-8ecf-b205c7c2707d
2026-04-28 08:49:26.907 9 INFO neutron.db.ovn_revision_numbers_db [None req-f293e82d-c284-45fc-8a0d-f27d53b2bcef f0089e128f5f40419a14c2805ff4bb21 12e99eb4015841e38974a76bf5f05907 - - default default] Successfully bumped revision number for resource cc31f6d4-6640-4a9c-8ecf-b205c7c2707d (type: networks) to 1
2026-04-28 08:49:27.141 9 WARNING neutron.scheduler.dhcp_agent_scheduler [None req-f293e82d-c284-45fc-8a0d-f27d53b2bcef f0089e128f5f40419a14c2805ff4bb21 12e99eb4015841e38974a76bf5f05907 - - default default] No more DHCP agents
2026-04-28 08:49:27.143 9 WARNING neutron.api.rpc.agentnotifiers.dhcp_rpc_agent_api [None req-f293e82d-c284-45fc-8a0d-f27d53b2bcef f0089e128f5f40419a14c2805ff4bb21 12e99eb4015841e38974a76bf5f05907 - - default default] Unable to schedule network cc31f6d4-6640-4a9c-8ecf-b205c7c2707d: no agents available; will retry on subsequent port and subnet creation events.
2026-04-28 08:49:27.220 9 INFO neutron.db.ovn_revision_numbers_db [None req-f293e82d-c284-45fc-8a0d-f27d53b2bcef f0089e128f5f40419a14c2805ff4bb21 12e99eb4015841e38974a76bf5f05907 - - default default] Successfully bumped revision number for resource 85a9042d-cd96-4042-9b9e-7752db1812f6 (type: ports) to 1
2026-04-28 08:49:27.253 9 INFO neutron.api.wsgi [None req-f293e82d-c284-45fc-8a0d-f27d53b2bcef f0089e128f5f40419a14c2805ff4bb21 12e99eb4015841e38974a76bf5f05907 - - default default] 10.0.0.149 "POST /v2.0/networks HTTP/1.1" status: 201 len: 853 time: 0.5784304
2026-04-28 08:49:27.255 9 INFO neutron.api.wsgi [req-2d409e37-6e1a-4d85-b9bb-a301326eac29 req-de529532-3d73-4d6c-9482-0fe88119ec7e 727d213ed5704abf8910f87f5606431b 01c344fb00af4c19a7c82f2a635c7ce7 - - default default] 10.0.0.203 "GET /v2.0/ports?device_id=c3d3b3c4-ba20-42bf-85cd-e37ead711248 HTTP/1.1" status: 200 len: 210 time: 0.0231004
2026-04-28 08:49:27.263 9 WARNING neutron_lib.context [None req-875abf09-51bd-4ae1-8cf4-7e61b193af19 f0089e128f5f40419a14c2805ff4bb21 12e99eb4015841e38974a76bf5f05907 - - default default] Method 'is_advsvc' is deprecated since 2023.2 release (neutron-lib 3.8.0) and will be removed once support for the old RBAC API policies will be removed from Neutron. Please use method 'is_service_role' instead.
2026-04-28 08:49:27.357 9 INFO neutron.db.segments_db [None req-875abf09-51bd-4ae1-8cf4-7e61b193af19 f0089e128f5f40419a14c2805ff4bb21 12e99eb4015841e38974a76bf5f05907 - - default default] Added segment d6e17dfb-0d0a-4de5-aed7-dca63a897406 of type geneve for network 9507a823-2a9d-4f1a-b3ad-106a75586f63
2026-04-28 08:49:27.629 9 INFO neutron.db.ovn_revision_numbers_db [None req-875abf09-51bd-4ae1-8cf4-7e61b193af19 f0089e128f5f40419a14c2805ff4bb21 12e99eb4015841e38974a76bf5f05907 - - default default] Successfully bumped revision number for resource 9507a823-2a9d-4f1a-b3ad-106a75586f63 (type: networks) to 1
2026-04-28 08:49:27.746 10 INFO neutron.api.wsgi [req-288bce2b-d638-4ebd-85b5-95ea3b0ad78e req-61605d87-5032-4230-9d4a-48cd0fae9439 06d3d657852e45398f2adf930de3f0e7 73f3455434514dab860e886c6e1d572a - - default default] 10.0.0.203 "GET /v2.0/ports?device_id=c2cdd1b1-6037-452a-8283-f9455db7425b HTTP/1.1" status: 200 len: 1168 time: 0.0439522
2026-04-28 08:49:27.788 10 INFO neutron.api.wsgi [req-288bce2b-d638-4ebd-85b5-95ea3b0ad78e req-54adc042-71fd-4660-84aa-4c3587c6a94f 06d3d657852e45398f2adf930de3f0e7 73f3455434514dab860e886c6e1d572a - - default default] 10.0.0.203 "GET /v2.0/security-groups?id=a0a0fc53-9f85-4acd-be0c-a17210778e27&fields=id&fields=name HTTP/1.1" status: 200 len: 313 time: 0.0378332
2026-04-28 08:49:27.810 9 WARNING neutron.scheduler.dhcp_agent_scheduler [None req-875abf09-51bd-4ae1-8cf4-7e61b193af19 f0089e128f5f40419a14c2805ff4bb21 12e99eb4015841e38974a76bf5f05907 - - default default] No more DHCP agents
2026-04-28 08:49:27.812 9 WARNING neutron.api.rpc.agentnotifiers.dhcp_rpc_agent_api [None req-875abf09-51bd-4ae1-8cf4-7e61b193af19 f0089e128f5f40419a14c2805ff4bb21 12e99eb4015841e38974a76bf5f05907 - - default default] Unable to schedule network 9507a823-2a9d-4f1a-b3ad-106a75586f63: no agents available; will retry on subsequent port and subnet creation events.
2026-04-28 08:49:27.912 9 INFO neutron.db.ovn_revision_numbers_db [None req-875abf09-51bd-4ae1-8cf4-7e61b193af19 f0089e128f5f40419a14c2805ff4bb21 12e99eb4015841e38974a76bf5f05907 - - default default] Successfully bumped revision number for resource 69e292cc-f86f-40a1-8699-3e0b6d70591b (type: ports) to 1
2026-04-28 08:49:27.938 9 INFO neutron.api.wsgi [None req-875abf09-51bd-4ae1-8cf4-7e61b193af19 f0089e128f5f40419a14c2805ff4bb21 12e99eb4015841e38974a76bf5f05907 - - default default] 10.0.0.149 "POST /v2.0/networks HTTP/1.1" status: 201 len: 852 time: 0.6786313
2026-04-28 08:49:27.951 10 WARNING neutron_lib.context [None req-ca6d6804-5e13-46c1-a86c-a4c6b940b98b f0089e128f5f40419a14c2805ff4bb21 12e99eb4015841e38974a76bf5f05907 - - default default] Method 'is_advsvc' is deprecated since 2023.2 release (neutron-lib 3.8.0) and will be removed once support for the old RBAC API policies will be removed from Neutron. Please use method 'is_service_role' instead.
2026-04-28 08:49:27.980 10 WARNING neutron_lib.context [None req-ca6d6804-5e13-46c1-a86c-a4c6b940b98b f0089e128f5f40419a14c2805ff4bb21 12e99eb4015841e38974a76bf5f05907 - - default default] Method 'is_advsvc' is deprecated since 2023.2 release (neutron-lib 3.8.0) and will be removed once support for the old RBAC API policies will be removed from Neutron. Please use method 'is_service_role' instead.
2026-04-28 08:49:28.177 10 WARNING neutron.plugins.ml2.drivers.ovn.mech_driver.ovsdb.ovn_client [None req-f65c4520-df9e-46e1-a95c-461a49780555 - - - - - -] No hosting information found for port 65cebbe3-c3df-4682-b5ca-be2a4c2a6014: RuntimeError: No hosting information found for port 65cebbe3-c3df-4682-b5ca-be2a4c2a6014
2026-04-28 08:49:28.177 10 INFO neutron.plugins.ml2.drivers.ovn.mech_driver.mech_driver [None req-f65c4520-df9e-46e1-a95c-461a49780555 - - - - - -] OVN reports status up for port: e801dae6-6558-42c5-b46b-cf37bc79110a
2026-04-28 08:49:28.192 10 INFO neutron.plugins.ml2.plugin [None req-f65c4520-df9e-46e1-a95c-461a49780555 - - - - - -] Attempt 1 to provision port e801dae6-6558-42c5-b46b-cf37bc79110a
2026-04-28 08:49:28.340 10 INFO neutron.notifiers.nova [-] Nova event matching ['req-b2ba8e80-69b8-4155-a4a5-50743e463862'] response: {'server_uuid': 'c2cdd1b1-6037-452a-8283-f9455db7425b', 'name': 'network-vif-plugged', 'status': 'completed', 'tag': 'e801dae6-6558-42c5-b46b-cf37bc79110a', 'code': 200}
2026-04-28 08:49:28.365 9 INFO neutron.api.wsgi [req-f0885450-fcc3-4e76-b721-847076c78ffe req-2f8b4f6b-1c11-40fa-a0c2-e35703e53833 727d213ed5704abf8910f87f5606431b 01c344fb00af4c19a7c82f2a635c7ce7 - - default default] 10.0.0.203 "GET /v2.0/ports?device_id=c3d3b3c4-ba20-42bf-85cd-e37ead711248 HTTP/1.1" status: 200 len: 210 time: 0.0454135
2026-04-28 08:49:28.479 10 WARNING neutron.scheduler.dhcp_agent_scheduler [None req-ca6d6804-5e13-46c1-a86c-a4c6b940b98b f0089e128f5f40419a14c2805ff4bb21 12e99eb4015841e38974a76bf5f05907 - - default default] No more DHCP agents
2026-04-28 08:49:28.482 10 WARNING neutron.api.rpc.agentnotifiers.dhcp_rpc_agent_api [None req-ca6d6804-5e13-46c1-a86c-a4c6b940b98b f0089e128f5f40419a14c2805ff4bb21 12e99eb4015841e38974a76bf5f05907 - - default default] Unable to schedule network cc31f6d4-6640-4a9c-8ecf-b205c7c2707d: no agents available; will retry on subsequent port and subnet creation events.
2026-04-28 08:49:28.544 10 INFO neutron.db.ovn_revision_numbers_db [None req-f65c4520-df9e-46e1-a95c-461a49780555 - - - - - -] Successfully bumped revision number for resource e801dae6-6558-42c5-b46b-cf37bc79110a (type: ports) to 5
2026-04-28 08:49:28.568 10 INFO neutron.db.ovn_revision_numbers_db [None req-ca6d6804-5e13-46c1-a86c-a4c6b940b98b f0089e128f5f40419a14c2805ff4bb21 12e99eb4015841e38974a76bf5f05907 - - default default] Successfully bumped revision number for resource da7283f8-8c89-4455-8a01-796a3871836a (type: ports) to 1
2026-04-28 08:49:28.615 10 WARNING neutron.scheduler.dhcp_agent_scheduler [None req-ca6d6804-5e13-46c1-a86c-a4c6b940b98b f0089e128f5f40419a14c2805ff4bb21 12e99eb4015841e38974a76bf5f05907 - - default default] No more DHCP agents
2026-04-28 08:49:28.622 10 WARNING neutron.api.rpc.agentnotifiers.dhcp_rpc_agent_api [None req-ca6d6804-5e13-46c1-a86c-a4c6b940b98b f0089e128f5f40419a14c2805ff4bb21 12e99eb4015841e38974a76bf5f05907 - - default default] Unable to schedule network 9507a823-2a9d-4f1a-b3ad-106a75586f63: no agents available; will retry on subsequent port and subnet creation events.
2026-04-28 08:49:28.700 10 INFO neutron.db.ovn_revision_numbers_db [None req-ca6d6804-5e13-46c1-a86c-a4c6b940b98b f0089e128f5f40419a14c2805ff4bb21 12e99eb4015841e38974a76bf5f05907 - - default default] Successfully bumped revision number for resource 5af290c8-dcb0-43d0-b17f-1cc0fc3e448f (type: ports) to 1
2026-04-28 08:49:28.702 10 INFO neutron.db.ovn_revision_numbers_db [None req-67fea796-e207-47cb-8aed-eed0ea3b3cfd - - - - - -] Successfully bumped revision number for resource 65cebbe3-c3df-4682-b5ca-be2a4c2a6014 (type: router_ports) to 2
2026-04-28 08:49:28.722 10 INFO neutron.services.segments.plugin [-] Segment 89613e7a-370e-4c7c-8571-efe1f2d313c4 resource provider aggregate not found
2026-04-28 08:49:28.725 10 INFO neutron.services.segments.plugin [-] Segment 89613e7a-370e-4c7c-8571-efe1f2d313c4 resource provider aggregate not found
2026-04-28 08:49:28.736 10 INFO neutron.services.segments.plugin [-] Segment 89613e7a-370e-4c7c-8571-efe1f2d313c4 resource provider not found; error: Placement Client Error (4xx): {"errors": [{"status": 404, "title": "Not Found", "detail": "The resource could not be found.\n\n No resource provider with uuid 89613e7a-370e-4c7c-8571-efe1f2d313c4 found for delete ", "request_id": "req-f9c41871-0373-437c-aa66-61acbae04ef5"}]}
2026-04-28 08:49:28.739 10 INFO neutron.services.segments.plugin [-] Segment 89613e7a-370e-4c7c-8571-efe1f2d313c4 resource provider not found; error: Placement Client Error (4xx): {"errors": [{"status": 404, "title": "Not Found", "detail": "The resource could not be found.\n\n No resource provider with uuid 89613e7a-370e-4c7c-8571-efe1f2d313c4 found for delete ", "request_id": "req-3e554fea-d9f2-4d3d-9152-8fd43ebacb33"}]}
2026-04-28 08:49:28.742 10 INFO neutron.api.wsgi [None req-ca6d6804-5e13-46c1-a86c-a4c6b940b98b f0089e128f5f40419a14c2805ff4bb21 12e99eb4015841e38974a76bf5f05907 - - default default] 10.0.0.149 "POST /v2.0/ports HTTP/1.1" status: 201 len: 1705 time: 0.7978485 /var/lib/openstack/lib/python3.12/site-packages/pycadf/identifier.py:71: UserWarning: Invalid uuid: neutron. To ensure interoperability, identifiers should be a valid uuid. warnings.warn(('Invalid uuid: %s. To ensure interoperability, '
2026-04-28 08:49:28.890 10 INFO neutron.api.wsgi [None req-8545a00e-2d90-47a3-af57-ad58ab6f4f2f f0089e128f5f40419a14c2805ff4bb21 12e99eb4015841e38974a76bf5f05907 - - default default] 10.0.0.149 "GET /v2.0/ports HTTP/1.1" status: 200 len: 3212 time: 0.1376131
2026-04-28 08:49:28.946 9 INFO neutron.api.wsgi [-] 10.0.0.81 "GET / HTTP/1.1" status: 200 len: 246 time: 0.0030570
2026-04-28 08:49:28.950 9 INFO neutron.api.wsgi [-] 10.0.0.81 "GET / HTTP/1.1" status: 200 len: 246 time: 0.0031013
2026-04-28 08:49:29.007 10 INFO neutron.api.wsgi [req-146f1772-c5ef-49f6-9b6f-0fc159357e1e req-75dd347a-1358-4f8b-a836-c9116a60721b 06d3d657852e45398f2adf930de3f0e7 73f3455434514dab860e886c6e1d572a - - default default] 10.0.0.203 "GET /v2.0/ports?device_id=c2cdd1b1-6037-452a-8283-f9455db7425b HTTP/1.1" status: 200 len: 1170 time: 0.1548374
2026-04-28 08:49:29.053 10 INFO neutron.api.wsgi [req-146f1772-c5ef-49f6-9b6f-0fc159357e1e req-1d66dba0-8d89-48bf-a698-c75ae8ca536b 06d3d657852e45398f2adf930de3f0e7 73f3455434514dab860e886c6e1d572a - - default default] 10.0.0.203 "GET /v2.0/security-groups?id=a0a0fc53-9f85-4acd-be0c-a17210778e27&fields=id&fields=name HTTP/1.1" status: 200 len: 313 time: 0.0381076
2026-04-28 08:49:29.216 10 INFO neutron.api.wsgi [None req-dcf34b6f-43fe-4ee7-bf72-14bc773f0fae f0089e128f5f40419a14c2805ff4bb21 12e99eb4015841e38974a76bf5f05907 - - default default] 10.0.0.149 "DELETE /v2.0/ports/da7283f8-8c89-4455-8a01-796a3871836a HTTP/1.1" status: 204 len: 168 time: 0.3201160
2026-04-28 08:49:29.406 10 INFO neutron.api.wsgi [req-d9231de9-0249-42cd-bc3d-7c568810e187 req-a6ca49fc-a511-405b-81f4-effccc142674 727d213ed5704abf8910f87f5606431b 01c344fb00af4c19a7c82f2a635c7ce7 - - default default] 199.204.45.129 "GET /v2.0/networks?id=d9900dc2-d711-4c90-a20f-c2e202cc4a01 HTTP/1.1" status: 200 len: 868 time: 0.0594759
2026-04-28 08:49:29.449 9 INFO neutron.api.wsgi [req-a60bfcd1-d1a8-407b-a404-de5d84ba9f60 req-40023b3c-24e9-40de-8392-7dd1c894b32f 727d213ed5704abf8910f87f5606431b 01c344fb00af4c19a7c82f2a635c7ce7 - - default default] 10.0.0.203 "GET /v2.0/ports?device_id=c3d3b3c4-ba20-42bf-85cd-e37ead711248 HTTP/1.1" status: 200 len: 210 time: 0.0221777
2026-04-28 08:49:29.451 10 INFO neutron.api.wsgi [req-d9231de9-0249-42cd-bc3d-7c568810e187 req-d3dc9566-e687-4c39-bbc0-ab0762b11419 727d213ed5704abf8910f87f5606431b 01c344fb00af4c19a7c82f2a635c7ce7 - - default default] 199.204.45.129 "GET /v2.0/security-groups?fields=id&fields=name&tenant_id=01c344fb00af4c19a7c82f2a635c7ce7 HTTP/1.1" status: 200 len: 380 time: 0.0350544
2026-04-28 08:49:29.461 10 WARNING neutron_lib.context [req-d9231de9-0249-42cd-bc3d-7c568810e187 req-2d59a479-f720-45f2-92dc-2a120fbeca2b 727d213ed5704abf8910f87f5606431b 01c344fb00af4c19a7c82f2a635c7ce7 - - default default] Method 'is_advsvc' is deprecated since 2023.2 release (neutron-lib 3.8.0) and will be removed once support for the old RBAC API policies will be removed from Neutron. Please use method 'is_service_role' instead.
2026-04-28 08:49:29.502 10 INFO neutron.api.wsgi [None req-6541be56-7976-4ea0-a194-bd43e753d809 f0089e128f5f40419a14c2805ff4bb21 12e99eb4015841e38974a76bf5f05907 - - default default] 10.0.0.149 "DELETE /v2.0/ports/5af290c8-dcb0-43d0-b17f-1cc0fc3e448f HTTP/1.1" status: 204 len: 168 time: 0.2811482
2026-04-28 08:49:29.631 9 INFO neutron.db.ovn_revision_numbers_db [None req-0bc9b3db-d66d-4770-b2b7-65593c13e127 a2b2aee04d4e4d6a9c7048fdd2f2e66d 5906e0af14af44b78d262d35bdab8cf5 - - default default] Successfully bumped revision number for resource 2e0fe568-906b-439e-98fa-43b2c32e2d70 (type: security_groups) to 1
2026-04-28 08:49:29.636 9 INFO neutron.api.wsgi [None req-2456f6bd-b23a-4d17-90d7-3e9cc80461d5 f0089e128f5f40419a14c2805ff4bb21 12e99eb4015841e38974a76bf5f05907 - - default default] 10.0.0.149 "GET /v2.0/ports HTTP/1.1" status: 200 len: 1718 time: 0.1251650
2026-04-28 08:49:29.652 9 WARNING neutron_lib.context [None req-cfd0ba47-47f2-4835-9910-8a701ca3b34e f0089e128f5f40419a14c2805ff4bb21 12e99eb4015841e38974a76bf5f05907 - - default default] Method 'is_advsvc' is deprecated since 2023.2 release (neutron-lib 3.8.0) and will be removed once support for the old RBAC API policies will be removed from Neutron. Please use method 'is_service_role' instead.
2026-04-28 08:49:29.665 9 INFO neutron.db.ovn_revision_numbers_db [None req-0bc9b3db-d66d-4770-b2b7-65593c13e127 a2b2aee04d4e4d6a9c7048fdd2f2e66d 5906e0af14af44b78d262d35bdab8cf5 - - default default] Successfully bumped revision number for resource 50f448a7-5733-4c4a-920f-a5903d2c3f4d (type: security_group_rules) to 0
2026-04-28 08:49:29.689 9 INFO neutron.db.ovn_revision_numbers_db [None req-0bc9b3db-d66d-4770-b2b7-65593c13e127 a2b2aee04d4e4d6a9c7048fdd2f2e66d 5906e0af14af44b78d262d35bdab8cf5 - - default default] Successfully bumped revision number for resource 8dd22a46-da84-4105-b38b-7d449c2868bc (type: security_group_rules) to 0
2026-04-28 08:49:29.726 9 INFO neutron.db.ovn_revision_numbers_db [None req-0bc9b3db-d66d-4770-b2b7-65593c13e127 a2b2aee04d4e4d6a9c7048fdd2f2e66d 5906e0af14af44b78d262d35bdab8cf5 - - default default] Successfully bumped revision number for resource d6dac08c-e6a9-47ce-828f-6535f863cd55 (type: security_group_rules) to 0
2026-04-28 08:49:29.747 9 INFO neutron.db.segments_db [None req-cfd0ba47-47f2-4835-9910-8a701ca3b34e f0089e128f5f40419a14c2805ff4bb21 12e99eb4015841e38974a76bf5f05907 - - default default] Added segment 30d361a9-c2f0-4c4f-982b-da41326eed50 of type geneve for network c9adb7f3-f527-41f6-b199-1ad3c994700f
2026-04-28 08:49:29.760 9 INFO neutron.db.ovn_revision_numbers_db [None req-0bc9b3db-d66d-4770-b2b7-65593c13e127 a2b2aee04d4e4d6a9c7048fdd2f2e66d 5906e0af14af44b78d262d35bdab8cf5 - - default default] Successfully bumped revision number for resource feadd80a-c0d5-46e1-864b-12d15014a860 (type: security_group_rules) to 0
2026-04-28 08:49:29.781 10 WARNING neutron.scheduler.dhcp_agent_scheduler [req-d9231de9-0249-42cd-bc3d-7c568810e187 req-2d59a479-f720-45f2-92dc-2a120fbeca2b 727d213ed5704abf8910f87f5606431b 01c344fb00af4c19a7c82f2a635c7ce7 - - default default] No more DHCP agents
2026-04-28 08:49:29.782 10 WARNING neutron.api.rpc.agentnotifiers.dhcp_rpc_agent_api [req-d9231de9-0249-42cd-bc3d-7c568810e187 req-2d59a479-f720-45f2-92dc-2a120fbeca2b 727d213ed5704abf8910f87f5606431b 01c344fb00af4c19a7c82f2a635c7ce7 - - default default] Unable to schedule network d9900dc2-d711-4c90-a20f-c2e202cc4a01: no agents available; will retry on subsequent port and subnet creation events.
2026-04-28 08:49:29.823 9 INFO neutron.api.wsgi [None req-0bc9b3db-d66d-4770-b2b7-65593c13e127 a2b2aee04d4e4d6a9c7048fdd2f2e66d 5906e0af14af44b78d262d35bdab8cf5 - - default default] 10.0.0.149 "GET /v2.0/security-groups?tenant_id=8f5773991a8947c888bebabb4625a6fb&name=default HTTP/1.1" status: 200 len: 3120 time: 0.6742437 /var/lib/openstack/lib/python3.12/site-packages/pycadf/identifier.py:71: UserWarning: Invalid uuid: neutron. To ensure interoperability, identifiers should be a valid uuid. warnings.warn(('Invalid uuid: %s. To ensure interoperability, '
2026-04-28 08:49:29.913 9 INFO neutron.db.ovn_revision_numbers_db [None req-cfd0ba47-47f2-4835-9910-8a701ca3b34e f0089e128f5f40419a14c2805ff4bb21 12e99eb4015841e38974a76bf5f05907 - - default default] Successfully bumped revision number for resource c9adb7f3-f527-41f6-b199-1ad3c994700f (type: networks) to 1
2026-04-28 08:49:29.975 10 INFO neutron.db.ovn_revision_numbers_db [req-d9231de9-0249-42cd-bc3d-7c568810e187 req-2d59a479-f720-45f2-92dc-2a120fbeca2b 727d213ed5704abf8910f87f5606431b 01c344fb00af4c19a7c82f2a635c7ce7 - - default default] Successfully bumped revision number for resource d8a5c0d7-cf55-4b3f-8d00-190f44ddaba4 (type: ports) to 1
2026-04-28 08:49:30.018 10 INFO neutron.api.wsgi [req-d9231de9-0249-42cd-bc3d-7c568810e187 req-2d59a479-f720-45f2-92dc-2a120fbeca2b 727d213ed5704abf8910f87f5606431b 01c344fb00af4c19a7c82f2a635c7ce7 - - default default] 199.204.45.129 "POST /v2.0/ports HTTP/1.1" status: 201 len: 1158 time: 0.5616653
2026-04-28 08:49:30.121 9 WARNING neutron.scheduler.dhcp_agent_scheduler [None req-cfd0ba47-47f2-4835-9910-8a701ca3b34e f0089e128f5f40419a14c2805ff4bb21 12e99eb4015841e38974a76bf5f05907 - - default default] No more DHCP agents
2026-04-28 08:49:30.122 10 INFO neutron.api.wsgi [None req-e316e6e5-052a-4743-9aad-29beed49bd4c a2b2aee04d4e4d6a9c7048fdd2f2e66d 5906e0af14af44b78d262d35bdab8cf5 - - default default] 10.0.0.149 "DELETE /v2.0/security-groups/2e0fe568-906b-439e-98fa-43b2c32e2d70 HTTP/1.1" status: 204 len: 168 time: 0.2924328
2026-04-28 08:49:30.123 9 WARNING neutron.api.rpc.agentnotifiers.dhcp_rpc_agent_api [None req-cfd0ba47-47f2-4835-9910-8a701ca3b34e f0089e128f5f40419a14c2805ff4bb21 12e99eb4015841e38974a76bf5f05907 - - default default] Unable to schedule network c9adb7f3-f527-41f6-b199-1ad3c994700f: no agents available; will retry on subsequent port and subnet creation events.
2026-04-28 08:49:30.170 10 INFO neutron.api.wsgi [req-0992d47b-7b9a-403d-80f2-12bed4595a2e req-d1a169f0-7024-4202-b4e6-25ca39cbf77e 06d3d657852e45398f2adf930de3f0e7 73f3455434514dab860e886c6e1d572a - - default default] 10.0.0.203 "GET /v2.0/ports?device_id=c2cdd1b1-6037-452a-8283-f9455db7425b HTTP/1.1" status: 200 len: 1170 time: 0.0422564
2026-04-28 08:49:30.194 9 INFO neutron.db.ovn_revision_numbers_db [None req-cfd0ba47-47f2-4835-9910-8a701ca3b34e f0089e128f5f40419a14c2805ff4bb21 12e99eb4015841e38974a76bf5f05907 - - default default] Successfully bumped revision number for resource 0dbfe0a2-6fdd-4551-9a2d-eb561f5e96ea (type: ports) to 1
2026-04-28 08:49:30.221 10 INFO neutron.api.wsgi [req-0992d47b-7b9a-403d-80f2-12bed4595a2e req-a499fd04-9cfe-4b3f-bb27-ff3411b2629f 06d3d657852e45398f2adf930de3f0e7 73f3455434514dab860e886c6e1d572a - - default default] 10.0.0.203 "GET /v2.0/security-groups?id=a0a0fc53-9f85-4acd-be0c-a17210778e27&fields=id&fields=name HTTP/1.1" status: 200 len: 313 time: 0.0443428
2026-04-28 08:49:30.230 9 INFO neutron.api.wsgi [None req-cfd0ba47-47f2-4835-9910-8a701ca3b34e f0089e128f5f40419a14c2805ff4bb21 12e99eb4015841e38974a76bf5f05907 - - default default] 10.0.0.149 "POST /v2.0/networks HTTP/1.1" status: 201 len: 853 time: 0.5825164
2026-04-28 08:49:30.241 9 WARNING neutron_lib.context [None req-da44818e-af27-4083-a137-4352864c500b f0089e128f5f40419a14c2805ff4bb21 12e99eb4015841e38974a76bf5f05907 - - default default] Method 'is_advsvc' is deprecated since 2023.2 release (neutron-lib 3.8.0) and will be removed once support for the old RBAC API policies will be removed from Neutron. Please use method 'is_service_role' instead.
2026-04-28 08:49:30.363 9 INFO neutron.db.segments_db [None req-da44818e-af27-4083-a137-4352864c500b f0089e128f5f40419a14c2805ff4bb21 12e99eb4015841e38974a76bf5f05907 - - default default] Added segment 7c8c6467-1380-49a5-8af5-c2ed8c8523c8 of type geneve for network 8e1ac4a4-d44e-4e9a-a513-5e56ea108158
2026-04-28 08:49:30.364 10 INFO neutron.db.ovn_revision_numbers_db [None req-d6b4fd64-b7c8-43e5-84bd-3f9b2a66fb91 a2b2aee04d4e4d6a9c7048fdd2f2e66d 5906e0af14af44b78d262d35bdab8cf5 - - default default] Successfully bumped revision number for resource e17e09f4-0f39-4726-8645-9855f9db4a1d (type: security_groups) to 1
2026-04-28 08:49:30.388 10 INFO neutron.notifiers.nova [-] Nova event matching ['req-45b19105-923b-413a-ac66-7eda5e35988a'] response: {'server_uuid': 'c2cdd1b1-6037-452a-8283-f9455db7425b', 'name': 'network-vif-plugged', 'status': 'completed', 'tag': 'e801dae6-6558-42c5-b46b-cf37bc79110a', 'code': 200}
2026-04-28 08:49:30.397 10 INFO neutron.db.ovn_revision_numbers_db [None req-d6b4fd64-b7c8-43e5-84bd-3f9b2a66fb91 a2b2aee04d4e4d6a9c7048fdd2f2e66d 5906e0af14af44b78d262d35bdab8cf5 - - default default] Successfully bumped revision number for resource 40e78546-3f19-4337-9657-9ddc4f93efa2 (type: security_group_rules) to 0
2026-04-28 08:49:30.419 9 INFO neutron.api.wsgi [req-b8447186-381b-4450-9be2-b5318da43f02 req-9094e04b-2173-4b07-a75f-d67cdcaddab8 06d3d657852e45398f2adf930de3f0e7 73f3455434514dab860e886c6e1d572a - - default default] 10.0.0.203 "GET /v2.0/ports?device_id=c2cdd1b1-6037-452a-8283-f9455db7425b HTTP/1.1" status: 200 len: 1170 time: 0.1241109
2026-04-28 08:49:30.431 10 INFO neutron.db.ovn_revision_numbers_db [None req-d6b4fd64-b7c8-43e5-84bd-3f9b2a66fb91 a2b2aee04d4e4d6a9c7048fdd2f2e66d 5906e0af14af44b78d262d35bdab8cf5 - - default default] Successfully bumped revision number for resource a3713818-5bdf-4f9c-84b3-6a703a3ca8da (type: security_group_rules) to 0
2026-04-28 08:49:30.437 10 INFO neutron.db.ovn_revision_numbers_db [req-d9231de9-0249-42cd-bc3d-7c568810e187 req-eabe1efc-5ffe-4f94-a1c9-e16691b9d81b 30587a6765614ce99c992f7605ee95af 0385b1eafcf1436ab1be06d0d76c6864 - - 1a9a9c801f84437c975186752f7bc6ba 1a9a9c801f84437c975186752f7bc6ba] Successfully bumped revision number for resource d8a5c0d7-cf55-4b3f-8d00-190f44ddaba4 (type: ports) to 2
2026-04-28 08:49:30.450 10 INFO neutron.db.ovn_revision_numbers_db [None req-d6b4fd64-b7c8-43e5-84bd-3f9b2a66fb91 a2b2aee04d4e4d6a9c7048fdd2f2e66d 5906e0af14af44b78d262d35bdab8cf5 - - default default] Successfully bumped revision number for resource b9251d3d-cbf6-4c02-9826-c43484aa83b9 (type: security_group_rules) to 0
2026-04-28 08:49:30.475 10 INFO neutron.db.ovn_revision_numbers_db [None req-d6b4fd64-b7c8-43e5-84bd-3f9b2a66fb91 a2b2aee04d4e4d6a9c7048fdd2f2e66d 5906e0af14af44b78d262d35bdab8cf5 - - default default] Successfully bumped revision number for resource d72f71b3-9352-4b98-8209-59ce1a46d866 (type: security_group_rules) to 0
2026-04-28 08:49:30.514 10 INFO neutron.api.wsgi [None req-d6b4fd64-b7c8-43e5-84bd-3f9b2a66fb91 a2b2aee04d4e4d6a9c7048fdd2f2e66d 5906e0af14af44b78d262d35bdab8cf5 - - default default] 10.0.0.149 "GET /v2.0/security-groups?tenant_id=b5f52ddabb734632b24a95e90dab4f26&name=default HTTP/1.1" status: 200 len: 3120 time: 0.2858238 /var/lib/openstack/lib/python3.12/site-packages/pycadf/identifier.py:71: UserWarning: Invalid uuid: neutron. To ensure interoperability, identifiers should be a valid uuid. warnings.warn(('Invalid uuid: %s. To ensure interoperability, '
2026-04-28 08:49:30.593 9 INFO neutron.db.ovn_revision_numbers_db [None req-da44818e-af27-4083-a137-4352864c500b f0089e128f5f40419a14c2805ff4bb21 12e99eb4015841e38974a76bf5f05907 - - default default] Successfully bumped revision number for resource 8e1ac4a4-d44e-4e9a-a513-5e56ea108158 (type: networks) to 1
2026-04-28 08:49:30.797 10 INFO neutron.api.wsgi [req-89ba9f84-9fcf-48a5-928c-8ad364aa06e4 req-1df018a0-e6e0-4a26-81d3-f5a673ced0ea 727d213ed5704abf8910f87f5606431b 01c344fb00af4c19a7c82f2a635c7ce7 - - default default] 10.0.0.203 "GET /v2.0/ports?device_id=c3d3b3c4-ba20-42bf-85cd-e37ead711248 HTTP/1.1" status: 200 len: 1168 time: 0.2669511 /var/lib/openstack/lib/python3.12/site-packages/pycadf/identifier.py:71: UserWarning: Invalid uuid: neutron. To ensure interoperability, identifiers should be a valid uuid. warnings.warn(('Invalid uuid: %s. To ensure interoperability, '
2026-04-28 08:49:30.861 10 INFO neutron.api.wsgi [req-89ba9f84-9fcf-48a5-928c-8ad364aa06e4 req-6ed338c5-f121-414f-9a15-79dd865207a1 727d213ed5704abf8910f87f5606431b 01c344fb00af4c19a7c82f2a635c7ce7 - - default default] 10.0.0.203 "GET /v2.0/security-groups?id=8efbc8a0-821d-4f98-8be4-32155c272c21&fields=id&fields=name HTTP/1.1" status: 200 len: 313 time: 0.0553064
2026-04-28 08:49:30.912 10 INFO neutron.db.ovn_revision_numbers_db [req-d9231de9-0249-42cd-bc3d-7c568810e187 req-eabe1efc-5ffe-4f94-a1c9-e16691b9d81b 30587a6765614ce99c992f7605ee95af 0385b1eafcf1436ab1be06d0d76c6864 - - 1a9a9c801f84437c975186752f7bc6ba 1a9a9c801f84437c975186752f7bc6ba] Successfully bumped revision number for resource d8a5c0d7-cf55-4b3f-8d00-190f44ddaba4 (type: ports) to 4
2026-04-28 08:49:30.927 9 WARNING neutron.scheduler.dhcp_agent_scheduler [None req-da44818e-af27-4083-a137-4352864c500b f0089e128f5f40419a14c2805ff4bb21 12e99eb4015841e38974a76bf5f05907 - - default default] No more DHCP agents
2026-04-28 08:49:30.928 9 WARNING neutron.api.rpc.agentnotifiers.dhcp_rpc_agent_api [None req-da44818e-af27-4083-a137-4352864c500b f0089e128f5f40419a14c2805ff4bb21 12e99eb4015841e38974a76bf5f05907 - - default default] Unable to schedule network 8e1ac4a4-d44e-4e9a-a513-5e56ea108158: no agents available; will retry on subsequent port and subnet creation events.
2026-04-28 08:49:30.932 10 INFO neutron.api.wsgi [req-d9231de9-0249-42cd-bc3d-7c568810e187 req-eabe1efc-5ffe-4f94-a1c9-e16691b9d81b 30587a6765614ce99c992f7605ee95af 0385b1eafcf1436ab1be06d0d76c6864 - - 1a9a9c801f84437c975186752f7bc6ba 1a9a9c801f84437c975186752f7bc6ba] 199.204.45.129 "PUT /v2.0/ports/d8a5c0d7-cf55-4b3f-8d00-190f44ddaba4 HTTP/1.1" status: 200 len: 1404 time: 0.9099667
2026-04-28 08:49:31.003 10 INFO neutron.api.wsgi [None req-e5c46da9-ee5a-48d4-ba03-2a047a2e8aaa a2b2aee04d4e4d6a9c7048fdd2f2e66d 5906e0af14af44b78d262d35bdab8cf5 - - default default] 10.0.0.149 "DELETE /v2.0/security-groups/e17e09f4-0f39-4726-8645-9855f9db4a1d HTTP/1.1" status: 204 len: 168 time: 0.4816921
2026-04-28 08:49:31.291 9 INFO neutron.db.ovn_revision_numbers_db [None req-da44818e-af27-4083-a137-4352864c500b f0089e128f5f40419a14c2805ff4bb21 12e99eb4015841e38974a76bf5f05907 - - default default] Successfully bumped revision number for resource f2323b78-6026-48bc-ba34-05aa298a8bce (type: ports) to 1
2026-04-28 08:49:31.338 9 INFO neutron.api.wsgi [None req-da44818e-af27-4083-a137-4352864c500b f0089e128f5f40419a14c2805ff4bb21 12e99eb4015841e38974a76bf5f05907 - - default default] 10.0.0.149 "POST /v2.0/networks HTTP/1.1" status: 201 len: 853 time: 1.1018474
2026-04-28 08:49:31.475 9 INFO neutron.db.ovn_revision_numbers_db [None req-4b75a7ab-495d-4d1c-976a-bbe028dcd0a1 06d3d657852e45398f2adf930de3f0e7 73f3455434514dab860e886c6e1d572a - - default default] Successfully bumped revision number for resource c71bf1c1-84f1-4f02-be2c-2b3d29d0d2ca (type: floatingips) to 1
2026-04-28 08:49:31.614 9 INFO neutron.db.ovn_revision_numbers_db [None req-4b75a7ab-495d-4d1c-976a-bbe028dcd0a1 06d3d657852e45398f2adf930de3f0e7 73f3455434514dab860e886c6e1d572a - - default default] Successfully bumped revision number for resource c71bf1c1-84f1-4f02-be2c-2b3d29d0d2ca (type: floatingips) to 2
2026-04-28 08:49:31.615 9 INFO neutron.db.l3_db [None req-4b75a7ab-495d-4d1c-976a-bbe028dcd0a1 06d3d657852e45398f2adf930de3f0e7 73f3455434514dab860e886c6e1d572a - - default default] Floating IP c71bf1c1-84f1-4f02-be2c-2b3d29d0d2ca associated. External IP: 10.96.250.202, port: e801dae6-6558-42c5-b46b-cf37bc79110a.
2026-04-28 08:49:31.640 9 INFO neutron.api.wsgi [None req-4b75a7ab-495d-4d1c-976a-bbe028dcd0a1 06d3d657852e45398f2adf930de3f0e7 73f3455434514dab860e886c6e1d572a - - default default] 10.0.0.149 "PUT /v2.0/floatingips/c71bf1c1-84f1-4f02-be2c-2b3d29d0d2ca HTTP/1.1" status: 200 len: 1049 time: 1.2072082
2026-04-28 08:49:31.736 9 INFO neutron.api.wsgi [req-e313e332-bc31-4ca5-bcb8-040281c4388b req-43b65cb1-7324-4792-a110-6752f5fee983 06d3d657852e45398f2adf930de3f0e7 73f3455434514dab860e886c6e1d572a - - default default] 10.0.0.203 "GET /v2.0/ports?device_id=c2cdd1b1-6037-452a-8283-f9455db7425b HTTP/1.1" status: 200 len: 1170 time: 0.0345702
2026-04-28 08:49:31.776 9 INFO neutron.api.wsgi [req-e313e332-bc31-4ca5-bcb8-040281c4388b req-e5a6be85-9d10-455a-9f5e-a59e6e982a45 06d3d657852e45398f2adf930de3f0e7 73f3455434514dab860e886c6e1d572a - - default default] 10.0.0.203 "GET /v2.0/security-groups?id=a0a0fc53-9f85-4acd-be0c-a17210778e27&fields=id&fields=name HTTP/1.1" status: 200 len: 313 time: 0.0347679
