2026-04-28 08:51:07.168 9 INFO neutron.db.ovn_revision_numbers_db [None req-6c393b49-a7c5-4f70-948c-df6238eff54f e4a492c50f0d4c32bda508f8ea09b79d 356013968f644355ad1f7a455edae8d2 - - default default] Successfully bumped revision number for resource 57250509-db9a-429c-84b6-70c37174a601 (type: ports) to 1
2026-04-28 08:51:07.193 9 INFO neutron.api.wsgi [None req-6c393b49-a7c5-4f70-948c-df6238eff54f e4a492c50f0d4c32bda508f8ea09b79d 356013968f644355ad1f7a455edae8d2 - - default default] 10.0.0.149 "POST /v2.0/networks HTTP/1.1" status: 201 len: 831 time: 0.5062022
2026-04-28 08:51:07.204 9 WARNING neutron_lib.context [None req-c55f9ae5-067d-4c27-bbe0-d595467479d6 e4a492c50f0d4c32bda508f8ea09b79d 356013968f644355ad1f7a455edae8d2 - - default default] Method 'is_advsvc' is deprecated since 2023.2 release (neutron-lib 3.8.0) and will be removed once support for the old RBAC API policies will be removed from Neutron. Please use method 'is_service_role' instead.
2026-04-28 08:51:07.309 9 INFO neutron.db.segments_db [None req-c55f9ae5-067d-4c27-bbe0-d595467479d6 e4a492c50f0d4c32bda508f8ea09b79d 356013968f644355ad1f7a455edae8d2 - - default default] Added segment 453d233a-9328-45d4-ada4-d9ee68a8fdcc of type geneve for network 1e5aa9b3-12b6-4de6-8ef6-a73e2e95154b
2026-04-28 08:51:07.321 10 INFO neutron.api.wsgi [None req-7fa2d4b5-2a75-4b06-b0bc-16506a91b458 a2b2aee04d4e4d6a9c7048fdd2f2e66d 5906e0af14af44b78d262d35bdab8cf5 - - default default] 10.0.0.149 "DELETE /v2.0/security-groups/2a71e0c4-3fdf-4627-8b34-90c0a3b29e61 HTTP/1.1" status: 204 len: 168 time: 0.2063439
2026-04-28 08:51:07.435 10 INFO neutron.api.wsgi [req-23ae3b83-397b-4479-916c-6502e208ad2d req-a6b657fc-0f76-4010-8aaf-d60365f5f8b1 30587a6765614ce99c992f7605ee95af 0385b1eafcf1436ab1be06d0d76c6864 - - 1a9a9c801f84437c975186752f7bc6ba 1a9a9c801f84437c975186752f7bc6ba] 199.204.45.129 "GET /v2.0/ports?tenant_id=58f0e2cf4f6b466cbb37cbd966a6cbe8&device_id=947a71fa-7095-41b0-862e-76807bee4733 HTTP/1.1" status: 200 len: 1407 time: 0.0479820
2026-04-28 08:51:07.435 9 INFO neutron.db.ovn_revision_numbers_db [None req-c55f9ae5-067d-4c27-bbe0-d595467479d6 e4a492c50f0d4c32bda508f8ea09b79d 356013968f644355ad1f7a455edae8d2 - - default default] Successfully bumped revision number for resource 1e5aa9b3-12b6-4de6-8ef6-a73e2e95154b (type: networks) to 1
2026-04-28 08:51:07.502 10 INFO neutron.api.wsgi [req-23ae3b83-397b-4479-916c-6502e208ad2d req-d934081b-f177-4cea-a26d-789fd9de70ed 30587a6765614ce99c992f7605ee95af 0385b1eafcf1436ab1be06d0d76c6864 - - 1a9a9c801f84437c975186752f7bc6ba 1a9a9c801f84437c975186752f7bc6ba] 199.204.45.129 "GET /v2.0/networks?tenant_id=58f0e2cf4f6b466cbb37cbd966a6cbe8&shared=False HTTP/1.1" status: 200 len: 972 time: 0.0479422
2026-04-28 08:51:07.579 10 INFO neutron.api.wsgi [req-730a0eba-856c-4d34-b0ff-e748303621dd req-b1aeb21a-6415-4618-a4c3-65fec69678c5 a2368ceaf62846b9a38c9c340959a6ae 58f0e2cf4f6b466cbb37cbd966a6cbe8 - - default default] 10.0.0.203 "GET /v2.0/ports?device_id=947a71fa-7095-41b0-862e-76807bee4733 HTTP/1.1" status: 200 len: 1168 time: 0.0481615
2026-04-28 08:51:07.595 10 INFO neutron.api.wsgi [req-23ae3b83-397b-4479-916c-6502e208ad2d req-ec7e9e87-ece4-4188-ae60-a50be52dbbe3 30587a6765614ce99c992f7605ee95af 0385b1eafcf1436ab1be06d0d76c6864 - - 1a9a9c801f84437c975186752f7bc6ba 1a9a9c801f84437c975186752f7bc6ba] 199.204.45.129 "GET /v2.0/networks?shared=True HTTP/1.1" status: 200 len: 952 time: 0.0848050
2026-04-28 08:51:07.622 10 INFO neutron.api.wsgi [req-730a0eba-856c-4d34-b0ff-e748303621dd req-3f590383-3275-4df9-b2d8-b1b217641c19 a2368ceaf62846b9a38c9c340959a6ae 58f0e2cf4f6b466cbb37cbd966a6cbe8 - - default default] 10.0.0.203 "GET /v2.0/security-groups?id=24f2d4c0-529b-4769-877a-df74ed5d0301&fields=id&fields=name HTTP/1.1" status: 200 len: 312 time: 0.0375228
2026-04-28 08:51:07.639 9 WARNING neutron.scheduler.dhcp_agent_scheduler [None req-c55f9ae5-067d-4c27-bbe0-d595467479d6 e4a492c50f0d4c32bda508f8ea09b79d 356013968f644355ad1f7a455edae8d2 - - default default] No more DHCP agents
2026-04-28 08:51:07.640 9 WARNING neutron.api.rpc.agentnotifiers.dhcp_rpc_agent_api [None req-c55f9ae5-067d-4c27-bbe0-d595467479d6 e4a492c50f0d4c32bda508f8ea09b79d 356013968f644355ad1f7a455edae8d2 - - default default] Unable to schedule network 1e5aa9b3-12b6-4de6-8ef6-a73e2e95154b: no agents available; will retry on subsequent port and subnet creation events.
2026-04-28 08:51:07.703 9 INFO neutron.db.ovn_revision_numbers_db [None req-c55f9ae5-067d-4c27-bbe0-d595467479d6 e4a492c50f0d4c32bda508f8ea09b79d 356013968f644355ad1f7a455edae8d2 - - default default] Successfully bumped revision number for resource 7bb4a235-9bbc-4890-92e2-dc790ccbf033 (type: ports) to 1
2026-04-28 08:51:07.727 9 INFO neutron.api.wsgi [None req-c55f9ae5-067d-4c27-bbe0-d595467479d6 e4a492c50f0d4c32bda508f8ea09b79d 356013968f644355ad1f7a455edae8d2 - - default default] 10.0.0.149 "POST /v2.0/networks HTTP/1.1" status: 201 len: 830 time: 0.5290287
2026-04-28 08:51:07.741 9 WARNING neutron_lib.context [None req-5bb58933-bf2a-46a3-a4eb-d4c3afd6a5ef e4a492c50f0d4c32bda508f8ea09b79d 356013968f644355ad1f7a455edae8d2 - - default default] Method 'is_advsvc' is deprecated since 2023.2 release (neutron-lib 3.8.0) and will be removed once support for the old RBAC API policies will be removed from Neutron. Please use method 'is_service_role' instead.
2026-04-28 08:51:07.947 9 INFO neutron.db.segments_db [None req-5bb58933-bf2a-46a3-a4eb-d4c3afd6a5ef e4a492c50f0d4c32bda508f8ea09b79d 356013968f644355ad1f7a455edae8d2 - - default default] Added segment 99916312-ba01-4eab-858a-3984b4905989 of type geneve for network 7d28838f-0319-45a7-8403-5da589cd2d4d
2026-04-28 08:51:08.075 9 INFO neutron.db.ovn_revision_numbers_db [None req-5bb58933-bf2a-46a3-a4eb-d4c3afd6a5ef e4a492c50f0d4c32bda508f8ea09b79d 356013968f644355ad1f7a455edae8d2 - - default default] Successfully bumped revision number for resource 7d28838f-0319-45a7-8403-5da589cd2d4d (type: networks) to 1
2026-04-28 08:51:08.255 9 WARNING neutron.scheduler.dhcp_agent_scheduler [None req-5bb58933-bf2a-46a3-a4eb-d4c3afd6a5ef e4a492c50f0d4c32bda508f8ea09b79d 356013968f644355ad1f7a455edae8d2 - - default default] No more DHCP agents
2026-04-28 08:51:08.257 9 WARNING neutron.api.rpc.agentnotifiers.dhcp_rpc_agent_api [None req-5bb58933-bf2a-46a3-a4eb-d4c3afd6a5ef e4a492c50f0d4c32bda508f8ea09b79d 356013968f644355ad1f7a455edae8d2 - - default default] Unable to schedule network 7d28838f-0319-45a7-8403-5da589cd2d4d: no agents available; will retry on subsequent port and subnet creation events.
2026-04-28 08:51:08.335 9 INFO neutron.db.ovn_revision_numbers_db [None req-5bb58933-bf2a-46a3-a4eb-d4c3afd6a5ef e4a492c50f0d4c32bda508f8ea09b79d 356013968f644355ad1f7a455edae8d2 - - default default] Successfully bumped revision number for resource 3e681d35-8c53-4ea2-826b-042d52a3cb7b (type: ports) to 1
2026-04-28 08:51:08.358 9 INFO neutron.api.wsgi [None req-5bb58933-bf2a-46a3-a4eb-d4c3afd6a5ef e4a492c50f0d4c32bda508f8ea09b79d 356013968f644355ad1f7a455edae8d2 - - default default] 10.0.0.149 "POST /v2.0/networks HTTP/1.1" status: 201 len: 830 time: 0.6236589
2026-04-28 08:51:08.402 10 INFO neutron.api.wsgi [None req-bf09c596-9487-45b6-9c17-623b76f73af2 e4a492c50f0d4c32bda508f8ea09b79d 356013968f644355ad1f7a455edae8d2 - - default default] 10.0.0.149 "PUT /v2.0/networks/2f7445ca-868f-4e8b-af63-cfd02aa44340/tags HTTP/1.1" status: 200 len: 210 time: 0.0366046
2026-04-28 08:51:08.452 10 INFO neutron.api.wsgi [None req-427cab22-0d34-4a38-a626-5f2082f1bb1e e4a492c50f0d4c32bda508f8ea09b79d 356013968f644355ad1f7a455edae8d2 - - default default] 10.0.0.149 "PUT /v2.0/networks/7a155bc4-29c1-446e-8703-12ef72443160/tags HTTP/1.1" status: 200 len: 218 time: 0.0449457
2026-04-28 08:51:08.503 10 INFO neutron.api.wsgi [None req-688bd728-66df-4ede-90c6-62cda2780c56 e4a492c50f0d4c32bda508f8ea09b79d 356013968f644355ad1f7a455edae8d2 - - default default] 10.0.0.149 "PUT /v2.0/networks/cac1eee2-ea4b-45a8-9d41-b615cb539235/tags HTTP/1.1" status: 200 len: 227 time: 0.0434656
2026-04-28 08:51:08.546 10 INFO neutron.api.wsgi [None req-d9dfb3d9-49fa-4fa3-b33b-855cb595647b e4a492c50f0d4c32bda508f8ea09b79d 356013968f644355ad1f7a455edae8d2 - - default default] 10.0.0.149 "PUT /v2.0/networks/1e5aa9b3-12b6-4de6-8ef6-a73e2e95154b/tags HTTP/1.1" status: 200 len: 212 time: 0.0369699
2026-04-28 08:51:08.602 10 INFO neutron.api.wsgi [None req-00d7aefa-7665-4750-ba8d-d7a3a37d164c e4a492c50f0d4c32bda508f8ea09b79d 356013968f644355ad1f7a455edae8d2 - - default default] 10.0.0.149 "GET /v2.0/networks?tags=red HTTP/1.1" status: 200 len: 2070 time: 0.0486655
2026-04-28 08:51:08.650 9 INFO neutron.api.wsgi [None req-0f2cbc06-0bf0-4a3c-b6dd-4a4af1bb350f e4a492c50f0d4c32bda508f8ea09b79d 356013968f644355ad1f7a455edae8d2 - - default default] 10.0.0.149 "GET /v2.0/networks?tags=red%2Cblue HTTP/1.1" status: 200 len: 1457 time: 0.0435305
2026-04-28 08:51:08.653 10 INFO neutron.api.wsgi [req-e13b9f49-df47-49b5-a630-43350be0c272 req-8e3c999b-ac21-44ce-8ccc-5a7bf80ce9fa 30587a6765614ce99c992f7605ee95af 0385b1eafcf1436ab1be06d0d76c6864 - - 1a9a9c801f84437c975186752f7bc6ba 1a9a9c801f84437c975186752f7bc6ba] 199.204.45.129 "GET /v2.0/ports?tenant_id=58f0e2cf4f6b466cbb37cbd966a6cbe8&device_id=947a71fa-7095-41b0-862e-76807bee4733 HTTP/1.1" status: 200 len: 1407 time: 0.0378048
2026-04-28 08:51:08.681 10 INFO neutron.api.wsgi [req-e13b9f49-df47-49b5-a630-43350be0c272 req-46ea04a3-3606-4ddb-bee3-8772b30f8108 30587a6765614ce99c992f7605ee95af 0385b1eafcf1436ab1be06d0d76c6864 - - 1a9a9c801f84437c975186752f7bc6ba 1a9a9c801f84437c975186752f7bc6ba] 199.204.45.129 "GET /v2.0/floatingips?fixed_ip_address=10.100.0.8&port_id=7f263e48-5b7b-4410-8fa8-d33edf10e379 HTTP/1.1" status: 200 len: 217 time: 0.0198758
2026-04-28 08:51:08.699 9 INFO neutron.api.wsgi [None req-00c242ea-fa54-41e7-8a6a-dd6493e0d5fd e4a492c50f0d4c32bda508f8ea09b79d 356013968f644355ad1f7a455edae8d2 - - default default] 10.0.0.149 "GET /v2.0/networks?tags-any=blue HTTP/1.1" status: 200 len: 1457 time: 0.0433719
2026-04-28 08:51:08.743 10 INFO neutron.api.wsgi [req-e13b9f49-df47-49b5-a630-43350be0c272 req-8ee9e470-d698-4a56-91cb-54edff34547d 30587a6765614ce99c992f7605ee95af 0385b1eafcf1436ab1be06d0d76c6864 - - 1a9a9c801f84437c975186752f7bc6ba 1a9a9c801f84437c975186752f7bc6ba] 199.204.45.129 "GET /v2.0/subnets?id=8d17ff06-94dd-4aa6-96e6-ec285b4721ed HTTP/1.1" status: 200 len: 891 time: 0.0529642
2026-04-28 08:51:08.763 10 INFO neutron.api.wsgi [None req-0a4c15e2-b103-4200-ae44-b9b7bd1b84ed e4a492c50f0d4c32bda508f8ea09b79d 356013968f644355ad1f7a455edae8d2 - - default default] 10.0.0.149 "GET /v2.0/networks?tags-any=red%2Cblue HTTP/1.1" status: 200 len: 2070 time: 0.0593810
2026-04-28 08:51:08.773 10 INFO neutron.api.wsgi [req-e13b9f49-df47-49b5-a630-43350be0c272 req-7489eaeb-1906-4608-8315-562206f86e83 30587a6765614ce99c992f7605ee95af 0385b1eafcf1436ab1be06d0d76c6864 - - 1a9a9c801f84437c975186752f7bc6ba 1a9a9c801f84437c975186752f7bc6ba] 199.204.45.129 "GET /v2.0/ports?network_id=e5dd8902-7fb7-485c-823c-70a3185a657c&device_owner=network%3Adhcp HTTP/1.1" status: 200 len: 210 time: 0.0255673
2026-04-28 08:51:08.783 9 INFO neutron.api.wsgi [req-54397831-4e94-45ba-9302-42f571efd933 req-086ac5b3-ebe8-4823-a068-398ad63a2aa1 a2368ceaf62846b9a38c9c340959a6ae 58f0e2cf4f6b466cbb37cbd966a6cbe8 - - default default] 10.0.0.203 "GET /v2.0/ports?device_id=947a71fa-7095-41b0-862e-76807bee4733 HTTP/1.1" status: 200 len: 1168 time: 0.0839510
2026-04-28 08:51:08.829 9 INFO neutron.api.wsgi [req-54397831-4e94-45ba-9302-42f571efd933 req-db6e5dce-3edb-4b43-823a-9b6f212af16a a2368ceaf62846b9a38c9c340959a6ae 58f0e2cf4f6b466cbb37cbd966a6cbe8 - - default default] 10.0.0.203 "GET /v2.0/security-groups?id=24f2d4c0-529b-4769-877a-df74ed5d0301&fields=id&fields=name HTTP/1.1" status: 200 len: 312 time: 0.0372987
2026-04-28 08:51:08.829 10 INFO neutron.api.wsgi [req-e13b9f49-df47-49b5-a630-43350be0c272 req-197989aa-3e4d-4d87-890f-7140256e572f 30587a6765614ce99c992f7605ee95af 0385b1eafcf1436ab1be06d0d76c6864 - - 1a9a9c801f84437c975186752f7bc6ba 1a9a9c801f84437c975186752f7bc6ba] 199.204.45.129 "GET /v2.0/networks/e5dd8902-7fb7-485c-823c-70a3185a657c?fields=segments HTTP/1.1" status: 200 len: 212 time: 0.0477433
2026-04-28 08:51:08.851 10 INFO neutron.api.wsgi [None req-eaf021a1-0d17-45bd-b445-0b2e6700596e e4a492c50f0d4c32bda508f8ea09b79d 356013968f644355ad1f7a455edae8d2 - - default default] 10.0.0.149 "GET /v2.0/networks?not-tags=red HTTP/1.1" status: 200 len: 2067 time: 0.0837100
2026-04-28 08:51:08.885 10 INFO neutron.api.wsgi [req-e13b9f49-df47-49b5-a630-43350be0c272 req-3ac5eb3d-dbf6-493f-a59d-78dcb7f821fb 30587a6765614ce99c992f7605ee95af 0385b1eafcf1436ab1be06d0d76c6864 - - 1a9a9c801f84437c975186752f7bc6ba 1a9a9c801f84437c975186752f7bc6ba] 199.204.45.129 "GET /v2.0/networks/e5dd8902-7fb7-485c-823c-70a3185a657c?fields=provider%3Aphysical_network&fields=provider%3Anetwork_type HTTP/1.1" status: 200 len: 277 time: 0.0512993
2026-04-28 08:51:08.924 9 INFO neutron.api.wsgi [None req-0b32086f-f01c-428c-afc4-cce228745e95 e4a492c50f0d4c32bda508f8ea09b79d 356013968f644355ad1f7a455edae8d2 - - default default] 10.0.0.149 "GET /v2.0/networks?not-tags=red%2Cblue HTTP/1.1" status: 200 len: 2680 time: 0.0667472
2026-04-28 08:51:08.990 9 INFO neutron.api.wsgi [None req-beee48c5-b652-4937-ba57-2225bdf4dfb6 e4a492c50f0d4c32bda508f8ea09b79d 356013968f644355ad1f7a455edae8d2 - - default default] 10.0.0.149 "GET /v2.0/networks?not-tags-any=blue HTTP/1.1" status: 200 len: 2680 time: 0.0609977
2026-04-28 08:51:09.057 10 INFO neutron.api.wsgi [None req-f6179961-3668-4224-8be9-c60d04471a8e e4a492c50f0d4c32bda508f8ea09b79d 356013968f644355ad1f7a455edae8d2 - - default default] 10.0.0.149 "GET /v2.0/networks?not-tags-any=red%2Cblue HTTP/1.1" status: 200 len: 2067 time: 0.0507553
2026-04-28 08:51:09.342 10 INFO neutron.services.segments.plugin [-] Segment 05ccfb0a-a2aa-4b06-bee6-c862777e3168 resource provider aggregate not found
2026-04-28 08:51:09.348 10 INFO neutron.services.segments.plugin [-] Segment 05ccfb0a-a2aa-4b06-bee6-c862777e3168 resource provider aggregate not found
2026-04-28 08:51:09.366 10 INFO neutron.services.segments.plugin [-] Segment 05ccfb0a-a2aa-4b06-bee6-c862777e3168 resource provider not found; error: Placement Client Error (4xx): {"errors": [{"status": 404, "title": "Not Found", "detail": "The resource could not be found.\n\n No resource provider with uuid 05ccfb0a-a2aa-4b06-bee6-c862777e3168 found for delete ", "request_id": "req-30cb984d-437f-4772-a5df-498ca1e31922"}]}
2026-04-28 08:51:09.367 10 INFO neutron.services.segments.plugin [-] Segment 05ccfb0a-a2aa-4b06-bee6-c862777e3168 resource provider not found; error: Placement Client Error (4xx): {"errors": [{"status": 404, "title": "Not Found", "detail": "The resource could not be found.\n\n No resource provider with uuid 05ccfb0a-a2aa-4b06-bee6-c862777e3168 found for delete ", "request_id": "req-50a9afa7-6ff7-4c01-a6a2-8e69199c0781"}]}
2026-04-28 08:51:09.381 10 INFO neutron.api.wsgi [None req-c15efd16-b2eb-4634-a6f8-0aa05ea20f57 e4a492c50f0d4c32bda508f8ea09b79d 356013968f644355ad1f7a455edae8d2 - - default default] 10.0.0.149 "DELETE /v2.0/networks/2f7445ca-868f-4e8b-af63-cfd02aa44340 HTTP/1.1" status: 204 len: 168 time: 0.3182724
2026-04-28 08:51:09.523 9 WARNING neutron_lib.context [None req-91860409-030b-4d7b-aa22-4bc9abdce776 65a088669c334fab9f872fe48f9b82c5 5715a7b226074a6c9e947a64fa1ac7d0 - - default default] Method 'is_advsvc' is deprecated since 2023.2 release (neutron-lib 3.8.0) and will be removed once support for the old RBAC API policies will be removed from Neutron. Please use method 'is_service_role' instead.
2026-04-28 08:51:09.629 9 INFO neutron.db.ovn_revision_numbers_db [None req-91860409-030b-4d7b-aa22-4bc9abdce776 65a088669c334fab9f872fe48f9b82c5 5715a7b226074a6c9e947a64fa1ac7d0 - - default default] Successfully bumped revision number for resource 961ac12c-1680-4c79-89a0-852d9e6e7705 (type: routers) to 1
2026-04-28 08:51:09.644 9 INFO neutron.api.wsgi [None req-91860409-030b-4d7b-aa22-4bc9abdce776 65a088669c334fab9f872fe48f9b82c5 5715a7b226074a6c9e947a64fa1ac7d0 - - default default] 10.0.0.149 "POST /v2.0/routers HTTP/1.1" status: 201 len: 769 time: 0.3492854
2026-04-28 08:51:09.702 9 INFO neutron.api.wsgi [None req-cfd3fee9-b1cc-4359-b29a-fa3aa06af82c 65a088669c334fab9f872fe48f9b82c5 5715a7b226074a6c9e947a64fa1ac7d0 - - default default] 10.0.0.149 "PUT /v2.0/routers/961ac12c-1680-4c79-89a0-852d9e6e7705/tags HTTP/1.1" status: 200 len: 218 time: 0.0516927
2026-04-28 08:51:09.709 10 INFO neutron.api.wsgi [None req-7a153523-db9c-42a8-84a8-f0136b407954 e4a492c50f0d4c32bda508f8ea09b79d 356013968f644355ad1f7a455edae8d2 - - default default] 10.0.0.149 "DELETE /v2.0/networks/7a155bc4-29c1-446e-8703-12ef72443160 HTTP/1.1" status: 204 len: 168 time: 0.3223717
2026-04-28 08:51:09.751 9 INFO neutron.api.wsgi [None req-2aa7f3a4-45ff-4541-a677-a4d74373afd7 65a088669c334fab9f872fe48f9b82c5 5715a7b226074a6c9e947a64fa1ac7d0 - - default default] 10.0.0.149 "GET /v2.0/routers/961ac12c-1680-4c79-89a0-852d9e6e7705/tags HTTP/1.1" status: 200 len: 218 time: 0.0438037
2026-04-28 08:51:09.822 10 INFO neutron.api.wsgi [None req-043b81ee-61a9-4ae3-ada1-a7d582eb24b8 65a088669c334fab9f872fe48f9b82c5 5715a7b226074a6c9e947a64fa1ac7d0 - - default default] 10.0.0.149 "PUT /v2.0/routers/961ac12c-1680-4c79-89a0-852d9e6e7705/tags/green HTTP/1.1" status: 201 len: 201 time: 0.0633810
2026-04-28 08:51:09.861 10 INFO neutron.api.wsgi [None req-d04211ef-4a1b-4b85-a957-cc6ce1bc88b7 65a088669c334fab9f872fe48f9b82c5 5715a7b226074a6c9e947a64fa1ac7d0 - - default default] 10.0.0.149 "GET /v2.0/routers/961ac12c-1680-4c79-89a0-852d9e6e7705/tags HTTP/1.1" status: 200 len: 227 time: 0.0327086
2026-04-28 08:51:09.915 9 INFO neutron.api.wsgi [None req-5e458671-c729-4b97-bf7f-3fa8500b9a98 65a088669c334fab9f872fe48f9b82c5 5715a7b226074a6c9e947a64fa1ac7d0 - - default default] 10.0.0.149 "PUT /v2.0/routers/961ac12c-1680-4c79-89a0-852d9e6e7705/tags/red HTTP/1.1" status: 201 len: 201 time: 0.0464945
2026-04-28 08:51:09.937 10 INFO neutron.api.wsgi [req-fcddefc1-2d96-4aba-8c54-42a0a502b263 req-025cc5ec-b8ae-407d-b2da-14c6411e781d a2368ceaf62846b9a38c9c340959a6ae 58f0e2cf4f6b466cbb37cbd966a6cbe8 - - default default] 10.0.0.203 "GET /v2.0/ports?device_id=947a71fa-7095-41b0-862e-76807bee4733 HTTP/1.1" status: 200 len: 1168 time: 0.0424957
2026-04-28 08:51:09.961 9 INFO neutron.api.wsgi [None req-1fb2d4f3-0876-42ac-858c-700d09ed9cfd 65a088669c334fab9f872fe48f9b82c5 5715a7b226074a6c9e947a64fa1ac7d0 - - default default] 10.0.0.149 "GET /v2.0/routers/961ac12c-1680-4c79-89a0-852d9e6e7705/tags HTTP/1.1" status: 200 len: 227 time: 0.0409577
2026-04-28 08:51:09.981 10 INFO neutron.api.wsgi [req-fcddefc1-2d96-4aba-8c54-42a0a502b263 req-bd3262c7-f13e-4200-b810-b2ebfc528643 a2368ceaf62846b9a38c9c340959a6ae 58f0e2cf4f6b466cbb37cbd966a6cbe8 - - default default] 10.0.0.203 "GET /v2.0/security-groups?id=24f2d4c0-529b-4769-877a-df74ed5d0301&fields=id&fields=name HTTP/1.1" status: 200 len: 312 time: 0.0368366
2026-04-28 08:51:10.023 9 INFO neutron.api.wsgi [None req-3cd83461-83aa-48f6-9051-a76979143f63 65a088669c334fab9f872fe48f9b82c5 5715a7b226074a6c9e947a64fa1ac7d0 - - default default] 10.0.0.149 "PUT /v2.0/routers/961ac12c-1680-4c79-89a0-852d9e6e7705/tags/black.or.white HTTP/1.1" status: 201 len: 201 time: 0.0545809
2026-04-28 08:51:10.066 10 INFO neutron.api.wsgi [None req-2a85751c-2603-4498-b4d7-6498814d49d7 65a088669c334fab9f872fe48f9b82c5 5715a7b226074a6c9e947a64fa1ac7d0 - - default default] 10.0.0.149 "GET /v2.0/routers/961ac12c-1680-4c79-89a0-852d9e6e7705/tags HTTP/1.1" status: 200 len: 245 time: 0.0367532
2026-04-28 08:51:10.104 9 INFO neutron.services.segments.plugin [-] Segment 773270bd-2a61-401e-9055-f4fe16c83626 resource provider aggregate not found
2026-04-28 08:51:10.111 9 INFO neutron.services.segments.plugin [-] Segment 773270bd-2a61-401e-9055-f4fe16c83626 resource provider aggregate not found
2026-04-28 08:51:10.121 9 INFO neutron.services.segments.plugin [-] Segment 773270bd-2a61-401e-9055-f4fe16c83626 resource provider not found; error: Placement Client Error (4xx): {"errors": [{"status": 404, "title": "Not Found", "detail": "The resource could not be found.\n\n No resource provider with uuid 773270bd-2a61-401e-9055-f4fe16c83626 found for delete ", "request_id": "req-976a3c10-6669-49a7-9caa-81740d13ee9f"}]}
2026-04-28 08:51:10.124 9 INFO neutron.services.segments.plugin [-] Segment 773270bd-2a61-401e-9055-f4fe16c83626 resource provider not found; error: Placement Client Error (4xx): {"errors": [{"status": 404, "title": "Not Found", "detail": "The resource could not be found.\n\n No resource provider with uuid 773270bd-2a61-401e-9055-f4fe16c83626 found for delete ", "request_id": "req-e705b79f-a5af-49e6-a30a-aabd9869346c"}]}
2026-04-28 08:51:10.132 10 INFO neutron.api.wsgi [None req-bc8dc72c-721d-4b56-8a0b-e46c1a4bd0f6 65a088669c334fab9f872fe48f9b82c5 5715a7b226074a6c9e947a64fa1ac7d0 - - default default] 10.0.0.149 "PUT /v2.0/routers/961ac12c-1680-4c79-89a0-852d9e6e7705/tags HTTP/1.1" status: 200 len: 230 time: 0.0611639
2026-04-28 08:51:10.149 9 INFO neutron.api.wsgi [None req-39a7c29c-2606-4652-b4e8-78f2eb541c41 e4a492c50f0d4c32bda508f8ea09b79d 356013968f644355ad1f7a455edae8d2 - - default default] 10.0.0.149 "DELETE /v2.0/networks/cac1eee2-ea4b-45a8-9d41-b615cb539235 HTTP/1.1" status: 204 len: 168 time: 0.4351215
2026-04-28 08:51:10.172 10 INFO neutron.api.wsgi [None req-6c21de3c-1a0d-4fbd-8dab-9830c5e1daef 65a088669c334fab9f872fe48f9b82c5 5715a7b226074a6c9e947a64fa1ac7d0 - - default default] 10.0.0.149 "GET /v2.0/routers/961ac12c-1680-4c79-89a0-852d9e6e7705/tags HTTP/1.1" status: 200 len: 230 time: 0.0356026
2026-04-28 08:51:10.207 10 INFO neutron.api.wsgi [None req-12960938-2d38-479b-b000-a7fcdd4ba35b 65a088669c334fab9f872fe48f9b82c5 5715a7b226074a6c9e947a64fa1ac7d0 - - default default] 10.0.0.149 "GET /v2.0/routers/961ac12c-1680-4c79-89a0-852d9e6e7705/tags/red HTTP/1.1" status: 204 len: 168 time: 0.0298018
2026-04-28 08:51:10.246 10 INFO neutron.api.v2.resource [None req-b5f00e99-55c2-4ec4-98dc-d9b3cefcc8fe 65a088669c334fab9f872fe48f9b82c5 5715a7b226074a6c9e947a64fa1ac7d0 - - default default] show failed (client error): The resource could not be found.
2026-04-28 08:51:10.247 10 INFO neutron.api.wsgi [None req-b5f00e99-55c2-4ec4-98dc-d9b3cefcc8fe 65a088669c334fab9f872fe48f9b82c5 5715a7b226074a6c9e947a64fa1ac7d0 - - default default] 10.0.0.149 "GET /v2.0/routers/961ac12c-1680-4c79-89a0-852d9e6e7705/tags/green HTTP/1.1" status: 404 len: 299 time: 0.0333459
2026-04-28 08:51:10.318 9 INFO neutron.api.wsgi [None req-edc2fdfc-5875-4300-a939-672554d6e0b4 65a088669c334fab9f872fe48f9b82c5 5715a7b226074a6c9e947a64fa1ac7d0 - - default default] 10.0.0.149 "DELETE /v2.0/routers/961ac12c-1680-4c79-89a0-852d9e6e7705/tags/red HTTP/1.1" status: 204 len: 168 time: 0.0651445
2026-04-28 08:51:10.360 10 INFO neutron.api.wsgi [None req-40c8e6c8-ca60-4bc5-b529-aa2acfb0aa83 65a088669c334fab9f872fe48f9b82c5 5715a7b226074a6c9e947a64fa1ac7d0 - - default default] 10.0.0.149 "GET /v2.0/routers/961ac12c-1680-4c79-89a0-852d9e6e7705/tags HTTP/1.1" status: 200 len: 223 time: 0.0352652
2026-04-28 08:51:10.414 10 INFO neutron.api.v2.resource [None req-c6f9bd11-8396-4cfa-a71a-814feead1161 65a088669c334fab9f872fe48f9b82c5 5715a7b226074a6c9e947a64fa1ac7d0 - - default default] delete failed (client error): The resource could not be found.
2026-04-28 08:51:10.415 10 INFO neutron.api.wsgi [None req-c6f9bd11-8396-4cfa-a71a-814feead1161 65a088669c334fab9f872fe48f9b82c5 5715a7b226074a6c9e947a64fa1ac7d0 - - default default] 10.0.0.149 "DELETE /v2.0/routers/961ac12c-1680-4c79-89a0-852d9e6e7705/tags/green HTTP/1.1" status: 404 len: 299 time: 0.0486994
2026-04-28 08:51:10.489 9 INFO neutron.api.wsgi [None req-9eaf289a-95a8-46f2-b9e6-f17450277bb3 65a088669c334fab9f872fe48f9b82c5 5715a7b226074a6c9e947a64fa1ac7d0 - - default default] 10.0.0.149 "DELETE /v2.0/routers/961ac12c-1680-4c79-89a0-852d9e6e7705/tags HTTP/1.1" status: 204 len: 168 time: 0.0674305
2026-04-28 08:51:10.537 9 INFO neutron.api.wsgi [None req-92c21443-f277-42de-9774-9d94f4cb78ca 65a088669c334fab9f872fe48f9b82c5 5715a7b226074a6c9e947a64fa1ac7d0 - - default default] 10.0.0.149 "GET /v2.0/routers/961ac12c-1680-4c79-89a0-852d9e6e7705/tags HTTP/1.1" status: 200 len: 205 time: 0.0421324
2026-04-28 08:51:10.561 9 INFO neutron.api.wsgi [None req-92b5187c-51b8-41b8-a4e1-cbca8d49a7d6 e4a492c50f0d4c32bda508f8ea09b79d 356013968f644355ad1f7a455edae8d2 - - default default] 10.0.0.149 "DELETE /v2.0/networks/1e5aa9b3-12b6-4de6-8ef6-a73e2e95154b HTTP/1.1" status: 204 len: 168 time: 0.4074504
2026-04-28 08:51:10.584 10 INFO neutron.api.wsgi [None req-6c05c8fb-a377-40db-b46b-5c7ece7054ad 65a088669c334fab9f872fe48f9b82c5 5715a7b226074a6c9e947a64fa1ac7d0 - - default default] 10.0.0.149 "GET /v2.0/routers/961ac12c-1680-4c79-89a0-852d9e6e7705 HTTP/1.1" status: 200 len: 770 time: 0.0389056
2026-04-28 08:51:10.938 9 INFO neutron.api.wsgi [None req-9a76ea91-d14e-4929-99d0-3f8edf10e3c8 e4a492c50f0d4c32bda508f8ea09b79d 356013968f644355ad1f7a455edae8d2 - - default default] 10.0.0.149 "DELETE /v2.0/networks/7d28838f-0319-45a7-8403-5da589cd2d4d HTTP/1.1" status: 204 len: 168 time: 0.3711660
2026-04-28 08:51:10.951 10 INFO neutron.db.ovn_revision_numbers_db [None req-4a7d4480-a048-47c4-ab74-3c33b98be7b2 65a088669c334fab9f872fe48f9b82c5 5715a7b226074a6c9e947a64fa1ac7d0 - - default default] Successfully bumped revision number for resource 961ac12c-1680-4c79-89a0-852d9e6e7705 (type: routers) to 7
2026-04-28 08:51:10.958 10 INFO neutron.api.wsgi [None req-4a7d4480-a048-47c4-ab74-3c33b98be7b2 65a088669c334fab9f872fe48f9b82c5 5715a7b226074a6c9e947a64fa1ac7d0 - - default default] 10.0.0.149 "PUT /v2.0/routers/961ac12c-1680-4c79-89a0-852d9e6e7705 HTTP/1.1" status: 200 len: 770 time: 0.3677034
2026-04-28 08:51:10.991 10 INFO neutron.api.wsgi [None req-9873d2a0-1224-47b3-aeda-7ae9d205b156 65a088669c334fab9f872fe48f9b82c5 5715a7b226074a6c9e947a64fa1ac7d0 - - default default] 10.0.0.149 "GET /v2.0/ports?device_id=961ac12c-1680-4c79-89a0-852d9e6e7705 HTTP/1.1" status: 200 len: 205 time: 0.0265892
2026-04-28 08:51:11.077 9 INFO neutron.plugins.ml2.drivers.ovn.mech_driver.mech_driver [None req-3f50d070-b2a6-465c-a456-a98985906437 - - - - - -] OVN reports status up for port: 7f263e48-5b7b-4410-8fa8-d33edf10e379
2026-04-28 08:51:11.100 9 INFO neutron.plugins.ml2.plugin [None req-3f50d070-b2a6-465c-a456-a98985906437 - - - - - -] Attempt 1 to provision port 7f263e48-5b7b-4410-8fa8-d33edf10e379
2026-04-28 08:51:11.121 9 INFO neutron.api.wsgi [req-71cc35a1-b6fa-48e7-b76d-1f8401c82971 req-2288f181-281a-40bb-ae5e-db78936e239e a2368ceaf62846b9a38c9c340959a6ae 58f0e2cf4f6b466cbb37cbd966a6cbe8 - - default default] 10.0.0.203 "GET /v2.0/ports?device_id=947a71fa-7095-41b0-862e-76807bee4733 HTTP/1.1" status: 200 len: 1168 time: 0.0621896
2026-04-28 08:51:11.177 9 INFO neutron.api.wsgi [req-71cc35a1-b6fa-48e7-b76d-1f8401c82971 req-8c9c4ec3-b2f7-4031-bef9-a0a757bc4bdd a2368ceaf62846b9a38c9c340959a6ae 58f0e2cf4f6b466cbb37cbd966a6cbe8 - - default default] 10.0.0.203 "GET /v2.0/security-groups?id=24f2d4c0-529b-4769-877a-df74ed5d0301&fields=id&fields=name HTTP/1.1" status: 200 len: 312 time: 0.0471797
2026-04-28 08:51:11.233 10 INFO neutron.api.wsgi [None req-ae6bf6cc-6e8e-4152-b405-71ebc70eec7c 65a088669c334fab9f872fe48f9b82c5 5715a7b226074a6c9e947a64fa1ac7d0 - - default default] 10.0.0.149 "DELETE /v2.0/routers/961ac12c-1680-4c79-89a0-852d9e6e7705 HTTP/1.1" status: 204 len: 168 time: 0.2361159
2026-04-28 08:51:11.274 9 INFO neutron.notifiers.nova [-] Nova event matching ['req-a8146455-863f-4d94-a33b-8f36ac4ce49c'] response: {'server_uuid': '947a71fa-7095-41b0-862e-76807bee4733', 'name': 'network-vif-plugged', 'status': 'completed', 'tag': '7f263e48-5b7b-4410-8fa8-d33edf10e379', 'code': 200}
2026-04-28 08:51:11.387 10 INFO neutron.services.segments.plugin [-] Segment 55052adf-4c09-44da-9614-7ccec22459db resource provider aggregate not found
2026-04-28 08:51:11.393 10 INFO neutron.services.segments.plugin [-] Segment 55052adf-4c09-44da-9614-7ccec22459db resource provider aggregate not found
2026-04-28 08:51:11.408 10 INFO neutron.services.segments.plugin [-] Segment 55052adf-4c09-44da-9614-7ccec22459db resource provider not found; error: Placement Client Error (4xx): {"errors": [{"status": 404, "title": "Not Found", "detail": "The resource could not be found.\n\n No resource provider with uuid 55052adf-4c09-44da-9614-7ccec22459db found for delete ", "request_id": "req-fc36b195-93e3-4f53-8bf1-11daca708f1d"}]}
2026-04-28 08:51:11.409 10 INFO neutron.services.segments.plugin [-] Segment 55052adf-4c09-44da-9614-7ccec22459db resource provider not found; error: Placement Client Error (4xx): {"errors": [{"status": 404, "title": "Not Found", "detail": "The resource could not be found.\n\n No resource provider with uuid 55052adf-4c09-44da-9614-7ccec22459db found for delete ", "request_id": "req-33f8550a-f511-4e81-ba99-82dc56f3d5e6"}]}
2026-04-28 08:51:11.433 9 INFO neutron.db.ovn_revision_numbers_db [None req-3f50d070-b2a6-465c-a456-a98985906437 - - - - - -] Successfully bumped revision number for resource 7f263e48-5b7b-4410-8fa8-d33edf10e379 (type: ports) to 5 /var/lib/openstack/lib/python3.12/site-packages/pycadf/identifier.py:71: UserWarning: Invalid uuid: neutron. To ensure interoperability, identifiers should be a valid uuid. warnings.warn(('Invalid uuid: %s. To ensure interoperability, '
2026-04-28 08:51:12.139 9 INFO neutron.services.segments.plugin [-] Segment 453d233a-9328-45d4-ada4-d9ee68a8fdcc resource provider aggregate not found
2026-04-28 08:51:12.151 9 INFO neutron.services.segments.plugin [-] Segment 453d233a-9328-45d4-ada4-d9ee68a8fdcc resource provider aggregate not found
2026-04-28 08:51:12.155 9 INFO neutron.services.segments.plugin [-] Segment 453d233a-9328-45d4-ada4-d9ee68a8fdcc resource provider not found; error: Placement Client Error (4xx): {"errors": [{"status": 404, "title": "Not Found", "detail": "The resource could not be found.\n\n No resource provider with uuid 453d233a-9328-45d4-ada4-d9ee68a8fdcc found for delete ", "request_id": "req-dd8c7830-ec4b-4b0a-b27f-968f5a7413b1"}]}
2026-04-28 08:51:12.169 9 INFO neutron.services.segments.plugin [-] Segment 453d233a-9328-45d4-ada4-d9ee68a8fdcc resource provider not found; error: Placement Client Error (4xx): {"errors": [{"status": 404, "title": "Not Found", "detail": "The resource could not be found.\n\n No resource provider with uuid 453d233a-9328-45d4-ada4-d9ee68a8fdcc found for delete ", "request_id": "req-3c7cef21-4eab-4286-9d4d-d03663f634ad"}]}
2026-04-28 08:51:12.175 9 INFO neutron.services.segments.plugin [-] Segment 99916312-ba01-4eab-858a-3984b4905989 resource provider aggregate not found
2026-04-28 08:51:12.185 9 INFO neutron.services.segments.plugin [-] Segment 99916312-ba01-4eab-858a-3984b4905989 resource provider aggregate not found
2026-04-28 08:51:12.188 10 INFO neutron.db.ovn_revision_numbers_db [None req-f729e671-e6e0-41ee-8d3a-9cee68ee631e a2b2aee04d4e4d6a9c7048fdd2f2e66d 5906e0af14af44b78d262d35bdab8cf5 - - default default] Successfully bumped revision number for resource f0cbf1a6-4e91-4805-af93-065d92ecb03d (type: security_groups) to 1
2026-04-28 08:51:12.191 9 INFO neutron.services.segments.plugin [-] Segment 99916312-ba01-4eab-858a-3984b4905989 resource provider not found; error: Placement Client Error (4xx): {"errors": [{"status": 404, "title": "Not Found", "detail": "The resource could not be found.\n\n No resource provider with uuid 99916312-ba01-4eab-858a-3984b4905989 found for delete ", "request_id": "req-990554cc-ab7f-4941-85e5-3cfc703f3223"}]}
2026-04-28 08:51:12.193 9 INFO neutron.db.ovn_revision_numbers_db [None req-beeeb2bc-7eff-4d00-a18e-23be047169c8 a2b2aee04d4e4d6a9c7048fdd2f2e66d 5906e0af14af44b78d262d35bdab8cf5 - - default default] Successfully bumped revision number for resource f42c871b-faf0-4485-a7e3-a1320bfc9aa0 (type: security_groups) to 1
2026-04-28 08:51:12.200 9 INFO neutron.services.segments.plugin [-] Segment 99916312-ba01-4eab-858a-3984b4905989 resource provider not found; error: Placement Client Error (4xx): {"errors": [{"status": 404, "title": "Not Found", "detail": "The resource could not be found.\n\n No resource provider with uuid 99916312-ba01-4eab-858a-3984b4905989 found for delete ", "request_id": "req-2148d31b-d76d-4790-84a0-c0ebfb080ef7"}]}
2026-04-28 08:51:12.207 10 INFO neutron.db.ovn_revision_numbers_db [None req-f729e671-e6e0-41ee-8d3a-9cee68ee631e a2b2aee04d4e4d6a9c7048fdd2f2e66d 5906e0af14af44b78d262d35bdab8cf5 - - default default] Successfully bumped revision number for resource 0391d9a5-cf3e-4031-87f7-f39ffa99a292 (type: security_group_rules) to 0
2026-04-28 08:51:12.219 9 INFO neutron.db.ovn_revision_numbers_db [None req-beeeb2bc-7eff-4d00-a18e-23be047169c8 a2b2aee04d4e4d6a9c7048fdd2f2e66d 5906e0af14af44b78d262d35bdab8cf5 - - default default] Successfully bumped revision number for resource 1c9e6459-8162-4e0d-b973-2f01d71c9e05 (type: security_group_rules) to 0
2026-04-28 08:51:12.225 10 INFO neutron.db.ovn_revision_numbers_db [None req-f729e671-e6e0-41ee-8d3a-9cee68ee631e a2b2aee04d4e4d6a9c7048fdd2f2e66d 5906e0af14af44b78d262d35bdab8cf5 - - default default] Successfully bumped revision number for resource a556ea02-4fea-40a2-9658-9c97216f4dea (type: security_group_rules) to 0
2026-04-28 08:51:12.240 9 INFO neutron.db.ovn_revision_numbers_db [None req-beeeb2bc-7eff-4d00-a18e-23be047169c8 a2b2aee04d4e4d6a9c7048fdd2f2e66d 5906e0af14af44b78d262d35bdab8cf5 - - default default] Successfully bumped revision number for resource 452fda5a-5203-498a-8648-5d8de76d8412 (type: security_group_rules) to 0
2026-04-28 08:51:12.241 10 INFO neutron.db.ovn_revision_numbers_db [None req-f729e671-e6e0-41ee-8d3a-9cee68ee631e a2b2aee04d4e4d6a9c7048fdd2f2e66d 5906e0af14af44b78d262d35bdab8cf5 - - default default] Successfully bumped revision number for resource c5565113-e755-4255-9cb3-48fee4728fca (type: security_group_rules) to 0
2026-04-28 08:51:12.254 10 INFO neutron.db.ovn_revision_numbers_db [None req-f729e671-e6e0-41ee-8d3a-9cee68ee631e a2b2aee04d4e4d6a9c7048fdd2f2e66d 5906e0af14af44b78d262d35bdab8cf5 - - default default] Successfully bumped revision number for resource d0c3803d-aaa7-4bb3-ba8f-7cb953b3da21 (type: security_group_rules) to 0
2026-04-28 08:51:12.279 9 INFO neutron.db.ovn_revision_numbers_db [None req-beeeb2bc-7eff-4d00-a18e-23be047169c8 a2b2aee04d4e4d6a9c7048fdd2f2e66d 5906e0af14af44b78d262d35bdab8cf5 - - default default] Successfully bumped revision number for resource 7ff869b6-d2f9-42dc-a96d-e6c69e557d4b (type: security_group_rules) to 0
2026-04-28 08:51:12.297 10 INFO neutron.api.wsgi [None req-f729e671-e6e0-41ee-8d3a-9cee68ee631e a2b2aee04d4e4d6a9c7048fdd2f2e66d 5906e0af14af44b78d262d35bdab8cf5 - - default default] 10.0.0.149 "GET /v2.0/security-groups?tenant_id=5715a7b226074a6c9e947a64fa1ac7d0&name=default HTTP/1.1" status: 200 len: 3120 time: 0.3524547
2026-04-28 08:51:12.311 9 INFO neutron.api.wsgi [req-0d7a138b-dfe8-4041-b5c8-48864095a7b0 req-0fc66a6d-7990-432f-b1d6-2c5a98ceaea0 a2368ceaf62846b9a38c9c340959a6ae 58f0e2cf4f6b466cbb37cbd966a6cbe8 - - default default] 10.0.0.203 "GET /v2.0/ports?device_id=947a71fa-7095-41b0-862e-76807bee4733 HTTP/1.1" status: 200 len: 1170 time: 0.0693305
2026-04-28 08:51:12.320 9 INFO neutron.db.ovn_revision_numbers_db [None req-beeeb2bc-7eff-4d00-a18e-23be047169c8 a2b2aee04d4e4d6a9c7048fdd2f2e66d 5906e0af14af44b78d262d35bdab8cf5 - - default default] Successfully bumped revision number for resource a2ee9ad0-8da8-47d8-9b06-0e2bb9474278 (type: security_group_rules) to 0
2026-04-28 08:51:12.376 9 INFO neutron.db.ovn_revision_numbers_db [None req-2494dbb0-029f-4da9-b884-fd6f8b5da6f1 a2b2aee04d4e4d6a9c7048fdd2f2e66d 5906e0af14af44b78d262d35bdab8cf5 - - default default] Successfully bumped revision number for resource 3b30cca1-11cb-440b-b608-faaa82266530 (type: security_groups) to 1
2026-04-28 08:51:12.389 9 INFO neutron.api.wsgi [None req-beeeb2bc-7eff-4d00-a18e-23be047169c8 a2b2aee04d4e4d6a9c7048fdd2f2e66d 5906e0af14af44b78d262d35bdab8cf5 - - default default] 10.0.0.149 "GET /v2.0/security-groups?tenant_id=3d8f3ed1c2734fbfa6469b30523ee205&name=default HTTP/1.1" status: 200 len: 3120 time: 0.4595866
2026-04-28 08:51:12.393 9 INFO neutron.api.wsgi [req-0d7a138b-dfe8-4041-b5c8-48864095a7b0 req-255e5ead-ae8a-4ad1-9816-ae460f508401 a2368ceaf62846b9a38c9c340959a6ae 58f0e2cf4f6b466cbb37cbd966a6cbe8 - - default default] 10.0.0.203 "GET /v2.0/security-groups?id=24f2d4c0-529b-4769-877a-df74ed5d0301&fields=id&fields=name HTTP/1.1" status: 200 len: 312 time: 0.0708008
2026-04-28 08:51:12.398 9 INFO neutron.db.ovn_revision_numbers_db [None req-2494dbb0-029f-4da9-b884-fd6f8b5da6f1 a2b2aee04d4e4d6a9c7048fdd2f2e66d 5906e0af14af44b78d262d35bdab8cf5 - - default default] Successfully bumped revision number for resource 0d688abf-2c8a-4775-81d5-85ea9e15eaa8 (type: security_group_rules) to 0
2026-04-28 08:51:12.413 9 INFO neutron.db.ovn_revision_numbers_db [None req-2494dbb0-029f-4da9-b884-fd6f8b5da6f1 a2b2aee04d4e4d6a9c7048fdd2f2e66d 5906e0af14af44b78d262d35bdab8cf5 - - default default] Successfully bumped revision number for resource 696af191-82e1-467f-93d8-8865864144d8 (type: security_group_rules) to 0
2026-04-28 08:51:12.431 9 INFO neutron.db.ovn_revision_numbers_db [None req-2494dbb0-029f-4da9-b884-fd6f8b5da6f1 a2b2aee04d4e4d6a9c7048fdd2f2e66d 5906e0af14af44b78d262d35bdab8cf5 - - default default] Successfully bumped revision number for resource 8e3dee26-d2dd-4a30-9cdf-6664db4bca7c (type: security_group_rules) to 0
2026-04-28 08:51:12.445 9 INFO neutron.db.ovn_revision_numbers_db [None req-2494dbb0-029f-4da9-b884-fd6f8b5da6f1 a2b2aee04d4e4d6a9c7048fdd2f2e66d 5906e0af14af44b78d262d35bdab8cf5 - - default default] Successfully bumped revision number for resource a03cc0a5-168b-4c3d-b20a-7fba96e27ff2 (type: security_group_rules) to 0
2026-04-28 08:51:12.486 9 INFO neutron.api.wsgi [None req-2494dbb0-029f-4da9-b884-fd6f8b5da6f1 a2b2aee04d4e4d6a9c7048fdd2f2e66d 5906e0af14af44b78d262d35bdab8cf5 - - default default] 10.0.0.149 "GET /v2.0/security-groups?tenant_id=e9d618ccad054a74857e7bf3c2fa5156&name=default HTTP/1.1" status: 200 len: 3120 time: 0.3885198
2026-04-28 08:51:12.566 10 INFO neutron.api.wsgi [None req-8ec9d365-afed-4599-a4e1-981358d9da53 a2b2aee04d4e4d6a9c7048fdd2f2e66d 5906e0af14af44b78d262d35bdab8cf5 - - default default] 10.0.0.149 "DELETE /v2.0/security-groups/f0cbf1a6-4e91-4805-af93-065d92ecb03d HTTP/1.1" status: 204 len: 168 time: 0.2628372
2026-04-28 08:51:12.629 10 INFO neutron.api.wsgi [None req-6a4d5e13-eca8-4660-b11c-fd1630d2fd04 a2b2aee04d4e4d6a9c7048fdd2f2e66d 5906e0af14af44b78d262d35bdab8cf5 - - default default] 10.0.0.149 "DELETE /v2.0/security-groups/f42c871b-faf0-4485-a7e3-a1320bfc9aa0 HTTP/1.1" status: 204 len: 168 time: 0.2337708
2026-04-28 08:51:12.732 9 INFO neutron.api.wsgi [None req-05c4b951-c23c-467d-b88f-68ac57ca1cfb a2b2aee04d4e4d6a9c7048fdd2f2e66d 5906e0af14af44b78d262d35bdab8cf5 - - default default] 10.0.0.149 "DELETE /v2.0/security-groups/3b30cca1-11cb-440b-b608-faaa82266530 HTTP/1.1" status: 204 len: 168 time: 0.2405286
2026-04-28 08:51:12.861 9 INFO neutron.api.wsgi [None req-947fccc4-e7a2-4bd9-86b9-dc1b6e2581c1 a2b2aee04d4e4d6a9c7048fdd2f2e66d 5906e0af14af44b78d262d35bdab8cf5 - - default default] 10.0.0.149 "GET /v2.0/security-groups?tenant_id=356013968f644355ad1f7a455edae8d2&name=default HTTP/1.1" status: 200 len: 3120 time: 0.0438104
2026-04-28 08:51:12.873 9 INFO neutron.db.ovn_revision_numbers_db [None req-82b062ef-0bac-4135-a92c-beb266dd6147 a2b2aee04d4e4d6a9c7048fdd2f2e66d 5906e0af14af44b78d262d35bdab8cf5 - - default default] Successfully bumped revision number for resource f67beb57-9de8-466a-8804-64fd435362ec (type: security_groups) to 1
2026-04-28 08:51:12.889 9 INFO neutron.db.ovn_revision_numbers_db [None req-82b062ef-0bac-4135-a92c-beb266dd6147 a2b2aee04d4e4d6a9c7048fdd2f2e66d 5906e0af14af44b78d262d35bdab8cf5 - - default default] Successfully bumped revision number for resource 45b3b38c-6773-44c6-9beb-e1f2d399bebf (type: security_group_rules) to 0
2026-04-28 08:51:12.905 9 INFO neutron.db.ovn_revision_numbers_db [None req-82b062ef-0bac-4135-a92c-beb266dd6147 a2b2aee04d4e4d6a9c7048fdd2f2e66d 5906e0af14af44b78d262d35bdab8cf5 - - default default] Successfully bumped revision number for resource 664c6bed-29c8-43be-88bf-d0dd6ab4b72e (type: security_group_rules) to 0
2026-04-28 08:51:12.923 9 INFO neutron.db.ovn_revision_numbers_db [None req-82b062ef-0bac-4135-a92c-beb266dd6147 a2b2aee04d4e4d6a9c7048fdd2f2e66d 5906e0af14af44b78d262d35bdab8cf5 - - default default] Successfully bumped revision number for resource b6321a5d-425a-45e8-bbd6-3c13f0123615 (type: security_group_rules) to 0
2026-04-28 08:51:12.937 9 INFO neutron.db.ovn_revision_numbers_db [None req-82b062ef-0bac-4135-a92c-beb266dd6147 a2b2aee04d4e4d6a9c7048fdd2f2e66d 5906e0af14af44b78d262d35bdab8cf5 - - default default] Successfully bumped revision number for resource dce88859-9049-4ed1-934e-3b5398c7494d (type: security_group_rules) to 0
2026-04-28 08:51:12.980 9 INFO neutron.api.wsgi [None req-82b062ef-0bac-4135-a92c-beb266dd6147 a2b2aee04d4e4d6a9c7048fdd2f2e66d 5906e0af14af44b78d262d35bdab8cf5 - - default default] 10.0.0.149 "GET /v2.0/security-groups?tenant_id=35cf7dac4463460084fca13d958331a7&name=default HTTP/1.1" status: 200 len: 3120 time: 0.2430058
2026-04-28 08:51:13.140 10 INFO neutron.api.wsgi [None req-2df4012c-c38a-41f0-b372-054348983afc a2b2aee04d4e4d6a9c7048fdd2f2e66d 5906e0af14af44b78d262d35bdab8cf5 - - default default] 10.0.0.149 "DELETE /v2.0/security-groups/548b566e-a6ce-4890-9a58-9a7ab2b56f46 HTTP/1.1" status: 204 len: 168 time: 0.2714272
2026-04-28 08:51:13.264 10 INFO neutron.api.wsgi [None req-bac5f29a-8a1c-4bc7-b83c-8c13de70dc8d a2b2aee04d4e4d6a9c7048fdd2f2e66d 5906e0af14af44b78d262d35bdab8cf5 - - default default] 10.0.0.149 "DELETE /v2.0/security-groups/f67beb57-9de8-466a-8804-64fd435362ec HTTP/1.1" status: 204 len: 168 time: 0.2772799
2026-04-28 08:51:13.315 9 INFO neutron.notifiers.nova [-] Nova event matching ['req-897ec77a-83bf-41d2-a466-26c72b4d913a'] response: {'server_uuid': '947a71fa-7095-41b0-862e-76807bee4733', 'name': 'network-vif-plugged', 'status': 'completed', 'tag': '7f263e48-5b7b-4410-8fa8-d33edf10e379', 'code': 200}
2026-04-28 08:51:13.324 10 INFO neutron.db.ovn_revision_numbers_db [None req-7d483ed9-7288-4cdd-b115-7f7c3bc88812 a2b2aee04d4e4d6a9c7048fdd2f2e66d 5906e0af14af44b78d262d35bdab8cf5 - - default default] Successfully bumped revision number for resource 56c53a1c-a4f2-4973-9294-0ba27cf70537 (type: security_groups) to 1
2026-04-28 08:51:13.343 10 INFO neutron.db.ovn_revision_numbers_db [None req-7d483ed9-7288-4cdd-b115-7f7c3bc88812 a2b2aee04d4e4d6a9c7048fdd2f2e66d 5906e0af14af44b78d262d35bdab8cf5 - - default default] Successfully bumped revision number for resource 6682aaf2-16fe-4b2a-ac4b-375199c3a5ae (type: security_group_rules) to 0
2026-04-28 08:51:13.356 10 INFO neutron.db.ovn_revision_numbers_db [None req-7d483ed9-7288-4cdd-b115-7f7c3bc88812 a2b2aee04d4e4d6a9c7048fdd2f2e66d 5906e0af14af44b78d262d35bdab8cf5 - - default default] Successfully bumped revision number for resource 6f980ade-06ac-47b9-8159-13fcd8a981cd (type: security_group_rules) to 0
2026-04-28 08:51:13.387 10 INFO neutron.db.ovn_revision_numbers_db [None req-7d483ed9-7288-4cdd-b115-7f7c3bc88812 a2b2aee04d4e4d6a9c7048fdd2f2e66d 5906e0af14af44b78d262d35bdab8cf5 - - default default] Successfully bumped revision number for resource 8db8ea6e-381c-4c51-99be-13fb8b4f9967 (type: security_group_rules) to 0
2026-04-28 08:51:13.425 10 INFO neutron.db.ovn_revision_numbers_db [None req-7d483ed9-7288-4cdd-b115-7f7c3bc88812 a2b2aee04d4e4d6a9c7048fdd2f2e66d 5906e0af14af44b78d262d35bdab8cf5 - - default default] Successfully bumped revision number for resource b2aae455-4a05-4e97-94c5-55d35c96e698 (type: security_group_rules) to 0
2026-04-28 08:51:13.505 10 INFO neutron.api.wsgi [None req-7d483ed9-7288-4cdd-b115-7f7c3bc88812 a2b2aee04d4e4d6a9c7048fdd2f2e66d 5906e0af14af44b78d262d35bdab8cf5 - - default default] 10.0.0.149 "GET /v2.0/security-groups?tenant_id=90444095f01541438ed93f7feb31673c&name=default HTTP/1.1" status: 200 len: 3120 time: 0.3324749
2026-04-28 08:51:13.510 9 INFO neutron.api.wsgi [req-e174d996-188f-473a-a268-4e35bc73f35b req-9b7735fc-79ab-40bd-b905-73a983c27eb9 a2368ceaf62846b9a38c9c340959a6ae 58f0e2cf4f6b466cbb37cbd966a6cbe8 - - default default] 10.0.0.203 "GET /v2.0/ports?device_id=947a71fa-7095-41b0-862e-76807bee4733 HTTP/1.1" status: 200 len: 1170 time: 0.0355966
2026-04-28 08:51:13.543 10 INFO neutron.db.ovn_revision_numbers_db [None req-ca1797ff-3671-4ee1-a54b-93dc27c13cde a2b2aee04d4e4d6a9c7048fdd2f2e66d 5906e0af14af44b78d262d35bdab8cf5 - - default default] Successfully bumped revision number for resource 28c00ae1-0072-452d-8c25-62a569833165 (type: security_groups) to 1
2026-04-28 08:51:13.550 9 INFO neutron.api.wsgi [req-e174d996-188f-473a-a268-4e35bc73f35b req-a8d33f8e-e66c-473e-b815-918e89520de3 a2368ceaf62846b9a38c9c340959a6ae 58f0e2cf4f6b466cbb37cbd966a6cbe8 - - default default] 10.0.0.203 "GET /v2.0/security-groups?id=24f2d4c0-529b-4769-877a-df74ed5d0301&fields=id&fields=name HTTP/1.1" status: 200 len: 312 time: 0.0344448
2026-04-28 08:51:13.565 10 INFO neutron.db.ovn_revision_numbers_db [None req-ca1797ff-3671-4ee1-a54b-93dc27c13cde a2b2aee04d4e4d6a9c7048fdd2f2e66d 5906e0af14af44b78d262d35bdab8cf5 - - default default] Successfully bumped revision number for resource 2da4508c-1e71-45b4-9658-e568ebbf3e46 (type: security_group_rules) to 0
2026-04-28 08:51:13.586 10 INFO neutron.db.ovn_revision_numbers_db [None req-ca1797ff-3671-4ee1-a54b-93dc27c13cde a2b2aee04d4e4d6a9c7048fdd2f2e66d 5906e0af14af44b78d262d35bdab8cf5 - - default default] Successfully bumped revision number for resource 32b45969-6142-4693-8e80-1d4062951520 (type: security_group_rules) to 0
2026-04-28 08:51:13.609 10 INFO neutron.db.ovn_revision_numbers_db [None req-ca1797ff-3671-4ee1-a54b-93dc27c13cde a2b2aee04d4e4d6a9c7048fdd2f2e66d 5906e0af14af44b78d262d35bdab8cf5 - - default default] Successfully bumped revision number for resource aed32c76-441b-4922-af2c-548dce820259 (type: security_group_rules) to 0
2026-04-28 08:51:13.631 10 INFO neutron.db.ovn_revision_numbers_db [None req-ca1797ff-3671-4ee1-a54b-93dc27c13cde a2b2aee04d4e4d6a9c7048fdd2f2e66d 5906e0af14af44b78d262d35bdab8cf5 - - default default] Successfully bumped revision number for resource de7f93d1-36c1-4105-9000-c7d9496bf44c (type: security_group_rules) to 0
2026-04-28 08:51:13.706 10 INFO neutron.api.wsgi [None req-ca1797ff-3671-4ee1-a54b-93dc27c13cde a2b2aee04d4e4d6a9c7048fdd2f2e66d 5906e0af14af44b78d262d35bdab8cf5 - - default default] 10.0.0.149 "GET /v2.0/security-groups?tenant_id=508e302de6c94b03bf1e76eba34ce3bd&name=default HTTP/1.1" status: 200 len: 3120 time: 0.3983190
2026-04-28 08:51:13.727 10 INFO neutron.api.wsgi [req-e3f539a6-e8a3-4106-931a-04ef31bf3d8c req-769636fd-266e-4b8b-bdfe-602e19ef4922 a2368ceaf62846b9a38c9c340959a6ae 58f0e2cf4f6b466cbb37cbd966a6cbe8 - - default default] 10.0.0.203 "GET /v2.0/ports?device_id=947a71fa-7095-41b0-862e-76807bee4733 HTTP/1.1" status: 200 len: 1170 time: 0.1079895
2026-04-28 08:51:13.821 10 INFO neutron.api.wsgi [None req-0f44a52a-ae43-42bf-b32c-9affce9fc39e a2b2aee04d4e4d6a9c7048fdd2f2e66d 5906e0af14af44b78d262d35bdab8cf5 - - default default] 10.0.0.149 "DELETE /v2.0/security-groups/56c53a1c-a4f2-4973-9294-0ba27cf70537 HTTP/1.1" status: 204 len: 168 time: 0.3070033
2026-04-28 08:51:13.946 10 INFO neutron.api.wsgi [-] 10.0.0.81 "GET / HTTP/1.1" status: 200 len: 246 time: 0.0020902
2026-04-28 08:51:13.948 10 INFO neutron.api.wsgi [-] 10.0.0.81 "GET / HTTP/1.1" status: 200 len: 246 time: 0.0013208
2026-04-28 08:51:14.530 9 INFO neutron.api.wsgi [None req-8c1ab2f5-c65f-4bd4-9937-6f0e75b97775 a2b2aee04d4e4d6a9c7048fdd2f2e66d 5906e0af14af44b78d262d35bdab8cf5 - - default default] 10.0.0.149 "DELETE /v2.0/security-groups/28c00ae1-0072-452d-8c25-62a569833165 HTTP/1.1" status: 204 len: 168 time: 0.8186355
2026-04-28 08:51:14.757 9 INFO neutron.db.ovn_revision_numbers_db [None req-1c4f7a3f-8d5b-4af9-bd6a-9161a979544d a2368ceaf62846b9a38c9c340959a6ae 58f0e2cf4f6b466cbb37cbd966a6cbe8 - - default default] Successfully bumped revision number for resource 06aad377-f4cc-4d84-8933-850ad78344b1 (type: floatingips) to 1
2026-04-28 08:51:15.011 9 INFO neutron.db.ovn_revision_numbers_db [None req-1c4f7a3f-8d5b-4af9-bd6a-9161a979544d a2368ceaf62846b9a38c9c340959a6ae 58f0e2cf4f6b466cbb37cbd966a6cbe8 - - default default] Successfully bumped revision number for resource 06aad377-f4cc-4d84-8933-850ad78344b1 (type: floatingips) to 2
2026-04-28 08:51:15.011 9 INFO neutron.db.l3_db [None req-1c4f7a3f-8d5b-4af9-bd6a-9161a979544d a2368ceaf62846b9a38c9c340959a6ae 58f0e2cf4f6b466cbb37cbd966a6cbe8 - - default default] Floating IP 06aad377-f4cc-4d84-8933-850ad78344b1 associated. External IP: 10.96.250.202, port: 7f263e48-5b7b-4410-8fa8-d33edf10e379.
2026-04-28 08:51:15.046 9 INFO neutron.api.wsgi [None req-1c4f7a3f-8d5b-4af9-bd6a-9161a979544d a2368ceaf62846b9a38c9c340959a6ae 58f0e2cf4f6b466cbb37cbd966a6cbe8 - - default default] 10.0.0.149 "PUT /v2.0/floatingips/06aad377-f4cc-4d84-8933-850ad78344b1 HTTP/1.1" status: 200 len: 1049 time: 1.3085079 /var/lib/openstack/lib/python3.12/site-packages/pycadf/identifier.py:71: UserWarning: Invalid uuid: neutron. To ensure interoperability, identifiers should be a valid uuid. warnings.warn(('Invalid uuid: %s. To ensure interoperability, '
2026-04-28 08:51:15.131 10 INFO neutron.api.wsgi [req-b624a7ec-b830-4216-bb2a-fd7bdb9f711b req-559ce1d3-78a4-4361-9b71-920946eb8171 a2368ceaf62846b9a38c9c340959a6ae 58f0e2cf4f6b466cbb37cbd966a6cbe8 - - default default] 10.0.0.203 "GET /v2.0/ports?device_id=947a71fa-7095-41b0-862e-76807bee4733 HTTP/1.1" status: 200 len: 1170 time: 0.0348725
