2026-04-28 08:54:15.563 10 INFO neutron.api.wsgi [req-457e5b8f-022e-4f6c-94a3-3bb582fd57a8 req-2a8e9cbf-d7ad-48bc-80ca-bd63a9c3af40 30587a6765614ce99c992f7605ee95af 0385b1eafcf1436ab1be06d0d76c6864 - - 1a9a9c801f84437c975186752f7bc6ba 1a9a9c801f84437c975186752f7bc6ba] 199.204.45.129 "GET /v2.0/ports?tenant_id=233b3b5a7793422989072e8b84eb46a7&device_id=5bfd7f5b-15dd-487e-84e2-caf1c33a2745 HTTP/1.1" status: 200 len: 1634 time: 0.1330941
2026-04-28 08:54:15.626 10 INFO neutron.api.wsgi [req-457e5b8f-022e-4f6c-94a3-3bb582fd57a8 req-23242ffe-ff56-460a-b9ba-8e7b4dfaf492 30587a6765614ce99c992f7605ee95af 0385b1eafcf1436ab1be06d0d76c6864 - - 1a9a9c801f84437c975186752f7bc6ba 1a9a9c801f84437c975186752f7bc6ba] 199.204.45.129 "GET /v2.0/networks?id=ebc60d29-612c-450f-a86b-15b48b36b6f5 HTTP/1.1" status: 200 len: 1002 time: 0.0569258
2026-04-28 08:54:15.701 10 INFO neutron.api.wsgi [req-457e5b8f-022e-4f6c-94a3-3bb582fd57a8 req-7b9d78e6-de2e-458c-acff-9f875b9a781a 30587a6765614ce99c992f7605ee95af 0385b1eafcf1436ab1be06d0d76c6864 - - 1a9a9c801f84437c975186752f7bc6ba 1a9a9c801f84437c975186752f7bc6ba] 199.204.45.129 "GET /v2.0/floatingips?fixed_ip_address=10.2.1.192&port_id=87a3ae7f-49a0-4430-806c-eba2dedbd1c9 HTTP/1.1" status: 200 len: 1059 time: 0.0686898
2026-04-28 08:54:15.718 9 INFO neutron.api.wsgi [None req-dc9f7ded-965a-4dde-a3af-0a489d936feb a2b2aee04d4e4d6a9c7048fdd2f2e66d 5906e0af14af44b78d262d35bdab8cf5 - - default default] 10.0.0.149 "GET /v2.0/security-groups?tenant_id=3fa0c24fe55541f4a40c26364376413f&name=default HTTP/1.1" status: 200 len: 3124 time: 0.0359602
2026-04-28 08:54:15.731 10 INFO neutron.api.wsgi [req-457e5b8f-022e-4f6c-94a3-3bb582fd57a8 req-cad29d5f-80ac-4dd5-b313-031f2cb4b4ff 30587a6765614ce99c992f7605ee95af 0385b1eafcf1436ab1be06d0d76c6864 - - 1a9a9c801f84437c975186752f7bc6ba 1a9a9c801f84437c975186752f7bc6ba] 199.204.45.129 "GET /v2.0/floatingips?fixed_ip_address=fd7b%3Af9f7%3Afff%3A4eca%3A%3A2c&port_id=87a3ae7f-49a0-4430-806c-eba2dedbd1c9 HTTP/1.1" status: 200 len: 217 time: 0.0238693
2026-04-28 08:54:15.770 10 INFO neutron.api.wsgi [req-457e5b8f-022e-4f6c-94a3-3bb582fd57a8 req-d23d0da6-365e-437e-b8cf-9ac1e01787bc 30587a6765614ce99c992f7605ee95af 0385b1eafcf1436ab1be06d0d76c6864 - - 1a9a9c801f84437c975186752f7bc6ba 1a9a9c801f84437c975186752f7bc6ba] 199.204.45.129 "GET /v2.0/subnets?id=ae2a2737-c4f4-43a9-b4ee-658699825cd9&id=005b4cb0-7ff9-43fd-a2c5-43295a23bfe0 HTTP/1.1" status: 200 len: 1609 time: 0.0342610
2026-04-28 08:54:15.794 10 INFO neutron.api.wsgi [req-457e5b8f-022e-4f6c-94a3-3bb582fd57a8 req-7072dcd0-f1ef-46b9-888d-433ab19a9ac6 30587a6765614ce99c992f7605ee95af 0385b1eafcf1436ab1be06d0d76c6864 - - 1a9a9c801f84437c975186752f7bc6ba 1a9a9c801f84437c975186752f7bc6ba] 199.204.45.129 "GET /v2.0/ports?network_id=ebc60d29-612c-450f-a86b-15b48b36b6f5&device_owner=network%3Adhcp HTTP/1.1" status: 200 len: 210 time: 0.0190721
2026-04-28 08:54:15.819 10 INFO neutron.api.wsgi [req-457e5b8f-022e-4f6c-94a3-3bb582fd57a8 req-c39f5cd1-c0fd-4e64-9e20-2a55a89f78c0 30587a6765614ce99c992f7605ee95af 0385b1eafcf1436ab1be06d0d76c6864 - - 1a9a9c801f84437c975186752f7bc6ba 1a9a9c801f84437c975186752f7bc6ba] 199.204.45.129 "GET /v2.0/ports?network_id=ebc60d29-612c-450f-a86b-15b48b36b6f5&device_owner=network%3Adhcp HTTP/1.1" status: 200 len: 210 time: 0.0181174
2026-04-28 08:54:15.876 10 INFO neutron.api.wsgi [req-457e5b8f-022e-4f6c-94a3-3bb582fd57a8 req-5713d242-3400-4ed2-9c7f-582c584b8181 30587a6765614ce99c992f7605ee95af 0385b1eafcf1436ab1be06d0d76c6864 - - 1a9a9c801f84437c975186752f7bc6ba 1a9a9c801f84437c975186752f7bc6ba] 199.204.45.129 "GET /v2.0/networks/ebc60d29-612c-450f-a86b-15b48b36b6f5?fields=segments HTTP/1.1" status: 200 len: 212 time: 0.0495009
2026-04-28 08:54:15.920 10 INFO neutron.api.wsgi [req-457e5b8f-022e-4f6c-94a3-3bb582fd57a8 req-284ff96f-178f-4814-9e52-2ec1741fd976 30587a6765614ce99c992f7605ee95af 0385b1eafcf1436ab1be06d0d76c6864 - - 1a9a9c801f84437c975186752f7bc6ba 1a9a9c801f84437c975186752f7bc6ba] 199.204.45.129 "GET /v2.0/networks/ebc60d29-612c-450f-a86b-15b48b36b6f5?fields=provider%3Aphysical_network&fields=provider%3Anetwork_type HTTP/1.1" status: 200 len: 277 time: 0.0371709
2026-04-28 08:54:16.020 9 INFO neutron.api.wsgi [None req-317aebef-ea5f-415a-a0f3-64d6a099db72 a2b2aee04d4e4d6a9c7048fdd2f2e66d 5906e0af14af44b78d262d35bdab8cf5 - - default default] 10.0.0.149 "DELETE /v2.0/security-groups/6b754ae5-d0a4-4504-aedc-4db25b36a930 HTTP/1.1" status: 204 len: 168 time: 0.2960558
2026-04-28 08:54:17.796 10 INFO neutron.api.wsgi [req-03cc816f-3859-46b8-8b06-e219ac14b9b5 req-94272210-61ce-41fb-b831-f967886446d3 30587a6765614ce99c992f7605ee95af 0385b1eafcf1436ab1be06d0d76c6864 - - 1a9a9c801f84437c975186752f7bc6ba 1a9a9c801f84437c975186752f7bc6ba] 10.0.0.214 "GET /v2.0/ports?device_id=5bfd7f5b-15dd-487e-84e2-caf1c33a2745 HTTP/1.1" status: 200 len: 1634 time: 0.0508857
2026-04-28 08:54:17.838 10 INFO neutron.api.wsgi [req-03cc816f-3859-46b8-8b06-e219ac14b9b5 req-822a5aa4-e1f0-4c62-983c-6259972fd0c0 30587a6765614ce99c992f7605ee95af 0385b1eafcf1436ab1be06d0d76c6864 - - 1a9a9c801f84437c975186752f7bc6ba 1a9a9c801f84437c975186752f7bc6ba] 10.0.0.214 "GET /v2.0/security-groups?id=889aebf8-d88e-4f8b-8f34-fa3f39fb3181&fields=id&fields=name HTTP/1.1" status: 200 len: 311 time: 0.0374985
2026-04-28 08:54:19.672 10 INFO neutron.api.wsgi [req-5a9efeb7-41cc-4db8-affb-ed4271d9bd59 req-fd099685-2b23-48e0-8234-00596cf93ee3 30587a6765614ce99c992f7605ee95af 0385b1eafcf1436ab1be06d0d76c6864 - - 1a9a9c801f84437c975186752f7bc6ba 1a9a9c801f84437c975186752f7bc6ba] 199.204.45.129 "GET /v2.0/ports?device_id=5bfd7f5b-15dd-487e-84e2-caf1c33a2745&fields=binding%3Ahost_id&fields=binding%3Avif_type HTTP/1.1" status: 200 len: 265 time: 0.0347648
2026-04-28 08:54:20.023 10 INFO neutron.api.wsgi [None req-d82d3101-6805-4546-871b-8a0bfea2c332 1e54b1a2350647beaec1ef3d51db7c91 a887ad7f3b6a4f9fa0bd393678ee839a - - default default] 10.0.0.175 "GET /v2.0/extensions HTTP/1.1" status: 200 len: 19298 time: 0.1122606
2026-04-28 08:54:20.032 10 INFO neutron.api.wsgi [req-24750c60-9375-4a60-98dd-a444839b57f3 req-92fdff41-0f25-4ecd-984b-ef11102d4fa2 586693900a4e494197bd6f64c0f28924 233b3b5a7793422989072e8b84eb46a7 - - default default] 199.204.45.129 "GET /v2.0/networks?id=f6ac6529-8aa9-4ad6-8a49-4042b2e4533c HTTP/1.1" status: 200 len: 904 time: 0.0662313
2026-04-28 08:54:20.083 10 INFO neutron.api.wsgi [req-24750c60-9375-4a60-98dd-a444839b57f3 req-e453a60e-fa75-499f-bb0e-87d972a33085 586693900a4e494197bd6f64c0f28924 233b3b5a7793422989072e8b84eb46a7 - - default default] 199.204.45.129 "GET /v2.0/security-groups?fields=id&fields=name&tenant_id=233b3b5a7793422989072e8b84eb46a7 HTTP/1.1" status: 200 len: 378 time: 0.0413785
2026-04-28 08:54:20.094 10 WARNING neutron_lib.context [req-24750c60-9375-4a60-98dd-a444839b57f3 req-b8612095-7148-431a-be56-c119c2c7b1a7 586693900a4e494197bd6f64c0f28924 233b3b5a7793422989072e8b84eb46a7 - - default default] Method 'is_advsvc' is deprecated since 2023.2 release (neutron-lib 3.8.0) and will be removed once support for the old RBAC API policies will be removed from Neutron. Please use method 'is_service_role' instead.
2026-04-28 08:54:20.177 10 INFO neutron.api.wsgi [None req-e38a98b6-7745-4087-9ae6-ae9f0289c334 1e54b1a2350647beaec1ef3d51db7c91 a887ad7f3b6a4f9fa0bd393678ee839a - - default default] 10.0.0.175 "GET /v2.0/quotas/a887ad7f3b6a4f9fa0bd393678ee839a/details HTTP/1.1" status: 200 len: 1046 time: 0.1408117
2026-04-28 08:54:20.536 10 WARNING neutron.scheduler.dhcp_agent_scheduler [req-24750c60-9375-4a60-98dd-a444839b57f3 req-b8612095-7148-431a-be56-c119c2c7b1a7 586693900a4e494197bd6f64c0f28924 233b3b5a7793422989072e8b84eb46a7 - - default default] No more DHCP agents
2026-04-28 08:54:20.537 10 WARNING neutron.api.rpc.agentnotifiers.dhcp_rpc_agent_api [req-24750c60-9375-4a60-98dd-a444839b57f3 req-b8612095-7148-431a-be56-c119c2c7b1a7 586693900a4e494197bd6f64c0f28924 233b3b5a7793422989072e8b84eb46a7 - - default default] Unable to schedule network f6ac6529-8aa9-4ad6-8a49-4042b2e4533c: no agents available; will retry on subsequent port and subnet creation events.
2026-04-28 08:54:20.737 10 INFO neutron.db.ovn_revision_numbers_db [req-24750c60-9375-4a60-98dd-a444839b57f3 req-b8612095-7148-431a-be56-c119c2c7b1a7 586693900a4e494197bd6f64c0f28924 233b3b5a7793422989072e8b84eb46a7 - - default default] Successfully bumped revision number for resource 46b7bbef-62e1-4d7a-9438-56d22122cde5 (type: ports) to 1
2026-04-28 08:54:20.741 9 INFO neutron.api.wsgi [req-5a9efeb7-41cc-4db8-affb-ed4271d9bd59 req-c0efa635-8e15-4958-b6c5-140a8121e762 30587a6765614ce99c992f7605ee95af 0385b1eafcf1436ab1be06d0d76c6864 - - 1a9a9c801f84437c975186752f7bc6ba 1a9a9c801f84437c975186752f7bc6ba] 199.204.45.129 "GET /v2.0/ports?tenant_id=233b3b5a7793422989072e8b84eb46a7&device_id=5bfd7f5b-15dd-487e-84e2-caf1c33a2745 HTTP/1.1" status: 200 len: 1634 time: 0.0478070
2026-04-28 08:54:20.746 9 INFO neutron.api.wsgi [req-40d32fd5-cbc0-416c-9850-0e724d175e41 req-d8217789-89a7-423e-abe4-08b5d749416f 586693900a4e494197bd6f64c0f28924 233b3b5a7793422989072e8b84eb46a7 - - default default] 10.0.0.203 "GET /v2.0/ports?device_id=c8c14293-9bd6-4b87-98e6-a2470f9f313a HTTP/1.1" status: 200 len: 1386 time: 0.1200244
2026-04-28 08:54:20.777 10 INFO neutron.api.wsgi [req-24750c60-9375-4a60-98dd-a444839b57f3 req-b8612095-7148-431a-be56-c119c2c7b1a7 586693900a4e494197bd6f64c0f28924 233b3b5a7793422989072e8b84eb46a7 - - default default] 199.204.45.129 "POST /v2.0/ports HTTP/1.1" status: 201 len: 1388 time: 0.6890261 /var/lib/openstack/lib/python3.12/site-packages/pycadf/identifier.py:71: UserWarning: Invalid uuid: neutron. To ensure interoperability, identifiers should be a valid uuid. warnings.warn(('Invalid uuid: %s. To ensure interoperability, '
2026-04-28 08:54:20.794 9 INFO neutron.api.wsgi [req-40d32fd5-cbc0-416c-9850-0e724d175e41 req-c761cd52-30a1-4824-9d52-308fdc65e1fa 586693900a4e494197bd6f64c0f28924 233b3b5a7793422989072e8b84eb46a7 - - default default] 10.0.0.203 "GET /v2.0/security-groups?id=889aebf8-d88e-4f8b-8f34-fa3f39fb3181&fields=id&fields=name HTTP/1.1" status: 200 len: 311 time: 0.0404866
2026-04-28 08:54:21.189 10 INFO neutron.db.ovn_revision_numbers_db [req-24750c60-9375-4a60-98dd-a444839b57f3 req-3c5eddf6-dc79-4e7d-bb20-92103e7f3869 30587a6765614ce99c992f7605ee95af 0385b1eafcf1436ab1be06d0d76c6864 - - 1a9a9c801f84437c975186752f7bc6ba 1a9a9c801f84437c975186752f7bc6ba] Successfully bumped revision number for resource 46b7bbef-62e1-4d7a-9438-56d22122cde5 (type: ports) to 2
2026-04-28 08:54:21.299 9 INFO neutron.api.wsgi [req-5a9efeb7-41cc-4db8-affb-ed4271d9bd59 req-535698cb-5fef-444c-b047-32c24a729121 30587a6765614ce99c992f7605ee95af 0385b1eafcf1436ab1be06d0d76c6864 - - 1a9a9c801f84437c975186752f7bc6ba 1a9a9c801f84437c975186752f7bc6ba] 199.204.45.129 "GET /v2.0/networks?id=ebc60d29-612c-450f-a86b-15b48b36b6f5 HTTP/1.1" status: 200 len: 1002 time: 0.0491784
2026-04-28 08:54:21.345 9 INFO neutron.api.wsgi [req-5a9efeb7-41cc-4db8-affb-ed4271d9bd59 req-9f14dc19-d353-4959-ba76-e7f956e03d0c 30587a6765614ce99c992f7605ee95af 0385b1eafcf1436ab1be06d0d76c6864 - - 1a9a9c801f84437c975186752f7bc6ba 1a9a9c801f84437c975186752f7bc6ba] 199.204.45.129 "GET /v2.0/floatingips?fixed_ip_address=10.2.1.192&port_id=87a3ae7f-49a0-4430-806c-eba2dedbd1c9 HTTP/1.1" status: 200 len: 1059 time: 0.0404472
2026-04-28 08:54:21.373 9 INFO neutron.api.wsgi [req-5a9efeb7-41cc-4db8-affb-ed4271d9bd59 req-1ba9dfdf-3964-4cac-95ed-cb8dc86d992f 30587a6765614ce99c992f7605ee95af 0385b1eafcf1436ab1be06d0d76c6864 - - 1a9a9c801f84437c975186752f7bc6ba 1a9a9c801f84437c975186752f7bc6ba] 199.204.45.129 "GET /v2.0/floatingips?fixed_ip_address=fd7b%3Af9f7%3Afff%3A4eca%3A%3A2c&port_id=87a3ae7f-49a0-4430-806c-eba2dedbd1c9 HTTP/1.1" status: 200 len: 217 time: 0.0218287
2026-04-28 08:54:21.409 9 INFO neutron.api.wsgi [req-5a9efeb7-41cc-4db8-affb-ed4271d9bd59 req-e94ccfcc-9998-446b-b058-3a6f7485f9c7 30587a6765614ce99c992f7605ee95af 0385b1eafcf1436ab1be06d0d76c6864 - - 1a9a9c801f84437c975186752f7bc6ba 1a9a9c801f84437c975186752f7bc6ba] 199.204.45.129 "GET /v2.0/subnets?id=ae2a2737-c4f4-43a9-b4ee-658699825cd9&id=005b4cb0-7ff9-43fd-a2c5-43295a23bfe0 HTTP/1.1" status: 200 len: 1609 time: 0.0301559
2026-04-28 08:54:21.427 10 INFO neutron.db.ovn_revision_numbers_db [req-24750c60-9375-4a60-98dd-a444839b57f3 req-3c5eddf6-dc79-4e7d-bb20-92103e7f3869 30587a6765614ce99c992f7605ee95af 0385b1eafcf1436ab1be06d0d76c6864 - - 1a9a9c801f84437c975186752f7bc6ba 1a9a9c801f84437c975186752f7bc6ba] Successfully bumped revision number for resource 46b7bbef-62e1-4d7a-9438-56d22122cde5 (type: ports) to 4
2026-04-28 08:54:21.434 9 INFO neutron.api.wsgi [req-5a9efeb7-41cc-4db8-affb-ed4271d9bd59 req-daab1de8-c33b-4e41-9582-92ff9bdf47f0 30587a6765614ce99c992f7605ee95af 0385b1eafcf1436ab1be06d0d76c6864 - - 1a9a9c801f84437c975186752f7bc6ba 1a9a9c801f84437c975186752f7bc6ba] 199.204.45.129 "GET /v2.0/ports?network_id=ebc60d29-612c-450f-a86b-15b48b36b6f5&device_owner=network%3Adhcp HTTP/1.1" status: 200 len: 210 time: 0.0201094
2026-04-28 08:54:21.446 10 INFO neutron.api.wsgi [req-24750c60-9375-4a60-98dd-a444839b57f3 req-3c5eddf6-dc79-4e7d-bb20-92103e7f3869 30587a6765614ce99c992f7605ee95af 0385b1eafcf1436ab1be06d0d76c6864 - - 1a9a9c801f84437c975186752f7bc6ba 1a9a9c801f84437c975186752f7bc6ba] 199.204.45.129 "PUT /v2.0/ports/46b7bbef-62e1-4d7a-9438-56d22122cde5 HTTP/1.1" status: 200 len: 1633 time: 0.6616306
2026-04-28 08:54:21.457 9 INFO neutron.api.wsgi [req-5a9efeb7-41cc-4db8-affb-ed4271d9bd59 req-359dbe46-ed4d-465c-b9d2-57430eac51be 30587a6765614ce99c992f7605ee95af 0385b1eafcf1436ab1be06d0d76c6864 - - 1a9a9c801f84437c975186752f7bc6ba 1a9a9c801f84437c975186752f7bc6ba] 199.204.45.129 "GET /v2.0/ports?network_id=ebc60d29-612c-450f-a86b-15b48b36b6f5&device_owner=network%3Adhcp HTTP/1.1" status: 200 len: 210 time: 0.0191071
2026-04-28 08:54:21.508 9 INFO neutron.api.wsgi [req-5a9efeb7-41cc-4db8-affb-ed4271d9bd59 req-0b17ae65-97b5-44af-996d-469e0ac7eae7 30587a6765614ce99c992f7605ee95af 0385b1eafcf1436ab1be06d0d76c6864 - - 1a9a9c801f84437c975186752f7bc6ba 1a9a9c801f84437c975186752f7bc6ba] 199.204.45.129 "GET /v2.0/networks/ebc60d29-612c-450f-a86b-15b48b36b6f5?fields=segments HTTP/1.1" status: 200 len: 212 time: 0.0466928
2026-04-28 08:54:21.569 9 INFO neutron.api.wsgi [req-5a9efeb7-41cc-4db8-affb-ed4271d9bd59 req-a2cecb4c-c95a-42cd-a283-9027c59c352d 30587a6765614ce99c992f7605ee95af 0385b1eafcf1436ab1be06d0d76c6864 - - 1a9a9c801f84437c975186752f7bc6ba 1a9a9c801f84437c975186752f7bc6ba] 199.204.45.129 "GET /v2.0/networks/ebc60d29-612c-450f-a86b-15b48b36b6f5?fields=provider%3Aphysical_network&fields=provider%3Anetwork_type HTTP/1.1" status: 200 len: 277 time: 0.0552890
2026-04-28 08:54:21.600 10 INFO neutron.notifiers.nova [-] Nova event matching ['req-0c7c1aa2-dee5-4010-8529-c6e172b65be0'] response: {'name': 'network-changed', 'server_uuid': 'c8c14293-9bd6-4b87-98e6-a2470f9f313a', 'tag': '46b7bbef-62e1-4d7a-9438-56d22122cde5', 'status': 'completed', 'code': 200}
2026-04-28 08:54:22.151 9 INFO neutron.api.wsgi [req-5d98261a-c767-4f60-8130-d09498c0937b req-2ec7811a-64ec-42cf-b489-0c30ec636103 30587a6765614ce99c992f7605ee95af 0385b1eafcf1436ab1be06d0d76c6864 - - 1a9a9c801f84437c975186752f7bc6ba 1a9a9c801f84437c975186752f7bc6ba] 199.204.45.129 "GET /v2.0/ports?tenant_id=233b3b5a7793422989072e8b84eb46a7&device_id=c8c14293-9bd6-4b87-98e6-a2470f9f313a HTTP/1.1" status: 200 len: 1636 time: 0.0403700 /var/lib/openstack/lib/python3.12/site-packages/pycadf/identifier.py:71: UserWarning: Invalid uuid: neutron. To ensure interoperability, identifiers should be a valid uuid. warnings.warn(('Invalid uuid: %s. To ensure interoperability, '
2026-04-28 08:54:22.234 10 INFO neutron.api.wsgi [None req-8daab8ce-2835-4352-8ff2-f91631ecee09 1e54b1a2350647beaec1ef3d51db7c91 a887ad7f3b6a4f9fa0bd393678ee839a - - default default] 10.0.0.175 "GET /v2.0/extensions HTTP/1.1" status: 200 len: 19298 time: 0.0046353
2026-04-28 08:54:22.236 9 INFO neutron.api.wsgi [req-5d98261a-c767-4f60-8130-d09498c0937b req-f94be698-b716-4e26-819d-fb2da83bb6ff 30587a6765614ce99c992f7605ee95af 0385b1eafcf1436ab1be06d0d76c6864 - - 1a9a9c801f84437c975186752f7bc6ba 1a9a9c801f84437c975186752f7bc6ba] 199.204.45.129 "GET /v2.0/networks?tenant_id=233b3b5a7793422989072e8b84eb46a7&shared=False HTTP/1.1" status: 200 len: 2584 time: 0.0734618
2026-04-28 08:54:22.302 9 INFO neutron.api.wsgi [req-5d98261a-c767-4f60-8130-d09498c0937b req-b345c568-f92a-46af-8334-976748ead2d0 30587a6765614ce99c992f7605ee95af 0385b1eafcf1436ab1be06d0d76c6864 - - 1a9a9c801f84437c975186752f7bc6ba 1a9a9c801f84437c975186752f7bc6ba] 199.204.45.129 "GET /v2.0/networks?shared=True HTTP/1.1" status: 200 len: 952 time: 0.0622165
2026-04-28 08:54:22.337 10 INFO neutron.api.wsgi [None req-034a797f-6842-4125-a257-7aa47ebe917e 1e54b1a2350647beaec1ef3d51db7c91 a887ad7f3b6a4f9fa0bd393678ee839a - - default default] 10.0.0.175 "GET /v2.0/quotas/a887ad7f3b6a4f9fa0bd393678ee839a/details HTTP/1.1" status: 200 len: 1046 time: 0.0882006
2026-04-28 08:54:23.376 9 INFO neutron.api.wsgi [req-24750c60-9375-4a60-98dd-a444839b57f3 req-7d964245-9c52-462d-b45b-b0082e466b86 30587a6765614ce99c992f7605ee95af 0385b1eafcf1436ab1be06d0d76c6864 - - 1a9a9c801f84437c975186752f7bc6ba 1a9a9c801f84437c975186752f7bc6ba] 199.204.45.129 "GET /v2.0/ports?tenant_id=233b3b5a7793422989072e8b84eb46a7&device_id=c8c14293-9bd6-4b87-98e6-a2470f9f313a HTTP/1.1" status: 200 len: 1636 time: 0.0393827
2026-04-28 08:54:23.404 9 INFO neutron.api.wsgi [req-24750c60-9375-4a60-98dd-a444839b57f3 req-fb779a5b-8dbf-4bd6-8208-dd017379f719 30587a6765614ce99c992f7605ee95af 0385b1eafcf1436ab1be06d0d76c6864 - - 1a9a9c801f84437c975186752f7bc6ba 1a9a9c801f84437c975186752f7bc6ba] 199.204.45.129 "GET /v2.0/floatingips?fixed_ip_address=10.2.2.254&port_id=46b7bbef-62e1-4d7a-9438-56d22122cde5 HTTP/1.1" status: 200 len: 217 time: 0.0205367
2026-04-28 08:54:23.433 9 INFO neutron.api.wsgi [req-24750c60-9375-4a60-98dd-a444839b57f3 req-b0751559-8739-47f5-84e7-c5a49c5edbfd 30587a6765614ce99c992f7605ee95af 0385b1eafcf1436ab1be06d0d76c6864 - - 1a9a9c801f84437c975186752f7bc6ba 1a9a9c801f84437c975186752f7bc6ba] 199.204.45.129 "GET /v2.0/floatingips?fixed_ip_address=fd77%3A1457%3A4cf0%3A26a8%3A%3A2b&port_id=46b7bbef-62e1-4d7a-9438-56d22122cde5 HTTP/1.1" status: 200 len: 217 time: 0.0229621
2026-04-28 08:54:23.481 9 INFO neutron.api.wsgi [req-24750c60-9375-4a60-98dd-a444839b57f3 req-6733236b-d210-41ca-8ac2-afc64f658e40 30587a6765614ce99c992f7605ee95af 0385b1eafcf1436ab1be06d0d76c6864 - - 1a9a9c801f84437c975186752f7bc6ba 1a9a9c801f84437c975186752f7bc6ba] 199.204.45.129 "GET /v2.0/subnets?id=7cc9b657-2ee3-45d7-8005-108ab277730c&id=a89993aa-2854-4bea-857a-a630ac0c47fb HTTP/1.1" status: 200 len: 1613 time: 0.0438333
2026-04-28 08:54:23.508 9 INFO neutron.api.wsgi [req-24750c60-9375-4a60-98dd-a444839b57f3 req-958ea61a-82ad-4084-8221-2c64d7655daa 30587a6765614ce99c992f7605ee95af 0385b1eafcf1436ab1be06d0d76c6864 - - 1a9a9c801f84437c975186752f7bc6ba 1a9a9c801f84437c975186752f7bc6ba] 199.204.45.129 "GET /v2.0/ports?network_id=f6ac6529-8aa9-4ad6-8a49-4042b2e4533c&device_owner=network%3Adhcp HTTP/1.1" status: 200 len: 210 time: 0.0211797
2026-04-28 08:54:23.531 9 INFO neutron.api.wsgi [req-24750c60-9375-4a60-98dd-a444839b57f3 req-fab24264-fc9d-4383-9d55-69457480e8e2 30587a6765614ce99c992f7605ee95af 0385b1eafcf1436ab1be06d0d76c6864 - - 1a9a9c801f84437c975186752f7bc6ba 1a9a9c801f84437c975186752f7bc6ba] 199.204.45.129 "GET /v2.0/ports?network_id=f6ac6529-8aa9-4ad6-8a49-4042b2e4533c&device_owner=network%3Adhcp HTTP/1.1" status: 200 len: 210 time: 0.0193603
2026-04-28 08:54:23.580 9 INFO neutron.api.wsgi [req-24750c60-9375-4a60-98dd-a444839b57f3 req-f0a506b6-ddd4-490f-8966-184c686013fe 30587a6765614ce99c992f7605ee95af 0385b1eafcf1436ab1be06d0d76c6864 - - 1a9a9c801f84437c975186752f7bc6ba 1a9a9c801f84437c975186752f7bc6ba] 199.204.45.129 "GET /v2.0/networks/f6ac6529-8aa9-4ad6-8a49-4042b2e4533c?fields=segments HTTP/1.1" status: 200 len: 212 time: 0.0430417
2026-04-28 08:54:23.638 9 INFO neutron.api.wsgi [req-24750c60-9375-4a60-98dd-a444839b57f3 req-415d084d-94e9-477b-9b36-5e76bab06ff9 30587a6765614ce99c992f7605ee95af 0385b1eafcf1436ab1be06d0d76c6864 - - 1a9a9c801f84437c975186752f7bc6ba 1a9a9c801f84437c975186752f7bc6ba] 199.204.45.129 "GET /v2.0/networks/f6ac6529-8aa9-4ad6-8a49-4042b2e4533c?fields=provider%3Aphysical_network&fields=provider%3Anetwork_type HTTP/1.1" status: 200 len: 277 time: 0.0533166
2026-04-28 08:54:24.763 10 INFO neutron.db.ovn_revision_numbers_db [None req-92ab3b2d-603b-454c-9337-fcf56af5eeba a2b2aee04d4e4d6a9c7048fdd2f2e66d 5906e0af14af44b78d262d35bdab8cf5 - - default default] Successfully bumped revision number for resource 2d822eec-614d-4c22-b0a9-6bd9459c811e (type: security_groups) to 1
2026-04-28 08:54:24.781 10 INFO neutron.db.ovn_revision_numbers_db [None req-92ab3b2d-603b-454c-9337-fcf56af5eeba a2b2aee04d4e4d6a9c7048fdd2f2e66d 5906e0af14af44b78d262d35bdab8cf5 - - default default] Successfully bumped revision number for resource 1ea5d0b2-7d49-4af2-bdc7-b696a151c853 (type: security_group_rules) to 0
2026-04-28 08:54:24.799 10 INFO neutron.db.ovn_revision_numbers_db [None req-92ab3b2d-603b-454c-9337-fcf56af5eeba a2b2aee04d4e4d6a9c7048fdd2f2e66d 5906e0af14af44b78d262d35bdab8cf5 - - default default] Successfully bumped revision number for resource 6e57e1f8-95f9-40e4-a5bf-7932789404d1 (type: security_group_rules) to 0
2026-04-28 08:54:24.817 10 INFO neutron.db.ovn_revision_numbers_db [None req-92ab3b2d-603b-454c-9337-fcf56af5eeba a2b2aee04d4e4d6a9c7048fdd2f2e66d 5906e0af14af44b78d262d35bdab8cf5 - - default default] Successfully bumped revision number for resource cadddae3-dae2-49aa-988b-cbe8c2a64e5b (type: security_group_rules) to 0
2026-04-28 08:54:24.830 10 INFO neutron.db.ovn_revision_numbers_db [None req-92ab3b2d-603b-454c-9337-fcf56af5eeba a2b2aee04d4e4d6a9c7048fdd2f2e66d 5906e0af14af44b78d262d35bdab8cf5 - - default default] Successfully bumped revision number for resource d592bbd9-8dd3-4b4b-b3be-081540c1c19a (type: security_group_rules) to 0
2026-04-28 08:54:24.873 10 INFO neutron.api.wsgi [None req-92ab3b2d-603b-454c-9337-fcf56af5eeba a2b2aee04d4e4d6a9c7048fdd2f2e66d 5906e0af14af44b78d262d35bdab8cf5 - - default default] 10.0.0.149 "GET /v2.0/security-groups?tenant_id=a887ad7f3b6a4f9fa0bd393678ee839a&name=default HTTP/1.1" status: 200 len: 3124 time: 0.3589976
2026-04-28 08:54:25.147 9 INFO neutron.api.wsgi [None req-aead0ae3-b68b-4d87-b8a2-df5eb9ce93a7 a2b2aee04d4e4d6a9c7048fdd2f2e66d 5906e0af14af44b78d262d35bdab8cf5 - - default default] 10.0.0.149 "DELETE /v2.0/security-groups/2d822eec-614d-4c22-b0a9-6bd9459c811e HTTP/1.1" status: 204 len: 168 time: 0.2659504
2026-04-28 08:54:25.826 10 INFO neutron.plugins.ml2.drivers.ovn.mech_driver.mech_driver [None req-4fe2e892-d9cc-4364-9750-61fadd56ba77 - - - - - -] OVN reports status up for port: 46b7bbef-62e1-4d7a-9438-56d22122cde5
2026-04-28 08:54:25.857 10 INFO neutron.plugins.ml2.plugin [None req-4fe2e892-d9cc-4364-9750-61fadd56ba77 - - - - - -] Attempt 1 to provision port 46b7bbef-62e1-4d7a-9438-56d22122cde5
2026-04-28 08:54:25.986 10 INFO neutron.api.wsgi [req-c8330b16-9526-4d7a-b009-a8b54d3bbfe0 req-2fb42675-48a1-4886-ae1c-f424a94ad336 586693900a4e494197bd6f64c0f28924 233b3b5a7793422989072e8b84eb46a7 - - default default] 10.0.0.203 "GET /v2.0/ports?device_id=c8c14293-9bd6-4b87-98e6-a2470f9f313a HTTP/1.1" status: 200 len: 1398 time: 0.1047318
2026-04-28 08:54:26.044 10 INFO neutron.notifiers.nova [-] Nova event matching ['req-fd1b2cae-e77b-43f8-9f5a-c5376e5f18cb'] response: {'server_uuid': 'c8c14293-9bd6-4b87-98e6-a2470f9f313a', 'name': 'network-vif-plugged', 'status': 'completed', 'tag': '46b7bbef-62e1-4d7a-9438-56d22122cde5', 'code': 200}
2026-04-28 08:54:26.053 10 INFO neutron.api.wsgi [req-c8330b16-9526-4d7a-b009-a8b54d3bbfe0 req-5a4a880a-89a6-45c1-9194-27fe45a93a44 586693900a4e494197bd6f64c0f28924 233b3b5a7793422989072e8b84eb46a7 - - default default] 10.0.0.203 "GET /v2.0/security-groups?id=889aebf8-d88e-4f8b-8f34-fa3f39fb3181&fields=id&fields=name HTTP/1.1" status: 200 len: 311 time: 0.0548694
2026-04-28 08:54:26.176 10 INFO neutron.db.ovn_revision_numbers_db [None req-4fe2e892-d9cc-4364-9750-61fadd56ba77 - - - - - -] Successfully bumped revision number for resource 46b7bbef-62e1-4d7a-9438-56d22122cde5 (type: ports) to 5 /var/lib/openstack/lib/python3.12/site-packages/pycadf/identifier.py:71: UserWarning: Invalid uuid: neutron. To ensure interoperability, identifiers should be a valid uuid. warnings.warn(('Invalid uuid: %s. To ensure interoperability, '
2026-04-28 08:54:27.752 10 INFO neutron.db.ovn_revision_numbers_db [None req-600469e6-1bfa-4ca5-9e10-58099c8195bc a2b2aee04d4e4d6a9c7048fdd2f2e66d 5906e0af14af44b78d262d35bdab8cf5 - - default default] Successfully bumped revision number for resource 588a5ce0-84f2-4c4d-b317-f142f7c08315 (type: security_groups) to 1
2026-04-28 08:54:27.769 10 INFO neutron.db.ovn_revision_numbers_db [None req-600469e6-1bfa-4ca5-9e10-58099c8195bc a2b2aee04d4e4d6a9c7048fdd2f2e66d 5906e0af14af44b78d262d35bdab8cf5 - - default default] Successfully bumped revision number for resource 18b0c7a1-c4c7-4b09-90e5-4290683c96ed (type: security_group_rules) to 0
2026-04-28 08:54:27.786 10 INFO neutron.db.ovn_revision_numbers_db [None req-600469e6-1bfa-4ca5-9e10-58099c8195bc a2b2aee04d4e4d6a9c7048fdd2f2e66d 5906e0af14af44b78d262d35bdab8cf5 - - default default] Successfully bumped revision number for resource 7eed34c4-1ee6-4229-9c5b-7c286d41bafd (type: security_group_rules) to 0
2026-04-28 08:54:27.804 10 INFO neutron.db.ovn_revision_numbers_db [None req-600469e6-1bfa-4ca5-9e10-58099c8195bc a2b2aee04d4e4d6a9c7048fdd2f2e66d 5906e0af14af44b78d262d35bdab8cf5 - - default default] Successfully bumped revision number for resource b28dc270-5446-43b4-8ee8-71522e8188a8 (type: security_group_rules) to 0
2026-04-28 08:54:27.834 10 INFO neutron.db.ovn_revision_numbers_db [None req-600469e6-1bfa-4ca5-9e10-58099c8195bc a2b2aee04d4e4d6a9c7048fdd2f2e66d 5906e0af14af44b78d262d35bdab8cf5 - - default default] Successfully bumped revision number for resource eec15d35-5bb1-4dba-b588-cff703c0ef44 (type: security_group_rules) to 0
2026-04-28 08:54:27.917 10 INFO neutron.db.segments_db [None req-600469e6-1bfa-4ca5-9e10-58099c8195bc a2b2aee04d4e4d6a9c7048fdd2f2e66d 5906e0af14af44b78d262d35bdab8cf5 - - default default] Added segment de586b70-6fd2-49fd-8e0d-3ae901ee8ecd of type geneve for network 98db910f-54f2-469d-92de-75b97726af01
2026-04-28 08:54:28.052 10 INFO neutron.db.ovn_revision_numbers_db [None req-600469e6-1bfa-4ca5-9e10-58099c8195bc a2b2aee04d4e4d6a9c7048fdd2f2e66d 5906e0af14af44b78d262d35bdab8cf5 - - default default] Successfully bumped revision number for resource 98db910f-54f2-469d-92de-75b97726af01 (type: networks) to 1
2026-04-28 08:54:28.084 10 INFO neutron.notifiers.nova [-] Nova event matching ['req-bc6ca3e8-0ba9-454f-9ca8-b17e591f43e7'] response: {'server_uuid': 'c8c14293-9bd6-4b87-98e6-a2470f9f313a', 'name': 'network-vif-plugged', 'status': 'completed', 'tag': '46b7bbef-62e1-4d7a-9438-56d22122cde5', 'code': 200}
2026-04-28 08:54:28.213 10 WARNING neutron.scheduler.dhcp_agent_scheduler [None req-600469e6-1bfa-4ca5-9e10-58099c8195bc a2b2aee04d4e4d6a9c7048fdd2f2e66d 5906e0af14af44b78d262d35bdab8cf5 - - default default] No more DHCP agents
2026-04-28 08:54:28.214 10 WARNING neutron.api.rpc.agentnotifiers.dhcp_rpc_agent_api [None req-600469e6-1bfa-4ca5-9e10-58099c8195bc a2b2aee04d4e4d6a9c7048fdd2f2e66d 5906e0af14af44b78d262d35bdab8cf5 - - default default] Unable to schedule network 98db910f-54f2-469d-92de-75b97726af01: no agents available; will retry on subsequent port and subnet creation events.
2026-04-28 08:54:28.283 10 INFO neutron.db.ovn_revision_numbers_db [None req-600469e6-1bfa-4ca5-9e10-58099c8195bc a2b2aee04d4e4d6a9c7048fdd2f2e66d 5906e0af14af44b78d262d35bdab8cf5 - - default default] Successfully bumped revision number for resource f7cfb68f-bfc5-440c-81a5-625c6c2668a1 (type: ports) to 1
2026-04-28 08:54:28.314 10 INFO neutron.api.wsgi [None req-600469e6-1bfa-4ca5-9e10-58099c8195bc a2b2aee04d4e4d6a9c7048fdd2f2e66d 5906e0af14af44b78d262d35bdab8cf5 - - default default] 10.0.0.149 "POST /v2.0/networks HTTP/1.1" status: 201 len: 941 time: 0.9259918
2026-04-28 08:54:28.468 10 WARNING neutron.scheduler.dhcp_agent_scheduler [None req-ae99da6f-15f2-4fdb-9c2f-691bbc8761c4 a2b2aee04d4e4d6a9c7048fdd2f2e66d 5906e0af14af44b78d262d35bdab8cf5 - - default default] No more DHCP agents
2026-04-28 08:54:28.469 10 WARNING neutron.api.rpc.agentnotifiers.dhcp_rpc_agent_api [None req-ae99da6f-15f2-4fdb-9c2f-691bbc8761c4 a2b2aee04d4e4d6a9c7048fdd2f2e66d 5906e0af14af44b78d262d35bdab8cf5 - - default default] Unable to schedule network 98db910f-54f2-469d-92de-75b97726af01: no agents available; will retry on subsequent port and subnet creation events.
2026-04-28 08:54:28.945 9 INFO neutron.api.wsgi [-] 10.0.0.81 "GET / HTTP/1.1" status: 200 len: 246 time: 0.0018444
2026-04-28 08:54:28.947 9 INFO neutron.api.wsgi [-] 10.0.0.81 "GET / HTTP/1.1" status: 200 len: 246 time: 0.0016742
2026-04-28 08:54:29.011 10 INFO neutron.db.ovn_revision_numbers_db [None req-fad2e57c-5fce-409d-b377-c401e5115b3e - - - - - -] Successfully bumped revision number for resource f7cfb68f-bfc5-440c-81a5-625c6c2668a1 (type: ports) to 2
2026-04-28 08:54:29.132 10 INFO neutron.db.ovn_revision_numbers_db [None req-fad2e57c-5fce-409d-b377-c401e5115b3e - - - - - -] Successfully bumped revision number for resource af9d15c3-184a-44ea-811c-bbf7d87afef3 (type: subnets) to 0
2026-04-28 08:54:29.175 10 INFO neutron.api.wsgi [None req-ae99da6f-15f2-4fdb-9c2f-691bbc8761c4 a2b2aee04d4e4d6a9c7048fdd2f2e66d 5906e0af14af44b78d262d35bdab8cf5 - - default default] 10.0.0.149 "POST /v2.0/subnets HTTP/1.1" status: 201 len: 886 time: 0.8577693
2026-04-28 08:54:29.648 10 WARNING neutron.scheduler.dhcp_agent_scheduler [None req-9e8e30e8-0238-4651-bff9-d15a26f8278b a2b2aee04d4e4d6a9c7048fdd2f2e66d 5906e0af14af44b78d262d35bdab8cf5 - - default default] No more DHCP agents
2026-04-28 08:54:29.649 10 WARNING neutron.api.rpc.agentnotifiers.dhcp_rpc_agent_api [None req-9e8e30e8-0238-4651-bff9-d15a26f8278b a2b2aee04d4e4d6a9c7048fdd2f2e66d 5906e0af14af44b78d262d35bdab8cf5 - - default default] Unable to schedule network 8301fb6d-9aec-4d84-b74f-b2012bc8b9c2: no agents available; will retry on subsequent port and subnet creation events.
2026-04-28 08:54:29.765 10 INFO neutron.db.ovn_revision_numbers_db [None req-9e8e30e8-0238-4651-bff9-d15a26f8278b a2b2aee04d4e4d6a9c7048fdd2f2e66d 5906e0af14af44b78d262d35bdab8cf5 - - default default] Successfully bumped revision number for resource ab9aae9f-b080-49b8-8580-292255fb0dc6 (type: ports) to 1
2026-04-28 08:54:30.402 10 INFO neutron.plugins.ml2.drivers.ovn.mech_driver.ovsdb.commands [None req-644b6bd9-7971-4d26-ac21-8079cb7bc3ac - - - - - -] Schedule LRP lrp-ab9aae9f-b080-49b8-8580-292255fb0dc6 on gateway 3e177de7-d177-4b0e-b889-1a2c5099a0ab with priority 1
2026-04-28 08:54:30.413 10 INFO neutron.plugins.ml2.drivers.ovn.mech_driver.mech_driver [None req-4ad284b4-d4e2-48cf-abcb-699680788104 - - - - - -] OVN reports status up for port: ab9aae9f-b080-49b8-8580-292255fb0dc6
2026-04-28 08:54:30.429 9 INFO neutron.plugins.ml2.drivers.ovn.mech_driver.ovsdb.ovsdb_monitor [None req-4120bc9b-fd97-4232-8481-624a928e7dd5 - - - - - -] Router ac6eea62-6f00-4910-be56-cbf1b5f7ac35 is bound to host instance
2026-04-28 08:54:30.443 10 INFO neutron.plugins.ml2.plugin [None req-4ad284b4-d4e2-48cf-abcb-699680788104 - - - - - -] Attempt 1 to provision port ab9aae9f-b080-49b8-8580-292255fb0dc6
2026-04-28 08:54:30.473 10 INFO neutron.db.ovn_revision_numbers_db [None req-9e8e30e8-0238-4651-bff9-d15a26f8278b a2b2aee04d4e4d6a9c7048fdd2f2e66d 5906e0af14af44b78d262d35bdab8cf5 - - default default] Successfully bumped revision number for resource ab9aae9f-b080-49b8-8580-292255fb0dc6 (type: router_ports) to 1
2026-04-28 08:54:30.544 10 INFO neutron.db.ovn_revision_numbers_db [None req-9e8e30e8-0238-4651-bff9-d15a26f8278b a2b2aee04d4e4d6a9c7048fdd2f2e66d 5906e0af14af44b78d262d35bdab8cf5 - - default default] Successfully bumped revision number for resource ac6eea62-6f00-4910-be56-cbf1b5f7ac35 (type: routers) to 2
2026-04-28 08:54:30.563 10 INFO neutron.api.wsgi [None req-9e8e30e8-0238-4651-bff9-d15a26f8278b a2b2aee04d4e4d6a9c7048fdd2f2e66d 5906e0af14af44b78d262d35bdab8cf5 - - default default] 10.0.0.149 "POST /v2.0/routers HTTP/1.1" status: 201 len: 1164 time: 1.3836696
2026-04-28 08:54:31.024 9 INFO neutron.db.ovn_revision_numbers_db [None req-e2a5b953-4e5f-4832-b35a-01ac4d1a6a88 - - - - - -] Successfully bumped revision number for resource ab9aae9f-b080-49b8-8580-292255fb0dc6 (type: ports) to 1
2026-04-28 08:54:31.124 9 WARNING neutron.scheduler.dhcp_agent_scheduler [None req-994e32bc-2f7f-47ad-8c90-5dd1161d57c0 a2b2aee04d4e4d6a9c7048fdd2f2e66d 5906e0af14af44b78d262d35bdab8cf5 - - default default] No more DHCP agents
2026-04-28 08:54:31.132 9 WARNING neutron.api.rpc.agentnotifiers.dhcp_rpc_agent_api [None req-994e32bc-2f7f-47ad-8c90-5dd1161d57c0 a2b2aee04d4e4d6a9c7048fdd2f2e66d 5906e0af14af44b78d262d35bdab8cf5 - - default default] Unable to schedule network 98db910f-54f2-469d-92de-75b97726af01: no agents available; will retry on subsequent port and subnet creation events.
2026-04-28 08:54:31.193 10 INFO neutron.api.wsgi [req-d35cde8a-bedd-4e7d-a599-884f9c5397b0 req-e24e5bfd-1c36-4ff4-a2db-f7d97127a670 586693900a4e494197bd6f64c0f28924 233b3b5a7793422989072e8b84eb46a7 - - default default] 10.0.0.203 "GET /v2.0/ports?device_id=c8c14293-9bd6-4b87-98e6-a2470f9f313a HTTP/1.1" status: 200 len: 1400 time: 0.0753410
2026-04-28 08:54:31.228 10 INFO neutron.api.wsgi [req-d35cde8a-bedd-4e7d-a599-884f9c5397b0 req-3477adf6-418e-4688-a4ac-056c98171a1e 586693900a4e494197bd6f64c0f28924 233b3b5a7793422989072e8b84eb46a7 - - default default] 10.0.0.203 "GET /v2.0/security-groups?id=889aebf8-d88e-4f8b-8f34-fa3f39fb3181&fields=id&fields=name HTTP/1.1" status: 200 len: 311 time: 0.0305705
2026-04-28 08:54:31.378 9 INFO neutron.api.wsgi [None req-0ce84c4b-95b5-4a52-8f3c-f33fe87c5cf1 586693900a4e494197bd6f64c0f28924 233b3b5a7793422989072e8b84eb46a7 - - default default] 10.0.0.149 "GET /v2.0/ports?network_id=f6ac6529-8aa9-4ad6-8a49-4042b2e4533c&mac_address=fa%3A16%3A3e%3Abe%3A36%3A91 HTTP/1.1" status: 200 len: 1395 time: 0.1245821
2026-04-28 08:54:31.390 10 WARNING neutron_lib.context [None req-973178c0-8afc-4149-8a2b-4ae6520b2367 586693900a4e494197bd6f64c0f28924 233b3b5a7793422989072e8b84eb46a7 - - default default] Method 'is_advsvc' is deprecated since 2023.2 release (neutron-lib 3.8.0) and will be removed once support for the old RBAC API policies will be removed from Neutron. Please use method 'is_service_role' instead.
2026-04-28 08:54:31.390 9 INFO neutron.db.ovn_revision_numbers_db [None req-994e32bc-2f7f-47ad-8c90-5dd1161d57c0 a2b2aee04d4e4d6a9c7048fdd2f2e66d 5906e0af14af44b78d262d35bdab8cf5 - - default default] Successfully bumped revision number for resource 7958f694-da2d-4057-9cca-bc85f67cae75 (type: ports) to 1
2026-04-28 08:54:31.581 9 INFO neutron.db.ovn_revision_numbers_db [None req-e2a5b953-4e5f-4832-b35a-01ac4d1a6a88 - - - - - -] Successfully bumped revision number for resource ab9aae9f-b080-49b8-8580-292255fb0dc6 (type: ports) to 4
2026-04-28 08:54:31.963 9 INFO neutron.db.ovn_revision_numbers_db [None req-e2a5b953-4e5f-4832-b35a-01ac4d1a6a88 - - - - - -] Successfully bumped revision number for resource ab9aae9f-b080-49b8-8580-292255fb0dc6 (type: ports) to 5
2026-04-28 08:54:32.087 10 WARNING neutron.scheduler.dhcp_agent_scheduler [None req-973178c0-8afc-4149-8a2b-4ae6520b2367 586693900a4e494197bd6f64c0f28924 233b3b5a7793422989072e8b84eb46a7 - - default default] No more DHCP agents
2026-04-28 08:54:32.089 10 WARNING neutron.api.rpc.agentnotifiers.dhcp_rpc_agent_api [None req-973178c0-8afc-4149-8a2b-4ae6520b2367 586693900a4e494197bd6f64c0f28924 233b3b5a7793422989072e8b84eb46a7 - - default default] Unable to schedule network 8301fb6d-9aec-4d84-b74f-b2012bc8b9c2: no agents available; will retry on subsequent port and subnet creation events.
2026-04-28 08:54:32.107 9 INFO neutron.db.ovn_revision_numbers_db [None req-994e32bc-2f7f-47ad-8c90-5dd1161d57c0 a2b2aee04d4e4d6a9c7048fdd2f2e66d 5906e0af14af44b78d262d35bdab8cf5 - - default default] Successfully bumped revision number for resource 7958f694-da2d-4057-9cca-bc85f67cae75 (type: ports) to 1
2026-04-28 08:54:32.162 9 WARNING neutron.scheduler.dhcp_agent_scheduler [None req-994e32bc-2f7f-47ad-8c90-5dd1161d57c0 a2b2aee04d4e4d6a9c7048fdd2f2e66d 5906e0af14af44b78d262d35bdab8cf5 - - default default] No more DHCP agents
2026-04-28 08:54:32.163 9 WARNING neutron.api.rpc.agentnotifiers.dhcp_rpc_agent_api [None req-994e32bc-2f7f-47ad-8c90-5dd1161d57c0 a2b2aee04d4e4d6a9c7048fdd2f2e66d 5906e0af14af44b78d262d35bdab8cf5 - - default default] Unable to schedule network 98db910f-54f2-469d-92de-75b97726af01: no agents available; will retry on subsequent port and subnet creation events.
2026-04-28 08:54:32.715 10 INFO neutron.plugins.ml2.drivers.ovn.mech_driver.mech_driver [None req-4ad284b4-d4e2-48cf-abcb-699680788104 - - - - - -] OVN reports status up for port: 7958f694-da2d-4057-9cca-bc85f67cae75
2026-04-28 08:54:32.724 10 INFO neutron.plugins.ml2.plugin [None req-4ad284b4-d4e2-48cf-abcb-699680788104 - - - - - -] Attempt 1 to provision port 7958f694-da2d-4057-9cca-bc85f67cae75
2026-04-28 08:54:32.776 9 INFO neutron.db.ovn_revision_numbers_db [None req-994e32bc-2f7f-47ad-8c90-5dd1161d57c0 a2b2aee04d4e4d6a9c7048fdd2f2e66d 5906e0af14af44b78d262d35bdab8cf5 - - default default] Successfully bumped revision number for resource 7958f694-da2d-4057-9cca-bc85f67cae75 (type: router_ports) to 1
2026-04-28 08:54:32.782 9 INFO neutron.api.wsgi [None req-994e32bc-2f7f-47ad-8c90-5dd1161d57c0 a2b2aee04d4e4d6a9c7048fdd2f2e66d 5906e0af14af44b78d262d35bdab8cf5 - - default default] 10.0.0.149 "PUT /v2.0/routers/ac6eea62-6f00-4910-be56-cbf1b5f7ac35/add_router_interface HTTP/1.1" status: 200 len: 503 time: 2.2130144
2026-04-28 08:54:32.874 10 INFO neutron.db.ovn_revision_numbers_db [None req-973178c0-8afc-4149-8a2b-4ae6520b2367 586693900a4e494197bd6f64c0f28924 233b3b5a7793422989072e8b84eb46a7 - - default default] Successfully bumped revision number for resource 03771b7e-5cc0-4e2d-883c-3fb31eafc7c1 (type: floatingips) to -1
2026-04-28 08:54:32.988 10 INFO neutron.db.ovn_revision_numbers_db [None req-973178c0-8afc-4149-8a2b-4ae6520b2367 586693900a4e494197bd6f64c0f28924 233b3b5a7793422989072e8b84eb46a7 - - default default] Successfully bumped revision number for resource 03771b7e-5cc0-4e2d-883c-3fb31eafc7c1 (type: floatingips) to 1
2026-04-28 08:54:32.988 10 INFO neutron.db.l3_db [None req-973178c0-8afc-4149-8a2b-4ae6520b2367 586693900a4e494197bd6f64c0f28924 233b3b5a7793422989072e8b84eb46a7 - - default default] Floating IP 03771b7e-5cc0-4e2d-883c-3fb31eafc7c1 associated. External IP: 10.96.250.205, port: 46b7bbef-62e1-4d7a-9438-56d22122cde5.
2026-04-28 08:54:33.035 10 INFO neutron.api.wsgi [None req-973178c0-8afc-4149-8a2b-4ae6520b2367 586693900a4e494197bd6f64c0f28924 233b3b5a7793422989072e8b84eb46a7 - - default default] 10.0.0.149 "POST /v2.0/floatingips HTTP/1.1" status: 201 len: 1054 time: 1.6508062
2026-04-28 08:54:33.072 10 INFO neutron.notifiers.nova [-] Nova event matching ['req-eec94aab-4ad1-44cc-a95f-59e8b5e1af1a'] response: {'name': 'network-changed', 'server_uuid': 'c8c14293-9bd6-4b87-98e6-a2470f9f313a', 'tag': '46b7bbef-62e1-4d7a-9438-56d22122cde5', 'status': 'completed', 'code': 200}
2026-04-28 08:54:33.194 10 INFO neutron.db.ovn_revision_numbers_db [None req-4ad284b4-d4e2-48cf-abcb-699680788104 - - - - - -] Successfully bumped revision number for resource 7958f694-da2d-4057-9cca-bc85f67cae75 (type: ports) to 2
2026-04-28 08:54:33.628 9 INFO neutron.api.wsgi [req-920ef6ad-e05f-4c89-b15a-3e1964d15705 req-7499d5f4-9587-4b1a-aeac-a69ed411041c 30587a6765614ce99c992f7605ee95af 0385b1eafcf1436ab1be06d0d76c6864 - - 1a9a9c801f84437c975186752f7bc6ba 1a9a9c801f84437c975186752f7bc6ba] 199.204.45.129 "GET /v2.0/ports?tenant_id=233b3b5a7793422989072e8b84eb46a7&device_id=c8c14293-9bd6-4b87-98e6-a2470f9f313a HTTP/1.1" status: 200 len: 1638 time: 0.0435088
2026-04-28 08:54:33.679 9 INFO neutron.api.wsgi [req-920ef6ad-e05f-4c89-b15a-3e1964d15705 req-0bbce1b2-f834-4379-b5c6-2b7cd8c7ff41 30587a6765614ce99c992f7605ee95af 0385b1eafcf1436ab1be06d0d76c6864 - - 1a9a9c801f84437c975186752f7bc6ba 1a9a9c801f84437c975186752f7bc6ba] 199.204.45.129 "GET /v2.0/networks?id=f6ac6529-8aa9-4ad6-8a49-4042b2e4533c HTTP/1.1" status: 200 len: 1002 time: 0.0460668
2026-04-28 08:54:33.726 9 INFO neutron.api.wsgi [req-920ef6ad-e05f-4c89-b15a-3e1964d15705 req-b2f9017d-5200-42cc-abdb-f157a3844d51 30587a6765614ce99c992f7605ee95af 0385b1eafcf1436ab1be06d0d76c6864 - - 1a9a9c801f84437c975186752f7bc6ba 1a9a9c801f84437c975186752f7bc6ba] 199.204.45.129 "GET /v2.0/floatingips?fixed_ip_address=10.2.2.254&port_id=46b7bbef-62e1-4d7a-9438-56d22122cde5 HTTP/1.1" status: 200 len: 1059 time: 0.0424290
2026-04-28 08:54:33.751 9 INFO neutron.api.wsgi [req-920ef6ad-e05f-4c89-b15a-3e1964d15705 req-f8a183df-04b4-4ef6-9f07-35ee5db5b0e9 30587a6765614ce99c992f7605ee95af 0385b1eafcf1436ab1be06d0d76c6864 - - 1a9a9c801f84437c975186752f7bc6ba 1a9a9c801f84437c975186752f7bc6ba] 199.204.45.129 "GET /v2.0/floatingips?fixed_ip_address=fd77%3A1457%3A4cf0%3A26a8%3A%3A2b&port_id=46b7bbef-62e1-4d7a-9438-56d22122cde5 HTTP/1.1" status: 200 len: 217 time: 0.0189059
2026-04-28 08:54:33.785 9 INFO neutron.api.wsgi [req-920ef6ad-e05f-4c89-b15a-3e1964d15705 req-20f968a6-aac0-4797-97b0-6adc3f01880d 30587a6765614ce99c992f7605ee95af 0385b1eafcf1436ab1be06d0d76c6864 - - 1a9a9c801f84437c975186752f7bc6ba 1a9a9c801f84437c975186752f7bc6ba] 199.204.45.129 "GET /v2.0/subnets?id=7cc9b657-2ee3-45d7-8005-108ab277730c&id=a89993aa-2854-4bea-857a-a630ac0c47fb HTTP/1.1" status: 200 len: 1613 time: 0.0296545
2026-04-28 08:54:33.818 9 INFO neutron.api.wsgi [req-920ef6ad-e05f-4c89-b15a-3e1964d15705 req-6fd17d7d-e0fd-40fd-9491-aaa98dace89e 30587a6765614ce99c992f7605ee95af 0385b1eafcf1436ab1be06d0d76c6864 - - 1a9a9c801f84437c975186752f7bc6ba 1a9a9c801f84437c975186752f7bc6ba] 199.204.45.129 "GET /v2.0/ports?network_id=f6ac6529-8aa9-4ad6-8a49-4042b2e4533c&device_owner=network%3Adhcp HTTP/1.1" status: 200 len: 210 time: 0.0288463
2026-04-28 08:54:33.850 9 INFO neutron.api.wsgi [req-920ef6ad-e05f-4c89-b15a-3e1964d15705 req-4b70b725-f0a1-4296-a242-6e526a39d18f 30587a6765614ce99c992f7605ee95af 0385b1eafcf1436ab1be06d0d76c6864 - - 1a9a9c801f84437c975186752f7bc6ba 1a9a9c801f84437c975186752f7bc6ba] 199.204.45.129 "GET /v2.0/ports?network_id=f6ac6529-8aa9-4ad6-8a49-4042b2e4533c&device_owner=network%3Adhcp HTTP/1.1" status: 200 len: 210 time: 0.0249503
2026-04-28 08:54:33.922 9 INFO neutron.api.wsgi [req-920ef6ad-e05f-4c89-b15a-3e1964d15705 req-a31c6487-9db3-4dc8-b994-872504a17701 30587a6765614ce99c992f7605ee95af 0385b1eafcf1436ab1be06d0d76c6864 - - 1a9a9c801f84437c975186752f7bc6ba 1a9a9c801f84437c975186752f7bc6ba] 199.204.45.129 "GET /v2.0/networks/f6ac6529-8aa9-4ad6-8a49-4042b2e4533c?fields=segments HTTP/1.1" status: 200 len: 212 time: 0.0631478
2026-04-28 08:54:33.994 9 INFO neutron.api.wsgi [req-920ef6ad-e05f-4c89-b15a-3e1964d15705 req-15679248-2aad-436d-b8d9-f350143ba71d 30587a6765614ce99c992f7605ee95af 0385b1eafcf1436ab1be06d0d76c6864 - - 1a9a9c801f84437c975186752f7bc6ba 1a9a9c801f84437c975186752f7bc6ba] 199.204.45.129 "GET /v2.0/networks/f6ac6529-8aa9-4ad6-8a49-4042b2e4533c?fields=provider%3Aphysical_network&fields=provider%3Anetwork_type HTTP/1.1" status: 200 len: 277 time: 0.0669646
2026-04-28 08:54:34.075 9 INFO neutron.db.ovn_revision_numbers_db [None req-2635ab77-248e-4165-8d9e-1522a53d9abc a2b2aee04d4e4d6a9c7048fdd2f2e66d 5906e0af14af44b78d262d35bdab8cf5 - - default default] Successfully bumped revision number for resource 29aeae81-fc06-436d-8f9c-4bda40528bd0 (type: security_groups) to 1
2026-04-28 08:54:34.092 9 INFO neutron.db.ovn_revision_numbers_db [None req-2635ab77-248e-4165-8d9e-1522a53d9abc a2b2aee04d4e4d6a9c7048fdd2f2e66d 5906e0af14af44b78d262d35bdab8cf5 - - default default] Successfully bumped revision number for resource 65d8f279-e2e8-4314-844e-8ec8008ae4eb (type: security_group_rules) to 0
2026-04-28 08:54:34.108 9 INFO neutron.db.ovn_revision_numbers_db [None req-2635ab77-248e-4165-8d9e-1522a53d9abc a2b2aee04d4e4d6a9c7048fdd2f2e66d 5906e0af14af44b78d262d35bdab8cf5 - - default default] Successfully bumped revision number for resource 676012c9-301b-46f4-841e-912aa097ec52 (type: security_group_rules) to 0
2026-04-28 08:54:34.122 9 INFO neutron.db.ovn_revision_numbers_db [None req-2635ab77-248e-4165-8d9e-1522a53d9abc a2b2aee04d4e4d6a9c7048fdd2f2e66d 5906e0af14af44b78d262d35bdab8cf5 - - default default] Successfully bumped revision number for resource 7afe54d5-d025-4453-a5db-9146a97af223 (type: security_group_rules) to 0
2026-04-28 08:54:34.136 9 INFO neutron.db.ovn_revision_numbers_db [None req-2635ab77-248e-4165-8d9e-1522a53d9abc a2b2aee04d4e4d6a9c7048fdd2f2e66d 5906e0af14af44b78d262d35bdab8cf5 - - default default] Successfully bumped revision number for resource 90dc54cb-4b31-4f71-b9a1-aada71a0abea (type: security_group_rules) to 0
2026-04-28 08:54:34.214 9 INFO neutron.db.segments_db [None req-2635ab77-248e-4165-8d9e-1522a53d9abc a2b2aee04d4e4d6a9c7048fdd2f2e66d 5906e0af14af44b78d262d35bdab8cf5 - - default default] Added segment 6f2fa324-b661-41fa-a7ab-55b71f86d500 of type geneve for network 4e3fc48a-c210-429b-92a1-b2ff4c761480
2026-04-28 08:54:34.328 9 INFO neutron.db.ovn_revision_numbers_db [None req-2635ab77-248e-4165-8d9e-1522a53d9abc a2b2aee04d4e4d6a9c7048fdd2f2e66d 5906e0af14af44b78d262d35bdab8cf5 - - default default] Successfully bumped revision number for resource 4e3fc48a-c210-429b-92a1-b2ff4c761480 (type: networks) to 1
2026-04-28 08:54:34.489 9 WARNING neutron.scheduler.dhcp_agent_scheduler [None req-2635ab77-248e-4165-8d9e-1522a53d9abc a2b2aee04d4e4d6a9c7048fdd2f2e66d 5906e0af14af44b78d262d35bdab8cf5 - - default default] No more DHCP agents
2026-04-28 08:54:34.490 9 WARNING neutron.api.rpc.agentnotifiers.dhcp_rpc_agent_api [None req-2635ab77-248e-4165-8d9e-1522a53d9abc a2b2aee04d4e4d6a9c7048fdd2f2e66d 5906e0af14af44b78d262d35bdab8cf5 - - default default] Unable to schedule network 4e3fc48a-c210-429b-92a1-b2ff4c761480: no agents available; will retry on subsequent port and subnet creation events.
2026-04-28 08:54:34.558 9 INFO neutron.db.ovn_revision_numbers_db [None req-2635ab77-248e-4165-8d9e-1522a53d9abc a2b2aee04d4e4d6a9c7048fdd2f2e66d 5906e0af14af44b78d262d35bdab8cf5 - - default default] Successfully bumped revision number for resource d68282ea-eab9-499b-a177-9710c9c78f7d (type: ports) to 1
2026-04-28 08:54:34.581 9 INFO neutron.api.wsgi [None req-2635ab77-248e-4165-8d9e-1522a53d9abc a2b2aee04d4e4d6a9c7048fdd2f2e66d 5906e0af14af44b78d262d35bdab8cf5 - - default default] 10.0.0.149 "POST /v2.0/networks HTTP/1.1" status: 201 len: 942 time: 0.7288523
2026-04-28 08:54:34.713 9 WARNING neutron.scheduler.dhcp_agent_scheduler [None req-1b25a29b-0139-48ed-9571-de1f6684a36b a2b2aee04d4e4d6a9c7048fdd2f2e66d 5906e0af14af44b78d262d35bdab8cf5 - - default default] No more DHCP agents
2026-04-28 08:54:34.715 9 WARNING neutron.api.rpc.agentnotifiers.dhcp_rpc_agent_api [None req-1b25a29b-0139-48ed-9571-de1f6684a36b a2b2aee04d4e4d6a9c7048fdd2f2e66d 5906e0af14af44b78d262d35bdab8cf5 - - default default] Unable to schedule network 4e3fc48a-c210-429b-92a1-b2ff4c761480: no agents available; will retry on subsequent port and subnet creation events.
2026-04-28 08:54:35.172 9 INFO neutron.db.ovn_revision_numbers_db [None req-a18f200e-c4b2-4d86-bb00-ae1f142f4d32 - - - - - -] Successfully bumped revision number for resource d68282ea-eab9-499b-a177-9710c9c78f7d (type: ports) to 2
2026-04-28 08:54:35.210 9 INFO neutron.db.ovn_revision_numbers_db [None req-a18f200e-c4b2-4d86-bb00-ae1f142f4d32 - - - - - -] Successfully bumped revision number for resource 2ff2274a-4eb5-4496-aa96-fab4ee0a3c43 (type: subnets) to 0
2026-04-28 08:54:35.225 9 INFO neutron.api.wsgi [None req-1b25a29b-0139-48ed-9571-de1f6684a36b a2b2aee04d4e4d6a9c7048fdd2f2e66d 5906e0af14af44b78d262d35bdab8cf5 - - default default] 10.0.0.149 "POST /v2.0/subnets HTTP/1.1" status: 201 len: 886 time: 0.6395962
2026-04-28 08:54:35.680 9 WARNING neutron.scheduler.dhcp_agent_scheduler [None req-87d36f20-ec36-464d-828d-3e33d3a79aa3 a2b2aee04d4e4d6a9c7048fdd2f2e66d 5906e0af14af44b78d262d35bdab8cf5 - - default default] No more DHCP agents
2026-04-28 08:54:35.682 9 WARNING neutron.api.rpc.agentnotifiers.dhcp_rpc_agent_api [None req-87d36f20-ec36-464d-828d-3e33d3a79aa3 a2b2aee04d4e4d6a9c7048fdd2f2e66d 5906e0af14af44b78d262d35bdab8cf5 - - default default] Unable to schedule network 8301fb6d-9aec-4d84-b74f-b2012bc8b9c2: no agents available; will retry on subsequent port and subnet creation events.
2026-04-28 08:54:35.818 9 INFO neutron.db.ovn_revision_numbers_db [None req-87d36f20-ec36-464d-828d-3e33d3a79aa3 a2b2aee04d4e4d6a9c7048fdd2f2e66d 5906e0af14af44b78d262d35bdab8cf5 - - default default] Successfully bumped revision number for resource 1b0fc3e5-b090-4a74-9719-99a519816600 (type: ports) to 1
2026-04-28 08:54:36.451 9 INFO neutron.plugins.ml2.drivers.ovn.mech_driver.ovsdb.commands [None req-f314c7c5-f51b-4edd-b5f9-6d21e7adcd08 - - - - - -] Schedule LRP lrp-1b0fc3e5-b090-4a74-9719-99a519816600 on gateway 3e177de7-d177-4b0e-b889-1a2c5099a0ab with priority 1
2026-04-28 08:54:36.459 9 INFO neutron.plugins.ml2.drivers.ovn.mech_driver.mech_driver [None req-91a089c2-7c3a-46bc-a891-50b312cb8904 - - - - - -] OVN reports status up for port: 1b0fc3e5-b090-4a74-9719-99a519816600
2026-04-28 08:54:36.481 9 INFO neutron.plugins.ml2.drivers.ovn.mech_driver.ovsdb.ovsdb_monitor [None req-e2a5b953-4e5f-4832-b35a-01ac4d1a6a88 - - - - - -] Router 12853d42-3a01-4945-86d2-12cc458bfc8b is bound to host instance
