2026-04-28 08:52:37.180 9 INFO neutron.db.ovn_revision_numbers_db [None req-4a905f51-396b-4e68-ba3c-8ebd20414b18 a2b2aee04d4e4d6a9c7048fdd2f2e66d 5906e0af14af44b78d262d35bdab8cf5 - - default default] Successfully bumped revision number for resource 982696c1-1b26-45d3-8889-5ea221890eff (type: security_group_rules) to 0
2026-04-28 08:52:37.196 9 INFO neutron.db.ovn_revision_numbers_db [None req-4a905f51-396b-4e68-ba3c-8ebd20414b18 a2b2aee04d4e4d6a9c7048fdd2f2e66d 5906e0af14af44b78d262d35bdab8cf5 - - default default] Successfully bumped revision number for resource a7ef59e3-2c01-469f-bdb6-6f07e468ef1b (type: security_group_rules) to 0
2026-04-28 08:52:37.213 9 INFO neutron.db.ovn_revision_numbers_db [None req-4a905f51-396b-4e68-ba3c-8ebd20414b18 a2b2aee04d4e4d6a9c7048fdd2f2e66d 5906e0af14af44b78d262d35bdab8cf5 - - default default] Successfully bumped revision number for resource d10d54be-de14-4f86-924e-1e9ff56734bd (type: security_group_rules) to 0
2026-04-28 08:52:37.251 9 INFO neutron.api.wsgi [None req-4a905f51-396b-4e68-ba3c-8ebd20414b18 a2b2aee04d4e4d6a9c7048fdd2f2e66d 5906e0af14af44b78d262d35bdab8cf5 - - default default] 10.0.0.149 "GET /v2.0/security-groups?tenant_id=15c15dbac7964bc28956b010a84c943b&name=default HTTP/1.1" status: 200 len: 3120 time: 0.2157488
2026-04-28 08:52:37.295 10 INFO neutron.api.wsgi [None req-057a4351-b771-4f80-9609-da0f49a558c3 a8e4f7450ecc4e518b6854d60aa800a7 dddd99d3d6e44e55a523019086319356 - - default default] 10.0.0.149 "DELETE /v2.0/subnets/e66c6d87-548e-489a-aca4-441643c8a62c HTTP/1.1" status: 204 len: 168 time: 0.1970749
2026-04-28 08:52:37.355 9 INFO neutron.services.segments.plugin [-] Segment e40296da-ae95-45ea-be86-9257335c1025 resource provider aggregate not found
2026-04-28 08:52:37.359 9 INFO neutron.services.segments.plugin [-] Segment e40296da-ae95-45ea-be86-9257335c1025 resource provider aggregate not found
2026-04-28 08:52:37.377 9 INFO neutron.services.segments.plugin [-] Segment e40296da-ae95-45ea-be86-9257335c1025 resource provider not found; error: Placement Client Error (4xx): {"errors": [{"status": 404, "title": "Not Found", "detail": "The resource could not be found.\n\n No resource provider with uuid e40296da-ae95-45ea-be86-9257335c1025 found for delete ", "request_id": "req-7547b1db-7a3d-4f41-96d9-514a5b65384f"}]}
2026-04-28 08:52:37.380 9 INFO neutron.services.segments.plugin [-] Segment e40296da-ae95-45ea-be86-9257335c1025 resource provider not found; error: Placement Client Error (4xx): {"errors": [{"status": 404, "title": "Not Found", "detail": "The resource could not be found.\n\n No resource provider with uuid e40296da-ae95-45ea-be86-9257335c1025 found for delete ", "request_id": "req-1a2846f4-3f6b-4d11-ba07-31f13524d039"}]}
2026-04-28 08:52:37.477 9 INFO neutron.api.wsgi [None req-f0d67a1e-72a2-46bb-9617-8d93ae08238d a2b2aee04d4e4d6a9c7048fdd2f2e66d 5906e0af14af44b78d262d35bdab8cf5 - - default default] 10.0.0.149 "DELETE /v2.0/security-groups/b92afd7b-48b1-431b-b540-5873247b5f4d HTTP/1.1" status: 204 len: 168 time: 0.2201009
2026-04-28 08:52:37.584 9 INFO neutron.api.wsgi [req-50df32ea-19a3-4869-878c-e480edc7c8b7 req-d1142458-954f-4e9c-9f8f-ddbee9e12af9 e7513023662340439b3cfd782acf39e0 5367e4dbe31b4006bf1f36a967e38192 - - default default] 10.0.0.203 "GET /v2.0/ports?device_id=a1a2eae5-42b1-4d61-a338-78c4fe32a8d5 HTTP/1.1" status: 200 len: 210 time: 0.0234714
2026-04-28 08:52:37.970 10 INFO neutron.api.wsgi [None req-bda4077c-abe2-4cf5-bcb3-4804b97170c1 a8e4f7450ecc4e518b6854d60aa800a7 dddd99d3d6e44e55a523019086319356 - - default default] 10.0.0.149 "DELETE /v2.0/routers/39c362b6-7da0-4815-a1cd-9b19c64e112a HTTP/1.1" status: 204 len: 168 time: 0.6686985
2026-04-28 08:52:38.337 9 INFO neutron.api.wsgi [None req-58df3b35-954d-46f7-a307-5ce9f85c75a0 a8e4f7450ecc4e518b6854d60aa800a7 dddd99d3d6e44e55a523019086319356 - - default default] 10.0.0.149 "DELETE /v2.0/networks/6b5c048f-76ab-41f8-bd7a-ff5e76328137 HTTP/1.1" status: 204 len: 168 time: 0.3622882
2026-04-28 08:52:38.678 10 INFO neutron.api.wsgi [req-213781d3-540c-4012-a225-c3bae194231d req-919f0c7d-3a89-4d49-a161-b4f0489c1f78 e7513023662340439b3cfd782acf39e0 5367e4dbe31b4006bf1f36a967e38192 - - default default] 10.0.0.203 "GET /v2.0/ports?device_id=a1a2eae5-42b1-4d61-a338-78c4fe32a8d5 HTTP/1.1" status: 200 len: 210 time: 0.0212495
2026-04-28 08:52:39.348 10 INFO neutron.db.ovn_revision_numbers_db [None req-61dc6ee7-bc24-4f5f-9721-79cba22ba447 a2b2aee04d4e4d6a9c7048fdd2f2e66d 5906e0af14af44b78d262d35bdab8cf5 - - default default] Successfully bumped revision number for resource ee20c556-8439-4e29-a361-aecb216246f2 (type: security_groups) to 1
2026-04-28 08:52:39.361 10 INFO neutron.db.ovn_revision_numbers_db [None req-61dc6ee7-bc24-4f5f-9721-79cba22ba447 a2b2aee04d4e4d6a9c7048fdd2f2e66d 5906e0af14af44b78d262d35bdab8cf5 - - default default] Successfully bumped revision number for resource 1be2e538-7c4c-4263-be15-96864958b7d9 (type: security_group_rules) to 0
2026-04-28 08:52:39.375 10 INFO neutron.db.ovn_revision_numbers_db [None req-61dc6ee7-bc24-4f5f-9721-79cba22ba447 a2b2aee04d4e4d6a9c7048fdd2f2e66d 5906e0af14af44b78d262d35bdab8cf5 - - default default] Successfully bumped revision number for resource 22226bba-afeb-4f7b-a159-64b60984c563 (type: security_group_rules) to 0
2026-04-28 08:52:39.391 10 INFO neutron.db.ovn_revision_numbers_db [None req-61dc6ee7-bc24-4f5f-9721-79cba22ba447 a2b2aee04d4e4d6a9c7048fdd2f2e66d 5906e0af14af44b78d262d35bdab8cf5 - - default default] Successfully bumped revision number for resource 4622e9fe-4946-49c4-a209-b414db4560f0 (type: security_group_rules) to 0
2026-04-28 08:52:39.399 9 INFO neutron.services.segments.plugin [-] Segment 837bc384-0d9a-4a78-8fa9-5483d8faa596 resource provider aggregate not found
2026-04-28 08:52:39.404 9 INFO neutron.services.segments.plugin [-] Segment 837bc384-0d9a-4a78-8fa9-5483d8faa596 resource provider aggregate not found
2026-04-28 08:52:39.405 10 INFO neutron.db.ovn_revision_numbers_db [None req-61dc6ee7-bc24-4f5f-9721-79cba22ba447 a2b2aee04d4e4d6a9c7048fdd2f2e66d 5906e0af14af44b78d262d35bdab8cf5 - - default default] Successfully bumped revision number for resource 49c6562c-633c-4def-b93c-56b9a0138f59 (type: security_group_rules) to 0
2026-04-28 08:52:39.413 9 INFO neutron.services.segments.plugin [-] Segment 837bc384-0d9a-4a78-8fa9-5483d8faa596 resource provider not found; error: Placement Client Error (4xx): {"errors": [{"status": 404, "title": "Not Found", "detail": "The resource could not be found.\n\n No resource provider with uuid 837bc384-0d9a-4a78-8fa9-5483d8faa596 found for delete ", "request_id": "req-ba72975b-f7c0-4897-bca4-a60927c69d48"}]}
2026-04-28 08:52:39.417 9 INFO neutron.services.segments.plugin [-] Segment 837bc384-0d9a-4a78-8fa9-5483d8faa596 resource provider not found; error: Placement Client Error (4xx): {"errors": [{"status": 404, "title": "Not Found", "detail": "The resource could not be found.\n\n No resource provider with uuid 837bc384-0d9a-4a78-8fa9-5483d8faa596 found for delete ", "request_id": "req-2519adf3-4285-4081-8ee2-467ae1c25506"}]}
2026-04-28 08:52:39.436 10 INFO neutron.api.wsgi [None req-61dc6ee7-bc24-4f5f-9721-79cba22ba447 a2b2aee04d4e4d6a9c7048fdd2f2e66d 5906e0af14af44b78d262d35bdab8cf5 - - default default] 10.0.0.149 "GET /v2.0/security-groups?tenant_id=aff8aa23f9c54429a3e9c9f2f28a1b22&name=default HTTP/1.1" status: 200 len: 3120 time: 0.4195719
2026-04-28 08:52:39.657 10 INFO neutron.api.wsgi [None req-4db90ade-1878-4d7d-ba5c-5defee991ccd a2b2aee04d4e4d6a9c7048fdd2f2e66d 5906e0af14af44b78d262d35bdab8cf5 - - default default] 10.0.0.149 "DELETE /v2.0/security-groups/ee20c556-8439-4e29-a361-aecb216246f2 HTTP/1.1" status: 204 len: 168 time: 0.2168767
2026-04-28 08:52:39.799 9 INFO neutron.api.wsgi [None req-17b77dcf-0602-44ba-b265-ec02b9d4cbaf a2b2aee04d4e4d6a9c7048fdd2f2e66d 5906e0af14af44b78d262d35bdab8cf5 - - default default] 10.0.0.149 "GET /v2.0/security-groups?tenant_id=dddd99d3d6e44e55a523019086319356&name=default HTTP/1.1" status: 200 len: 3120 time: 0.0545588
2026-04-28 08:52:39.904 9 INFO neutron.api.wsgi [None req-56cefd3a-498c-46fa-9ea1-5b28e72d1934 e7513023662340439b3cfd782acf39e0 5367e4dbe31b4006bf1f36a967e38192 - - default default] 10.0.0.149 "DELETE /v2.0/security-groups/c7bef42b-2247-47ea-8c13-a4d3dd9bdcc7 HTTP/1.1" status: 204 len: 168 time: 0.1228094
2026-04-28 08:52:39.918 9 INFO neutron.api.v2.resource [None req-e7eec1b6-7d50-4bbd-92f0-152b8bbc7f8b e7513023662340439b3cfd782acf39e0 5367e4dbe31b4006bf1f36a967e38192 - - default default] show failed (client error): The resource could not be found.
2026-04-28 08:52:39.920 9 INFO neutron.api.wsgi [None req-e7eec1b6-7d50-4bbd-92f0-152b8bbc7f8b e7513023662340439b3cfd782acf39e0 5367e4dbe31b4006bf1f36a967e38192 - - default default] 10.0.0.149 "GET /v2.0/security-groups/c7bef42b-2247-47ea-8c13-a4d3dd9bdcc7 HTTP/1.1" status: 404 len: 347 time: 0.0098803
2026-04-28 08:52:40.006 10 INFO neutron.api.wsgi [None req-5009cda3-3716-4621-8cdf-97bf0c2c2ceb a2b2aee04d4e4d6a9c7048fdd2f2e66d 5906e0af14af44b78d262d35bdab8cf5 - - default default] 10.0.0.149 "DELETE /v2.0/security-groups/05c05680-2b5b-433f-b11d-1b13127b42d4 HTTP/1.1" status: 204 len: 168 time: 0.1997490
2026-04-28 08:52:40.218 9 INFO neutron.api.wsgi [None req-133016c2-d296-483c-ab47-520f512d71fb e7513023662340439b3cfd782acf39e0 5367e4dbe31b4006bf1f36a967e38192 - - default default] 10.0.0.149 "DELETE /v2.0/floatingips/4428a466-694a-4069-8128-855dafd76486 HTTP/1.1" status: 204 len: 168 time: 0.2927372
2026-04-28 08:52:41.163 9 INFO neutron.api.wsgi [None req-e420b503-987e-463e-af74-aea7bd6956b1 a2b2aee04d4e4d6a9c7048fdd2f2e66d 5906e0af14af44b78d262d35bdab8cf5 - - default default] 10.0.0.149 "PUT /v2.0/routers/027f0430-4aec-4e7d-a88c-67aee1e5c2cf/remove_router_interface HTTP/1.1" status: 200 len: 503 time: 0.9372833 /var/lib/openstack/lib/python3.12/site-packages/pycadf/identifier.py:71: UserWarning: Invalid uuid: neutron. To ensure interoperability, identifiers should be a valid uuid. warnings.warn(('Invalid uuid: %s. To ensure interoperability, '
2026-04-28 08:52:41.882 9 INFO neutron.api.wsgi [None req-07aa69d2-ca17-4439-ac36-2420dab93818 a2b2aee04d4e4d6a9c7048fdd2f2e66d 5906e0af14af44b78d262d35bdab8cf5 - - default default] 10.0.0.149 "DELETE /v2.0/routers/027f0430-4aec-4e7d-a88c-67aee1e5c2cf HTTP/1.1" status: 204 len: 168 time: 0.7129905
2026-04-28 08:52:42.074 9 INFO neutron.api.wsgi [None req-8aa0e203-ee3a-4761-ab02-c1b801395420 a2b2aee04d4e4d6a9c7048fdd2f2e66d 5906e0af14af44b78d262d35bdab8cf5 - - default default] 10.0.0.149 "DELETE /v2.0/subnets/828331b6-89ba-4f69-b7a3-a9d11c39e13f HTTP/1.1" status: 204 len: 168 time: 0.1872277
2026-04-28 08:52:42.361 9 INFO neutron.services.segments.plugin [-] Segment 2cf6ecff-7725-4338-bda8-43de1a27ad5a resource provider aggregate not found
2026-04-28 08:52:42.365 9 INFO neutron.services.segments.plugin [-] Segment 2cf6ecff-7725-4338-bda8-43de1a27ad5a resource provider aggregate not found
2026-04-28 08:52:42.383 9 INFO neutron.services.segments.plugin [-] Segment 2cf6ecff-7725-4338-bda8-43de1a27ad5a resource provider not found; error: Placement Client Error (4xx): {"errors": [{"status": 404, "title": "Not Found", "detail": "The resource could not be found.\n\n No resource provider with uuid 2cf6ecff-7725-4338-bda8-43de1a27ad5a found for delete ", "request_id": "req-47993e0a-1e37-47b9-9f68-5454446bb497"}]}
2026-04-28 08:52:42.385 9 INFO neutron.services.segments.plugin [-] Segment 2cf6ecff-7725-4338-bda8-43de1a27ad5a resource provider not found; error: Placement Client Error (4xx): {"errors": [{"status": 404, "title": "Not Found", "detail": "The resource could not be found.\n\n No resource provider with uuid 2cf6ecff-7725-4338-bda8-43de1a27ad5a found for delete ", "request_id": "req-bae678c7-dd61-42d5-b179-fd8729813f90"}]}
2026-04-28 08:52:42.397 9 INFO neutron.api.wsgi [None req-17bb0f8b-c844-4ce8-a97d-84316c21f146 a2b2aee04d4e4d6a9c7048fdd2f2e66d 5906e0af14af44b78d262d35bdab8cf5 - - default default] 10.0.0.149 "DELETE /v2.0/networks/9001d43c-a943-4743-9653-8284947a5a6f HTTP/1.1" status: 204 len: 168 time: 0.3128116
2026-04-28 08:52:42.587 9 INFO neutron.api.wsgi [None req-5c26104b-5526-4a50-9285-8b68e543767a a2b2aee04d4e4d6a9c7048fdd2f2e66d 5906e0af14af44b78d262d35bdab8cf5 - - default default] 10.0.0.149 "GET /v2.0/security-groups?tenant_id=5367e4dbe31b4006bf1f36a967e38192&name=default HTTP/1.1" status: 200 len: 3120 time: 0.0396056
2026-04-28 08:52:42.813 9 INFO neutron.api.wsgi [None req-79361b7e-18ee-4661-b7c9-ea20b4c8f323 a2b2aee04d4e4d6a9c7048fdd2f2e66d 5906e0af14af44b78d262d35bdab8cf5 - - default default] 10.0.0.149 "DELETE /v2.0/security-groups/b63a826a-1063-4ed3-94ef-f9cee0b019d7 HTTP/1.1" status: 204 len: 168 time: 0.2191727
2026-04-28 08:52:43.948 10 INFO neutron.api.wsgi [-] 10.0.0.81 "GET / HTTP/1.1" status: 200 len: 246 time: 0.0035527
2026-04-28 08:52:43.951 9 INFO neutron.api.wsgi [-] 10.0.0.81 "GET / HTTP/1.1" status: 200 len: 246 time: 0.0070260
2026-04-28 08:52:44.617 10 INFO neutron.db.ovn_revision_numbers_db [None req-eab4a95c-3457-4943-b922-4ce8bba7445f bd9c01239e6f42fca3048b1a4ad55a8b 043f2511478e4f23b426259d4af44284 - - default default] Successfully bumped revision number for resource 7c3073d2-01b3-45ea-bc61-8c6f041aea0e (type: security_groups) to 1
2026-04-28 08:52:44.633 10 INFO neutron.db.ovn_revision_numbers_db [None req-eab4a95c-3457-4943-b922-4ce8bba7445f bd9c01239e6f42fca3048b1a4ad55a8b 043f2511478e4f23b426259d4af44284 - - default default] Successfully bumped revision number for resource b0c9061e-1a69-46a6-9723-34cc0a3c0b54 (type: security_group_rules) to 0
2026-04-28 08:52:44.648 10 INFO neutron.db.ovn_revision_numbers_db [None req-eab4a95c-3457-4943-b922-4ce8bba7445f bd9c01239e6f42fca3048b1a4ad55a8b 043f2511478e4f23b426259d4af44284 - - default default] Successfully bumped revision number for resource c38d75ad-475b-4212-999e-f383d2e5de83 (type: security_group_rules) to 0
2026-04-28 08:52:44.666 10 INFO neutron.db.ovn_revision_numbers_db [None req-eab4a95c-3457-4943-b922-4ce8bba7445f bd9c01239e6f42fca3048b1a4ad55a8b 043f2511478e4f23b426259d4af44284 - - default default] Successfully bumped revision number for resource d14032a7-7d0c-4c9b-becb-821917d8d93d (type: security_group_rules) to 0
2026-04-28 08:52:44.685 10 INFO neutron.db.ovn_revision_numbers_db [None req-eab4a95c-3457-4943-b922-4ce8bba7445f bd9c01239e6f42fca3048b1a4ad55a8b 043f2511478e4f23b426259d4af44284 - - default default] Successfully bumped revision number for resource e0dc7f9e-b143-4b33-9406-77b626185627 (type: security_group_rules) to 0
2026-04-28 08:52:44.762 10 INFO neutron.db.segments_db [None req-eab4a95c-3457-4943-b922-4ce8bba7445f bd9c01239e6f42fca3048b1a4ad55a8b 043f2511478e4f23b426259d4af44284 - - default default] Added segment 84ba92f9-a55f-45bf-977b-81044f1d7141 of type geneve for network 00d40f45-6881-422d-9eda-1348e44dba5e
2026-04-28 08:52:44.893 10 INFO neutron.db.ovn_revision_numbers_db [None req-eab4a95c-3457-4943-b922-4ce8bba7445f bd9c01239e6f42fca3048b1a4ad55a8b 043f2511478e4f23b426259d4af44284 - - default default] Successfully bumped revision number for resource 00d40f45-6881-422d-9eda-1348e44dba5e (type: networks) to 1
2026-04-28 08:52:45.063 10 WARNING neutron.scheduler.dhcp_agent_scheduler [None req-eab4a95c-3457-4943-b922-4ce8bba7445f bd9c01239e6f42fca3048b1a4ad55a8b 043f2511478e4f23b426259d4af44284 - - default default] No more DHCP agents
2026-04-28 08:52:45.065 10 WARNING neutron.api.rpc.agentnotifiers.dhcp_rpc_agent_api [None req-eab4a95c-3457-4943-b922-4ce8bba7445f bd9c01239e6f42fca3048b1a4ad55a8b 043f2511478e4f23b426259d4af44284 - - default default] Unable to schedule network 00d40f45-6881-422d-9eda-1348e44dba5e: no agents available; will retry on subsequent port and subnet creation events.
2026-04-28 08:52:45.136 10 INFO neutron.db.ovn_revision_numbers_db [None req-eab4a95c-3457-4943-b922-4ce8bba7445f bd9c01239e6f42fca3048b1a4ad55a8b 043f2511478e4f23b426259d4af44284 - - default default] Successfully bumped revision number for resource 2636c95a-5c5b-4ff7-8e2c-6d2be869c200 (type: ports) to 1
2026-04-28 08:52:45.157 10 INFO neutron.api.wsgi [None req-eab4a95c-3457-4943-b922-4ce8bba7445f bd9c01239e6f42fca3048b1a4ad55a8b 043f2511478e4f23b426259d4af44284 - - default default] 10.0.0.149 "POST /v2.0/networks HTTP/1.1" status: 201 len: 927 time: 0.9394801
2026-04-28 08:52:45.312 10 WARNING neutron.scheduler.dhcp_agent_scheduler [None req-aa266946-7a0b-4d39-820c-3fe25a13637a bd9c01239e6f42fca3048b1a4ad55a8b 043f2511478e4f23b426259d4af44284 - - default default] No more DHCP agents
2026-04-28 08:52:45.313 10 WARNING neutron.api.rpc.agentnotifiers.dhcp_rpc_agent_api [None req-aa266946-7a0b-4d39-820c-3fe25a13637a bd9c01239e6f42fca3048b1a4ad55a8b 043f2511478e4f23b426259d4af44284 - - default default] Unable to schedule network 00d40f45-6881-422d-9eda-1348e44dba5e: no agents available; will retry on subsequent port and subnet creation events.
2026-04-28 08:52:45.765 10 INFO neutron.db.ovn_revision_numbers_db [None req-0f470efb-11ee-403b-b006-6b7b8e524bbf - - - - - -] Successfully bumped revision number for resource 2636c95a-5c5b-4ff7-8e2c-6d2be869c200 (type: ports) to 2
2026-04-28 08:52:45.799 10 INFO neutron.db.ovn_revision_numbers_db [None req-0f470efb-11ee-403b-b006-6b7b8e524bbf - - - - - -] Successfully bumped revision number for resource 24e1fbc1-225d-477a-bb3c-26dd90af3ad3 (type: subnets) to 0
2026-04-28 08:52:45.817 10 INFO neutron.api.wsgi [None req-aa266946-7a0b-4d39-820c-3fe25a13637a bd9c01239e6f42fca3048b1a4ad55a8b 043f2511478e4f23b426259d4af44284 - - default default] 10.0.0.149 "POST /v2.0/subnets HTTP/1.1" status: 201 len: 843 time: 0.6538398
2026-04-28 08:52:45.830 10 WARNING neutron.api.v2.base [None req-0cf6a674-e5e7-4403-b718-294f2b3c39a5 bd9c01239e6f42fca3048b1a4ad55a8b 043f2511478e4f23b426259d4af44284 - - default default] An exception happened while processing the request body. The exception message is [Invalid input for target_tenant. Reason: 'None' is not a valid string.].: webob.exc.HTTPBadRequest: Invalid input for target_tenant. Reason: 'None' is not a valid string.
2026-04-28 08:52:45.830 10 INFO neutron.api.v2.resource [None req-0cf6a674-e5e7-4403-b718-294f2b3c39a5 bd9c01239e6f42fca3048b1a4ad55a8b 043f2511478e4f23b426259d4af44284 - - default default] create failed (client error): Invalid input for target_tenant. Reason: 'None' is not a valid string.
2026-04-28 08:52:45.833 10 INFO neutron.api.wsgi [None req-0cf6a674-e5e7-4403-b718-294f2b3c39a5 bd9c01239e6f42fca3048b1a4ad55a8b 043f2511478e4f23b426259d4af44284 - - default default] 10.0.0.149 "POST /v2.0/rbac-policies HTTP/1.1" status: 400 len: 346 time: 0.0092981
2026-04-28 08:52:46.361 9 INFO neutron.services.segments.plugin [-] Segment 84ba92f9-a55f-45bf-977b-81044f1d7141 resource provider aggregate not found
2026-04-28 08:52:46.365 9 INFO neutron.services.segments.plugin [-] Segment 84ba92f9-a55f-45bf-977b-81044f1d7141 resource provider aggregate not found
2026-04-28 08:52:46.381 9 INFO neutron.services.segments.plugin [-] Segment 84ba92f9-a55f-45bf-977b-81044f1d7141 resource provider not found; error: Placement Client Error (4xx): {"errors": [{"status": 404, "title": "Not Found", "detail": "The resource could not be found.\n\n No resource provider with uuid 84ba92f9-a55f-45bf-977b-81044f1d7141 found for delete ", "request_id": "req-80ba87f5-59be-4cba-96a5-d9b2de1e3326"}]}
2026-04-28 08:52:46.384 9 INFO neutron.services.segments.plugin [-] Segment 84ba92f9-a55f-45bf-977b-81044f1d7141 resource provider not found; error: Placement Client Error (4xx): {"errors": [{"status": 404, "title": "Not Found", "detail": "The resource could not be found.\n\n No resource provider with uuid 84ba92f9-a55f-45bf-977b-81044f1d7141 found for delete ", "request_id": "req-78555f82-28ac-467a-be73-b59b085f1285"}]}
2026-04-28 08:52:46.403 9 INFO neutron.api.wsgi [None req-9ab6fba7-e17a-47f6-afd2-17784f3a5bd7 bd9c01239e6f42fca3048b1a4ad55a8b 043f2511478e4f23b426259d4af44284 - - default default] 10.0.0.149 "DELETE /v2.0/networks/00d40f45-6881-422d-9eda-1348e44dba5e HTTP/1.1" status: 204 len: 168 time: 0.5628219
2026-04-28 08:52:46.507 9 INFO neutron.db.segments_db [None req-a5fd49ba-5f1c-4f7c-a64a-5596e613a5b3 bd9c01239e6f42fca3048b1a4ad55a8b 043f2511478e4f23b426259d4af44284 - - default default] Added segment 5c2438e7-e847-476c-99f1-58748fa0644e of type geneve for network 1f8c41d0-7c0a-48ab-98da-43fd0172b345
2026-04-28 08:52:46.775 9 INFO neutron.db.ovn_revision_numbers_db [None req-a5fd49ba-5f1c-4f7c-a64a-5596e613a5b3 bd9c01239e6f42fca3048b1a4ad55a8b 043f2511478e4f23b426259d4af44284 - - default default] Successfully bumped revision number for resource 1f8c41d0-7c0a-48ab-98da-43fd0172b345 (type: networks) to 1
2026-04-28 08:52:46.951 9 WARNING neutron.scheduler.dhcp_agent_scheduler [None req-a5fd49ba-5f1c-4f7c-a64a-5596e613a5b3 bd9c01239e6f42fca3048b1a4ad55a8b 043f2511478e4f23b426259d4af44284 - - default default] No more DHCP agents
2026-04-28 08:52:46.952 9 WARNING neutron.api.rpc.agentnotifiers.dhcp_rpc_agent_api [None req-a5fd49ba-5f1c-4f7c-a64a-5596e613a5b3 bd9c01239e6f42fca3048b1a4ad55a8b 043f2511478e4f23b426259d4af44284 - - default default] Unable to schedule network 1f8c41d0-7c0a-48ab-98da-43fd0172b345: no agents available; will retry on subsequent port and subnet creation events.
2026-04-28 08:52:47.018 9 INFO neutron.db.ovn_revision_numbers_db [None req-a5fd49ba-5f1c-4f7c-a64a-5596e613a5b3 bd9c01239e6f42fca3048b1a4ad55a8b 043f2511478e4f23b426259d4af44284 - - default default] Successfully bumped revision number for resource 50acb928-d93f-454d-8a20-b0952d8288c5 (type: ports) to 1
2026-04-28 08:52:47.040 9 INFO neutron.api.wsgi [None req-a5fd49ba-5f1c-4f7c-a64a-5596e613a5b3 bd9c01239e6f42fca3048b1a4ad55a8b 043f2511478e4f23b426259d4af44284 - - default default] 10.0.0.149 "POST /v2.0/networks HTTP/1.1" status: 201 len: 929 time: 0.6287198
2026-04-28 08:52:47.218 9 WARNING neutron.scheduler.dhcp_agent_scheduler [None req-59b9c4fc-7a07-4b8a-8d86-82880f10e347 bd9c01239e6f42fca3048b1a4ad55a8b 043f2511478e4f23b426259d4af44284 - - default default] No more DHCP agents
2026-04-28 08:52:47.220 9 WARNING neutron.api.rpc.agentnotifiers.dhcp_rpc_agent_api [None req-59b9c4fc-7a07-4b8a-8d86-82880f10e347 bd9c01239e6f42fca3048b1a4ad55a8b 043f2511478e4f23b426259d4af44284 - - default default] Unable to schedule network 1f8c41d0-7c0a-48ab-98da-43fd0172b345: no agents available; will retry on subsequent port and subnet creation events.
2026-04-28 08:52:47.676 9 INFO neutron.db.ovn_revision_numbers_db [None req-acf520ec-2118-4eac-96ad-4fc6e784e924 - - - - - -] Successfully bumped revision number for resource 50acb928-d93f-454d-8a20-b0952d8288c5 (type: ports) to 2
2026-04-28 08:52:47.708 9 INFO neutron.db.ovn_revision_numbers_db [None req-acf520ec-2118-4eac-96ad-4fc6e784e924 - - - - - -] Successfully bumped revision number for resource d2caaf5d-f0d2-4196-8687-7a0f302437af (type: subnets) to 0
2026-04-28 08:52:47.725 9 INFO neutron.api.wsgi [None req-59b9c4fc-7a07-4b8a-8d86-82880f10e347 bd9c01239e6f42fca3048b1a4ad55a8b 043f2511478e4f23b426259d4af44284 - - default default] 10.0.0.149 "POST /v2.0/subnets HTTP/1.1" status: 201 len: 846 time: 0.6795223
2026-04-28 08:52:47.735 9 WARNING neutron.api.v2.base [None req-66f2269a-9280-4385-9c1f-c4cf8e6b9987 bd9c01239e6f42fca3048b1a4ad55a8b 043f2511478e4f23b426259d4af44284 - - default default] An exception happened while processing the request body. The exception message is [Invalid input for target_tenant. Reason: '1234123412341234123412341234123412341234123412341234123412341234123412341234123412341234123412341234123412341234123412341234123412341234123412341234123412341234123412341234123412341234123412341234123412341234123412341234123412341234123412341234123412341234123412341234123412341234123412341234123412341234123412341234123412341234123412341234123412341234123412341234123412341234123412341234123412341234' exceeds maximum length of 255.].: webob.exc.HTTPBadRequest: Invalid input for target_tenant. Reason: '1234123412341234123412341234123412341234123412341234123412341234123412341234123412341234123412341234123412341234123412341234123412341234123412341234123412341234123412341234123412341234123412341234123412341234123412341234123412341234123412341234123412341234123412341234123412341234123412341234123412341234123412341234123412341234123412341234123412341234123412341234123412341234123412341234123412341234' exceeds maximum length of 255.
2026-04-28 08:52:47.736 9 INFO neutron.api.v2.resource [None req-66f2269a-9280-4385-9c1f-c4cf8e6b9987 bd9c01239e6f42fca3048b1a4ad55a8b 043f2511478e4f23b426259d4af44284 - - default default] create failed (client error): Invalid input for target_tenant. Reason: '1234123412341234123412341234123412341234123412341234123412341234123412341234123412341234123412341234123412341234123412341234123412341234123412341234123412341234123412341234123412341234123412341234123412341234123412341234123412341234123412341234123412341234123412341234123412341234123412341234123412341234123412341234123412341234123412341234123412341234123412341234123412341234123412341234123412341234' exceeds maximum length of 255.
2026-04-28 08:52:47.737 9 INFO neutron.api.wsgi [None req-66f2269a-9280-4385-9c1f-c4cf8e6b9987 bd9c01239e6f42fca3048b1a4ad55a8b 043f2511478e4f23b426259d4af44284 - - default default] 10.0.0.149 "POST /v2.0/rbac-policies HTTP/1.1" status: 400 len: 750 time: 0.0068212
2026-04-28 08:52:48.075 10 INFO neutron.db.ovn_revision_numbers_db [None req-fafb9209-3129-4a15-8b4e-36e5229d3f8d a2b2aee04d4e4d6a9c7048fdd2f2e66d 5906e0af14af44b78d262d35bdab8cf5 - - default default] Successfully bumped revision number for resource 67731602-9578-4722-ac7b-ce179a6e3484 (type: security_groups) to 1
2026-04-28 08:52:48.089 10 INFO neutron.db.ovn_revision_numbers_db [None req-fafb9209-3129-4a15-8b4e-36e5229d3f8d a2b2aee04d4e4d6a9c7048fdd2f2e66d 5906e0af14af44b78d262d35bdab8cf5 - - default default] Successfully bumped revision number for resource 009f467d-1dfd-45e7-8341-146e5290f558 (type: security_group_rules) to 0
2026-04-28 08:52:48.102 10 INFO neutron.db.ovn_revision_numbers_db [None req-fafb9209-3129-4a15-8b4e-36e5229d3f8d a2b2aee04d4e4d6a9c7048fdd2f2e66d 5906e0af14af44b78d262d35bdab8cf5 - - default default] Successfully bumped revision number for resource 00f308f3-d83e-48c8-a0a5-d4b5d942617f (type: security_group_rules) to 0
2026-04-28 08:52:48.115 10 INFO neutron.db.ovn_revision_numbers_db [None req-fafb9209-3129-4a15-8b4e-36e5229d3f8d a2b2aee04d4e4d6a9c7048fdd2f2e66d 5906e0af14af44b78d262d35bdab8cf5 - - default default] Successfully bumped revision number for resource b2aa390d-ad1c-43d3-946c-bd68cfe7e14b (type: security_group_rules) to 0
2026-04-28 08:52:48.129 10 INFO neutron.db.ovn_revision_numbers_db [None req-fafb9209-3129-4a15-8b4e-36e5229d3f8d a2b2aee04d4e4d6a9c7048fdd2f2e66d 5906e0af14af44b78d262d35bdab8cf5 - - default default] Successfully bumped revision number for resource b79218ba-baaa-4e9b-822d-e7cb7154dff1 (type: security_group_rules) to 0
2026-04-28 08:52:48.163 10 INFO neutron.api.wsgi [None req-fafb9209-3129-4a15-8b4e-36e5229d3f8d a2b2aee04d4e4d6a9c7048fdd2f2e66d 5906e0af14af44b78d262d35bdab8cf5 - - default default] 10.0.0.149 "GET /v2.0/security-groups?tenant_id=5b78ea5e8c56454da21e910150d2fa75&name=default HTTP/1.1" status: 200 len: 3120 time: 0.3822503
2026-04-28 08:52:48.214 9 INFO neutron.api.wsgi [None req-e03fd46c-59dd-41b9-8ae6-48673619202b bd9c01239e6f42fca3048b1a4ad55a8b 043f2511478e4f23b426259d4af44284 - - default default] 10.0.0.149 "DELETE /v2.0/networks/1f8c41d0-7c0a-48ab-98da-43fd0172b345 HTTP/1.1" status: 204 len: 168 time: 0.4724593
2026-04-28 08:52:48.323 9 INFO neutron.db.segments_db [None req-b1e46994-0feb-4dce-bed3-74328c54c9d9 bd9c01239e6f42fca3048b1a4ad55a8b 043f2511478e4f23b426259d4af44284 - - default default] Added segment 20531944-931d-47ed-8755-64662641f732 of type geneve for network 700ac9fd-9b67-4603-bd2e-1f65c9c7a6bb
2026-04-28 08:52:48.379 10 INFO neutron.api.wsgi [None req-19679b82-917c-4171-a6a0-5104cd65d57e a2b2aee04d4e4d6a9c7048fdd2f2e66d 5906e0af14af44b78d262d35bdab8cf5 - - default default] 10.0.0.149 "DELETE /v2.0/security-groups/67731602-9578-4722-ac7b-ce179a6e3484 HTTP/1.1" status: 204 len: 168 time: 0.2096293
2026-04-28 08:52:48.400 9 INFO neutron.services.segments.plugin [-] Segment 5c2438e7-e847-476c-99f1-58748fa0644e resource provider aggregate not found
2026-04-28 08:52:48.405 9 INFO neutron.services.segments.plugin [-] Segment 5c2438e7-e847-476c-99f1-58748fa0644e resource provider aggregate not found
2026-04-28 08:52:48.417 9 INFO neutron.services.segments.plugin [-] Segment 5c2438e7-e847-476c-99f1-58748fa0644e resource provider not found; error: Placement Client Error (4xx): {"errors": [{"status": 404, "title": "Not Found", "detail": "The resource could not be found.\n\n No resource provider with uuid 5c2438e7-e847-476c-99f1-58748fa0644e found for delete ", "request_id": "req-69ce8d00-6e99-448c-96fc-586d682c0a76"}]}
2026-04-28 08:52:48.420 9 INFO neutron.services.segments.plugin [-] Segment 5c2438e7-e847-476c-99f1-58748fa0644e resource provider not found; error: Placement Client Error (4xx): {"errors": [{"status": 404, "title": "Not Found", "detail": "The resource could not be found.\n\n No resource provider with uuid 5c2438e7-e847-476c-99f1-58748fa0644e found for delete ", "request_id": "req-654e21a8-7991-4423-96a1-a3fa4007e39f"}]}
2026-04-28 08:52:48.467 9 INFO neutron.db.ovn_revision_numbers_db [None req-b1e46994-0feb-4dce-bed3-74328c54c9d9 bd9c01239e6f42fca3048b1a4ad55a8b 043f2511478e4f23b426259d4af44284 - - default default] Successfully bumped revision number for resource 700ac9fd-9b67-4603-bd2e-1f65c9c7a6bb (type: networks) to 1
2026-04-28 08:52:48.634 9 INFO neutron.db.ovn_revision_numbers_db [None req-e73a9031-9676-4624-bee7-0daa3e33c969 a2b2aee04d4e4d6a9c7048fdd2f2e66d 5906e0af14af44b78d262d35bdab8cf5 - - default default] Successfully bumped revision number for resource 548eac21-5d6c-48ad-a98c-f212d28b6802 (type: security_groups) to 1
2026-04-28 08:52:48.658 9 INFO neutron.db.ovn_revision_numbers_db [None req-e73a9031-9676-4624-bee7-0daa3e33c969 a2b2aee04d4e4d6a9c7048fdd2f2e66d 5906e0af14af44b78d262d35bdab8cf5 - - default default] Successfully bumped revision number for resource 02bc074e-81d6-44d8-bdf3-395aa799b4e0 (type: security_group_rules) to 0
2026-04-28 08:52:48.669 9 WARNING neutron.scheduler.dhcp_agent_scheduler [None req-b1e46994-0feb-4dce-bed3-74328c54c9d9 bd9c01239e6f42fca3048b1a4ad55a8b 043f2511478e4f23b426259d4af44284 - - default default] No more DHCP agents
2026-04-28 08:52:48.671 9 WARNING neutron.api.rpc.agentnotifiers.dhcp_rpc_agent_api [None req-b1e46994-0feb-4dce-bed3-74328c54c9d9 bd9c01239e6f42fca3048b1a4ad55a8b 043f2511478e4f23b426259d4af44284 - - default default] Unable to schedule network 700ac9fd-9b67-4603-bd2e-1f65c9c7a6bb: no agents available; will retry on subsequent port and subnet creation events.
2026-04-28 08:52:48.673 9 INFO neutron.db.ovn_revision_numbers_db [None req-e73a9031-9676-4624-bee7-0daa3e33c969 a2b2aee04d4e4d6a9c7048fdd2f2e66d 5906e0af14af44b78d262d35bdab8cf5 - - default default] Successfully bumped revision number for resource 3af88212-90f3-47a2-8914-577c26accbbe (type: security_group_rules) to 0
2026-04-28 08:52:48.689 9 INFO neutron.db.ovn_revision_numbers_db [None req-e73a9031-9676-4624-bee7-0daa3e33c969 a2b2aee04d4e4d6a9c7048fdd2f2e66d 5906e0af14af44b78d262d35bdab8cf5 - - default default] Successfully bumped revision number for resource 7b8b3bd7-21c7-4435-9195-94ea5983c67d (type: security_group_rules) to 0
2026-04-28 08:52:48.712 9 INFO neutron.db.ovn_revision_numbers_db [None req-e73a9031-9676-4624-bee7-0daa3e33c969 a2b2aee04d4e4d6a9c7048fdd2f2e66d 5906e0af14af44b78d262d35bdab8cf5 - - default default] Successfully bumped revision number for resource c65a7b42-a351-4024-b7ad-757ffc8f3b2d (type: security_group_rules) to 0
2026-04-28 08:52:48.742 9 INFO neutron.db.ovn_revision_numbers_db [None req-b1e46994-0feb-4dce-bed3-74328c54c9d9 bd9c01239e6f42fca3048b1a4ad55a8b 043f2511478e4f23b426259d4af44284 - - default default] Successfully bumped revision number for resource bcb3e237-d4a6-4abd-aea7-69c4eb0132dc (type: ports) to 1
2026-04-28 08:52:48.754 9 INFO neutron.api.wsgi [None req-e73a9031-9676-4624-bee7-0daa3e33c969 a2b2aee04d4e4d6a9c7048fdd2f2e66d 5906e0af14af44b78d262d35bdab8cf5 - - default default] 10.0.0.149 "GET /v2.0/security-groups?tenant_id=253ccdb0205349a0bc1a0b8350469188&name=default HTTP/1.1" status: 200 len: 3120 time: 0.2782092
2026-04-28 08:52:48.774 9 INFO neutron.api.wsgi [None req-b1e46994-0feb-4dce-bed3-74328c54c9d9 bd9c01239e6f42fca3048b1a4ad55a8b 043f2511478e4f23b426259d4af44284 - - default default] 10.0.0.149 "POST /v2.0/networks HTTP/1.1" status: 201 len: 929 time: 0.5525885
2026-04-28 08:52:48.933 9 WARNING neutron.scheduler.dhcp_agent_scheduler [None req-f9d85301-a09b-4544-811a-2809897d7984 bd9c01239e6f42fca3048b1a4ad55a8b 043f2511478e4f23b426259d4af44284 - - default default] No more DHCP agents
2026-04-28 08:52:48.936 9 WARNING neutron.api.rpc.agentnotifiers.dhcp_rpc_agent_api [None req-f9d85301-a09b-4544-811a-2809897d7984 bd9c01239e6f42fca3048b1a4ad55a8b 043f2511478e4f23b426259d4af44284 - - default default] Unable to schedule network 700ac9fd-9b67-4603-bd2e-1f65c9c7a6bb: no agents available; will retry on subsequent port and subnet creation events.
2026-04-28 08:52:48.976 10 INFO neutron.api.wsgi [None req-79a6646f-7312-4976-a634-4c50fe9132e9 a2b2aee04d4e4d6a9c7048fdd2f2e66d 5906e0af14af44b78d262d35bdab8cf5 - - default default] 10.0.0.149 "DELETE /v2.0/security-groups/548eac21-5d6c-48ad-a98c-f212d28b6802 HTTP/1.1" status: 204 len: 168 time: 0.2174475
2026-04-28 08:52:49.421 9 INFO neutron.db.ovn_revision_numbers_db [None req-6878037a-792c-443e-a834-97c36f877024 - - - - - -] Successfully bumped revision number for resource bcb3e237-d4a6-4abd-aea7-69c4eb0132dc (type: ports) to 2
2026-04-28 08:52:49.469 9 INFO neutron.db.ovn_revision_numbers_db [None req-6878037a-792c-443e-a834-97c36f877024 - - - - - -] Successfully bumped revision number for resource 32f6dbba-40a2-4984-8804-b4cbfe9d3fd1 (type: subnets) to 0
2026-04-28 08:52:49.487 9 INFO neutron.api.wsgi [None req-f9d85301-a09b-4544-811a-2809897d7984 bd9c01239e6f42fca3048b1a4ad55a8b 043f2511478e4f23b426259d4af44284 - - default default] 10.0.0.149 "POST /v2.0/subnets HTTP/1.1" status: 201 len: 846 time: 0.7073064
2026-04-28 08:52:49.731 10 INFO neutron.api.wsgi [None req-b2f85c55-8f16-436f-b667-9bc8c825ef23 bd9c01239e6f42fca3048b1a4ad55a8b 043f2511478e4f23b426259d4af44284 - - default default] 10.0.0.149 "POST /v2.0/rbac-policies HTTP/1.1" status: 201 len: 523 time: 0.2392485
2026-04-28 08:52:50.331 10 INFO neutron.api.wsgi [None req-375e441d-0bfd-45da-a7ea-723f1af6ce11 ba5fa04db7b548608a1c4119b4ce6ba5 2f7ffb4b157f44f68d30ffb6b6efedf1 - - default default] 10.0.0.149 "GET /v2.0/networks/700ac9fd-9b67-4603-bd2e-1f65c9c7a6bb HTTP/1.1" status: 200 len: 849 time: 0.2197387
2026-04-28 08:52:50.822 10 INFO neutron.pecan_wsgi.hooks.translation [None req-fa9092e0-8f92-4378-8b18-055e3835abf5 9fc30ced2cdd4137a3e12c6988241f89 35f8cb28376f4cd88b8717615d15ec4b - - default default] GET failed (client error): The resource could not be found.
2026-04-28 08:52:50.823 10 INFO neutron.api.wsgi [None req-fa9092e0-8f92-4378-8b18-055e3835abf5 9fc30ced2cdd4137a3e12c6988241f89 35f8cb28376f4cd88b8717615d15ec4b - - default default] 10.0.0.149 "GET /v2.0/networks/700ac9fd-9b67-4603-bd2e-1f65c9c7a6bb HTTP/1.1" status: 404 len: 339 time: 0.1084108
2026-04-28 08:52:51.337 10 INFO neutron.services.segments.plugin [-] Segment 20531944-931d-47ed-8755-64662641f732 resource provider aggregate not found
2026-04-28 08:52:51.340 10 INFO neutron.services.segments.plugin [-] Segment 20531944-931d-47ed-8755-64662641f732 resource provider aggregate not found
2026-04-28 08:52:51.354 10 INFO neutron.services.segments.plugin [-] Segment 20531944-931d-47ed-8755-64662641f732 resource provider not found; error: Placement Client Error (4xx): {"errors": [{"status": 404, "title": "Not Found", "detail": "The resource could not be found.\n\n No resource provider with uuid 20531944-931d-47ed-8755-64662641f732 found for delete ", "request_id": "req-cf351096-8434-4910-93de-bd5025595761"}]}
2026-04-28 08:52:51.358 10 INFO neutron.services.segments.plugin [-] Segment 20531944-931d-47ed-8755-64662641f732 resource provider not found; error: Placement Client Error (4xx): {"errors": [{"status": 404, "title": "Not Found", "detail": "The resource could not be found.\n\n No resource provider with uuid 20531944-931d-47ed-8755-64662641f732 found for delete ", "request_id": "req-55f234cd-0390-49d5-890b-0b34d394c0b2"}]}
2026-04-28 08:52:51.389 10 INFO neutron.api.wsgi [None req-fbb44889-cfe5-4f16-b837-8252202c0bcd bd9c01239e6f42fca3048b1a4ad55a8b 043f2511478e4f23b426259d4af44284 - - default default] 10.0.0.149 "DELETE /v2.0/networks/700ac9fd-9b67-4603-bd2e-1f65c9c7a6bb HTTP/1.1" status: 204 len: 168 time: 0.5600982
2026-04-28 08:52:51.410 9 INFO neutron.pecan_wsgi.hooks.translation [None req-191f7c4f-f531-4132-9f45-c592c37adba2 bd9c01239e6f42fca3048b1a4ad55a8b 043f2511478e4f23b426259d4af44284 - - default default] DELETE failed (client error): The resource could not be found.
2026-04-28 08:52:51.413 9 INFO neutron.api.wsgi [None req-191f7c4f-f531-4132-9f45-c592c37adba2 bd9c01239e6f42fca3048b1a4ad55a8b 043f2511478e4f23b426259d4af44284 - - default default] 10.0.0.149 "DELETE /v2.0/subnets/24e1fbc1-225d-477a-bb3c-26dd90af3ad3 HTTP/1.1" status: 404 len: 337 time: 0.0146439
2026-04-28 08:52:51.428 9 INFO neutron.pecan_wsgi.hooks.translation [None req-88cf086c-04f6-4147-b759-f4d4a40d56cf bd9c01239e6f42fca3048b1a4ad55a8b 043f2511478e4f23b426259d4af44284 - - default default] DELETE failed (client error): The resource could not be found.
2026-04-28 08:52:51.430 9 INFO neutron.api.wsgi [None req-88cf086c-04f6-4147-b759-f4d4a40d56cf bd9c01239e6f42fca3048b1a4ad55a8b 043f2511478e4f23b426259d4af44284 - - default default] 10.0.0.149 "DELETE /v2.0/subnets/d2caaf5d-f0d2-4196-8687-7a0f302437af HTTP/1.1" status: 404 len: 337 time: 0.0123417
2026-04-28 08:52:51.448 9 INFO neutron.pecan_wsgi.hooks.translation [None req-5fbce92c-7fd2-4f9a-adda-cd0e1d65afe2 bd9c01239e6f42fca3048b1a4ad55a8b 043f2511478e4f23b426259d4af44284 - - default default] DELETE failed (client error): The resource could not be found.
2026-04-28 08:52:51.452 9 INFO neutron.api.wsgi [None req-5fbce92c-7fd2-4f9a-adda-cd0e1d65afe2 bd9c01239e6f42fca3048b1a4ad55a8b 043f2511478e4f23b426259d4af44284 - - default default] 10.0.0.149 "DELETE /v2.0/subnets/32f6dbba-40a2-4984-8804-b4cbfe9d3fd1 HTTP/1.1" status: 404 len: 337 time: 0.0165727
2026-04-28 08:52:52.696 10 INFO neutron.db.ovn_revision_numbers_db [None req-e44bb01a-bc05-40f6-bdd9-5831897a5c48 a2b2aee04d4e4d6a9c7048fdd2f2e66d 5906e0af14af44b78d262d35bdab8cf5 - - default default] Successfully bumped revision number for resource 88293e39-c2fb-43b3-9e6c-a42816fd8e53 (type: security_groups) to 1
2026-04-28 08:52:52.715 10 INFO neutron.db.ovn_revision_numbers_db [None req-e44bb01a-bc05-40f6-bdd9-5831897a5c48 a2b2aee04d4e4d6a9c7048fdd2f2e66d 5906e0af14af44b78d262d35bdab8cf5 - - default default] Successfully bumped revision number for resource 0c348b75-1569-4298-a175-edad27e12d62 (type: security_group_rules) to 0
2026-04-28 08:52:52.728 10 INFO neutron.db.ovn_revision_numbers_db [None req-e44bb01a-bc05-40f6-bdd9-5831897a5c48 a2b2aee04d4e4d6a9c7048fdd2f2e66d 5906e0af14af44b78d262d35bdab8cf5 - - default default] Successfully bumped revision number for resource 2053cf6a-ddb6-4f50-9efe-afbd30741b80 (type: security_group_rules) to 0
2026-04-28 08:52:52.748 10 INFO neutron.db.ovn_revision_numbers_db [None req-e44bb01a-bc05-40f6-bdd9-5831897a5c48 a2b2aee04d4e4d6a9c7048fdd2f2e66d 5906e0af14af44b78d262d35bdab8cf5 - - default default] Successfully bumped revision number for resource 9f9d7241-1200-4245-960f-fa76cbb73d98 (type: security_group_rules) to 0
2026-04-28 08:52:52.765 10 INFO neutron.db.ovn_revision_numbers_db [None req-e44bb01a-bc05-40f6-bdd9-5831897a5c48 a2b2aee04d4e4d6a9c7048fdd2f2e66d 5906e0af14af44b78d262d35bdab8cf5 - - default default] Successfully bumped revision number for resource c3d351f7-1e46-47d4-8370-059924e12ead (type: security_group_rules) to 0
2026-04-28 08:52:52.804 10 INFO neutron.api.wsgi [None req-e44bb01a-bc05-40f6-bdd9-5831897a5c48 a2b2aee04d4e4d6a9c7048fdd2f2e66d 5906e0af14af44b78d262d35bdab8cf5 - - default default] 10.0.0.149 "GET /v2.0/security-groups?tenant_id=2f7ffb4b157f44f68d30ffb6b6efedf1&name=default HTTP/1.1" status: 200 len: 3120 time: 0.4022624
2026-04-28 08:52:53.029 10 INFO neutron.api.wsgi [None req-45a97350-acc7-4dd8-b768-b05039811cfb a2b2aee04d4e4d6a9c7048fdd2f2e66d 5906e0af14af44b78d262d35bdab8cf5 - - default default] 10.0.0.149 "DELETE /v2.0/security-groups/88293e39-c2fb-43b3-9e6c-a42816fd8e53 HTTP/1.1" status: 204 len: 168 time: 0.2202761
2026-04-28 08:52:53.159 9 INFO neutron.api.wsgi [None req-e705da80-18e3-4889-9f09-cf58386e0244 a2b2aee04d4e4d6a9c7048fdd2f2e66d 5906e0af14af44b78d262d35bdab8cf5 - - default default] 10.0.0.149 "GET /v2.0/security-groups?tenant_id=043f2511478e4f23b426259d4af44284&name=default HTTP/1.1" status: 200 len: 3120 time: 0.0402215
2026-04-28 08:52:53.400 9 INFO neutron.api.wsgi [None req-90debcf8-2468-4fe7-a566-a21a12226c3b a2b2aee04d4e4d6a9c7048fdd2f2e66d 5906e0af14af44b78d262d35bdab8cf5 - - default default] 10.0.0.149 "DELETE /v2.0/security-groups/7c3073d2-01b3-45ea-bc61-8c6f041aea0e HTTP/1.1" status: 204 len: 168 time: 0.2327142
2026-04-28 08:52:53.750 9 INFO neutron.db.ovn_revision_numbers_db [None req-0c8ecfb7-d2e0-4632-97ff-3b013137c3b7 a2b2aee04d4e4d6a9c7048fdd2f2e66d 5906e0af14af44b78d262d35bdab8cf5 - - default default] Successfully bumped revision number for resource fef4915b-8b26-43ac-b649-0efe1a231537 (type: security_groups) to 1
2026-04-28 08:52:53.765 9 INFO neutron.db.ovn_revision_numbers_db [None req-0c8ecfb7-d2e0-4632-97ff-3b013137c3b7 a2b2aee04d4e4d6a9c7048fdd2f2e66d 5906e0af14af44b78d262d35bdab8cf5 - - default default] Successfully bumped revision number for resource 073de9d1-07e9-4039-89ed-3d6ef5498bfc (type: security_group_rules) to 0
2026-04-28 08:52:53.781 9 INFO neutron.db.ovn_revision_numbers_db [None req-0c8ecfb7-d2e0-4632-97ff-3b013137c3b7 a2b2aee04d4e4d6a9c7048fdd2f2e66d 5906e0af14af44b78d262d35bdab8cf5 - - default default] Successfully bumped revision number for resource 0f3bc51f-67d3-4af6-8572-3678c9f8b3da (type: security_group_rules) to 0
2026-04-28 08:52:53.797 9 INFO neutron.db.ovn_revision_numbers_db [None req-0c8ecfb7-d2e0-4632-97ff-3b013137c3b7 a2b2aee04d4e4d6a9c7048fdd2f2e66d 5906e0af14af44b78d262d35bdab8cf5 - - default default] Successfully bumped revision number for resource a8273b08-3121-47f4-8cd0-a8c9718c53a4 (type: security_group_rules) to 0
2026-04-28 08:52:53.810 9 INFO neutron.db.ovn_revision_numbers_db [None req-0c8ecfb7-d2e0-4632-97ff-3b013137c3b7 a2b2aee04d4e4d6a9c7048fdd2f2e66d 5906e0af14af44b78d262d35bdab8cf5 - - default default] Successfully bumped revision number for resource fec06991-fdee-4231-ba03-eb72b35d2546 (type: security_group_rules) to 0
2026-04-28 08:52:53.864 9 INFO neutron.api.wsgi [None req-0c8ecfb7-d2e0-4632-97ff-3b013137c3b7 a2b2aee04d4e4d6a9c7048fdd2f2e66d 5906e0af14af44b78d262d35bdab8cf5 - - default default] 10.0.0.149 "GET /v2.0/security-groups?tenant_id=35f8cb28376f4cd88b8717615d15ec4b&name=default HTTP/1.1" status: 200 len: 3120 time: 0.2442684
2026-04-28 08:52:54.102 10 INFO neutron.api.wsgi [None req-195fc4a2-6efa-4f19-b87f-34152f56a7d9 a2b2aee04d4e4d6a9c7048fdd2f2e66d 5906e0af14af44b78d262d35bdab8cf5 - - default default] 10.0.0.149 "DELETE /v2.0/security-groups/fef4915b-8b26-43ac-b649-0efe1a231537 HTTP/1.1" status: 204 len: 168 time: 0.2321343
2026-04-28 08:52:54.888 10 INFO neutron.db.ovn_revision_numbers_db [None req-1014ea8a-b24a-4930-bbf1-8fc602029ad7 a2b2aee04d4e4d6a9c7048fdd2f2e66d 5906e0af14af44b78d262d35bdab8cf5 - - default default] Successfully bumped revision number for resource f1230531-1fe6-4fc5-af7b-dee630bc99a0 (type: security_groups) to 1
2026-04-28 08:52:54.906 10 INFO neutron.db.ovn_revision_numbers_db [None req-1014ea8a-b24a-4930-bbf1-8fc602029ad7 a2b2aee04d4e4d6a9c7048fdd2f2e66d 5906e0af14af44b78d262d35bdab8cf5 - - default default] Successfully bumped revision number for resource 19d1ac12-ec19-4b74-910e-6e7312198549 (type: security_group_rules) to 0
2026-04-28 08:52:54.923 10 INFO neutron.db.ovn_revision_numbers_db [None req-1014ea8a-b24a-4930-bbf1-8fc602029ad7 a2b2aee04d4e4d6a9c7048fdd2f2e66d 5906e0af14af44b78d262d35bdab8cf5 - - default default] Successfully bumped revision number for resource 235deddd-896a-4a53-ba5f-caee30ef7066 (type: security_group_rules) to 0
2026-04-28 08:52:54.939 10 INFO neutron.db.ovn_revision_numbers_db [None req-1014ea8a-b24a-4930-bbf1-8fc602029ad7 a2b2aee04d4e4d6a9c7048fdd2f2e66d 5906e0af14af44b78d262d35bdab8cf5 - - default default] Successfully bumped revision number for resource e0dacb82-cd7c-45a1-be79-711a01855715 (type: security_group_rules) to 0
2026-04-28 08:52:54.958 10 INFO neutron.db.ovn_revision_numbers_db [None req-1014ea8a-b24a-4930-bbf1-8fc602029ad7 a2b2aee04d4e4d6a9c7048fdd2f2e66d 5906e0af14af44b78d262d35bdab8cf5 - - default default] Successfully bumped revision number for resource f604ca79-c306-4200-aa5b-d1a14ed61dc1 (type: security_group_rules) to 0
2026-04-28 08:52:55.001 10 INFO neutron.api.wsgi [None req-1014ea8a-b24a-4930-bbf1-8fc602029ad7 a2b2aee04d4e4d6a9c7048fdd2f2e66d 5906e0af14af44b78d262d35bdab8cf5 - - default default] 10.0.0.149 "GET /v2.0/security-groups?tenant_id=e2ae375c70e544d8af9518d5f1b606e3&name=default HTTP/1.1" status: 200 len: 3120 time: 0.4612010
2026-04-28 08:52:55.286 9 INFO neutron.api.wsgi [None req-0930cf5d-0435-466e-85e4-2d1558c4469b a2b2aee04d4e4d6a9c7048fdd2f2e66d 5906e0af14af44b78d262d35bdab8cf5 - - default default] 10.0.0.149 "DELETE /v2.0/security-groups/f1230531-1fe6-4fc5-af7b-dee630bc99a0 HTTP/1.1" status: 204 len: 168 time: 0.2786624
2026-04-28 08:52:57.286 10 WARNING neutron_lib.context [None req-ec45d488-d559-42e7-9ba2-20f032471bda 135c2a2be4d84035ba5cc7174bf777b5 9ea42fa7c6784ce298e0de391a9e4182 - - default default] Method 'is_advsvc' is deprecated since 2023.2 release (neutron-lib 3.8.0) and will be removed once support for the old RBAC API policies will be removed from Neutron. Please use method 'is_service_role' instead.
2026-04-28 08:52:57.458 10 INFO neutron.db.ovn_revision_numbers_db [None req-ec45d488-d559-42e7-9ba2-20f032471bda 135c2a2be4d84035ba5cc7174bf777b5 9ea42fa7c6784ce298e0de391a9e4182 - - default default] Successfully bumped revision number for resource 57ab4990-a59c-490a-af66-2c35fe9b3088 (type: security_groups) to 1
2026-04-28 08:52:57.493 10 INFO neutron.db.ovn_revision_numbers_db [None req-ec45d488-d559-42e7-9ba2-20f032471bda 135c2a2be4d84035ba5cc7174bf777b5 9ea42fa7c6784ce298e0de391a9e4182 - - default default] Successfully bumped revision number for resource 3dc7db3b-cd3d-4b18-8805-b2f22ea02e95 (type: security_group_rules) to 0
2026-04-28 08:52:57.527 10 INFO neutron.db.ovn_revision_numbers_db [None req-ec45d488-d559-42e7-9ba2-20f032471bda 135c2a2be4d84035ba5cc7174bf777b5 9ea42fa7c6784ce298e0de391a9e4182 - - default default] Successfully bumped revision number for resource 7fdc6509-e8e1-4c50-b5cf-088091b42607 (type: security_group_rules) to 0
2026-04-28 08:52:57.553 10 INFO neutron.db.ovn_revision_numbers_db [None req-ec45d488-d559-42e7-9ba2-20f032471bda 135c2a2be4d84035ba5cc7174bf777b5 9ea42fa7c6784ce298e0de391a9e4182 - - default default] Successfully bumped revision number for resource 86ad5e0b-e298-4823-a06a-2920272c5a80 (type: security_group_rules) to 0
2026-04-28 08:52:57.579 10 INFO neutron.db.ovn_revision_numbers_db [None req-ec45d488-d559-42e7-9ba2-20f032471bda 135c2a2be4d84035ba5cc7174bf777b5 9ea42fa7c6784ce298e0de391a9e4182 - - default default] Successfully bumped revision number for resource d4ba63f2-acc2-4bb5-9c41-2f2d5f5ec13d (type: security_group_rules) to 0
2026-04-28 08:52:57.657 10 INFO neutron.db.segments_db [None req-ec45d488-d559-42e7-9ba2-20f032471bda 135c2a2be4d84035ba5cc7174bf777b5 9ea42fa7c6784ce298e0de391a9e4182 - - default default] Added segment d962e98c-a447-4aad-98e0-5cab15951731 of type geneve for network 7e399cb3-3a5c-466e-b632-9ebba27d0711
2026-04-28 08:52:57.873 10 INFO neutron.db.ovn_revision_numbers_db [None req-ec45d488-d559-42e7-9ba2-20f032471bda 135c2a2be4d84035ba5cc7174bf777b5 9ea42fa7c6784ce298e0de391a9e4182 - - default default] Successfully bumped revision number for resource 7e399cb3-3a5c-466e-b632-9ebba27d0711 (type: networks) to 1
2026-04-28 08:52:58.092 10 WARNING neutron.scheduler.dhcp_agent_scheduler [None req-ec45d488-d559-42e7-9ba2-20f032471bda 135c2a2be4d84035ba5cc7174bf777b5 9ea42fa7c6784ce298e0de391a9e4182 - - default default] No more DHCP agents
2026-04-28 08:52:58.093 10 WARNING neutron.api.rpc.agentnotifiers.dhcp_rpc_agent_api [None req-ec45d488-d559-42e7-9ba2-20f032471bda 135c2a2be4d84035ba5cc7174bf777b5 9ea42fa7c6784ce298e0de391a9e4182 - - default default] Unable to schedule network 7e399cb3-3a5c-466e-b632-9ebba27d0711: no agents available; will retry on subsequent port and subnet creation events.
2026-04-28 08:52:58.156 10 INFO neutron.db.ovn_revision_numbers_db [None req-ec45d488-d559-42e7-9ba2-20f032471bda 135c2a2be4d84035ba5cc7174bf777b5 9ea42fa7c6784ce298e0de391a9e4182 - - default default] Successfully bumped revision number for resource 0987f099-d619-4e15-9532-214ed2dc2196 (type: ports) to 1
2026-04-28 08:52:58.263 10 INFO neutron.api.wsgi [None req-ec45d488-d559-42e7-9ba2-20f032471bda 135c2a2be4d84035ba5cc7174bf777b5 9ea42fa7c6784ce298e0de391a9e4182 - - default default] 10.0.0.149 "POST /v2.0/networks HTTP/1.1" status: 201 len: 846 time: 1.1336670
