May 21 01:01:13.949069 np0000175581 systemd[1]: Starting devstack@n-api.service - Devstack devstack@n-api.service...
May 21 01:01:13.958364 np0000175581 devstack@n-api.service[99967]: [uWSGI] getting INI configuration from /etc/nova/nova-api-uwsgi.ini
May 21 01:01:13.961376 np0000175581 devstack@n-api.service[99967]: *** Starting uWSGI 2.0.24-debian (64bit) on [Thu May 21 01:01:13 2026] ***
May 21 01:01:13.961376 np0000175581 devstack@n-api.service[99967]: compiled with version: 13.2.0 on 17 April 2024 16:23:48
May 21 01:01:13.961376 np0000175581 devstack@n-api.service[99967]: os: Linux-6.8.0-111-generic #111-Ubuntu SMP PREEMPT_DYNAMIC Sat Apr 11 23:16:02 UTC 2026
May 21 01:01:13.961376 np0000175581 devstack@n-api.service[99967]: nodename: np0000175581
May 21 01:01:13.961376 np0000175581 devstack@n-api.service[99967]: machine: x86_64
May 21 01:01:13.961376 np0000175581 devstack@n-api.service[99967]: clock source: unix
May 21 01:01:13.961376 np0000175581 devstack@n-api.service[99967]: pcre jit disabled
May 21 01:01:13.961376 np0000175581 devstack@n-api.service[99967]: detected number of CPU cores: 16
May 21 01:01:13.961376 np0000175581 devstack@n-api.service[99967]: current working directory: /
May 21 01:01:13.961376 np0000175581 devstack@n-api.service[99967]: detected binary path: /usr/bin/uwsgi-core
May 21 01:01:13.961376 np0000175581 devstack@n-api.service[99967]: your processes number limit is 256917
May 21 01:01:13.961376 np0000175581 devstack@n-api.service[99967]: your memory page size is 4096 bytes
May 21 01:01:13.961376 np0000175581 devstack@n-api.service[99967]: detected max file descriptor number: 2048
May 21 01:01:13.961376 np0000175581 devstack@n-api.service[99967]: lock engine: pthread robust mutexes
May 21 01:01:13.962408 np0000175581 devstack@n-api.service[99967]: thunder lock: enabled
May 21 01:01:13.962408 np0000175581 devstack@n-api.service[99967]: uwsgi socket 0 bound to UNIX address /var/run/uwsgi/nova-api.socket fd 4
May 21 01:01:13.962408 np0000175581 devstack@n-api.service[99967]: Python version: 3.12.3 (main, Mar 23 2026, 19:04:32) [GCC 13.3.0]
May 21 01:01:13.962408 np0000175581 devstack@n-api.service[99967]: PEP 405 virtualenv detected: /opt/stack/data/venv
May 21 01:01:13.962408 np0000175581 devstack@n-api.service[99967]: Set PythonHome to /opt/stack/data/venv
May 21 01:01:13.999427 np0000175581 devstack@n-api.service[99967]: Python main interpreter initialized at 0x73477bea3668
May 21 01:01:13.999427 np0000175581 devstack@n-api.service[99967]: python threads support enabled
May 21 01:01:13.999427 np0000175581 devstack@n-api.service[99967]: your server socket listen backlog is limited to 100 connections
May 21 01:01:13.999427 np0000175581 devstack@n-api.service[99967]: your mercy for graceful operations on workers is 80 seconds
May 21 01:01:13.999924 np0000175581 devstack@n-api.service[99967]: mapped 671795 bytes (656 KB) for 4 cores
May 21 01:01:14.000061 np0000175581 devstack@n-api.service[99967]: *** Operational MODE: preforking ***
May 21 01:01:14.000219 np0000175581 devstack@n-api.service[99967]: *** uWSGI is running in multiple interpreter mode ***
May 21 01:01:14.000219 np0000175581 devstack@n-api.service[99967]: spawned uWSGI master process (pid: 99967)
May 21 01:01:14.000555 np0000175581 systemd[1]: Started devstack@n-api.service - Devstack devstack@n-api.service.
May 21 01:01:14.000936 np0000175581 devstack@n-api.service[99967]: spawned uWSGI worker 1 (pid: 99968, cores: 1)
May 21 01:01:14.001475 np0000175581 devstack@n-api.service[99967]: spawned uWSGI worker 2 (pid: 99969, cores: 1)
May 21 01:01:14.001938 np0000175581 devstack@n-api.service[99967]: spawned uWSGI worker 3 (pid: 99970, cores: 1)
May 21 01:01:14.002412 np0000175581 devstack@n-api.service[99967]: spawned uWSGI worker 4 (pid: 99971, cores: 1)
May 21 01:01:14.002476 np0000175581 devstack@n-api.service[99967]: running "unix_signal:15 gracefully_kill_them_all" (master-start)...
May 21 01:01:15.854707 np0000175581 devstack@n-api.service[99968]: INFO dbcounter [None req-1dd5a69a-9446-4ca3-8e3d-f6db9febb1cd None None] Registered counter for database nova_api
May 21 01:01:15.855767 np0000175581 devstack@n-api.service[99970]: INFO dbcounter [None req-4109c45a-ba33-40c7-ad60-8c27ee64b06e None None] Registered counter for database nova_api
May 21 01:01:15.865269 np0000175581 devstack@n-api.service[99971]: INFO dbcounter [None req-4d6c75d9-d264-4360-b75f-c51146dba3fd None None] Registered counter for database nova_api
May 21 01:01:15.867563 np0000175581 devstack@n-api.service[99968]: DEBUG oslo_db.sqlalchemy.engines [None req-1dd5a69a-9446-4ca3-8e3d-f6db9febb1cd None None] MySQL server mode set to STRICT_TRANS_TABLES,STRICT_ALL_TABLES,NO_ZERO_IN_DATE,NO_ZERO_DATE,ERROR_FOR_DIVISION_BY_ZERO,TRADITIONAL,NO_ENGINE_SUBSTITUTION {{(pid=99968) _check_effective_sql_mode /opt/stack/data/venv/lib/python3.12/site-packages/oslo_db/sqlalchemy/engines.py:325}}
May 21 01:01:15.872750 np0000175581 devstack@n-api.service[99970]: DEBUG oslo_db.sqlalchemy.engines [None req-4109c45a-ba33-40c7-ad60-8c27ee64b06e None None] MySQL server mode set to STRICT_TRANS_TABLES,STRICT_ALL_TABLES,NO_ZERO_IN_DATE,NO_ZERO_DATE,ERROR_FOR_DIVISION_BY_ZERO,TRADITIONAL,NO_ENGINE_SUBSTITUTION {{(pid=99970) _check_effective_sql_mode /opt/stack/data/venv/lib/python3.12/site-packages/oslo_db/sqlalchemy/engines.py:325}}
May 21 01:01:15.876948 np0000175581 devstack@n-api.service[99971]: DEBUG oslo_db.sqlalchemy.engines [None req-4d6c75d9-d264-4360-b75f-c51146dba3fd None None] MySQL server mode set to STRICT_TRANS_TABLES,STRICT_ALL_TABLES,NO_ZERO_IN_DATE,NO_ZERO_DATE,ERROR_FOR_DIVISION_BY_ZERO,TRADITIONAL,NO_ENGINE_SUBSTITUTION {{(pid=99971) _check_effective_sql_mode /opt/stack/data/venv/lib/python3.12/site-packages/oslo_db/sqlalchemy/engines.py:325}}
May 21 01:01:15.899696 np0000175581 devstack@n-api.service[99968]: DEBUG dbcounter [-] [99968] Writer thread running {{(pid=99968) stat_writer /opt/stack/data/venv/lib/python3.12/site-packages/dbcounter.py:102}}
May 21 01:01:15.902290 np0000175581 devstack@n-api.service[99968]: DEBUG nova.context [None req-1dd5a69a-9446-4ca3-8e3d-f6db9febb1cd None None] Found 2 cells: 00000000-0000-0000-0000-000000000000(cell0),cb9b6962-0cff-42ea-b9b8-152cc0f3a18f(cell1) {{(pid=99968) load_cells /opt/stack/nova/nova/context.py:509}}
May 21 01:01:15.902522 np0000175581 devstack@n-api.service[99968]: INFO nova.utils [None req-1dd5a69a-9446-4ca3-8e3d-f6db9febb1cd None None] The cell worker thread pool MainProcess.cell_worker is initialized
May 21 01:01:15.904549 np0000175581 devstack@n-api.service[99968]: DEBUG oslo_concurrency.lockutils [None req-1dd5a69a-9446-4ca3-8e3d-f6db9febb1cd None None] Acquiring lock "00000000-0000-0000-0000-000000000000" by "nova.context.set_target_cell..get_or_set_cached_cell_and_set_connections" {{(pid=99968) inner /opt/stack/data/venv/lib/python3.12/site-packages/oslo_concurrency/lockutils.py:511}}
May 21 01:01:15.904667 np0000175581 devstack@n-api.service[99968]: DEBUG oslo_concurrency.lockutils [None req-1dd5a69a-9446-4ca3-8e3d-f6db9febb1cd None None] Lock "00000000-0000-0000-0000-000000000000" acquired by "nova.context.set_target_cell..get_or_set_cached_cell_and_set_connections" :: waited 0.000s {{(pid=99968) inner /opt/stack/data/venv/lib/python3.12/site-packages/oslo_concurrency/lockutils.py:524}}
May 21 01:01:15.904992 np0000175581 devstack@n-api.service[99968]: DEBUG oslo_concurrency.lockutils [None req-1dd5a69a-9446-4ca3-8e3d-f6db9febb1cd None None] Lock "00000000-0000-0000-0000-000000000000" "released" by "nova.context.set_target_cell..get_or_set_cached_cell_and_set_connections" :: held 0.000s {{(pid=99968) inner /opt/stack/data/venv/lib/python3.12/site-packages/oslo_concurrency/lockutils.py:543}}
May 21 01:01:15.905993 np0000175581 devstack@n-api.service[99968]: DEBUG oslo_concurrency.lockutils [None req-1dd5a69a-9446-4ca3-8e3d-f6db9febb1cd None None] Acquiring lock "cb9b6962-0cff-42ea-b9b8-152cc0f3a18f" by "nova.context.set_target_cell..get_or_set_cached_cell_and_set_connections" {{(pid=99968) inner /opt/stack/data/venv/lib/python3.12/site-packages/oslo_concurrency/lockutils.py:511}}
May 21 01:01:15.906182 np0000175581 devstack@n-api.service[99968]: DEBUG oslo_concurrency.lockutils [None req-1dd5a69a-9446-4ca3-8e3d-f6db9febb1cd None None] Lock "cb9b6962-0cff-42ea-b9b8-152cc0f3a18f" acquired by "nova.context.set_target_cell..get_or_set_cached_cell_and_set_connections" :: waited 0.000s {{(pid=99968) inner /opt/stack/data/venv/lib/python3.12/site-packages/oslo_concurrency/lockutils.py:524}}
May 21 01:01:15.906996 np0000175581 devstack@n-api.service[99968]: DEBUG oslo_concurrency.lockutils [None req-1dd5a69a-9446-4ca3-8e3d-f6db9febb1cd None None] Lock "cb9b6962-0cff-42ea-b9b8-152cc0f3a18f" "released" by "nova.context.set_target_cell..get_or_set_cached_cell_and_set_connections" :: held 0.001s {{(pid=99968) inner /opt/stack/data/venv/lib/python3.12/site-packages/oslo_concurrency/lockutils.py:543}}
May 21 01:01:15.907633 np0000175581 devstack@n-api.service[99970]: DEBUG dbcounter [-] [99970] Writer thread running {{(pid=99970) stat_writer /opt/stack/data/venv/lib/python3.12/site-packages/dbcounter.py:102}}
May 21 01:01:15.909248 np0000175581 devstack@n-api.service[99971]: DEBUG dbcounter [-] [99971] Writer thread running {{(pid=99971) stat_writer /opt/stack/data/venv/lib/python3.12/site-packages/dbcounter.py:102}}
May 21 01:01:15.909877 np0000175581 devstack@n-api.service[99968]: INFO dbcounter [None req-1dd5a69a-9446-4ca3-8e3d-f6db9febb1cd None None] Registered counter for database nova_cell0
May 21 01:01:15.910925 np0000175581 devstack@n-api.service[99970]: DEBUG nova.context [None req-4109c45a-ba33-40c7-ad60-8c27ee64b06e None None] Found 2 cells: 00000000-0000-0000-0000-000000000000(cell0),cb9b6962-0cff-42ea-b9b8-152cc0f3a18f(cell1) {{(pid=99970) load_cells /opt/stack/nova/nova/context.py:509}}
May 21 01:01:15.911388 np0000175581 devstack@n-api.service[99970]: INFO nova.utils [None req-4109c45a-ba33-40c7-ad60-8c27ee64b06e None None] The cell worker thread pool MainProcess.cell_worker is initialized
May 21 01:01:15.911626 np0000175581 devstack@n-api.service[99971]: DEBUG nova.context [None req-4d6c75d9-d264-4360-b75f-c51146dba3fd None None] Found 2 cells: 00000000-0000-0000-0000-000000000000(cell0),cb9b6962-0cff-42ea-b9b8-152cc0f3a18f(cell1) {{(pid=99971) load_cells /opt/stack/nova/nova/context.py:509}}
May 21 01:01:15.911849 np0000175581 devstack@n-api.service[99971]: INFO nova.utils [None req-4d6c75d9-d264-4360-b75f-c51146dba3fd None None] The cell worker thread pool MainProcess.cell_worker is initialized
May 21 01:01:15.913457 np0000175581 devstack@n-api.service[99970]: DEBUG oslo_concurrency.lockutils [None req-4109c45a-ba33-40c7-ad60-8c27ee64b06e None None] Acquiring lock "00000000-0000-0000-0000-000000000000" by "nova.context.set_target_cell..get_or_set_cached_cell_and_set_connections" {{(pid=99970) inner /opt/stack/data/venv/lib/python3.12/site-packages/oslo_concurrency/lockutils.py:511}}
May 21 01:01:15.913618 np0000175581 devstack@n-api.service[99970]: DEBUG oslo_concurrency.lockutils [None req-4109c45a-ba33-40c7-ad60-8c27ee64b06e None None] Lock "00000000-0000-0000-0000-000000000000" acquired by "nova.context.set_target_cell..get_or_set_cached_cell_and_set_connections" :: waited 0.000s {{(pid=99970) inner /opt/stack/data/venv/lib/python3.12/site-packages/oslo_concurrency/lockutils.py:524}}
May 21 01:01:15.913707 np0000175581 devstack@n-api.service[99971]: DEBUG oslo_concurrency.lockutils [None req-4d6c75d9-d264-4360-b75f-c51146dba3fd None None] Acquiring lock "00000000-0000-0000-0000-000000000000" by "nova.context.set_target_cell..get_or_set_cached_cell_and_set_connections" {{(pid=99971) inner /opt/stack/data/venv/lib/python3.12/site-packages/oslo_concurrency/lockutils.py:511}}
May 21 01:01:15.913891 np0000175581 devstack@n-api.service[99971]: DEBUG oslo_concurrency.lockutils [None req-4d6c75d9-d264-4360-b75f-c51146dba3fd None None] Lock "00000000-0000-0000-0000-000000000000" acquired by "nova.context.set_target_cell..get_or_set_cached_cell_and_set_connections" :: waited 0.000s {{(pid=99971) inner /opt/stack/data/venv/lib/python3.12/site-packages/oslo_concurrency/lockutils.py:524}}
May 21 01:01:15.914005 np0000175581 devstack@n-api.service[99970]: DEBUG oslo_concurrency.lockutils [None req-4109c45a-ba33-40c7-ad60-8c27ee64b06e None None] Lock "00000000-0000-0000-0000-000000000000" "released" by "nova.context.set_target_cell..get_or_set_cached_cell_and_set_connections" :: held 0.000s {{(pid=99970) inner /opt/stack/data/venv/lib/python3.12/site-packages/oslo_concurrency/lockutils.py:543}}
May 21 01:01:15.914232 np0000175581 devstack@n-api.service[99971]: DEBUG oslo_concurrency.lockutils [None req-4d6c75d9-d264-4360-b75f-c51146dba3fd None None] Lock "00000000-0000-0000-0000-000000000000" "released" by "nova.context.set_target_cell..get_or_set_cached_cell_and_set_connections" :: held 0.000s {{(pid=99971) inner /opt/stack/data/venv/lib/python3.12/site-packages/oslo_concurrency/lockutils.py:543}}
May 21 01:01:15.914856 np0000175581 devstack@n-api.service[99970]: DEBUG oslo_concurrency.lockutils [None req-4109c45a-ba33-40c7-ad60-8c27ee64b06e None None] Acquiring lock "cb9b6962-0cff-42ea-b9b8-152cc0f3a18f" by "nova.context.set_target_cell..get_or_set_cached_cell_and_set_connections" {{(pid=99970) inner /opt/stack/data/venv/lib/python3.12/site-packages/oslo_concurrency/lockutils.py:511}}
May 21 01:01:15.914919 np0000175581 devstack@n-api.service[99971]: DEBUG oslo_concurrency.lockutils [None req-4d6c75d9-d264-4360-b75f-c51146dba3fd None None] Acquiring lock "cb9b6962-0cff-42ea-b9b8-152cc0f3a18f" by "nova.context.set_target_cell..get_or_set_cached_cell_and_set_connections" {{(pid=99971) inner /opt/stack/data/venv/lib/python3.12/site-packages/oslo_concurrency/lockutils.py:511}}
May 21 01:01:15.915009 np0000175581 devstack@n-api.service[99971]: DEBUG oslo_concurrency.lockutils [None req-4d6c75d9-d264-4360-b75f-c51146dba3fd None None] Lock "cb9b6962-0cff-42ea-b9b8-152cc0f3a18f" acquired by "nova.context.set_target_cell..get_or_set_cached_cell_and_set_connections" :: waited 0.000s {{(pid=99971) inner /opt/stack/data/venv/lib/python3.12/site-packages/oslo_concurrency/lockutils.py:524}}
May 21 01:01:15.915104 np0000175581 devstack@n-api.service[99970]: DEBUG oslo_concurrency.lockutils [None req-4109c45a-ba33-40c7-ad60-8c27ee64b06e None None] Lock "cb9b6962-0cff-42ea-b9b8-152cc0f3a18f" acquired by "nova.context.set_target_cell..get_or_set_cached_cell_and_set_connections" :: waited 0.000s {{(pid=99970) inner /opt/stack/data/venv/lib/python3.12/site-packages/oslo_concurrency/lockutils.py:524}}
May 21 01:01:15.915891 np0000175581 devstack@n-api.service[99971]: DEBUG oslo_concurrency.lockutils [None req-4d6c75d9-d264-4360-b75f-c51146dba3fd None None] Lock "cb9b6962-0cff-42ea-b9b8-152cc0f3a18f" "released" by "nova.context.set_target_cell..get_or_set_cached_cell_and_set_connections" :: held 0.001s {{(pid=99971) inner /opt/stack/data/venv/lib/python3.12/site-packages/oslo_concurrency/lockutils.py:543}}
May 21 01:01:15.916053 np0000175581 devstack@n-api.service[99968]: INFO dbcounter [None req-1dd5a69a-9446-4ca3-8e3d-f6db9febb1cd None None] Registered counter for database nova_cell1
May 21 01:01:15.916849 np0000175581 devstack@n-api.service[99970]: DEBUG oslo_concurrency.lockutils [None req-4109c45a-ba33-40c7-ad60-8c27ee64b06e None None] Lock "cb9b6962-0cff-42ea-b9b8-152cc0f3a18f" "released" by "nova.context.set_target_cell..get_or_set_cached_cell_and_set_connections" :: held 0.002s {{(pid=99970) inner /opt/stack/data/venv/lib/python3.12/site-packages/oslo_concurrency/lockutils.py:543}}
May 21 01:01:15.918488 np0000175581 devstack@n-api.service[99971]: INFO dbcounter [None req-4d6c75d9-d264-4360-b75f-c51146dba3fd None None] Registered counter for database nova_cell0
May 21 01:01:15.920135 np0000175581 devstack@n-api.service[99970]: INFO dbcounter [None req-4109c45a-ba33-40c7-ad60-8c27ee64b06e None None] Registered counter for database nova_cell0
May 21 01:01:15.924122 np0000175581 devstack@n-api.service[99971]: INFO dbcounter [None req-4d6c75d9-d264-4360-b75f-c51146dba3fd None None] Registered counter for database nova_cell1
May 21 01:01:15.926108 np0000175581 devstack@n-api.service[99970]: INFO dbcounter [None req-4109c45a-ba33-40c7-ad60-8c27ee64b06e None None] Registered counter for database nova_cell1
May 21 01:01:15.927727 np0000175581 devstack@n-api.service[99968]: DEBUG oslo_db.sqlalchemy.engines [None req-1dd5a69a-9446-4ca3-8e3d-f6db9febb1cd None None] MySQL server mode set to STRICT_TRANS_TABLES,STRICT_ALL_TABLES,NO_ZERO_IN_DATE,NO_ZERO_DATE,ERROR_FOR_DIVISION_BY_ZERO,TRADITIONAL,NO_ENGINE_SUBSTITUTION {{(pid=99968) _check_effective_sql_mode /opt/stack/data/venv/lib/python3.12/site-packages/oslo_db/sqlalchemy/engines.py:325}}
May 21 01:01:15.934358 np0000175581 devstack@n-api.service[99968]: DEBUG oslo_db.sqlalchemy.engines [None req-1dd5a69a-9446-4ca3-8e3d-f6db9febb1cd None None] MySQL server mode set to STRICT_TRANS_TABLES,STRICT_ALL_TABLES,NO_ZERO_IN_DATE,NO_ZERO_DATE,ERROR_FOR_DIVISION_BY_ZERO,TRADITIONAL,NO_ENGINE_SUBSTITUTION {{(pid=99968) _check_effective_sql_mode /opt/stack/data/venv/lib/python3.12/site-packages/oslo_db/sqlalchemy/engines.py:325}}
May 21 01:01:15.936892 np0000175581 devstack@n-api.service[99971]: DEBUG oslo_db.sqlalchemy.engines [None req-4d6c75d9-d264-4360-b75f-c51146dba3fd None None] MySQL server mode set to STRICT_TRANS_TABLES,STRICT_ALL_TABLES,NO_ZERO_IN_DATE,NO_ZERO_DATE,ERROR_FOR_DIVISION_BY_ZERO,TRADITIONAL,NO_ENGINE_SUBSTITUTION {{(pid=99971) _check_effective_sql_mode /opt/stack/data/venv/lib/python3.12/site-packages/oslo_db/sqlalchemy/engines.py:325}}
May 21 01:01:15.942770 np0000175581 devstack@n-api.service[99970]: DEBUG oslo_db.sqlalchemy.engines [None req-4109c45a-ba33-40c7-ad60-8c27ee64b06e None None] MySQL server mode set to STRICT_TRANS_TABLES,STRICT_ALL_TABLES,NO_ZERO_IN_DATE,NO_ZERO_DATE,ERROR_FOR_DIVISION_BY_ZERO,TRADITIONAL,NO_ENGINE_SUBSTITUTION {{(pid=99970) _check_effective_sql_mode /opt/stack/data/venv/lib/python3.12/site-packages/oslo_db/sqlalchemy/engines.py:325}}
May 21 01:01:15.950047 np0000175581 devstack@n-api.service[99970]: DEBUG oslo_db.sqlalchemy.engines [None req-4109c45a-ba33-40c7-ad60-8c27ee64b06e None None] MySQL server mode set to STRICT_TRANS_TABLES,STRICT_ALL_TABLES,NO_ZERO_IN_DATE,NO_ZERO_DATE,ERROR_FOR_DIVISION_BY_ZERO,TRADITIONAL,NO_ENGINE_SUBSTITUTION {{(pid=99970) _check_effective_sql_mode /opt/stack/data/venv/lib/python3.12/site-packages/oslo_db/sqlalchemy/engines.py:325}}
May 21 01:01:15.958730 np0000175581 devstack@n-api.service[99971]: DEBUG oslo_db.sqlalchemy.engines [None req-4d6c75d9-d264-4360-b75f-c51146dba3fd None None] MySQL server mode set to STRICT_TRANS_TABLES,STRICT_ALL_TABLES,NO_ZERO_IN_DATE,NO_ZERO_DATE,ERROR_FOR_DIVISION_BY_ZERO,TRADITIONAL,NO_ENGINE_SUBSTITUTION {{(pid=99971) _check_effective_sql_mode /opt/stack/data/venv/lib/python3.12/site-packages/oslo_db/sqlalchemy/engines.py:325}}
May 21 01:01:16.011875 np0000175581 devstack@n-api.service[99969]: INFO dbcounter [None req-81b0e072-1d2b-4483-81b0-58f971f6114a None None] Registered counter for database nova_api
May 21 01:01:16.034019 np0000175581 devstack@n-api.service[99969]: DEBUG oslo_db.sqlalchemy.engines [None req-81b0e072-1d2b-4483-81b0-58f971f6114a None None] MySQL server mode set to STRICT_TRANS_TABLES,STRICT_ALL_TABLES,NO_ZERO_IN_DATE,NO_ZERO_DATE,ERROR_FOR_DIVISION_BY_ZERO,TRADITIONAL,NO_ENGINE_SUBSTITUTION {{(pid=99969) _check_effective_sql_mode /opt/stack/data/venv/lib/python3.12/site-packages/oslo_db/sqlalchemy/engines.py:325}}
May 21 01:01:16.034687 np0000175581 devstack@n-api.service[99971]: DEBUG dbcounter [-] [99971] Writer thread running {{(pid=99971) stat_writer /opt/stack/data/venv/lib/python3.12/site-packages/dbcounter.py:102}}
May 21 01:01:16.042065 np0000175581 devstack@n-api.service[99971]: DEBUG dbcounter [-] [99971] Writer thread running {{(pid=99971) stat_writer /opt/stack/data/venv/lib/python3.12/site-packages/dbcounter.py:102}}
May 21 01:01:16.042531 np0000175581 devstack@n-api.service[99968]: DEBUG dbcounter [-] [99968] Writer thread running {{(pid=99968) stat_writer /opt/stack/data/venv/lib/python3.12/site-packages/dbcounter.py:102}}
May 21 01:01:16.043444 np0000175581 devstack@n-api.service[99968]: DEBUG dbcounter [-] [99968] Writer thread running {{(pid=99968) stat_writer /opt/stack/data/venv/lib/python3.12/site-packages/dbcounter.py:102}}
May 21 01:01:16.046893 np0000175581 devstack@n-api.service[99971]: INFO dbcounter [None req-4d6c75d9-d264-4360-b75f-c51146dba3fd None None] Registered counter for database nova_cell0
May 21 01:01:16.049099 np0000175581 devstack@n-api.service[99968]: INFO dbcounter [None req-1dd5a69a-9446-4ca3-8e3d-f6db9febb1cd None None] Registered counter for database nova_cell0
May 21 01:01:16.051632 np0000175581 devstack@n-api.service[99970]: DEBUG dbcounter [-] [99970] Writer thread running {{(pid=99970) stat_writer /opt/stack/data/venv/lib/python3.12/site-packages/dbcounter.py:102}}
May 21 01:01:16.059049 np0000175581 devstack@n-api.service[99970]: DEBUG dbcounter [-] [99970] Writer thread running {{(pid=99970) stat_writer /opt/stack/data/venv/lib/python3.12/site-packages/dbcounter.py:102}}
May 21 01:01:16.059439 np0000175581 devstack@n-api.service[99971]: DEBUG oslo_db.sqlalchemy.engines [None req-4d6c75d9-d264-4360-b75f-c51146dba3fd None None] MySQL server mode set to STRICT_TRANS_TABLES,STRICT_ALL_TABLES,NO_ZERO_IN_DATE,NO_ZERO_DATE,ERROR_FOR_DIVISION_BY_ZERO,TRADITIONAL,NO_ENGINE_SUBSTITUTION {{(pid=99971) _check_effective_sql_mode /opt/stack/data/venv/lib/python3.12/site-packages/oslo_db/sqlalchemy/engines.py:325}}
May 21 01:01:16.064026 np0000175581 devstack@n-api.service[99968]: DEBUG oslo_db.sqlalchemy.engines [None req-1dd5a69a-9446-4ca3-8e3d-f6db9febb1cd None None] MySQL server mode set to STRICT_TRANS_TABLES,STRICT_ALL_TABLES,NO_ZERO_IN_DATE,NO_ZERO_DATE,ERROR_FOR_DIVISION_BY_ZERO,TRADITIONAL,NO_ENGINE_SUBSTITUTION {{(pid=99968) _check_effective_sql_mode /opt/stack/data/venv/lib/python3.12/site-packages/oslo_db/sqlalchemy/engines.py:325}}
May 21 01:01:16.072248 np0000175581 devstack@n-api.service[99971]: DEBUG dbcounter [-] [99971] Writer thread running {{(pid=99971) stat_writer /opt/stack/data/venv/lib/python3.12/site-packages/dbcounter.py:102}}
May 21 01:01:16.074056 np0000175581 devstack@n-api.service[99968]: DEBUG dbcounter [-] [99968] Writer thread running {{(pid=99968) stat_writer /opt/stack/data/venv/lib/python3.12/site-packages/dbcounter.py:102}}
May 21 01:01:16.074292 np0000175581 devstack@n-api.service[99969]: DEBUG dbcounter [-] [99969] Writer thread running {{(pid=99969) stat_writer /opt/stack/data/venv/lib/python3.12/site-packages/dbcounter.py:102}}
May 21 01:01:16.111136 np0000175581 devstack@n-api.service[99969]: DEBUG nova.context [None req-81b0e072-1d2b-4483-81b0-58f971f6114a None None] Found 2 cells: 00000000-0000-0000-0000-000000000000(cell0),cb9b6962-0cff-42ea-b9b8-152cc0f3a18f(cell1) {{(pid=99969) load_cells /opt/stack/nova/nova/context.py:509}}
May 21 01:01:16.111493 np0000175581 devstack@n-api.service[99969]: INFO nova.utils [None req-81b0e072-1d2b-4483-81b0-58f971f6114a None None] The cell worker thread pool MainProcess.cell_worker is initialized
May 21 01:01:16.112161 np0000175581 devstack@n-api.service[99970]: INFO dbcounter [None req-4109c45a-ba33-40c7-ad60-8c27ee64b06e None None] Registered counter for database nova_cell0
May 21 01:01:16.114453 np0000175581 devstack@n-api.service[99969]: DEBUG oslo_concurrency.lockutils [None req-81b0e072-1d2b-4483-81b0-58f971f6114a None None] Acquiring lock "00000000-0000-0000-0000-000000000000" by "nova.context.set_target_cell..get_or_set_cached_cell_and_set_connections" {{(pid=99969) inner /opt/stack/data/venv/lib/python3.12/site-packages/oslo_concurrency/lockutils.py:511}}
May 21 01:01:16.114709 np0000175581 devstack@n-api.service[99969]: DEBUG oslo_concurrency.lockutils [None req-81b0e072-1d2b-4483-81b0-58f971f6114a None None] Lock "00000000-0000-0000-0000-000000000000" acquired by "nova.context.set_target_cell..get_or_set_cached_cell_and_set_connections" :: waited 0.001s {{(pid=99969) inner /opt/stack/data/venv/lib/python3.12/site-packages/oslo_concurrency/lockutils.py:524}}
May 21 01:01:16.115247 np0000175581 devstack@n-api.service[99969]: DEBUG oslo_concurrency.lockutils [None req-81b0e072-1d2b-4483-81b0-58f971f6114a None None] Lock "00000000-0000-0000-0000-000000000000" "released" by "nova.context.set_target_cell..get_or_set_cached_cell_and_set_connections" :: held 0.001s {{(pid=99969) inner /opt/stack/data/venv/lib/python3.12/site-packages/oslo_concurrency/lockutils.py:543}}
May 21 01:01:16.116418 np0000175581 devstack@n-api.service[99969]: DEBUG oslo_concurrency.lockutils [None req-81b0e072-1d2b-4483-81b0-58f971f6114a None None] Acquiring lock "cb9b6962-0cff-42ea-b9b8-152cc0f3a18f" by "nova.context.set_target_cell..get_or_set_cached_cell_and_set_connections" {{(pid=99969) inner /opt/stack/data/venv/lib/python3.12/site-packages/oslo_concurrency/lockutils.py:511}}
May 21 01:01:16.119252 np0000175581 devstack@n-api.service[99969]: INFO dbcounter [None req-81b0e072-1d2b-4483-81b0-58f971f6114a None None] Registered counter for database nova_cell0
May 21 01:01:16.120881 np0000175581 devstack@n-api.service[99969]: DEBUG oslo_concurrency.lockutils [None req-81b0e072-1d2b-4483-81b0-58f971f6114a None None] Lock "cb9b6962-0cff-42ea-b9b8-152cc0f3a18f" acquired by "nova.context.set_target_cell..get_or_set_cached_cell_and_set_connections" :: waited 0.003s {{(pid=99969) inner /opt/stack/data/venv/lib/python3.12/site-packages/oslo_concurrency/lockutils.py:524}}
May 21 01:01:16.122915 np0000175581 devstack@n-api.service[99970]: DEBUG oslo_db.sqlalchemy.engines [None req-4109c45a-ba33-40c7-ad60-8c27ee64b06e None None] MySQL server mode set to STRICT_TRANS_TABLES,STRICT_ALL_TABLES,NO_ZERO_IN_DATE,NO_ZERO_DATE,ERROR_FOR_DIVISION_BY_ZERO,TRADITIONAL,NO_ENGINE_SUBSTITUTION {{(pid=99970) _check_effective_sql_mode /opt/stack/data/venv/lib/python3.12/site-packages/oslo_db/sqlalchemy/engines.py:325}}
May 21 01:01:16.123165 np0000175581 devstack@n-api.service[99969]: DEBUG oslo_concurrency.lockutils [None req-81b0e072-1d2b-4483-81b0-58f971f6114a None None] Lock "cb9b6962-0cff-42ea-b9b8-152cc0f3a18f" "released" by "nova.context.set_target_cell..get_or_set_cached_cell_and_set_connections" :: held 0.004s {{(pid=99969) inner /opt/stack/data/venv/lib/python3.12/site-packages/oslo_concurrency/lockutils.py:543}}
May 21 01:01:16.128742 np0000175581 devstack@n-api.service[99969]: INFO dbcounter [None req-81b0e072-1d2b-4483-81b0-58f971f6114a None None] Registered counter for database nova_cell1
May 21 01:01:16.134621 np0000175581 devstack@n-api.service[99970]: DEBUG dbcounter [-] [99970] Writer thread running {{(pid=99970) stat_writer /opt/stack/data/venv/lib/python3.12/site-packages/dbcounter.py:102}}
May 21 01:01:16.138687 np0000175581 devstack@n-api.service[99969]: DEBUG oslo_db.sqlalchemy.engines [None req-81b0e072-1d2b-4483-81b0-58f971f6114a None None] MySQL server mode set to STRICT_TRANS_TABLES,STRICT_ALL_TABLES,NO_ZERO_IN_DATE,NO_ZERO_DATE,ERROR_FOR_DIVISION_BY_ZERO,TRADITIONAL,NO_ENGINE_SUBSTITUTION {{(pid=99969) _check_effective_sql_mode /opt/stack/data/venv/lib/python3.12/site-packages/oslo_db/sqlalchemy/engines.py:325}}
May 21 01:01:16.145358 np0000175581 devstack@n-api.service[99969]: DEBUG oslo_db.sqlalchemy.engines [None req-81b0e072-1d2b-4483-81b0-58f971f6114a None None] MySQL server mode set to STRICT_TRANS_TABLES,STRICT_ALL_TABLES,NO_ZERO_IN_DATE,NO_ZERO_DATE,ERROR_FOR_DIVISION_BY_ZERO,TRADITIONAL,NO_ENGINE_SUBSTITUTION {{(pid=99969) _check_effective_sql_mode /opt/stack/data/venv/lib/python3.12/site-packages/oslo_db/sqlalchemy/engines.py:325}}
May 21 01:01:16.243851 np0000175581 devstack@n-api.service[99969]: DEBUG dbcounter [-] [99969] Writer thread running {{(pid=99969) stat_writer /opt/stack/data/venv/lib/python3.12/site-packages/dbcounter.py:102}}
May 21 01:01:16.244644 np0000175581 devstack@n-api.service[99969]: DEBUG dbcounter [-] [99969] Writer thread running {{(pid=99969) stat_writer /opt/stack/data/venv/lib/python3.12/site-packages/dbcounter.py:102}}
May 21 01:01:16.250461 np0000175581 devstack@n-api.service[99969]: INFO dbcounter [None req-81b0e072-1d2b-4483-81b0-58f971f6114a None None] Registered counter for database nova_cell0
May 21 01:01:16.262349 np0000175581 devstack@n-api.service[99969]: DEBUG oslo_db.sqlalchemy.engines [None req-81b0e072-1d2b-4483-81b0-58f971f6114a None None] MySQL server mode set to STRICT_TRANS_TABLES,STRICT_ALL_TABLES,NO_ZERO_IN_DATE,NO_ZERO_DATE,ERROR_FOR_DIVISION_BY_ZERO,TRADITIONAL,NO_ENGINE_SUBSTITUTION {{(pid=99969) _check_effective_sql_mode /opt/stack/data/venv/lib/python3.12/site-packages/oslo_db/sqlalchemy/engines.py:325}}
May 21 01:01:16.274011 np0000175581 devstack@n-api.service[99969]: DEBUG dbcounter [-] [99969] Writer thread running {{(pid=99969) stat_writer /opt/stack/data/venv/lib/python3.12/site-packages/dbcounter.py:102}}
May 21 01:01:16.589549 np0000175581 devstack@n-api.service[99968]: DEBUG oslo_concurrency.processutils [None req-1dd5a69a-9446-4ca3-8e3d-f6db9febb1cd None None] Running cmd (subprocess): grep -F node.session.scan /sbin/iscsiadm {{(pid=99968) execute /opt/stack/data/venv/lib/python3.12/site-packages/oslo_concurrency/processutils.py:440}}
May 21 01:01:16.610515 np0000175581 devstack@n-api.service[99968]: DEBUG oslo_concurrency.processutils [None req-1dd5a69a-9446-4ca3-8e3d-f6db9febb1cd None None] CMD "grep -F node.session.scan /sbin/iscsiadm" returned: 0 in 0.021s {{(pid=99968) execute /opt/stack/data/venv/lib/python3.12/site-packages/oslo_concurrency/processutils.py:468}}
May 21 01:01:16.616914 np0000175581 devstack@n-api.service[99970]: DEBUG oslo_concurrency.processutils [None req-4109c45a-ba33-40c7-ad60-8c27ee64b06e None None] Running cmd (subprocess): grep -F node.session.scan /sbin/iscsiadm {{(pid=99970) execute /opt/stack/data/venv/lib/python3.12/site-packages/oslo_concurrency/processutils.py:440}}
May 21 01:01:16.617119 np0000175581 devstack@n-api.service[99971]: DEBUG oslo_concurrency.processutils [None req-4d6c75d9-d264-4360-b75f-c51146dba3fd None None] Running cmd (subprocess): grep -F node.session.scan /sbin/iscsiadm {{(pid=99971) execute /opt/stack/data/venv/lib/python3.12/site-packages/oslo_concurrency/processutils.py:440}}
May 21 01:01:16.637970 np0000175581 devstack@n-api.service[99970]: DEBUG oslo_concurrency.processutils [None req-4109c45a-ba33-40c7-ad60-8c27ee64b06e None None] CMD "grep -F node.session.scan /sbin/iscsiadm" returned: 0 in 0.021s {{(pid=99970) execute /opt/stack/data/venv/lib/python3.12/site-packages/oslo_concurrency/processutils.py:468}}
May 21 01:01:16.638170 np0000175581 devstack@n-api.service[99971]: DEBUG oslo_concurrency.processutils [None req-4d6c75d9-d264-4360-b75f-c51146dba3fd None None] CMD "grep -F node.session.scan /sbin/iscsiadm" returned: 0 in 0.021s {{(pid=99971) execute /opt/stack/data/venv/lib/python3.12/site-packages/oslo_concurrency/processutils.py:468}}
May 21 01:01:16.830486 np0000175581 devstack@n-api.service[99969]: DEBUG oslo_concurrency.processutils [None req-81b0e072-1d2b-4483-81b0-58f971f6114a None None] Running cmd (subprocess): grep -F node.session.scan /sbin/iscsiadm {{(pid=99969) execute /opt/stack/data/venv/lib/python3.12/site-packages/oslo_concurrency/processutils.py:440}}
May 21 01:01:16.852784 np0000175581 devstack@n-api.service[99969]: DEBUG oslo_concurrency.processutils [None req-81b0e072-1d2b-4483-81b0-58f971f6114a None None] CMD "grep -F node.session.scan /sbin/iscsiadm" returned: 0 in 0.022s {{(pid=99969) execute /opt/stack/data/venv/lib/python3.12/site-packages/oslo_concurrency/processutils.py:468}}
May 21 01:01:17.264465 np0000175581 devstack@n-api.service[99971]: DEBUG nova.api.openstack.wsgi_app [None req-4d6c75d9-d264-4360-b75f-c51146dba3fd None None] ******************************************************************************** {{(pid=99971) log_opt_values /opt/stack/data/venv/lib/python3.12/site-packages/oslo_config/cfg.py:3229}}
May 21 01:01:17.264928 np0000175581 devstack@n-api.service[99971]: DEBUG nova.api.openstack.wsgi_app [None req-4d6c75d9-d264-4360-b75f-c51146dba3fd None None] Configuration options gathered from: {{(pid=99971) log_opt_values /opt/stack/data/venv/lib/python3.12/site-packages/oslo_config/cfg.py:3230}}
May 21 01:01:17.264928 np0000175581 devstack@n-api.service[99971]: DEBUG nova.api.openstack.wsgi_app [None req-4d6c75d9-d264-4360-b75f-c51146dba3fd None None] command line args: [] {{(pid=99971) log_opt_values /opt/stack/data/venv/lib/python3.12/site-packages/oslo_config/cfg.py:3231}}
May 21 01:01:17.265124 np0000175581 devstack@n-api.service[99971]: DEBUG nova.api.openstack.wsgi_app [None req-4d6c75d9-d264-4360-b75f-c51146dba3fd None None] config files: ['/etc/nova/api-paste.ini', '/etc/nova/nova.conf'] {{(pid=99971) log_opt_values /opt/stack/data/venv/lib/python3.12/site-packages/oslo_config/cfg.py:3232}}
May 21 01:01:17.265203 np0000175581 devstack@n-api.service[99971]: DEBUG nova.api.openstack.wsgi_app [None req-4d6c75d9-d264-4360-b75f-c51146dba3fd None None] ================================================================================ {{(pid=99971) log_opt_values /opt/stack/data/venv/lib/python3.12/site-packages/oslo_config/cfg.py:3237}}
May 21 01:01:17.265427 np0000175581 devstack@n-api.service[99971]: DEBUG nova.api.openstack.wsgi_app [None req-4d6c75d9-d264-4360-b75f-c51146dba3fd None None] allow_resize_to_same_host = True {{(pid=99971) log_opt_values /opt/stack/data/venv/lib/python3.12/site-packages/oslo_config/cfg.py:3245}}
May 21 01:01:17.265713 np0000175581 devstack@n-api.service[99971]: DEBUG nova.api.openstack.wsgi_app [None req-4d6c75d9-d264-4360-b75f-c51146dba3fd None None] arq_binding_timeout = 300 {{(pid=99971) log_opt_values /opt/stack/data/venv/lib/python3.12/site-packages/oslo_config/cfg.py:3245}}
May 21 01:01:17.265713 np0000175581 devstack@n-api.service[99971]: DEBUG nova.api.openstack.wsgi_app [None req-4d6c75d9-d264-4360-b75f-c51146dba3fd None None] block_device_allocate_retries = 60 {{(pid=99971) log_opt_values /opt/stack/data/venv/lib/python3.12/site-packages/oslo_config/cfg.py:3245}}
May 21 01:01:17.265957 np0000175581 devstack@n-api.service[99971]: DEBUG nova.api.openstack.wsgi_app [None req-4d6c75d9-d264-4360-b75f-c51146dba3fd None None] block_device_allocate_retries_interval = 3 {{(pid=99971) log_opt_values /opt/stack/data/venv/lib/python3.12/site-packages/oslo_config/cfg.py:3245}}
May 21 01:01:17.265957 np0000175581 devstack@n-api.service[99971]: DEBUG nova.api.openstack.wsgi_app [None req-4d6c75d9-d264-4360-b75f-c51146dba3fd None None] cell_worker_thread_pool_size = 5 {{(pid=99971) log_opt_values /opt/stack/data/venv/lib/python3.12/site-packages/oslo_config/cfg.py:3245}}
May 21 01:01:17.266174 np0000175581 devstack@n-api.service[99971]: DEBUG nova.api.openstack.wsgi_app [None req-4d6c75d9-d264-4360-b75f-c51146dba3fd None None] cert = self.pem {{(pid=99971) log_opt_values /opt/stack/data/venv/lib/python3.12/site-packages/oslo_config/cfg.py:3245}}
May 21 01:01:17.266174 np0000175581 devstack@n-api.service[99971]: DEBUG nova.api.openstack.wsgi_app [None req-4d6c75d9-d264-4360-b75f-c51146dba3fd None None] compute_driver = libvirt.LibvirtDriver {{(pid=99971) log_opt_values /opt/stack/data/venv/lib/python3.12/site-packages/oslo_config/cfg.py:3245}}
May 21 01:01:17.266550 np0000175581 devstack@n-api.service[99971]: DEBUG nova.api.openstack.wsgi_app [None req-4d6c75d9-d264-4360-b75f-c51146dba3fd None None] compute_monitors = [] {{(pid=99971) log_opt_values /opt/stack/data/venv/lib/python3.12/site-packages/oslo_config/cfg.py:3245}}
May 21 01:01:17.266550 np0000175581 devstack@n-api.service[99971]: DEBUG nova.api.openstack.wsgi_app [None req-4d6c75d9-d264-4360-b75f-c51146dba3fd None None] config_dir = [] {{(pid=99971) log_opt_values /opt/stack/data/venv/lib/python3.12/site-packages/oslo_config/cfg.py:3245}}
May 21 01:01:17.266696 np0000175581 devstack@n-api.service[99971]: DEBUG nova.api.openstack.wsgi_app [None req-4d6c75d9-d264-4360-b75f-c51146dba3fd None None] config_drive_format = iso9660 {{(pid=99971) log_opt_values /opt/stack/data/venv/lib/python3.12/site-packages/oslo_config/cfg.py:3245}}
May 21 01:01:17.266696 np0000175581 devstack@n-api.service[99971]: DEBUG nova.api.openstack.wsgi_app [None req-4d6c75d9-d264-4360-b75f-c51146dba3fd None None] config_file = ['/etc/nova/api-paste.ini', '/etc/nova/nova.conf'] {{(pid=99971) log_opt_values /opt/stack/data/venv/lib/python3.12/site-packages/oslo_config/cfg.py:3245}}
May 21 01:01:17.266934 np0000175581 devstack@n-api.service[99971]: DEBUG nova.api.openstack.wsgi_app [None req-4d6c75d9-d264-4360-b75f-c51146dba3fd None None] config_source = [] {{(pid=99971) log_opt_values /opt/stack/data/venv/lib/python3.12/site-packages/oslo_config/cfg.py:3245}}
May 21 01:01:17.267063 np0000175581 devstack@n-api.service[99971]: DEBUG nova.api.openstack.wsgi_app [None req-4d6c75d9-d264-4360-b75f-c51146dba3fd None None] console_host = np0000175581 {{(pid=99971) log_opt_values /opt/stack/data/venv/lib/python3.12/site-packages/oslo_config/cfg.py:3245}}
May 21 01:01:17.267183 np0000175581 devstack@n-api.service[99971]: DEBUG nova.api.openstack.wsgi_app [None req-4d6c75d9-d264-4360-b75f-c51146dba3fd None None] control_exchange = nova {{(pid=99971) log_opt_values /opt/stack/data/venv/lib/python3.12/site-packages/oslo_config/cfg.py:3245}}
May 21 01:01:17.267286 np0000175581 devstack@n-api.service[99971]: DEBUG nova.api.openstack.wsgi_app [None req-4d6c75d9-d264-4360-b75f-c51146dba3fd None None] cpu_allocation_ratio = None {{(pid=99971) log_opt_values /opt/stack/data/venv/lib/python3.12/site-packages/oslo_config/cfg.py:3245}}
May 21 01:01:17.267496 np0000175581 devstack@n-api.service[99971]: DEBUG nova.api.openstack.wsgi_app [None req-4d6c75d9-d264-4360-b75f-c51146dba3fd None None] daemon = False {{(pid=99971) log_opt_values /opt/stack/data/venv/lib/python3.12/site-packages/oslo_config/cfg.py:3245}}
May 21 01:01:17.267496 np0000175581 devstack@n-api.service[99971]: DEBUG nova.api.openstack.wsgi_app [None req-4d6c75d9-d264-4360-b75f-c51146dba3fd None None] debug = True {{(pid=99971) log_opt_values /opt/stack/data/venv/lib/python3.12/site-packages/oslo_config/cfg.py:3245}}
May 21 01:01:17.267611 np0000175581 devstack@n-api.service[99971]: DEBUG nova.api.openstack.wsgi_app [None req-4d6c75d9-d264-4360-b75f-c51146dba3fd None None] default_access_ip_network_name = None {{(pid=99971) log_opt_values /opt/stack/data/venv/lib/python3.12/site-packages/oslo_config/cfg.py:3245}}
May 21 01:01:17.267794 np0000175581 devstack@n-api.service[99971]: DEBUG nova.api.openstack.wsgi_app [None req-4d6c75d9-d264-4360-b75f-c51146dba3fd None None] default_availability_zone = nova {{(pid=99971) log_opt_values /opt/stack/data/venv/lib/python3.12/site-packages/oslo_config/cfg.py:3245}}
May 21 01:01:17.267932 np0000175581 devstack@n-api.service[99971]: DEBUG nova.api.openstack.wsgi_app [None req-4d6c75d9-d264-4360-b75f-c51146dba3fd None None] default_ephemeral_format = ext4 {{(pid=99971) log_opt_values /opt/stack/data/venv/lib/python3.12/site-packages/oslo_config/cfg.py:3245}}
May 21 01:01:17.268052 np0000175581 devstack@n-api.service[99971]: DEBUG nova.api.openstack.wsgi_app [None req-4d6c75d9-d264-4360-b75f-c51146dba3fd None None] default_green_pool_size = 1000 {{(pid=99971) log_opt_values /opt/stack/data/venv/lib/python3.12/site-packages/oslo_config/cfg.py:3245}}
May 21 01:01:17.268230 np0000175581 devstack@n-api.service[99971]: DEBUG nova.api.openstack.wsgi_app [None req-4d6c75d9-d264-4360-b75f-c51146dba3fd None None] default_log_levels = ['amqp=WARN', 'boto=WARN', 'sqlalchemy=WARN', 'suds=INFO', 'oslo.messaging=INFO', 'oslo_messaging=INFO', 'iso8601=WARN', 'requests.packages.urllib3.connectionpool=WARN', 'urllib3.connectionpool=WARN', 'websocket=WARN', 'requests.packages.urllib3.util.retry=WARN', 'urllib3.util.retry=WARN', 'keystonemiddleware=WARN', 'routes.middleware=WARN', 'stevedore=WARN', 'taskflow=WARN', 'keystoneauth=WARN', 'oslo.cache=INFO', 'oslo_policy=INFO', 'dogpile.core.dogpile=INFO', 'glanceclient=WARN', 'oslo.privsep.daemon=INFO'] {{(pid=99971) log_opt_values /opt/stack/data/venv/lib/python3.12/site-packages/oslo_config/cfg.py:3245}}
May 21 01:01:17.268495 np0000175581 devstack@n-api.service[99971]: DEBUG nova.api.openstack.wsgi_app [None req-4d6c75d9-d264-4360-b75f-c51146dba3fd None None] default_schedule_zone = None {{(pid=99971) log_opt_values /opt/stack/data/venv/lib/python3.12/site-packages/oslo_config/cfg.py:3245}}
May 21 01:01:17.268495 np0000175581 devstack@n-api.service[99971]: DEBUG nova.api.openstack.wsgi_app [None req-4d6c75d9-d264-4360-b75f-c51146dba3fd None None] default_thread_pool_size = 10 {{(pid=99971) log_opt_values /opt/stack/data/venv/lib/python3.12/site-packages/oslo_config/cfg.py:3245}}
May 21 01:01:17.268765 np0000175581 devstack@n-api.service[99971]: DEBUG nova.api.openstack.wsgi_app [None req-4d6c75d9-d264-4360-b75f-c51146dba3fd None None] disk_allocation_ratio = None {{(pid=99971) log_opt_values /opt/stack/data/venv/lib/python3.12/site-packages/oslo_config/cfg.py:3245}}
May 21 01:01:17.268877 np0000175581 devstack@n-api.service[99971]: DEBUG nova.api.openstack.wsgi_app [None req-4d6c75d9-d264-4360-b75f-c51146dba3fd None None] enable_new_services = True {{(pid=99971) log_opt_values /opt/stack/data/venv/lib/python3.12/site-packages/oslo_config/cfg.py:3245}}
May 21 01:01:17.269012 np0000175581 devstack@n-api.service[99971]: DEBUG nova.api.openstack.wsgi_app [None req-4d6c75d9-d264-4360-b75f-c51146dba3fd None None] flat_injected = False {{(pid=99971) log_opt_values /opt/stack/data/venv/lib/python3.12/site-packages/oslo_config/cfg.py:3245}}
May 21 01:01:17.269114 np0000175581 devstack@n-api.service[99971]: DEBUG nova.api.openstack.wsgi_app [None req-4d6c75d9-d264-4360-b75f-c51146dba3fd None None] force_config_drive = False {{(pid=99971) log_opt_values /opt/stack/data/venv/lib/python3.12/site-packages/oslo_config/cfg.py:3245}}
May 21 01:01:17.269246 np0000175581 devstack@n-api.service[99971]: DEBUG nova.api.openstack.wsgi_app [None req-4d6c75d9-d264-4360-b75f-c51146dba3fd None None] force_raw_images = True {{(pid=99971) log_opt_values /opt/stack/data/venv/lib/python3.12/site-packages/oslo_config/cfg.py:3245}}
May 21 01:01:17.269499 np0000175581 devstack@n-api.service[99971]: DEBUG nova.api.openstack.wsgi_app [None req-4d6c75d9-d264-4360-b75f-c51146dba3fd None None] graceful_shutdown_timeout = 5 {{(pid=99971) log_opt_values /opt/stack/data/venv/lib/python3.12/site-packages/oslo_config/cfg.py:3245}}
May 21 01:01:17.269499 np0000175581 devstack@n-api.service[99971]: DEBUG nova.api.openstack.wsgi_app [None req-4d6c75d9-d264-4360-b75f-c51146dba3fd None None] heal_instance_info_cache_interval = -1 {{(pid=99971) log_opt_values /opt/stack/data/venv/lib/python3.12/site-packages/oslo_config/cfg.py:3245}}
May 21 01:01:17.269640 np0000175581 devstack@n-api.service[99971]: DEBUG nova.api.openstack.wsgi_app [None req-4d6c75d9-d264-4360-b75f-c51146dba3fd None None] host = np0000175581 {{(pid=99971) log_opt_values /opt/stack/data/venv/lib/python3.12/site-packages/oslo_config/cfg.py:3245}}
May 21 01:01:17.269813 np0000175581 devstack@n-api.service[99971]: DEBUG nova.api.openstack.wsgi_app [None req-4d6c75d9-d264-4360-b75f-c51146dba3fd None None] initial_cpu_allocation_ratio = 4.0 {{(pid=99971) log_opt_values /opt/stack/data/venv/lib/python3.12/site-packages/oslo_config/cfg.py:3245}}
May 21 01:01:17.269960 np0000175581 devstack@n-api.service[99971]: DEBUG nova.api.openstack.wsgi_app [None req-4d6c75d9-d264-4360-b75f-c51146dba3fd None None] initial_disk_allocation_ratio = 1.0 {{(pid=99971) log_opt_values /opt/stack/data/venv/lib/python3.12/site-packages/oslo_config/cfg.py:3245}}
May 21 01:01:17.270084 np0000175581 devstack@n-api.service[99971]: DEBUG nova.api.openstack.wsgi_app [None req-4d6c75d9-d264-4360-b75f-c51146dba3fd None None] initial_ram_allocation_ratio = 1.0 {{(pid=99971) log_opt_values /opt/stack/data/venv/lib/python3.12/site-packages/oslo_config/cfg.py:3245}}
May 21 01:01:17.270291 np0000175581 devstack@n-api.service[99971]: DEBUG nova.api.openstack.wsgi_app [None req-4d6c75d9-d264-4360-b75f-c51146dba3fd None None] injected_network_template = /opt/stack/nova/nova/virt/interfaces.template {{(pid=99971) log_opt_values /opt/stack/data/venv/lib/python3.12/site-packages/oslo_config/cfg.py:3245}}
May 21 01:01:17.270494 np0000175581 devstack@n-api.service[99971]: DEBUG nova.api.openstack.wsgi_app [None req-4d6c75d9-d264-4360-b75f-c51146dba3fd None None] instance_build_timeout = 0 {{(pid=99971) log_opt_values /opt/stack/data/venv/lib/python3.12/site-packages/oslo_config/cfg.py:3245}}
May 21 01:01:17.270606 np0000175581 devstack@n-api.service[99971]: DEBUG nova.api.openstack.wsgi_app [None req-4d6c75d9-d264-4360-b75f-c51146dba3fd None None] instance_delete_interval = 300 {{(pid=99971) log_opt_values /opt/stack/data/venv/lib/python3.12/site-packages/oslo_config/cfg.py:3245}}
May 21 01:01:17.270744 np0000175581 devstack@n-api.service[99971]: DEBUG nova.api.openstack.wsgi_app [None req-4d6c75d9-d264-4360-b75f-c51146dba3fd None None] instance_format = [instance: %(uuid)s] {{(pid=99971) log_opt_values /opt/stack/data/venv/lib/python3.12/site-packages/oslo_config/cfg.py:3245}}
May 21 01:01:17.270859 np0000175581 devstack@n-api.service[99971]: DEBUG nova.api.openstack.wsgi_app [None req-4d6c75d9-d264-4360-b75f-c51146dba3fd None None] instance_name_template = instance-%08x {{(pid=99971) log_opt_values /opt/stack/data/venv/lib/python3.12/site-packages/oslo_config/cfg.py:3245}}
May 21 01:01:17.271036 np0000175581 devstack@n-api.service[99971]: DEBUG nova.api.openstack.wsgi_app [None req-4d6c75d9-d264-4360-b75f-c51146dba3fd None None] instance_usage_audit = False {{(pid=99971) log_opt_values /opt/stack/data/venv/lib/python3.12/site-packages/oslo_config/cfg.py:3245}}
May 21 01:01:17.271110 np0000175581 devstack@n-api.service[99971]: DEBUG nova.api.openstack.wsgi_app [None req-4d6c75d9-d264-4360-b75f-c51146dba3fd None None] instance_usage_audit_period = month {{(pid=99971) log_opt_values /opt/stack/data/venv/lib/python3.12/site-packages/oslo_config/cfg.py:3245}}
May 21 01:01:17.271252 np0000175581 devstack@n-api.service[99971]: DEBUG nova.api.openstack.wsgi_app [None req-4d6c75d9-d264-4360-b75f-c51146dba3fd None None] instance_uuid_format = [instance: %(uuid)s] {{(pid=99971) log_opt_values /opt/stack/data/venv/lib/python3.12/site-packages/oslo_config/cfg.py:3245}}
May 21 01:01:17.271459 np0000175581 devstack@n-api.service[99971]: DEBUG nova.api.openstack.wsgi_app [None req-4d6c75d9-d264-4360-b75f-c51146dba3fd None None] instances_path = /opt/stack/data/nova/instances {{(pid=99971) log_opt_values /opt/stack/data/venv/lib/python3.12/site-packages/oslo_config/cfg.py:3245}}
May 21 01:01:17.271548 np0000175581 devstack@n-api.service[99971]: DEBUG nova.api.openstack.wsgi_app [None req-4d6c75d9-d264-4360-b75f-c51146dba3fd None None] internal_service_availability_zone = internal {{(pid=99971) log_opt_values /opt/stack/data/venv/lib/python3.12/site-packages/oslo_config/cfg.py:3245}}
May 21 01:01:17.271730 np0000175581 devstack@n-api.service[99971]: DEBUG nova.api.openstack.wsgi_app [None req-4d6c75d9-d264-4360-b75f-c51146dba3fd None None] key = None {{(pid=99971) log_opt_values /opt/stack/data/venv/lib/python3.12/site-packages/oslo_config/cfg.py:3245}}
May 21 01:01:17.271889 np0000175581 devstack@n-api.service[99971]: DEBUG nova.api.openstack.wsgi_app [None req-4d6c75d9-d264-4360-b75f-c51146dba3fd None None] live_migration_retry_count = 30 {{(pid=99971) log_opt_values /opt/stack/data/venv/lib/python3.12/site-packages/oslo_config/cfg.py:3245}}
May 21 01:01:17.272061 np0000175581 devstack@n-api.service[99971]: DEBUG nova.api.openstack.wsgi_app [None req-4d6c75d9-d264-4360-b75f-c51146dba3fd None None] log_color = False {{(pid=99971) log_opt_values /opt/stack/data/venv/lib/python3.12/site-packages/oslo_config/cfg.py:3245}}
May 21 01:01:17.272173 np0000175581 devstack@n-api.service[99971]: DEBUG nova.api.openstack.wsgi_app [None req-4d6c75d9-d264-4360-b75f-c51146dba3fd None None] log_config_append = None {{(pid=99971) log_opt_values /opt/stack/data/venv/lib/python3.12/site-packages/oslo_config/cfg.py:3245}}
May 21 01:01:17.272440 np0000175581 devstack@n-api.service[99971]: DEBUG nova.api.openstack.wsgi_app [None req-4d6c75d9-d264-4360-b75f-c51146dba3fd None None] log_date_format = %Y-%m-%d %H:%M:%S {{(pid=99971) log_opt_values /opt/stack/data/venv/lib/python3.12/site-packages/oslo_config/cfg.py:3245}}
May 21 01:01:17.272641 np0000175581 devstack@n-api.service[99971]: DEBUG nova.api.openstack.wsgi_app [None req-4d6c75d9-d264-4360-b75f-c51146dba3fd None None] log_dir = None {{(pid=99971) log_opt_values /opt/stack/data/venv/lib/python3.12/site-packages/oslo_config/cfg.py:3245}}
May 21 01:01:17.272641 np0000175581 devstack@n-api.service[99971]: DEBUG nova.api.openstack.wsgi_app [None req-4d6c75d9-d264-4360-b75f-c51146dba3fd None None] log_file = None {{(pid=99971) log_opt_values /opt/stack/data/venv/lib/python3.12/site-packages/oslo_config/cfg.py:3245}}
May 21 01:01:17.272791 np0000175581 devstack@n-api.service[99971]: DEBUG nova.api.openstack.wsgi_app [None req-4d6c75d9-d264-4360-b75f-c51146dba3fd None None] log_options = True {{(pid=99971) log_opt_values /opt/stack/data/venv/lib/python3.12/site-packages/oslo_config/cfg.py:3245}}
May 21 01:01:17.272912 np0000175581 devstack@n-api.service[99971]: DEBUG nova.api.openstack.wsgi_app [None req-4d6c75d9-d264-4360-b75f-c51146dba3fd None None] log_rotate_interval = 1 {{(pid=99971) log_opt_values /opt/stack/data/venv/lib/python3.12/site-packages/oslo_config/cfg.py:3245}}
