May 21 23:25:00.282542 np0000176075 devstack@g-api.service[115385]: DEBUG dbcounter [-] [115385] Writer thread running {{(pid=115385) stat_writer /opt/stack/data/venv/lib/python3.12/site-packages/dbcounter.py:102}}
May 21 23:25:00.286511 np0000176075 devstack@g-api.service[115384]: DEBUG glance.image_cache.drivers.centralized_db [None req-e2b20684-908d-4761-9aa0-37f2ce72b37a None None] Node reference is already recorded, ignoring it {{(pid=115384) configure /opt/stack/glance/glance/image_cache/drivers/centralized_db.py:71}}
May 21 23:25:00.287367 np0000176075 devstack@g-api.service[115385]: DEBUG glance.image_cache.drivers.centralized_db [None req-4a129980-845b-4727-bbbb-dff5e0044f44 None None] Node reference is already recorded, ignoring it {{(pid=115385) configure /opt/stack/glance/glance/image_cache/drivers/centralized_db.py:71}}
May 21 23:25:00.288093 np0000176075 devstack@g-api.service[115386]: INFO glance.image_cache [None req-d3141f17-a11c-46e0-975a-e5872636a656 None None] Image cache loaded driver 'centralized_db'.
May 21 23:25:00.292581 np0000176075 devstack@g-api.service[115384]: INFO glance.api.middleware.cache_manage [None req-e2b20684-908d-4761-9aa0-37f2ce72b37a None None] Initialized image cache management middleware
May 21 23:25:00.292752 np0000176075 devstack@g-api.service[115384]: INFO glance.image_cache [None req-e2b20684-908d-4761-9aa0-37f2ce72b37a None None] Image cache loaded driver 'centralized_db'.
May 21 23:25:00.293474 np0000176075 devstack@g-api.service[115385]: INFO glance.image_cache [None req-4a129980-845b-4727-bbbb-dff5e0044f44 None None] Image cache loaded driver 'centralized_db'.
May 21 23:25:00.293894 np0000176075 devstack@g-api.service[115383]: DEBUG dbcounter [-] [115383] Writer thread running {{(pid=115383) stat_writer /opt/stack/data/venv/lib/python3.12/site-packages/dbcounter.py:102}}
May 21 23:25:00.298912 np0000176075 devstack@g-api.service[115383]: DEBUG glance.image_cache.drivers.centralized_db [None req-ca4335df-2776-4703-9381-40f842af52d9 None None] Node reference is already recorded, ignoring it {{(pid=115383) configure /opt/stack/glance/glance/image_cache/drivers/centralized_db.py:71}}
May 21 23:25:00.300812 np0000176075 devstack@g-api.service[115386]: DEBUG glance.image_cache.drivers.centralized_db [None req-d3141f17-a11c-46e0-975a-e5872636a656 None None] Node reference is already recorded, ignoring it {{(pid=115386) configure /opt/stack/glance/glance/image_cache/drivers/centralized_db.py:71}}
May 21 23:25:00.305009 np0000176075 devstack@g-api.service[115384]: DEBUG glance.image_cache.drivers.centralized_db [None req-e2b20684-908d-4761-9aa0-37f2ce72b37a None None] Node reference is already recorded, ignoring it {{(pid=115384) configure /opt/stack/glance/glance/image_cache/drivers/centralized_db.py:71}}
May 21 23:25:00.305825 np0000176075 devstack@g-api.service[115385]: DEBUG glance.image_cache.drivers.centralized_db [None req-4a129980-845b-4727-bbbb-dff5e0044f44 None None] Node reference is already recorded, ignoring it {{(pid=115385) configure /opt/stack/glance/glance/image_cache/drivers/centralized_db.py:71}}
May 21 23:25:00.307323 np0000176075 devstack@g-api.service[115383]: INFO glance.image_cache [None req-ca4335df-2776-4703-9381-40f842af52d9 None None] Image cache loaded driver 'centralized_db'.
May 21 23:25:00.309184 np0000176075 devstack@g-api.service[115384]: INFO glance.api.middleware.cache [None req-e2b20684-908d-4761-9aa0-37f2ce72b37a None None] Initialized image cache middleware
May 21 23:25:00.309850 np0000176075 devstack@g-api.service[115386]: DEBUG glance.api.v2.cached_images [None req-d3141f17-a11c-46e0-975a-e5872636a656 None None] Started cache worker thread {{(pid=115386) __init__ /opt/stack/glance/glance/api/v2/cached_images.py:69}}
May 21 23:25:00.310958 np0000176075 devstack@g-api.service[115386]: INFO glance.image_cache [None req-d3141f17-a11c-46e0-975a-e5872636a656 None None] Image cache loaded driver 'centralized_db'.
May 21 23:25:00.314173 np0000176075 devstack@g-api.service[115385]: DEBUG glance.api.v2.cached_images [None req-4a129980-845b-4727-bbbb-dff5e0044f44 None None] Started cache worker thread {{(pid=115385) __init__ /opt/stack/glance/glance/api/v2/cached_images.py:69}}
May 21 23:25:00.315305 np0000176075 devstack@g-api.service[115385]: INFO glance.image_cache [None req-4a129980-845b-4727-bbbb-dff5e0044f44 None None] Image cache loaded driver 'centralized_db'.
May 21 23:25:00.318063 np0000176075 devstack@g-api.service[115383]: DEBUG glance.image_cache.drivers.centralized_db [None req-ca4335df-2776-4703-9381-40f842af52d9 None None] Node reference is already recorded, ignoring it {{(pid=115383) configure /opt/stack/glance/glance/image_cache/drivers/centralized_db.py:71}}
May 21 23:25:00.321891 np0000176075 devstack@g-api.service[115386]: DEBUG glance.image_cache.drivers.centralized_db [None req-d3141f17-a11c-46e0-975a-e5872636a656 None None] Node reference is already recorded, ignoring it {{(pid=115386) configure /opt/stack/glance/glance/image_cache/drivers/centralized_db.py:71}}
May 21 23:25:00.324272 np0000176075 devstack@g-api.service[115383]: DEBUG glance.api.v2.cached_images [None req-ca4335df-2776-4703-9381-40f842af52d9 None None] Started cache worker thread {{(pid=115383) __init__ /opt/stack/glance/glance/api/v2/cached_images.py:69}}
May 21 23:25:00.325554 np0000176075 devstack@g-api.service[115383]: INFO glance.image_cache [None req-ca4335df-2776-4703-9381-40f842af52d9 None None] Image cache loaded driver 'centralized_db'.
May 21 23:25:00.326126 np0000176075 devstack@g-api.service[115384]: DEBUG glance.common.config [None req-e2b20684-908d-4761-9aa0-37f2ce72b37a None None] ******************************************************************************** {{(pid=115384) log_opt_values /opt/stack/data/venv/lib/python3.12/site-packages/oslo_config/cfg.py:3229}}
May 21 23:25:00.326267 np0000176075 devstack@g-api.service[115384]: DEBUG glance.common.config [None req-e2b20684-908d-4761-9aa0-37f2ce72b37a None None] Configuration options gathered from: {{(pid=115384) log_opt_values /opt/stack/data/venv/lib/python3.12/site-packages/oslo_config/cfg.py:3230}}
May 21 23:25:00.326622 np0000176075 devstack@g-api.service[115384]: DEBUG glance.common.config [None req-e2b20684-908d-4761-9aa0-37f2ce72b37a None None] command line args: [] {{(pid=115384) log_opt_values /opt/stack/data/venv/lib/python3.12/site-packages/oslo_config/cfg.py:3231}}
May 21 23:25:00.326762 np0000176075 devstack@g-api.service[115384]: DEBUG glance.common.config [None req-e2b20684-908d-4761-9aa0-37f2ce72b37a None None] config files: ['/etc/glance/glance-image-import.conf', '/etc/glance/glance-api.conf'] {{(pid=115384) log_opt_values /opt/stack/data/venv/lib/python3.12/site-packages/oslo_config/cfg.py:3232}}
May 21 23:25:00.326762 np0000176075 devstack@g-api.service[115384]: DEBUG glance.common.config [None req-e2b20684-908d-4761-9aa0-37f2ce72b37a None None] ================================================================================ {{(pid=115384) log_opt_values /opt/stack/data/venv/lib/python3.12/site-packages/oslo_config/cfg.py:3237}}
May 21 23:25:00.326920 np0000176075 devstack@g-api.service[115384]: DEBUG glance.common.config [None req-e2b20684-908d-4761-9aa0-37f2ce72b37a None None] allow_anonymous_access = False {{(pid=115384) log_opt_values /opt/stack/data/venv/lib/python3.12/site-packages/oslo_config/cfg.py:3245}}
May 21 23:25:00.326999 np0000176075 devstack@g-api.service[115386]: INFO glance.api.middleware.cache_manage [None req-d3141f17-a11c-46e0-975a-e5872636a656 None None] Initialized image cache management middleware
May 21 23:25:00.327096 np0000176075 devstack@g-api.service[115384]: DEBUG glance.common.config [None req-e2b20684-908d-4761-9aa0-37f2ce72b37a None None] api_limit_max = 1000 {{(pid=115384) log_opt_values /opt/stack/data/venv/lib/python3.12/site-packages/oslo_config/cfg.py:3245}}
May 21 23:25:00.327247 np0000176075 devstack@g-api.service[115384]: DEBUG glance.common.config [None req-e2b20684-908d-4761-9aa0-37f2ce72b37a None None] backlog = 4096 {{(pid=115384) log_opt_values /opt/stack/data/venv/lib/python3.12/site-packages/oslo_config/cfg.py:3245}}
May 21 23:25:00.327352 np0000176075 devstack@g-api.service[115386]: INFO glance.image_cache [None req-d3141f17-a11c-46e0-975a-e5872636a656 None None] Image cache loaded driver 'centralized_db'.
May 21 23:25:00.327414 np0000176075 devstack@g-api.service[115385]: DEBUG glance.image_cache.drivers.centralized_db [None req-4a129980-845b-4727-bbbb-dff5e0044f44 None None] Node reference is already recorded, ignoring it {{(pid=115385) configure /opt/stack/glance/glance/image_cache/drivers/centralized_db.py:71}}
May 21 23:25:00.327483 np0000176075 devstack@g-api.service[115384]: DEBUG glance.common.config [None req-e2b20684-908d-4761-9aa0-37f2ce72b37a None None] bind_host = 0.0.0.0 {{(pid=115384) log_opt_values /opt/stack/data/venv/lib/python3.12/site-packages/oslo_config/cfg.py:3245}}
May 21 23:25:00.327483 np0000176075 devstack@g-api.service[115384]: DEBUG glance.common.config [None req-e2b20684-908d-4761-9aa0-37f2ce72b37a None None] bind_port = 19292 {{(pid=115384) log_opt_values /opt/stack/data/venv/lib/python3.12/site-packages/oslo_config/cfg.py:3245}}
May 21 23:25:00.327607 np0000176075 devstack@g-api.service[115384]: DEBUG glance.common.config [None req-e2b20684-908d-4761-9aa0-37f2ce72b37a None None] client_socket_timeout = 900 {{(pid=115384) log_opt_values /opt/stack/data/venv/lib/python3.12/site-packages/oslo_config/cfg.py:3245}}
May 21 23:25:00.327607 np0000176075 devstack@g-api.service[115384]: DEBUG glance.common.config [None req-e2b20684-908d-4761-9aa0-37f2ce72b37a None None] config_dir = [] {{(pid=115384) log_opt_values /opt/stack/data/venv/lib/python3.12/site-packages/oslo_config/cfg.py:3245}}
May 21 23:25:00.327731 np0000176075 devstack@g-api.service[115384]: DEBUG glance.common.config [None req-e2b20684-908d-4761-9aa0-37f2ce72b37a None None] config_file = ['/etc/glance/glance-image-import.conf', '/etc/glance/glance-api.conf'] {{(pid=115384) log_opt_values /opt/stack/data/venv/lib/python3.12/site-packages/oslo_config/cfg.py:3245}}
May 21 23:25:00.327809 np0000176075 devstack@g-api.service[115384]: DEBUG glance.common.config [None req-e2b20684-908d-4761-9aa0-37f2ce72b37a None None] config_source = [] {{(pid=115384) log_opt_values /opt/stack/data/venv/lib/python3.12/site-packages/oslo_config/cfg.py:3245}}
May 21 23:25:00.327908 np0000176075 devstack@g-api.service[115384]: DEBUG glance.common.config [None req-e2b20684-908d-4761-9aa0-37f2ce72b37a None None] control_exchange = glance {{(pid=115384) log_opt_values /opt/stack/data/venv/lib/python3.12/site-packages/oslo_config/cfg.py:3245}}
May 21 23:25:00.327978 np0000176075 devstack@g-api.service[115384]: DEBUG glance.common.config [None req-e2b20684-908d-4761-9aa0-37f2ce72b37a None None] debug = True {{(pid=115384) log_opt_values /opt/stack/data/venv/lib/python3.12/site-packages/oslo_config/cfg.py:3245}}
May 21 23:25:00.328211 np0000176075 devstack@g-api.service[115384]: DEBUG glance.common.config [None req-e2b20684-908d-4761-9aa0-37f2ce72b37a None None] default_log_levels = ['amqp=WARN', 'boto=WARN', 'sqlalchemy=WARN', 'suds=INFO', 'oslo.messaging=INFO', 'oslo_messaging=INFO', 'iso8601=WARN', 'requests.packages.urllib3.connectionpool=WARN', 'urllib3.connectionpool=WARN', 'websocket=WARN', 'requests.packages.urllib3.util.retry=WARN', 'urllib3.util.retry=WARN', 'keystonemiddleware=WARN', 'routes.middleware=WARN', 'stevedore=WARN', 'taskflow=WARN', 'keystoneauth=WARN', 'oslo.cache=INFO', 'oslo_policy=INFO', 'dogpile.core.dogpile=INFO'] {{(pid=115384) log_opt_values /opt/stack/data/venv/lib/python3.12/site-packages/oslo_config/cfg.py:3245}}
May 21 23:25:00.328391 np0000176075 devstack@g-api.service[115384]: DEBUG glance.common.config [None req-e2b20684-908d-4761-9aa0-37f2ce72b37a None None] default_publisher_id = image.localhost {{(pid=115384) log_opt_values /opt/stack/data/venv/lib/python3.12/site-packages/oslo_config/cfg.py:3245}}
May 21 23:25:00.328468 np0000176075 devstack@g-api.service[115384]: DEBUG glance.common.config [None req-e2b20684-908d-4761-9aa0-37f2ce72b37a None None] delayed_delete = False {{(pid=115384) log_opt_values /opt/stack/data/venv/lib/python3.12/site-packages/oslo_config/cfg.py:3245}}
May 21 23:25:00.328541 np0000176075 devstack@g-api.service[115384]: DEBUG glance.common.config [None req-e2b20684-908d-4761-9aa0-37f2ce72b37a None None] digest_algorithm = sha256 {{(pid=115384) log_opt_values /opt/stack/data/venv/lib/python3.12/site-packages/oslo_config/cfg.py:3245}}
May 21 23:25:00.328628 np0000176075 devstack@g-api.service[115384]: DEBUG glance.common.config [None req-e2b20684-908d-4761-9aa0-37f2ce72b37a None None] disabled_notifications = [] {{(pid=115384) log_opt_values /opt/stack/data/venv/lib/python3.12/site-packages/oslo_config/cfg.py:3245}}
May 21 23:25:00.328712 np0000176075 devstack@g-api.service[115384]: DEBUG glance.common.config [None req-e2b20684-908d-4761-9aa0-37f2ce72b37a None None] do_secure_hash = True {{(pid=115384) log_opt_values /opt/stack/data/venv/lib/python3.12/site-packages/oslo_config/cfg.py:3245}}
May 21 23:25:00.328817 np0000176075 devstack@g-api.service[115384]: DEBUG glance.common.config [None req-e2b20684-908d-4761-9aa0-37f2ce72b37a None None] enabled_backends = None {{(pid=115384) log_opt_values /opt/stack/data/venv/lib/python3.12/site-packages/oslo_config/cfg.py:3245}}
May 21 23:25:00.328960 np0000176075 devstack@g-api.service[115384]: DEBUG glance.common.config [None req-e2b20684-908d-4761-9aa0-37f2ce72b37a None None] enabled_import_methods = ['glance-direct', 'web-download', 'copy-image'] {{(pid=115384) log_opt_values /opt/stack/data/venv/lib/python3.12/site-packages/oslo_config/cfg.py:3245}}
May 21 23:25:00.329032 np0000176075 devstack@g-api.service[115384]: DEBUG glance.common.config [None req-e2b20684-908d-4761-9aa0-37f2ce72b37a None None] hashing_algorithm = sha512 {{(pid=115384) log_opt_values /opt/stack/data/venv/lib/python3.12/site-packages/oslo_config/cfg.py:3245}}
May 21 23:25:00.329143 np0000176075 devstack@g-api.service[115384]: DEBUG glance.common.config [None req-e2b20684-908d-4761-9aa0-37f2ce72b37a None None] http_keepalive = True {{(pid=115384) log_opt_values /opt/stack/data/venv/lib/python3.12/site-packages/oslo_config/cfg.py:3245}}
May 21 23:25:00.329303 np0000176075 devstack@g-api.service[115384]: DEBUG glance.common.config [None req-e2b20684-908d-4761-9aa0-37f2ce72b37a None None] http_retries = 3 {{(pid=115384) log_opt_values /opt/stack/data/venv/lib/python3.12/site-packages/oslo_config/cfg.py:3245}}
May 21 23:25:00.329383 np0000176075 devstack@g-api.service[115384]: DEBUG glance.common.config [None req-e2b20684-908d-4761-9aa0-37f2ce72b37a None None] image_cache_dir = /opt/stack/data/glance/cache/ {{(pid=115384) log_opt_values /opt/stack/data/venv/lib/python3.12/site-packages/oslo_config/cfg.py:3245}}
May 21 23:25:00.329454 np0000176075 devstack@g-api.service[115384]: DEBUG glance.common.config [None req-e2b20684-908d-4761-9aa0-37f2ce72b37a None None] image_cache_driver = centralized_db {{(pid=115384) log_opt_values /opt/stack/data/venv/lib/python3.12/site-packages/oslo_config/cfg.py:3245}}
May 21 23:25:00.329562 np0000176075 devstack@g-api.service[115384]: DEBUG glance.common.config [None req-e2b20684-908d-4761-9aa0-37f2ce72b37a None None] image_cache_max_size = 10737418240 {{(pid=115384) log_opt_values /opt/stack/data/venv/lib/python3.12/site-packages/oslo_config/cfg.py:3245}}
May 21 23:25:00.329673 np0000176075 devstack@g-api.service[115384]: DEBUG glance.common.config [None req-e2b20684-908d-4761-9aa0-37f2ce72b37a None None] image_cache_sqlite_db = cache.db {{(pid=115384) log_opt_values /opt/stack/data/venv/lib/python3.12/site-packages/oslo_config/cfg.py:3245}}
May 21 23:25:00.329778 np0000176075 devstack@g-api.service[115384]: DEBUG glance.common.config [None req-e2b20684-908d-4761-9aa0-37f2ce72b37a None None] image_cache_stall_time = 86400 {{(pid=115384) log_opt_values /opt/stack/data/venv/lib/python3.12/site-packages/oslo_config/cfg.py:3245}}
May 21 23:25:00.329879 np0000176075 devstack@g-api.service[115384]: DEBUG glance.common.config [None req-e2b20684-908d-4761-9aa0-37f2ce72b37a None None] image_location_quota = 10 {{(pid=115384) log_opt_values /opt/stack/data/venv/lib/python3.12/site-packages/oslo_config/cfg.py:3245}}
May 21 23:25:00.329983 np0000176075 devstack@g-api.service[115384]: DEBUG glance.common.config [None req-e2b20684-908d-4761-9aa0-37f2ce72b37a None None] image_member_quota = 128 {{(pid=115384) log_opt_values /opt/stack/data/venv/lib/python3.12/site-packages/oslo_config/cfg.py:3245}}
May 21 23:25:00.330084 np0000176075 devstack@g-api.service[115384]: DEBUG glance.common.config [None req-e2b20684-908d-4761-9aa0-37f2ce72b37a None None] image_property_quota = 128 {{(pid=115384) log_opt_values /opt/stack/data/venv/lib/python3.12/site-packages/oslo_config/cfg.py:3245}}
May 21 23:25:00.330204 np0000176075 devstack@g-api.service[115384]: DEBUG glance.common.config [None req-e2b20684-908d-4761-9aa0-37f2ce72b37a None None] image_size_cap = 1099511627776 {{(pid=115384) log_opt_values /opt/stack/data/venv/lib/python3.12/site-packages/oslo_config/cfg.py:3245}}
May 21 23:25:00.330290 np0000176075 devstack@g-api.service[115384]: DEBUG glance.common.config [None req-e2b20684-908d-4761-9aa0-37f2ce72b37a None None] image_tag_quota = 128 {{(pid=115384) log_opt_values /opt/stack/data/venv/lib/python3.12/site-packages/oslo_config/cfg.py:3245}}
May 21 23:25:00.330411 np0000176075 devstack@g-api.service[115384]: DEBUG glance.common.config [None req-e2b20684-908d-4761-9aa0-37f2ce72b37a None None] instance_format = [instance: %(uuid)s] {{(pid=115384) log_opt_values /opt/stack/data/venv/lib/python3.12/site-packages/oslo_config/cfg.py:3245}}
May 21 23:25:00.330516 np0000176075 devstack@g-api.service[115384]: DEBUG glance.common.config [None req-e2b20684-908d-4761-9aa0-37f2ce72b37a None None] instance_uuid_format = [instance: %(uuid)s] {{(pid=115384) log_opt_values /opt/stack/data/venv/lib/python3.12/site-packages/oslo_config/cfg.py:3245}}
May 21 23:25:00.330608 np0000176075 devstack@g-api.service[115384]: DEBUG glance.common.config [None req-e2b20684-908d-4761-9aa0-37f2ce72b37a None None] limit_param_default = 25 {{(pid=115384) log_opt_values /opt/stack/data/venv/lib/python3.12/site-packages/oslo_config/cfg.py:3245}}
May 21 23:25:00.330726 np0000176075 devstack@g-api.service[115384]: DEBUG glance.common.config [None req-e2b20684-908d-4761-9aa0-37f2ce72b37a None None] log_color = False {{(pid=115384) log_opt_values /opt/stack/data/venv/lib/python3.12/site-packages/oslo_config/cfg.py:3245}}
May 21 23:25:00.330832 np0000176075 devstack@g-api.service[115384]: DEBUG glance.common.config [None req-e2b20684-908d-4761-9aa0-37f2ce72b37a None None] log_config_append = None {{(pid=115384) log_opt_values /opt/stack/data/venv/lib/python3.12/site-packages/oslo_config/cfg.py:3245}}
May 21 23:25:00.330942 np0000176075 devstack@g-api.service[115384]: DEBUG glance.common.config [None req-e2b20684-908d-4761-9aa0-37f2ce72b37a None None] log_date_format = %Y-%m-%d %H:%M:%S {{(pid=115384) log_opt_values /opt/stack/data/venv/lib/python3.12/site-packages/oslo_config/cfg.py:3245}}
May 21 23:25:00.331045 np0000176075 devstack@g-api.service[115384]: DEBUG glance.common.config [None req-e2b20684-908d-4761-9aa0-37f2ce72b37a None None] log_dir = None {{(pid=115384) log_opt_values /opt/stack/data/venv/lib/python3.12/site-packages/oslo_config/cfg.py:3245}}
May 21 23:25:00.331172 np0000176075 devstack@g-api.service[115384]: DEBUG glance.common.config [None req-e2b20684-908d-4761-9aa0-37f2ce72b37a None None] log_file = None {{(pid=115384) log_opt_values /opt/stack/data/venv/lib/python3.12/site-packages/oslo_config/cfg.py:3245}}
May 21 23:25:00.331295 np0000176075 devstack@g-api.service[115384]: DEBUG glance.common.config [None req-e2b20684-908d-4761-9aa0-37f2ce72b37a None None] log_rotate_interval = 1 {{(pid=115384) log_opt_values /opt/stack/data/venv/lib/python3.12/site-packages/oslo_config/cfg.py:3245}}
May 21 23:25:00.331363 np0000176075 devstack@g-api.service[115384]: DEBUG glance.common.config [None req-e2b20684-908d-4761-9aa0-37f2ce72b37a None None] log_rotate_interval_type = days {{(pid=115384) log_opt_values /opt/stack/data/venv/lib/python3.12/site-packages/oslo_config/cfg.py:3245}}
May 21 23:25:00.331472 np0000176075 devstack@g-api.service[115384]: DEBUG glance.common.config [None req-e2b20684-908d-4761-9aa0-37f2ce72b37a None None] log_rotation_type = none {{(pid=115384) log_opt_values /opt/stack/data/venv/lib/python3.12/site-packages/oslo_config/cfg.py:3245}}
May 21 23:25:00.331556 np0000176075 devstack@g-api.service[115384]: DEBUG glance.common.config [None req-e2b20684-908d-4761-9aa0-37f2ce72b37a None None] logging_context_format_string = %(color)s%(levelname)s %(name)s [%(global_request_id)s %(request_id)s %(project_name)s %(user_name)s%(color)s] %(instance)s%(color)s%(message)s {{(pid=115384) log_opt_values /opt/stack/data/venv/lib/python3.12/site-packages/oslo_config/cfg.py:3245}}
May 21 23:25:00.331638 np0000176075 devstack@g-api.service[115384]: DEBUG glance.common.config [None req-e2b20684-908d-4761-9aa0-37f2ce72b37a None None] logging_debug_format_suffix = {{(pid=%(process)d) %(funcName)s %(pathname)s:%(lineno)d}} {{(pid=115384) log_opt_values /opt/stack/data/venv/lib/python3.12/site-packages/oslo_config/cfg.py:3245}}
May 21 23:25:00.331708 np0000176075 devstack@g-api.service[115384]: DEBUG glance.common.config [None req-e2b20684-908d-4761-9aa0-37f2ce72b37a None None] logging_default_format_string = %(color)s%(levelname)s %(name)s [-%(color)s] %(instance)s%(color)s%(message)s {{(pid=115384) log_opt_values /opt/stack/data/venv/lib/python3.12/site-packages/oslo_config/cfg.py:3245}}
May 21 23:25:00.331823 np0000176075 devstack@g-api.service[115384]: DEBUG glance.common.config [None req-e2b20684-908d-4761-9aa0-37f2ce72b37a None None] logging_exception_prefix = ERROR %(name)s %(instance)s {{(pid=115384) log_opt_values /opt/stack/data/venv/lib/python3.12/site-packages/oslo_config/cfg.py:3245}}
May 21 23:25:00.331940 np0000176075 devstack@g-api.service[115384]: DEBUG glance.common.config [None req-e2b20684-908d-4761-9aa0-37f2ce72b37a None None] logging_user_identity_format = %(user)s %(project)s %(domain)s %(system_scope)s %(user_domain)s %(project_domain)s {{(pid=115384) log_opt_values /opt/stack/data/venv/lib/python3.12/site-packages/oslo_config/cfg.py:3245}}
May 21 23:25:00.332028 np0000176075 devstack@g-api.service[115384]: DEBUG glance.common.config [None req-e2b20684-908d-4761-9aa0-37f2ce72b37a None None] max_header_line = 16384 {{(pid=115384) log_opt_values /opt/stack/data/venv/lib/python3.12/site-packages/oslo_config/cfg.py:3245}}
May 21 23:25:00.332129 np0000176075 devstack@g-api.service[115384]: DEBUG glance.common.config [None req-e2b20684-908d-4761-9aa0-37f2ce72b37a None None] max_logfile_count = 30 {{(pid=115384) log_opt_values /opt/stack/data/venv/lib/python3.12/site-packages/oslo_config/cfg.py:3245}}
May 21 23:25:00.332254 np0000176075 devstack@g-api.service[115384]: DEBUG glance.common.config [None req-e2b20684-908d-4761-9aa0-37f2ce72b37a None None] max_logfile_size_mb = 200 {{(pid=115384) log_opt_values /opt/stack/data/venv/lib/python3.12/site-packages/oslo_config/cfg.py:3245}}
May 21 23:25:00.332355 np0000176075 devstack@g-api.service[115384]: DEBUG glance.common.config [None req-e2b20684-908d-4761-9aa0-37f2ce72b37a None None] max_request_id_length = 64 {{(pid=115384) log_opt_values /opt/stack/data/venv/lib/python3.12/site-packages/oslo_config/cfg.py:3245}}
May 21 23:25:00.332458 np0000176075 devstack@g-api.service[115384]: DEBUG glance.common.config [None req-e2b20684-908d-4761-9aa0-37f2ce72b37a None None] metadata_encryption_key = **** {{(pid=115384) log_opt_values /opt/stack/data/venv/lib/python3.12/site-packages/oslo_config/cfg.py:3245}}
May 21 23:25:00.332532 np0000176075 devstack@g-api.service[115385]: INFO glance.api.middleware.cache_manage [None req-4a129980-845b-4727-bbbb-dff5e0044f44 None None] Initialized image cache management middleware
May 21 23:25:00.332608 np0000176075 devstack@g-api.service[115384]: DEBUG glance.common.config [None req-e2b20684-908d-4761-9aa0-37f2ce72b37a None None] node_staging_uri = file:///tmp/staging/ {{(pid=115384) log_opt_values /opt/stack/data/venv/lib/python3.12/site-packages/oslo_config/cfg.py:3245}}
May 21 23:25:00.332672 np0000176075 devstack@g-api.service[115385]: INFO glance.image_cache [None req-4a129980-845b-4727-bbbb-dff5e0044f44 None None] Image cache loaded driver 'centralized_db'.
May 21 23:25:00.332731 np0000176075 devstack@g-api.service[115384]: DEBUG glance.common.config [None req-e2b20684-908d-4761-9aa0-37f2ce72b37a None None] property_protection_file = None {{(pid=115384) log_opt_values /opt/stack/data/venv/lib/python3.12/site-packages/oslo_config/cfg.py:3245}}
May 21 23:25:00.332815 np0000176075 devstack@g-api.service[115384]: DEBUG glance.common.config [None req-e2b20684-908d-4761-9aa0-37f2ce72b37a None None] property_protection_rule_format = roles {{(pid=115384) log_opt_values /opt/stack/data/venv/lib/python3.12/site-packages/oslo_config/cfg.py:3245}}
May 21 23:25:00.332877 np0000176075 devstack@g-api.service[115384]: DEBUG glance.common.config [None req-e2b20684-908d-4761-9aa0-37f2ce72b37a None None] public_endpoint = https://199.204.45.53/image {{(pid=115384) log_opt_values /opt/stack/data/venv/lib/python3.12/site-packages/oslo_config/cfg.py:3245}}
May 21 23:25:00.332992 np0000176075 devstack@g-api.service[115384]: DEBUG glance.common.config [None req-e2b20684-908d-4761-9aa0-37f2ce72b37a None None] publish_errors = False {{(pid=115384) log_opt_values /opt/stack/data/venv/lib/python3.12/site-packages/oslo_config/cfg.py:3245}}
May 21 23:25:00.333087 np0000176075 devstack@g-api.service[115384]: DEBUG glance.common.config [None req-e2b20684-908d-4761-9aa0-37f2ce72b37a None None] pydev_worker_debug_host = None {{(pid=115384) log_opt_values /opt/stack/data/venv/lib/python3.12/site-packages/oslo_config/cfg.py:3245}}
May 21 23:25:00.333203 np0000176075 devstack@g-api.service[115384]: DEBUG glance.common.config [None req-e2b20684-908d-4761-9aa0-37f2ce72b37a None None] pydev_worker_debug_port = 5678 {{(pid=115384) log_opt_values /opt/stack/data/venv/lib/python3.12/site-packages/oslo_config/cfg.py:3245}}
May 21 23:25:00.333325 np0000176075 devstack@g-api.service[115384]: DEBUG glance.common.config [None req-e2b20684-908d-4761-9aa0-37f2ce72b37a None None] rate_limit_burst = 0 {{(pid=115384) log_opt_values /opt/stack/data/venv/lib/python3.12/site-packages/oslo_config/cfg.py:3245}}
May 21 23:25:00.333656 np0000176075 devstack@g-api.service[115384]: DEBUG glance.common.config [None req-e2b20684-908d-4761-9aa0-37f2ce72b37a None None] rate_limit_except_level = CRITICAL {{(pid=115384) log_opt_values /opt/stack/data/venv/lib/python3.12/site-packages/oslo_config/cfg.py:3245}}
May 21 23:25:00.333656 np0000176075 devstack@g-api.service[115384]: DEBUG glance.common.config [None req-e2b20684-908d-4761-9aa0-37f2ce72b37a None None] rate_limit_interval = 0 {{(pid=115384) log_opt_values /opt/stack/data/venv/lib/python3.12/site-packages/oslo_config/cfg.py:3245}}
May 21 23:25:00.333656 np0000176075 devstack@g-api.service[115384]: DEBUG glance.common.config [None req-e2b20684-908d-4761-9aa0-37f2ce72b37a None None] scrub_pool_size = 1 {{(pid=115384) log_opt_values /opt/stack/data/venv/lib/python3.12/site-packages/oslo_config/cfg.py:3245}}
May 21 23:25:00.333841 np0000176075 devstack@g-api.service[115384]: DEBUG glance.common.config [None req-e2b20684-908d-4761-9aa0-37f2ce72b37a None None] scrub_time = 0 {{(pid=115384) log_opt_values /opt/stack/data/venv/lib/python3.12/site-packages/oslo_config/cfg.py:3245}}
May 21 23:25:00.333841 np0000176075 devstack@g-api.service[115384]: DEBUG glance.common.config [None req-e2b20684-908d-4761-9aa0-37f2ce72b37a None None] shell_completion = None {{(pid=115384) log_opt_values /opt/stack/data/venv/lib/python3.12/site-packages/oslo_config/cfg.py:3245}}
May 21 23:25:00.333923 np0000176075 devstack@g-api.service[115384]: DEBUG glance.common.config [None req-e2b20684-908d-4761-9aa0-37f2ce72b37a None None] show_image_direct_url = False {{(pid=115384) log_opt_values /opt/stack/data/venv/lib/python3.12/site-packages/oslo_config/cfg.py:3245}}
May 21 23:25:00.334144 np0000176075 devstack@g-api.service[115384]: WARNING oslo_config.cfg [None req-e2b20684-908d-4761-9aa0-37f2ce72b37a None None] Deprecated: Option "show_multiple_locations" from group "DEFAULT" is deprecated for removal (Use of this option, deprecated since Newton, is a security risk and will be removed once we figure out a way to satisfy those use cases that currently require it. An earlier announcement that the same functionality can be achieved with greater granularity by using policies is incorrect. You cannot work around this option via policy configuration at the present time, though that is the direction we believe the fix will take. Please keep an eye on the Glance release notes to stay up to date on progress in addressing this issue.). Its value may be silently ignored in the future.
May 21 23:25:00.334285 np0000176075 devstack@g-api.service[115384]: DEBUG glance.common.config [None req-e2b20684-908d-4761-9aa0-37f2ce72b37a None None] show_multiple_locations = False {{(pid=115384) log_opt_values /opt/stack/data/venv/lib/python3.12/site-packages/oslo_config/cfg.py:3245}}
May 21 23:25:00.334389 np0000176075 devstack@g-api.service[115384]: DEBUG glance.common.config [None req-e2b20684-908d-4761-9aa0-37f2ce72b37a None None] syslog_log_facility = LOG_USER {{(pid=115384) log_opt_values /opt/stack/data/venv/lib/python3.12/site-packages/oslo_config/cfg.py:3245}}
May 21 23:25:00.334511 np0000176075 devstack@g-api.service[115384]: DEBUG glance.common.config [None req-e2b20684-908d-4761-9aa0-37f2ce72b37a None None] tcp_keepidle = 600 {{(pid=115384) log_opt_values /opt/stack/data/venv/lib/python3.12/site-packages/oslo_config/cfg.py:3245}}
May 21 23:25:00.334631 np0000176075 devstack@g-api.service[115384]: DEBUG glance.common.config [None req-e2b20684-908d-4761-9aa0-37f2ce72b37a None None] transport_url = **** {{(pid=115384) log_opt_values /opt/stack/data/venv/lib/python3.12/site-packages/oslo_config/cfg.py:3245}}
May 21 23:25:00.334728 np0000176075 devstack@g-api.service[115384]: DEBUG glance.common.config [None req-e2b20684-908d-4761-9aa0-37f2ce72b37a None None] use_journal = False {{(pid=115384) log_opt_values /opt/stack/data/venv/lib/python3.12/site-packages/oslo_config/cfg.py:3245}}
May 21 23:25:00.334830 np0000176075 devstack@g-api.service[115384]: DEBUG glance.common.config [None req-e2b20684-908d-4761-9aa0-37f2ce72b37a None None] use_json = False {{(pid=115384) log_opt_values /opt/stack/data/venv/lib/python3.12/site-packages/oslo_config/cfg.py:3245}}
May 21 23:25:00.334949 np0000176075 devstack@g-api.service[115384]: DEBUG glance.common.config [None req-e2b20684-908d-4761-9aa0-37f2ce72b37a None None] use_keystone_limits = True {{(pid=115384) log_opt_values /opt/stack/data/venv/lib/python3.12/site-packages/oslo_config/cfg.py:3245}}
May 21 23:25:00.335050 np0000176075 devstack@g-api.service[115384]: DEBUG glance.common.config [None req-e2b20684-908d-4761-9aa0-37f2ce72b37a None None] use_stderr = False {{(pid=115384) log_opt_values /opt/stack/data/venv/lib/python3.12/site-packages/oslo_config/cfg.py:3245}}
May 21 23:25:00.335163 np0000176075 devstack@g-api.service[115384]: DEBUG glance.common.config [None req-e2b20684-908d-4761-9aa0-37f2ce72b37a None None] use_syslog = False {{(pid=115384) log_opt_values /opt/stack/data/venv/lib/python3.12/site-packages/oslo_config/cfg.py:3245}}
May 21 23:25:00.335285 np0000176075 devstack@g-api.service[115384]: DEBUG glance.common.config [None req-e2b20684-908d-4761-9aa0-37f2ce72b37a None None] user_storage_quota = 0 {{(pid=115384) log_opt_values /opt/stack/data/venv/lib/python3.12/site-packages/oslo_config/cfg.py:3245}}
May 21 23:25:00.335318 np0000176075 devstack@g-api.service[115386]: DEBUG glance.image_cache.drivers.centralized_db [None req-d3141f17-a11c-46e0-975a-e5872636a656 None None] Node reference is already recorded, ignoring it {{(pid=115386) configure /opt/stack/glance/glance/image_cache/drivers/centralized_db.py:71}}
May 21 23:25:00.335390 np0000176075 devstack@g-api.service[115384]: DEBUG glance.common.config [None req-e2b20684-908d-4761-9aa0-37f2ce72b37a None None] worker_self_reference_url = http://127.0.0.1:60999 {{(pid=115384) log_opt_values /opt/stack/data/venv/lib/python3.12/site-packages/oslo_config/cfg.py:3245}}
May 21 23:25:00.335490 np0000176075 devstack@g-api.service[115384]: DEBUG glance.common.config [None req-e2b20684-908d-4761-9aa0-37f2ce72b37a None None] workers = None {{(pid=115384) log_opt_values /opt/stack/data/venv/lib/python3.12/site-packages/oslo_config/cfg.py:3245}}
May 21 23:25:00.335607 np0000176075 devstack@g-api.service[115384]: DEBUG glance.common.config [None req-e2b20684-908d-4761-9aa0-37f2ce72b37a None None] oslo_concurrency.disable_process_locking = False {{(pid=115384) log_opt_values /opt/stack/data/venv/lib/python3.12/site-packages/oslo_config/cfg.py:3256}}
May 21 23:25:00.335719 np0000176075 devstack@g-api.service[115384]: DEBUG glance.common.config [None req-e2b20684-908d-4761-9aa0-37f2ce72b37a None None] oslo_concurrency.lock_path = /opt/stack/data/glance/locks {{(pid=115384) log_opt_values /opt/stack/data/venv/lib/python3.12/site-packages/oslo_config/cfg.py:3256}}
May 21 23:25:00.335855 np0000176075 devstack@g-api.service[115384]: DEBUG glance.common.config [None req-e2b20684-908d-4761-9aa0-37f2ce72b37a None None] oslo_middleware.enable_proxy_headers_parsing = False {{(pid=115384) log_opt_values /opt/stack/data/venv/lib/python3.12/site-packages/oslo_config/cfg.py:3256}}
May 21 23:25:00.335896 np0000176075 devstack@g-api.service[115383]: DEBUG glance.image_cache.drivers.centralized_db [None req-ca4335df-2776-4703-9381-40f842af52d9 None None] Node reference is already recorded, ignoring it {{(pid=115383) configure /opt/stack/glance/glance/image_cache/drivers/centralized_db.py:71}}
May 21 23:25:00.335990 np0000176075 devstack@g-api.service[115384]: DEBUG glance.common.config [None req-e2b20684-908d-4761-9aa0-37f2ce72b37a None None] oslo_middleware.http_basic_auth_user_file = /etc/htpasswd {{(pid=115384) log_opt_values /opt/stack/data/venv/lib/python3.12/site-packages/oslo_config/cfg.py:3256}}
May 21 23:25:00.336099 np0000176075 devstack@g-api.service[115384]: DEBUG glance.common.config [None req-e2b20684-908d-4761-9aa0-37f2ce72b37a None None] paste_deploy.config_file = None {{(pid=115384) log_opt_values /opt/stack/data/venv/lib/python3.12/site-packages/oslo_config/cfg.py:3256}}
May 21 23:25:00.336244 np0000176075 devstack@g-api.service[115384]: DEBUG glance.common.config [None req-e2b20684-908d-4761-9aa0-37f2ce72b37a None None] paste_deploy.flavor = keystone+cachemanagement {{(pid=115384) log_opt_values /opt/stack/data/venv/lib/python3.12/site-packages/oslo_config/cfg.py:3256}}
May 21 23:25:00.336391 np0000176075 devstack@g-api.service[115384]: DEBUG glance.common.config [None req-e2b20684-908d-4761-9aa0-37f2ce72b37a None None] image_format.container_formats = ['ami', 'ari', 'aki', 'bare', 'ovf', 'ova', 'docker', 'compressed'] {{(pid=115384) log_opt_values /opt/stack/data/venv/lib/python3.12/site-packages/oslo_config/cfg.py:3256}}
May 21 23:25:00.336545 np0000176075 devstack@g-api.service[115384]: DEBUG glance.common.config [None req-e2b20684-908d-4761-9aa0-37f2ce72b37a None None] image_format.disk_formats = ['ami', 'ari', 'aki', 'vhd', 'vhdx', 'vmdk', 'raw', 'qcow2', 'vdi', 'iso', 'ploop'] {{(pid=115384) log_opt_values /opt/stack/data/venv/lib/python3.12/site-packages/oslo_config/cfg.py:3256}}
May 21 23:25:00.336654 np0000176075 devstack@g-api.service[115384]: DEBUG glance.common.config [None req-e2b20684-908d-4761-9aa0-37f2ce72b37a None None] image_format.gpt_safety_checks_nonfatal = [] {{(pid=115384) log_opt_values /opt/stack/data/venv/lib/python3.12/site-packages/oslo_config/cfg.py:3256}}
May 21 23:25:00.336763 np0000176075 devstack@g-api.service[115384]: DEBUG glance.common.config [None req-e2b20684-908d-4761-9aa0-37f2ce72b37a None None] image_format.require_image_format_match = True {{(pid=115384) log_opt_values /opt/stack/data/venv/lib/python3.12/site-packages/oslo_config/cfg.py:3256}}
May 21 23:25:00.336881 np0000176075 devstack@g-api.service[115384]: DEBUG glance.common.config [None req-e2b20684-908d-4761-9aa0-37f2ce72b37a None None] image_format.vmdk_allowed_types = ['streamOptimized', 'monolithicSparse'] {{(pid=115384) log_opt_values /opt/stack/data/venv/lib/python3.12/site-packages/oslo_config/cfg.py:3256}}
May 21 23:25:00.336990 np0000176075 devstack@g-api.service[115384]: DEBUG glance.common.config [None req-e2b20684-908d-4761-9aa0-37f2ce72b37a None None] task.task_executor = taskflow {{(pid=115384) log_opt_values /opt/stack/data/venv/lib/python3.12/site-packages/oslo_config/cfg.py:3256}}
May 21 23:25:00.337119 np0000176075 devstack@g-api.service[115384]: DEBUG glance.common.config [None req-e2b20684-908d-4761-9aa0-37f2ce72b37a None None] task.task_time_to_live = 48 {{(pid=115384) log_opt_values /opt/stack/data/venv/lib/python3.12/site-packages/oslo_config/cfg.py:3256}}
May 21 23:25:00.337243 np0000176075 devstack@g-api.service[115384]: DEBUG glance.common.config [None req-e2b20684-908d-4761-9aa0-37f2ce72b37a None None] task.work_dir = None {{(pid=115384) log_opt_values /opt/stack/data/venv/lib/python3.12/site-packages/oslo_config/cfg.py:3256}}
May 21 23:25:00.337383 np0000176075 devstack@g-api.service[115384]: DEBUG glance.common.config [None req-e2b20684-908d-4761-9aa0-37f2ce72b37a None None] wsgi.python_interpreter = /opt/stack/data/venv/bin/python3 {{(pid=115384) log_opt_values /opt/stack/data/venv/lib/python3.12/site-packages/oslo_config/cfg.py:3256}}
May 21 23:25:00.337492 np0000176075 devstack@g-api.service[115384]: DEBUG glance.common.config [None req-e2b20684-908d-4761-9aa0-37f2ce72b37a None None] wsgi.task_pool_threads = 16 {{(pid=115384) log_opt_values /opt/stack/data/venv/lib/python3.12/site-packages/oslo_config/cfg.py:3256}}
May 21 23:25:00.337611 np0000176075 devstack@g-api.service[115384]: DEBUG glance.common.config [None req-e2b20684-908d-4761-9aa0-37f2ce72b37a None None] profiler.connection_string = messaging:// {{(pid=115384) log_opt_values /opt/stack/data/venv/lib/python3.12/site-packages/oslo_config/cfg.py:3256}}
May 21 23:25:00.337718 np0000176075 devstack@g-api.service[115384]: DEBUG glance.common.config [None req-e2b20684-908d-4761-9aa0-37f2ce72b37a None None] profiler.enabled = False {{(pid=115384) log_opt_values /opt/stack/data/venv/lib/python3.12/site-packages/oslo_config/cfg.py:3256}}
May 21 23:25:00.337828 np0000176075 devstack@g-api.service[115384]: DEBUG glance.common.config [None req-e2b20684-908d-4761-9aa0-37f2ce72b37a None None] profiler.es_doc_type = notification {{(pid=115384) log_opt_values /opt/stack/data/venv/lib/python3.12/site-packages/oslo_config/cfg.py:3256}}
May 21 23:25:00.337935 np0000176075 devstack@g-api.service[115384]: DEBUG glance.common.config [None req-e2b20684-908d-4761-9aa0-37f2ce72b37a None None] profiler.es_scroll_size = 10000 {{(pid=115384) log_opt_values /opt/stack/data/venv/lib/python3.12/site-packages/oslo_config/cfg.py:3256}}
May 21 23:25:00.338043 np0000176075 devstack@g-api.service[115384]: DEBUG glance.common.config [None req-e2b20684-908d-4761-9aa0-37f2ce72b37a None None] profiler.es_scroll_time = 2m {{(pid=115384) log_opt_values /opt/stack/data/venv/lib/python3.12/site-packages/oslo_config/cfg.py:3256}}
May 21 23:25:00.338147 np0000176075 devstack@g-api.service[115384]: DEBUG glance.common.config [None req-e2b20684-908d-4761-9aa0-37f2ce72b37a None None] profiler.filter_error_trace = False {{(pid=115384) log_opt_values /opt/stack/data/venv/lib/python3.12/site-packages/oslo_config/cfg.py:3256}}
May 21 23:25:00.338272 np0000176075 devstack@g-api.service[115384]: DEBUG glance.common.config [None req-e2b20684-908d-4761-9aa0-37f2ce72b37a None None] profiler.hmac_keys = **** {{(pid=115384) log_opt_values /opt/stack/data/venv/lib/python3.12/site-packages/oslo_config/cfg.py:3256}}
May 21 23:25:00.338383 np0000176075 devstack@g-api.service[115384]: DEBUG glance.common.config [None req-e2b20684-908d-4761-9aa0-37f2ce72b37a None None] profiler.sentinel_service_name = mymaster {{(pid=115384) log_opt_values /opt/stack/data/venv/lib/python3.12/site-packages/oslo_config/cfg.py:3256}}
May 21 23:25:00.338503 np0000176075 devstack@g-api.service[115384]: DEBUG glance.common.config [None req-e2b20684-908d-4761-9aa0-37f2ce72b37a None None] profiler.socket_timeout = 0.1 {{(pid=115384) log_opt_values /opt/stack/data/venv/lib/python3.12/site-packages/oslo_config/cfg.py:3256}}
May 21 23:25:00.338608 np0000176075 devstack@g-api.service[115384]: DEBUG glance.common.config [None req-e2b20684-908d-4761-9aa0-37f2ce72b37a None None] profiler.trace_requests = False {{(pid=115384) log_opt_values /opt/stack/data/venv/lib/python3.12/site-packages/oslo_config/cfg.py:3256}}
May 21 23:25:00.338712 np0000176075 devstack@g-api.service[115384]: DEBUG glance.common.config [None req-e2b20684-908d-4761-9aa0-37f2ce72b37a None None] profiler.trace_sqlalchemy = False {{(pid=115384) log_opt_values /opt/stack/data/venv/lib/python3.12/site-packages/oslo_config/cfg.py:3256}}
May 21 23:25:00.338824 np0000176075 devstack@g-api.service[115384]: DEBUG glance.common.config [None req-e2b20684-908d-4761-9aa0-37f2ce72b37a None None] profiler_jaeger.process_tags = {} {{(pid=115384) log_opt_values /opt/stack/data/venv/lib/python3.12/site-packages/oslo_config/cfg.py:3256}}
May 21 23:25:00.338929 np0000176075 devstack@g-api.service[115384]: DEBUG glance.common.config [None req-e2b20684-908d-4761-9aa0-37f2ce72b37a None None] profiler_jaeger.service_name_prefix = None {{(pid=115384) log_opt_values /opt/stack/data/venv/lib/python3.12/site-packages/oslo_config/cfg.py:3256}}
May 21 23:25:00.339031 np0000176075 devstack@g-api.service[115384]: DEBUG glance.common.config [None req-e2b20684-908d-4761-9aa0-37f2ce72b37a None None] profiler_otlp.service_name_prefix = None {{(pid=115384) log_opt_values /opt/stack/data/venv/lib/python3.12/site-packages/oslo_config/cfg.py:3256}}
May 21 23:25:00.339142 np0000176075 devstack@g-api.service[115384]: DEBUG glance.common.config [None req-e2b20684-908d-4761-9aa0-37f2ce72b37a None None] import_filtering_opts.allowed_hosts = [] {{(pid=115384) log_opt_values /opt/stack/data/venv/lib/python3.12/site-packages/oslo_config/cfg.py:3256}}
May 21 23:25:00.339279 np0000176075 devstack@g-api.service[115384]: DEBUG glance.common.config [None req-e2b20684-908d-4761-9aa0-37f2ce72b37a None None] import_filtering_opts.allowed_ports = [80, 443] {{(pid=115384) log_opt_values /opt/stack/data/venv/lib/python3.12/site-packages/oslo_config/cfg.py:3256}}
May 21 23:25:00.339395 np0000176075 devstack@g-api.service[115384]: DEBUG glance.common.config [None req-e2b20684-908d-4761-9aa0-37f2ce72b37a None None] import_filtering_opts.allowed_schemes = ['http', 'https'] {{(pid=115384) log_opt_values /opt/stack/data/venv/lib/python3.12/site-packages/oslo_config/cfg.py:3256}}
May 21 23:25:00.339490 np0000176075 devstack@g-api.service[115386]: INFO glance.api.middleware.cache [None req-d3141f17-a11c-46e0-975a-e5872636a656 None None] Initialized image cache middleware
May 21 23:25:00.339533 np0000176075 devstack@g-api.service[115384]: DEBUG glance.common.config [None req-e2b20684-908d-4761-9aa0-37f2ce72b37a None None] import_filtering_opts.disallowed_hosts = [] {{(pid=115384) log_opt_values /opt/stack/data/venv/lib/python3.12/site-packages/oslo_config/cfg.py:3256}}
May 21 23:25:00.339630 np0000176075 devstack@g-api.service[115384]: DEBUG glance.common.config [None req-e2b20684-908d-4761-9aa0-37f2ce72b37a None None] import_filtering_opts.disallowed_ports = [] {{(pid=115384) log_opt_values /opt/stack/data/venv/lib/python3.12/site-packages/oslo_config/cfg.py:3256}}
May 21 23:25:00.339755 np0000176075 devstack@g-api.service[115384]: DEBUG glance.common.config [None req-e2b20684-908d-4761-9aa0-37f2ce72b37a None None] import_filtering_opts.disallowed_schemes = [] {{(pid=115384) log_opt_values /opt/stack/data/venv/lib/python3.12/site-packages/oslo_config/cfg.py:3256}}
May 21 23:25:00.339866 np0000176075 devstack@g-api.service[115384]: DEBUG glance.common.config [None req-e2b20684-908d-4761-9aa0-37f2ce72b37a None None] oslo_messaging_metrics.metrics_buffer_size = 1000 {{(pid=115384) log_opt_values /opt/stack/data/venv/lib/python3.12/site-packages/oslo_config/cfg.py:3256}}
May 21 23:25:00.339971 np0000176075 devstack@g-api.service[115384]: DEBUG glance.common.config [None req-e2b20684-908d-4761-9aa0-37f2ce72b37a None None] oslo_messaging_metrics.metrics_enabled = False {{(pid=115384) log_opt_values /opt/stack/data/venv/lib/python3.12/site-packages/oslo_config/cfg.py:3256}}
May 21 23:25:00.340080 np0000176075 devstack@g-api.service[115384]: DEBUG glance.common.config [None req-e2b20684-908d-4761-9aa0-37f2ce72b37a None None] oslo_messaging_metrics.metrics_process_name = {{(pid=115384) log_opt_values /opt/stack/data/venv/lib/python3.12/site-packages/oslo_config/cfg.py:3256}}
May 21 23:25:00.340223 np0000176075 devstack@g-api.service[115384]: DEBUG glance.common.config [None req-e2b20684-908d-4761-9aa0-37f2ce72b37a None None] oslo_messaging_metrics.metrics_socket_file = /var/tmp/metrics_collector.sock {{(pid=115384) log_opt_values /opt/stack/data/venv/lib/python3.12/site-packages/oslo_config/cfg.py:3256}}
May 21 23:25:00.340329 np0000176075 devstack@g-api.service[115384]: DEBUG glance.common.config [None req-e2b20684-908d-4761-9aa0-37f2ce72b37a None None] oslo_messaging_metrics.metrics_thread_stop_timeout = 10 {{(pid=115384) log_opt_values /opt/stack/data/venv/lib/python3.12/site-packages/oslo_config/cfg.py:3256}}
May 21 23:25:00.340503 np0000176075 devstack@g-api.service[115384]: DEBUG glance.common.config [None req-e2b20684-908d-4761-9aa0-37f2ce72b37a None None] os_brick.lightos_discovery_client_address = localhost {{(pid=115384) log_opt_values /opt/stack/data/venv/lib/python3.12/site-packages/oslo_config/cfg.py:3256}}
May 21 23:25:00.340614 np0000176075 devstack@g-api.service[115384]: DEBUG glance.common.config [None req-e2b20684-908d-4761-9aa0-37f2ce72b37a None None] os_brick.lightos_discovery_client_dir_path = /etc/discovery-client/discovery.d/ {{(pid=115384) log_opt_values /opt/stack/data/venv/lib/python3.12/site-packages/oslo_config/cfg.py:3256}}
May 21 23:25:00.340720 np0000176075 devstack@g-api.service[115384]: DEBUG glance.common.config [None req-e2b20684-908d-4761-9aa0-37f2ce72b37a None None] os_brick.lightos_discovery_client_port = 6060 {{(pid=115384) log_opt_values /opt/stack/data/venv/lib/python3.12/site-packages/oslo_config/cfg.py:3256}}
May 21 23:25:00.340830 np0000176075 devstack@g-api.service[115384]: DEBUG glance.common.config [None req-e2b20684-908d-4761-9aa0-37f2ce72b37a None None] os_brick.lock_path = /opt/stack/data/os_brick {{(pid=115384) log_opt_values /opt/stack/data/venv/lib/python3.12/site-packages/oslo_config/cfg.py:3256}}
May 21 23:25:00.340982 np0000176075 devstack@g-api.service[115384]: DEBUG glance.common.config [None req-e2b20684-908d-4761-9aa0-37f2ce72b37a None None] os_brick.wait_mpath_device_attempts = 4 {{(pid=115384) log_opt_values /opt/stack/data/venv/lib/python3.12/site-packages/oslo_config/cfg.py:3256}}
May 21 23:25:00.341098 np0000176075 devstack@g-api.service[115384]: DEBUG glance.common.config [None req-e2b20684-908d-4761-9aa0-37f2ce72b37a None None] os_brick.wait_mpath_device_interval = 1 {{(pid=115384) log_opt_values /opt/stack/data/venv/lib/python3.12/site-packages/oslo_config/cfg.py:3256}}
May 21 23:25:00.341213 np0000176075 devstack@g-api.service[115383]: INFO glance.api.middleware.cache_manage [None req-ca4335df-2776-4703-9381-40f842af52d9 None None] Initialized image cache management middleware
May 21 23:25:00.341248 np0000176075 devstack@g-api.service[115384]: DEBUG glance.common.config [None req-e2b20684-908d-4761-9aa0-37f2ce72b37a None None] privsep_osbrick.capabilities = [21, 2] {{(pid=115384) log_opt_values /opt/stack/data/venv/lib/python3.12/site-packages/oslo_config/cfg.py:3256}}
May 21 23:25:00.341329 np0000176075 devstack@g-api.service[115384]: DEBUG glance.common.config [None req-e2b20684-908d-4761-9aa0-37f2ce72b37a None None] privsep_osbrick.group = None {{(pid=115384) log_opt_values /opt/stack/data/venv/lib/python3.12/site-packages/oslo_config/cfg.py:3256}}
May 21 23:25:00.341368 np0000176075 devstack@g-api.service[115383]: INFO glance.image_cache [None req-ca4335df-2776-4703-9381-40f842af52d9 None None] Image cache loaded driver 'centralized_db'.
May 21 23:25:00.341432 np0000176075 devstack@g-api.service[115384]: DEBUG glance.common.config [None req-e2b20684-908d-4761-9aa0-37f2ce72b37a None None] privsep_osbrick.helper_command = None {{(pid=115384) log_opt_values /opt/stack/data/venv/lib/python3.12/site-packages/oslo_config/cfg.py:3256}}
May 21 23:25:00.341535 np0000176075 devstack@g-api.service[115384]: DEBUG glance.common.config [None req-e2b20684-908d-4761-9aa0-37f2ce72b37a None None] privsep_osbrick.log_daemon_traceback = False {{(pid=115384) log_opt_values /opt/stack/data/venv/lib/python3.12/site-packages/oslo_config/cfg.py:3256}}
May 21 23:25:00.341644 np0000176075 devstack@g-api.service[115384]: DEBUG glance.common.config [None req-e2b20684-908d-4761-9aa0-37f2ce72b37a None None] privsep_osbrick.logger_name = brick_privsep_hide_output {{(pid=115384) log_opt_values /opt/stack/data/venv/lib/python3.12/site-packages/oslo_config/cfg.py:3256}}
May 21 23:25:00.341749 np0000176075 devstack@g-api.service[115384]: DEBUG glance.common.config [None req-e2b20684-908d-4761-9aa0-37f2ce72b37a None None] privsep_osbrick.thread_pool_size = 16 {{(pid=115384) log_opt_values /opt/stack/data/venv/lib/python3.12/site-packages/oslo_config/cfg.py:3256}}
