Aug 31 07:42:05.751911 np0000191577 devstack@g-api.service[113839]: DEBUG glance.image_cache.drivers.centralized_db [None req-4b6f256e-fd7f-45a4-acef-efc3d94ff633 None None] Node reference is already recorded, ignoring it {{(pid=113839) configure /opt/stack/glance/glance/image_cache/drivers/centralized_db.py:71}}
Aug 31 07:42:05.754238 np0000191577 devstack@g-api.service[113841]: INFO glance.api.middleware.cache_manage [None req-3d4f3915-41bf-4bef-85a7-04c2c1ef59ac None None] Initialized image cache management middleware
Aug 31 07:42:05.754337 np0000191577 devstack@g-api.service[113841]: INFO glance.image_cache [None req-3d4f3915-41bf-4bef-85a7-04c2c1ef59ac None None] Image cache loaded driver 'centralized_db'.
Aug 31 07:42:05.758688 np0000191577 devstack@g-api.service[113839]: INFO glance.api.middleware.cache_manage [None req-4b6f256e-fd7f-45a4-acef-efc3d94ff633 None None] Initialized image cache management middleware
Aug 31 07:42:05.758869 np0000191577 devstack@g-api.service[113839]: INFO glance.image_cache [None req-4b6f256e-fd7f-45a4-acef-efc3d94ff633 None None] Image cache loaded driver 'centralized_db'.
Aug 31 07:42:05.763801 np0000191577 devstack@g-api.service[113841]: DEBUG glance.image_cache.drivers.centralized_db [None req-3d4f3915-41bf-4bef-85a7-04c2c1ef59ac None None] Node reference is already recorded, ignoring it {{(pid=113841) configure /opt/stack/glance/glance/image_cache/drivers/centralized_db.py:71}}
Aug 31 07:42:05.768214 np0000191577 devstack@g-api.service[113841]: INFO glance.api.middleware.cache [None req-3d4f3915-41bf-4bef-85a7-04c2c1ef59ac None None] Initialized image cache middleware
Aug 31 07:42:05.770410 np0000191577 devstack@g-api.service[113839]: DEBUG glance.image_cache.drivers.centralized_db [None req-4b6f256e-fd7f-45a4-acef-efc3d94ff633 None None] Node reference is already recorded, ignoring it {{(pid=113839) configure /opt/stack/glance/glance/image_cache/drivers/centralized_db.py:71}}
Aug 31 07:42:05.775482 np0000191577 devstack@g-api.service[113842]: INFO dbcounter [None req-0188ca07-50f4-49ab-bd71-593986828092 None None] Registered counter for database glance
Aug 31 07:42:05.776368 np0000191577 devstack@g-api.service[113839]: INFO glance.api.middleware.cache [None req-4b6f256e-fd7f-45a4-acef-efc3d94ff633 None None] Initialized image cache middleware
Aug 31 07:42:05.779857 np0000191577 devstack@g-api.service[113841]: DEBUG glance.common.config [None req-3d4f3915-41bf-4bef-85a7-04c2c1ef59ac None None] ******************************************************************************** {{(pid=113841) log_opt_values /opt/stack/data/venv/lib/python3.12/site-packages/oslo_config/cfg.py:3533}}
Aug 31 07:42:05.779969 np0000191577 devstack@g-api.service[113841]: DEBUG glance.common.config [None req-3d4f3915-41bf-4bef-85a7-04c2c1ef59ac None None] Configuration options gathered from: {{(pid=113841) log_opt_values /opt/stack/data/venv/lib/python3.12/site-packages/oslo_config/cfg.py:3534}}
Aug 31 07:42:05.780213 np0000191577 devstack@g-api.service[113841]: DEBUG glance.common.config [None req-3d4f3915-41bf-4bef-85a7-04c2c1ef59ac None None] command line args: [] {{(pid=113841) log_opt_values /opt/stack/data/venv/lib/python3.12/site-packages/oslo_config/cfg.py:3535}}
Aug 31 07:42:05.780351 np0000191577 devstack@g-api.service[113841]: DEBUG glance.common.config [None req-3d4f3915-41bf-4bef-85a7-04c2c1ef59ac None None] config files: ['/etc/glance/glance-image-import.conf', '/etc/glance/glance-api.conf'] {{(pid=113841) log_opt_values /opt/stack/data/venv/lib/python3.12/site-packages/oslo_config/cfg.py:3536}}
Aug 31 07:42:05.780433 np0000191577 devstack@g-api.service[113841]: DEBUG glance.common.config [None req-3d4f3915-41bf-4bef-85a7-04c2c1ef59ac None None] ================================================================================ {{(pid=113841) log_opt_values /opt/stack/data/venv/lib/python3.12/site-packages/oslo_config/cfg.py:3541}}
Aug 31 07:42:05.780607 np0000191577 devstack@g-api.service[113841]: DEBUG glance.common.config [None req-3d4f3915-41bf-4bef-85a7-04c2c1ef59ac None None] allow_anonymous_access = False {{(pid=113841) log_opt_values /opt/stack/data/venv/lib/python3.12/site-packages/oslo_config/cfg.py:3549}}
Aug 31 07:42:05.780855 np0000191577 devstack@g-api.service[113841]: DEBUG glance.common.config [None req-3d4f3915-41bf-4bef-85a7-04c2c1ef59ac None None] api_limit_max = 1000 {{(pid=113841) log_opt_values /opt/stack/data/venv/lib/python3.12/site-packages/oslo_config/cfg.py:3549}}
Aug 31 07:42:05.780855 np0000191577 devstack@g-api.service[113841]: DEBUG glance.common.config [None req-3d4f3915-41bf-4bef-85a7-04c2c1ef59ac None None] config_dir = [] {{(pid=113841) log_opt_values /opt/stack/data/venv/lib/python3.12/site-packages/oslo_config/cfg.py:3549}}
Aug 31 07:42:05.780855 np0000191577 devstack@g-api.service[113841]: DEBUG glance.common.config [None req-3d4f3915-41bf-4bef-85a7-04c2c1ef59ac None None] config_file = ['/etc/glance/glance-image-import.conf', '/etc/glance/glance-api.conf'] {{(pid=113841) log_opt_values /opt/stack/data/venv/lib/python3.12/site-packages/oslo_config/cfg.py:3549}}
Aug 31 07:42:05.781025 np0000191577 devstack@g-api.service[113841]: DEBUG glance.common.config [None req-3d4f3915-41bf-4bef-85a7-04c2c1ef59ac None None] config_source = [] {{(pid=113841) log_opt_values /opt/stack/data/venv/lib/python3.12/site-packages/oslo_config/cfg.py:3549}}
Aug 31 07:42:05.781025 np0000191577 devstack@g-api.service[113841]: DEBUG glance.common.config [None req-3d4f3915-41bf-4bef-85a7-04c2c1ef59ac None None] control_exchange = glance {{(pid=113841) log_opt_values /opt/stack/data/venv/lib/python3.12/site-packages/oslo_config/cfg.py:3549}}
Aug 31 07:42:05.781144 np0000191577 devstack@g-api.service[113841]: DEBUG glance.common.config [None req-3d4f3915-41bf-4bef-85a7-04c2c1ef59ac None None] debug = True {{(pid=113841) log_opt_values /opt/stack/data/venv/lib/python3.12/site-packages/oslo_config/cfg.py:3549}}
Aug 31 07:42:05.781303 np0000191577 devstack@g-api.service[113841]: DEBUG glance.common.config [None req-3d4f3915-41bf-4bef-85a7-04c2c1ef59ac None None] default_log_levels = ['amqp=WARN', 'boto=WARN', 'sqlalchemy=WARN', 'suds=INFO', 'oslo.messaging=INFO', 'oslo_messaging=INFO', 'iso8601=WARN', 'requests.packages.urllib3.connectionpool=WARN', 'urllib3.connectionpool=WARN', 'websocket=WARN', 'requests.packages.urllib3.util.retry=WARN', 'urllib3.util.retry=WARN', 'keystonemiddleware=WARN', 'routes.middleware=WARN', 'stevedore=WARN', 'taskflow=WARN', 'keystoneauth=WARN', 'oslo.cache=INFO', 'oslo_policy=INFO', 'dogpile.core.dogpile=INFO'] {{(pid=113841) log_opt_values /opt/stack/data/venv/lib/python3.12/site-packages/oslo_config/cfg.py:3549}}
Aug 31 07:42:05.781495 np0000191577 devstack@g-api.service[113841]: DEBUG glance.common.config [None req-3d4f3915-41bf-4bef-85a7-04c2c1ef59ac None None] default_publisher_id = image.localhost {{(pid=113841) log_opt_values /opt/stack/data/venv/lib/python3.12/site-packages/oslo_config/cfg.py:3549}}
Aug 31 07:42:05.781495 np0000191577 devstack@g-api.service[113841]: DEBUG glance.common.config [None req-3d4f3915-41bf-4bef-85a7-04c2c1ef59ac None None] delayed_delete = False {{(pid=113841) log_opt_values /opt/stack/data/venv/lib/python3.12/site-packages/oslo_config/cfg.py:3549}}
Aug 31 07:42:05.781690 np0000191577 devstack@g-api.service[113841]: DEBUG glance.common.config [None req-3d4f3915-41bf-4bef-85a7-04c2c1ef59ac None None] digest_algorithm = sha256 {{(pid=113841) log_opt_values /opt/stack/data/venv/lib/python3.12/site-packages/oslo_config/cfg.py:3549}}
Aug 31 07:42:05.781690 np0000191577 devstack@g-api.service[113841]: DEBUG glance.common.config [None req-3d4f3915-41bf-4bef-85a7-04c2c1ef59ac None None] disabled_notifications = [] {{(pid=113841) log_opt_values /opt/stack/data/venv/lib/python3.12/site-packages/oslo_config/cfg.py:3549}}
Aug 31 07:42:05.781820 np0000191577 devstack@g-api.service[113841]: DEBUG glance.common.config [None req-3d4f3915-41bf-4bef-85a7-04c2c1ef59ac None None] do_secure_hash = True {{(pid=113841) log_opt_values /opt/stack/data/venv/lib/python3.12/site-packages/oslo_config/cfg.py:3549}}
Aug 31 07:42:05.781897 np0000191577 devstack@g-api.service[113841]: DEBUG glance.common.config [None req-3d4f3915-41bf-4bef-85a7-04c2c1ef59ac None None] enabled_backends = None {{(pid=113841) log_opt_values /opt/stack/data/venv/lib/python3.12/site-packages/oslo_config/cfg.py:3549}}
Aug 31 07:42:05.781968 np0000191577 devstack@g-api.service[113841]: DEBUG glance.common.config [None req-3d4f3915-41bf-4bef-85a7-04c2c1ef59ac None None] enabled_import_methods = ['glance-direct', 'web-download', 'copy-image'] {{(pid=113841) log_opt_values /opt/stack/data/venv/lib/python3.12/site-packages/oslo_config/cfg.py:3549}}
Aug 31 07:42:05.782085 np0000191577 devstack@g-api.service[113841]: DEBUG glance.common.config [None req-3d4f3915-41bf-4bef-85a7-04c2c1ef59ac None None] hashing_algorithm = sha512 {{(pid=113841) log_opt_values /opt/stack/data/venv/lib/python3.12/site-packages/oslo_config/cfg.py:3549}}
Aug 31 07:42:05.782175 np0000191577 devstack@g-api.service[113841]: DEBUG glance.common.config [None req-3d4f3915-41bf-4bef-85a7-04c2c1ef59ac None None] http_retries = 3 {{(pid=113841) log_opt_values /opt/stack/data/venv/lib/python3.12/site-packages/oslo_config/cfg.py:3549}}
Aug 31 07:42:05.782276 np0000191577 devstack@g-api.service[113841]: DEBUG glance.common.config [None req-3d4f3915-41bf-4bef-85a7-04c2c1ef59ac None None] image_cache_dir = /opt/stack/data/glance/cache/ {{(pid=113841) log_opt_values /opt/stack/data/venv/lib/python3.12/site-packages/oslo_config/cfg.py:3549}}
Aug 31 07:42:05.782371 np0000191577 devstack@g-api.service[113841]: DEBUG glance.common.config [None req-3d4f3915-41bf-4bef-85a7-04c2c1ef59ac None None] image_cache_driver = centralized_db {{(pid=113841) log_opt_values /opt/stack/data/venv/lib/python3.12/site-packages/oslo_config/cfg.py:3549}}
Aug 31 07:42:05.782478 np0000191577 devstack@g-api.service[113841]: DEBUG glance.common.config [None req-3d4f3915-41bf-4bef-85a7-04c2c1ef59ac None None] image_cache_max_size = 10737418240 {{(pid=113841) log_opt_values /opt/stack/data/venv/lib/python3.12/site-packages/oslo_config/cfg.py:3549}}
Aug 31 07:42:05.782589 np0000191577 devstack@g-api.service[113841]: DEBUG glance.common.config [None req-3d4f3915-41bf-4bef-85a7-04c2c1ef59ac None None] image_cache_sqlite_db = cache.db {{(pid=113841) log_opt_values /opt/stack/data/venv/lib/python3.12/site-packages/oslo_config/cfg.py:3549}}
Aug 31 07:42:05.782716 np0000191577 devstack@g-api.service[113841]: DEBUG glance.common.config [None req-3d4f3915-41bf-4bef-85a7-04c2c1ef59ac None None] image_cache_stall_time = 86400 {{(pid=113841) log_opt_values /opt/stack/data/venv/lib/python3.12/site-packages/oslo_config/cfg.py:3549}}
Aug 31 07:42:05.782805 np0000191577 devstack@g-api.service[113841]: DEBUG glance.common.config [None req-3d4f3915-41bf-4bef-85a7-04c2c1ef59ac None None] image_location_quota = 10 {{(pid=113841) log_opt_values /opt/stack/data/venv/lib/python3.12/site-packages/oslo_config/cfg.py:3549}}
Aug 31 07:42:05.782914 np0000191577 devstack@g-api.service[113841]: DEBUG glance.common.config [None req-3d4f3915-41bf-4bef-85a7-04c2c1ef59ac None None] image_member_quota = 128 {{(pid=113841) log_opt_values /opt/stack/data/venv/lib/python3.12/site-packages/oslo_config/cfg.py:3549}}
Aug 31 07:42:05.782985 np0000191577 devstack@g-api.service[113841]: DEBUG glance.common.config [None req-3d4f3915-41bf-4bef-85a7-04c2c1ef59ac None None] image_property_quota = 128 {{(pid=113841) log_opt_values /opt/stack/data/venv/lib/python3.12/site-packages/oslo_config/cfg.py:3549}}
Aug 31 07:42:05.783069 np0000191577 devstack@g-api.service[113841]: DEBUG glance.common.config [None req-3d4f3915-41bf-4bef-85a7-04c2c1ef59ac None None] image_size_cap = 1099511627776 {{(pid=113841) log_opt_values /opt/stack/data/venv/lib/python3.12/site-packages/oslo_config/cfg.py:3549}}
Aug 31 07:42:05.783164 np0000191577 devstack@g-api.service[113841]: DEBUG glance.common.config [None req-3d4f3915-41bf-4bef-85a7-04c2c1ef59ac None None] image_tag_quota = 128 {{(pid=113841) log_opt_values /opt/stack/data/venv/lib/python3.12/site-packages/oslo_config/cfg.py:3549}}
Aug 31 07:42:05.783259 np0000191577 devstack@g-api.service[113841]: DEBUG glance.common.config [None req-3d4f3915-41bf-4bef-85a7-04c2c1ef59ac None None] instance_format = [instance: %(uuid)s] {{(pid=113841) log_opt_values /opt/stack/data/venv/lib/python3.12/site-packages/oslo_config/cfg.py:3549}}
Aug 31 07:42:05.783336 np0000191577 devstack@g-api.service[113841]: DEBUG glance.common.config [None req-3d4f3915-41bf-4bef-85a7-04c2c1ef59ac None None] instance_uuid_format = [instance: %(uuid)s] {{(pid=113841) log_opt_values /opt/stack/data/venv/lib/python3.12/site-packages/oslo_config/cfg.py:3549}}
Aug 31 07:42:05.783398 np0000191577 devstack@g-api.service[113841]: DEBUG glance.common.config [None req-3d4f3915-41bf-4bef-85a7-04c2c1ef59ac None None] limit_param_default = 25 {{(pid=113841) log_opt_values /opt/stack/data/venv/lib/python3.12/site-packages/oslo_config/cfg.py:3549}}
Aug 31 07:42:05.783504 np0000191577 devstack@g-api.service[113841]: DEBUG glance.common.config [None req-3d4f3915-41bf-4bef-85a7-04c2c1ef59ac None None] log_color = False {{(pid=113841) log_opt_values /opt/stack/data/venv/lib/python3.12/site-packages/oslo_config/cfg.py:3549}}
Aug 31 07:42:05.783619 np0000191577 devstack@g-api.service[113841]: DEBUG glance.common.config [None req-3d4f3915-41bf-4bef-85a7-04c2c1ef59ac None None] log_config_append = None {{(pid=113841) log_opt_values /opt/stack/data/venv/lib/python3.12/site-packages/oslo_config/cfg.py:3549}}
Aug 31 07:42:05.783704 np0000191577 devstack@g-api.service[113841]: DEBUG glance.common.config [None req-3d4f3915-41bf-4bef-85a7-04c2c1ef59ac None None] log_date_format = %Y-%m-%d %H:%M:%S {{(pid=113841) log_opt_values /opt/stack/data/venv/lib/python3.12/site-packages/oslo_config/cfg.py:3549}}
Aug 31 07:42:05.783820 np0000191577 devstack@g-api.service[113841]: DEBUG glance.common.config [None req-3d4f3915-41bf-4bef-85a7-04c2c1ef59ac None None] log_dir = None {{(pid=113841) log_opt_values /opt/stack/data/venv/lib/python3.12/site-packages/oslo_config/cfg.py:3549}}
Aug 31 07:42:05.783908 np0000191577 devstack@g-api.service[113841]: DEBUG glance.common.config [None req-3d4f3915-41bf-4bef-85a7-04c2c1ef59ac None None] log_file = None {{(pid=113841) log_opt_values /opt/stack/data/venv/lib/python3.12/site-packages/oslo_config/cfg.py:3549}}
Aug 31 07:42:05.784001 np0000191577 devstack@g-api.service[113841]: DEBUG glance.common.config [None req-3d4f3915-41bf-4bef-85a7-04c2c1ef59ac None None] log_rotate_interval = 1 {{(pid=113841) log_opt_values /opt/stack/data/venv/lib/python3.12/site-packages/oslo_config/cfg.py:3549}}
Aug 31 07:42:05.784111 np0000191577 devstack@g-api.service[113841]: DEBUG glance.common.config [None req-3d4f3915-41bf-4bef-85a7-04c2c1ef59ac None None] log_rotate_interval_type = days {{(pid=113841) log_opt_values /opt/stack/data/venv/lib/python3.12/site-packages/oslo_config/cfg.py:3549}}
Aug 31 07:42:05.784224 np0000191577 devstack@g-api.service[113841]: DEBUG glance.common.config [None req-3d4f3915-41bf-4bef-85a7-04c2c1ef59ac None None] log_rotation_type = none {{(pid=113841) log_opt_values /opt/stack/data/venv/lib/python3.12/site-packages/oslo_config/cfg.py:3549}}
Aug 31 07:42:05.784300 np0000191577 devstack@g-api.service[113841]: DEBUG glance.common.config [None req-3d4f3915-41bf-4bef-85a7-04c2c1ef59ac None None] logging_context_format_string = %(color)s%(levelname)s %(name)s [%(global_request_id)s %(request_id)s %(project_name)s %(user_name)s%(color)s] %(instance)s%(color)s%(message)s {{(pid=113841) log_opt_values /opt/stack/data/venv/lib/python3.12/site-packages/oslo_config/cfg.py:3549}}
Aug 31 07:42:05.784372 np0000191577 devstack@g-api.service[113841]: DEBUG glance.common.config [None req-3d4f3915-41bf-4bef-85a7-04c2c1ef59ac None None] logging_debug_format_suffix = {{(pid=%(process)d) %(funcName)s %(pathname)s:%(lineno)d}} {{(pid=113841) log_opt_values /opt/stack/data/venv/lib/python3.12/site-packages/oslo_config/cfg.py:3549}}
Aug 31 07:42:05.784459 np0000191577 devstack@g-api.service[113841]: DEBUG glance.common.config [None req-3d4f3915-41bf-4bef-85a7-04c2c1ef59ac None None] logging_default_format_string = %(color)s%(levelname)s %(name)s [-%(color)s] %(instance)s%(color)s%(message)s {{(pid=113841) log_opt_values /opt/stack/data/venv/lib/python3.12/site-packages/oslo_config/cfg.py:3549}}
Aug 31 07:42:05.784584 np0000191577 devstack@g-api.service[113841]: DEBUG glance.common.config [None req-3d4f3915-41bf-4bef-85a7-04c2c1ef59ac None None] logging_exception_prefix = ERROR %(name)s %(instance)s {{(pid=113841) log_opt_values /opt/stack/data/venv/lib/python3.12/site-packages/oslo_config/cfg.py:3549}}
Aug 31 07:42:05.784665 np0000191577 devstack@g-api.service[113841]: DEBUG glance.common.config [None req-3d4f3915-41bf-4bef-85a7-04c2c1ef59ac None None] logging_user_identity_format = %(user)s %(project)s %(domain)s %(system_scope)s %(user_domain)s %(project_domain)s {{(pid=113841) log_opt_values /opt/stack/data/venv/lib/python3.12/site-packages/oslo_config/cfg.py:3549}}
Aug 31 07:42:05.784729 np0000191577 devstack@g-api.service[113841]: DEBUG glance.common.config [None req-3d4f3915-41bf-4bef-85a7-04c2c1ef59ac None None] max_logfile_count = 30 {{(pid=113841) log_opt_values /opt/stack/data/venv/lib/python3.12/site-packages/oslo_config/cfg.py:3549}}
Aug 31 07:42:05.784805 np0000191577 devstack@g-api.service[113841]: DEBUG glance.common.config [None req-3d4f3915-41bf-4bef-85a7-04c2c1ef59ac None None] max_logfile_size_mb = 200 {{(pid=113841) log_opt_values /opt/stack/data/venv/lib/python3.12/site-packages/oslo_config/cfg.py:3549}}
Aug 31 07:42:05.784912 np0000191577 devstack@g-api.service[113841]: DEBUG glance.common.config [None req-3d4f3915-41bf-4bef-85a7-04c2c1ef59ac None None] max_request_id_length = 64 {{(pid=113841) log_opt_values /opt/stack/data/venv/lib/python3.12/site-packages/oslo_config/cfg.py:3549}}
Aug 31 07:42:05.784999 np0000191577 devstack@g-api.service[113841]: DEBUG glance.common.config [None req-3d4f3915-41bf-4bef-85a7-04c2c1ef59ac None None] metadata_encryption_key = **** {{(pid=113841) log_opt_values /opt/stack/data/venv/lib/python3.12/site-packages/oslo_config/cfg.py:3549}}
Aug 31 07:42:05.785094 np0000191577 devstack@g-api.service[113841]: DEBUG glance.common.config [None req-3d4f3915-41bf-4bef-85a7-04c2c1ef59ac None None] node_staging_uri = file:///tmp/staging/ {{(pid=113841) log_opt_values /opt/stack/data/venv/lib/python3.12/site-packages/oslo_config/cfg.py:3549}}
Aug 31 07:42:05.785170 np0000191577 devstack@g-api.service[113841]: DEBUG glance.common.config [None req-3d4f3915-41bf-4bef-85a7-04c2c1ef59ac None None] property_protection_file = None {{(pid=113841) log_opt_values /opt/stack/data/venv/lib/python3.12/site-packages/oslo_config/cfg.py:3549}}
Aug 31 07:42:05.785288 np0000191577 devstack@g-api.service[113841]: DEBUG glance.common.config [None req-3d4f3915-41bf-4bef-85a7-04c2c1ef59ac None None] property_protection_rule_format = roles {{(pid=113841) log_opt_values /opt/stack/data/venv/lib/python3.12/site-packages/oslo_config/cfg.py:3549}}
Aug 31 07:42:05.785370 np0000191577 devstack@g-api.service[113841]: DEBUG glance.common.config [None req-3d4f3915-41bf-4bef-85a7-04c2c1ef59ac None None] public_endpoint = https://162.253.55.81/image {{(pid=113841) log_opt_values /opt/stack/data/venv/lib/python3.12/site-packages/oslo_config/cfg.py:3549}}
Aug 31 07:42:05.785473 np0000191577 devstack@g-api.service[113841]: DEBUG glance.common.config [None req-3d4f3915-41bf-4bef-85a7-04c2c1ef59ac None None] publish_errors = False {{(pid=113841) log_opt_values /opt/stack/data/venv/lib/python3.12/site-packages/oslo_config/cfg.py:3549}}
Aug 31 07:42:05.785588 np0000191577 devstack@g-api.service[113841]: DEBUG glance.common.config [None req-3d4f3915-41bf-4bef-85a7-04c2c1ef59ac None None] pydev_worker_debug_host = None {{(pid=113841) log_opt_values /opt/stack/data/venv/lib/python3.12/site-packages/oslo_config/cfg.py:3549}}
Aug 31 07:42:05.785693 np0000191577 devstack@g-api.service[113841]: DEBUG glance.common.config [None req-3d4f3915-41bf-4bef-85a7-04c2c1ef59ac None None] pydev_worker_debug_port = 5678 {{(pid=113841) log_opt_values /opt/stack/data/venv/lib/python3.12/site-packages/oslo_config/cfg.py:3549}}
Aug 31 07:42:05.785776 np0000191577 devstack@g-api.service[113841]: DEBUG glance.common.config [None req-3d4f3915-41bf-4bef-85a7-04c2c1ef59ac None None] rate_limit_burst = 0 {{(pid=113841) log_opt_values /opt/stack/data/venv/lib/python3.12/site-packages/oslo_config/cfg.py:3549}}
Aug 31 07:42:05.785882 np0000191577 devstack@g-api.service[113841]: DEBUG glance.common.config [None req-3d4f3915-41bf-4bef-85a7-04c2c1ef59ac None None] rate_limit_except_level = CRITICAL {{(pid=113841) log_opt_values /opt/stack/data/venv/lib/python3.12/site-packages/oslo_config/cfg.py:3549}}
Aug 31 07:42:05.785988 np0000191577 devstack@g-api.service[113841]: DEBUG glance.common.config [None req-3d4f3915-41bf-4bef-85a7-04c2c1ef59ac None None] rate_limit_interval = 0 {{(pid=113841) log_opt_values /opt/stack/data/venv/lib/python3.12/site-packages/oslo_config/cfg.py:3549}}
Aug 31 07:42:05.786061 np0000191577 devstack@g-api.service[113841]: DEBUG glance.common.config [None req-3d4f3915-41bf-4bef-85a7-04c2c1ef59ac None None] scrub_pool_size = 1 {{(pid=113841) log_opt_values /opt/stack/data/venv/lib/python3.12/site-packages/oslo_config/cfg.py:3549}}
Aug 31 07:42:05.786154 np0000191577 devstack@g-api.service[113841]: DEBUG glance.common.config [None req-3d4f3915-41bf-4bef-85a7-04c2c1ef59ac None None] scrub_time = 0 {{(pid=113841) log_opt_values /opt/stack/data/venv/lib/python3.12/site-packages/oslo_config/cfg.py:3549}}
Aug 31 07:42:05.786241 np0000191577 devstack@g-api.service[113841]: DEBUG glance.common.config [None req-3d4f3915-41bf-4bef-85a7-04c2c1ef59ac None None] shell_completion = None {{(pid=113841) log_opt_values /opt/stack/data/venv/lib/python3.12/site-packages/oslo_config/cfg.py:3549}}
Aug 31 07:42:05.786358 np0000191577 devstack@g-api.service[113841]: DEBUG glance.common.config [None req-3d4f3915-41bf-4bef-85a7-04c2c1ef59ac None None] show_image_direct_url = False {{(pid=113841) log_opt_values /opt/stack/data/venv/lib/python3.12/site-packages/oslo_config/cfg.py:3549}}
Aug 31 07:42:05.786617 np0000191577 devstack@g-api.service[113841]: WARNING oslo_config.cfg [None req-3d4f3915-41bf-4bef-85a7-04c2c1ef59ac None None] Deprecated: Option "show_multiple_locations" from group "DEFAULT" is deprecated for removal (Use of this option, deprecated since Newton, is a security risk and will be removed once we figure out a way to satisfy those use cases that currently require it. An earlier announcement that the same functionality can be achieved with greater granularity by using policies is incorrect. You cannot work around this option via policy configuration at the present time, though that is the direction we believe the fix will take. Please keep an eye on the Glance release notes to stay up to date on progress in addressing this issue.). Its value may be silently ignored in the future.
Aug 31 07:42:05.786805 np0000191577 devstack@g-api.service[113841]: DEBUG glance.common.config [None req-3d4f3915-41bf-4bef-85a7-04c2c1ef59ac None None] show_multiple_locations = False {{(pid=113841) log_opt_values /opt/stack/data/venv/lib/python3.12/site-packages/oslo_config/cfg.py:3549}}
Aug 31 07:42:05.786893 np0000191577 devstack@g-api.service[113841]: DEBUG glance.common.config [None req-3d4f3915-41bf-4bef-85a7-04c2c1ef59ac None None] syslog_log_facility = LOG_USER {{(pid=113841) log_opt_values /opt/stack/data/venv/lib/python3.12/site-packages/oslo_config/cfg.py:3549}}
Aug 31 07:42:05.786965 np0000191577 devstack@g-api.service[113841]: DEBUG glance.common.config [None req-3d4f3915-41bf-4bef-85a7-04c2c1ef59ac None None] transport_url = **** {{(pid=113841) log_opt_values /opt/stack/data/venv/lib/python3.12/site-packages/oslo_config/cfg.py:3549}}
Aug 31 07:42:05.787051 np0000191577 devstack@g-api.service[113841]: DEBUG glance.common.config [None req-3d4f3915-41bf-4bef-85a7-04c2c1ef59ac None None] use_journal = False {{(pid=113841) log_opt_values /opt/stack/data/venv/lib/python3.12/site-packages/oslo_config/cfg.py:3549}}
Aug 31 07:42:05.787134 np0000191577 devstack@g-api.service[113841]: DEBUG glance.common.config [None req-3d4f3915-41bf-4bef-85a7-04c2c1ef59ac None None] use_json = False {{(pid=113841) log_opt_values /opt/stack/data/venv/lib/python3.12/site-packages/oslo_config/cfg.py:3549}}
Aug 31 07:42:05.787256 np0000191577 devstack@g-api.service[113841]: DEBUG glance.common.config [None req-3d4f3915-41bf-4bef-85a7-04c2c1ef59ac None None] use_keystone_limits = True {{(pid=113841) log_opt_values /opt/stack/data/venv/lib/python3.12/site-packages/oslo_config/cfg.py:3549}}
Aug 31 07:42:05.787334 np0000191577 devstack@g-api.service[113841]: DEBUG glance.common.config [None req-3d4f3915-41bf-4bef-85a7-04c2c1ef59ac None None] use_stderr = False {{(pid=113841) log_opt_values /opt/stack/data/venv/lib/python3.12/site-packages/oslo_config/cfg.py:3549}}
Aug 31 07:42:05.787449 np0000191577 devstack@g-api.service[113841]: DEBUG glance.common.config [None req-3d4f3915-41bf-4bef-85a7-04c2c1ef59ac None None] use_syslog = False {{(pid=113841) log_opt_values /opt/stack/data/venv/lib/python3.12/site-packages/oslo_config/cfg.py:3549}}
Aug 31 07:42:05.787574 np0000191577 devstack@g-api.service[113841]: DEBUG glance.common.config [None req-3d4f3915-41bf-4bef-85a7-04c2c1ef59ac None None] user_storage_quota = 0 {{(pid=113841) log_opt_values /opt/stack/data/venv/lib/python3.12/site-packages/oslo_config/cfg.py:3549}}
Aug 31 07:42:05.787679 np0000191577 devstack@g-api.service[113841]: DEBUG glance.common.config [None req-3d4f3915-41bf-4bef-85a7-04c2c1ef59ac None None] worker_self_reference_url = http://127.0.0.1:60999 {{(pid=113841) log_opt_values /opt/stack/data/venv/lib/python3.12/site-packages/oslo_config/cfg.py:3549}}
Aug 31 07:42:05.787801 np0000191577 devstack@g-api.service[113841]: DEBUG glance.common.config [None req-3d4f3915-41bf-4bef-85a7-04c2c1ef59ac None None] oslo_concurrency.disable_process_locking = False {{(pid=113841) log_opt_values /opt/stack/data/venv/lib/python3.12/site-packages/oslo_config/cfg.py:3560}}
Aug 31 07:42:05.787899 np0000191577 devstack@g-api.service[113841]: DEBUG glance.common.config [None req-3d4f3915-41bf-4bef-85a7-04c2c1ef59ac None None] oslo_concurrency.lock_path = /opt/stack/data/glance/locks {{(pid=113841) log_opt_values /opt/stack/data/venv/lib/python3.12/site-packages/oslo_config/cfg.py:3560}}
Aug 31 07:42:05.788004 np0000191577 devstack@g-api.service[113841]: DEBUG glance.common.config [None req-3d4f3915-41bf-4bef-85a7-04c2c1ef59ac None None] oslo_middleware.enable_proxy_headers_parsing = False {{(pid=113841) log_opt_values /opt/stack/data/venv/lib/python3.12/site-packages/oslo_config/cfg.py:3560}}
Aug 31 07:42:05.788090 np0000191577 devstack@g-api.service[113841]: DEBUG glance.common.config [None req-3d4f3915-41bf-4bef-85a7-04c2c1ef59ac None None] oslo_middleware.http_basic_auth_user_file = /etc/htpasswd {{(pid=113841) log_opt_values /opt/stack/data/venv/lib/python3.12/site-packages/oslo_config/cfg.py:3560}}
Aug 31 07:42:05.788205 np0000191577 devstack@g-api.service[113841]: DEBUG glance.common.config [None req-3d4f3915-41bf-4bef-85a7-04c2c1ef59ac None None] paste_deploy.config_file = None {{(pid=113841) log_opt_values /opt/stack/data/venv/lib/python3.12/site-packages/oslo_config/cfg.py:3560}}
Aug 31 07:42:05.788320 np0000191577 devstack@g-api.service[113841]: DEBUG glance.common.config [None req-3d4f3915-41bf-4bef-85a7-04c2c1ef59ac None None] paste_deploy.flavor = keystone+cachemanagement {{(pid=113841) log_opt_values /opt/stack/data/venv/lib/python3.12/site-packages/oslo_config/cfg.py:3560}}
Aug 31 07:42:05.788512 np0000191577 devstack@g-api.service[113841]: DEBUG glance.common.config [None req-3d4f3915-41bf-4bef-85a7-04c2c1ef59ac None None] image_format.container_formats = ['ami', 'ari', 'aki', 'bare', 'ovf', 'ova', 'docker', 'compressed'] {{(pid=113841) log_opt_values /opt/stack/data/venv/lib/python3.12/site-packages/oslo_config/cfg.py:3560}}
Aug 31 07:42:05.788659 np0000191577 devstack@g-api.service[113841]: DEBUG glance.common.config [None req-3d4f3915-41bf-4bef-85a7-04c2c1ef59ac None None] image_format.disk_formats = ['ami', 'ari', 'aki', 'vhd', 'vhdx', 'vmdk', 'raw', 'qcow2', 'vdi', 'iso', 'ploop'] {{(pid=113841) log_opt_values /opt/stack/data/venv/lib/python3.12/site-packages/oslo_config/cfg.py:3560}}
Aug 31 07:42:05.788763 np0000191577 devstack@g-api.service[113841]: DEBUG glance.common.config [None req-3d4f3915-41bf-4bef-85a7-04c2c1ef59ac None None] image_format.gpt_safety_checks_nonfatal = [] {{(pid=113841) log_opt_values /opt/stack/data/venv/lib/python3.12/site-packages/oslo_config/cfg.py:3560}}
Aug 31 07:42:05.788866 np0000191577 devstack@g-api.service[113841]: DEBUG glance.common.config [None req-3d4f3915-41bf-4bef-85a7-04c2c1ef59ac None None] image_format.require_image_format_match = True {{(pid=113841) log_opt_values /opt/stack/data/venv/lib/python3.12/site-packages/oslo_config/cfg.py:3560}}
Aug 31 07:42:05.788976 np0000191577 devstack@g-api.service[113841]: DEBUG glance.common.config [None req-3d4f3915-41bf-4bef-85a7-04c2c1ef59ac None None] image_format.vmdk_allowed_types = ['streamOptimized', 'monolithicSparse'] {{(pid=113841) log_opt_values /opt/stack/data/venv/lib/python3.12/site-packages/oslo_config/cfg.py:3560}}
Aug 31 07:42:05.789085 np0000191577 devstack@g-api.service[113841]: DEBUG glance.common.config [None req-3d4f3915-41bf-4bef-85a7-04c2c1ef59ac None None] task.task_executor = taskflow {{(pid=113841) log_opt_values /opt/stack/data/venv/lib/python3.12/site-packages/oslo_config/cfg.py:3560}}
Aug 31 07:42:05.789185 np0000191577 devstack@g-api.service[113841]: DEBUG glance.common.config [None req-3d4f3915-41bf-4bef-85a7-04c2c1ef59ac None None] task.task_time_to_live = 48 {{(pid=113841) log_opt_values /opt/stack/data/venv/lib/python3.12/site-packages/oslo_config/cfg.py:3560}}
Aug 31 07:42:05.789278 np0000191577 devstack@g-api.service[113841]: DEBUG glance.common.config [None req-3d4f3915-41bf-4bef-85a7-04c2c1ef59ac None None] task.work_dir = None {{(pid=113841) log_opt_values /opt/stack/data/venv/lib/python3.12/site-packages/oslo_config/cfg.py:3560}}
Aug 31 07:42:05.789384 np0000191577 devstack@g-api.service[113841]: DEBUG glance.common.config [None req-3d4f3915-41bf-4bef-85a7-04c2c1ef59ac None None] wsgi.python_interpreter = /opt/stack/data/venv/bin/python3 {{(pid=113841) log_opt_values /opt/stack/data/venv/lib/python3.12/site-packages/oslo_config/cfg.py:3560}}
Aug 31 07:42:05.789501 np0000191577 devstack@g-api.service[113841]: DEBUG glance.common.config [None req-3d4f3915-41bf-4bef-85a7-04c2c1ef59ac None None] wsgi.task_pool_threads = 16 {{(pid=113841) log_opt_values /opt/stack/data/venv/lib/python3.12/site-packages/oslo_config/cfg.py:3560}}
Aug 31 07:42:05.789637 np0000191577 devstack@g-api.service[113841]: DEBUG glance.common.config [None req-3d4f3915-41bf-4bef-85a7-04c2c1ef59ac None None] import_filtering_opts.allowed_hosts = [] {{(pid=113841) log_opt_values /opt/stack/data/venv/lib/python3.12/site-packages/oslo_config/cfg.py:3560}}
Aug 31 07:42:05.789728 np0000191577 devstack@g-api.service[113841]: DEBUG glance.common.config [None req-3d4f3915-41bf-4bef-85a7-04c2c1ef59ac None None] import_filtering_opts.allowed_ports = [80, 443] {{(pid=113841) log_opt_values /opt/stack/data/venv/lib/python3.12/site-packages/oslo_config/cfg.py:3560}}
Aug 31 07:42:05.789825 np0000191577 devstack@g-api.service[113841]: DEBUG glance.common.config [None req-3d4f3915-41bf-4bef-85a7-04c2c1ef59ac None None] import_filtering_opts.allowed_schemes = ['http', 'https'] {{(pid=113841) log_opt_values /opt/stack/data/venv/lib/python3.12/site-packages/oslo_config/cfg.py:3560}}
Aug 31 07:42:05.789924 np0000191577 devstack@g-api.service[113841]: DEBUG glance.common.config [None req-3d4f3915-41bf-4bef-85a7-04c2c1ef59ac None None] import_filtering_opts.disallowed_hosts = [] {{(pid=113841) log_opt_values /opt/stack/data/venv/lib/python3.12/site-packages/oslo_config/cfg.py:3560}}
Aug 31 07:42:05.790022 np0000191577 devstack@g-api.service[113841]: DEBUG glance.common.config [None req-3d4f3915-41bf-4bef-85a7-04c2c1ef59ac None None] import_filtering_opts.disallowed_ports = [] {{(pid=113841) log_opt_values /opt/stack/data/venv/lib/python3.12/site-packages/oslo_config/cfg.py:3560}}
Aug 31 07:42:05.790121 np0000191577 devstack@g-api.service[113841]: DEBUG glance.common.config [None req-3d4f3915-41bf-4bef-85a7-04c2c1ef59ac None None] import_filtering_opts.disallowed_schemes = [] {{(pid=113841) log_opt_values /opt/stack/data/venv/lib/python3.12/site-packages/oslo_config/cfg.py:3560}}
Aug 31 07:42:05.790226 np0000191577 devstack@g-api.service[113841]: DEBUG glance.common.config [None req-3d4f3915-41bf-4bef-85a7-04c2c1ef59ac None None] oslo_messaging_metrics.metrics_buffer_size = 1000 {{(pid=113841) log_opt_values /opt/stack/data/venv/lib/python3.12/site-packages/oslo_config/cfg.py:3560}}
Aug 31 07:42:05.790321 np0000191577 devstack@g-api.service[113841]: DEBUG glance.common.config [None req-3d4f3915-41bf-4bef-85a7-04c2c1ef59ac None None] oslo_messaging_metrics.metrics_enabled = False {{(pid=113841) log_opt_values /opt/stack/data/venv/lib/python3.12/site-packages/oslo_config/cfg.py:3560}}
Aug 31 07:42:05.790444 np0000191577 devstack@g-api.service[113841]: DEBUG glance.common.config [None req-3d4f3915-41bf-4bef-85a7-04c2c1ef59ac None None] oslo_messaging_metrics.metrics_process_name = {{(pid=113841) log_opt_values /opt/stack/data/venv/lib/python3.12/site-packages/oslo_config/cfg.py:3560}}
Aug 31 07:42:05.790563 np0000191577 devstack@g-api.service[113841]: DEBUG glance.common.config [None req-3d4f3915-41bf-4bef-85a7-04c2c1ef59ac None None] oslo_messaging_metrics.metrics_socket_file = /var/tmp/metrics_collector.sock {{(pid=113841) log_opt_values /opt/stack/data/venv/lib/python3.12/site-packages/oslo_config/cfg.py:3560}}
Aug 31 07:42:05.790654 np0000191577 devstack@g-api.service[113841]: DEBUG glance.common.config [None req-3d4f3915-41bf-4bef-85a7-04c2c1ef59ac None None] oslo_messaging_metrics.metrics_thread_stop_timeout = 10 {{(pid=113841) log_opt_values /opt/stack/data/venv/lib/python3.12/site-packages/oslo_config/cfg.py:3560}}
Aug 31 07:42:05.790756 np0000191577 devstack@g-api.service[113841]: DEBUG glance.common.config [None req-3d4f3915-41bf-4bef-85a7-04c2c1ef59ac None None] oslo_messaging_tracing.insecure = False {{(pid=113841) log_opt_values /opt/stack/data/venv/lib/python3.12/site-packages/oslo_config/cfg.py:3560}}
Aug 31 07:42:05.790857 np0000191577 devstack@g-api.service[113841]: DEBUG glance.common.config [None req-3d4f3915-41bf-4bef-85a7-04c2c1ef59ac None None] oslo_messaging_tracing.otel_exporter_otlp_endpoint = http://localhost:4318 {{(pid=113841) log_opt_values /opt/stack/data/venv/lib/python3.12/site-packages/oslo_config/cfg.py:3560}}
Aug 31 07:42:05.790960 np0000191577 devstack@g-api.service[113841]: DEBUG glance.common.config [None req-3d4f3915-41bf-4bef-85a7-04c2c1ef59ac None None] oslo_messaging_tracing.otlp_protocol = http/protobuf {{(pid=113841) log_opt_values /opt/stack/data/venv/lib/python3.12/site-packages/oslo_config/cfg.py:3560}}
Aug 31 07:42:05.791055 np0000191577 devstack@g-api.service[113841]: DEBUG glance.common.config [None req-3d4f3915-41bf-4bef-85a7-04c2c1ef59ac None None] oslo_messaging_tracing.tracing_enabled = False {{(pid=113841) log_opt_values /opt/stack/data/venv/lib/python3.12/site-packages/oslo_config/cfg.py:3560}}
Aug 31 07:42:05.791175 np0000191577 devstack@g-api.service[113841]: DEBUG glance.common.config [None req-3d4f3915-41bf-4bef-85a7-04c2c1ef59ac None None] oslo_messaging_tracing.tracing_service_name = openstack {{(pid=113841) log_opt_values /opt/stack/data/venv/lib/python3.12/site-packages/oslo_config/cfg.py:3560}}
Aug 31 07:42:05.791251 np0000191577 devstack@g-api.service[113841]: DEBUG glance.common.config [None req-3d4f3915-41bf-4bef-85a7-04c2c1ef59ac None None] profiler.connection_string = messaging:// {{(pid=113841) log_opt_values /opt/stack/data/venv/lib/python3.12/site-packages/oslo_config/cfg.py:3560}}
Aug 31 07:42:05.791351 np0000191577 devstack@g-api.service[113841]: DEBUG glance.common.config [None req-3d4f3915-41bf-4bef-85a7-04c2c1ef59ac None None] profiler.enabled = False {{(pid=113841) log_opt_values /opt/stack/data/venv/lib/python3.12/site-packages/oslo_config/cfg.py:3560}}
Aug 31 07:42:05.791483 np0000191577 devstack@g-api.service[113841]: DEBUG glance.common.config [None req-3d4f3915-41bf-4bef-85a7-04c2c1ef59ac None None] profiler.es_doc_type = notification {{(pid=113841) log_opt_values /opt/stack/data/venv/lib/python3.12/site-packages/oslo_config/cfg.py:3560}}
Aug 31 07:42:05.791583 np0000191577 devstack@g-api.service[113839]: DEBUG glance.common.config [None req-4b6f256e-fd7f-45a4-acef-efc3d94ff633 None None] ******************************************************************************** {{(pid=113839) log_opt_values /opt/stack/data/venv/lib/python3.12/site-packages/oslo_config/cfg.py:3533}}
Aug 31 07:42:05.791731 np0000191577 devstack@g-api.service[113841]: DEBUG glance.common.config [None req-3d4f3915-41bf-4bef-85a7-04c2c1ef59ac None None] profiler.es_scroll_size = 10000 {{(pid=113841) log_opt_values /opt/stack/data/venv/lib/python3.12/site-packages/oslo_config/cfg.py:3560}}
Aug 31 07:42:05.791795 np0000191577 devstack@g-api.service[113839]: DEBUG glance.common.config [None req-4b6f256e-fd7f-45a4-acef-efc3d94ff633 None None] Configuration options gathered from: {{(pid=113839) log_opt_values /opt/stack/data/venv/lib/python3.12/site-packages/oslo_config/cfg.py:3534}}
Aug 31 07:42:05.791854 np0000191577 devstack@g-api.service[113841]: DEBUG glance.common.config [None req-3d4f3915-41bf-4bef-85a7-04c2c1ef59ac None None] profiler.es_scroll_time = 2m {{(pid=113841) log_opt_values /opt/stack/data/venv/lib/python3.12/site-packages/oslo_config/cfg.py:3560}}
Aug 31 07:42:05.791854 np0000191577 devstack@g-api.service[113841]: DEBUG glance.common.config [None req-3d4f3915-41bf-4bef-85a7-04c2c1ef59ac None None] profiler.filter_error_trace = False {{(pid=113841) log_opt_values /opt/stack/data/venv/lib/python3.12/site-packages/oslo_config/cfg.py:3560}}
Aug 31 07:42:05.791972 np0000191577 devstack@g-api.service[113841]: DEBUG glance.common.config [None req-3d4f3915-41bf-4bef-85a7-04c2c1ef59ac None None] profiler.hmac_keys = **** {{(pid=113841) log_opt_values /opt/stack/data/venv/lib/python3.12/site-packages/oslo_config/cfg.py:3560}}
Aug 31 07:42:05.791972 np0000191577 devstack@g-api.service[113841]: DEBUG glance.common.config [None req-3d4f3915-41bf-4bef-85a7-04c2c1ef59ac None None] profiler.sentinel_service_name = mymaster {{(pid=113841) log_opt_values /opt/stack/data/venv/lib/python3.12/site-packages/oslo_config/cfg.py:3560}}
Aug 31 07:42:05.792091 np0000191577 devstack@g-api.service[113839]: DEBUG glance.common.config [None req-4b6f256e-fd7f-45a4-acef-efc3d94ff633 None None] command line args: [] {{(pid=113839) log_opt_values /opt/stack/data/venv/lib/python3.12/site-packages/oslo_config/cfg.py:3535}}
Aug 31 07:42:05.792159 np0000191577 devstack@g-api.service[113841]: DEBUG glance.common.config [None req-3d4f3915-41bf-4bef-85a7-04c2c1ef59ac None None] profiler.socket_timeout = 0.1 {{(pid=113841) log_opt_values /opt/stack/data/venv/lib/python3.12/site-packages/oslo_config/cfg.py:3560}}
Aug 31 07:42:05.792227 np0000191577 devstack@g-api.service[113839]: DEBUG glance.common.config [None req-4b6f256e-fd7f-45a4-acef-efc3d94ff633 None None] config files: ['/etc/glance/glance-image-import.conf', '/etc/glance/glance-api.conf'] {{(pid=113839) log_opt_values /opt/stack/data/venv/lib/python3.12/site-packages/oslo_config/cfg.py:3536}}
Aug 31 07:42:05.792307 np0000191577 devstack@g-api.service[113841]: DEBUG glance.common.config [None req-3d4f3915-41bf-4bef-85a7-04c2c1ef59ac None None] profiler.trace_requests = False {{(pid=113841) log_opt_values /opt/stack/data/venv/lib/python3.12/site-packages/oslo_config/cfg.py:3560}}
Aug 31 07:42:05.792384 np0000191577 devstack@g-api.service[113839]: DEBUG glance.common.config [None req-4b6f256e-fd7f-45a4-acef-efc3d94ff633 None None] ================================================================================ {{(pid=113839) log_opt_values /opt/stack/data/venv/lib/python3.12/site-packages/oslo_config/cfg.py:3541}}
Aug 31 07:42:05.792484 np0000191577 devstack@g-api.service[113841]: DEBUG glance.common.config [None req-3d4f3915-41bf-4bef-85a7-04c2c1ef59ac None None] profiler.trace_sqlalchemy = False {{(pid=113841) log_opt_values /opt/stack/data/venv/lib/python3.12/site-packages/oslo_config/cfg.py:3560}}
Aug 31 07:42:05.792611 np0000191577 devstack@g-api.service[113839]: DEBUG glance.common.config [None req-4b6f256e-fd7f-45a4-acef-efc3d94ff633 None None] allow_anonymous_access = False {{(pid=113839) log_opt_values /opt/stack/data/venv/lib/python3.12/site-packages/oslo_config/cfg.py:3549}}
Aug 31 07:42:05.792690 np0000191577 devstack@g-api.service[113841]: DEBUG glance.common.config [None req-3d4f3915-41bf-4bef-85a7-04c2c1ef59ac None None] profiler_jaeger.process_tags = {} {{(pid=113841) log_opt_values /opt/stack/data/venv/lib/python3.12/site-packages/oslo_config/cfg.py:3560}}
Aug 31 07:42:05.792750 np0000191577 devstack@g-api.service[113839]: DEBUG glance.common.config [None req-4b6f256e-fd7f-45a4-acef-efc3d94ff633 None None] api_limit_max = 1000 {{(pid=113839) log_opt_values /opt/stack/data/venv/lib/python3.12/site-packages/oslo_config/cfg.py:3549}}
Aug 31 07:42:05.792814 np0000191577 devstack@g-api.service[113841]: DEBUG glance.common.config [None req-3d4f3915-41bf-4bef-85a7-04c2c1ef59ac None None] profiler_jaeger.service_name_prefix = None {{(pid=113841) log_opt_values /opt/stack/data/venv/lib/python3.12/site-packages/oslo_config/cfg.py:3560}}
Aug 31 07:42:05.792908 np0000191577 devstack@g-api.service[113839]: DEBUG glance.common.config [None req-4b6f256e-fd7f-45a4-acef-efc3d94ff633 None None] config_dir = [] {{(pid=113839) log_opt_values /opt/stack/data/venv/lib/python3.12/site-packages/oslo_config/cfg.py:3549}}
Aug 31 07:42:05.792998 np0000191577 devstack@g-api.service[113841]: DEBUG glance.common.config [None req-3d4f3915-41bf-4bef-85a7-04c2c1ef59ac None None] profiler_otlp.service_name_prefix = None {{(pid=113841) log_opt_values /opt/stack/data/venv/lib/python3.12/site-packages/oslo_config/cfg.py:3560}}
Aug 31 07:42:05.792998 np0000191577 devstack@g-api.service[113841]: DEBUG glance.common.config [None req-3d4f3915-41bf-4bef-85a7-04c2c1ef59ac None None] oslo_reports.file_event_handler = None {{(pid=113841) log_opt_values /opt/stack/data/venv/lib/python3.12/site-packages/oslo_config/cfg.py:3560}}
Aug 31 07:42:05.793111 np0000191577 devstack@g-api.service[113839]: DEBUG glance.common.config [None req-4b6f256e-fd7f-45a4-acef-efc3d94ff633 None None] config_file = ['/etc/glance/glance-image-import.conf', '/etc/glance/glance-api.conf'] {{(pid=113839) log_opt_values /opt/stack/data/venv/lib/python3.12/site-packages/oslo_config/cfg.py:3549}}
Aug 31 07:42:05.793181 np0000191577 devstack@g-api.service[113841]: DEBUG glance.common.config [None req-3d4f3915-41bf-4bef-85a7-04c2c1ef59ac None None] oslo_reports.file_event_handler_interval = 1 {{(pid=113841) log_opt_values /opt/stack/data/venv/lib/python3.12/site-packages/oslo_config/cfg.py:3560}}
Aug 31 07:42:05.793242 np0000191577 devstack@g-api.service[113839]: DEBUG glance.common.config [None req-4b6f256e-fd7f-45a4-acef-efc3d94ff633 None None] config_source = [] {{(pid=113839) log_opt_values /opt/stack/data/venv/lib/python3.12/site-packages/oslo_config/cfg.py:3549}}
Aug 31 07:42:05.793301 np0000191577 devstack@g-api.service[113841]: DEBUG glance.common.config [None req-3d4f3915-41bf-4bef-85a7-04c2c1ef59ac None None] oslo_reports.log_dir = None {{(pid=113841) log_opt_values /opt/stack/data/venv/lib/python3.12/site-packages/oslo_config/cfg.py:3560}}
Aug 31 07:42:05.793360 np0000191577 devstack@g-api.service[113839]: DEBUG glance.common.config [None req-4b6f256e-fd7f-45a4-acef-efc3d94ff633 None None] control_exchange = glance {{(pid=113839) log_opt_values /opt/stack/data/venv/lib/python3.12/site-packages/oslo_config/cfg.py:3549}}
Aug 31 07:42:05.793360 np0000191577 devstack@g-api.service[113839]: DEBUG glance.common.config [None req-4b6f256e-fd7f-45a4-acef-efc3d94ff633 None None] debug = True {{(pid=113839) log_opt_values /opt/stack/data/venv/lib/python3.12/site-packages/oslo_config/cfg.py:3549}}
Aug 31 07:42:05.793483 np0000191577 devstack@g-api.service[113841]: DEBUG glance.common.config [None req-3d4f3915-41bf-4bef-85a7-04c2c1ef59ac None None] os_brick.lightos_discovery_client_address = localhost {{(pid=113841) log_opt_values /opt/stack/data/venv/lib/python3.12/site-packages/oslo_config/cfg.py:3560}}
Aug 31 07:42:05.793568 np0000191577 devstack@g-api.service[113839]: DEBUG glance.common.config [None req-4b6f256e-fd7f-45a4-acef-efc3d94ff633 None None] default_log_levels = ['amqp=WARN', 'boto=WARN', 'sqlalchemy=WARN', 'suds=INFO', 'oslo.messaging=INFO', 'oslo_messaging=INFO', 'iso8601=WARN', 'requests.packages.urllib3.connectionpool=WARN', 'urllib3.connectionpool=WARN', 'websocket=WARN', 'requests.packages.urllib3.util.retry=WARN', 'urllib3.util.retry=WARN', 'keystonemiddleware=WARN', 'routes.middleware=WARN', 'stevedore=WARN', 'taskflow=WARN', 'keystoneauth=WARN', 'oslo.cache=INFO', 'oslo_policy=INFO', 'dogpile.core.dogpile=INFO'] {{(pid=113839) log_opt_values /opt/stack/data/venv/lib/python3.12/site-packages/oslo_config/cfg.py:3549}}
Aug 31 07:42:05.793681 np0000191577 devstack@g-api.service[113841]: DEBUG glance.common.config [None req-3d4f3915-41bf-4bef-85a7-04c2c1ef59ac None None] os_brick.lightos_discovery_client_dir_path = /etc/discovery-client/discovery.d/ {{(pid=113841) log_opt_values /opt/stack/data/venv/lib/python3.12/site-packages/oslo_config/cfg.py:3560}}
Aug 31 07:42:05.793770 np0000191577 devstack@g-api.service[113839]: DEBUG glance.common.config [None req-4b6f256e-fd7f-45a4-acef-efc3d94ff633 None None] default_publisher_id = image.localhost {{(pid=113839) log_opt_values /opt/stack/data/venv/lib/python3.12/site-packages/oslo_config/cfg.py:3549}}
Aug 31 07:42:05.793831 np0000191577 devstack@g-api.service[113841]: DEBUG glance.common.config [None req-3d4f3915-41bf-4bef-85a7-04c2c1ef59ac None None] os_brick.lightos_discovery_client_port = 6060 {{(pid=113841) log_opt_values /opt/stack/data/venv/lib/python3.12/site-packages/oslo_config/cfg.py:3560}}
Aug 31 07:42:05.793899 np0000191577 devstack@g-api.service[113839]: DEBUG glance.common.config [None req-4b6f256e-fd7f-45a4-acef-efc3d94ff633 None None] delayed_delete = False {{(pid=113839) log_opt_values /opt/stack/data/venv/lib/python3.12/site-packages/oslo_config/cfg.py:3549}}
Aug 31 07:42:05.793960 np0000191577 devstack@g-api.service[113841]: DEBUG glance.common.config [None req-3d4f3915-41bf-4bef-85a7-04c2c1ef59ac None None] os_brick.lock_path = /opt/stack/data/os_brick {{(pid=113841) log_opt_values /opt/stack/data/venv/lib/python3.12/site-packages/oslo_config/cfg.py:3560}}
Aug 31 07:42:05.794018 np0000191577 devstack@g-api.service[113839]: DEBUG glance.common.config [None req-4b6f256e-fd7f-45a4-acef-efc3d94ff633 None None] digest_algorithm = sha256 {{(pid=113839) log_opt_values /opt/stack/data/venv/lib/python3.12/site-packages/oslo_config/cfg.py:3549}}
Aug 31 07:42:05.794076 np0000191577 devstack@g-api.service[113841]: DEBUG glance.common.config [None req-3d4f3915-41bf-4bef-85a7-04c2c1ef59ac None None] os_brick.wait_mpath_device_attempts = 4 {{(pid=113841) log_opt_values /opt/stack/data/venv/lib/python3.12/site-packages/oslo_config/cfg.py:3560}}
Aug 31 07:42:05.794154 np0000191577 devstack@g-api.service[113839]: DEBUG glance.common.config [None req-4b6f256e-fd7f-45a4-acef-efc3d94ff633 None None] disabled_notifications = [] {{(pid=113839) log_opt_values /opt/stack/data/venv/lib/python3.12/site-packages/oslo_config/cfg.py:3549}}
Aug 31 07:42:05.794246 np0000191577 devstack@g-api.service[113841]: DEBUG glance.common.config [None req-3d4f3915-41bf-4bef-85a7-04c2c1ef59ac None None] os_brick.wait_mpath_device_interval = 1 {{(pid=113841) log_opt_values /opt/stack/data/venv/lib/python3.12/site-packages/oslo_config/cfg.py:3560}}
Aug 31 07:42:05.794246 np0000191577 devstack@g-api.service[113841]: DEBUG glance.common.config [None req-3d4f3915-41bf-4bef-85a7-04c2c1ef59ac None None] privsep_osbrick.capabilities = [21, 2] {{(pid=113841) log_opt_values /opt/stack/data/venv/lib/python3.12/site-packages/oslo_config/cfg.py:3560}}
Aug 31 07:42:05.794398 np0000191577 devstack@g-api.service[113839]: DEBUG glance.common.config [None req-4b6f256e-fd7f-45a4-acef-efc3d94ff633 None None] do_secure_hash = True {{(pid=113839) log_opt_values /opt/stack/data/venv/lib/python3.12/site-packages/oslo_config/cfg.py:3549}}
Aug 31 07:42:05.794475 np0000191577 devstack@g-api.service[113841]: DEBUG glance.common.config [None req-3d4f3915-41bf-4bef-85a7-04c2c1ef59ac None None] privsep_osbrick.group = None {{(pid=113841) log_opt_values /opt/stack/data/venv/lib/python3.12/site-packages/oslo_config/cfg.py:3560}}
Aug 31 07:42:05.794535 np0000191577 devstack@g-api.service[113839]: DEBUG glance.common.config [None req-4b6f256e-fd7f-45a4-acef-efc3d94ff633 None None] enabled_backends = None {{(pid=113839) log_opt_values /opt/stack/data/venv/lib/python3.12/site-packages/oslo_config/cfg.py:3549}}
Aug 31 07:42:05.794659 np0000191577 devstack@g-api.service[113841]: DEBUG glance.common.config [None req-3d4f3915-41bf-4bef-85a7-04c2c1ef59ac None None] privsep_osbrick.helper_command = None {{(pid=113841) log_opt_values /opt/stack/data/venv/lib/python3.12/site-packages/oslo_config/cfg.py:3560}}
