May 05 11:28:38.359352 np0000171773 devstack@neutron-api.service[103237]: DEBUG neutron.plugins.ml2.drivers.ovn.mech_driver.ovsdb.ovsdb_monitor [None req-fae951db-f345-4935-aab3-a6a99ea6479a None None] Touching Hash Ring node "895db59cf0e554eaa7b35d1b684a35a5" from IDL notify handler {{(pid=103237) notify /opt/stack/neutron/neutron/plugins/ml2/drivers/ovn/mech_driver/ovsdb/ovsdb_monitor.py:934}}
May 05 11:28:38.360752 np0000171773 devstack@neutron-api.service[103236]: DEBUG neutron.plugins.ml2.drivers.ovn.mech_driver.ovsdb.ovsdb_monitor [None req-bf2408a3-500f-453a-b5e0-742989863f22 None None] Touching Hash Ring node "e40baade242d536aa5a2129880ef8a99" from IDL notify handler {{(pid=103236) notify /opt/stack/neutron/neutron/plugins/ml2/drivers/ovn/mech_driver/ovsdb/ovsdb_monitor.py:934}}
May 05 11:28:38.417881 np0000171773 devstack@neutron-api.service[103235]: DEBUG neutron.plugins.ml2.drivers.ovn.mech_driver.ovsdb.ovsdb_monitor [None req-a36e34ec-75d7-4734-b768-cc493c824cea None None] Hash Ring: Node ab5bc9d6f7c45a85925bd16071184881 (host: np0000171773) handling event "create" for row 6606f650-6eb6-4917-bd5e-8b2ba47b8ff5 (table: Logical_Switch_Port) {{(pid=103235) notify /opt/stack/neutron/neutron/plugins/ml2/drivers/ovn/mech_driver/ovsdb/ovsdb_monitor.py:942}}
May 05 11:28:38.420160 np0000171773 devstack@neutron-api.service[103235]: DEBUG ovsdbapp.backend.ovs_idl.event [None req-a36e34ec-75d7-4734-b768-cc493c824cea None None] Matched CREATE: LogicalSwitchPortCreateEvent(events=('create',), table='Logical_Switch_Port', conditions=[], old_conditions=None), priority=20 to row=Logical_Switch_Port(uuid=6606f650-6eb6-4917-bd5e-8b2ba47b8ff5, addresses=['fa:16:3e:4e:dc:ec 10.2.5.246', 'unknown'], dhcpv4_options=3c96de9d-6f1a-4073-93c7-1eceb6362ea2, dhcpv6_options=[], dynamic_addresses=[], enabled=True, external_ids={'neutron:cidrs': '10.2.5.246/24', 'neutron:device_id': 'manila-admin-share', 'neutron:device_owner': 'manila:share', 'neutron:mtu': '', 'neutron:network_name': 'neutron-69949001-78ae-44ee-93bc-9c491bb92a39', 'neutron:port_capabilities': '', 'neutron:port_name': '', 'neutron:project_id': '758fcaba50994c499e22319c5486edf6', 'neutron:revision_number': '1', 'neutron:security_group_ids': '', 'neutron:subnet_pool_addr_scope4': '', 'neutron:subnet_pool_addr_scope6': '', 'neutron:vnic_type': 'normal'}, ha_chassis_group=[], mirror_rules=[], name='52d4111a-f58f-401d-ada0-40a4207d55d1', options={'requested-chassis': 'np0000171773'}, parent_name=[], port_security=[], tag=[], tag_request=[], type='', up=[]) old= {{(pid=103235) matches /opt/stack/data/venv/lib/python3.12/site-packages/ovsdbapp/backend/ovs_idl/event.py:55}}
May 05 11:28:38.422730 np0000171773 devstack@neutron-api.service[103235]: INFO neutron.plugins.ml2.drivers.ovn.mech_driver.mech_driver [None req-0a0e96a9-eb68-49f3-a333-66c2cc377576 None None] OVN reports status down for port: 52d4111a-f58f-401d-ada0-40a4207d55d1
May 05 11:28:38.425432 np0000171773 devstack@neutron-api.service[103235]: DEBUG neutron.plugins.ml2.drivers.ovn.mech_driver.ovsdb.ovsdb_monitor [None req-a36e34ec-75d7-4734-b768-cc493c824cea None None] Touching Hash Ring node "ab5bc9d6f7c45a85925bd16071184881" from IDL notify handler {{(pid=103235) notify /opt/stack/neutron/neutron/plugins/ml2/drivers/ovn/mech_driver/ovsdb/ovsdb_monitor.py:934}}
May 05 11:28:38.428609 np0000171773 devstack@neutron-api.service[103235]: DEBUG neutron.plugins.ml2.drivers.ovn.mech_driver.ovsdb.ovsdb_monitor [None req-a36e34ec-75d7-4734-b768-cc493c824cea None None] Hash Ring: Node ab5bc9d6f7c45a85925bd16071184881 (host: np0000171773) handling event "update" for row 6606f650-6eb6-4917-bd5e-8b2ba47b8ff5 (table: Logical_Switch_Port) {{(pid=103235) notify /opt/stack/neutron/neutron/plugins/ml2/drivers/ovn/mech_driver/ovsdb/ovsdb_monitor.py:942}}
May 05 11:28:38.437505 np0000171773 devstack@neutron-api.service[103236]: DEBUG neutron.plugins.ml2.drivers.ovn.mech_driver.ovsdb.ovsdb_monitor [None req-bf2408a3-500f-453a-b5e0-742989863f22 None None] Hash Ring: Node e40baade242d536aa5a2129880ef8a99 (host: np0000171773) handling event "create" for row 841fbec2-47b4-4794-8afa-3f7eaa4f0953 (table: Port_Binding) {{(pid=103236) notify /opt/stack/neutron/neutron/plugins/ml2/drivers/ovn/mech_driver/ovsdb/ovsdb_monitor.py:942}}
May 05 11:28:38.440229 np0000171773 devstack@neutron-api.service[103237]: DEBUG neutron.plugins.ml2.drivers.ovn.mech_driver.ovsdb.ovsdb_monitor [None req-fae951db-f345-4935-aab3-a6a99ea6479a None None] Hash Ring: Node 895db59cf0e554eaa7b35d1b684a35a5 (host: np0000171773) handling event "update" for row 69949001-78ae-44ee-93bc-9c491bb92a39 (table: Logical_Switch) {{(pid=103237) notify /opt/stack/neutron/neutron/plugins/ml2/drivers/ovn/mech_driver/ovsdb/ovsdb_monitor.py:942}}
May 05 11:28:38.477824 np0000171773 devstack@neutron-api.service[103235]: DEBUG neutron.db.provisioning_blocks [None req-0a0e96a9-eb68-49f3-a333-66c2cc377576 None None] Ignored duplicate provisioning block setup for port 52d4111a-f58f-401d-ada0-40a4207d55d1 by entity L2. {{(pid=103235) add_provisioning_component /opt/stack/neutron/neutron/db/provisioning_blocks.py:69}}
May 05 11:28:38.501089 np0000171773 devstack@neutron-api.service[103235]: DEBUG neutron.plugins.ml2.plugin [None req-0a0e96a9-eb68-49f3-a333-66c2cc377576 None None] Current status of the port 52d4111a-f58f-401d-ada0-40a4207d55d1 is: DOWN; New status is: DOWN {{(pid=103235) _update_individual_port_db_status /opt/stack/neutron/neutron/plugins/ml2/plugin.py:2464}}
May 05 11:28:38.503169 np0000171773 devstack@neutron-api.service[103235]: DEBUG ovsdbapp.backend.ovs_idl.transaction [None req-a36e34ec-75d7-4734-b768-cc493c824cea None None] Running txn n=1 command(idx=0): DbRemoveCommand(_result=None, table=Logical_Switch_Port, record=52d4111a-f58f-401d-ada0-40a4207d55d1, column=external_ids, values=('neutron:host_id',), keyvalues={}, if_exists=True) {{(pid=103235) do_commit /opt/stack/data/venv/lib/python3.12/site-packages/ovsdbapp/backend/ovs_idl/transaction.py:89}}
May 05 11:28:38.506214 np0000171773 devstack@neutron-api.service[103235]: INFO neutron.db.ovn_revision_numbers_db [None req-63f595b9-f11e-48e0-bf59-3febab30e587 service neutron] Successfully bumped revision number for resource 52d4111a-f58f-401d-ada0-40a4207d55d1 (type: ports) to 1
May 05 11:28:38.525973 np0000171773 devstack@neutron-api.service[103235]: DEBUG neutron.plugins.ml2.managers [None req-63f595b9-f11e-48e0-bf59-3febab30e587 service neutron] Attempting to bind port 52d4111a-f58f-401d-ada0-40a4207d55d1 on host np0000171773 for vnic_type normal with profile {{(pid=103235) bind_port /opt/stack/neutron/neutron/plugins/ml2/managers.py:814}}
May 05 11:28:38.526219 np0000171773 devstack@neutron-api.service[103235]: DEBUG neutron.plugins.ml2.managers [None req-63f595b9-f11e-48e0-bf59-3febab30e587 service neutron] Attempting to bind port 52d4111a-f58f-401d-ada0-40a4207d55d1 by drivers ovn on host np0000171773 at level 0 using segments [{'id': 'd09d7e27-b782-47e2-b5cf-f12e63e810dd', 'network_type': 'geneve', 'physical_network': None, 'segmentation_id': 57018, 'network_id': '69949001-78ae-44ee-93bc-9c491bb92a39'}] {{(pid=103235) _bind_port_level /opt/stack/neutron/neutron/plugins/ml2/managers.py:839}}
May 05 11:28:38.527404 np0000171773 devstack@neutron-api.service[103235]: DEBUG neutron.plugins.ml2.drivers.ovn.mech_driver.mech_driver [None req-63f595b9-f11e-48e0-bf59-3febab30e587 service neutron] Attempting to bind port 52d4111a-f58f-401d-ada0-40a4207d55d1 on host np0000171773 for network segment with type geneve, segmentation ID 57018, physical network None {{(pid=103235) bind_port /opt/stack/neutron/neutron/plugins/ml2/drivers/ovn/mech_driver/mech_driver.py:1204}}
May 05 11:28:38.528018 np0000171773 devstack@neutron-api.service[103235]: DEBUG neutron.plugins.ml2.managers [None req-63f595b9-f11e-48e0-bf59-3febab30e587 service neutron] Bound port: 52d4111a-f58f-401d-ada0-40a4207d55d1, host: np0000171773, vif_type: ovs, vif_details: {"port_filter": true, "connectivity": "l2", "ovs_create_tap": false, "bridge_name": "br-int", "datapath_type": "system"}, binding_levels: [{'bound_driver': 'ovn', 'bound_segment': {'id': 'd09d7e27-b782-47e2-b5cf-f12e63e810dd', 'network_type': 'geneve', 'physical_network': None, 'segmentation_id': 57018, 'network_id': '69949001-78ae-44ee-93bc-9c491bb92a39'}}] {{(pid=103235) _bind_port_level /opt/stack/neutron/neutron/plugins/ml2/managers.py:950}}
May 05 11:28:38.528258 np0000171773 devstack@neutron-api.service[103235]: DEBUG neutron_lib.callbacks.manager [None req-63f595b9-f11e-48e0-bf59-3febab30e587 service neutron] Publish callbacks ['neutron.plugins.ml2.plugin.SecurityGroupDbMixin._ensure_default_security_group_handler-76522', 'neutron.services.ovn_l3.plugin.OVNL3RouterPlugin._port_update-8241427447038', 'neutron.db.l3_db.L3_NAT_dbonly_mixin._prevent_internal_ip_change_for_fip-8241429001790'] for port (52d4111a-f58f-401d-ada0-40a4207d55d1), before_update {{(pid=103235) _notify_loop /opt/stack/data/venv/lib/python3.12/site-packages/neutron_lib/callbacks/manager.py:184}}
May 05 11:28:38.564957 np0000171773 devstack@neutron-api.service[103235]: DEBUG neutron.plugins.ml2.db [None req-63f595b9-f11e-48e0-bf59-3febab30e587 service neutron] For port 52d4111a-f58f-401d-ada0-40a4207d55d1, host np0000171773, cleared binding levels {{(pid=103235) clear_binding_levels /opt/stack/neutron/neutron/plugins/ml2/db.py:87}}
May 05 11:28:38.566680 np0000171773 devstack@neutron-api.service[103235]: DEBUG neutron.plugins.ml2.db [None req-63f595b9-f11e-48e0-bf59-3febab30e587 service neutron] For port 52d4111a-f58f-401d-ada0-40a4207d55d1, host np0000171773, set binding levels [PortBindingLevel(driver='ovn',host='np0000171773',level=0,port_id=52d4111a-f58f-401d-ada0-40a4207d55d1,segment=NetworkSegment(d09d7e27-b782-47e2-b5cf-f12e63e810dd),segment_id=d09d7e27-b782-47e2-b5cf-f12e63e810dd)] {{(pid=103235) set_binding_levels /opt/stack/neutron/neutron/plugins/ml2/db.py:59}}
May 05 11:28:38.568643 np0000171773 devstack@neutron-api.service[103235]: DEBUG neutron.plugins.ml2.drivers.ovn.mech_driver.mech_driver [None req-63f595b9-f11e-48e0-bf59-3febab30e587 service neutron] No provisioning block for port 52d4111a-f58f-401d-ada0-40a4207d55d1 since host unchanged {{(pid=103235) _is_port_provisioning_required /opt/stack/neutron/neutron/plugins/ml2/drivers/ovn/mech_driver/mech_driver.py:899}}
May 05 11:28:38.602404 np0000171773 devstack@neutron-api.service[103235]: DEBUG neutron_lib.callbacks.manager [None req-63f595b9-f11e-48e0-bf59-3febab30e587 service neutron] Publish callbacks ['neutron.plugins.ml2.ovo_rpc._ObjectChangeHandler.handle_event-3097125', 'neutron.db.l3_db.L3RpcNotifierMixin._notify_gateway_port_ip_changed-8241429003194', 'neutron.services.ovn_l3.plugin.OVNL3RouterPlugin._port_update-8241427447038'] for port (52d4111a-f58f-401d-ada0-40a4207d55d1), after_update {{(pid=103235) _notify_loop /opt/stack/data/venv/lib/python3.12/site-packages/neutron_lib/callbacks/manager.py:184}}
May 05 11:28:38.631378 np0000171773 devstack@neutron-api.service[103235]: DEBUG neutron.api.rpc.handlers.resources_rpc [None req-63f595b9-f11e-48e0-bf59-3febab30e587 service neutron] Pushing event updated for resources: {'Port': ['ID=52d4111a-f58f-401d-ada0-40a4207d55d1,revision_number=3']} {{(pid=103235) push /opt/stack/neutron/neutron/api/rpc/handlers/resources_rpc.py:237}}
May 05 11:28:38.663212 np0000171773 devstack@neutron-api.service[103235]: DEBUG ovsdbapp.backend.ovs_idl.transaction [None req-a36e34ec-75d7-4734-b768-cc493c824cea None None] Running txn n=1 command(idx=0): CheckRevisionNumberCommand(_result=None, name=52d4111a-f58f-401d-ada0-40a4207d55d1, resource={'id': '52d4111a-f58f-401d-ada0-40a4207d55d1', 'name': '', 'network_id': '69949001-78ae-44ee-93bc-9c491bb92a39', 'project_id': '758fcaba50994c499e22319c5486edf6', 'mac_address': 'fa:16:3e:4e:dc:ec', 'admin_state_up': True, 'status': 'DOWN', 'device_id': 'manila-admin-share', 'device_owner': 'manila:share', 'standard_attr_id': 46, 'fixed_ips': [{'subnet_id': '20ef4351-bfd2-4dc3-9e4c-af0763726715', 'ip_address': '10.2.5.246'}], 'allowed_address_pairs': [], 'extra_dhcp_opts': [], 'security_groups': [], 'description': '', 'binding:vnic_type': 'normal', 'binding:profile': {}, 'binding:host_id': 'np0000171773', 'binding:vif_type': 'ovs', 'binding:vif_details': {'port_filter': True, 'connectivity': 'l2', 'ovs_create_tap': False, 'bridge_name': 'br-int', 'datapath_type': 'system', 'bound_drivers': {'0': 'ovn'}}, 'port_security_enabled': False, 'tags': [], 'created_at': '2026-05-05T11:28:38Z', 'updated_at': '2026-05-05T11:28:38Z', 'revision_number': 3, 'tenant_id': '758fcaba50994c499e22319c5486edf6', 'network': {'id': '69949001-78ae-44ee-93bc-9c491bb92a39', 'name': 'admin_net', 'tenant_id': '758fcaba50994c499e22319c5486edf6', 'project_id': '758fcaba50994c499e22319c5486edf6', 'admin_state_up': True, 'mtu': 1372, 'status': 'ACTIVE', 'subnets': ['20ef4351-bfd2-4dc3-9e4c-af0763726715'], 'standard_attr_id': 42, 'shared': False, 'availability_zone_hints': [], 'availability_zones': [], 'ipv4_address_scope': None, 'ipv6_address_scope': None, 'router:external': False, 'qinq': False, 'vlan_transparent': False, 'description': '', 'port_security_enabled': True, 'tags': [], 'created_at': '2026-05-05T11:28:29Z', 'updated_at': '2026-05-05T11:28:32Z', 'revision_number': 2, 'provider:network_type': 'geneve', 'provider:physical_network': None, 'provider:segmentation_id': 57018}}, resource_type=ports, if_exists=True) {{(pid=103235) do_commit /opt/stack/data/venv/lib/python3.12/site-packages/ovsdbapp/backend/ovs_idl/transaction.py:89}}
May 05 11:28:38.663937 np0000171773 devstack@neutron-api.service[103235]: DEBUG ovsdbapp.backend.ovs_idl.transaction [None req-a36e34ec-75d7-4734-b768-cc493c824cea None None] Running txn n=1 command(idx=1): SetLSwitchPortCommand(_result=None, lport=52d4111a-f58f-401d-ada0-40a4207d55d1, external_ids_update=None, columns={'external_ids': {'neutron:port_name': '', 'neutron:device_id': 'manila-admin-share', 'neutron:project_id': '758fcaba50994c499e22319c5486edf6', 'neutron:cidrs': '10.2.5.246/24', 'neutron:device_owner': 'manila:share', 'neutron:subnet_pool_addr_scope4': '', 'neutron:subnet_pool_addr_scope6': '', 'neutron:network_name': 'neutron-69949001-78ae-44ee-93bc-9c491bb92a39', 'neutron:security_group_ids': '', 'neutron:revision_number': '3', 'neutron:vnic_type': 'normal', 'neutron:port_capabilities': '', 'neutron:mtu': ''}, 'parent_name': [], 'tag': [], 'options': {'requested-chassis': 'np0000171773'}, 'enabled': True, 'port_security': [], 'dhcpv4_options': [UUID('3c96de9d-6f1a-4073-93c7-1eceb6362ea2')], 'dhcpv6_options': [], 'type': '', 'addresses': ['fa:16:3e:4e:dc:ec 10.2.5.246', 'unknown'], 'ha_chassis_group': []}, if_exists=False) {{(pid=103235) do_commit /opt/stack/data/venv/lib/python3.12/site-packages/ovsdbapp/backend/ovs_idl/transaction.py:89}}
May 05 11:28:38.666564 np0000171773 devstack@neutron-api.service[103235]: DEBUG ovsdbapp.backend.ovs_idl.transaction [None req-a36e34ec-75d7-4734-b768-cc493c824cea None None] Running txn n=1 command(idx=2): PgDelPortCommand(_result=None, port_group=neutron_pg_drop, lsp=['52d4111a-f58f-401d-ada0-40a4207d55d1'], if_exists=False) {{(pid=103235) do_commit /opt/stack/data/venv/lib/python3.12/site-packages/ovsdbapp/backend/ovs_idl/transaction.py:89}}
May 05 11:28:38.671129 np0000171773 devstack@neutron-api.service[103235]: DEBUG neutron.plugins.ml2.drivers.ovn.mech_driver.ovsdb.ovsdb_monitor [None req-a36e34ec-75d7-4734-b768-cc493c824cea None None] Touching Hash Ring node "ab5bc9d6f7c45a85925bd16071184881" from IDL notify handler {{(pid=103235) notify /opt/stack/neutron/neutron/plugins/ml2/drivers/ovn/mech_driver/ovsdb/ovsdb_monitor.py:934}}
May 05 11:28:38.675809 np0000171773 devstack@neutron-api.service[103236]: DEBUG neutron.plugins.ml2.drivers.ovn.mech_driver.ovsdb.ovsdb_monitor [None req-bf2408a3-500f-453a-b5e0-742989863f22 None None] Touching Hash Ring node "e40baade242d536aa5a2129880ef8a99" from IDL notify handler {{(pid=103236) notify /opt/stack/neutron/neutron/plugins/ml2/drivers/ovn/mech_driver/ovsdb/ovsdb_monitor.py:934}}
May 05 11:28:38.688234 np0000171773 devstack@neutron-api.service[103235]: DEBUG neutron.plugins.ml2.drivers.ovn.mech_driver.ovsdb.ovsdb_monitor [None req-a36e34ec-75d7-4734-b768-cc493c824cea None None] Hash Ring: Node ab5bc9d6f7c45a85925bd16071184881 (host: np0000171773) handling event "update" for row 6606f650-6eb6-4917-bd5e-8b2ba47b8ff5 (table: Logical_Switch_Port) {{(pid=103235) notify /opt/stack/neutron/neutron/plugins/ml2/drivers/ovn/mech_driver/ovsdb/ovsdb_monitor.py:942}}
May 05 11:28:38.690835 np0000171773 devstack@neutron-api.service[103236]: DEBUG neutron.plugins.ml2.drivers.ovn.mech_driver.ovsdb.ovsdb_monitor [None req-bf2408a3-500f-453a-b5e0-742989863f22 None None] Hash Ring: Node e40baade242d536aa5a2129880ef8a99 (host: np0000171773) handling event "update" for row 841fbec2-47b4-4794-8afa-3f7eaa4f0953 (table: Port_Binding) {{(pid=103236) notify /opt/stack/neutron/neutron/plugins/ml2/drivers/ovn/mech_driver/ovsdb/ovsdb_monitor.py:942}}
May 05 11:28:38.751398 np0000171773 devstack@neutron-api.service[103235]: INFO neutron.db.ovn_revision_numbers_db [None req-63f595b9-f11e-48e0-bf59-3febab30e587 service neutron] Successfully bumped revision number for resource 52d4111a-f58f-401d-ada0-40a4207d55d1 (type: ports) to 3
May 05 11:28:38.767451 np0000171773 devstack@neutron-api.service[103235]: DEBUG neutron.pecan_wsgi.hooks.policy_enforcement [None req-63f595b9-f11e-48e0-bf59-3febab30e587 service neutron] Attributes excluded by policy engine: ['standard_attr_id'] {{(pid=103235) _exclude_attributes_by_policy /opt/stack/neutron/neutron/pecan_wsgi/hooks/policy_enforcement.py:256}}
May 05 11:28:38.768948 np0000171773 devstack@neutron-api.service[103235]: DEBUG neutron_lib.callbacks.manager [None req-63f595b9-f11e-48e0-bf59-3febab30e587 service neutron] Publish callbacks ['neutron.notifiers.nova.Notifier._send_nova_notification-2076043'] for port (None), before_response {{(pid=103235) _notify_loop /opt/stack/data/venv/lib/python3.12/site-packages/neutron_lib/callbacks/manager.py:184}}
May 05 11:28:38.817168 np0000171773 devstack@neutron-api.service[103235]: [pid: 103235|app: 0|req: 26/104] 199.204.45.144 () {68 vars in 1304 bytes} [Tue May 5 11:28:38 2026] POST /networking/v2.0/ports => generated 927 bytes in 745 msecs (HTTP/1.1 201) 4 headers in 162 bytes (1 switches on core 0)
May 05 11:28:39.171375 np0000171773 devstack@neutron-api.service[103236]: DEBUG neutron.plugins.ml2.drivers.ovn.mech_driver.ovsdb.ovsdb_monitor [None req-bf2408a3-500f-453a-b5e0-742989863f22 None None] Touching Hash Ring node "e40baade242d536aa5a2129880ef8a99" from IDL notify handler {{(pid=103236) notify /opt/stack/neutron/neutron/plugins/ml2/drivers/ovn/mech_driver/ovsdb/ovsdb_monitor.py:934}}
May 05 11:28:39.174703 np0000171773 devstack@neutron-api.service[103236]: DEBUG neutron.plugins.ml2.drivers.ovn.mech_driver.ovsdb.ovsdb_monitor [None req-bf2408a3-500f-453a-b5e0-742989863f22 None None] Hash Ring: Node e40baade242d536aa5a2129880ef8a99 (host: np0000171773) handling event "update" for row 841fbec2-47b4-4794-8afa-3f7eaa4f0953 (table: Port_Binding) {{(pid=103236) notify /opt/stack/neutron/neutron/plugins/ml2/drivers/ovn/mech_driver/ovsdb/ovsdb_monitor.py:942}}
May 05 11:28:39.225468 np0000171773 devstack@neutron-api.service[103236]: DEBUG neutron.plugins.ml2.drivers.ovn.mech_driver.ovsdb.ovsdb_monitor [None req-bf2408a3-500f-453a-b5e0-742989863f22 None None] Touching Hash Ring node "e40baade242d536aa5a2129880ef8a99" from IDL notify handler {{(pid=103236) notify /opt/stack/neutron/neutron/plugins/ml2/drivers/ovn/mech_driver/ovsdb/ovsdb_monitor.py:934}}
May 05 11:28:39.227069 np0000171773 devstack@neutron-api.service[103235]: DEBUG neutron.plugins.ml2.drivers.ovn.mech_driver.ovsdb.ovsdb_monitor [None req-a36e34ec-75d7-4734-b768-cc493c824cea None None] Touching Hash Ring node "ab5bc9d6f7c45a85925bd16071184881" from IDL notify handler {{(pid=103235) notify /opt/stack/neutron/neutron/plugins/ml2/drivers/ovn/mech_driver/ovsdb/ovsdb_monitor.py:934}}
May 05 11:28:39.229071 np0000171773 devstack@neutron-api.service[103236]: DEBUG neutron.plugins.ml2.drivers.ovn.mech_driver.ovsdb.ovsdb_monitor [None req-bf2408a3-500f-453a-b5e0-742989863f22 None None] Hash Ring: Node e40baade242d536aa5a2129880ef8a99 (host: np0000171773) handling event "update" for row 841fbec2-47b4-4794-8afa-3f7eaa4f0953 (table: Port_Binding) {{(pid=103236) notify /opt/stack/neutron/neutron/plugins/ml2/drivers/ovn/mech_driver/ovsdb/ovsdb_monitor.py:942}}
May 05 11:28:39.231736 np0000171773 devstack@neutron-api.service[103235]: DEBUG neutron.plugins.ml2.drivers.ovn.mech_driver.ovsdb.ovsdb_monitor [None req-a36e34ec-75d7-4734-b768-cc493c824cea None None] Hash Ring: Node ab5bc9d6f7c45a85925bd16071184881 (host: np0000171773) handling event "update" for row 6606f650-6eb6-4917-bd5e-8b2ba47b8ff5 (table: Logical_Switch_Port) {{(pid=103235) notify /opt/stack/neutron/neutron/plugins/ml2/drivers/ovn/mech_driver/ovsdb/ovsdb_monitor.py:942}}
May 05 11:28:39.232966 np0000171773 devstack@neutron-api.service[103235]: DEBUG ovsdbapp.backend.ovs_idl.event [None req-a36e34ec-75d7-4734-b768-cc493c824cea None None] Matched UPDATE: LogicalSwitchPortUpdateUpEvent(events=('update',), table='Logical_Switch_Port', conditions=None, old_conditions=None), priority=20 to row=Logical_Switch_Port(uuid=6606f650-6eb6-4917-bd5e-8b2ba47b8ff5, addresses=['fa:16:3e:4e:dc:ec 10.2.5.246', 'unknown'], dhcpv4_options=3c96de9d-6f1a-4073-93c7-1eceb6362ea2, dhcpv6_options=[], dynamic_addresses=[], enabled=True, external_ids={'neutron:cidrs': '10.2.5.246/24', 'neutron:device_id': 'manila-admin-share', 'neutron:device_owner': 'manila:share', 'neutron:mtu': '', 'neutron:network_name': 'neutron-69949001-78ae-44ee-93bc-9c491bb92a39', 'neutron:port_capabilities': '', 'neutron:port_name': '', 'neutron:project_id': '758fcaba50994c499e22319c5486edf6', 'neutron:revision_number': '3', 'neutron:security_group_ids': '', 'neutron:subnet_pool_addr_scope4': '', 'neutron:subnet_pool_addr_scope6': '', 'neutron:vnic_type': 'normal'}, ha_chassis_group=[], mirror_rules=[], name='52d4111a-f58f-401d-ada0-40a4207d55d1', options={'requested-chassis': 'np0000171773'}, parent_name=[], port_security=[], tag=[], tag_request=[], type='', up=True) old=Logical_Switch_Port(uuid=6606f650-6eb6-4917-bd5e-8b2ba47b8ff5, up=False) {{(pid=103235) matches /opt/stack/data/venv/lib/python3.12/site-packages/ovsdbapp/backend/ovs_idl/event.py:55}}
May 05 11:28:39.234811 np0000171773 devstack@neutron-api.service[103235]: INFO neutron.plugins.ml2.drivers.ovn.mech_driver.mech_driver [None req-0a0e96a9-eb68-49f3-a333-66c2cc377576 None None] OVN reports status up for port: 52d4111a-f58f-401d-ada0-40a4207d55d1
May 05 11:28:39.243073 np0000171773 devstack@neutron-api.service[103235]: DEBUG neutron.db.provisioning_blocks [None req-0a0e96a9-eb68-49f3-a333-66c2cc377576 None None] Provisioning for port 52d4111a-f58f-401d-ada0-40a4207d55d1 completed by entity L2. {{(pid=103235) provisioning_complete /opt/stack/neutron/neutron/db/provisioning_blocks.py:133}}
May 05 11:28:39.297010 np0000171773 devstack@neutron-api.service[103235]: DEBUG neutron.db.provisioning_blocks [None req-0a0e96a9-eb68-49f3-a333-66c2cc377576 None None] Provisioning complete for port 52d4111a-f58f-401d-ada0-40a4207d55d1 triggered by entity L2. {{(pid=103235) provisioning_complete /opt/stack/neutron/neutron/db/provisioning_blocks.py:141}}
May 05 11:28:39.297284 np0000171773 devstack@neutron-api.service[103235]: DEBUG neutron_lib.callbacks.manager [None req-0a0e96a9-eb68-49f3-a333-66c2cc377576 None None] Publish callbacks ['neutron.plugins.ml2.plugin.Ml2Plugin._port_provisioned-426278'] for port (52d4111a-f58f-401d-ada0-40a4207d55d1), provisioning_complete {{(pid=103235) _notify_loop /opt/stack/data/venv/lib/python3.12/site-packages/neutron_lib/callbacks/manager.py:184}}
May 05 11:28:39.297537 np0000171773 devstack@neutron-api.service[103235]: INFO neutron.plugins.ml2.plugin [None req-0a0e96a9-eb68-49f3-a333-66c2cc377576 None None] Attempt 1 to provision port 52d4111a-f58f-401d-ada0-40a4207d55d1
May 05 11:28:39.339057 np0000171773 devstack@neutron-api.service[103235]: DEBUG neutron.plugins.ml2.plugin [None req-0a0e96a9-eb68-49f3-a333-66c2cc377576 None None] Current status of the port 52d4111a-f58f-401d-ada0-40a4207d55d1 is: DOWN; New status is: ACTIVE {{(pid=103235) _update_individual_port_db_status /opt/stack/neutron/neutron/plugins/ml2/plugin.py:2464}}
May 05 11:28:39.339223 np0000171773 devstack@neutron-api.service[103235]: DEBUG neutron_lib.callbacks.manager [None req-0a0e96a9-eb68-49f3-a333-66c2cc377576 None None] Publish callbacks ['neutron.plugins.ml2.plugin.SecurityGroupDbMixin._ensure_default_security_group_handler-76522', 'neutron.services.ovn_l3.plugin.OVNL3RouterPlugin._port_update-8241427447038', 'neutron.db.l3_db.L3_NAT_dbonly_mixin._prevent_internal_ip_change_for_fip-8241429001790'] for port (52d4111a-f58f-401d-ada0-40a4207d55d1), before_update {{(pid=103235) _notify_loop /opt/stack/data/venv/lib/python3.12/site-packages/neutron_lib/callbacks/manager.py:184}}
May 05 11:28:39.364317 np0000171773 devstack@neutron-api.service[103235]: DEBUG neutron.plugins.ml2.db [None req-0a0e96a9-eb68-49f3-a333-66c2cc377576 None None] For port 52d4111a-f58f-401d-ada0-40a4207d55d1, host np0000171773, got binding levels [PortBindingLevel(driver='ovn',host='np0000171773',level=0,port_id=52d4111a-f58f-401d-ada0-40a4207d55d1,segment=NetworkSegment(d09d7e27-b782-47e2-b5cf-f12e63e810dd),segment_id=d09d7e27-b782-47e2-b5cf-f12e63e810dd)] {{(pid=103235) get_binding_level_objs /opt/stack/neutron/neutron/plugins/ml2/db.py:74}}
May 05 11:28:39.364667 np0000171773 devstack@neutron-api.service[103235]: DEBUG neutron.plugins.ml2.drivers.ovn.mech_driver.mech_driver [None req-0a0e96a9-eb68-49f3-a333-66c2cc377576 None None] No provisioning block for port 52d4111a-f58f-401d-ada0-40a4207d55d1 since it is active {{(pid=103235) _is_port_provisioning_required /opt/stack/neutron/neutron/plugins/ml2/drivers/ovn/mech_driver/mech_driver.py:889}}
May 05 11:28:39.438270 np0000171773 devstack@neutron-api.service[103235]: DEBUG ovsdbapp.backend.ovs_idl.transaction [None req-a36e34ec-75d7-4734-b768-cc493c824cea None None] Running txn n=1 command(idx=0): CheckRevisionNumberCommand(_result=None, name=52d4111a-f58f-401d-ada0-40a4207d55d1, resource={'id': '52d4111a-f58f-401d-ada0-40a4207d55d1', 'name': '', 'network_id': '69949001-78ae-44ee-93bc-9c491bb92a39', 'project_id': '758fcaba50994c499e22319c5486edf6', 'mac_address': 'fa:16:3e:4e:dc:ec', 'admin_state_up': True, 'status': 'ACTIVE', 'device_id': 'manila-admin-share', 'device_owner': 'manila:share', 'standard_attr_id': 46, 'fixed_ips': [{'subnet_id': '20ef4351-bfd2-4dc3-9e4c-af0763726715', 'ip_address': '10.2.5.246'}], 'allowed_address_pairs': [], 'extra_dhcp_opts': [], 'security_groups': [], 'description': '', 'binding:vnic_type': 'normal', 'binding:profile': {}, 'binding:host_id': 'np0000171773', 'binding:vif_type': 'ovs', 'binding:vif_details': {'port_filter': True, 'connectivity': 'l2', 'ovs_create_tap': False, 'bridge_name': 'br-int', 'datapath_type': 'system', 'bound_drivers': {'0': 'ovn'}}, 'port_security_enabled': False, 'tags': [], 'created_at': '2026-05-05T11:28:38Z', 'updated_at': '2026-05-05T11:28:39Z', 'revision_number': 4, 'tenant_id': '758fcaba50994c499e22319c5486edf6', 'network': {'id': '69949001-78ae-44ee-93bc-9c491bb92a39', 'name': 'admin_net', 'tenant_id': '758fcaba50994c499e22319c5486edf6', 'project_id': '758fcaba50994c499e22319c5486edf6', 'admin_state_up': True, 'mtu': 1372, 'status': 'ACTIVE', 'subnets': ['20ef4351-bfd2-4dc3-9e4c-af0763726715'], 'standard_attr_id': 42, 'shared': False, 'availability_zone_hints': [], 'availability_zones': [], 'ipv4_address_scope': None, 'ipv6_address_scope': None, 'router:external': False, 'qinq': False, 'vlan_transparent': False, 'description': '', 'port_security_enabled': True, 'tags': [], 'created_at': '2026-05-05T11:28:29Z', 'updated_at': '2026-05-05T11:28:32Z', 'revision_number': 2, 'provider:network_type': 'geneve', 'provider:physical_network': None, 'provider:segmentation_id': 57018}}, resource_type=ports, if_exists=True) {{(pid=103235) do_commit /opt/stack/data/venv/lib/python3.12/site-packages/ovsdbapp/backend/ovs_idl/transaction.py:89}}
May 05 11:28:39.439103 np0000171773 devstack@neutron-api.service[103235]: DEBUG ovsdbapp.backend.ovs_idl.transaction [None req-a36e34ec-75d7-4734-b768-cc493c824cea None None] Running txn n=1 command(idx=1): SetLSwitchPortCommand(_result=None, lport=52d4111a-f58f-401d-ada0-40a4207d55d1, external_ids_update=None, columns={'external_ids': {'neutron:port_name': '', 'neutron:device_id': 'manila-admin-share', 'neutron:project_id': '758fcaba50994c499e22319c5486edf6', 'neutron:cidrs': '10.2.5.246/24', 'neutron:device_owner': 'manila:share', 'neutron:subnet_pool_addr_scope4': '', 'neutron:subnet_pool_addr_scope6': '', 'neutron:network_name': 'neutron-69949001-78ae-44ee-93bc-9c491bb92a39', 'neutron:security_group_ids': '', 'neutron:revision_number': '4', 'neutron:vnic_type': 'normal', 'neutron:port_capabilities': '', 'neutron:mtu': ''}, 'parent_name': [], 'tag': [], 'options': {'requested-chassis': 'np0000171773'}, 'enabled': True, 'port_security': [], 'dhcpv4_options': [UUID('3c96de9d-6f1a-4073-93c7-1eceb6362ea2')], 'dhcpv6_options': [], 'type': '', 'addresses': ['fa:16:3e:4e:dc:ec 10.2.5.246', 'unknown'], 'ha_chassis_group': []}, if_exists=False) {{(pid=103235) do_commit /opt/stack/data/venv/lib/python3.12/site-packages/ovsdbapp/backend/ovs_idl/transaction.py:89}}
May 05 11:28:39.441166 np0000171773 devstack@neutron-api.service[103235]: DEBUG ovsdbapp.backend.ovs_idl.transaction [None req-a36e34ec-75d7-4734-b768-cc493c824cea None None] Running txn n=1 command(idx=2): PgDelPortCommand(_result=None, port_group=neutron_pg_drop, lsp=['52d4111a-f58f-401d-ada0-40a4207d55d1'], if_exists=False) {{(pid=103235) do_commit /opt/stack/data/venv/lib/python3.12/site-packages/ovsdbapp/backend/ovs_idl/transaction.py:89}}
May 05 11:28:39.444975 np0000171773 devstack@neutron-api.service[103235]: DEBUG neutron.plugins.ml2.drivers.ovn.mech_driver.ovsdb.ovsdb_monitor [None req-a36e34ec-75d7-4734-b768-cc493c824cea None None] Touching Hash Ring node "ab5bc9d6f7c45a85925bd16071184881" from IDL notify handler {{(pid=103235) notify /opt/stack/neutron/neutron/plugins/ml2/drivers/ovn/mech_driver/ovsdb/ovsdb_monitor.py:934}}
May 05 11:28:39.452063 np0000171773 devstack@neutron-api.service[103235]: DEBUG neutron.plugins.ml2.drivers.ovn.mech_driver.ovsdb.ovsdb_monitor [None req-a36e34ec-75d7-4734-b768-cc493c824cea None None] Hash Ring: Node ab5bc9d6f7c45a85925bd16071184881 (host: np0000171773) handling event "update" for row 6606f650-6eb6-4917-bd5e-8b2ba47b8ff5 (table: Logical_Switch_Port) {{(pid=103235) notify /opt/stack/neutron/neutron/plugins/ml2/drivers/ovn/mech_driver/ovsdb/ovsdb_monitor.py:942}}
May 05 11:28:39.453806 np0000171773 devstack@neutron-api.service[103236]: DEBUG neutron.plugins.ml2.drivers.ovn.mech_driver.ovsdb.ovsdb_monitor [None req-bf2408a3-500f-453a-b5e0-742989863f22 None None] Touching Hash Ring node "e40baade242d536aa5a2129880ef8a99" from IDL notify handler {{(pid=103236) notify /opt/stack/neutron/neutron/plugins/ml2/drivers/ovn/mech_driver/ovsdb/ovsdb_monitor.py:934}}
May 05 11:28:39.461653 np0000171773 devstack@neutron-api.service[103236]: DEBUG neutron.plugins.ml2.drivers.ovn.mech_driver.ovsdb.ovsdb_monitor [None req-bf2408a3-500f-453a-b5e0-742989863f22 None None] Hash Ring: Node e40baade242d536aa5a2129880ef8a99 (host: np0000171773) handling event "update" for row 841fbec2-47b4-4794-8afa-3f7eaa4f0953 (table: Port_Binding) {{(pid=103236) notify /opt/stack/neutron/neutron/plugins/ml2/drivers/ovn/mech_driver/ovsdb/ovsdb_monitor.py:942}}
May 05 11:28:39.512653 np0000171773 devstack@neutron-api.service[103235]: INFO neutron.db.ovn_revision_numbers_db [None req-0a0e96a9-eb68-49f3-a333-66c2cc377576 None None] Successfully bumped revision number for resource 52d4111a-f58f-401d-ada0-40a4207d55d1 (type: ports) to 4
May 05 11:28:39.518435 np0000171773 devstack@neutron-api.service[103235]: DEBUG neutron_lib.callbacks.manager [None req-0a0e96a9-eb68-49f3-a333-66c2cc377576 None None] Publish callbacks ['neutron.plugins.ml2.ovo_rpc._ObjectChangeHandler.handle_event-3097125', 'neutron.db.l3_db.L3RpcNotifierMixin._notify_gateway_port_ip_changed-8241429003194', 'neutron.services.ovn_l3.plugin.OVNL3RouterPlugin._port_update-8241427447038'] for port (52d4111a-f58f-401d-ada0-40a4207d55d1), after_update {{(pid=103235) _notify_loop /opt/stack/data/venv/lib/python3.12/site-packages/neutron_lib/callbacks/manager.py:184}}
May 05 11:28:39.544526 np0000171773 devstack@neutron-api.service[103235]: DEBUG neutron.api.rpc.handlers.resources_rpc [None req-e26584ce-e75a-4974-ba5a-d48866ad7715 None None] Pushing event updated for resources: {'Port': ['ID=52d4111a-f58f-401d-ada0-40a4207d55d1,revision_number=4']} {{(pid=103235) push /opt/stack/neutron/neutron/api/rpc/handlers/resources_rpc.py:237}}
May 05 11:28:39.567669 np0000171773 devstack@neutron-api.service[103235]: DEBUG ovsdbapp.backend.ovs_idl.transaction [None req-a36e34ec-75d7-4734-b768-cc493c824cea None None] Running txn n=1 command(idx=0): DbSetCommand(_result=None, table=Logical_Switch_Port, record=52d4111a-f58f-401d-ada0-40a4207d55d1, col_values=(('external_ids', {'neutron:host_id': 'np0000171773'}),), if_exists=True) {{(pid=103235) do_commit /opt/stack/data/venv/lib/python3.12/site-packages/ovsdbapp/backend/ovs_idl/transaction.py:89}}
May 05 11:28:39.575025 np0000171773 devstack@neutron-api.service[103235]: DEBUG neutron.plugins.ml2.drivers.ovn.mech_driver.ovsdb.ovsdb_monitor [None req-a36e34ec-75d7-4734-b768-cc493c824cea None None] Touching Hash Ring node "ab5bc9d6f7c45a85925bd16071184881" from IDL notify handler {{(pid=103235) notify /opt/stack/neutron/neutron/plugins/ml2/drivers/ovn/mech_driver/ovsdb/ovsdb_monitor.py:934}}
May 05 11:28:39.577633 np0000171773 devstack@neutron-api.service[103236]: DEBUG neutron.plugins.ml2.drivers.ovn.mech_driver.ovsdb.ovsdb_monitor [None req-bf2408a3-500f-453a-b5e0-742989863f22 None None] Touching Hash Ring node "e40baade242d536aa5a2129880ef8a99" from IDL notify handler {{(pid=103236) notify /opt/stack/neutron/neutron/plugins/ml2/drivers/ovn/mech_driver/ovsdb/ovsdb_monitor.py:934}}
May 05 11:28:39.826318 np0000171773 devstack@neutron-api.service[103236]: DEBUG neutron.plugins.ml2.drivers.ovn.mech_driver.ovsdb.ovsdb_monitor [None req-bf2408a3-500f-453a-b5e0-742989863f22 None None] Hash Ring: Node e40baade242d536aa5a2129880ef8a99 (host: np0000171773) handling event "update" for row 841fbec2-47b4-4794-8afa-3f7eaa4f0953 (table: Port_Binding) {{(pid=103236) notify /opt/stack/neutron/neutron/plugins/ml2/drivers/ovn/mech_driver/ovsdb/ovsdb_monitor.py:942}}
May 05 11:28:39.827647 np0000171773 devstack@neutron-api.service[103235]: DEBUG neutron.plugins.ml2.drivers.ovn.mech_driver.ovsdb.ovsdb_monitor [None req-a36e34ec-75d7-4734-b768-cc493c824cea None None] Hash Ring: Node ab5bc9d6f7c45a85925bd16071184881 (host: np0000171773) handling event "update" for row 6606f650-6eb6-4917-bd5e-8b2ba47b8ff5 (table: Logical_Switch_Port) {{(pid=103235) notify /opt/stack/neutron/neutron/plugins/ml2/drivers/ovn/mech_driver/ovsdb/ovsdb_monitor.py:942}}
May 05 11:28:40.011623 np0000171773 devstack@neutron-api.service[103238]: DEBUG neutron.pecan_wsgi.hooks.policy_enforcement [None req-0fcccc95-c8b5-4cee-8a27-0b2d9ffdcfc2 service neutron] Attributes excluded by policy engine: ['standard_attr_id', 'shared'] {{(pid=103238) _exclude_attributes_by_policy /opt/stack/neutron/neutron/pecan_wsgi/hooks/policy_enforcement.py:256}}
May 05 11:28:40.012329 np0000171773 devstack@neutron-api.service[103238]: [pid: 103238|app: 0|req: 26/105] 199.204.45.144 () {64 vars in 1367 bytes} [Tue May 5 11:28:39 2026] GET /networking/v2.0/subnets/20ef4351-bfd2-4dc3-9e4c-af0763726715 => generated 625 bytes in 22 msecs (HTTP/1.1 200) 4 headers in 157 bytes (1 switches on core 0)
May 05 11:28:40.852797 np0000171773 devstack@neutron-api.service[103237]: DEBUG neutron.pecan_wsgi.hooks.policy_enforcement [None req-b0c95ba5-cb12-4ff2-af88-dfb606cc3fc6 service neutron] Attributes excluded by policy engine: ['standard_attr_id'] {{(pid=103237) _exclude_attributes_by_policy /opt/stack/neutron/neutron/pecan_wsgi/hooks/policy_enforcement.py:256}}
May 05 11:28:40.853440 np0000171773 devstack@neutron-api.service[103237]: [pid: 103237|app: 0|req: 28/106] 199.204.45.144 () {64 vars in 1369 bytes} [Tue May 5 11:28:40 2026] GET /networking/v2.0/ports?device_id=manila-admin-share&binding%3Ahost_id=np0000171773 => generated 932 bytes in 42 msecs (HTTP/1.1 200) 4 headers in 157 bytes (1 switches on core 0)
May 05 11:28:41.315152 np0000171773 devstack@neutron-api.service[103236]: DEBUG neutron.pecan_wsgi.hooks.policy_enforcement [None req-07e4a3db-91c3-478b-866a-29ffe31392cd service neutron] Attributes excluded by policy engine: ['standard_attr_id', 'shared'] {{(pid=103236) _exclude_attributes_by_policy /opt/stack/neutron/neutron/pecan_wsgi/hooks/policy_enforcement.py:256}}
May 05 11:28:41.316317 np0000171773 devstack@neutron-api.service[103236]: [pid: 103236|app: 0|req: 27/107] 199.204.45.144 () {64 vars in 1367 bytes} [Tue May 5 11:28:41 2026] GET /networking/v2.0/subnets/20ef4351-bfd2-4dc3-9e4c-af0763726715 => generated 625 bytes in 27 msecs (HTTP/1.1 200) 4 headers in 157 bytes (1 switches on core 0)
May 05 11:28:47.973913 np0000171773 devstack@neutron-api.service[103237]: DEBUG futurist.periodics [-] Submitting periodic callback 'neutron.plugins.ml2.drivers.ovn.mech_driver.ovsdb.maintenance.HashRingHealthCheckPeriodics.touch_hash_ring_node' {{(pid=103237) _process_scheduled /opt/stack/data/venv/lib/python3.12/site-packages/futurist/periodics.py:784}}
May 05 11:28:47.974597 np0000171773 devstack@neutron-api.service[103237]: DEBUG neutron.plugins.ml2.drivers.ovn.mech_driver.ovsdb.maintenance [-] Touching Hash Ring node "895db59cf0e554eaa7b35d1b684a35a5" from periodic health check thread {{(pid=103237) touch_hash_ring_node /opt/stack/neutron/neutron/plugins/ml2/drivers/ovn/mech_driver/ovsdb/maintenance.py:1466}}
May 05 11:28:48.646209 np0000171773 devstack@neutron-api.service[103238]: DEBUG futurist.periodics [-] Submitting periodic callback 'neutron.plugins.ml2.drivers.ovn.mech_driver.ovsdb.maintenance.HashRingHealthCheckPeriodics.touch_hash_ring_node' {{(pid=103238) _process_scheduled /opt/stack/data/venv/lib/python3.12/site-packages/futurist/periodics.py:784}}
May 05 11:28:48.646904 np0000171773 devstack@neutron-api.service[103238]: DEBUG neutron.plugins.ml2.drivers.ovn.mech_driver.ovsdb.maintenance [-] Touching Hash Ring node "bc29a27fa0fc540ca3f2f8633753c094" from periodic health check thread {{(pid=103238) touch_hash_ring_node /opt/stack/neutron/neutron/plugins/ml2/drivers/ovn/mech_driver/ovsdb/maintenance.py:1466}}
May 05 11:28:48.665017 np0000171773 devstack@neutron-api.service[103236]: DEBUG futurist.periodics [-] Submitting periodic callback 'neutron.plugins.ml2.drivers.ovn.mech_driver.ovsdb.maintenance.HashRingHealthCheckPeriodics.touch_hash_ring_node' {{(pid=103236) _process_scheduled /opt/stack/data/venv/lib/python3.12/site-packages/futurist/periodics.py:784}}
May 05 11:28:48.665648 np0000171773 devstack@neutron-api.service[103236]: DEBUG neutron.plugins.ml2.drivers.ovn.mech_driver.ovsdb.maintenance [-] Touching Hash Ring node "e40baade242d536aa5a2129880ef8a99" from periodic health check thread {{(pid=103236) touch_hash_ring_node /opt/stack/neutron/neutron/plugins/ml2/drivers/ovn/mech_driver/ovsdb/maintenance.py:1466}}
May 05 11:28:48.704696 np0000171773 devstack@neutron-api.service[103235]: DEBUG futurist.periodics [-] Submitting periodic callback 'neutron.plugins.ml2.drivers.ovn.mech_driver.ovsdb.maintenance.HashRingHealthCheckPeriodics.touch_hash_ring_node' {{(pid=103235) _process_scheduled /opt/stack/data/venv/lib/python3.12/site-packages/futurist/periodics.py:784}}
May 05 11:28:48.705274 np0000171773 devstack@neutron-api.service[103235]: DEBUG neutron.plugins.ml2.drivers.ovn.mech_driver.ovsdb.maintenance [-] Touching Hash Ring node "ab5bc9d6f7c45a85925bd16071184881" from periodic health check thread {{(pid=103235) touch_hash_ring_node /opt/stack/neutron/neutron/plugins/ml2/drivers/ovn/mech_driver/ovsdb/maintenance.py:1466}}
May 05 11:28:53.664202 np0000171773 devstack@neutron-api.service[103235]: DEBUG neutron.pecan_wsgi.hooks.policy_enforcement [None req-5a55c842-5d09-49f2-b471-9d64c9b8155f demo demo] Attributes excluded by policy engine: ['standard_attr_id', 'provider:network_type', 'provider:physical_network', 'provider:segmentation_id'] {{(pid=103235) _exclude_attributes_by_policy /opt/stack/neutron/neutron/pecan_wsgi/hooks/policy_enforcement.py:256}}
May 05 11:28:53.664998 np0000171773 devstack@neutron-api.service[103235]: [pid: 103235|app: 0|req: 27/108] 199.204.45.144 () {64 vars in 1304 bytes} [Tue May 5 11:28:53 2026] GET /networking/v2.0/networks?router%3Aexternal=True => generated 659 bytes in 58 msecs (HTTP/1.1 200) 4 headers in 157 bytes (1 switches on core 0)
May 05 11:28:57.985131 np0000171773 devstack@neutron-api.service[103237]: DEBUG dbcounter [-] [103237] Writing DB stats neutron:SELECT=27,neutron:UPDATE=3 {{(pid=103237) stat_writer /opt/stack/data/venv/lib/python3.12/site-packages/dbcounter.py:115}}
May 05 11:28:58.338582 np0000171773 devstack@neutron-api.service[103238]: DEBUG neutron.pecan_wsgi.hooks.policy_enforcement [None req-521152ff-02ea-49ac-98a3-ee17ea1bcbf3 demo demo] Attributes excluded by policy engine: ['standard_attr_id', 'provider:network_type', 'provider:physical_network', 'provider:segmentation_id'] {{(pid=103238) _exclude_attributes_by_policy /opt/stack/neutron/neutron/pecan_wsgi/hooks/policy_enforcement.py:256}}
May 05 11:28:58.339327 np0000171773 devstack@neutron-api.service[103238]: [pid: 103238|app: 0|req: 27/109] 199.204.45.144 () {64 vars in 1304 bytes} [Tue May 5 11:28:58 2026] GET /networking/v2.0/networks?router%3Aexternal=True => generated 659 bytes in 60 msecs (HTTP/1.1 200) 4 headers in 157 bytes (1 switches on core 0)
May 05 11:28:58.675599 np0000171773 devstack@neutron-api.service[103236]: DEBUG dbcounter [-] [103236] Writing DB stats neutron:UPDATE=14,neutron:SELECT=259,neutron:INSERT=11,neutron:DELETE=2 {{(pid=103236) stat_writer /opt/stack/data/venv/lib/python3.12/site-packages/dbcounter.py:115}}
May 05 11:29:02.974771 np0000171773 devstack@neutron-api.service[103237]: DEBUG futurist.periodics [-] Submitting periodic callback 'neutron.plugins.ml2.drivers.ovn.mech_driver.ovsdb.maintenance.HashRingHealthCheckPeriodics.touch_hash_ring_node' {{(pid=103237) _process_scheduled /opt/stack/data/venv/lib/python3.12/site-packages/futurist/periodics.py:784}}
May 05 11:29:02.975492 np0000171773 devstack@neutron-api.service[103237]: DEBUG neutron.plugins.ml2.drivers.ovn.mech_driver.ovsdb.maintenance [-] Touching Hash Ring node "895db59cf0e554eaa7b35d1b684a35a5" from periodic health check thread {{(pid=103237) touch_hash_ring_node /opt/stack/neutron/neutron/plugins/ml2/drivers/ovn/mech_driver/ovsdb/maintenance.py:1466}}
May 05 11:29:03.648387 np0000171773 devstack@neutron-api.service[103238]: DEBUG futurist.periodics [-] Submitting periodic callback 'neutron.plugins.ml2.drivers.ovn.mech_driver.ovsdb.maintenance.HashRingHealthCheckPeriodics.touch_hash_ring_node' {{(pid=103238) _process_scheduled /opt/stack/data/venv/lib/python3.12/site-packages/futurist/periodics.py:784}}
May 05 11:29:03.649999 np0000171773 devstack@neutron-api.service[103238]: DEBUG neutron.plugins.ml2.drivers.ovn.mech_driver.ovsdb.maintenance [-] Touching Hash Ring node "bc29a27fa0fc540ca3f2f8633753c094" from periodic health check thread {{(pid=103238) touch_hash_ring_node /opt/stack/neutron/neutron/plugins/ml2/drivers/ovn/mech_driver/ovsdb/maintenance.py:1466}}
May 05 11:29:03.659356 np0000171773 devstack@neutron-api.service[103235]: DEBUG dbcounter [-] [103235] Writing DB stats neutron:UPDATE=22,neutron:SELECT=328,neutron:INSERT=11,neutron:DELETE=3 {{(pid=103235) stat_writer /opt/stack/data/venv/lib/python3.12/site-packages/dbcounter.py:115}}
May 05 11:29:03.665847 np0000171773 devstack@neutron-api.service[103236]: DEBUG futurist.periodics [-] Submitting periodic callback 'neutron.plugins.ml2.drivers.ovn.mech_driver.ovsdb.maintenance.HashRingHealthCheckPeriodics.touch_hash_ring_node' {{(pid=103236) _process_scheduled /opt/stack/data/venv/lib/python3.12/site-packages/futurist/periodics.py:784}}
May 05 11:29:03.666573 np0000171773 devstack@neutron-api.service[103236]: DEBUG neutron.plugins.ml2.drivers.ovn.mech_driver.ovsdb.maintenance [-] Touching Hash Ring node "e40baade242d536aa5a2129880ef8a99" from periodic health check thread {{(pid=103236) touch_hash_ring_node /opt/stack/neutron/neutron/plugins/ml2/drivers/ovn/mech_driver/ovsdb/maintenance.py:1466}}
May 05 11:29:03.706806 np0000171773 devstack@neutron-api.service[103235]: DEBUG futurist.periodics [-] Submitting periodic callback 'neutron.plugins.ml2.drivers.ovn.mech_driver.ovsdb.maintenance.HashRingHealthCheckPeriodics.touch_hash_ring_node' {{(pid=103235) _process_scheduled /opt/stack/data/venv/lib/python3.12/site-packages/futurist/periodics.py:784}}
May 05 11:29:03.707496 np0000171773 devstack@neutron-api.service[103235]: DEBUG neutron.plugins.ml2.drivers.ovn.mech_driver.ovsdb.maintenance [-] Touching Hash Ring node "ab5bc9d6f7c45a85925bd16071184881" from periodic health check thread {{(pid=103235) touch_hash_ring_node /opt/stack/neutron/neutron/plugins/ml2/drivers/ovn/mech_driver/ovsdb/maintenance.py:1466}}
May 05 11:29:05.637990 np0000171773 devstack@neutron-api.service[103237]: DEBUG neutron.pecan_wsgi.hooks.policy_enforcement [None req-827d69b9-2a51-463a-a380-95cef7d0f1e6 demo demo] Attributes excluded by policy engine: ['standard_attr_id', 'provider:network_type', 'provider:physical_network', 'provider:segmentation_id'] {{(pid=103237) _exclude_attributes_by_policy /opt/stack/neutron/neutron/pecan_wsgi/hooks/policy_enforcement.py:256}}
May 05 11:29:05.638845 np0000171773 devstack@neutron-api.service[103237]: [pid: 103237|app: 0|req: 29/110] 199.204.45.144 () {64 vars in 1328 bytes} [Tue May 5 11:29:05 2026] GET /networking/v2.0/networks?name=public&router%3Aexternal=True => generated 659 bytes in 55 msecs (HTTP/1.1 200) 4 headers in 157 bytes (1 switches on core 0)
May 05 11:29:06.231264 np0000171773 devstack@neutron-api.service[103236]: [pid: 103236|app: 0|req: 28/111] 199.204.45.144 () {64 vars in 1267 bytes} [Tue May 5 11:29:06 2026] GET /networking/ => generated 130 bytes in 3 msecs (HTTP/1.1 200) 3 headers in 91 bytes (1 switches on core 0)
May 05 11:29:06.392543 np0000171773 devstack@neutron-api.service[103235]: DEBUG neutron.pecan_wsgi.hooks.policy_enforcement [None req-be241078-eb2f-420e-bd1a-2560d34aad94 demo demo] Attributes excluded by policy engine: ['standard_attr_id', 'provider:network_type', 'provider:physical_network', 'provider:segmentation_id'] {{(pid=103235) _exclude_attributes_by_policy /opt/stack/neutron/neutron/pecan_wsgi/hooks/policy_enforcement.py:256}}
May 05 11:29:06.393462 np0000171773 devstack@neutron-api.service[103235]: [pid: 103235|app: 0|req: 28/112] 199.204.45.144 () {64 vars in 1416 bytes} [Tue May 5 11:29:06 2026] GET /networking/v2.0/networks/6a226056-a879-4ff8-afc9-75b46dc666bb => generated 656 bytes in 156 msecs (HTTP/1.1 200) 4 headers in 157 bytes (1 switches on core 0)
May 05 11:29:06.425908 np0000171773 devstack@neutron-api.service[103238]: [pid: 103238|app: 0|req: 28/113] 199.204.45.144 () {64 vars in 1410 bytes} [Tue May 5 11:29:06 2026] GET /networking/v2.0/networks?name=k8s-clusterapi-cluster-magnum-system-kube-n6pea => generated 15 bytes in 20 msecs (HTTP/1.1 200) 4 headers in 156 bytes (1 switches on core 0)
May 05 11:29:06.438329 np0000171773 devstack@neutron-api.service[103237]: DEBUG neutron.api.v2.base [None req-cb32b7d0-a75b-4a8a-a49c-2895f40cf665 demo demo] Request body: {'network': {'admin_state_up': True, 'name': 'k8s-clusterapi-cluster-magnum-system-kube-n6pea'}} {{(pid=103237) prepare_request_body /opt/stack/neutron/neutron/api/v2/base.py:727}}
May 05 11:29:06.455137 np0000171773 devstack@neutron-api.service[103237]: DEBUG neutron.pecan_wsgi.hooks.quota_enforcement [None req-cb32b7d0-a75b-4a8a-a49c-2895f40cf665 demo demo] Made reservation on behalf of 2cc558b4234149cc87eaf3605f9e15a1 for: {'network': 1} {{(pid=103237) before /opt/stack/neutron/neutron/pecan_wsgi/hooks/quota_enforcement.py:66}}
May 05 11:29:06.461417 np0000171773 devstack@neutron-api.service[103237]: DEBUG neutron_lib.callbacks.manager [None req-cb32b7d0-a75b-4a8a-a49c-2895f40cf665 demo demo] Publish callbacks ['neutron.plugins.ml2.plugin.SecurityGroupDbMixin._ensure_default_security_group_handler-320235'] for network (None), before_create {{(pid=103237) _notify_loop /opt/stack/data/venv/lib/python3.12/site-packages/neutron_lib/callbacks/manager.py:184}}
May 05 11:29:06.467341 np0000171773 devstack@neutron-api.service[103237]: DEBUG neutron_lib.callbacks.manager [None req-cb32b7d0-a75b-4a8a-a49c-2895f40cf665 demo demo] Publish callbacks [] for security_group (None), before_create {{(pid=103237) _notify_loop /opt/stack/data/venv/lib/python3.12/site-packages/neutron_lib/callbacks/manager.py:184}}
May 05 11:29:06.535358 np0000171773 devstack@neutron-api.service[103237]: DEBUG neutron_lib.callbacks.manager [None req-cb32b7d0-a75b-4a8a-a49c-2895f40cf665 demo demo] Publish callbacks ['neutron.plugins.ml2.drivers.ovn.mech_driver.mech_driver.OVNMechanismDriver._create_security_group_precommit-1861983'] for security_group (f02ee659-044d-431b-9f1b-f5445c9df9b7), precommit_create {{(pid=103237) _notify_loop /opt/stack/data/venv/lib/python3.12/site-packages/neutron_lib/callbacks/manager.py:184}}
