2026-05-11 02:09:42.503 7 INFO placement.requestlog [req-2735698b-e32f-4a03-90b3-a8121cbc14ff req-36244a81-9450-40c5-ad63-95ee05374f34 822a4c9181bd430ebf36eef56670dc5c 375a66ef8de74792836ffa6f6e40b9d2 - - 2e13f986482149598fa02f65db435196 2e13f986482149598fa02f65db435196] 199.204.45.74 "GET /resource_providers?in_tree=ee1f7f95-4233-4107-adea-12e11075b4d4" status: 200 len: 797 microversion: 1.14 [pid: 7|app: 0|req: 290/582] 199.204.45.74 () {34 vars in 890 bytes} [Mon May 11 02:09:42 2026] GET /resource_providers?in_tree=ee1f7f95-4233-4107-adea-12e11075b4d4 => generated 797 bytes in 16 msecs (HTTP/1.1 200) 6 headers in 225 bytes (1 switches on core 0)
2026-05-11 02:09:42.525 8 INFO placement.requestlog [req-2735698b-e32f-4a03-90b3-a8121cbc14ff req-d9a3fc36-262e-4d61-96c3-79229d2fbfbe 822a4c9181bd430ebf36eef56670dc5c 375a66ef8de74792836ffa6f6e40b9d2 - - 2e13f986482149598fa02f65db435196 2e13f986482149598fa02f65db435196] 199.204.45.74 "GET /resource_providers/ee1f7f95-4233-4107-adea-12e11075b4d4/inventories" status: 200 len: 400 microversion: 1.0 [pid: 8|app: 0|req: 293/583] 199.204.45.74 () {32 vars in 855 bytes} [Mon May 11 02:09:42 2026] GET /resource_providers/ee1f7f95-4233-4107-adea-12e11075b4d4/inventories => generated 400 bytes in 14 msecs (HTTP/1.1 200) 6 headers in 224 bytes (1 switches on core 0)
2026-05-11 02:09:42.542 7 INFO placement.requestlog [req-2735698b-e32f-4a03-90b3-a8121cbc14ff req-ad26b6df-2536-4a12-bc89-2839de6a53ec 822a4c9181bd430ebf36eef56670dc5c 375a66ef8de74792836ffa6f6e40b9d2 - - 2e13f986482149598fa02f65db435196 2e13f986482149598fa02f65db435196] 199.204.45.74 "GET /resource_providers/ee1f7f95-4233-4107-adea-12e11075b4d4/aggregates" status: 200 len: 53 microversion: 1.19 [pid: 7|app: 0|req: 291/584] 199.204.45.74 () {34 vars in 897 bytes} [Mon May 11 02:09:42 2026] GET /resource_providers/ee1f7f95-4233-4107-adea-12e11075b4d4/aggregates => generated 53 bytes in 10 msecs (HTTP/1.1 200) 8 headers in 295 bytes (1 switches on core 0)
2026-05-11 02:09:42.567 8 INFO placement.requestlog [req-2735698b-e32f-4a03-90b3-a8121cbc14ff req-4c564a82-f103-43e2-8b6e-600136b9c5c4 822a4c9181bd430ebf36eef56670dc5c 375a66ef8de74792836ffa6f6e40b9d2 - - 2e13f986482149598fa02f65db435196 2e13f986482149598fa02f65db435196] 199.204.45.74 "GET /resource_providers/ee1f7f95-4233-4107-adea-12e11075b4d4/traits" status: 200 len: 2316 microversion: 1.6 [pid: 8|app: 0|req: 294/585] 199.204.45.74 () {34 vars in 888 bytes} [Mon May 11 02:09:42 2026] GET /resource_providers/ee1f7f95-4233-4107-adea-12e11075b4d4/traits => generated 2316 bytes in 18 msecs (HTTP/1.1 200) 6 headers in 225 bytes (1 switches on core 0)
2026-05-11 02:09:42.583 7 INFO placement.requestlog [req-2735698b-e32f-4a03-90b3-a8121cbc14ff req-60fa8b93-c08e-485d-b027-0744a9ea53c0 822a4c9181bd430ebf36eef56670dc5c 375a66ef8de74792836ffa6f6e40b9d2 - - 2e13f986482149598fa02f65db435196 2e13f986482149598fa02f65db435196] 199.204.45.74 "GET /resource_providers/ee1f7f95-4233-4107-adea-12e11075b4d4/allocations" status: 200 len: 54 microversion: 1.0 [pid: 7|app: 0|req: 292/586] 199.204.45.74 () {32 vars in 855 bytes} [Mon May 11 02:09:42 2026] GET /resource_providers/ee1f7f95-4233-4107-adea-12e11075b4d4/allocations => generated 54 bytes in 10 msecs (HTTP/1.1 200) 6 headers in 223 bytes (1 switches on core 0)
2026-05-11 02:09:44.932 8 INFO placement.requestlog [None req-06309aa1-346b-4405-a0ed-ffd685c226f6 - - - - - -] 10.0.0.132 "GET /" status: 200 len: 136 microversion: 1.0
2026-05-11 02:09:44.932 7 INFO placement.requestlog [None req-f5f04038-0cc5-4f9d-93ae-7fd2111b5a26 - - - - - -] 10.0.0.132 "GET /" status: 200 len: 136 microversion: 1.0
2026-05-11 02:09:54.931 8 INFO placement.requestlog [None req-1e3100ee-78d9-4596-97c1-4d66d409ebfa - - - - - -] 10.0.0.132 "GET /" status: 200 len: 136 microversion: 1.0
2026-05-11 02:09:54.932 7 INFO placement.requestlog [None req-88589438-3c62-4c78-aff4-2552cee2150e - - - - - -] 10.0.0.132 "GET /" status: 200 len: 136 microversion: 1.0
2026-05-11 02:10:04.931 8 INFO placement.requestlog [None req-824ae064-f9bb-4cbe-8ac2-b9c718b0585a - - - - - -] 10.0.0.132 "GET /" status: 200 len: 136 microversion: 1.0
2026-05-11 02:10:04.931 7 INFO placement.requestlog [None req-3779e73f-d838-423e-9ffe-33d56870dbed - - - - - -] 10.0.0.132 "GET /" status: 200 len: 136 microversion: 1.0
2026-05-11 02:10:14.931 8 INFO placement.requestlog [None req-f11cb8c7-f0ae-4f18-a407-d73726ba655a - - - - - -] 10.0.0.132 "GET /" status: 200 len: 136 microversion: 1.0
2026-05-11 02:10:14.935 7 INFO placement.requestlog [None req-2831fb54-8631-48b7-b485-4953af327e16 - - - - - -] 10.0.0.132 "GET /" status: 200 len: 136 microversion: 1.0
2026-05-11 02:10:24.933 7 INFO placement.requestlog [None req-02e7c35d-552e-4913-8064-c92a21a656d5 - - - - - -] 10.0.0.132 "GET /" status: 200 len: 136 microversion: 1.0
2026-05-11 02:10:24.933 8 INFO placement.requestlog [None req-769481aa-0e42-4329-a2c2-1803ec9a1ac0 - - - - - -] 10.0.0.132 "GET /" status: 200 len: 136 microversion: 1.0
2026-05-11 02:10:34.931 7 INFO placement.requestlog [None req-73c3d0e2-e706-4ef6-8c0a-d43a95e13054 - - - - - -] 10.0.0.132 "GET /" status: 200 len: 136 microversion: 1.0
2026-05-11 02:10:34.931 8 INFO placement.requestlog [None req-7b1c4d71-3371-4ed1-bddd-cdef4e0728ff - - - - - -] 10.0.0.132 "GET /" status: 200 len: 136 microversion: 1.0
2026-05-11 02:10:44.336 7 INFO placement.requestlog [req-ef39debf-d8cb-4c8c-869e-d7f125ffd9ba req-817fd7c1-d40e-4523-9dc5-58ca62e80118 822a4c9181bd430ebf36eef56670dc5c 375a66ef8de74792836ffa6f6e40b9d2 - - 2e13f986482149598fa02f65db435196 2e13f986482149598fa02f65db435196] 199.204.45.74 "GET /resource_providers/ee1f7f95-4233-4107-adea-12e11075b4d4/allocations" status: 200 len: 54 microversion: 1.0 [pid: 7|app: 0|req: 299/599] 199.204.45.74 () {32 vars in 855 bytes} [Mon May 11 02:10:44 2026] GET /resource_providers/ee1f7f95-4233-4107-adea-12e11075b4d4/allocations => generated 54 bytes in 13 msecs (HTTP/1.1 200) 6 headers in 223 bytes (1 switches on core 0)
2026-05-11 02:10:44.360 8 INFO placement.requestlog [req-ef39debf-d8cb-4c8c-869e-d7f125ffd9ba req-fc4032c7-bb4f-482e-9d4d-b9d3d4d9475b 822a4c9181bd430ebf36eef56670dc5c 375a66ef8de74792836ffa6f6e40b9d2 - - 2e13f986482149598fa02f65db435196 2e13f986482149598fa02f65db435196] 199.204.45.74 "GET /resource_providers/ee1f7f95-4233-4107-adea-12e11075b4d4/allocations" status: 200 len: 54 microversion: 1.0 [pid: 8|app: 0|req: 301/600] 199.204.45.74 () {32 vars in 855 bytes} [Mon May 11 02:10:44 2026] GET /resource_providers/ee1f7f95-4233-4107-adea-12e11075b4d4/allocations => generated 54 bytes in 14 msecs (HTTP/1.1 200) 6 headers in 223 bytes (1 switches on core 0)
2026-05-11 02:10:44.932 7 INFO placement.requestlog [None req-65fa2725-13c4-47b5-a9a0-cbe5e45111f1 - - - - - -] 10.0.0.132 "GET /" status: 200 len: 136 microversion: 1.0
2026-05-11 02:10:44.932 8 INFO placement.requestlog [None req-19ca412c-e5e7-4588-8805-1ccb28ca3b30 - - - - - -] 10.0.0.132 "GET /" status: 200 len: 136 microversion: 1.0
2026-05-11 02:10:54.931 8 INFO placement.requestlog [None req-8f292f2a-ffab-4391-839f-6d97dc4da47e - - - - - -] 10.0.0.132 "GET /" status: 200 len: 136 microversion: 1.0
2026-05-11 02:10:54.932 7 INFO placement.requestlog [None req-6e5c4d36-0471-46d3-9ae2-5447504dd7ac - - - - - -] 10.0.0.132 "GET /" status: 200 len: 136 microversion: 1.0
2026-05-11 02:11:04.932 8 INFO placement.requestlog [None req-99368043-16fa-477c-8b2b-25dd16d3c14a - - - - - -] 10.0.0.132 "GET /" status: 200 len: 136 microversion: 1.0
2026-05-11 02:11:04.932 7 INFO placement.requestlog [None req-08a59ce8-cd81-4c9e-9730-bbf0c5f3628b - - - - - -] 10.0.0.132 "GET /" status: 200 len: 136 microversion: 1.0
2026-05-11 02:11:14.932 8 INFO placement.requestlog [None req-2a37dfa3-299f-499b-bc73-4ddc6729c4dc - - - - - -] 10.0.0.132 "GET /" status: 200 len: 136 microversion: 1.0
2026-05-11 02:11:14.932 7 INFO placement.requestlog [None req-1b1eef69-985b-46c9-adab-9fd6b9776258 - - - - - -] 10.0.0.132 "GET /" status: 200 len: 136 microversion: 1.0
2026-05-11 02:11:24.932 8 INFO placement.requestlog [None req-c9a14e0e-4479-43fe-9224-e8122c656a70 - - - - - -] 10.0.0.132 "GET /" status: 200 len: 136 microversion: 1.0
2026-05-11 02:11:24.932 7 INFO placement.requestlog [None req-0f6a6b7b-1cb0-454b-9d67-9635c6f0a800 - - - - - -] 10.0.0.132 "GET /" status: 200 len: 136 microversion: 1.0
2026-05-11 02:11:34.932 7 INFO placement.requestlog [None req-c1f27596-ee62-41d8-b3dd-df1e26537949 - - - - - -] 10.0.0.132 "GET /" status: 200 len: 136 microversion: 1.0
2026-05-11 02:11:34.932 8 INFO placement.requestlog [None req-1d55dd82-2378-48c8-aec2-affb169bd0ff - - - - - -] 10.0.0.132 "GET /" status: 200 len: 136 microversion: 1.0
2026-05-11 02:11:44.345 7 INFO placement.requestlog [req-4c7d54e2-0ecf-46cf-a96c-17923525a0d4 req-3f07c7a2-023b-4823-b92e-fd756fd74fce 822a4c9181bd430ebf36eef56670dc5c 375a66ef8de74792836ffa6f6e40b9d2 - - 2e13f986482149598fa02f65db435196 2e13f986482149598fa02f65db435196] 199.204.45.74 "GET /resource_providers/ee1f7f95-4233-4107-adea-12e11075b4d4/allocations" status: 200 len: 54 microversion: 1.0 [pid: 7|app: 0|req: 306/613] 199.204.45.74 () {32 vars in 855 bytes} [Mon May 11 02:11:44 2026] GET /resource_providers/ee1f7f95-4233-4107-adea-12e11075b4d4/allocations => generated 54 bytes in 15 msecs (HTTP/1.1 200) 6 headers in 223 bytes (1 switches on core 0)
2026-05-11 02:11:44.368 8 INFO placement.requestlog [req-4c7d54e2-0ecf-46cf-a96c-17923525a0d4 req-1aa6358c-eede-4117-b872-003f881c53e2 822a4c9181bd430ebf36eef56670dc5c 375a66ef8de74792836ffa6f6e40b9d2 - - 2e13f986482149598fa02f65db435196 2e13f986482149598fa02f65db435196] 199.204.45.74 "GET /resource_providers/ee1f7f95-4233-4107-adea-12e11075b4d4/allocations" status: 200 len: 54 microversion: 1.0 [pid: 8|app: 0|req: 308/614] 199.204.45.74 () {32 vars in 855 bytes} [Mon May 11 02:11:44 2026] GET /resource_providers/ee1f7f95-4233-4107-adea-12e11075b4d4/allocations => generated 54 bytes in 16 msecs (HTTP/1.1 200) 6 headers in 223 bytes (1 switches on core 0)
2026-05-11 02:11:44.932 8 INFO placement.requestlog [None req-014be2e2-f57c-41f9-a481-070f8ca10894 - - - - - -] 10.0.0.132 "GET /" status: 200 len: 136 microversion: 1.0
2026-05-11 02:11:44.932 7 INFO placement.requestlog [None req-987bcccf-94fb-4ca6-9b39-6393eff04941 - - - - - -] 10.0.0.132 "GET /" status: 200 len: 136 microversion: 1.0
2026-05-11 02:11:54.932 8 INFO placement.requestlog [None req-9e88176a-a245-486c-92dd-18d6e2739672 - - - - - -] 10.0.0.132 "GET /" status: 200 len: 136 microversion: 1.0
2026-05-11 02:11:54.933 7 INFO placement.requestlog [None req-c4e6c83b-ed0b-4e72-9c28-ba0576513db8 - - - - - -] 10.0.0.132 "GET /" status: 200 len: 136 microversion: 1.0
2026-05-11 02:12:04.931 8 INFO placement.requestlog [None req-7385b2be-4a39-47c3-a328-af3fd3bf2b0a - - - - - -] 10.0.0.132 "GET /" status: 200 len: 136 microversion: 1.0
2026-05-11 02:12:04.932 7 INFO placement.requestlog [None req-d2c9a9ea-62fa-4c2c-82ed-67869f403539 - - - - - -] 10.0.0.132 "GET /" status: 200 len: 136 microversion: 1.0
2026-05-11 02:12:13.600 8 INFO placement.requestlog [req-42d5ab36-cec8-4be0-883e-539b3df1d818 req-9581b855-51ac-4f07-ae95-ba56cc7ce91d 822a4c9181bd430ebf36eef56670dc5c 375a66ef8de74792836ffa6f6e40b9d2 - - 2e13f986482149598fa02f65db435196 2e13f986482149598fa02f65db435196] 10.0.0.119 "GET /allocation_candidates?limit=1000&resources=DISK_GB%3A1%2CMEMORY_MB%3A512%2CVCPU%3A1&root_required=%21COMPUTE_STATUS_DISABLED" status: 200 len: 2781 microversion: 1.36 [pid: 8|app: 0|req: 312/621] 10.0.0.119 () {34 vars in 1011 bytes} [Mon May 11 02:12:13 2026] GET /allocation_candidates?limit=1000&resources=DISK_GB%3A1%2CMEMORY_MB%3A512%2CVCPU%3A1&root_required=%21COMPUTE_STATUS_DISABLED => generated 2781 bytes in 147 msecs (HTTP/1.1 200) 8 headers in 297 bytes (1 switches on core 0)
2026-05-11 02:12:13.642 7 INFO placement.requestlog [req-42d5ab36-cec8-4be0-883e-539b3df1d818 req-6fb2fa4d-70f2-441b-b25d-6cf495a47a00 822a4c9181bd430ebf36eef56670dc5c 375a66ef8de74792836ffa6f6e40b9d2 - - 2e13f986482149598fa02f65db435196 2e13f986482149598fa02f65db435196] 10.0.0.119 "GET /allocations/2f3f087a-3efb-43a6-aeb9-c501103c9585" status: 200 len: 19 microversion: 1.28 [pid: 7|app: 0|req: 310/622] 10.0.0.119 () {34 vars in 860 bytes} [Mon May 11 02:12:13 2026] GET /allocations/2f3f087a-3efb-43a6-aeb9-c501103c9585 => generated 19 bytes in 13 msecs (HTTP/1.1 200) 8 headers in 295 bytes (1 switches on core 0)
2026-05-11 02:12:13.715 8 INFO placement.requestlog [req-42d5ab36-cec8-4be0-883e-539b3df1d818 req-53f47f53-563f-4374-bc18-02289a2a44d1 822a4c9181bd430ebf36eef56670dc5c 375a66ef8de74792836ffa6f6e40b9d2 - - 2e13f986482149598fa02f65db435196 2e13f986482149598fa02f65db435196] 10.0.0.119 "PUT /allocations/2f3f087a-3efb-43a6-aeb9-c501103c9585" status: 204 len: 0 microversion: 1.36 [pid: 8|app: 0|req: 313/623] 10.0.0.119 () {38 vars in 913 bytes} [Mon May 11 02:12:13 2026] PUT /allocations/2f3f087a-3efb-43a6-aeb9-c501103c9585 => generated 0 bytes in 67 msecs (HTTP/1.1 204) 5 headers in 199 bytes (1 switches on core 0)
2026-05-11 02:12:13.946 7 INFO placement.requestlog [req-c4e6e039-37e2-4f0e-af46-fabacecace28 req-1843636b-0785-45a3-b602-76d19ef9e46c 822a4c9181bd430ebf36eef56670dc5c 375a66ef8de74792836ffa6f6e40b9d2 - - 2e13f986482149598fa02f65db435196 2e13f986482149598fa02f65db435196] 10.0.0.119 "GET /allocation_candidates?limit=1000&resources=DISK_GB%3A1%2CMEMORY_MB%3A512%2CVCPU%3A1&root_required=%21COMPUTE_STATUS_DISABLED" status: 200 len: 2783 microversion: 1.36 [pid: 7|app: 0|req: 311/624] 10.0.0.119 () {34 vars in 1011 bytes} [Mon May 11 02:12:13 2026] GET /allocation_candidates?limit=1000&resources=DISK_GB%3A1%2CMEMORY_MB%3A512%2CVCPU%3A1&root_required=%21COMPUTE_STATUS_DISABLED => generated 2783 bytes in 67 msecs (HTTP/1.1 200) 8 headers in 297 bytes (1 switches on core 0)
2026-05-11 02:12:13.993 8 INFO placement.requestlog [req-c4e6e039-37e2-4f0e-af46-fabacecace28 req-577cc1be-663c-4c8b-8a85-add06db4cc92 822a4c9181bd430ebf36eef56670dc5c 375a66ef8de74792836ffa6f6e40b9d2 - - 2e13f986482149598fa02f65db435196 2e13f986482149598fa02f65db435196] 10.0.0.119 "GET /allocations/184b93c3-9b02-4ed8-8897-676cfadcd73c" status: 200 len: 19 microversion: 1.28 [pid: 8|app: 0|req: 314/625] 10.0.0.119 () {34 vars in 860 bytes} [Mon May 11 02:12:13 2026] GET /allocations/184b93c3-9b02-4ed8-8897-676cfadcd73c => generated 19 bytes in 12 msecs (HTTP/1.1 200) 8 headers in 295 bytes (1 switches on core 0)
2026-05-11 02:12:14.090 7 INFO placement.requestlog [req-c4e6e039-37e2-4f0e-af46-fabacecace28 req-a40b6fd2-534a-4f95-858d-d1263bd25f5d 822a4c9181bd430ebf36eef56670dc5c 375a66ef8de74792836ffa6f6e40b9d2 - - 2e13f986482149598fa02f65db435196 2e13f986482149598fa02f65db435196] 10.0.0.119 "PUT /allocations/184b93c3-9b02-4ed8-8897-676cfadcd73c" status: 204 len: 0 microversion: 1.36 [pid: 7|app: 0|req: 312/626] 10.0.0.119 () {38 vars in 913 bytes} [Mon May 11 02:12:14 2026] PUT /allocations/184b93c3-9b02-4ed8-8897-676cfadcd73c => generated 0 bytes in 89 msecs (HTTP/1.1 204) 5 headers in 199 bytes (1 switches on core 0)
2026-05-11 02:12:14.932 7 INFO placement.requestlog [None req-7e5df1b7-77cb-4228-9e45-76dfb00dc41b - - - - - -] 10.0.0.132 "GET /" status: 200 len: 136 microversion: 1.0
2026-05-11 02:12:14.932 8 INFO placement.requestlog [None req-37944293-f8ac-4364-b034-d68b2aeeb5ce - - - - - -] 10.0.0.132 "GET /" status: 200 len: 136 microversion: 1.0
2026-05-11 02:12:15.281 8 INFO placement.requestlog [req-42d5ab36-cec8-4be0-883e-539b3df1d818 req-233a6ce3-a3ff-40b1-a41b-5b8cd4edda8d 822a4c9181bd430ebf36eef56670dc5c 375a66ef8de74792836ffa6f6e40b9d2 - - 2e13f986482149598fa02f65db435196 2e13f986482149598fa02f65db435196] 199.204.45.74 "GET /allocations/2f3f087a-3efb-43a6-aeb9-c501103c9585" status: 200 len: 257 microversion: 1.28 [pid: 8|app: 0|req: 316/629] 199.204.45.74 () {34 vars in 861 bytes} [Mon May 11 02:12:15 2026] GET /allocations/2f3f087a-3efb-43a6-aeb9-c501103c9585 => generated 257 bytes in 12 msecs (HTTP/1.1 200) 8 headers in 296 bytes (1 switches on core 0)
2026-05-11 02:12:15.664 7 INFO placement.requestlog [req-c4e6e039-37e2-4f0e-af46-fabacecace28 req-4de575d5-84da-4618-83f1-60e8ee3a6b57 822a4c9181bd430ebf36eef56670dc5c 375a66ef8de74792836ffa6f6e40b9d2 - - 2e13f986482149598fa02f65db435196 2e13f986482149598fa02f65db435196] 199.204.45.74 "GET /allocations/184b93c3-9b02-4ed8-8897-676cfadcd73c" status: 200 len: 257 microversion: 1.28 [pid: 7|app: 0|req: 314/630] 199.204.45.74 () {34 vars in 861 bytes} [Mon May 11 02:12:15 2026] GET /allocations/184b93c3-9b02-4ed8-8897-676cfadcd73c => generated 257 bytes in 8 msecs (HTTP/1.1 200) 8 headers in 296 bytes (1 switches on core 0)
2026-05-11 02:12:16.342 8 INFO placement.requestlog [req-42d5ab36-cec8-4be0-883e-539b3df1d818 req-b150f51a-8c67-4060-a452-914bde4ba590 822a4c9181bd430ebf36eef56670dc5c 375a66ef8de74792836ffa6f6e40b9d2 - - 2e13f986482149598fa02f65db435196 2e13f986482149598fa02f65db435196] 199.204.45.74 "GET /resource_providers/ee1f7f95-4233-4107-adea-12e11075b4d4/allocations" status: 200 len: 252 microversion: 1.0 [pid: 8|app: 0|req: 317/631] 199.204.45.74 () {32 vars in 855 bytes} [Mon May 11 02:12:16 2026] GET /resource_providers/ee1f7f95-4233-4107-adea-12e11075b4d4/allocations => generated 252 bytes in 32 msecs (HTTP/1.1 200) 6 headers in 224 bytes (1 switches on core 0)
2026-05-11 02:12:16.370 7 INFO placement.requestlog [req-42d5ab36-cec8-4be0-883e-539b3df1d818 req-28cf0253-892e-46d9-bbcb-e2f2bb72a8fb 822a4c9181bd430ebf36eef56670dc5c 375a66ef8de74792836ffa6f6e40b9d2 - - 2e13f986482149598fa02f65db435196 2e13f986482149598fa02f65db435196] 199.204.45.74 "GET /allocations/184b93c3-9b02-4ed8-8897-676cfadcd73c" status: 200 len: 257 microversion: 1.28 [pid: 7|app: 0|req: 315/632] 199.204.45.74 () {34 vars in 861 bytes} [Mon May 11 02:12:16 2026] GET /allocations/184b93c3-9b02-4ed8-8897-676cfadcd73c => generated 257 bytes in 18 msecs (HTTP/1.1 200) 8 headers in 296 bytes (1 switches on core 0)
2026-05-11 02:12:16.391 8 INFO placement.requestlog [req-42d5ab36-cec8-4be0-883e-539b3df1d818 req-b722c51f-1249-493c-8e2b-5854a76d075d 822a4c9181bd430ebf36eef56670dc5c 375a66ef8de74792836ffa6f6e40b9d2 - - 2e13f986482149598fa02f65db435196 2e13f986482149598fa02f65db435196] 199.204.45.74 "GET /allocations/2f3f087a-3efb-43a6-aeb9-c501103c9585" status: 200 len: 257 microversion: 1.28 [pid: 8|app: 0|req: 318/633] 199.204.45.74 () {34 vars in 861 bytes} [Mon May 11 02:12:16 2026] GET /allocations/2f3f087a-3efb-43a6-aeb9-c501103c9585 => generated 257 bytes in 12 msecs (HTTP/1.1 200) 8 headers in 296 bytes (1 switches on core 0)
2026-05-11 02:12:17.975 7 INFO placement.requestlog [None req-6adb20d8-08ff-4991-b5fc-36536d99d6d4 e23fdf46e50c44fdbb7ca894e098660a 375a66ef8de74792836ffa6f6e40b9d2 - - 2e13f986482149598fa02f65db435196 2e13f986482149598fa02f65db435196] 10.0.0.176 "GET /resource_providers/2346ec99-7c4f-42a3-8c02-64e576c33219/aggregates" status: 404 len: 235 microversion: 1.1 [pid: 7|app: 0|req: 316/634] 10.0.0.176 () {32 vars in 815 bytes} [Mon May 11 02:12:17 2026] GET /resource_providers/2346ec99-7c4f-42a3-8c02-64e576c33219/aggregates => generated 235 bytes in 121 msecs (HTTP/1.1 404) 5 headers in 202 bytes (1 switches on core 0)
2026-05-11 02:12:17.975 8 INFO placement.requestlog [None req-e30ded10-49cf-43c5-9ab0-b8f185991b65 e23fdf46e50c44fdbb7ca894e098660a 375a66ef8de74792836ffa6f6e40b9d2 - - 2e13f986482149598fa02f65db435196 2e13f986482149598fa02f65db435196] 10.0.0.176 "GET /resource_providers/2346ec99-7c4f-42a3-8c02-64e576c33219/aggregates" status: 404 len: 235 microversion: 1.1 [pid: 8|app: 0|req: 319/635] 10.0.0.176 () {32 vars in 815 bytes} [Mon May 11 02:12:17 2026] GET /resource_providers/2346ec99-7c4f-42a3-8c02-64e576c33219/aggregates => generated 235 bytes in 97 msecs (HTTP/1.1 404) 5 headers in 202 bytes (1 switches on core 0)
2026-05-11 02:12:17.990 7 INFO placement.requestlog [None req-eb67b466-5650-4f2e-b49f-687d2fffc06c e23fdf46e50c44fdbb7ca894e098660a 375a66ef8de74792836ffa6f6e40b9d2 - - 2e13f986482149598fa02f65db435196 2e13f986482149598fa02f65db435196] 10.0.0.176 "DELETE /resource_providers/2346ec99-7c4f-42a3-8c02-64e576c33219" status: 404 len: 246 microversion: 1.1 [pid: 7|app: 0|req: 317/636] 10.0.0.176 () {34 vars in 815 bytes} [Mon May 11 02:12:17 2026] DELETE /resource_providers/2346ec99-7c4f-42a3-8c02-64e576c33219 => generated 246 bytes in 7 msecs (HTTP/1.1 404) 6 headers in 231 bytes (1 switches on core 0)
2026-05-11 02:12:17.995 8 INFO placement.requestlog [None req-cd32f765-fc68-452b-b6b4-9c5b1644622d e23fdf46e50c44fdbb7ca894e098660a 375a66ef8de74792836ffa6f6e40b9d2 - - 2e13f986482149598fa02f65db435196 2e13f986482149598fa02f65db435196] 10.0.0.176 "DELETE /resource_providers/2346ec99-7c4f-42a3-8c02-64e576c33219" status: 404 len: 246 microversion: 1.1 [pid: 8|app: 0|req: 320/637] 10.0.0.176 () {34 vars in 815 bytes} [Mon May 11 02:12:17 2026] DELETE /resource_providers/2346ec99-7c4f-42a3-8c02-64e576c33219 => generated 246 bytes in 11 msecs (HTTP/1.1 404) 6 headers in 231 bytes (1 switches on core 0)
2026-05-11 02:12:18.369 7 INFO placement.requestlog [None req-66f83b69-8b42-43f1-b6d9-a54f218f19f4 e23fdf46e50c44fdbb7ca894e098660a 375a66ef8de74792836ffa6f6e40b9d2 - - 2e13f986482149598fa02f65db435196 2e13f986482149598fa02f65db435196] 10.0.0.176 "GET /resource_providers/2233a4db-5ee0-439a-9681-228550e4c7c3/aggregates" status: 404 len: 235 microversion: 1.1 [pid: 7|app: 0|req: 318/638] 10.0.0.176 () {32 vars in 815 bytes} [Mon May 11 02:12:18 2026] GET /resource_providers/2233a4db-5ee0-439a-9681-228550e4c7c3/aggregates => generated 235 bytes in 101 msecs (HTTP/1.1 404) 5 headers in 202 bytes (1 switches on core 0)
2026-05-11 02:12:18.382 8 INFO placement.requestlog [None req-994717ec-b535-46da-9a8d-5f4791f2d79a e23fdf46e50c44fdbb7ca894e098660a 375a66ef8de74792836ffa6f6e40b9d2 - - 2e13f986482149598fa02f65db435196 2e13f986482149598fa02f65db435196] 10.0.0.176 "GET /resource_providers/2233a4db-5ee0-439a-9681-228550e4c7c3/aggregates" status: 404 len: 235 microversion: 1.1 [pid: 8|app: 0|req: 321/639] 10.0.0.176 () {32 vars in 815 bytes} [Mon May 11 02:12:18 2026] GET /resource_providers/2233a4db-5ee0-439a-9681-228550e4c7c3/aggregates => generated 235 bytes in 88 msecs (HTTP/1.1 404) 5 headers in 202 bytes (1 switches on core 0)
2026-05-11 02:12:18.388 7 INFO placement.requestlog [None req-4daeb17c-5bbf-4c85-addd-b51208d0a30e e23fdf46e50c44fdbb7ca894e098660a 375a66ef8de74792836ffa6f6e40b9d2 - - 2e13f986482149598fa02f65db435196 2e13f986482149598fa02f65db435196] 10.0.0.176 "DELETE /resource_providers/2233a4db-5ee0-439a-9681-228550e4c7c3" status: 404 len: 246 microversion: 1.1 [pid: 7|app: 0|req: 319/640] 10.0.0.176 () {34 vars in 815 bytes} [Mon May 11 02:12:18 2026] DELETE /resource_providers/2233a4db-5ee0-439a-9681-228550e4c7c3 => generated 246 bytes in 12 msecs (HTTP/1.1 404) 6 headers in 231 bytes (1 switches on core 0)
2026-05-11 02:12:18.402 8 INFO placement.requestlog [None req-d2d508c0-87fd-4e9d-a5ff-4c31ce1b7d80 e23fdf46e50c44fdbb7ca894e098660a 375a66ef8de74792836ffa6f6e40b9d2 - - 2e13f986482149598fa02f65db435196 2e13f986482149598fa02f65db435196] 10.0.0.176 "DELETE /resource_providers/2233a4db-5ee0-439a-9681-228550e4c7c3" status: 404 len: 246 microversion: 1.1 [pid: 8|app: 0|req: 322/641] 10.0.0.176 () {34 vars in 815 bytes} [Mon May 11 02:12:18 2026] DELETE /resource_providers/2233a4db-5ee0-439a-9681-228550e4c7c3 => generated 246 bytes in 11 msecs (HTTP/1.1 404) 6 headers in 231 bytes (1 switches on core 0)
2026-05-11 02:12:18.461 7 INFO placement.requestlog [req-c4e6e039-37e2-4f0e-af46-fabacecace28 req-2cdb8ec9-d291-4e9e-9c0a-a6a67bb16ed6 822a4c9181bd430ebf36eef56670dc5c 375a66ef8de74792836ffa6f6e40b9d2 - - 2e13f986482149598fa02f65db435196 2e13f986482149598fa02f65db435196] 199.204.45.74 "GET /resource_providers/ee1f7f95-4233-4107-adea-12e11075b4d4/allocations" status: 200 len: 252 microversion: 1.0 [pid: 7|app: 0|req: 320/642] 199.204.45.74 () {32 vars in 855 bytes} [Mon May 11 02:12:18 2026] GET /resource_providers/ee1f7f95-4233-4107-adea-12e11075b4d4/allocations => generated 252 bytes in 21 msecs (HTTP/1.1 200) 6 headers in 224 bytes (1 switches on core 0)
2026-05-11 02:12:18.497 8 INFO placement.requestlog [req-c4e6e039-37e2-4f0e-af46-fabacecace28 req-347ad1e4-6758-47ac-bcb7-eafc15987fae 822a4c9181bd430ebf36eef56670dc5c 375a66ef8de74792836ffa6f6e40b9d2 - - 2e13f986482149598fa02f65db435196 2e13f986482149598fa02f65db435196] 199.204.45.74 "GET /allocations/184b93c3-9b02-4ed8-8897-676cfadcd73c" status: 200 len: 257 microversion: 1.28 [pid: 8|app: 0|req: 323/643] 199.204.45.74 () {34 vars in 861 bytes} [Mon May 11 02:12:18 2026] GET /allocations/184b93c3-9b02-4ed8-8897-676cfadcd73c => generated 257 bytes in 13 msecs (HTTP/1.1 200) 8 headers in 296 bytes (1 switches on core 0)
2026-05-11 02:12:18.520 7 INFO placement.requestlog [req-c4e6e039-37e2-4f0e-af46-fabacecace28 req-bed16e93-6608-4914-a244-d80f3f08c0ef 822a4c9181bd430ebf36eef56670dc5c 375a66ef8de74792836ffa6f6e40b9d2 - - 2e13f986482149598fa02f65db435196 2e13f986482149598fa02f65db435196] 199.204.45.74 "GET /allocations/2f3f087a-3efb-43a6-aeb9-c501103c9585" status: 200 len: 257 microversion: 1.28 [pid: 7|app: 0|req: 321/644] 199.204.45.74 () {34 vars in 861 bytes} [Mon May 11 02:12:18 2026] GET /allocations/2f3f087a-3efb-43a6-aeb9-c501103c9585 => generated 257 bytes in 12 msecs (HTTP/1.1 200) 8 headers in 296 bytes (1 switches on core 0)
2026-05-11 02:12:24.931 8 INFO placement.requestlog [None req-6404eed0-22b1-4893-a8f6-fb7c12db6881 - - - - - -] 10.0.0.132 "GET /" status: 200 len: 136 microversion: 1.0
2026-05-11 02:12:24.931 7 INFO placement.requestlog [None req-2cd890af-f8fd-4705-8773-e5a9c91146f5 - - - - - -] 10.0.0.132 "GET /" status: 200 len: 136 microversion: 1.0
2026-05-11 02:12:28.056 8 INFO placement.requestlog [req-8288a329-3f3d-486a-ac67-e6cc0127e30d req-8bfa384f-c610-4c0c-9932-2d58c2e2b777 822a4c9181bd430ebf36eef56670dc5c 375a66ef8de74792836ffa6f6e40b9d2 - - 2e13f986482149598fa02f65db435196 2e13f986482149598fa02f65db435196] 10.0.0.119 "GET /allocation_candidates?limit=1000&resources=DISK_GB%3A1%2CMEMORY_MB%3A512%2CVCPU%3A1&root_required=%21COMPUTE_STATUS_DISABLED" status: 200 len: 2784 microversion: 1.36 [pid: 8|app: 0|req: 325/647] 10.0.0.119 () {34 vars in 1011 bytes} [Mon May 11 02:12:28 2026] GET /allocation_candidates?limit=1000&resources=DISK_GB%3A1%2CMEMORY_MB%3A512%2CVCPU%3A1&root_required=%21COMPUTE_STATUS_DISABLED => generated 2784 bytes in 53 msecs (HTTP/1.1 200) 8 headers in 297 bytes (1 switches on core 0)
2026-05-11 02:12:28.088 7 INFO placement.requestlog [req-8288a329-3f3d-486a-ac67-e6cc0127e30d req-399de350-da9c-4d99-b9bd-a29ed29150ca 822a4c9181bd430ebf36eef56670dc5c 375a66ef8de74792836ffa6f6e40b9d2 - - 2e13f986482149598fa02f65db435196 2e13f986482149598fa02f65db435196] 10.0.0.119 "GET /allocations/5145d2fb-19d2-4ae8-800b-e1ca3f6b0d5f" status: 200 len: 19 microversion: 1.28 [pid: 7|app: 0|req: 323/648] 10.0.0.119 () {34 vars in 860 bytes} [Mon May 11 02:12:28 2026] GET /allocations/5145d2fb-19d2-4ae8-800b-e1ca3f6b0d5f => generated 19 bytes in 9 msecs (HTTP/1.1 200) 8 headers in 295 bytes (1 switches on core 0)
2026-05-11 02:12:28.163 8 INFO placement.requestlog [req-8288a329-3f3d-486a-ac67-e6cc0127e30d req-f078e440-770b-43f5-9d62-e31d4e2d9472 822a4c9181bd430ebf36eef56670dc5c 375a66ef8de74792836ffa6f6e40b9d2 - - 2e13f986482149598fa02f65db435196 2e13f986482149598fa02f65db435196] 10.0.0.119 "PUT /allocations/5145d2fb-19d2-4ae8-800b-e1ca3f6b0d5f" status: 204 len: 0 microversion: 1.36 [pid: 8|app: 0|req: 326/649] 10.0.0.119 () {38 vars in 913 bytes} [Mon May 11 02:12:28 2026] PUT /allocations/5145d2fb-19d2-4ae8-800b-e1ca3f6b0d5f => generated 0 bytes in 69 msecs (HTTP/1.1 204) 5 headers in 199 bytes (1 switches on core 0)
2026-05-11 02:12:29.634 7 INFO placement.requestlog [req-8288a329-3f3d-486a-ac67-e6cc0127e30d req-4753f9de-47d9-4f54-8af7-f5d9a64f8e57 822a4c9181bd430ebf36eef56670dc5c 375a66ef8de74792836ffa6f6e40b9d2 - - 2e13f986482149598fa02f65db435196 2e13f986482149598fa02f65db435196] 199.204.45.74 "GET /allocations/5145d2fb-19d2-4ae8-800b-e1ca3f6b0d5f" status: 200 len: 257 microversion: 1.28 [pid: 7|app: 0|req: 324/650] 199.204.45.74 () {34 vars in 861 bytes} [Mon May 11 02:12:29 2026] GET /allocations/5145d2fb-19d2-4ae8-800b-e1ca3f6b0d5f => generated 257 bytes in 14 msecs (HTTP/1.1 200) 8 headers in 296 bytes (1 switches on core 0)
2026-05-11 02:12:30.671 8 INFO placement.requestlog [req-8288a329-3f3d-486a-ac67-e6cc0127e30d req-9d8920a3-dc21-4cca-bddf-cdf81b064ffb 822a4c9181bd430ebf36eef56670dc5c 375a66ef8de74792836ffa6f6e40b9d2 - - 2e13f986482149598fa02f65db435196 2e13f986482149598fa02f65db435196] 199.204.45.74 "GET /resource_providers/ee1f7f95-4233-4107-adea-12e11075b4d4/allocations" status: 200 len: 352 microversion: 1.0 [pid: 8|app: 0|req: 327/651] 199.204.45.74 () {32 vars in 855 bytes} [Mon May 11 02:12:30 2026] GET /resource_providers/ee1f7f95-4233-4107-adea-12e11075b4d4/allocations => generated 352 bytes in 18 msecs (HTTP/1.1 200) 6 headers in 224 bytes (1 switches on core 0)
2026-05-11 02:12:30.688 7 INFO placement.requestlog [req-8288a329-3f3d-486a-ac67-e6cc0127e30d req-f22d6fd0-e34b-42b5-9836-97489f876cbb 822a4c9181bd430ebf36eef56670dc5c 375a66ef8de74792836ffa6f6e40b9d2 - - 2e13f986482149598fa02f65db435196 2e13f986482149598fa02f65db435196] 199.204.45.74 "GET /allocations/5145d2fb-19d2-4ae8-800b-e1ca3f6b0d5f" status: 200 len: 257 microversion: 1.28 [pid: 7|app: 0|req: 325/652] 199.204.45.74 () {34 vars in 861 bytes} [Mon May 11 02:12:30 2026] GET /allocations/5145d2fb-19d2-4ae8-800b-e1ca3f6b0d5f => generated 257 bytes in 12 msecs (HTTP/1.1 200) 8 headers in 296 bytes (1 switches on core 0)
2026-05-11 02:12:30.707 8 INFO placement.requestlog [req-8288a329-3f3d-486a-ac67-e6cc0127e30d req-0dfbdba3-fb73-4591-a166-ade0556a3368 822a4c9181bd430ebf36eef56670dc5c 375a66ef8de74792836ffa6f6e40b9d2 - - 2e13f986482149598fa02f65db435196 2e13f986482149598fa02f65db435196] 199.204.45.74 "GET /allocations/184b93c3-9b02-4ed8-8897-676cfadcd73c" status: 200 len: 257 microversion: 1.28 [pid: 8|app: 0|req: 328/653] 199.204.45.74 () {34 vars in 861 bytes} [Mon May 11 02:12:30 2026] GET /allocations/184b93c3-9b02-4ed8-8897-676cfadcd73c => generated 257 bytes in 12 msecs (HTTP/1.1 200) 8 headers in 296 bytes (1 switches on core 0)
2026-05-11 02:12:30.729 7 INFO placement.requestlog [req-8288a329-3f3d-486a-ac67-e6cc0127e30d req-535ca378-b0c7-4aa6-a3d3-3484e9e823e8 822a4c9181bd430ebf36eef56670dc5c 375a66ef8de74792836ffa6f6e40b9d2 - - 2e13f986482149598fa02f65db435196 2e13f986482149598fa02f65db435196] 199.204.45.74 "GET /allocations/2f3f087a-3efb-43a6-aeb9-c501103c9585" status: 200 len: 257 microversion: 1.28 [pid: 7|app: 0|req: 326/654] 199.204.45.74 () {34 vars in 861 bytes} [Mon May 11 02:12:30 2026] GET /allocations/2f3f087a-3efb-43a6-aeb9-c501103c9585 => generated 257 bytes in 14 msecs (HTTP/1.1 200) 8 headers in 296 bytes (1 switches on core 0)
2026-05-11 02:12:34.800 8 INFO placement.requestlog [req-6cd800c4-7b5b-473b-8d06-0541dd26b6db req-4d33c602-72dc-4efa-a96d-41a6db6d97ef 822a4c9181bd430ebf36eef56670dc5c 375a66ef8de74792836ffa6f6e40b9d2 - - 2e13f986482149598fa02f65db435196 2e13f986482149598fa02f65db435196] 10.0.0.119 "GET /allocation_candidates?limit=1000&resources=MEMORY_MB%3A512%2CVCPU%3A1&root_required=%21COMPUTE_STATUS_DISABLED" status: 200 len: 2770 microversion: 1.36 [pid: 8|app: 0|req: 329/655] 10.0.0.119 () {34 vars in 983 bytes} [Mon May 11 02:12:34 2026] GET /allocation_candidates?limit=1000&resources=MEMORY_MB%3A512%2CVCPU%3A1&root_required=%21COMPUTE_STATUS_DISABLED => generated 2770 bytes in 47 msecs (HTTP/1.1 200) 8 headers in 297 bytes (1 switches on core 0)
2026-05-11 02:12:34.841 7 INFO placement.requestlog [req-6cd800c4-7b5b-473b-8d06-0541dd26b6db req-3fee364b-c1ec-4aac-b63e-274320378edf 822a4c9181bd430ebf36eef56670dc5c 375a66ef8de74792836ffa6f6e40b9d2 - - 2e13f986482149598fa02f65db435196 2e13f986482149598fa02f65db435196] 10.0.0.119 "GET /allocations/28abfefa-0337-475e-98d3-5914c3e542a6" status: 200 len: 19 microversion: 1.28 [pid: 7|app: 0|req: 327/656] 10.0.0.119 () {34 vars in 860 bytes} [Mon May 11 02:12:34 2026] GET /allocations/28abfefa-0337-475e-98d3-5914c3e542a6 => generated 19 bytes in 18 msecs (HTTP/1.1 200) 8 headers in 295 bytes (1 switches on core 0)
2026-05-11 02:12:34.922 8 INFO placement.requestlog [req-6cd800c4-7b5b-473b-8d06-0541dd26b6db req-b422a28d-5454-4c99-9e0e-d7bbec252614 822a4c9181bd430ebf36eef56670dc5c 375a66ef8de74792836ffa6f6e40b9d2 - - 2e13f986482149598fa02f65db435196 2e13f986482149598fa02f65db435196] 10.0.0.119 "PUT /allocations/28abfefa-0337-475e-98d3-5914c3e542a6" status: 204 len: 0 microversion: 1.36 [pid: 8|app: 0|req: 330/657] 10.0.0.119 () {38 vars in 913 bytes} [Mon May 11 02:12:34 2026] PUT /allocations/28abfefa-0337-475e-98d3-5914c3e542a6 => generated 0 bytes in 76 msecs (HTTP/1.1 204) 5 headers in 199 bytes (1 switches on core 0)
2026-05-11 02:12:34.933 7 INFO placement.requestlog [None req-7e80af4f-94cb-46ed-9033-c0bc241368e2 - - - - - -] 10.0.0.132 "GET /" status: 200 len: 136 microversion: 1.0
2026-05-11 02:12:34.935 8 INFO placement.requestlog [None req-55ffcc04-dd35-4797-981d-54d47fcb3f60 - - - - - -] 10.0.0.132 "GET /" status: 200 len: 136 microversion: 1.0
2026-05-11 02:12:36.427 7 INFO placement.requestlog [req-6cd800c4-7b5b-473b-8d06-0541dd26b6db req-1a406368-b08c-47fc-a048-5518a4731713 822a4c9181bd430ebf36eef56670dc5c 375a66ef8de74792836ffa6f6e40b9d2 - - 2e13f986482149598fa02f65db435196 2e13f986482149598fa02f65db435196] 199.204.45.74 "GET /allocations/28abfefa-0337-475e-98d3-5914c3e542a6" status: 200 len: 243 microversion: 1.28 [pid: 7|app: 0|req: 329/660] 199.204.45.74 () {34 vars in 861 bytes} [Mon May 11 02:12:36 2026] GET /allocations/28abfefa-0337-475e-98d3-5914c3e542a6 => generated 243 bytes in 8 msecs (HTTP/1.1 200) 8 headers in 296 bytes (1 switches on core 0)
2026-05-11 02:12:37.465 8 INFO placement.requestlog [req-6cd800c4-7b5b-473b-8d06-0541dd26b6db req-27f8ee16-9ac1-4a56-8b67-031195bc7cf0 822a4c9181bd430ebf36eef56670dc5c 375a66ef8de74792836ffa6f6e40b9d2 - - 2e13f986482149598fa02f65db435196 2e13f986482149598fa02f65db435196] 199.204.45.74 "GET /resource_providers/ee1f7f95-4233-4107-adea-12e11075b4d4/allocations" status: 200 len: 438 microversion: 1.0 [pid: 8|app: 0|req: 332/661] 199.204.45.74 () {32 vars in 855 bytes} [Mon May 11 02:12:37 2026] GET /resource_providers/ee1f7f95-4233-4107-adea-12e11075b4d4/allocations => generated 438 bytes in 14 msecs (HTTP/1.1 200) 6 headers in 224 bytes (1 switches on core 0)
2026-05-11 02:12:37.483 7 INFO placement.requestlog [req-6cd800c4-7b5b-473b-8d06-0541dd26b6db req-d4b6f422-b62e-49ad-8f5e-1a4e48adcccb 822a4c9181bd430ebf36eef56670dc5c 375a66ef8de74792836ffa6f6e40b9d2 - - 2e13f986482149598fa02f65db435196 2e13f986482149598fa02f65db435196] 199.204.45.74 "GET /allocations/5145d2fb-19d2-4ae8-800b-e1ca3f6b0d5f" status: 200 len: 257 microversion: 1.28 [pid: 7|app: 0|req: 330/662] 199.204.45.74 () {34 vars in 861 bytes} [Mon May 11 02:12:37 2026] GET /allocations/5145d2fb-19d2-4ae8-800b-e1ca3f6b0d5f => generated 257 bytes in 12 msecs (HTTP/1.1 200) 8 headers in 296 bytes (1 switches on core 0)
2026-05-11 02:12:37.499 8 INFO placement.requestlog [req-6cd800c4-7b5b-473b-8d06-0541dd26b6db req-e251549a-d044-4b8b-bcc7-9cced6788d13 822a4c9181bd430ebf36eef56670dc5c 375a66ef8de74792836ffa6f6e40b9d2 - - 2e13f986482149598fa02f65db435196 2e13f986482149598fa02f65db435196] 199.204.45.74 "GET /allocations/28abfefa-0337-475e-98d3-5914c3e542a6" status: 200 len: 243 microversion: 1.28 [pid: 8|app: 0|req: 333/663] 199.204.45.74 () {34 vars in 861 bytes} [Mon May 11 02:12:37 2026] GET /allocations/28abfefa-0337-475e-98d3-5914c3e542a6 => generated 243 bytes in 11 msecs (HTTP/1.1 200) 8 headers in 296 bytes (1 switches on core 0)
2026-05-11 02:12:37.515 7 INFO placement.requestlog [req-6cd800c4-7b5b-473b-8d06-0541dd26b6db req-d4ef5825-812a-498f-b508-488930e31a10 822a4c9181bd430ebf36eef56670dc5c 375a66ef8de74792836ffa6f6e40b9d2 - - 2e13f986482149598fa02f65db435196 2e13f986482149598fa02f65db435196] 199.204.45.74 "GET /allocations/184b93c3-9b02-4ed8-8897-676cfadcd73c" status: 200 len: 257 microversion: 1.28 [pid: 7|app: 0|req: 331/664] 199.204.45.74 () {34 vars in 861 bytes} [Mon May 11 02:12:37 2026] GET /allocations/184b93c3-9b02-4ed8-8897-676cfadcd73c => generated 257 bytes in 11 msecs (HTTP/1.1 200) 8 headers in 296 bytes (1 switches on core 0)
2026-05-11 02:12:37.532 8 INFO placement.requestlog [req-6cd800c4-7b5b-473b-8d06-0541dd26b6db req-8fb24bc2-705a-4219-978b-0b984a6abebd 822a4c9181bd430ebf36eef56670dc5c 375a66ef8de74792836ffa6f6e40b9d2 - - 2e13f986482149598fa02f65db435196 2e13f986482149598fa02f65db435196] 199.204.45.74 "GET /allocations/2f3f087a-3efb-43a6-aeb9-c501103c9585" status: 200 len: 257 microversion: 1.28 [pid: 8|app: 0|req: 334/665] 199.204.45.74 () {34 vars in 861 bytes} [Mon May 11 02:12:37 2026] GET /allocations/2f3f087a-3efb-43a6-aeb9-c501103c9585 => generated 257 bytes in 11 msecs (HTTP/1.1 200) 8 headers in 296 bytes (1 switches on core 0)
2026-05-11 02:12:41.135 7 INFO placement.requestlog [req-d33e7008-609e-46d5-9c4f-931ac91f2df3 req-219e30ed-b963-49b1-ac3d-314130a35d49 822a4c9181bd430ebf36eef56670dc5c 375a66ef8de74792836ffa6f6e40b9d2 - - 2e13f986482149598fa02f65db435196 2e13f986482149598fa02f65db435196] 199.204.45.74 "GET /resource_providers/ee1f7f95-4233-4107-adea-12e11075b4d4/allocations" status: 200 len: 438 microversion: 1.0 [pid: 7|app: 0|req: 332/666] 199.204.45.74 () {32 vars in 855 bytes} [Mon May 11 02:12:41 2026] GET /resource_providers/ee1f7f95-4233-4107-adea-12e11075b4d4/allocations => generated 438 bytes in 15 msecs (HTTP/1.1 200) 6 headers in 224 bytes (1 switches on core 0)
2026-05-11 02:12:41.156 8 INFO placement.requestlog [req-d33e7008-609e-46d5-9c4f-931ac91f2df3 req-ae348cb8-93a6-4dd0-acaf-14fc884d1af6 822a4c9181bd430ebf36eef56670dc5c 375a66ef8de74792836ffa6f6e40b9d2 - - 2e13f986482149598fa02f65db435196 2e13f986482149598fa02f65db435196] 199.204.45.74 "GET /allocations/5145d2fb-19d2-4ae8-800b-e1ca3f6b0d5f" status: 200 len: 257 microversion: 1.28 [pid: 8|app: 0|req: 335/667] 199.204.45.74 () {34 vars in 861 bytes} [Mon May 11 02:12:41 2026] GET /allocations/5145d2fb-19d2-4ae8-800b-e1ca3f6b0d5f => generated 257 bytes in 12 msecs (HTTP/1.1 200) 8 headers in 296 bytes (1 switches on core 0)
2026-05-11 02:12:41.175 7 INFO placement.requestlog [req-d33e7008-609e-46d5-9c4f-931ac91f2df3 req-45857a02-7d7a-4261-b18d-696a01e99be8 822a4c9181bd430ebf36eef56670dc5c 375a66ef8de74792836ffa6f6e40b9d2 - - 2e13f986482149598fa02f65db435196 2e13f986482149598fa02f65db435196] 199.204.45.74 "GET /allocations/28abfefa-0337-475e-98d3-5914c3e542a6" status: 200 len: 243 microversion: 1.28 [pid: 7|app: 0|req: 333/668] 199.204.45.74 () {34 vars in 861 bytes} [Mon May 11 02:12:41 2026] GET /allocations/28abfefa-0337-475e-98d3-5914c3e542a6 => generated 243 bytes in 13 msecs (HTTP/1.1 200) 8 headers in 296 bytes (1 switches on core 0)
2026-05-11 02:12:41.195 8 INFO placement.requestlog [req-d33e7008-609e-46d5-9c4f-931ac91f2df3 req-e9ae8c91-20c8-4eb9-9b12-6d131b50b32d 822a4c9181bd430ebf36eef56670dc5c 375a66ef8de74792836ffa6f6e40b9d2 - - 2e13f986482149598fa02f65db435196 2e13f986482149598fa02f65db435196] 199.204.45.74 "GET /allocations/184b93c3-9b02-4ed8-8897-676cfadcd73c" status: 200 len: 257 microversion: 1.28 [pid: 8|app: 0|req: 336/669] 199.204.45.74 () {34 vars in 861 bytes} [Mon May 11 02:12:41 2026] GET /allocations/184b93c3-9b02-4ed8-8897-676cfadcd73c => generated 257 bytes in 13 msecs (HTTP/1.1 200) 8 headers in 296 bytes (1 switches on core 0)
2026-05-11 02:12:41.214 7 INFO placement.requestlog [req-d33e7008-609e-46d5-9c4f-931ac91f2df3 req-dcc7bb5b-de46-4814-8be3-92f0273ca0c3 822a4c9181bd430ebf36eef56670dc5c 375a66ef8de74792836ffa6f6e40b9d2 - - 2e13f986482149598fa02f65db435196 2e13f986482149598fa02f65db435196] 199.204.45.74 "GET /allocations/2f3f087a-3efb-43a6-aeb9-c501103c9585" status: 200 len: 257 microversion: 1.28 [pid: 7|app: 0|req: 334/670] 199.204.45.74 () {34 vars in 861 bytes} [Mon May 11 02:12:41 2026] GET /allocations/2f3f087a-3efb-43a6-aeb9-c501103c9585 => generated 257 bytes in 12 msecs (HTTP/1.1 200) 8 headers in 296 bytes (1 switches on core 0)
2026-05-11 02:12:42.301 8 INFO placement.requestlog [req-d33e7008-609e-46d5-9c4f-931ac91f2df3 req-1e826582-ffa9-47cc-b5bd-b139eb4edbef 822a4c9181bd430ebf36eef56670dc5c 375a66ef8de74792836ffa6f6e40b9d2 - - 2e13f986482149598fa02f65db435196 2e13f986482149598fa02f65db435196] 199.204.45.74 "DELETE /allocations/2f3f087a-3efb-43a6-aeb9-c501103c9585" status: 204 len: 0 microversion: 1.0 [pid: 8|app: 0|req: 337/671] 199.204.45.74 () {34 vars in 839 bytes} [Mon May 11 02:12:42 2026] DELETE /allocations/2f3f087a-3efb-43a6-aeb9-c501103c9585 => generated 0 bytes in 64 msecs (HTTP/1.1 204) 5 headers in 198 bytes (1 switches on core 0)
2026-05-11 02:12:44.932 7 INFO placement.requestlog [None req-a9dd7c6b-e92b-45c3-8d0f-c4ee59130947 - - - - - -] 10.0.0.132 "GET /" status: 200 len: 136 microversion: 1.0
2026-05-11 02:12:44.932 8 INFO placement.requestlog [None req-ead5fb71-f4cc-44a1-b08a-210678a7e8b4 - - - - - -] 10.0.0.132 "GET /" status: 200 len: 136 microversion: 1.0
2026-05-11 02:12:46.008 7 INFO placement.requestlog [None req-cf89b112-47e9-473b-ab8c-4a21d3353429 e23fdf46e50c44fdbb7ca894e098660a 375a66ef8de74792836ffa6f6e40b9d2 - - 2e13f986482149598fa02f65db435196 2e13f986482149598fa02f65db435196] 10.0.0.176 "GET /resource_providers/a1ec0d08-2add-4b5b-a2ff-1a5334b4f8b8/aggregates" status: 404 len: 235 microversion: 1.1 [pid: 7|app: 0|req: 336/674] 10.0.0.176 () {32 vars in 815 bytes} [Mon May 11 02:12:46 2026] GET /resource_providers/a1ec0d08-2add-4b5b-a2ff-1a5334b4f8b8/aggregates => generated 235 bytes in 8 msecs (HTTP/1.1 404) 5 headers in 202 bytes (1 switches on core 0)
2026-05-11 02:12:46.012 8 INFO placement.requestlog [None req-ed171b6f-1100-439f-89a0-8b1af2efe783 e23fdf46e50c44fdbb7ca894e098660a 375a66ef8de74792836ffa6f6e40b9d2 - - 2e13f986482149598fa02f65db435196 2e13f986482149598fa02f65db435196] 10.0.0.176 "GET /resource_providers/a1ec0d08-2add-4b5b-a2ff-1a5334b4f8b8/aggregates" status: 404 len: 235 microversion: 1.1 [pid: 8|app: 0|req: 339/675] 10.0.0.176 () {32 vars in 815 bytes} [Mon May 11 02:12:46 2026] GET /resource_providers/a1ec0d08-2add-4b5b-a2ff-1a5334b4f8b8/aggregates => generated 235 bytes in 10 msecs (HTTP/1.1 404) 5 headers in 202 bytes (1 switches on core 0)
2026-05-11 02:12:46.034 7 INFO placement.requestlog [None req-4c08b6fa-f4bc-40b0-9ec9-ada57508d74a e23fdf46e50c44fdbb7ca894e098660a 375a66ef8de74792836ffa6f6e40b9d2 - - 2e13f986482149598fa02f65db435196 2e13f986482149598fa02f65db435196] 10.0.0.176 "DELETE /resource_providers/a1ec0d08-2add-4b5b-a2ff-1a5334b4f8b8" status: 404 len: 246 microversion: 1.1 [pid: 7|app: 0|req: 337/676] 10.0.0.176 () {34 vars in 815 bytes} [Mon May 11 02:12:46 2026] DELETE /resource_providers/a1ec0d08-2add-4b5b-a2ff-1a5334b4f8b8 => generated 246 bytes in 9 msecs (HTTP/1.1 404) 6 headers in 231 bytes (1 switches on core 0)
2026-05-11 02:12:46.036 8 INFO placement.requestlog [None req-3f82ee73-3a96-42e8-ac9c-2feededa3f39 e23fdf46e50c44fdbb7ca894e098660a 375a66ef8de74792836ffa6f6e40b9d2 - - 2e13f986482149598fa02f65db435196 2e13f986482149598fa02f65db435196] 10.0.0.176 "DELETE /resource_providers/a1ec0d08-2add-4b5b-a2ff-1a5334b4f8b8" status: 404 len: 246 microversion: 1.1 [pid: 8|app: 0|req: 340/677] 10.0.0.176 () {34 vars in 815 bytes} [Mon May 11 02:12:46 2026] DELETE /resource_providers/a1ec0d08-2add-4b5b-a2ff-1a5334b4f8b8 => generated 246 bytes in 10 msecs (HTTP/1.1 404) 6 headers in 231 bytes (1 switches on core 0)
2026-05-11 02:12:48.042 7 INFO placement.requestlog [req-324c2135-5b70-4d7c-ae6c-4701230674d6 req-238e65c2-92e1-4eae-9066-8f51c11f81e8 822a4c9181bd430ebf36eef56670dc5c 375a66ef8de74792836ffa6f6e40b9d2 - - 2e13f986482149598fa02f65db435196 2e13f986482149598fa02f65db435196] 199.204.45.74 "GET /resource_providers/ee1f7f95-4233-4107-adea-12e11075b4d4/allocations" status: 200 len: 338 microversion: 1.0 [pid: 7|app: 0|req: 338/678] 199.204.45.74 () {32 vars in 855 bytes} [Mon May 11 02:12:48 2026] GET /resource_providers/ee1f7f95-4233-4107-adea-12e11075b4d4/allocations => generated 338 bytes in 27 msecs (HTTP/1.1 200) 6 headers in 224 bytes (1 switches on core 0)
2026-05-11 02:12:48.090 8 INFO placement.requestlog [req-324c2135-5b70-4d7c-ae6c-4701230674d6 req-4b1c5696-70e4-4c0f-a840-4c7d1b8b52d3 822a4c9181bd430ebf36eef56670dc5c 375a66ef8de74792836ffa6f6e40b9d2 - - 2e13f986482149598fa02f65db435196 2e13f986482149598fa02f65db435196] 199.204.45.74 "GET /resource_providers/ee1f7f95-4233-4107-adea-12e11075b4d4/allocations" status: 200 len: 338 microversion: 1.0 [pid: 8|app: 0|req: 341/679] 199.204.45.74 () {32 vars in 855 bytes} [Mon May 11 02:12:48 2026] GET /resource_providers/ee1f7f95-4233-4107-adea-12e11075b4d4/allocations => generated 338 bytes in 29 msecs (HTTP/1.1 200) 6 headers in 224 bytes (1 switches on core 0)
2026-05-11 02:12:48.112 7 INFO placement.requestlog [req-324c2135-5b70-4d7c-ae6c-4701230674d6 req-443c687b-0ba0-4e40-9b98-c9a669968de6 822a4c9181bd430ebf36eef56670dc5c 375a66ef8de74792836ffa6f6e40b9d2 - - 2e13f986482149598fa02f65db435196 2e13f986482149598fa02f65db435196] 199.204.45.74 "GET /allocations/28abfefa-0337-475e-98d3-5914c3e542a6" status: 200 len: 243 microversion: 1.28 [pid: 7|app: 0|req: 339/680] 199.204.45.74 () {34 vars in 861 bytes} [Mon May 11 02:12:48 2026] GET /allocations/28abfefa-0337-475e-98d3-5914c3e542a6 => generated 243 bytes in 13 msecs (HTTP/1.1 200) 8 headers in 296 bytes (1 switches on core 0)
2026-05-11 02:12:48.137 8 INFO placement.requestlog [req-324c2135-5b70-4d7c-ae6c-4701230674d6 req-7429bd3c-edc5-44db-985c-778bc13918bc 822a4c9181bd430ebf36eef56670dc5c 375a66ef8de74792836ffa6f6e40b9d2 - - 2e13f986482149598fa02f65db435196 2e13f986482149598fa02f65db435196] 199.204.45.74 "GET /allocations/184b93c3-9b02-4ed8-8897-676cfadcd73c" status: 200 len: 257 microversion: 1.28 [pid: 8|app: 0|req: 342/681] 199.204.45.74 () {34 vars in 861 bytes} [Mon May 11 02:12:48 2026] GET /allocations/184b93c3-9b02-4ed8-8897-676cfadcd73c => generated 257 bytes in 19 msecs (HTTP/1.1 200) 8 headers in 296 bytes (1 switches on core 0)
2026-05-11 02:12:48.158 7 INFO placement.requestlog [req-324c2135-5b70-4d7c-ae6c-4701230674d6 req-d3377c54-5a07-49af-a493-f01ba9b00ba1 822a4c9181bd430ebf36eef56670dc5c 375a66ef8de74792836ffa6f6e40b9d2 - - 2e13f986482149598fa02f65db435196 2e13f986482149598fa02f65db435196] 199.204.45.74 "GET /allocations/5145d2fb-19d2-4ae8-800b-e1ca3f6b0d5f" status: 200 len: 257 microversion: 1.28 [pid: 7|app: 0|req: 340/682] 199.204.45.74 () {34 vars in 861 bytes} [Mon May 11 02:12:48 2026] GET /allocations/5145d2fb-19d2-4ae8-800b-e1ca3f6b0d5f => generated 257 bytes in 13 msecs (HTTP/1.1 200) 8 headers in 296 bytes (1 switches on core 0)
2026-05-11 02:12:49.206 8 INFO placement.requestlog [req-3047332f-ddc4-46f0-a74d-a6a3ae560e89 req-53d24fdc-045d-400e-b259-413732d594b7 822a4c9181bd430ebf36eef56670dc5c 375a66ef8de74792836ffa6f6e40b9d2 - - 2e13f986482149598fa02f65db435196 2e13f986482149598fa02f65db435196] 199.204.45.74 "GET /resource_providers/ee1f7f95-4233-4107-adea-12e11075b4d4/allocations" status: 200 len: 338 microversion: 1.0 [pid: 8|app: 0|req: 343/683] 199.204.45.74 () {32 vars in 855 bytes} [Mon May 11 02:12:49 2026] GET /resource_providers/ee1f7f95-4233-4107-adea-12e11075b4d4/allocations => generated 338 bytes in 19 msecs (HTTP/1.1 200) 6 headers in 224 bytes (1 switches on core 0)
2026-05-11 02:12:49.232 7 INFO placement.requestlog [req-3047332f-ddc4-46f0-a74d-a6a3ae560e89 req-f95082bc-e280-4db0-b140-dec3c066465b 822a4c9181bd430ebf36eef56670dc5c 375a66ef8de74792836ffa6f6e40b9d2 - - 2e13f986482149598fa02f65db435196 2e13f986482149598fa02f65db435196] 199.204.45.74 "GET /allocations/28abfefa-0337-475e-98d3-5914c3e542a6" status: 200 len: 243 microversion: 1.28 [pid: 7|app: 0|req: 341/684] 199.204.45.74 () {34 vars in 861 bytes} [Mon May 11 02:12:49 2026] GET /allocations/28abfefa-0337-475e-98d3-5914c3e542a6 => generated 243 bytes in 18 msecs (HTTP/1.1 200) 8 headers in 296 bytes (1 switches on core 0)
2026-05-11 02:12:49.250 8 INFO placement.requestlog [req-3047332f-ddc4-46f0-a74d-a6a3ae560e89 req-d07dcdd3-f194-4e59-8e68-659b63dc9953 822a4c9181bd430ebf36eef56670dc5c 375a66ef8de74792836ffa6f6e40b9d2 - - 2e13f986482149598fa02f65db435196 2e13f986482149598fa02f65db435196] 199.204.45.74 "GET /allocations/184b93c3-9b02-4ed8-8897-676cfadcd73c" status: 200 len: 257 microversion: 1.28 [pid: 8|app: 0|req: 344/685] 199.204.45.74 () {34 vars in 861 bytes} [Mon May 11 02:12:49 2026] GET /allocations/184b93c3-9b02-4ed8-8897-676cfadcd73c => generated 257 bytes in 11 msecs (HTTP/1.1 200) 8 headers in 296 bytes (1 switches on core 0)
2026-05-11 02:12:49.268 7 INFO placement.requestlog [req-3047332f-ddc4-46f0-a74d-a6a3ae560e89 req-7fc362d0-85e1-4361-a48d-b245ea216562 822a4c9181bd430ebf36eef56670dc5c 375a66ef8de74792836ffa6f6e40b9d2 - - 2e13f986482149598fa02f65db435196 2e13f986482149598fa02f65db435196] 199.204.45.74 "GET /allocations/5145d2fb-19d2-4ae8-800b-e1ca3f6b0d5f" status: 200 len: 257 microversion: 1.28 [pid: 7|app: 0|req: 342/686] 199.204.45.74 () {34 vars in 861 bytes} [Mon May 11 02:12:49 2026] GET /allocations/5145d2fb-19d2-4ae8-800b-e1ca3f6b0d5f => generated 257 bytes in 13 msecs (HTTP/1.1 200) 8 headers in 296 bytes (1 switches on core 0)
