2026-04-20 12:39:38.033 8 INFO neutron.db.ovn_revision_numbers_db [None req-3d1ad74f-022b-4ec3-8abb-42cc53949f52 37233140544a470b8c80b6ca850e38e2 1c713a1189184b608b038d767ba76d9f - - default default] Successfully bumped revision number for resource 9bd8fa22-3b10-4a81-9f45-224a80a2f40e (type: routers) to 2 [pid: 8|app: 0|req: 413/845] 10.0.0.132 () {34 vars in 669 bytes} [Mon Apr 20 12:39:36 2026] POST /v2.0/routers => generated 962 bytes in 1912 msecs (HTTP/1.1 201) 4 headers in 162 bytes (1 switches on core 0) [pid: 8|app: 0|req: 414/846] 10.0.0.116 () {34 vars in 990 bytes} [Mon Apr 20 12:39:38 2026] GET /v2.0/ports?device_id=f2253734-7e45-4bba-8b5b-d1f27b891c34 => generated 12 bytes in 13 msecs (HTTP/1.1 200) 4 headers in 156 bytes (1 switches on core 0) [pid: 7|app: 0|req: 433/847] 10.0.0.132 () {32 vars in 774 bytes} [Mon Apr 20 12:39:37 2026] GET /v2.0/security-groups?tenant_id=6979239e4acf41688f9484152017b5bf&name=default => generated 2925 bytes in 284 msecs (HTTP/1.1 200) 4 headers in 158 bytes (1 switches on core 0)
2026-04-20 12:39:38.206 8 INFO neutron.db.ovn_revision_numbers_db [None req-ef726f63-25b5-4907-9a43-380f59213207 37233140544a470b8c80b6ca850e38e2 1c713a1189184b608b038d767ba76d9f - - default default] Successfully bumped revision number for resource 06383e3e-687d-4695-a3a6-b6778f2b2641 (type: security_groups) to 1
2026-04-20 12:39:38.220 8 INFO neutron.db.ovn_revision_numbers_db [None req-ef726f63-25b5-4907-9a43-380f59213207 37233140544a470b8c80b6ca850e38e2 1c713a1189184b608b038d767ba76d9f - - default default] Successfully bumped revision number for resource 6e5dbda8-041b-4236-a984-d1242d3c4a52 (type: security_group_rules) to 0
2026-04-20 12:39:38.229 8 INFO neutron.db.ovn_revision_numbers_db [None req-ef726f63-25b5-4907-9a43-380f59213207 37233140544a470b8c80b6ca850e38e2 1c713a1189184b608b038d767ba76d9f - - default default] Successfully bumped revision number for resource 84582ed3-9092-4bf4-905b-1860dde0299e (type: security_group_rules) to 0
2026-04-20 12:39:38.243 8 INFO neutron.db.ovn_revision_numbers_db [None req-ef726f63-25b5-4907-9a43-380f59213207 37233140544a470b8c80b6ca850e38e2 1c713a1189184b608b038d767ba76d9f - - default default] Successfully bumped revision number for resource ce8f1f74-ddd1-4759-a341-9ec821e0e869 (type: security_group_rules) to 0
2026-04-20 12:39:38.259 8 INFO neutron.db.ovn_revision_numbers_db [None req-ef726f63-25b5-4907-9a43-380f59213207 37233140544a470b8c80b6ca850e38e2 1c713a1189184b608b038d767ba76d9f - - default default] Successfully bumped revision number for resource d1e83261-f58c-4a70-87a1-10db2502a2ca (type: security_group_rules) to 0 [pid: 8|app: 0|req: 415/848] 10.0.0.132 () {32 vars in 774 bytes} [Mon Apr 20 12:39:38 2026] GET /v2.0/security-groups?tenant_id=ac13dd5f03b34a7e94f4ed278f3ce9f7&name=default => generated 2925 bytes in 223 msecs (HTTP/1.1 200) 4 headers in 158 bytes (1 switches on core 0) [pid: 8|app: 0|req: 416/849] 10.0.0.132 () {32 vars in 740 bytes} [Mon Apr 20 12:39:38 2026] DELETE /v2.0/security-groups/1513f4ce-26c4-4b50-9bb5-f129d4222a7d => generated 0 bytes in 183 msecs (HTTP/1.1 204) 2 headers in 112 bytes (1 switches on core 0) [pid: 8|app: 0|req: 417/850] 10.0.0.132 () {32 vars in 740 bytes} [Mon Apr 20 12:39:38 2026] DELETE /v2.0/security-groups/06383e3e-687d-4695-a3a6-b6778f2b2641 => generated 0 bytes in 237 msecs (HTTP/1.1 204) 2 headers in 112 bytes (1 switches on core 0) [pid: 8|app: 0|req: 418/851] 10.0.0.116 () {34 vars in 990 bytes} [Mon Apr 20 12:39:39 2026] GET /v2.0/ports?device_id=f2253734-7e45-4bba-8b5b-d1f27b891c34 => generated 12 bytes in 23 msecs (HTTP/1.1 200) 4 headers in 156 bytes (1 switches on core 0)
2026-04-20 12:39:39.316 7 WARNING neutron.scheduler.dhcp_agent_scheduler [None req-8b03944c-af0f-4d6c-a1df-d43e2e426e36 37233140544a470b8c80b6ca850e38e2 1c713a1189184b608b038d767ba76d9f - - default default] No more DHCP agents
2026-04-20 12:39:39.321 7 WARNING neutron.api.rpc.agentnotifiers.dhcp_rpc_agent_api [None req-8b03944c-af0f-4d6c-a1df-d43e2e426e36 37233140544a470b8c80b6ca850e38e2 1c713a1189184b608b038d767ba76d9f - - default default] Unable to schedule network 47251fea-6a6e-4aae-9819-4e675480eaa8: no agents available; will retry on subsequent port and subnet creation events.
2026-04-20 12:39:39.572 7 INFO neutron.db.ovn_revision_numbers_db [None req-8b03944c-af0f-4d6c-a1df-d43e2e426e36 37233140544a470b8c80b6ca850e38e2 1c713a1189184b608b038d767ba76d9f - - default default] Successfully bumped revision number for resource 49890e3b-2067-41d8-8fe4-dc06b5106113 (type: ports) to 1
2026-04-20 12:39:39.705 7 INFO neutron.db.ovn_revision_numbers_db [None req-43054478-dc3e-4462-9e2d-b7ef1130fa69 - - - - - -] Successfully bumped revision number for resource 4f6504b7-d0c0-4277-a0c1-f9adf22b4078 (type: ports) to 4 [pid: 8|app: 0|req: 419/852] 10.0.0.132 () {32 vars in 623 bytes} [Mon Apr 20 12:39:40 2026] GET / => generated 151 bytes in 2 msecs (HTTP/1.1 200) 3 headers in 91 bytes (1 switches on core 0)
2026-04-20 12:39:40.188 7 WARNING neutron.plugins.ml2.drivers.ovn.mech_driver.ovsdb.ovn_client [None req-2b1ae083-57bd-4d78-ae3b-ff5c032f40e7 - - - - - -] No port found with ID 4dd6cd7d-5dc9-454b-90d5-2937c2044492: RuntimeError: No port found with ID 4dd6cd7d-5dc9-454b-90d5-2937c2044492
2026-04-20 12:39:40.191 7 INFO neutron.plugins.ml2.drivers.ovn.mech_driver.mech_driver [None req-2b1ae083-57bd-4d78-ae3b-ff5c032f40e7 - - - - - -] OVN reports status down for port: 00d141f9-5de9-4a74-b5be-5ec24bba1f9e
2026-04-20 12:39:40.260 7 INFO neutron.plugins.ml2.drivers.ovn.mech_driver.mech_driver [None req-2b1ae083-57bd-4d78-ae3b-ff5c032f40e7 - - - - - -] OVN reports status down for port: 49890e3b-2067-41d8-8fe4-dc06b5106113 [pid: 8|app: 0|req: 420/853] 10.0.0.132 () {32 vars in 633 bytes} [Mon Apr 20 12:39:40 2026] GET /v2.0/ => generated 632 bytes in 195 msecs (HTTP/1.1 200) 4 headers in 157 bytes (1 switches on core 0)
2026-04-20 12:39:40.367 7 INFO neutron.db.ovn_revision_numbers_db [None req-43054478-dc3e-4462-9e2d-b7ef1130fa69 - - - - - -] Successfully bumped revision number for resource 4f6504b7-d0c0-4277-a0c1-f9adf22b4078 (type: ports) to 5 [pid: 8|app: 0|req: 421/854] 10.0.0.116 () {34 vars in 990 bytes} [Mon Apr 20 12:39:40 2026] GET /v2.0/ports?device_id=f2253734-7e45-4bba-8b5b-d1f27b891c34 => generated 12 bytes in 22 msecs (HTTP/1.1 200) 4 headers in 156 bytes (1 switches on core 0)
2026-04-20 12:39:40.663 7 INFO neutron.plugins.ml2.drivers.ovn.mech_driver.mech_driver [None req-2b1ae083-57bd-4d78-ae3b-ff5c032f40e7 - - - - - -] OVN reports status up for port: 49890e3b-2067-41d8-8fe4-dc06b5106113
2026-04-20 12:39:40.687 7 INFO neutron.plugins.ml2.plugin [None req-2b1ae083-57bd-4d78-ae3b-ff5c032f40e7 - - - - - -] Attempt 1 to provision port 49890e3b-2067-41d8-8fe4-dc06b5106113
2026-04-20 12:39:40.788 7 WARNING neutron.scheduler.dhcp_agent_scheduler [None req-8b03944c-af0f-4d6c-a1df-d43e2e426e36 37233140544a470b8c80b6ca850e38e2 1c713a1189184b608b038d767ba76d9f - - default default] No more DHCP agents
2026-04-20 12:39:40.789 7 WARNING neutron.api.rpc.agentnotifiers.dhcp_rpc_agent_api [None req-8b03944c-af0f-4d6c-a1df-d43e2e426e36 37233140544a470b8c80b6ca850e38e2 1c713a1189184b608b038d767ba76d9f - - default default] Unable to schedule network 47251fea-6a6e-4aae-9819-4e675480eaa8: no agents available; will retry on subsequent port and subnet creation events.
2026-04-20 12:39:41.066 8 INFO neutron.db.ovn_revision_numbers_db [None req-4bbd7fe4-372e-437e-a3c4-8bb196a441e4 37233140544a470b8c80b6ca850e38e2 1c713a1189184b608b038d767ba76d9f - - default default] Successfully bumped revision number for resource 9c1bcad7-49f8-4727-a038-8bd904934264 (type: security_groups) to 1
2026-04-20 12:39:41.075 8 INFO neutron.db.ovn_revision_numbers_db [None req-4bbd7fe4-372e-437e-a3c4-8bb196a441e4 37233140544a470b8c80b6ca850e38e2 1c713a1189184b608b038d767ba76d9f - - default default] Successfully bumped revision number for resource 11d15fa3-ffec-4710-8f57-47057c9082f7 (type: security_group_rules) to 0
2026-04-20 12:39:41.086 8 INFO neutron.db.ovn_revision_numbers_db [None req-4bbd7fe4-372e-437e-a3c4-8bb196a441e4 37233140544a470b8c80b6ca850e38e2 1c713a1189184b608b038d767ba76d9f - - default default] Successfully bumped revision number for resource 1d0bc3f1-a169-4022-9c43-a02b9f6452e9 (type: security_group_rules) to 0
2026-04-20 12:39:41.097 8 INFO neutron.db.ovn_revision_numbers_db [None req-4bbd7fe4-372e-437e-a3c4-8bb196a441e4 37233140544a470b8c80b6ca850e38e2 1c713a1189184b608b038d767ba76d9f - - default default] Successfully bumped revision number for resource d47a3463-27d7-440e-bb43-4fb44b2bca80 (type: security_group_rules) to 0
2026-04-20 12:39:41.108 8 INFO neutron.db.ovn_revision_numbers_db [None req-4bbd7fe4-372e-437e-a3c4-8bb196a441e4 37233140544a470b8c80b6ca850e38e2 1c713a1189184b608b038d767ba76d9f - - default default] Successfully bumped revision number for resource e0b5b1c9-9939-4e1a-ad9e-545d17fa6313 (type: security_group_rules) to 0 [pid: 8|app: 0|req: 422/855] 10.0.0.132 () {32 vars in 774 bytes} [Mon Apr 20 12:39:40 2026] GET /v2.0/security-groups?tenant_id=2418d9fa891d4eada44765ebd08d9a1c&name=default => generated 2925 bytes in 308 msecs (HTTP/1.1 200) 4 headers in 158 bytes (1 switches on core 0)
2026-04-20 12:39:41.337 7 INFO neutron.db.ovn_revision_numbers_db [None req-2b1ae083-57bd-4d78-ae3b-ff5c032f40e7 - - - - - -] Successfully bumped revision number for resource 49890e3b-2067-41d8-8fe4-dc06b5106113 (type: ports) to 2 [pid: 8|app: 0|req: 425/858] 10.0.0.132 () {32 vars in 740 bytes} [Mon Apr 20 12:39:41 2026] DELETE /v2.0/security-groups/9c1bcad7-49f8-4727-a038-8bd904934264 => generated 0 bytes in 229 msecs (HTTP/1.1 204) 2 headers in 112 bytes (1 switches on core 0) [pid: 8|app: 0|req: 426/859] 10.0.0.132 () {32 vars in 740 bytes} [Mon Apr 20 12:39:41 2026] DELETE /v2.0/security-groups/fa9c7b3f-6c56-4734-9176-fbe6f9d19210 => generated 0 bytes in 154 msecs (HTTP/1.1 204) 2 headers in 112 bytes (1 switches on core 0)
2026-04-20 12:39:41.636 8 INFO neutron.api.v2.resource [None req-12b1cfd8-e815-4e37-a72b-b88851dff441 d90d389cbc054f8c9a0e104c05655c29 502ff2c1c81d4b0e8d0f37996fbb459b - - default default] show failed (client error): The resource could not be found. [pid: 8|app: 0|req: 427/860] 10.0.0.132 () {32 vars in 737 bytes} [Mon Apr 20 12:39:41 2026] GET /v2.0/security-groups/fa9c7b3f-6c56-4734-9176-fbe6f9d19210 => generated 146 bytes in 10 msecs (HTTP/1.1 404) 4 headers in 164 bytes (1 switches on core 0)
2026-04-20 12:39:41.657 7 INFO neutron.db.ovn_revision_numbers_db [None req-8b03944c-af0f-4d6c-a1df-d43e2e426e36 37233140544a470b8c80b6ca850e38e2 1c713a1189184b608b038d767ba76d9f - - default default] Successfully bumped revision number for resource 49890e3b-2067-41d8-8fe4-dc06b5106113 (type: router_ports) to 1 [pid: 7|app: 0|req: 434/861] 10.0.0.132 () {34 vars in 783 bytes} [Mon Apr 20 12:39:38 2026] PUT /v2.0/routers/9bd8fa22-3b10-4a81-9f45-224a80a2f40e/add_router_interface => generated 309 bytes in 3575 msecs (HTTP/1.1 200) 4 headers in 157 bytes (1 switches on core 0)
2026-04-20 12:39:41.762 8 INFO neutron_taas.services.taas.taas_plugin [None req-8c9e3f6f-deb9-4df2-aea8-335522207a8b d90d389cbc054f8c9a0e104c05655c29 502ff2c1c81d4b0e8d0f37996fbb459b - - default default] TaaS: Handle Delete Port: 540a83f6-6dca-4ee5-99f1-71cc980187f1
2026-04-20 12:39:41.765 8 INFO neutron_taas.services.taas.tap_mirror_plugin [None req-8c9e3f6f-deb9-4df2-aea8-335522207a8b d90d389cbc054f8c9a0e104c05655c29 502ff2c1c81d4b0e8d0f37996fbb459b - - default default] Tap Mirror: Handle Delete Port: 540a83f6-6dca-4ee5-99f1-71cc980187f1 [pid: 8|app: 0|req: 428/862] 10.0.0.132 () {32 vars in 732 bytes} [Mon Apr 20 12:39:41 2026] DELETE /v2.0/floatingips/607aa07f-6025-4418-8b8a-f186b2d4a6a7 => generated 0 bytes in 327 msecs (HTTP/1.1 204) 2 headers in 112 bytes (1 switches on core 0) /var/lib/openstack/lib/python3.12/site-packages/pycadf/identifier.py:70: UserWarning: Invalid uuid: neutron. To ensure interoperability, identifiers should be a valid uuid. warnings.warn(('Invalid uuid: %s. To ensure interoperability, ' [pid: 8|app: 0|req: 429/863] 10.0.0.41 () {32 vars in 801 bytes} [Mon Apr 20 12:39:42 2026] GET /v2.0/extensions => generated 20541 bytes in 114 msecs (HTTP/1.1 200) 4 headers in 159 bytes (1 switches on core 0)
2026-04-20 12:39:42.243 7 INFO neutron_taas.services.taas.taas_plugin [None req-6c92671e-140b-4d7e-be65-d5296ec9ba34 37233140544a470b8c80b6ca850e38e2 1c713a1189184b608b038d767ba76d9f - - default default] TaaS: Handle Delete Port: 99475300-1d06-4d86-adc8-e3cc87996423
2026-04-20 12:39:42.246 7 INFO neutron_taas.services.taas.tap_mirror_plugin [None req-6c92671e-140b-4d7e-be65-d5296ec9ba34 37233140544a470b8c80b6ca850e38e2 1c713a1189184b608b038d767ba76d9f - - default default] Tap Mirror: Handle Delete Port: 99475300-1d06-4d86-adc8-e3cc87996423
2026-04-20 12:39:42.267 8 INFO neutron.db.ovn_revision_numbers_db [None req-5088581b-5c09-43dc-b688-a796615d0641 e2db73dca4794c63996760c6b2953803 fdf0702ec14745b292037072d43b6349 - - default default] Successfully bumped revision number for resource b533e22f-27a6-4aa1-b55d-c7ca1f597e18 (type: security_groups) to 1
2026-04-20 12:39:42.286 8 INFO neutron.db.ovn_revision_numbers_db [None req-5088581b-5c09-43dc-b688-a796615d0641 e2db73dca4794c63996760c6b2953803 fdf0702ec14745b292037072d43b6349 - - default default] Successfully bumped revision number for resource 077da42f-422c-488a-a192-51ae5d35e5cf (type: security_group_rules) to 0
2026-04-20 12:39:42.306 8 INFO neutron.db.ovn_revision_numbers_db [None req-5088581b-5c09-43dc-b688-a796615d0641 e2db73dca4794c63996760c6b2953803 fdf0702ec14745b292037072d43b6349 - - default default] Successfully bumped revision number for resource f9f11407-b0bc-400d-824b-d34d20a0fb5e (type: security_group_rules) to 0 [pid: 8|app: 0|req: 430/864] 10.0.0.132 () {34 vars in 685 bytes} [Mon Apr 20 12:39:42 2026] POST /v2.0/security-groups => generated 1659 bytes in 198 msecs (HTTP/1.1 201) 4 headers in 163 bytes (1 switches on core 0) [pid: 8|app: 0|req: 431/865] 10.0.0.41 () {30 vars in 723 bytes} [Mon Apr 20 12:39:42 2026] GET /v2.0/quotas/2ea0dda8e9484858947479e801b01775/details => generated 847 bytes in 94 msecs (HTTP/1.1 200) 4 headers in 157 bytes (1 switches on core 0)
2026-04-20 12:39:42.556 8 INFO neutron.db.ovn_revision_numbers_db [None req-9f34bdd6-87d2-4e05-8084-ffa3a7cadc5b e2db73dca4794c63996760c6b2953803 fdf0702ec14745b292037072d43b6349 - - default default] Successfully bumped revision number for resource 40768fac-b22e-41ca-acd6-85bfcbf0d3ba (type: security_group_rules) to 0 [pid: 8|app: 0|req: 432/866] 10.0.0.132 () {34 vars in 695 bytes} [Mon Apr 20 12:39:42 2026] POST /v2.0/security-group-rules => generated 597 bytes in 144 msecs (HTTP/1.1 201) 4 headers in 162 bytes (1 switches on core 0)
2026-04-20 12:39:42.697 8 INFO neutron.db.ovn_revision_numbers_db [None req-2593d078-0d44-498f-a4b2-d74bbfb96b71 e2db73dca4794c63996760c6b2953803 fdf0702ec14745b292037072d43b6349 - - default default] Successfully bumped revision number for resource 3223752d-3942-4b0d-bd45-581ba42e894a (type: security_group_rules) to 0 [pid: 8|app: 0|req: 433/867] 10.0.0.132 () {34 vars in 695 bytes} [Mon Apr 20 12:39:42 2026] POST /v2.0/security-group-rules => generated 602 bytes in 136 msecs (HTTP/1.1 201) 4 headers in 162 bytes (1 switches on core 0) [pid: 7|app: 0|req: 435/868] 10.0.0.132 () {34 vars in 789 bytes} [Mon Apr 20 12:39:41 2026] PUT /v2.0/routers/4b3fd39c-30a8-4c1c-b693-90a2ff9dc312/remove_router_interface => generated 309 bytes in 843 msecs (HTTP/1.1 200) 4 headers in 157 bytes (1 switches on core 0) /var/lib/openstack/lib/python3.12/site-packages/pycadf/identifier.py:70: UserWarning: Invalid uuid: neutron. To ensure interoperability, identifiers should be a valid uuid. warnings.warn(('Invalid uuid: %s. To ensure interoperability, '
2026-04-20 12:39:42.989 8 WARNING neutron.scheduler.dhcp_agent_scheduler [None req-02e597df-e486-4ba0-8901-37b55b5d2bfa e2db73dca4794c63996760c6b2953803 fdf0702ec14745b292037072d43b6349 - - default default] No more DHCP agents
2026-04-20 12:39:42.992 8 WARNING neutron.api.rpc.agentnotifiers.dhcp_rpc_agent_api [None req-02e597df-e486-4ba0-8901-37b55b5d2bfa e2db73dca4794c63996760c6b2953803 fdf0702ec14745b292037072d43b6349 - - default default] Unable to schedule network dc03ae63-0345-4876-9c14-4d92cd9ac31e: no agents available; will retry on subsequent port and subnet creation events.
2026-04-20 12:39:43.123 7 INFO neutron_taas.services.taas.taas_plugin [None req-c00c500a-0b81-4788-855e-8175f8ed421f 37233140544a470b8c80b6ca850e38e2 1c713a1189184b608b038d767ba76d9f - - default default] TaaS: Handle Delete Port: d9762eb2-472d-48b9-a8de-80ca7ed38dd7
2026-04-20 12:39:43.127 7 INFO neutron_taas.services.taas.tap_mirror_plugin [None req-c00c500a-0b81-4788-855e-8175f8ed421f 37233140544a470b8c80b6ca850e38e2 1c713a1189184b608b038d767ba76d9f - - default default] Tap Mirror: Handle Delete Port: d9762eb2-472d-48b9-a8de-80ca7ed38dd7 [pid: 8|app: 0|req: 434/869] 10.0.0.132 () {34 vars in 676 bytes} [Mon Apr 20 12:39:42 2026] POST /v2.0/floatingips => generated 552 bytes in 489 msecs (HTTP/1.1 201) 4 headers in 162 bytes (1 switches on core 0) [pid: 7|app: 0|req: 436/870] 10.0.0.132 () {32 vars in 724 bytes} [Mon Apr 20 12:39:42 2026] DELETE /v2.0/routers/4b3fd39c-30a8-4c1c-b693-90a2ff9dc312 => generated 0 bytes in 670 msecs (HTTP/1.1 204) 2 headers in 112 bytes (1 switches on core 0) [pid: 8|app: 0|req: 435/871] 10.0.0.132 () {32 vars in 724 bytes} [Mon Apr 20 12:39:43 2026] DELETE /v2.0/subnets/ecc09e19-eb09-454d-bd32-72f94575787c => generated 0 bytes in 171 msecs (HTTP/1.1 204) 3 headers in 131 bytes (1 switches on core 0) [pid: 7|app: 0|req: 437/872] 10.0.0.116 () {34 vars in 1098 bytes} [Mon Apr 20 12:39:43 2026] GET /v2.0/security-groups?name=tempest-securitygroup--719390293&fields=id&tenant_id=fdf0702ec14745b292037072d43b6349 => generated 69 bytes in 29 msecs (HTTP/1.1 200) 4 headers in 156 bytes (1 switches on core 0) [pid: 7|app: 0|req: 438/873] 10.0.0.116 () {34 vars in 982 bytes} [Mon Apr 20 12:39:43 2026] GET /v2.0/networks?id=47251fea-6a6e-4aae-9819-4e675480eaa8 => generated 707 bytes in 43 msecs (HTTP/1.1 200) 4 headers in 157 bytes (1 switches on core 0) [pid: 7|app: 0|req: 439/874] 10.0.0.116 () {34 vars in 965 bytes} [Mon Apr 20 12:39:43 2026] GET /v2.0/quotas/fdf0702ec14745b292037072d43b6349 => generated 292 bytes in 17 msecs (HTTP/1.1 200) 4 headers in 157 bytes (1 switches on core 0)
2026-04-20 12:39:43.780 8 INFO neutron_taas.services.taas.taas_plugin [None req-d8901185-c665-4a56-a61f-7fff8c3704e4 37233140544a470b8c80b6ca850e38e2 1c713a1189184b608b038d767ba76d9f - - default default] TaaS: Handle Delete Port: 94c7bee8-59f8-471b-97c0-6dd81cf79c4e
2026-04-20 12:39:43.783 8 INFO neutron_taas.services.taas.tap_mirror_plugin [None req-d8901185-c665-4a56-a61f-7fff8c3704e4 37233140544a470b8c80b6ca850e38e2 1c713a1189184b608b038d767ba76d9f - - default default] Tap Mirror: Handle Delete Port: 94c7bee8-59f8-471b-97c0-6dd81cf79c4e [pid: 7|app: 0|req: 440/875] 10.0.0.116 () {34 vars in 1002 bytes} [Mon Apr 20 12:39:43 2026] GET /v2.0/ports?tenant_id=fdf0702ec14745b292037072d43b6349&fields=id => generated 103 bytes in 64 msecs (HTTP/1.1 200) 4 headers in 157 bytes (1 switches on core 0) [pid: 7|app: 0|req: 441/876] 10.0.0.116 () {34 vars in 1008 bytes} [Mon Apr 20 12:39:43 2026] GET /v2.0/networks/47251fea-6a6e-4aae-9819-4e675480eaa8?fields=segments => generated 14 bytes in 64 msecs (HTTP/1.1 200) 4 headers in 156 bytes (1 switches on core 0)
2026-04-20 12:39:43.957 8 INFO neutron.services.segments.plugin [-] Segment 1a0309c5-e1dd-4391-bd3f-6530c4cd913d resource provider aggregate not found
2026-04-20 12:39:43.960 8 INFO neutron.services.segments.plugin [-] Segment 1a0309c5-e1dd-4391-bd3f-6530c4cd913d resource provider aggregate not found [pid: 7|app: 0|req: 442/877] 10.0.0.116 () {34 vars in 1108 bytes} [Mon Apr 20 12:39:43 2026] GET /v2.0/networks/47251fea-6a6e-4aae-9819-4e675480eaa8?fields=provider%3Aphysical_network&fields=provider%3Anetwork_type => generated 79 bytes in 42 msecs (HTTP/1.1 200) 4 headers in 156 bytes (1 switches on core 0)
2026-04-20 12:39:43.979 8 INFO neutron.services.segments.plugin [-] Segment 1a0309c5-e1dd-4391-bd3f-6530c4cd913d resource provider not found; error: Placement Client Error (4xx): {"errors": [{"status": 404, "title": "Not Found", "detail": "The resource could not be found.\n\n No resource provider with uuid 1a0309c5-e1dd-4391-bd3f-6530c4cd913d found for delete ", "request_id": "req-628938dc-d2e7-45b5-a08a-083643cc7356"}]}
2026-04-20 12:39:43.982 8 INFO neutron.services.segments.plugin [-] Segment 1a0309c5-e1dd-4391-bd3f-6530c4cd913d resource provider not found; error: Placement Client Error (4xx): {"errors": [{"status": 404, "title": "Not Found", "detail": "The resource could not be found.\n\n No resource provider with uuid 1a0309c5-e1dd-4391-bd3f-6530c4cd913d found for delete ", "request_id": "req-cb2ffe29-2784-4511-b0ca-587a57710e44"}]} [pid: 8|app: 0|req: 436/878] 10.0.0.132 () {32 vars in 726 bytes} [Mon Apr 20 12:39:43 2026] DELETE /v2.0/networks/42688649-2d04-4b2c-ad00-bbe515a1f702 => generated 0 bytes in 330 msecs (HTTP/1.1 204) 3 headers in 131 bytes (1 switches on core 0) [pid: 7|app: 0|req: 443/879] 10.0.0.116 () {34 vars in 990 bytes} [Mon Apr 20 12:39:44 2026] GET /v2.0/ports?device_id=ac2aadfd-e664-40a0-9b7b-3a5130cf8a0a => generated 12 bytes in 25 msecs (HTTP/1.1 200) 4 headers in 156 bytes (1 switches on core 0) [pid: 8|app: 0|req: 437/880] 10.0.0.132 () {32 vars in 774 bytes} [Mon Apr 20 12:39:44 2026] GET /v2.0/security-groups?tenant_id=502ff2c1c81d4b0e8d0f37996fbb459b&name=default => generated 2925 bytes in 29 msecs (HTTP/1.1 200) 4 headers in 158 bytes (1 switches on core 0) [pid: 7|app: 0|req: 444/881] 10.0.0.132 () {32 vars in 740 bytes} [Mon Apr 20 12:39:44 2026] DELETE /v2.0/security-groups/82233961-9343-4864-86b1-7b5d89437d11 => generated 0 bytes in 238 msecs (HTTP/1.1 204) 2 headers in 112 bytes (1 switches on core 0)
2026-04-20 12:39:44.904 8 INFO neutron.db.ovn_revision_numbers_db [None req-df99403d-eaa2-458b-b57f-886c31ca75d8 37233140544a470b8c80b6ca850e38e2 1c713a1189184b608b038d767ba76d9f - - default default] Successfully bumped revision number for resource 075b1984-8a48-4af4-b6ca-8d21b3ebdd84 (type: security_groups) to 1
2026-04-20 12:39:44.919 8 INFO neutron.db.ovn_revision_numbers_db [None req-df99403d-eaa2-458b-b57f-886c31ca75d8 37233140544a470b8c80b6ca850e38e2 1c713a1189184b608b038d767ba76d9f - - default default] Successfully bumped revision number for resource 51f68522-c969-4f16-b884-2d0230e2ef50 (type: security_group_rules) to 0
2026-04-20 12:39:44.938 8 INFO neutron.db.ovn_revision_numbers_db [None req-df99403d-eaa2-458b-b57f-886c31ca75d8 37233140544a470b8c80b6ca850e38e2 1c713a1189184b608b038d767ba76d9f - - default default] Successfully bumped revision number for resource 6b6f351b-3cca-41fd-a431-cd0df3880b5b (type: security_group_rules) to 0
2026-04-20 12:39:44.952 8 INFO neutron.db.ovn_revision_numbers_db [None req-df99403d-eaa2-458b-b57f-886c31ca75d8 37233140544a470b8c80b6ca850e38e2 1c713a1189184b608b038d767ba76d9f - - default default] Successfully bumped revision number for resource 8c0daed1-9bb8-4f20-a0d9-012873ee49c6 (type: security_group_rules) to 0
2026-04-20 12:39:44.969 8 INFO neutron.db.ovn_revision_numbers_db [None req-df99403d-eaa2-458b-b57f-886c31ca75d8 37233140544a470b8c80b6ca850e38e2 1c713a1189184b608b038d767ba76d9f - - default default] Successfully bumped revision number for resource dbb00b44-6332-4a1a-9933-0a6531a06fd9 (type: security_group_rules) to 0 [pid: 8|app: 0|req: 438/882] 10.0.0.132 () {32 vars in 774 bytes} [Mon Apr 20 12:39:44 2026] GET /v2.0/security-groups?tenant_id=4232e2d23789429498da1339847db80e&name=default => generated 2925 bytes in 459 msecs (HTTP/1.1 200) 4 headers in 158 bytes (1 switches on core 0) [pid: 8|app: 0|req: 439/883] 10.0.0.116 () {34 vars in 990 bytes} [Mon Apr 20 12:39:45 2026] GET /v2.0/ports?device_id=ac2aadfd-e664-40a0-9b7b-3a5130cf8a0a => generated 12 bytes in 29 msecs (HTTP/1.1 200) 4 headers in 156 bytes (1 switches on core 0) [pid: 7|app: 0|req: 445/884] 10.0.0.132 () {32 vars in 740 bytes} [Mon Apr 20 12:39:45 2026] DELETE /v2.0/security-groups/075b1984-8a48-4af4-b6ca-8d21b3ebdd84 => generated 0 bytes in 258 msecs (HTTP/1.1 204) 2 headers in 112 bytes (1 switches on core 0) [pid: 8|app: 0|req: 440/885] 10.0.0.41 () {32 vars in 801 bytes} [Mon Apr 20 12:39:45 2026] GET /v2.0/extensions => generated 20541 bytes in 11 msecs (HTTP/1.1 200) 4 headers in 159 bytes (1 switches on core 0) [pid: 7|app: 0|req: 446/886] 10.0.0.41 () {30 vars in 723 bytes} [Mon Apr 20 12:39:45 2026] GET /v2.0/quotas/2ea0dda8e9484858947479e801b01775/details => generated 847 bytes in 81 msecs (HTTP/1.1 200) 4 headers in 157 bytes (1 switches on core 0) [pid: 7|app: 0|req: 447/887] 10.0.0.116 () {34 vars in 990 bytes} [Mon Apr 20 12:39:46 2026] GET /v2.0/ports?device_id=ac2aadfd-e664-40a0-9b7b-3a5130cf8a0a => generated 12 bytes in 21 msecs (HTTP/1.1 200) 4 headers in 156 bytes (1 switches on core 0)
2026-04-20 12:39:46.453 8 INFO neutron.db.ovn_revision_numbers_db [None req-6195baf4-ab7c-4d6c-b10e-5a6e4c34b826 37233140544a470b8c80b6ca850e38e2 1c713a1189184b608b038d767ba76d9f - - default default] Successfully bumped revision number for resource a336163b-6a9a-46f1-ac61-6b3d1b5815c1 (type: security_groups) to 1
2026-04-20 12:39:46.479 8 INFO neutron.db.ovn_revision_numbers_db [None req-6195baf4-ab7c-4d6c-b10e-5a6e4c34b826 37233140544a470b8c80b6ca850e38e2 1c713a1189184b608b038d767ba76d9f - - default default] Successfully bumped revision number for resource 41d4ba3f-0dd7-4158-b20c-d5dc9788ab41 (type: security_group_rules) to 0
2026-04-20 12:39:46.494 8 INFO neutron.db.ovn_revision_numbers_db [None req-6195baf4-ab7c-4d6c-b10e-5a6e4c34b826 37233140544a470b8c80b6ca850e38e2 1c713a1189184b608b038d767ba76d9f - - default default] Successfully bumped revision number for resource a2fff43a-ca4e-46de-a904-f3d502b02dbf (type: security_group_rules) to 0
2026-04-20 12:39:46.505 8 INFO neutron.db.ovn_revision_numbers_db [None req-6195baf4-ab7c-4d6c-b10e-5a6e4c34b826 37233140544a470b8c80b6ca850e38e2 1c713a1189184b608b038d767ba76d9f - - default default] Successfully bumped revision number for resource b0292a70-a40f-46bd-8bd6-79569fef61d1 (type: security_group_rules) to 0
2026-04-20 12:39:46.518 8 INFO neutron.db.ovn_revision_numbers_db [None req-6195baf4-ab7c-4d6c-b10e-5a6e4c34b826 37233140544a470b8c80b6ca850e38e2 1c713a1189184b608b038d767ba76d9f - - default default] Successfully bumped revision number for resource fa9177e1-5ec7-4ae9-a5fe-aa04a2cea241 (type: security_group_rules) to 0
2026-04-20 12:39:46.584 8 INFO neutron.db.segments_db [None req-6195baf4-ab7c-4d6c-b10e-5a6e4c34b826 37233140544a470b8c80b6ca850e38e2 1c713a1189184b608b038d767ba76d9f - - default default] Added segment 939b9bc4-1d74-4bc6-87ad-bb4b241f290e of type geneve for network 02516e08-d3b0-493a-b975-fcb37253cc1b
2026-04-20 12:39:46.685 8 INFO neutron.db.ovn_revision_numbers_db [None req-6195baf4-ab7c-4d6c-b10e-5a6e4c34b826 37233140544a470b8c80b6ca850e38e2 1c713a1189184b608b038d767ba76d9f - - default default] Successfully bumped revision number for resource 02516e08-d3b0-493a-b975-fcb37253cc1b (type: networks) to 1
2026-04-20 12:39:46.804 7 WARNING neutron.plugins.ml2.drivers.ovn.mech_driver.ovsdb.ovn_client [None req-44b380f8-c0e3-403a-8a95-5e9f52d4b455 - - - - - -] No hosting information found for port 49890e3b-2067-41d8-8fe4-dc06b5106113: RuntimeError: No hosting information found for port 49890e3b-2067-41d8-8fe4-dc06b5106113
2026-04-20 12:39:46.830 8 WARNING neutron.scheduler.dhcp_agent_scheduler [None req-6195baf4-ab7c-4d6c-b10e-5a6e4c34b826 37233140544a470b8c80b6ca850e38e2 1c713a1189184b608b038d767ba76d9f - - default default] No more DHCP agents
2026-04-20 12:39:46.833 8 WARNING neutron.api.rpc.agentnotifiers.dhcp_rpc_agent_api [None req-6195baf4-ab7c-4d6c-b10e-5a6e4c34b826 37233140544a470b8c80b6ca850e38e2 1c713a1189184b608b038d767ba76d9f - - default default] Unable to schedule network 02516e08-d3b0-493a-b975-fcb37253cc1b: no agents available; will retry on subsequent port and subnet creation events.
2026-04-20 12:39:46.904 7 INFO neutron.db.ovn_revision_numbers_db [None req-44b380f8-c0e3-403a-8a95-5e9f52d4b455 - - - - - -] Successfully bumped revision number for resource 49890e3b-2067-41d8-8fe4-dc06b5106113 (type: router_ports) to 2
2026-04-20 12:39:46.904 7 INFO neutron.plugins.ml2.drivers.ovn.mech_driver.mech_driver [None req-44b380f8-c0e3-403a-8a95-5e9f52d4b455 - - - - - -] OVN reports status down for port: fef6c7f0-c2a4-4ad9-be3b-de0dcdb33868
2026-04-20 12:39:46.940 8 INFO neutron.db.ovn_revision_numbers_db [None req-6195baf4-ab7c-4d6c-b10e-5a6e4c34b826 37233140544a470b8c80b6ca850e38e2 1c713a1189184b608b038d767ba76d9f - - default default] Successfully bumped revision number for resource fef6c7f0-c2a4-4ad9-be3b-de0dcdb33868 (type: ports) to 1 [pid: 8|app: 0|req: 441/888] 10.0.0.132 () {34 vars in 671 bytes} [Mon Apr 20 12:39:46 2026] POST /v2.0/networks => generated 765 bytes in 788 msecs (HTTP/1.1 201) 4 headers in 162 bytes (1 switches on core 0)
2026-04-20 12:39:47.098 7 WARNING neutron.scheduler.dhcp_agent_scheduler [None req-8ccaf9a4-2e21-44d3-8e81-23a1dd42d538 37233140544a470b8c80b6ca850e38e2 1c713a1189184b608b038d767ba76d9f - - default default] No more DHCP agents
2026-04-20 12:39:47.099 7 WARNING neutron.api.rpc.agentnotifiers.dhcp_rpc_agent_api [None req-8ccaf9a4-2e21-44d3-8e81-23a1dd42d538 37233140544a470b8c80b6ca850e38e2 1c713a1189184b608b038d767ba76d9f - - default default] Unable to schedule network 02516e08-d3b0-493a-b975-fcb37253cc1b: no agents available; will retry on subsequent port and subnet creation events.
2026-04-20 12:39:47.250 8 INFO neutron.db.ovn_revision_numbers_db [None req-e66f007a-c402-4a21-a3f3-21ff97877e1c 37233140544a470b8c80b6ca850e38e2 1c713a1189184b608b038d767ba76d9f - - default default] Successfully bumped revision number for resource 34e53fae-5612-40f8-b4d3-e65e083ba7c0 (type: security_groups) to 1
2026-04-20 12:39:47.261 8 INFO neutron.db.ovn_revision_numbers_db [None req-e66f007a-c402-4a21-a3f3-21ff97877e1c 37233140544a470b8c80b6ca850e38e2 1c713a1189184b608b038d767ba76d9f - - default default] Successfully bumped revision number for resource 37de3398-d66e-4393-b7e5-7d5a63bc4189 (type: security_group_rules) to 0
2026-04-20 12:39:47.273 8 INFO neutron.db.ovn_revision_numbers_db [None req-e66f007a-c402-4a21-a3f3-21ff97877e1c 37233140544a470b8c80b6ca850e38e2 1c713a1189184b608b038d767ba76d9f - - default default] Successfully bumped revision number for resource 3adf7c4e-db9a-4571-b002-218eeb631385 (type: security_group_rules) to 0
2026-04-20 12:39:47.284 8 INFO neutron.db.ovn_revision_numbers_db [None req-e66f007a-c402-4a21-a3f3-21ff97877e1c 37233140544a470b8c80b6ca850e38e2 1c713a1189184b608b038d767ba76d9f - - default default] Successfully bumped revision number for resource 563f2ceb-2b21-4c97-bdb6-75bc0439d134 (type: security_group_rules) to 0
2026-04-20 12:39:47.294 8 INFO neutron.db.ovn_revision_numbers_db [None req-e66f007a-c402-4a21-a3f3-21ff97877e1c 37233140544a470b8c80b6ca850e38e2 1c713a1189184b608b038d767ba76d9f - - default default] Successfully bumped revision number for resource a4fffd67-31ed-4dcb-a388-0147b6953d87 (type: security_group_rules) to 0
2026-04-20 12:39:47.371 8 INFO neutron.db.segments_db [None req-e66f007a-c402-4a21-a3f3-21ff97877e1c 37233140544a470b8c80b6ca850e38e2 1c713a1189184b608b038d767ba76d9f - - default default] Added segment beea512b-8c03-4c71-aa53-be9d41a9375a of type geneve for network ddadd600-1224-4259-b17b-d0b93467a481
2026-04-20 12:39:47.478 8 INFO neutron.db.ovn_revision_numbers_db [None req-e66f007a-c402-4a21-a3f3-21ff97877e1c 37233140544a470b8c80b6ca850e38e2 1c713a1189184b608b038d767ba76d9f - - default default] Successfully bumped revision number for resource ddadd600-1224-4259-b17b-d0b93467a481 (type: networks) to 1
2026-04-20 12:39:47.556 7 INFO neutron.db.ovn_revision_numbers_db [None req-aedc4c05-2fc5-4ab7-b477-b52b70b72e36 - - - - - -] Successfully bumped revision number for resource fef6c7f0-c2a4-4ad9-be3b-de0dcdb33868 (type: ports) to 2
2026-04-20 12:39:47.587 7 INFO neutron.db.ovn_revision_numbers_db [None req-aedc4c05-2fc5-4ab7-b477-b52b70b72e36 - - - - - -] Successfully bumped revision number for resource 699779a2-ecde-4823-8850-e0d3c15935b2 (type: subnets) to 0 [pid: 7|app: 0|req: 448/889] 10.0.0.132 () {34 vars in 669 bytes} [Mon Apr 20 12:39:46 2026] POST /v2.0/subnets => generated 690 bytes in 633 msecs (HTTP/1.1 201) 4 headers in 162 bytes (1 switches on core 0) [pid: 7|app: 0|req: 449/890] 10.0.0.116 () {34 vars in 990 bytes} [Mon Apr 20 12:39:47 2026] GET /v2.0/ports?device_id=ac2aadfd-e664-40a0-9b7b-3a5130cf8a0a => generated 12 bytes in 18 msecs (HTTP/1.1 200) 4 headers in 156 bytes (1 switches on core 0)
2026-04-20 12:39:47.647 8 WARNING neutron.scheduler.dhcp_agent_scheduler [None req-e66f007a-c402-4a21-a3f3-21ff97877e1c 37233140544a470b8c80b6ca850e38e2 1c713a1189184b608b038d767ba76d9f - - default default] No more DHCP agents
2026-04-20 12:39:47.649 8 WARNING neutron.api.rpc.agentnotifiers.dhcp_rpc_agent_api [None req-e66f007a-c402-4a21-a3f3-21ff97877e1c 37233140544a470b8c80b6ca850e38e2 1c713a1189184b608b038d767ba76d9f - - default default] Unable to schedule network ddadd600-1224-4259-b17b-d0b93467a481: no agents available; will retry on subsequent port and subnet creation events.
2026-04-20 12:39:47.702 8 INFO neutron.plugins.ml2.drivers.ovn.mech_driver.mech_driver [None req-718c444a-a4f2-4d4d-9f02-ce346652a379 - - - - - -] OVN reports status down for port: 1c5b5cee-3952-41a0-9607-1739d509cc71
2026-04-20 12:39:47.762 8 INFO neutron.db.ovn_revision_numbers_db [None req-e66f007a-c402-4a21-a3f3-21ff97877e1c 37233140544a470b8c80b6ca850e38e2 1c713a1189184b608b038d767ba76d9f - - default default] Successfully bumped revision number for resource 1c5b5cee-3952-41a0-9607-1739d509cc71 (type: ports) to 1 [pid: 8|app: 0|req: 442/891] 10.0.0.132 () {34 vars in 671 bytes} [Mon Apr 20 12:39:47 2026] POST /v2.0/networks => generated 761 bytes in 797 msecs (HTTP/1.1 201) 4 headers in 162 bytes (1 switches on core 0)
2026-04-20 12:39:47.954 8 WARNING neutron.scheduler.dhcp_agent_scheduler [None req-c7e31152-54d7-4d91-8fb4-719b44714eb1 37233140544a470b8c80b6ca850e38e2 1c713a1189184b608b038d767ba76d9f - - default default] No more DHCP agents
2026-04-20 12:39:47.955 8 WARNING neutron.api.rpc.agentnotifiers.dhcp_rpc_agent_api [None req-c7e31152-54d7-4d91-8fb4-719b44714eb1 37233140544a470b8c80b6ca850e38e2 1c713a1189184b608b038d767ba76d9f - - default default] Unable to schedule network ddadd600-1224-4259-b17b-d0b93467a481: no agents available; will retry on subsequent port and subnet creation events.
2026-04-20 12:39:47.967 7 WARNING neutron.scheduler.dhcp_agent_scheduler [None req-3c8e2019-c9a1-44f8-9f6d-8d67f299c37a 37233140544a470b8c80b6ca850e38e2 1c713a1189184b608b038d767ba76d9f - - default default] No more DHCP agents
2026-04-20 12:39:47.969 7 WARNING neutron.api.rpc.agentnotifiers.dhcp_rpc_agent_api [None req-3c8e2019-c9a1-44f8-9f6d-8d67f299c37a 37233140544a470b8c80b6ca850e38e2 1c713a1189184b608b038d767ba76d9f - - default default] Unable to schedule network dc03ae63-0345-4876-9c14-4d92cd9ac31e: no agents available; will retry on subsequent port and subnet creation events.
2026-04-20 12:39:48.069 7 INFO neutron.plugins.ml2.drivers.ovn.mech_driver.mech_driver [None req-44b380f8-c0e3-403a-8a95-5e9f52d4b455 - - - - - -] OVN reports status down for port: c827aeae-9959-4d46-b166-71e2cc782948
2026-04-20 12:39:48.126 7 INFO neutron.db.ovn_revision_numbers_db [None req-3c8e2019-c9a1-44f8-9f6d-8d67f299c37a 37233140544a470b8c80b6ca850e38e2 1c713a1189184b608b038d767ba76d9f - - default default] Successfully bumped revision number for resource c827aeae-9959-4d46-b166-71e2cc782948 (type: ports) to 1
2026-04-20 12:39:48.414 8 INFO neutron.db.ovn_revision_numbers_db [None req-329e5730-b8be-4082-be50-149cb96991c0 - - - - - -] Successfully bumped revision number for resource 1c5b5cee-3952-41a0-9607-1739d509cc71 (type: ports) to 2
2026-04-20 12:39:48.443 8 INFO neutron.db.ovn_revision_numbers_db [None req-329e5730-b8be-4082-be50-149cb96991c0 - - - - - -] Successfully bumped revision number for resource 42b1f51d-5fd2-4964-ad7d-378f400995ae (type: subnets) to 0 [pid: 8|app: 0|req: 443/892] 10.0.0.132 () {34 vars in 669 bytes} [Mon Apr 20 12:39:47 2026] POST /v2.0/subnets => generated 687 bytes in 645 msecs (HTTP/1.1 201) 4 headers in 162 bytes (1 switches on core 0) [pid: 8|app: 0|req: 444/893] 199.204.45.162 () {34 vars in 986 bytes} [Mon Apr 20 12:39:48 2026] GET /v2.0/networks?id=47251fea-6a6e-4aae-9819-4e675480eaa8 => generated 707 bytes in 44 msecs (HTTP/1.1 200) 4 headers in 157 bytes (1 switches on core 0)
2026-04-20 12:39:48.747 7 INFO neutron.plugins.ml2.drivers.ovn.mech_driver.ovsdb.commands [None req-99d464b4-1292-4ff7-83c3-3b518dd8bf3f - - - - - -] Schedule LRP lrp-c827aeae-9959-4d46-b166-71e2cc782948 on gateway aa3fec8f-7d40-41e5-8736-864f7072c512 with priority 1
2026-04-20 12:39:48.802 7 INFO neutron.plugins.ml2.drivers.ovn.mech_driver.mech_driver [None req-44b380f8-c0e3-403a-8a95-5e9f52d4b455 - - - - - -] OVN reports status up for port: c827aeae-9959-4d46-b166-71e2cc782948
2026-04-20 12:39:48.830 7 INFO neutron.plugins.ml2.plugin [None req-44b380f8-c0e3-403a-8a95-5e9f52d4b455 - - - - - -] Attempt 1 to provision port c827aeae-9959-4d46-b166-71e2cc782948
2026-04-20 12:39:48.843 8 INFO neutron.plugins.ml2.drivers.ovn.mech_driver.ovsdb.ovsdb_monitor [None req-cbddbbc4-19c7-42ba-9c28-902636823fe0 - - - - - -] Router ba91eea7-1428-4de0-b2eb-ddbc3db7546d is bound to host instance
2026-04-20 12:39:48.854 7 INFO neutron.db.ovn_revision_numbers_db [None req-3c8e2019-c9a1-44f8-9f6d-8d67f299c37a 37233140544a470b8c80b6ca850e38e2 1c713a1189184b608b038d767ba76d9f - - default default] Successfully bumped revision number for resource c827aeae-9959-4d46-b166-71e2cc782948 (type: router_ports) to 1
2026-04-20 12:39:48.953 7 INFO neutron.db.ovn_revision_numbers_db [None req-3c8e2019-c9a1-44f8-9f6d-8d67f299c37a 37233140544a470b8c80b6ca850e38e2 1c713a1189184b608b038d767ba76d9f - - default default] Successfully bumped revision number for resource ba91eea7-1428-4de0-b2eb-ddbc3db7546d (type: routers) to 2 [pid: 7|app: 0|req: 450/894] 10.0.0.132 () {34 vars in 669 bytes} [Mon Apr 20 12:39:47 2026] POST /v2.0/routers => generated 968 bytes in 1348 msecs (HTTP/1.1 201) 4 headers in 162 bytes (1 switches on core 0)
2026-04-20 12:39:48.985 8 WARNING neutron.scheduler.dhcp_agent_scheduler [None req-6f651dc8-0dfe-47bf-99e6-d24c952d3c4a 37233140544a470b8c80b6ca850e38e2 1c713a1189184b608b038d767ba76d9f - - default default] No more DHCP agents
2026-04-20 12:39:48.987 8 WARNING neutron.api.rpc.agentnotifiers.dhcp_rpc_agent_api [None req-6f651dc8-0dfe-47bf-99e6-d24c952d3c4a 37233140544a470b8c80b6ca850e38e2 1c713a1189184b608b038d767ba76d9f - - default default] Unable to schedule network dc03ae63-0345-4876-9c14-4d92cd9ac31e: no agents available; will retry on subsequent port and subnet creation events. [pid: 7|app: 0|req: 451/895] 199.204.45.162 () {34 vars in 1050 bytes} [Mon Apr 20 12:39:48 2026] GET /v2.0/security-groups?fields=id&fields=name&tenant_id=fdf0702ec14745b292037072d43b6349 => generated 180 bytes in 34 msecs (HTTP/1.1 200) 4 headers in 157 bytes (1 switches on core 0) [pid: 7|app: 0|req: 452/896] 10.0.0.116 () {34 vars in 990 bytes} [Mon Apr 20 12:39:49 2026] GET /v2.0/ports?device_id=ac2aadfd-e664-40a0-9b7b-3a5130cf8a0a => generated 12 bytes in 18 msecs (HTTP/1.1 200) 4 headers in 156 bytes (1 switches on core 0)
2026-04-20 12:39:49.217 8 INFO neutron.db.ovn_revision_numbers_db [None req-6f651dc8-0dfe-47bf-99e6-d24c952d3c4a 37233140544a470b8c80b6ca850e38e2 1c713a1189184b608b038d767ba76d9f - - default default] Successfully bumped revision number for resource b69918a3-90af-405c-9a1c-3e8ae3477e1b (type: ports) to 1
2026-04-20 12:39:49.258 7 INFO neutron.db.ovn_revision_numbers_db [None req-b2a233ef-5d96-4798-8618-43354ba7c9f0 37233140544a470b8c80b6ca850e38e2 1c713a1189184b608b038d767ba76d9f - - default default] Successfully bumped revision number for resource 68bd84e0-38a0-4519-817c-aa31ac282857 (type: security_groups) to 1
2026-04-20 12:39:49.268 7 INFO neutron.db.ovn_revision_numbers_db [None req-b2a233ef-5d96-4798-8618-43354ba7c9f0 37233140544a470b8c80b6ca850e38e2 1c713a1189184b608b038d767ba76d9f - - default default] Successfully bumped revision number for resource 29de6bb2-2fc0-4a65-87ed-fd29e0fb4613 (type: security_group_rules) to 0
2026-04-20 12:39:49.280 7 INFO neutron.db.ovn_revision_numbers_db [None req-b2a233ef-5d96-4798-8618-43354ba7c9f0 37233140544a470b8c80b6ca850e38e2 1c713a1189184b608b038d767ba76d9f - - default default] Successfully bumped revision number for resource 6a3bf6dc-2113-4289-8f48-eeb000f71690 (type: security_group_rules) to 0
2026-04-20 12:39:49.292 7 INFO neutron.db.ovn_revision_numbers_db [None req-b2a233ef-5d96-4798-8618-43354ba7c9f0 37233140544a470b8c80b6ca850e38e2 1c713a1189184b608b038d767ba76d9f - - default default] Successfully bumped revision number for resource 840e405f-db45-4f78-9014-44911c1fb0ac (type: security_group_rules) to 0
2026-04-20 12:39:49.303 7 INFO neutron.db.ovn_revision_numbers_db [None req-b2a233ef-5d96-4798-8618-43354ba7c9f0 37233140544a470b8c80b6ca850e38e2 1c713a1189184b608b038d767ba76d9f - - default default] Successfully bumped revision number for resource a6c8e495-d57d-490a-bff9-297c531a80fa (type: security_group_rules) to 0 [pid: 7|app: 0|req: 453/897] 10.0.0.132 () {32 vars in 774 bytes} [Mon Apr 20 12:39:49 2026] GET /v2.0/security-groups?tenant_id=2ea0dda8e9484858947479e801b01775&name=default => generated 2925 bytes in 305 msecs (HTTP/1.1 200) 4 headers in 158 bytes (1 switches on core 0)
2026-04-20 12:39:49.698 7 WARNING neutron.scheduler.dhcp_agent_scheduler [None req-d0d926a7-9bea-437e-975e-447027fd626d 37233140544a470b8c80b6ca850e38e2 1c713a1189184b608b038d767ba76d9f - - default default] No more DHCP agents
2026-04-20 12:39:49.699 7 WARNING neutron.api.rpc.agentnotifiers.dhcp_rpc_agent_api [None req-d0d926a7-9bea-437e-975e-447027fd626d 37233140544a470b8c80b6ca850e38e2 1c713a1189184b608b038d767ba76d9f - - default default] Unable to schedule network 02516e08-d3b0-493a-b975-fcb37253cc1b: no agents available; will retry on subsequent port and subnet creation events.
2026-04-20 12:39:49.840 7 INFO neutron.db.ovn_revision_numbers_db [None req-d0d926a7-9bea-437e-975e-447027fd626d 37233140544a470b8c80b6ca850e38e2 1c713a1189184b608b038d767ba76d9f - - default default] Successfully bumped revision number for resource e39db462-53be-4dd4-920e-c21520d855f1 (type: ports) to 1
2026-04-20 12:39:49.882 8 INFO neutron.plugins.ml2.drivers.ovn.mech_driver.mech_driver [None req-718c444a-a4f2-4d4d-9f02-ce346652a379 - - - - - -] OVN reports status down for port: e39db462-53be-4dd4-920e-c21520d855f1
2026-04-20 12:39:50.388 8 INFO neutron.db.ovn_revision_numbers_db [None req-0b0264f8-7d47-4cbc-8d67-b3df4f6f23e7 - - - - - -] Successfully bumped revision number for resource c827aeae-9959-4d46-b166-71e2cc782948 (type: ports) to 4
2026-04-20 12:39:50.447 8 INFO neutron.plugins.ml2.drivers.ovn.mech_driver.mech_driver [None req-718c444a-a4f2-4d4d-9f02-ce346652a379 - - - - - -] OVN reports status up for port: e39db462-53be-4dd4-920e-c21520d855f1
2026-04-20 12:39:50.447 8 INFO neutron.plugins.ml2.drivers.ovn.mech_driver.ovsdb.commands [None req-5faf72bf-e921-49d6-87eb-052ca4a9f6c6 - - - - - -] Schedule LRP lrp-b69918a3-90af-405c-9a1c-3e8ae3477e1b on gateway aa3fec8f-7d40-41e5-8736-864f7072c512 with priority 1
2026-04-20 12:39:50.541 8 INFO neutron.plugins.ml2.plugin [None req-718c444a-a4f2-4d4d-9f02-ce346652a379 - - - - - -] Attempt 1 to provision port e39db462-53be-4dd4-920e-c21520d855f1
2026-04-20 12:39:50.546 7 WARNING neutron.scheduler.dhcp_agent_scheduler [None req-d0d926a7-9bea-437e-975e-447027fd626d 37233140544a470b8c80b6ca850e38e2 1c713a1189184b608b038d767ba76d9f - - default default] No more DHCP agents
2026-04-20 12:39:50.547 7 WARNING neutron.api.rpc.agentnotifiers.dhcp_rpc_agent_api [None req-d0d926a7-9bea-437e-975e-447027fd626d 37233140544a470b8c80b6ca850e38e2 1c713a1189184b608b038d767ba76d9f - - default default] Unable to schedule network 02516e08-d3b0-493a-b975-fcb37253cc1b: no agents available; will retry on subsequent port and subnet creation events.
2026-04-20 12:39:50.613 8 INFO neutron.db.ovn_revision_numbers_db [None req-6f651dc8-0dfe-47bf-99e6-d24c952d3c4a 37233140544a470b8c80b6ca850e38e2 1c713a1189184b608b038d767ba76d9f - - default default] Successfully bumped revision number for resource b69918a3-90af-405c-9a1c-3e8ae3477e1b (type: router_ports) to 1
2026-04-20 12:39:50.784 8 INFO neutron.db.ovn_revision_numbers_db [None req-6f651dc8-0dfe-47bf-99e6-d24c952d3c4a 37233140544a470b8c80b6ca850e38e2 1c713a1189184b608b038d767ba76d9f - - default default] Successfully bumped revision number for resource f551fea8-9005-43bd-8b53-6775f8cc50ae (type: routers) to 2 [pid: 8|app: 0|req: 445/898] 10.0.0.132 () {34 vars in 669 bytes} [Mon Apr 20 12:39:48 2026] POST /v2.0/routers => generated 965 bytes in 2322 msecs (HTTP/1.1 201) 4 headers in 162 bytes (1 switches on core 0)
2026-04-20 12:39:50.922 7 INFO neutron.db.ovn_revision_numbers_db [None req-d0d926a7-9bea-437e-975e-447027fd626d 37233140544a470b8c80b6ca850e38e2 1c713a1189184b608b038d767ba76d9f - - default default] Successfully bumped revision number for resource e39db462-53be-4dd4-920e-c21520d855f1 (type: router_ports) to 1 [pid: 7|app: 0|req: 454/899] 10.0.0.132 () {34 vars in 783 bytes} [Mon Apr 20 12:39:49 2026] PUT /v2.0/routers/ba91eea7-1428-4de0-b2eb-ddbc3db7546d/add_router_interface => generated 309 bytes in 1598 msecs (HTTP/1.1 200) 4 headers in 157 bytes (1 switches on core 0) [pid: 7|app: 0|req: 455/900] 10.0.0.132 () {32 vars in 740 bytes} [Mon Apr 20 12:39:50 2026] DELETE /v2.0/security-groups/68bd84e0-38a0-4519-817c-aa31ac282857 => generated 0 bytes in 212 msecs (HTTP/1.1 204) 2 headers in 112 bytes (1 switches on core 0) [pid: 7|app: 0|req: 456/901] 10.0.0.116 () {34 vars in 990 bytes} [Mon Apr 20 12:39:51 2026] GET /v2.0/ports?device_id=ac2aadfd-e664-40a0-9b7b-3a5130cf8a0a => generated 12 bytes in 16 msecs (HTTP/1.1 200) 4 headers in 156 bytes (1 switches on core 0)
2026-04-20 12:39:51.587 7 INFO neutron.plugins.ml2.drivers.ovn.mech_driver.mech_driver [None req-44b380f8-c0e3-403a-8a95-5e9f52d4b455 - - - - - -] OVN reports status down for port: b69918a3-90af-405c-9a1c-3e8ae3477e1b
2026-04-20 12:39:51.607 8 INFO neutron.db.ovn_revision_numbers_db [None req-0b0264f8-7d47-4cbc-8d67-b3df4f6f23e7 - - - - - -] Successfully bumped revision number for resource c827aeae-9959-4d46-b166-71e2cc782948 (type: ports) to 5
2026-04-20 12:39:51.667 7 WARNING neutron.scheduler.dhcp_agent_scheduler [None req-a77314d0-c744-4041-96a9-a9f0083ae98c 37233140544a470b8c80b6ca850e38e2 1c713a1189184b608b038d767ba76d9f - - default default] No more DHCP agents
2026-04-20 12:39:51.670 7 WARNING neutron.api.rpc.agentnotifiers.dhcp_rpc_agent_api [None req-a77314d0-c744-4041-96a9-a9f0083ae98c 37233140544a470b8c80b6ca850e38e2 1c713a1189184b608b038d767ba76d9f - - default default] Unable to schedule network ddadd600-1224-4259-b17b-d0b93467a481: no agents available; will retry on subsequent port and subnet creation events.
2026-04-20 12:39:51.697 7 WARNING neutron.plugins.ml2.drivers.ovn.mech_driver.ovsdb.ovn_client [None req-44b380f8-c0e3-403a-8a95-5e9f52d4b455 - - - - - -] Logical_Switch_Port %s host information not removed, the port state is up
2026-04-20 12:39:51.699 7 INFO neutron.plugins.ml2.drivers.ovn.mech_driver.mech_driver [None req-44b380f8-c0e3-403a-8a95-5e9f52d4b455 - - - - - -] OVN reports status up for port: b69918a3-90af-405c-9a1c-3e8ae3477e1b
2026-04-20 12:39:51.719 7 INFO neutron.plugins.ml2.plugin [None req-44b380f8-c0e3-403a-8a95-5e9f52d4b455 - - - - - -] Attempt 1 to provision port b69918a3-90af-405c-9a1c-3e8ae3477e1b
2026-04-20 12:39:51.772 8 INFO neutron.db.ovn_revision_numbers_db [None req-718c444a-a4f2-4d4d-9f02-ce346652a379 - - - - - -] Successfully bumped revision number for resource e39db462-53be-4dd4-920e-c21520d855f1 (type: ports) to 2
2026-04-20 12:39:51.787 8 INFO neutron.plugins.ml2.drivers.ovn.mech_driver.ovsdb.ovsdb_monitor [None req-0b0264f8-7d47-4cbc-8d67-b3df4f6f23e7 - - - - - -] Router f551fea8-9005-43bd-8b53-6775f8cc50ae is bound to host instance
2026-04-20 12:39:51.924 7 INFO neutron.db.ovn_revision_numbers_db [None req-a77314d0-c744-4041-96a9-a9f0083ae98c 37233140544a470b8c80b6ca850e38e2 1c713a1189184b608b038d767ba76d9f - - default default] Successfully bumped revision number for resource 18438703-badf-44f9-b5ca-6cbace071b43 (type: ports) to 1
2026-04-20 12:39:51.984 8 WARNING neutron.scheduler.dhcp_agent_scheduler [req-9ac7a032-fdf6-4304-8c07-efde2a234081 req-0782ae01-7a5a-458a-b40f-15c739651864 e2db73dca4794c63996760c6b2953803 fdf0702ec14745b292037072d43b6349 - - default default] No more DHCP agents
2026-04-20 12:39:51.996 8 WARNING neutron.api.rpc.agentnotifiers.dhcp_rpc_agent_api [req-9ac7a032-fdf6-4304-8c07-efde2a234081 req-0782ae01-7a5a-458a-b40f-15c739651864 e2db73dca4794c63996760c6b2953803 fdf0702ec14745b292037072d43b6349 - - default default] Unable to schedule network 47251fea-6a6e-4aae-9819-4e675480eaa8: no agents available; will retry on subsequent port and subnet creation events.
