Apr 04 10:33:29.253986 np0000163479 nova-conductor[109993]: DEBUG cotyledon.oslo_config_glue [-] vnc.auth_schemes = ['none'] {{(pid=109993) log_opt_values /opt/stack/data/venv/lib/python3.12/site-packages/oslo_config/cfg.py:3006}}
Apr 04 10:33:29.253986 np0000163479 nova-conductor[109993]: DEBUG cotyledon.oslo_config_glue [-] vnc.enabled = True {{(pid=109993) log_opt_values /opt/stack/data/venv/lib/python3.12/site-packages/oslo_config/cfg.py:3006}}
Apr 04 10:33:29.254194 np0000163479 nova-conductor[109993]: DEBUG cotyledon.oslo_config_glue [-] vnc.novncproxy_base_url = http://127.0.0.1:6080/vnc_auto.html {{(pid=109993) log_opt_values /opt/stack/data/venv/lib/python3.12/site-packages/oslo_config/cfg.py:3006}}
Apr 04 10:33:29.254194 np0000163479 nova-conductor[109993]: DEBUG cotyledon.oslo_config_glue [-] vnc.novncproxy_host = 0.0.0.0 {{(pid=109993) log_opt_values /opt/stack/data/venv/lib/python3.12/site-packages/oslo_config/cfg.py:3006}}
Apr 04 10:33:29.254194 np0000163479 nova-conductor[109993]: DEBUG cotyledon.oslo_config_glue [-] vnc.novncproxy_port = 6080 {{(pid=109993) log_opt_values /opt/stack/data/venv/lib/python3.12/site-packages/oslo_config/cfg.py:3006}}
Apr 04 10:33:29.254194 np0000163479 nova-conductor[109993]: DEBUG cotyledon.oslo_config_glue [-] vnc.server_listen = 127.0.0.1 {{(pid=109993) log_opt_values /opt/stack/data/venv/lib/python3.12/site-packages/oslo_config/cfg.py:3006}}
Apr 04 10:33:29.254194 np0000163479 nova-conductor[109993]: DEBUG cotyledon.oslo_config_glue [-] vnc.server_proxyclient_address = 127.0.0.1 {{(pid=109993) log_opt_values /opt/stack/data/venv/lib/python3.12/site-packages/oslo_config/cfg.py:3006}}
Apr 04 10:33:29.254194 np0000163479 nova-conductor[109993]: DEBUG cotyledon.oslo_config_glue [-] vnc.vencrypt_ca_certs = None {{(pid=109993) log_opt_values /opt/stack/data/venv/lib/python3.12/site-packages/oslo_config/cfg.py:3006}}
Apr 04 10:33:29.254194 np0000163479 nova-conductor[109993]: DEBUG cotyledon.oslo_config_glue [-] vnc.vencrypt_client_cert = None {{(pid=109993) log_opt_values /opt/stack/data/venv/lib/python3.12/site-packages/oslo_config/cfg.py:3006}}
Apr 04 10:33:29.254194 np0000163479 nova-conductor[109993]: DEBUG cotyledon.oslo_config_glue [-] vnc.vencrypt_client_key = None {{(pid=109993) log_opt_values /opt/stack/data/venv/lib/python3.12/site-packages/oslo_config/cfg.py:3006}}
Apr 04 10:33:29.254194 np0000163479 nova-conductor[109993]: DEBUG cotyledon.oslo_config_glue [-] workarounds.disable_compute_service_check_for_ffu = False {{(pid=109993) log_opt_values /opt/stack/data/venv/lib/python3.12/site-packages/oslo_config/cfg.py:3006}}
Apr 04 10:33:29.254429 np0000163479 nova-conductor[109993]: DEBUG cotyledon.oslo_config_glue [-] workarounds.disable_deep_image_inspection = False {{(pid=109993) log_opt_values /opt/stack/data/venv/lib/python3.12/site-packages/oslo_config/cfg.py:3006}}
Apr 04 10:33:29.254429 np0000163479 nova-conductor[109993]: DEBUG cotyledon.oslo_config_glue [-] workarounds.disable_fallback_pcpu_query = False {{(pid=109993) log_opt_values /opt/stack/data/venv/lib/python3.12/site-packages/oslo_config/cfg.py:3006}}
Apr 04 10:33:29.254429 np0000163479 nova-conductor[109993]: DEBUG cotyledon.oslo_config_glue [-] workarounds.disable_group_policy_check_upcall = False {{(pid=109993) log_opt_values /opt/stack/data/venv/lib/python3.12/site-packages/oslo_config/cfg.py:3006}}
Apr 04 10:33:29.254429 np0000163479 nova-conductor[109993]: DEBUG cotyledon.oslo_config_glue [-] workarounds.disable_libvirt_livesnapshot = False {{(pid=109993) log_opt_values /opt/stack/data/venv/lib/python3.12/site-packages/oslo_config/cfg.py:3006}}
Apr 04 10:33:29.254429 np0000163479 nova-conductor[109993]: DEBUG cotyledon.oslo_config_glue [-] workarounds.disable_rootwrap = False {{(pid=109993) log_opt_values /opt/stack/data/venv/lib/python3.12/site-packages/oslo_config/cfg.py:3006}}
Apr 04 10:33:29.254429 np0000163479 nova-conductor[109993]: DEBUG cotyledon.oslo_config_glue [-] workarounds.enable_numa_live_migration = False {{(pid=109993) log_opt_values /opt/stack/data/venv/lib/python3.12/site-packages/oslo_config/cfg.py:3006}}
Apr 04 10:33:29.254429 np0000163479 nova-conductor[109993]: DEBUG cotyledon.oslo_config_glue [-] workarounds.enable_qemu_monitor_announce_self = False {{(pid=109993) log_opt_values /opt/stack/data/venv/lib/python3.12/site-packages/oslo_config/cfg.py:3006}}
Apr 04 10:33:29.254429 np0000163479 nova-conductor[109993]: DEBUG cotyledon.oslo_config_glue [-] workarounds.ensure_libvirt_rbd_instance_dir_cleanup = False {{(pid=109993) log_opt_values /opt/stack/data/venv/lib/python3.12/site-packages/oslo_config/cfg.py:3006}}
Apr 04 10:33:29.254429 np0000163479 nova-conductor[109993]: DEBUG cotyledon.oslo_config_glue [-] workarounds.handle_virt_lifecycle_events = True {{(pid=109993) log_opt_values /opt/stack/data/venv/lib/python3.12/site-packages/oslo_config/cfg.py:3006}}
Apr 04 10:33:29.254635 np0000163479 nova-conductor[109993]: DEBUG cotyledon.oslo_config_glue [-] workarounds.libvirt_disable_apic = False {{(pid=109993) log_opt_values /opt/stack/data/venv/lib/python3.12/site-packages/oslo_config/cfg.py:3006}}
Apr 04 10:33:29.254635 np0000163479 nova-conductor[109993]: DEBUG cotyledon.oslo_config_glue [-] workarounds.never_download_image_if_on_rbd = False {{(pid=109993) log_opt_values /opt/stack/data/venv/lib/python3.12/site-packages/oslo_config/cfg.py:3006}}
Apr 04 10:33:29.254635 np0000163479 nova-conductor[109993]: DEBUG cotyledon.oslo_config_glue [-] workarounds.qemu_monitor_announce_self_count = 3 {{(pid=109993) log_opt_values /opt/stack/data/venv/lib/python3.12/site-packages/oslo_config/cfg.py:3006}}
Apr 04 10:33:29.254635 np0000163479 nova-conductor[109993]: DEBUG cotyledon.oslo_config_glue [-] workarounds.qemu_monitor_announce_self_interval = 1 {{(pid=109993) log_opt_values /opt/stack/data/venv/lib/python3.12/site-packages/oslo_config/cfg.py:3006}}
Apr 04 10:33:29.254635 np0000163479 nova-conductor[109993]: DEBUG cotyledon.oslo_config_glue [-] workarounds.reserve_disk_resource_for_image_cache = False {{(pid=109993) log_opt_values /opt/stack/data/venv/lib/python3.12/site-packages/oslo_config/cfg.py:3006}}
Apr 04 10:33:29.254635 np0000163479 nova-conductor[109993]: DEBUG cotyledon.oslo_config_glue [-] workarounds.skip_cpu_compare_at_startup = False {{(pid=109993) log_opt_values /opt/stack/data/venv/lib/python3.12/site-packages/oslo_config/cfg.py:3006}}
Apr 04 10:33:29.254635 np0000163479 nova-conductor[109993]: DEBUG cotyledon.oslo_config_glue [-] workarounds.skip_cpu_compare_on_dest = False {{(pid=109993) log_opt_values /opt/stack/data/venv/lib/python3.12/site-packages/oslo_config/cfg.py:3006}}
Apr 04 10:33:29.254635 np0000163479 nova-conductor[109993]: DEBUG cotyledon.oslo_config_glue [-] workarounds.skip_hypervisor_version_check_on_lm = False {{(pid=109993) log_opt_values /opt/stack/data/venv/lib/python3.12/site-packages/oslo_config/cfg.py:3006}}
Apr 04 10:33:29.254635 np0000163479 nova-conductor[109993]: DEBUG cotyledon.oslo_config_glue [-] workarounds.skip_reserve_in_use_ironic_nodes = False {{(pid=109993) log_opt_values /opt/stack/data/venv/lib/python3.12/site-packages/oslo_config/cfg.py:3006}}
Apr 04 10:33:29.254864 np0000163479 nova-conductor[109993]: DEBUG cotyledon.oslo_config_glue [-] workarounds.unified_limits_count_pcpu_as_vcpu = False {{(pid=109993) log_opt_values /opt/stack/data/venv/lib/python3.12/site-packages/oslo_config/cfg.py:3006}}
Apr 04 10:33:29.254864 np0000163479 nova-conductor[109993]: DEBUG cotyledon.oslo_config_glue [-] workarounds.wait_for_vif_plugged_event_during_hard_reboot = [] {{(pid=109993) log_opt_values /opt/stack/data/venv/lib/python3.12/site-packages/oslo_config/cfg.py:3006}}
Apr 04 10:33:29.254864 np0000163479 nova-conductor[109993]: DEBUG cotyledon.oslo_config_glue [-] wsgi.api_paste_config = /etc/nova/api-paste.ini {{(pid=109993) log_opt_values /opt/stack/data/venv/lib/python3.12/site-packages/oslo_config/cfg.py:3006}}
Apr 04 10:33:29.254864 np0000163479 nova-conductor[109993]: DEBUG cotyledon.oslo_config_glue [-] wsgi.secure_proxy_ssl_header = None {{(pid=109993) log_opt_values /opt/stack/data/venv/lib/python3.12/site-packages/oslo_config/cfg.py:3006}}
Apr 04 10:33:29.254864 np0000163479 nova-conductor[109993]: DEBUG cotyledon.oslo_config_glue [-] zvm.ca_file = None {{(pid=109993) log_opt_values /opt/stack/data/venv/lib/python3.12/site-packages/oslo_config/cfg.py:3006}}
Apr 04 10:33:29.254864 np0000163479 nova-conductor[109993]: DEBUG cotyledon.oslo_config_glue [-] zvm.cloud_connector_url = None {{(pid=109993) log_opt_values /opt/stack/data/venv/lib/python3.12/site-packages/oslo_config/cfg.py:3006}}
Apr 04 10:33:29.254864 np0000163479 nova-conductor[109993]: DEBUG cotyledon.oslo_config_glue [-] zvm.image_tmp_path = /opt/stack/data/nova/images {{(pid=109993) log_opt_values /opt/stack/data/venv/lib/python3.12/site-packages/oslo_config/cfg.py:3006}}
Apr 04 10:33:29.254864 np0000163479 nova-conductor[109993]: DEBUG cotyledon.oslo_config_glue [-] zvm.reachable_timeout = 300 {{(pid=109993) log_opt_values /opt/stack/data/venv/lib/python3.12/site-packages/oslo_config/cfg.py:3006}}
Apr 04 10:33:29.254864 np0000163479 nova-conductor[109993]: DEBUG cotyledon.oslo_config_glue [-] oslo_versionedobjects.fatal_exception_format_errors = False {{(pid=109993) log_opt_values /opt/stack/data/venv/lib/python3.12/site-packages/oslo_config/cfg.py:3006}}
Apr 04 10:33:29.255071 np0000163479 nova-conductor[109993]: DEBUG cotyledon.oslo_config_glue [-] oslo_middleware.http_basic_auth_user_file = /etc/htpasswd {{(pid=109993) log_opt_values /opt/stack/data/venv/lib/python3.12/site-packages/oslo_config/cfg.py:3006}}
Apr 04 10:33:29.255071 np0000163479 nova-conductor[109993]: DEBUG cotyledon.oslo_config_glue [-] profiler.connection_string = messaging:// {{(pid=109993) log_opt_values /opt/stack/data/venv/lib/python3.12/site-packages/oslo_config/cfg.py:3006}}
Apr 04 10:33:29.255071 np0000163479 nova-conductor[109993]: DEBUG cotyledon.oslo_config_glue [-] profiler.enabled = False {{(pid=109993) log_opt_values /opt/stack/data/venv/lib/python3.12/site-packages/oslo_config/cfg.py:3006}}
Apr 04 10:33:29.255071 np0000163479 nova-conductor[109993]: DEBUG cotyledon.oslo_config_glue [-] profiler.es_doc_type = notification {{(pid=109993) log_opt_values /opt/stack/data/venv/lib/python3.12/site-packages/oslo_config/cfg.py:3006}}
Apr 04 10:33:29.255071 np0000163479 nova-conductor[109993]: DEBUG cotyledon.oslo_config_glue [-] profiler.es_scroll_size = 10000 {{(pid=109993) log_opt_values /opt/stack/data/venv/lib/python3.12/site-packages/oslo_config/cfg.py:3006}}
Apr 04 10:33:29.255071 np0000163479 nova-conductor[109993]: DEBUG cotyledon.oslo_config_glue [-] profiler.es_scroll_time = 2m {{(pid=109993) log_opt_values /opt/stack/data/venv/lib/python3.12/site-packages/oslo_config/cfg.py:3006}}
Apr 04 10:33:29.255071 np0000163479 nova-conductor[109993]: DEBUG cotyledon.oslo_config_glue [-] profiler.filter_error_trace = False {{(pid=109993) log_opt_values /opt/stack/data/venv/lib/python3.12/site-packages/oslo_config/cfg.py:3006}}
Apr 04 10:33:29.255071 np0000163479 nova-conductor[109993]: DEBUG cotyledon.oslo_config_glue [-] profiler.hmac_keys = **** {{(pid=109993) log_opt_values /opt/stack/data/venv/lib/python3.12/site-packages/oslo_config/cfg.py:3006}}
Apr 04 10:33:29.255264 np0000163479 nova-conductor[109977]: DEBUG dbcounter [-] [109977] Writer thread running {{(pid=109977) stat_writer /opt/stack/data/venv/lib/python3.12/site-packages/dbcounter.py:102}}
Apr 04 10:33:29.255365 np0000163479 nova-conductor[109993]: DEBUG cotyledon.oslo_config_glue [-] profiler.sentinel_service_name = mymaster {{(pid=109993) log_opt_values /opt/stack/data/venv/lib/python3.12/site-packages/oslo_config/cfg.py:3006}}
Apr 04 10:33:29.255365 np0000163479 nova-conductor[109993]: DEBUG cotyledon.oslo_config_glue [-] profiler.socket_timeout = 0.1 {{(pid=109993) log_opt_values /opt/stack/data/venv/lib/python3.12/site-packages/oslo_config/cfg.py:3006}}
Apr 04 10:33:29.255365 np0000163479 nova-conductor[109993]: DEBUG cotyledon.oslo_config_glue [-] profiler.trace_requests = False {{(pid=109993) log_opt_values /opt/stack/data/venv/lib/python3.12/site-packages/oslo_config/cfg.py:3006}}
Apr 04 10:33:29.255365 np0000163479 nova-conductor[109993]: DEBUG cotyledon.oslo_config_glue [-] profiler.trace_sqlalchemy = False {{(pid=109993) log_opt_values /opt/stack/data/venv/lib/python3.12/site-packages/oslo_config/cfg.py:3006}}
Apr 04 10:33:29.255365 np0000163479 nova-conductor[109993]: DEBUG cotyledon.oslo_config_glue [-] profiler_jaeger.process_tags = {} {{(pid=109993) log_opt_values /opt/stack/data/venv/lib/python3.12/site-packages/oslo_config/cfg.py:3006}}
Apr 04 10:33:29.255365 np0000163479 nova-conductor[109993]: DEBUG cotyledon.oslo_config_glue [-] profiler_jaeger.service_name_prefix = None {{(pid=109993) log_opt_values /opt/stack/data/venv/lib/python3.12/site-packages/oslo_config/cfg.py:3006}}
Apr 04 10:33:29.255365 np0000163479 nova-conductor[109993]: DEBUG cotyledon.oslo_config_glue [-] profiler_otlp.service_name_prefix = None {{(pid=109993) log_opt_values /opt/stack/data/venv/lib/python3.12/site-packages/oslo_config/cfg.py:3006}}
Apr 04 10:33:29.255365 np0000163479 nova-conductor[109993]: DEBUG cotyledon.oslo_config_glue [-] oslo_messaging_rabbit.amqp_auto_delete = False {{(pid=109993) log_opt_values /opt/stack/data/venv/lib/python3.12/site-packages/oslo_config/cfg.py:3006}}
Apr 04 10:33:29.255365 np0000163479 nova-conductor[109993]: DEBUG cotyledon.oslo_config_glue [-] oslo_messaging_rabbit.amqp_durable_queues = False {{(pid=109993) log_opt_values /opt/stack/data/venv/lib/python3.12/site-packages/oslo_config/cfg.py:3006}}
Apr 04 10:33:29.255642 np0000163479 nova-conductor[109993]: DEBUG cotyledon.oslo_config_glue [-] oslo_messaging_rabbit.conn_pool_min_size = 2 {{(pid=109993) log_opt_values /opt/stack/data/venv/lib/python3.12/site-packages/oslo_config/cfg.py:3006}}
Apr 04 10:33:29.255642 np0000163479 nova-conductor[109993]: DEBUG cotyledon.oslo_config_glue [-] oslo_messaging_rabbit.conn_pool_ttl = 1200 {{(pid=109993) log_opt_values /opt/stack/data/venv/lib/python3.12/site-packages/oslo_config/cfg.py:3006}}
Apr 04 10:33:29.255642 np0000163479 nova-conductor[109993]: DEBUG cotyledon.oslo_config_glue [-] oslo_messaging_rabbit.direct_mandatory_flag = True {{(pid=109993) log_opt_values /opt/stack/data/venv/lib/python3.12/site-packages/oslo_config/cfg.py:3006}}
Apr 04 10:33:29.255642 np0000163479 nova-conductor[109993]: DEBUG cotyledon.oslo_config_glue [-] oslo_messaging_rabbit.enable_cancel_on_failover = False {{(pid=109993) log_opt_values /opt/stack/data/venv/lib/python3.12/site-packages/oslo_config/cfg.py:3006}}
Apr 04 10:33:29.255642 np0000163479 nova-conductor[109993]: DEBUG cotyledon.oslo_config_glue [-] oslo_messaging_rabbit.heartbeat_in_pthread = False {{(pid=109993) log_opt_values /opt/stack/data/venv/lib/python3.12/site-packages/oslo_config/cfg.py:3006}}
Apr 04 10:33:29.255642 np0000163479 nova-conductor[109993]: DEBUG cotyledon.oslo_config_glue [-] oslo_messaging_rabbit.heartbeat_rate = 3 {{(pid=109993) log_opt_values /opt/stack/data/venv/lib/python3.12/site-packages/oslo_config/cfg.py:3006}}
Apr 04 10:33:29.255642 np0000163479 nova-conductor[109993]: DEBUG cotyledon.oslo_config_glue [-] oslo_messaging_rabbit.heartbeat_timeout_threshold = 60 {{(pid=109993) log_opt_values /opt/stack/data/venv/lib/python3.12/site-packages/oslo_config/cfg.py:3006}}
Apr 04 10:33:29.255642 np0000163479 nova-conductor[109993]: DEBUG cotyledon.oslo_config_glue [-] oslo_messaging_rabbit.hostname = np0000163479 {{(pid=109993) log_opt_values /opt/stack/data/venv/lib/python3.12/site-packages/oslo_config/cfg.py:3006}}
Apr 04 10:33:29.255642 np0000163479 nova-conductor[109993]: DEBUG cotyledon.oslo_config_glue [-] oslo_messaging_rabbit.kombu_compression = None {{(pid=109993) log_opt_values /opt/stack/data/venv/lib/python3.12/site-packages/oslo_config/cfg.py:3006}}
Apr 04 10:33:29.255865 np0000163479 nova-conductor[109993]: DEBUG cotyledon.oslo_config_glue [-] oslo_messaging_rabbit.kombu_failover_strategy = round-robin {{(pid=109993) log_opt_values /opt/stack/data/venv/lib/python3.12/site-packages/oslo_config/cfg.py:3006}}
Apr 04 10:33:29.255865 np0000163479 nova-conductor[109993]: DEBUG cotyledon.oslo_config_glue [-] oslo_messaging_rabbit.kombu_missing_consumer_retry_timeout = 60 {{(pid=109993) log_opt_values /opt/stack/data/venv/lib/python3.12/site-packages/oslo_config/cfg.py:3006}}
Apr 04 10:33:29.255865 np0000163479 nova-conductor[109993]: DEBUG cotyledon.oslo_config_glue [-] oslo_messaging_rabbit.kombu_reconnect_delay = 1.0 {{(pid=109993) log_opt_values /opt/stack/data/venv/lib/python3.12/site-packages/oslo_config/cfg.py:3006}}
Apr 04 10:33:29.255865 np0000163479 nova-conductor[109993]: DEBUG cotyledon.oslo_config_glue [-] oslo_messaging_rabbit.kombu_reconnect_splay = 0.0 {{(pid=109993) log_opt_values /opt/stack/data/venv/lib/python3.12/site-packages/oslo_config/cfg.py:3006}}
Apr 04 10:33:29.255865 np0000163479 nova-conductor[109993]: DEBUG cotyledon.oslo_config_glue [-] oslo_messaging_rabbit.processname = nova-conductor {{(pid=109993) log_opt_values /opt/stack/data/venv/lib/python3.12/site-packages/oslo_config/cfg.py:3006}}
Apr 04 10:33:29.255865 np0000163479 nova-conductor[109993]: DEBUG cotyledon.oslo_config_glue [-] oslo_messaging_rabbit.rabbit_ha_queues = False {{(pid=109993) log_opt_values /opt/stack/data/venv/lib/python3.12/site-packages/oslo_config/cfg.py:3006}}
Apr 04 10:33:29.255865 np0000163479 nova-conductor[109993]: DEBUG cotyledon.oslo_config_glue [-] oslo_messaging_rabbit.rabbit_interval_max = 30 {{(pid=109993) log_opt_values /opt/stack/data/venv/lib/python3.12/site-packages/oslo_config/cfg.py:3006}}
Apr 04 10:33:29.255865 np0000163479 nova-conductor[109993]: DEBUG cotyledon.oslo_config_glue [-] oslo_messaging_rabbit.rabbit_login_method = AMQPLAIN {{(pid=109993) log_opt_values /opt/stack/data/venv/lib/python3.12/site-packages/oslo_config/cfg.py:3006}}
Apr 04 10:33:29.256048 np0000163479 nova-conductor[109993]: DEBUG cotyledon.oslo_config_glue [-] oslo_messaging_rabbit.rabbit_qos_prefetch_count = 0 {{(pid=109993) log_opt_values /opt/stack/data/venv/lib/python3.12/site-packages/oslo_config/cfg.py:3006}}
Apr 04 10:33:29.256048 np0000163479 nova-conductor[109993]: DEBUG cotyledon.oslo_config_glue [-] oslo_messaging_rabbit.rabbit_quorum_delivery_limit = 0 {{(pid=109993) log_opt_values /opt/stack/data/venv/lib/python3.12/site-packages/oslo_config/cfg.py:3006}}
Apr 04 10:33:29.256048 np0000163479 nova-conductor[109993]: DEBUG cotyledon.oslo_config_glue [-] oslo_messaging_rabbit.rabbit_quorum_max_memory_bytes = 0 {{(pid=109993) log_opt_values /opt/stack/data/venv/lib/python3.12/site-packages/oslo_config/cfg.py:3006}}
Apr 04 10:33:29.256048 np0000163479 nova-conductor[109993]: DEBUG cotyledon.oslo_config_glue [-] oslo_messaging_rabbit.rabbit_quorum_max_memory_length = 0 {{(pid=109993) log_opt_values /opt/stack/data/venv/lib/python3.12/site-packages/oslo_config/cfg.py:3006}}
Apr 04 10:33:29.256048 np0000163479 nova-conductor[109993]: DEBUG cotyledon.oslo_config_glue [-] oslo_messaging_rabbit.rabbit_quorum_queue = False {{(pid=109993) log_opt_values /opt/stack/data/venv/lib/python3.12/site-packages/oslo_config/cfg.py:3006}}
Apr 04 10:33:29.256048 np0000163479 nova-conductor[109993]: DEBUG cotyledon.oslo_config_glue [-] oslo_messaging_rabbit.rabbit_retry_backoff = 2 {{(pid=109993) log_opt_values /opt/stack/data/venv/lib/python3.12/site-packages/oslo_config/cfg.py:3006}}
Apr 04 10:33:29.256048 np0000163479 nova-conductor[109993]: DEBUG cotyledon.oslo_config_glue [-] oslo_messaging_rabbit.rabbit_retry_interval = 1 {{(pid=109993) log_opt_values /opt/stack/data/venv/lib/python3.12/site-packages/oslo_config/cfg.py:3006}}
Apr 04 10:33:29.256048 np0000163479 nova-conductor[109993]: DEBUG cotyledon.oslo_config_glue [-] oslo_messaging_rabbit.rabbit_stream_fanout = False {{(pid=109993) log_opt_values /opt/stack/data/venv/lib/python3.12/site-packages/oslo_config/cfg.py:3006}}
Apr 04 10:33:29.256292 np0000163479 nova-conductor[109993]: DEBUG cotyledon.oslo_config_glue [-] oslo_messaging_rabbit.rabbit_transient_queues_ttl = 1800 {{(pid=109993) log_opt_values /opt/stack/data/venv/lib/python3.12/site-packages/oslo_config/cfg.py:3006}}
Apr 04 10:33:29.256292 np0000163479 nova-conductor[109993]: DEBUG cotyledon.oslo_config_glue [-] oslo_messaging_rabbit.rabbit_transient_quorum_queue = False {{(pid=109993) log_opt_values /opt/stack/data/venv/lib/python3.12/site-packages/oslo_config/cfg.py:3006}}
Apr 04 10:33:29.256292 np0000163479 nova-conductor[109993]: DEBUG cotyledon.oslo_config_glue [-] oslo_messaging_rabbit.rpc_conn_pool_size = 30 {{(pid=109993) log_opt_values /opt/stack/data/venv/lib/python3.12/site-packages/oslo_config/cfg.py:3006}}
Apr 04 10:33:29.256292 np0000163479 nova-conductor[109993]: DEBUG cotyledon.oslo_config_glue [-] oslo_messaging_rabbit.ssl = False {{(pid=109993) log_opt_values /opt/stack/data/venv/lib/python3.12/site-packages/oslo_config/cfg.py:3006}}
Apr 04 10:33:29.256292 np0000163479 nova-conductor[109993]: DEBUG cotyledon.oslo_config_glue [-] oslo_messaging_rabbit.ssl_ca_file = {{(pid=109993) log_opt_values /opt/stack/data/venv/lib/python3.12/site-packages/oslo_config/cfg.py:3006}}
Apr 04 10:33:29.256292 np0000163479 nova-conductor[109993]: DEBUG cotyledon.oslo_config_glue [-] oslo_messaging_rabbit.ssl_cert_file = {{(pid=109993) log_opt_values /opt/stack/data/venv/lib/python3.12/site-packages/oslo_config/cfg.py:3006}}
Apr 04 10:33:29.256292 np0000163479 nova-conductor[109993]: DEBUG cotyledon.oslo_config_glue [-] oslo_messaging_rabbit.ssl_enforce_fips_mode = False {{(pid=109993) log_opt_values /opt/stack/data/venv/lib/python3.12/site-packages/oslo_config/cfg.py:3006}}
Apr 04 10:33:29.256292 np0000163479 nova-conductor[109993]: DEBUG cotyledon.oslo_config_glue [-] oslo_messaging_rabbit.ssl_key_file = {{(pid=109993) log_opt_values /opt/stack/data/venv/lib/python3.12/site-packages/oslo_config/cfg.py:3006}}
Apr 04 10:33:29.256292 np0000163479 nova-conductor[109993]: DEBUG cotyledon.oslo_config_glue [-] oslo_messaging_rabbit.ssl_version = {{(pid=109993) log_opt_values /opt/stack/data/venv/lib/python3.12/site-packages/oslo_config/cfg.py:3006}}
Apr 04 10:33:29.256520 np0000163479 nova-conductor[109993]: DEBUG cotyledon.oslo_config_glue [-] oslo_messaging_rabbit.use_queue_manager = False {{(pid=109993) log_opt_values /opt/stack/data/venv/lib/python3.12/site-packages/oslo_config/cfg.py:3006}}
Apr 04 10:33:29.256520 np0000163479 nova-conductor[109993]: DEBUG cotyledon.oslo_config_glue [-] oslo_messaging_notifications.driver = ['messagingv2'] {{(pid=109993) log_opt_values /opt/stack/data/venv/lib/python3.12/site-packages/oslo_config/cfg.py:3006}}
Apr 04 10:33:29.256520 np0000163479 nova-conductor[109993]: DEBUG cotyledon.oslo_config_glue [-] oslo_messaging_notifications.retry = -1 {{(pid=109993) log_opt_values /opt/stack/data/venv/lib/python3.12/site-packages/oslo_config/cfg.py:3006}}
Apr 04 10:33:29.256520 np0000163479 nova-conductor[109993]: DEBUG cotyledon.oslo_config_glue [-] oslo_messaging_notifications.topics = ['notifications'] {{(pid=109993) log_opt_values /opt/stack/data/venv/lib/python3.12/site-packages/oslo_config/cfg.py:3006}}
Apr 04 10:33:29.256520 np0000163479 nova-conductor[109993]: DEBUG cotyledon.oslo_config_glue [-] oslo_messaging_notifications.transport_url = **** {{(pid=109993) log_opt_values /opt/stack/data/venv/lib/python3.12/site-packages/oslo_config/cfg.py:3006}}
Apr 04 10:33:29.256520 np0000163479 nova-conductor[109993]: DEBUG cotyledon.oslo_config_glue [-] oslo_limit.auth_section = None {{(pid=109993) log_opt_values /opt/stack/data/venv/lib/python3.12/site-packages/oslo_config/cfg.py:3006}}
Apr 04 10:33:29.256520 np0000163479 nova-conductor[109993]: DEBUG cotyledon.oslo_config_glue [-] oslo_limit.auth_type = None {{(pid=109993) log_opt_values /opt/stack/data/venv/lib/python3.12/site-packages/oslo_config/cfg.py:3006}}
Apr 04 10:33:29.256520 np0000163479 nova-conductor[109993]: DEBUG cotyledon.oslo_config_glue [-] oslo_limit.cafile = None {{(pid=109993) log_opt_values /opt/stack/data/venv/lib/python3.12/site-packages/oslo_config/cfg.py:3006}}
Apr 04 10:33:29.256520 np0000163479 nova-conductor[109993]: DEBUG cotyledon.oslo_config_glue [-] oslo_limit.certfile = None {{(pid=109993) log_opt_values /opt/stack/data/venv/lib/python3.12/site-packages/oslo_config/cfg.py:3006}}
Apr 04 10:33:29.256738 np0000163479 nova-conductor[109993]: DEBUG cotyledon.oslo_config_glue [-] oslo_limit.collect_timing = False {{(pid=109993) log_opt_values /opt/stack/data/venv/lib/python3.12/site-packages/oslo_config/cfg.py:3006}}
Apr 04 10:33:29.256738 np0000163479 nova-conductor[109993]: DEBUG cotyledon.oslo_config_glue [-] oslo_limit.connect_retries = None {{(pid=109993) log_opt_values /opt/stack/data/venv/lib/python3.12/site-packages/oslo_config/cfg.py:3006}}
Apr 04 10:33:29.256738 np0000163479 nova-conductor[109993]: DEBUG cotyledon.oslo_config_glue [-] oslo_limit.connect_retry_delay = None {{(pid=109993) log_opt_values /opt/stack/data/venv/lib/python3.12/site-packages/oslo_config/cfg.py:3006}}
Apr 04 10:33:29.256738 np0000163479 nova-conductor[109993]: DEBUG cotyledon.oslo_config_glue [-] oslo_limit.endpoint_id = None {{(pid=109993) log_opt_values /opt/stack/data/venv/lib/python3.12/site-packages/oslo_config/cfg.py:3006}}
Apr 04 10:33:29.256738 np0000163479 nova-conductor[109993]: DEBUG cotyledon.oslo_config_glue [-] oslo_limit.endpoint_interface = public {{(pid=109993) log_opt_values /opt/stack/data/venv/lib/python3.12/site-packages/oslo_config/cfg.py:3006}}
Apr 04 10:33:29.256738 np0000163479 nova-conductor[109993]: DEBUG cotyledon.oslo_config_glue [-] oslo_limit.endpoint_override = None {{(pid=109993) log_opt_values /opt/stack/data/venv/lib/python3.12/site-packages/oslo_config/cfg.py:3006}}
Apr 04 10:33:29.256738 np0000163479 nova-conductor[109993]: DEBUG cotyledon.oslo_config_glue [-] oslo_limit.endpoint_region_name = None {{(pid=109993) log_opt_values /opt/stack/data/venv/lib/python3.12/site-packages/oslo_config/cfg.py:3006}}
Apr 04 10:33:29.256738 np0000163479 nova-conductor[109993]: DEBUG cotyledon.oslo_config_glue [-] oslo_limit.endpoint_service_name = None {{(pid=109993) log_opt_values /opt/stack/data/venv/lib/python3.12/site-packages/oslo_config/cfg.py:3006}}
Apr 04 10:33:29.256738 np0000163479 nova-conductor[109993]: DEBUG cotyledon.oslo_config_glue [-] oslo_limit.endpoint_service_type = None {{(pid=109993) log_opt_values /opt/stack/data/venv/lib/python3.12/site-packages/oslo_config/cfg.py:3006}}
Apr 04 10:33:29.256955 np0000163479 nova-conductor[109993]: DEBUG cotyledon.oslo_config_glue [-] oslo_limit.insecure = False {{(pid=109993) log_opt_values /opt/stack/data/venv/lib/python3.12/site-packages/oslo_config/cfg.py:3006}}
Apr 04 10:33:29.256955 np0000163479 nova-conductor[109993]: DEBUG cotyledon.oslo_config_glue [-] oslo_limit.keyfile = None {{(pid=109993) log_opt_values /opt/stack/data/venv/lib/python3.12/site-packages/oslo_config/cfg.py:3006}}
Apr 04 10:33:29.256955 np0000163479 nova-conductor[109993]: DEBUG cotyledon.oslo_config_glue [-] oslo_limit.max_version = None {{(pid=109993) log_opt_values /opt/stack/data/venv/lib/python3.12/site-packages/oslo_config/cfg.py:3006}}
Apr 04 10:33:29.256955 np0000163479 nova-conductor[109993]: DEBUG cotyledon.oslo_config_glue [-] oslo_limit.min_version = None {{(pid=109993) log_opt_values /opt/stack/data/venv/lib/python3.12/site-packages/oslo_config/cfg.py:3006}}
Apr 04 10:33:29.256955 np0000163479 nova-conductor[109993]: DEBUG cotyledon.oslo_config_glue [-] oslo_limit.region_name = None {{(pid=109993) log_opt_values /opt/stack/data/venv/lib/python3.12/site-packages/oslo_config/cfg.py:3006}}
Apr 04 10:33:29.256955 np0000163479 nova-conductor[109993]: DEBUG cotyledon.oslo_config_glue [-] oslo_limit.retriable_status_codes = None {{(pid=109993) log_opt_values /opt/stack/data/venv/lib/python3.12/site-packages/oslo_config/cfg.py:3006}}
Apr 04 10:33:29.256955 np0000163479 nova-conductor[109993]: DEBUG cotyledon.oslo_config_glue [-] oslo_limit.service_name = None {{(pid=109993) log_opt_values /opt/stack/data/venv/lib/python3.12/site-packages/oslo_config/cfg.py:3006}}
Apr 04 10:33:29.256955 np0000163479 nova-conductor[109993]: DEBUG cotyledon.oslo_config_glue [-] oslo_limit.service_type = None {{(pid=109993) log_opt_values /opt/stack/data/venv/lib/python3.12/site-packages/oslo_config/cfg.py:3006}}
Apr 04 10:33:29.256955 np0000163479 nova-conductor[109993]: DEBUG cotyledon.oslo_config_glue [-] oslo_limit.split_loggers = False {{(pid=109993) log_opt_values /opt/stack/data/venv/lib/python3.12/site-packages/oslo_config/cfg.py:3006}}
Apr 04 10:33:29.257164 np0000163479 nova-conductor[109993]: DEBUG cotyledon.oslo_config_glue [-] oslo_limit.status_code_retries = None {{(pid=109993) log_opt_values /opt/stack/data/venv/lib/python3.12/site-packages/oslo_config/cfg.py:3006}}
Apr 04 10:33:29.257164 np0000163479 nova-conductor[109993]: DEBUG cotyledon.oslo_config_glue [-] oslo_limit.status_code_retry_delay = None {{(pid=109993) log_opt_values /opt/stack/data/venv/lib/python3.12/site-packages/oslo_config/cfg.py:3006}}
Apr 04 10:33:29.257164 np0000163479 nova-conductor[109993]: DEBUG cotyledon.oslo_config_glue [-] oslo_limit.timeout = None {{(pid=109993) log_opt_values /opt/stack/data/venv/lib/python3.12/site-packages/oslo_config/cfg.py:3006}}
Apr 04 10:33:29.257164 np0000163479 nova-conductor[109993]: DEBUG cotyledon.oslo_config_glue [-] oslo_limit.valid_interfaces = None {{(pid=109993) log_opt_values /opt/stack/data/venv/lib/python3.12/site-packages/oslo_config/cfg.py:3006}}
Apr 04 10:33:29.257164 np0000163479 nova-conductor[109993]: DEBUG cotyledon.oslo_config_glue [-] oslo_limit.version = None {{(pid=109993) log_opt_values /opt/stack/data/venv/lib/python3.12/site-packages/oslo_config/cfg.py:3006}}
Apr 04 10:33:29.257164 np0000163479 nova-conductor[109993]: DEBUG cotyledon.oslo_config_glue [-] oslo_reports.file_event_handler = None {{(pid=109993) log_opt_values /opt/stack/data/venv/lib/python3.12/site-packages/oslo_config/cfg.py:3006}}
Apr 04 10:33:29.257164 np0000163479 nova-conductor[109993]: DEBUG cotyledon.oslo_config_glue [-] oslo_reports.file_event_handler_interval = 1 {{(pid=109993) log_opt_values /opt/stack/data/venv/lib/python3.12/site-packages/oslo_config/cfg.py:3006}}
Apr 04 10:33:29.257164 np0000163479 nova-conductor[109993]: DEBUG cotyledon.oslo_config_glue [-] oslo_reports.log_dir = None {{(pid=109993) log_opt_values /opt/stack/data/venv/lib/python3.12/site-packages/oslo_config/cfg.py:3006}}
Apr 04 10:33:29.257164 np0000163479 nova-conductor[109993]: DEBUG cotyledon.oslo_config_glue [-] ******************************************************************************** {{(pid=109993) log_opt_values /opt/stack/data/venv/lib/python3.12/site-packages/oslo_config/cfg.py:3013}}
Apr 04 10:33:29.257450 np0000163479 nova-conductor[109993]: DEBUG cotyledon._service_worker [-] Run service ServiceWrapper(3) [109993] {{(pid=109993) wait_forever /opt/stack/data/venv/lib/python3.12/site-packages/cotyledon/_service_worker.py:218}}
Apr 04 10:33:29.257450 np0000163479 nova-conductor[109993]: INFO nova.service [-] Starting conductor node (version 33.1.0)
Apr 04 10:33:29.257505 np0000163479 nova-conductor[109985]: DEBUG oslo_db.sqlalchemy.engines [None req-89a4b64e-22b6-43f5-99b4-0adbd2089136 None None] MySQL server mode set to STRICT_TRANS_TABLES,STRICT_ALL_TABLES,NO_ZERO_IN_DATE,NO_ZERO_DATE,ERROR_FOR_DIVISION_BY_ZERO,TRADITIONAL,NO_ENGINE_SUBSTITUTION {{(pid=109985) _check_effective_sql_mode /opt/stack/data/venv/lib/python3.12/site-packages/oslo_db/sqlalchemy/engines.py:325}}
Apr 04 10:33:29.257541 np0000163479 nova-conductor[109968]: DEBUG nova.service [None req-3492bd16-af44-4155-9433-d9486f691969 None None] Creating RPC server for service: nova-conductor on topic: conductor {{(pid=109968) start /opt/stack/nova/nova/service.py:195}}
Apr 04 10:33:29.257573 np0000163479 nova-conductor[109993]: INFO dbcounter [None req-293e9a64-9255-4459-8fb7-0237b3e87d0c None None] Registered counter for database nova_cell0
Apr 04 10:33:29.262709 np0000163479 nova-conductor[109993]: DEBUG oslo_db.sqlalchemy.engines [None req-293e9a64-9255-4459-8fb7-0237b3e87d0c None None] MySQL server mode set to STRICT_TRANS_TABLES,STRICT_ALL_TABLES,NO_ZERO_IN_DATE,NO_ZERO_DATE,ERROR_FOR_DIVISION_BY_ZERO,TRADITIONAL,NO_ENGINE_SUBSTITUTION {{(pid=109993) _check_effective_sql_mode /opt/stack/data/venv/lib/python3.12/site-packages/oslo_db/sqlalchemy/engines.py:325}}
Apr 04 10:33:29.263318 np0000163479 nova-conductor[109985]: DEBUG dbcounter [-] [109985] Writer thread running {{(pid=109985) stat_writer /opt/stack/data/venv/lib/python3.12/site-packages/dbcounter.py:102}}
Apr 04 10:33:29.263529 np0000163479 nova-conductor[109977]: DEBUG nova.service [None req-66523641-d3a5-450c-8b80-c5e076119a93 None None] Creating RPC server for service: nova-conductor on topic: conductor {{(pid=109977) start /opt/stack/nova/nova/service.py:195}}
Apr 04 10:33:29.266123 np0000163479 nova-conductor[109985]: DEBUG nova.service [None req-89a4b64e-22b6-43f5-99b4-0adbd2089136 None None] Creating RPC server for service: nova-conductor on topic: conductor {{(pid=109985) start /opt/stack/nova/nova/service.py:195}}
Apr 04 10:33:29.273170 np0000163479 nova-conductor[109993]: DEBUG dbcounter [-] [109993] Writer thread running {{(pid=109993) stat_writer /opt/stack/data/venv/lib/python3.12/site-packages/dbcounter.py:102}}
Apr 04 10:33:29.275903 np0000163479 nova-conductor[109993]: DEBUG nova.service [None req-293e9a64-9255-4459-8fb7-0237b3e87d0c None None] Creating RPC server for service: nova-conductor on topic: conductor {{(pid=109993) start /opt/stack/nova/nova/service.py:195}}
Apr 04 10:33:29.286923 np0000163479 nova-conductor[109968]: DEBUG nova.service [None req-3492bd16-af44-4155-9433-d9486f691969 None None] Join ServiceGroup membership for this service conductor {{(pid=109968) start /opt/stack/nova/nova/service.py:221}}
Apr 04 10:33:29.286977 np0000163479 nova-conductor[109968]: DEBUG nova.servicegroup.drivers.db [None req-3492bd16-af44-4155-9433-d9486f691969 None None] DB_Driver: join new ServiceGroup member np0000163479 to the conductor group, service = {{(pid=109968) join /opt/stack/nova/nova/servicegroup/drivers/db.py:44}}
Apr 04 10:33:29.288523 np0000163479 nova-conductor[109985]: DEBUG nova.service [None req-89a4b64e-22b6-43f5-99b4-0adbd2089136 None None] Join ServiceGroup membership for this service conductor {{(pid=109985) start /opt/stack/nova/nova/service.py:221}}
Apr 04 10:33:29.288861 np0000163479 nova-conductor[109985]: DEBUG nova.servicegroup.drivers.db [None req-89a4b64e-22b6-43f5-99b4-0adbd2089136 None None] DB_Driver: join new ServiceGroup member np0000163479 to the conductor group, service = {{(pid=109985) join /opt/stack/nova/nova/servicegroup/drivers/db.py:44}}
Apr 04 10:33:29.292825 np0000163479 nova-conductor[109977]: DEBUG nova.service [None req-66523641-d3a5-450c-8b80-c5e076119a93 None None] Join ServiceGroup membership for this service conductor {{(pid=109977) start /opt/stack/nova/nova/service.py:221}}
Apr 04 10:33:29.293852 np0000163479 nova-conductor[109977]: DEBUG nova.servicegroup.drivers.db [None req-66523641-d3a5-450c-8b80-c5e076119a93 None None] DB_Driver: join new ServiceGroup member np0000163479 to the conductor group, service = {{(pid=109977) join /opt/stack/nova/nova/servicegroup/drivers/db.py:44}}
Apr 04 10:33:29.296011 np0000163479 nova-conductor[109993]: DEBUG nova.service [None req-293e9a64-9255-4459-8fb7-0237b3e87d0c None None] Join ServiceGroup membership for this service conductor {{(pid=109993) start /opt/stack/nova/nova/service.py:221}}
Apr 04 10:33:29.296304 np0000163479 nova-conductor[109993]: DEBUG nova.servicegroup.drivers.db [None req-293e9a64-9255-4459-8fb7-0237b3e87d0c None None] DB_Driver: join new ServiceGroup member np0000163479 to the conductor group, service = {{(pid=109993) join /opt/stack/nova/nova/servicegroup/drivers/db.py:44}}
Apr 04 10:33:32.290007 np0000163479 nova-conductor[109968]: DEBUG oslo.service.backend._threading.loopingcall [None req-3fb71f8c-2b16-4443-bcef-a964c3203200 None None] Dynamic interval looping call 'nova.service.Service.periodic_tasks' sleeping for 60.00 seconds {{(pid=109968) _run_loop /opt/stack/data/venv/lib/python3.12/site-packages/oslo_service/backend/_threading/loopingcall.py:125}}
Apr 04 10:33:34.311596 np0000163479 nova-conductor[109968]: DEBUG oslo.service.backend._threading.loopingcall [-] Fixed interval looping call 'nova.servicegroup.drivers.db.DbDriver._report_state' sleeping for 119.98 seconds {{(pid=109968) _run_loop /opt/stack/data/venv/lib/python3.12/site-packages/oslo_service/backend/_threading/loopingcall.py:125}}
Apr 04 10:33:34.312242 np0000163479 nova-conductor[109985]: DEBUG oslo.service.backend._threading.loopingcall [-] Fixed interval looping call 'nova.servicegroup.drivers.db.DbDriver._report_state' sleeping for 119.98 seconds {{(pid=109985) _run_loop /opt/stack/data/venv/lib/python3.12/site-packages/oslo_service/backend/_threading/loopingcall.py:125}}
Apr 04 10:33:34.313783 np0000163479 nova-conductor[109977]: DEBUG oslo.service.backend._threading.loopingcall [-] Fixed interval looping call 'nova.servicegroup.drivers.db.DbDriver._report_state' sleeping for 119.98 seconds {{(pid=109977) _run_loop /opt/stack/data/venv/lib/python3.12/site-packages/oslo_service/backend/_threading/loopingcall.py:125}}
Apr 04 10:33:34.315272 np0000163479 nova-conductor[109993]: DEBUG oslo.service.backend._threading.loopingcall [-] Fixed interval looping call 'nova.servicegroup.drivers.db.DbDriver._report_state' sleeping for 119.98 seconds {{(pid=109993) _run_loop /opt/stack/data/venv/lib/python3.12/site-packages/oslo_service/backend/_threading/loopingcall.py:125}}
Apr 04 10:33:37.903572 np0000163479 nova-conductor[109211]: DEBUG dbcounter [-] [109211] Writing DB stats nova_api:SELECT=1 {{(pid=109211) stat_writer /opt/stack/data/venv/lib/python3.12/site-packages/dbcounter.py:115}}
Apr 04 10:33:38.009572 np0000163479 nova-conductor[109211]: DEBUG dbcounter [-] [109211] Writing DB stats nova_cell0:SELECT=1 {{(pid=109211) stat_writer /opt/stack/data/venv/lib/python3.12/site-packages/dbcounter.py:115}}
Apr 04 10:33:38.012818 np0000163479 nova-conductor[109211]: DEBUG dbcounter [-] [109211] Writing DB stats nova_cell1:SELECT=1 {{(pid=109211) stat_writer /opt/stack/data/venv/lib/python3.12/site-packages/dbcounter.py:115}}
Apr 04 10:33:44.301449 np0000163479 nova-conductor[109968]: DEBUG dbcounter [-] [109968] Writing DB stats nova_cell0:SELECT=4,nova_cell0:INSERT=1,nova_cell0:UPDATE=1 {{(pid=109968) stat_writer /opt/stack/data/venv/lib/python3.12/site-packages/dbcounter.py:115}}
Apr 04 10:33:44.304151 np0000163479 nova-conductor[109985]: DEBUG dbcounter [-] [109985] Writing DB stats nova_cell0:SELECT=3,nova_cell0:UPDATE=1 {{(pid=109985) stat_writer /opt/stack/data/venv/lib/python3.12/site-packages/dbcounter.py:115}}
Apr 04 10:33:44.308820 np0000163479 nova-conductor[109977]: DEBUG dbcounter [-] [109977] Writing DB stats nova_cell0:SELECT=5,nova_cell0:INSERT=1,nova_cell0:UPDATE=1 {{(pid=109977) stat_writer /opt/stack/data/venv/lib/python3.12/site-packages/dbcounter.py:115}}
Apr 04 10:33:44.311369 np0000163479 nova-conductor[109993]: DEBUG dbcounter [-] [109993] Writing DB stats nova_cell0:SELECT=3,nova_cell0:UPDATE=1 {{(pid=109993) stat_writer /opt/stack/data/venv/lib/python3.12/site-packages/dbcounter.py:115}}
Apr 04 10:33:49.296737 np0000163479 nova-conductor[109977]: DEBUG oslo.service.backend._threading.loopingcall [None req-25eac981-ddbf-49ad-967c-320976fe0ad4 None None] Dynamic interval looping call 'nova.service.Service.periodic_tasks' sleeping for 60.00 seconds {{(pid=109977) _run_loop /opt/stack/data/venv/lib/python3.12/site-packages/oslo_service/backend/_threading/loopingcall.py:125}}
Apr 04 10:34:16.291853 np0000163479 nova-conductor[109985]: DEBUG oslo.service.backend._threading.loopingcall [None req-fac46928-ee7f-476d-a610-25d0934c1f5d None None] Dynamic interval looping call 'nova.service.Service.periodic_tasks' sleeping for 60.00 seconds {{(pid=109985) _run_loop /opt/stack/data/venv/lib/python3.12/site-packages/oslo_service/backend/_threading/loopingcall.py:125}}
Apr 04 10:34:18.299128 np0000163479 nova-conductor[109993]: DEBUG oslo.service.backend._threading.loopingcall [None req-ecdd0a40-7f08-49b5-b761-92e2c76db000 None None] Dynamic interval looping call 'nova.service.Service.periodic_tasks' sleeping for 60.00 seconds {{(pid=109993) _run_loop /opt/stack/data/venv/lib/python3.12/site-packages/oslo_service/backend/_threading/loopingcall.py:125}}
Apr 04 10:34:32.290804 np0000163479 nova-conductor[109968]: DEBUG oslo.service.backend._threading.loopingcall [None req-3fb71f8c-2b16-4443-bcef-a964c3203200 None None] Dynamic interval looping call 'nova.service.Service.periodic_tasks' sleeping for 60.00 seconds {{(pid=109968) _run_loop /opt/stack/data/venv/lib/python3.12/site-packages/oslo_service/backend/_threading/loopingcall.py:125}}
Apr 04 10:34:49.297555 np0000163479 nova-conductor[109977]: DEBUG oslo.service.backend._threading.loopingcall [None req-25eac981-ddbf-49ad-967c-320976fe0ad4 None None] Dynamic interval looping call 'nova.service.Service.periodic_tasks' sleeping for 60.00 seconds {{(pid=109977) _run_loop /opt/stack/data/venv/lib/python3.12/site-packages/oslo_service/backend/_threading/loopingcall.py:125}}
Apr 04 10:35:16.292667 np0000163479 nova-conductor[109985]: DEBUG oslo.service.backend._threading.loopingcall [None req-fac46928-ee7f-476d-a610-25d0934c1f5d None None] Dynamic interval looping call 'nova.service.Service.periodic_tasks' sleeping for 60.00 seconds {{(pid=109985) _run_loop /opt/stack/data/venv/lib/python3.12/site-packages/oslo_service/backend/_threading/loopingcall.py:125}}
Apr 04 10:35:18.299841 np0000163479 nova-conductor[109993]: DEBUG oslo.service.backend._threading.loopingcall [None req-ecdd0a40-7f08-49b5-b761-92e2c76db000 None None] Dynamic interval looping call 'nova.service.Service.periodic_tasks' sleeping for 60.00 seconds {{(pid=109993) _run_loop /opt/stack/data/venv/lib/python3.12/site-packages/oslo_service/backend/_threading/loopingcall.py:125}}
Apr 04 10:35:32.291748 np0000163479 nova-conductor[109968]: DEBUG oslo.service.backend._threading.loopingcall [None req-3fb71f8c-2b16-4443-bcef-a964c3203200 None None] Dynamic interval looping call 'nova.service.Service.periodic_tasks' sleeping for 60.00 seconds {{(pid=109968) _run_loop /opt/stack/data/venv/lib/python3.12/site-packages/oslo_service/backend/_threading/loopingcall.py:125}}
Apr 04 10:35:34.317293 np0000163479 nova-conductor[109977]: DEBUG oslo.service.backend._threading.loopingcall [-] Fixed interval looping call 'nova.servicegroup.drivers.db.DbDriver._report_state' sleeping for 119.98 seconds {{(pid=109977) _run_loop /opt/stack/data/venv/lib/python3.12/site-packages/oslo_service/backend/_threading/loopingcall.py:125}}
Apr 04 10:35:34.318232 np0000163479 nova-conductor[109985]: DEBUG oslo.service.backend._threading.loopingcall [-] Fixed interval looping call 'nova.servicegroup.drivers.db.DbDriver._report_state' sleeping for 119.97 seconds {{(pid=109985) _run_loop /opt/stack/data/venv/lib/python3.12/site-packages/oslo_service/backend/_threading/loopingcall.py:125}}
Apr 04 10:35:34.319150 np0000163479 nova-conductor[109968]: DEBUG oslo.service.backend._threading.loopingcall [-] Fixed interval looping call 'nova.servicegroup.drivers.db.DbDriver._report_state' sleeping for 119.97 seconds {{(pid=109968) _run_loop /opt/stack/data/venv/lib/python3.12/site-packages/oslo_service/backend/_threading/loopingcall.py:125}}
Apr 04 10:35:34.319592 np0000163479 nova-conductor[109993]: DEBUG oslo.service.backend._threading.loopingcall [-] Fixed interval looping call 'nova.servicegroup.drivers.db.DbDriver._report_state' sleeping for 119.98 seconds {{(pid=109993) _run_loop /opt/stack/data/venv/lib/python3.12/site-packages/oslo_service/backend/_threading/loopingcall.py:125}}
Apr 04 10:35:44.299290 np0000163479 nova-conductor[109977]: DEBUG dbcounter [-] [109977] Writing DB stats nova_cell0:SELECT=1,nova_cell0:UPDATE=1 {{(pid=109977) stat_writer /opt/stack/data/venv/lib/python3.12/site-packages/dbcounter.py:115}}
Apr 04 10:35:44.300938 np0000163479 nova-conductor[109985]: DEBUG dbcounter [-] [109985] Writing DB stats nova_cell0:SELECT=1,nova_cell0:UPDATE=1 {{(pid=109985) stat_writer /opt/stack/data/venv/lib/python3.12/site-packages/dbcounter.py:115}}
Apr 04 10:35:44.302352 np0000163479 nova-conductor[109968]: DEBUG dbcounter [-] [109968] Writing DB stats nova_cell0:SELECT=1,nova_cell0:UPDATE=1 {{(pid=109968) stat_writer /opt/stack/data/venv/lib/python3.12/site-packages/dbcounter.py:115}}
Apr 04 10:35:44.303829 np0000163479 nova-conductor[109993]: DEBUG dbcounter [-] [109993] Writing DB stats nova_cell0:SELECT=1,nova_cell0:UPDATE=1 {{(pid=109993) stat_writer /opt/stack/data/venv/lib/python3.12/site-packages/dbcounter.py:115}}
Apr 04 10:35:49.298288 np0000163479 nova-conductor[109977]: DEBUG oslo.service.backend._threading.loopingcall [None req-25eac981-ddbf-49ad-967c-320976fe0ad4 None None] Dynamic interval looping call 'nova.service.Service.periodic_tasks' sleeping for 60.00 seconds {{(pid=109977) _run_loop /opt/stack/data/venv/lib/python3.12/site-packages/oslo_service/backend/_threading/loopingcall.py:125}}
Apr 04 10:36:16.419378 np0000163479 nova-conductor[109985]: DEBUG oslo.service.backend._threading.loopingcall [None req-fac46928-ee7f-476d-a610-25d0934c1f5d None None] Dynamic interval looping call 'nova.service.Service.periodic_tasks' sleeping for 60.00 seconds {{(pid=109985) _run_loop /opt/stack/data/venv/lib/python3.12/site-packages/oslo_service/backend/_threading/loopingcall.py:125}}
Apr 04 10:36:18.311888 np0000163479 nova-conductor[109993]: DEBUG oslo.service.backend._threading.loopingcall [None req-ecdd0a40-7f08-49b5-b761-92e2c76db000 None None] Dynamic interval looping call 'nova.service.Service.periodic_tasks' sleeping for 60.00 seconds {{(pid=109993) _run_loop /opt/stack/data/venv/lib/python3.12/site-packages/oslo_service/backend/_threading/loopingcall.py:125}}
Apr 04 10:36:32.293021 np0000163479 nova-conductor[109968]: DEBUG oslo.service.backend._threading.loopingcall [None req-3fb71f8c-2b16-4443-bcef-a964c3203200 None None] Dynamic interval looping call 'nova.service.Service.periodic_tasks' sleeping for 60.00 seconds {{(pid=109968) _run_loop /opt/stack/data/venv/lib/python3.12/site-packages/oslo_service/backend/_threading/loopingcall.py:125}}
Apr 04 10:36:49.298983 np0000163479 nova-conductor[109977]: DEBUG oslo.service.backend._threading.loopingcall [None req-25eac981-ddbf-49ad-967c-320976fe0ad4 None None] Dynamic interval looping call 'nova.service.Service.periodic_tasks' sleeping for 60.00 seconds {{(pid=109977) _run_loop /opt/stack/data/venv/lib/python3.12/site-packages/oslo_service/backend/_threading/loopingcall.py:125}}
Apr 04 10:37:16.294146 np0000163479 nova-conductor[109985]: DEBUG oslo.service.backend._threading.loopingcall [None req-fac46928-ee7f-476d-a610-25d0934c1f5d None None] Dynamic interval looping call 'nova.service.Service.periodic_tasks' sleeping for 60.00 seconds {{(pid=109985) _run_loop /opt/stack/data/venv/lib/python3.12/site-packages/oslo_service/backend/_threading/loopingcall.py:125}}
Apr 04 10:37:18.301334 np0000163479 nova-conductor[109993]: DEBUG oslo.service.backend._threading.loopingcall [None req-ecdd0a40-7f08-49b5-b761-92e2c76db000 None None] Dynamic interval looping call 'nova.service.Service.periodic_tasks' sleeping for 60.00 seconds {{(pid=109993) _run_loop /opt/stack/data/venv/lib/python3.12/site-packages/oslo_service/backend/_threading/loopingcall.py:125}}
Apr 04 10:37:32.293742 np0000163479 nova-conductor[109968]: DEBUG oslo.service.backend._threading.loopingcall [None req-3fb71f8c-2b16-4443-bcef-a964c3203200 None None] Dynamic interval looping call 'nova.service.Service.periodic_tasks' sleeping for 60.00 seconds {{(pid=109968) _run_loop /opt/stack/data/venv/lib/python3.12/site-packages/oslo_service/backend/_threading/loopingcall.py:125}}
Apr 04 10:37:34.302985 np0000163479 nova-conductor[109968]: DEBUG oslo.service.backend._threading.loopingcall [-] Fixed interval looping call 'nova.servicegroup.drivers.db.DbDriver._report_state' sleeping for 119.99 seconds {{(pid=109968) _run_loop /opt/stack/data/venv/lib/python3.12/site-packages/oslo_service/backend/_threading/loopingcall.py:125}}
Apr 04 10:37:34.303513 np0000163479 nova-conductor[109985]: DEBUG oslo.service.backend._threading.loopingcall [-] Fixed interval looping call 'nova.servicegroup.drivers.db.DbDriver._report_state' sleeping for 119.99 seconds {{(pid=109985) _run_loop /opt/stack/data/venv/lib/python3.12/site-packages/oslo_service/backend/_threading/loopingcall.py:125}}
Apr 04 10:37:34.305743 np0000163479 nova-conductor[109977]: DEBUG oslo.service.backend._threading.loopingcall [-] Fixed interval looping call 'nova.servicegroup.drivers.db.DbDriver._report_state' sleeping for 119.99 seconds {{(pid=109977) _run_loop /opt/stack/data/venv/lib/python3.12/site-packages/oslo_service/backend/_threading/loopingcall.py:125}}
Apr 04 10:37:34.306284 np0000163479 nova-conductor[109993]: DEBUG oslo.service.backend._threading.loopingcall [-] Fixed interval looping call 'nova.servicegroup.drivers.db.DbDriver._report_state' sleeping for 119.99 seconds {{(pid=109993) _run_loop /opt/stack/data/venv/lib/python3.12/site-packages/oslo_service/backend/_threading/loopingcall.py:125}}
Apr 04 10:37:44.294097 np0000163479 nova-conductor[109968]: DEBUG dbcounter [-] [109968] Writing DB stats nova_cell0:SELECT=1,nova_cell0:UPDATE=1 {{(pid=109968) stat_writer /opt/stack/data/venv/lib/python3.12/site-packages/dbcounter.py:115}}
