2026-04-17 09:38:27.972 7 WARNING neutron.api.rpc.agentnotifiers.dhcp_rpc_agent_api [None req-ddcd760c-3110-4341-ad74-140908ccafd6 45a6e6cf2a3249ce86cbc32ad61a5e74 f5c9b0e2b3b540fcaabce94b7380b119 - - default default] Unable to schedule network a2516f99-ca1d-400e-807e-0f2322dbbd20: no agents available; will retry on subsequent port and subnet creation events. [pid: 8|app: 0|req: 859/1635] 199.204.45.155 () {34 vars in 1080 bytes} [Fri Apr 17 09:38:27 2026] GET /v2.0/ports?tenant_id=16389313b72f4083abaea381d6aff946&device_id=4d24e708-0235-47fa-92f0-308429ecfd08 => generated 1207 bytes in 41 msecs (HTTP/1.1 200) 4 headers in 158 bytes (1 switches on core 0) [pid: 8|app: 0|req: 860/1636] 10.0.0.252 () {32 vars in 678 bytes} [Fri Apr 17 09:38:28 2026] GET /v2.0/ports?not-tags-any=blue => generated 6008 bytes in 96 msecs (HTTP/1.1 200) 4 headers in 158 bytes (1 switches on core 0) [pid: 8|app: 0|req: 861/1637] 199.204.45.155 () {34 vars in 1058 bytes} [Fri Apr 17 09:38:28 2026] GET /v2.0/floatingips?fixed_ip_address=10.100.0.5&port_id=633f0052-3d67-42db-bd32-11750a4a8d07 => generated 19 bytes in 14 msecs (HTTP/1.1 200) 4 headers in 156 bytes (1 switches on core 0) [pid: 8|app: 0|req: 862/1638] 10.0.0.252 () {32 vars in 623 bytes} [Fri Apr 17 09:38:28 2026] GET / => generated 151 bytes in 1 msecs (HTTP/1.1 200) 3 headers in 91 bytes (1 switches on core 0) [pid: 8|app: 0|req: 863/1639] 10.0.0.252 () {32 vars in 690 bytes} [Fri Apr 17 09:38:28 2026] GET /v2.0/ports?not-tags-any=red%2Cblue => generated 5268 bytes in 75 msecs (HTTP/1.1 200) 4 headers in 158 bytes (1 switches on core 0) [pid: 8|app: 0|req: 864/1640] 199.204.45.155 () {34 vars in 984 bytes} [Fri Apr 17 09:38:28 2026] GET /v2.0/subnets?id=c5114cac-bce8-47df-b4d1-aa4929996afe => generated 678 bytes in 25 msecs (HTTP/1.1 200) 4 headers in 157 bytes (1 switches on core 0) [pid: 8|app: 0|req: 865/1641] 10.0.0.252 () {32 vars in 633 bytes} [Fri Apr 17 09:38:28 2026] GET /v2.0/ => generated 632 bytes in 164 msecs (HTTP/1.1 200) 4 headers in 157 bytes (1 switches on core 0)
2026-04-17 09:38:28.471 7 INFO neutron.db.ovn_revision_numbers_db [None req-a28b373e-8ce4-479b-bd4b-edf05c671d09 - - - - - -] Successfully bumped revision number for resource 8da53f4d-60b8-4a43-8f02-d8841f85685b (type: ports) to 2
2026-04-17 09:38:28.503 7 INFO neutron.db.ovn_revision_numbers_db [None req-a28b373e-8ce4-479b-bd4b-edf05c671d09 - - - - - -] Successfully bumped revision number for resource f99b22ca-c7d8-4750-856d-304caa2eb9c5 (type: subnets) to 0 [pid: 7|app: 0|req: 777/1642] 10.0.0.252 () {34 vars in 669 bytes} [Fri Apr 17 09:38:27 2026] POST /v2.0/subnets => generated 626 bytes in 797 msecs (HTTP/1.1 201) 4 headers in 162 bytes (1 switches on core 0)
2026-04-17 09:38:28.535 8 INFO neutron_taas.services.taas.taas_plugin [None req-1585138d-0d7c-4482-9812-87b9c563636f 47ce3a2e920149efa8ba2bb334d7fad4 05622517e76c40b7a3d6a65b81ef548f - - default default] TaaS: Handle Delete Port: a3d81b5e-f0f6-4720-a653-52ed7129cdd2
2026-04-17 09:38:28.538 8 INFO neutron_taas.services.taas.tap_mirror_plugin [None req-1585138d-0d7c-4482-9812-87b9c563636f 47ce3a2e920149efa8ba2bb334d7fad4 05622517e76c40b7a3d6a65b81ef548f - - default default] Tap Mirror: Handle Delete Port: a3d81b5e-f0f6-4720-a653-52ed7129cdd2 [pid: 7|app: 0|req: 778/1643] 199.204.45.155 () {34 vars in 1052 bytes} [Fri Apr 17 09:38:28 2026] GET /v2.0/ports?network_id=1136e327-b191-4c00-b575-2fdea498293f&device_owner=network%3Adhcp => generated 12 bytes in 23 msecs (HTTP/1.1 200) 4 headers in 156 bytes (1 switches on core 0) [pid: 8|app: 0|req: 866/1644] 10.0.0.252 () {32 vars in 720 bytes} [Fri Apr 17 09:38:28 2026] DELETE /v2.0/ports/a3d81b5e-f0f6-4720-a653-52ed7129cdd2 => generated 0 bytes in 285 msecs (HTTP/1.1 204) 3 headers in 131 bytes (1 switches on core 0)
2026-04-17 09:38:28.673 7 INFO neutron.db.ovn_revision_numbers_db [None req-d2eb6898-b4f8-4208-855e-7e43722d373c 45a6e6cf2a3249ce86cbc32ad61a5e74 f5c9b0e2b3b540fcaabce94b7380b119 - - default default] Successfully bumped revision number for resource c0f7f90e-7fd6-4423-9bf2-2e31a885a088 (type: routers) to 1 [pid: 7|app: 0|req: 779/1645] 10.0.0.252 () {34 vars in 669 bytes} [Fri Apr 17 09:38:28 2026] POST /v2.0/routers => generated 603 bytes in 143 msecs (HTTP/1.1 201) 4 headers in 162 bytes (1 switches on core 0) [pid: 8|app: 0|req: 867/1646] 199.204.45.155 () {34 vars in 1012 bytes} [Fri Apr 17 09:38:28 2026] GET /v2.0/networks/1136e327-b191-4c00-b575-2fdea498293f?fields=segments => generated 14 bytes in 36 msecs (HTTP/1.1 200) 4 headers in 156 bytes (1 switches on core 0)
2026-04-17 09:38:28.851 7 INFO neutron_taas.services.taas.taas_plugin [None req-04916ed5-c955-4edf-87ec-8bb99a29edcf 47ce3a2e920149efa8ba2bb334d7fad4 05622517e76c40b7a3d6a65b81ef548f - - default default] TaaS: Handle Delete Port: 66c94f36-42e7-4036-97a6-ae2b5a3e2410
2026-04-17 09:38:28.854 7 INFO neutron_taas.services.taas.tap_mirror_plugin [None req-04916ed5-c955-4edf-87ec-8bb99a29edcf 47ce3a2e920149efa8ba2bb334d7fad4 05622517e76c40b7a3d6a65b81ef548f - - default default] Tap Mirror: Handle Delete Port: 66c94f36-42e7-4036-97a6-ae2b5a3e2410 [pid: 7|app: 0|req: 780/1647] 10.0.0.252 () {32 vars in 720 bytes} [Fri Apr 17 09:38:28 2026] DELETE /v2.0/ports/66c94f36-42e7-4036-97a6-ae2b5a3e2410 => generated 0 bytes in 279 msecs (HTTP/1.1 204) 3 headers in 131 bytes (1 switches on core 0) [pid: 7|app: 0|req: 781/1648] 199.204.45.155 () {34 vars in 1112 bytes} [Fri Apr 17 09:38:28 2026] GET /v2.0/networks/1136e327-b191-4c00-b575-2fdea498293f?fields=provider%3Aphysical_network&fields=provider%3Anetwork_type => generated 79 bytes in 34 msecs (HTTP/1.1 200) 4 headers in 156 bytes (1 switches on core 0)
2026-04-17 09:38:29.025 8 WARNING neutron.plugins.ml2.drivers.ovn.mech_driver.ovsdb.ovn_client [None req-d5fc4092-0b9b-4d25-8d77-8a5319071208 - - - - - -] No port found with ID a031d47a-57a4-47ac-a827-37495dfe9b3b: RuntimeError: No port found with ID a031d47a-57a4-47ac-a827-37495dfe9b3b
2026-04-17 09:38:29.026 8 INFO neutron.plugins.ml2.drivers.ovn.mech_driver.mech_driver [None req-d5fc4092-0b9b-4d25-8d77-8a5319071208 - - - - - -] OVN reports status down for port: 59cd3129-3f58-42c6-9f09-05a3182bb4f8 [pid: 7|app: 0|req: 782/1649] 10.0.0.188 () {34 vars in 990 bytes} [Fri Apr 17 09:38:29 2026] GET /v2.0/ports?device_id=4d24e708-0235-47fa-92f0-308429ecfd08 => generated 969 bytes in 26 msecs (HTTP/1.1 200) 4 headers in 157 bytes (1 switches on core 0)
2026-04-17 09:38:29.159 8 INFO neutron.plugins.ml2.drivers.ovn.mech_driver.mech_driver [None req-d5fc4092-0b9b-4d25-8d77-8a5319071208 - - - - - -] OVN reports status down for port: 5b5ab4f1-4d78-48ab-af9c-5d92fc031158
2026-04-17 09:38:29.165 8 WARNING neutron.scheduler.dhcp_agent_scheduler [None req-a0f9b4d1-4a75-4e24-b87d-8c0fb0ad4391 45a6e6cf2a3249ce86cbc32ad61a5e74 f5c9b0e2b3b540fcaabce94b7380b119 - - default default] No more DHCP agents
2026-04-17 09:38:29.168 8 WARNING neutron.api.rpc.agentnotifiers.dhcp_rpc_agent_api [None req-a0f9b4d1-4a75-4e24-b87d-8c0fb0ad4391 45a6e6cf2a3249ce86cbc32ad61a5e74 f5c9b0e2b3b540fcaabce94b7380b119 - - default default] Unable to schedule network a2516f99-ca1d-400e-807e-0f2322dbbd20: no agents available; will retry on subsequent port and subnet creation events.
2026-04-17 09:38:29.292 7 INFO neutron.db.ovn_revision_numbers_db [None req-127c4685-5dd2-462d-bf2e-6b3040722157 8f8ad7e11f2b411fb27e5dadf1806c4a ce823ba4d09a4ff7bc3242ab067e4fa5 - - default default] Successfully bumped revision number for resource e8f9d4f5-9c73-470c-b5ea-b1d04b407c11 (type: security_groups) to 1
2026-04-17 09:38:29.310 8 INFO neutron.plugins.ml2.drivers.ovn.mech_driver.mech_driver [None req-d5fc4092-0b9b-4d25-8d77-8a5319071208 - - - - - -] OVN reports status down for port: 8d6d1c04-1acb-4447-af22-c0db98f219ba
2026-04-17 09:38:29.310 7 INFO neutron.db.ovn_revision_numbers_db [None req-127c4685-5dd2-462d-bf2e-6b3040722157 8f8ad7e11f2b411fb27e5dadf1806c4a ce823ba4d09a4ff7bc3242ab067e4fa5 - - default default] Successfully bumped revision number for resource 0b332804-4864-4b20-8e71-826093dd35e9 (type: security_group_rules) to 0
2026-04-17 09:38:29.322 7 INFO neutron.db.ovn_revision_numbers_db [None req-127c4685-5dd2-462d-bf2e-6b3040722157 8f8ad7e11f2b411fb27e5dadf1806c4a ce823ba4d09a4ff7bc3242ab067e4fa5 - - default default] Successfully bumped revision number for resource 32fe677b-0af2-4ff0-9b35-559772c713e2 (type: security_group_rules) to 0
2026-04-17 09:38:29.332 7 INFO neutron.db.ovn_revision_numbers_db [None req-127c4685-5dd2-462d-bf2e-6b3040722157 8f8ad7e11f2b411fb27e5dadf1806c4a ce823ba4d09a4ff7bc3242ab067e4fa5 - - default default] Successfully bumped revision number for resource 58dc5f3c-fc10-4673-a0da-d61128859e4e (type: security_group_rules) to 0
2026-04-17 09:38:29.354 7 INFO neutron.plugins.ml2.drivers.ovn.mech_driver.mech_driver [None req-6853ae50-32ed-44ca-b115-1b92941d5a63 - - - - - -] OVN reports status down for port: 52cec9f1-2ecf-4b5d-b68c-8d6975596317
2026-04-17 09:38:29.366 7 INFO neutron.db.ovn_revision_numbers_db [None req-127c4685-5dd2-462d-bf2e-6b3040722157 8f8ad7e11f2b411fb27e5dadf1806c4a ce823ba4d09a4ff7bc3242ab067e4fa5 - - default default] Successfully bumped revision number for resource 74cb7a55-5bd2-4292-9f4e-e74b0d5fbb8a (type: security_group_rules) to 0
2026-04-17 09:38:29.401 8 INFO neutron.db.ovn_revision_numbers_db [None req-a0f9b4d1-4a75-4e24-b87d-8c0fb0ad4391 45a6e6cf2a3249ce86cbc32ad61a5e74 f5c9b0e2b3b540fcaabce94b7380b119 - - default default] Successfully bumped revision number for resource 52cec9f1-2ecf-4b5d-b68c-8d6975596317 (type: ports) to 1 [pid: 7|app: 0|req: 783/1650] 10.0.0.252 () {32 vars in 774 bytes} [Fri Apr 17 09:38:29 2026] GET /v2.0/security-groups?tenant_id=f2d0d1fbde4a4d038197c04b7a35ad0b&name=default => generated 2925 bytes in 400 msecs (HTTP/1.1 200) 4 headers in 158 bytes (1 switches on core 0)
2026-04-17 09:38:29.436 8 INFO neutron.plugins.ml2.drivers.ovn.mech_driver.mech_driver [None req-d5fc4092-0b9b-4d25-8d77-8a5319071208 - - - - - -] OVN reports status down for port: d47e298c-02f8-4169-b1c3-0b9942edc1e0
2026-04-17 09:38:29.586 7 INFO neutron_taas.services.taas.taas_plugin [None req-d4afc41a-d21b-4549-aa96-f978ad30ecd6 47ce3a2e920149efa8ba2bb334d7fad4 05622517e76c40b7a3d6a65b81ef548f - - default default] TaaS: Handle Delete Port: 59cd3129-3f58-42c6-9f09-05a3182bb4f8
2026-04-17 09:38:29.588 7 INFO neutron_taas.services.taas.tap_mirror_plugin [None req-d4afc41a-d21b-4549-aa96-f978ad30ecd6 47ce3a2e920149efa8ba2bb334d7fad4 05622517e76c40b7a3d6a65b81ef548f - - default default] Tap Mirror: Handle Delete Port: 59cd3129-3f58-42c6-9f09-05a3182bb4f8
2026-04-17 09:38:29.590 8 INFO neutron.plugins.ml2.drivers.ovn.mech_driver.mech_driver [None req-d5fc4092-0b9b-4d25-8d77-8a5319071208 - - - - - -] OVN reports status down for port: 8da53f4d-60b8-4a43-8f02-d8841f85685b [pid: 7|app: 0|req: 784/1651] 10.0.0.252 () {32 vars in 720 bytes} [Fri Apr 17 09:38:29 2026] DELETE /v2.0/ports/59cd3129-3f58-42c6-9f09-05a3182bb4f8 => generated 0 bytes in 244 msecs (HTTP/1.1 204) 3 headers in 131 bytes (1 switches on core 0) [pid: 7|app: 0|req: 785/1652] 10.0.0.188 () {34 vars in 1040 bytes} [Fri Apr 17 09:38:29 2026] GET /v2.0/security-groups?id=9199466c-656d-47f3-b095-1c05b82d9571&fields=id&fields=name => generated 113 bytes in 24 msecs (HTTP/1.1 200) 4 headers in 157 bytes (1 switches on core 0) [pid: 7|app: 0|req: 786/1653] 10.0.0.252 () {32 vars in 740 bytes} [Fri Apr 17 09:38:29 2026] DELETE /v2.0/security-groups/e8f9d4f5-9c73-470c-b5ea-b1d04b407c11 => generated 0 bytes in 224 msecs (HTTP/1.1 204) 2 headers in 112 bytes (1 switches on core 0)
2026-04-17 09:38:30.089 7 INFO neutron.plugins.ml2.drivers.ovn.mech_driver.mech_driver [None req-6853ae50-32ed-44ca-b115-1b92941d5a63 - - - - - -] OVN reports status up for port: 52cec9f1-2ecf-4b5d-b68c-8d6975596317
2026-04-17 09:38:30.098 7 INFO neutron_taas.services.taas.taas_plugin [None req-f80bb9df-8682-46fd-90c8-cf44c36aa137 47ce3a2e920149efa8ba2bb334d7fad4 05622517e76c40b7a3d6a65b81ef548f - - default default] TaaS: Handle Delete Port: 5b5ab4f1-4d78-48ab-af9c-5d92fc031158
2026-04-17 09:38:30.103 7 INFO neutron_taas.services.taas.tap_mirror_plugin [None req-f80bb9df-8682-46fd-90c8-cf44c36aa137 47ce3a2e920149efa8ba2bb334d7fad4 05622517e76c40b7a3d6a65b81ef548f - - default default] Tap Mirror: Handle Delete Port: 5b5ab4f1-4d78-48ab-af9c-5d92fc031158
2026-04-17 09:38:30.113 7 INFO neutron.plugins.ml2.plugin [None req-6853ae50-32ed-44ca-b115-1b92941d5a63 - - - - - -] Attempt 1 to provision port 52cec9f1-2ecf-4b5d-b68c-8d6975596317
2026-04-17 09:38:30.119 8 INFO neutron.plugins.ml2.plugin [None req-a0f9b4d1-4a75-4e24-b87d-8c0fb0ad4391 45a6e6cf2a3249ce86cbc32ad61a5e74 f5c9b0e2b3b540fcaabce94b7380b119 - - default default] Attempt 1 to provision port 52cec9f1-2ecf-4b5d-b68c-8d6975596317
2026-04-17 09:38:30.183 8 WARNING neutron.scheduler.dhcp_agent_scheduler [None req-a0f9b4d1-4a75-4e24-b87d-8c0fb0ad4391 45a6e6cf2a3249ce86cbc32ad61a5e74 f5c9b0e2b3b540fcaabce94b7380b119 - - default default] No more DHCP agents
2026-04-17 09:38:30.185 8 WARNING neutron.api.rpc.agentnotifiers.dhcp_rpc_agent_api [None req-a0f9b4d1-4a75-4e24-b87d-8c0fb0ad4391 45a6e6cf2a3249ce86cbc32ad61a5e74 f5c9b0e2b3b540fcaabce94b7380b119 - - default default] Unable to schedule network a2516f99-ca1d-400e-807e-0f2322dbbd20: no agents available; will retry on subsequent port and subnet creation events. [pid: 7|app: 0|req: 787/1654] 10.0.0.252 () {32 vars in 720 bytes} [Fri Apr 17 09:38:29 2026] DELETE /v2.0/ports/5b5ab4f1-4d78-48ab-af9c-5d92fc031158 => generated 0 bytes in 381 msecs (HTTP/1.1 204) 3 headers in 131 bytes (1 switches on core 0)
2026-04-17 09:38:30.394 8 INFO neutron.db.ovn_revision_numbers_db [None req-a0f9b4d1-4a75-4e24-b87d-8c0fb0ad4391 45a6e6cf2a3249ce86cbc32ad61a5e74 f5c9b0e2b3b540fcaabce94b7380b119 - - default default] Successfully bumped revision number for resource 52cec9f1-2ecf-4b5d-b68c-8d6975596317 (type: router_ports) to 1 [pid: 8|app: 0|req: 868/1657] 10.0.0.252 () {34 vars in 783 bytes} [Fri Apr 17 09:38:28 2026] PUT /v2.0/routers/c0f7f90e-7fd6-4423-9bf2-2e31a885a088/add_router_interface => generated 309 bytes in 1696 msecs (HTTP/1.1 200) 4 headers in 157 bytes (1 switches on core 0) [pid: 8|app: 0|req: 869/1658] 10.0.0.252 () {32 vars in 717 bytes} [Fri Apr 17 09:38:30 2026] GET /v2.0/ports/52cec9f1-2ecf-4b5d-b68c-8d6975596317 => generated 943 bytes in 71 msecs (HTTP/1.1 200) 4 headers in 157 bytes (1 switches on core 0) [pid: 8|app: 0|req: 870/1659] 10.0.0.252 () {32 vars in 717 bytes} [Fri Apr 17 09:38:30 2026] GET /v2.0/ports/52cec9f1-2ecf-4b5d-b68c-8d6975596317 => generated 943 bytes in 39 msecs (HTTP/1.1 200) 4 headers in 157 bytes (1 switches on core 0)
2026-04-17 09:38:30.642 7 INFO neutron_taas.services.taas.taas_plugin [None req-6cebc5f7-adf3-4a1a-a674-a10231bace05 47ce3a2e920149efa8ba2bb334d7fad4 05622517e76c40b7a3d6a65b81ef548f - - default default] TaaS: Handle Delete Port: d47e298c-02f8-4169-b1c3-0b9942edc1e0
2026-04-17 09:38:30.650 7 INFO neutron_taas.services.taas.tap_mirror_plugin [None req-6cebc5f7-adf3-4a1a-a674-a10231bace05 47ce3a2e920149efa8ba2bb334d7fad4 05622517e76c40b7a3d6a65b81ef548f - - default default] Tap Mirror: Handle Delete Port: d47e298c-02f8-4169-b1c3-0b9942edc1e0
2026-04-17 09:38:30.806 8 INFO neutron_taas.services.taas.taas_plugin [None req-e2d89d2e-2610-4fa8-9bcd-a47f039c00d4 45a6e6cf2a3249ce86cbc32ad61a5e74 f5c9b0e2b3b540fcaabce94b7380b119 - - default default] TaaS: Handle Delete Port: 52cec9f1-2ecf-4b5d-b68c-8d6975596317
2026-04-17 09:38:30.809 8 INFO neutron_taas.services.taas.tap_mirror_plugin [None req-e2d89d2e-2610-4fa8-9bcd-a47f039c00d4 45a6e6cf2a3249ce86cbc32ad61a5e74 f5c9b0e2b3b540fcaabce94b7380b119 - - default default] Tap Mirror: Handle Delete Port: 52cec9f1-2ecf-4b5d-b68c-8d6975596317
2026-04-17 09:38:30.827 7 INFO neutron.db.ovn_revision_numbers_db [None req-6853ae50-32ed-44ca-b115-1b92941d5a63 - - - - - -] Successfully bumped revision number for resource 52cec9f1-2ecf-4b5d-b68c-8d6975596317 (type: ports) to 2 [pid: 7|app: 0|req: 790/1660] 10.0.0.252 () {32 vars in 720 bytes} [Fri Apr 17 09:38:30 2026] DELETE /v2.0/ports/d47e298c-02f8-4169-b1c3-0b9942edc1e0 => generated 0 bytes in 543 msecs (HTTP/1.1 204) 3 headers in 131 bytes (1 switches on core 0) [pid: 7|app: 0|req: 791/1661] 10.0.0.188 () {34 vars in 990 bytes} [Fri Apr 17 09:38:30 2026] GET /v2.0/ports?device_id=4d24e708-0235-47fa-92f0-308429ecfd08 => generated 969 bytes in 147 msecs (HTTP/1.1 200) 4 headers in 157 bytes (1 switches on core 0)
2026-04-17 09:38:31.130 7 INFO neutron_taas.services.taas.taas_plugin [None req-cf3a8279-ef94-4d96-ac29-a7b8b8c37506 47ce3a2e920149efa8ba2bb334d7fad4 05622517e76c40b7a3d6a65b81ef548f - - default default] TaaS: Handle Delete Port: 888a7e66-b218-459d-8323-d4b0f8144b70
2026-04-17 09:38:31.138 7 INFO neutron_taas.services.taas.tap_mirror_plugin [None req-cf3a8279-ef94-4d96-ac29-a7b8b8c37506 47ce3a2e920149efa8ba2bb334d7fad4 05622517e76c40b7a3d6a65b81ef548f - - default default] Tap Mirror: Handle Delete Port: 888a7e66-b218-459d-8323-d4b0f8144b70 [pid: 8|app: 0|req: 871/1662] 10.0.0.252 () {34 vars in 789 bytes} [Fri Apr 17 09:38:30 2026] PUT /v2.0/routers/c0f7f90e-7fd6-4423-9bf2-2e31a885a088/remove_router_interface => generated 309 bytes in 609 msecs (HTTP/1.1 200) 4 headers in 157 bytes (1 switches on core 0) /var/lib/openstack/lib/python3.12/site-packages/pycadf/identifier.py:70: UserWarning: Invalid uuid: neutron. To ensure interoperability, identifiers should be a valid uuid. warnings.warn(('Invalid uuid: %s. To ensure interoperability, ' [pid: 8|app: 0|req: 872/1663] 10.0.0.188 () {34 vars in 1040 bytes} [Fri Apr 17 09:38:31 2026] GET /v2.0/security-groups?id=9199466c-656d-47f3-b095-1c05b82d9571&fields=id&fields=name => generated 113 bytes in 33 msecs (HTTP/1.1 200) 4 headers in 157 bytes (1 switches on core 0) [pid: 8|app: 0|req: 873/1664] 10.0.0.252 () {32 vars in 736 bytes} [Fri Apr 17 09:38:31 2026] GET /v2.0/ports?device_id=c0f7f90e-7fd6-4423-9bf2-2e31a885a088 => generated 12 bytes in 22 msecs (HTTP/1.1 200) 4 headers in 156 bytes (1 switches on core 0)
2026-04-17 09:38:31.322 7 INFO neutron.services.segments.plugin [-] Segment ed4b8dfe-8648-4e91-ba63-d96f2990b822 resource provider aggregate not found
2026-04-17 09:38:31.323 7 INFO neutron.services.segments.plugin [-] Segment ed4b8dfe-8648-4e91-ba63-d96f2990b822 resource provider aggregate not found
2026-04-17 09:38:31.353 7 INFO neutron.services.segments.plugin [-] Segment ed4b8dfe-8648-4e91-ba63-d96f2990b822 resource provider not found; error: Placement Client Error (4xx): {"errors": [{"status": 404, "title": "Not Found", "detail": "The resource could not be found.\n\n No resource provider with uuid ed4b8dfe-8648-4e91-ba63-d96f2990b822 found for delete ", "request_id": "req-f102a27d-caf4-4806-aad4-ff66b6227181"}]}
2026-04-17 09:38:31.354 7 INFO neutron.services.segments.plugin [-] Segment ed4b8dfe-8648-4e91-ba63-d96f2990b822 resource provider not found; error: Placement Client Error (4xx): {"errors": [{"status": 404, "title": "Not Found", "detail": "The resource could not be found.\n\n No resource provider with uuid ed4b8dfe-8648-4e91-ba63-d96f2990b822 found for delete ", "request_id": "req-9bc36ff2-1ad4-4d1d-980a-a6b9283939ec"}]} [pid: 7|app: 0|req: 792/1665] 10.0.0.252 () {32 vars in 726 bytes} [Fri Apr 17 09:38:31 2026] DELETE /v2.0/networks/8e2eef72-e131-403e-913e-6233c3335984 => generated 0 bytes in 361 msecs (HTTP/1.1 204) 3 headers in 131 bytes (1 switches on core 0) [pid: 8|app: 0|req: 874/1666] 10.0.0.252 () {32 vars in 724 bytes} [Fri Apr 17 09:38:31 2026] DELETE /v2.0/routers/c0f7f90e-7fd6-4423-9bf2-2e31a885a088 => generated 0 bytes in 234 msecs (HTTP/1.1 204) 2 headers in 112 bytes (1 switches on core 0)
2026-04-17 09:38:31.483 7 INFO neutron_taas.services.taas.taas_plugin [None req-7408ed6c-4b7f-4e9e-8fe8-bcf0913e5fb9 47ce3a2e920149efa8ba2bb334d7fad4 05622517e76c40b7a3d6a65b81ef548f - - default default] TaaS: Handle Delete Port: d26a8284-f52d-4cb9-a5bf-9d25f75a6c65
2026-04-17 09:38:31.485 7 INFO neutron_taas.services.taas.tap_mirror_plugin [None req-7408ed6c-4b7f-4e9e-8fe8-bcf0913e5fb9 47ce3a2e920149efa8ba2bb334d7fad4 05622517e76c40b7a3d6a65b81ef548f - - default default] Tap Mirror: Handle Delete Port: d26a8284-f52d-4cb9-a5bf-9d25f75a6c65 [pid: 8|app: 0|req: 875/1667] 10.0.0.252 () {32 vars in 724 bytes} [Fri Apr 17 09:38:31 2026] DELETE /v2.0/subnets/f99b22ca-c7d8-4750-856d-304caa2eb9c5 => generated 0 bytes in 178 msecs (HTTP/1.1 204) 3 headers in 131 bytes (1 switches on core 0) [pid: 7|app: 0|req: 793/1668] 10.0.0.252 () {32 vars in 726 bytes} [Fri Apr 17 09:38:31 2026] DELETE /v2.0/networks/6fe34611-0a09-4ad7-8a35-a4713d13acbe => generated 0 bytes in 360 msecs (HTTP/1.1 204) 3 headers in 131 bytes (1 switches on core 0)
2026-04-17 09:38:31.779 8 INFO neutron_taas.services.taas.taas_plugin [None req-dbf0b2e6-6a8d-4072-8417-e32ac600067a 45a6e6cf2a3249ce86cbc32ad61a5e74 f5c9b0e2b3b540fcaabce94b7380b119 - - default default] TaaS: Handle Delete Port: 8da53f4d-60b8-4a43-8f02-d8841f85685b
2026-04-17 09:38:31.783 8 INFO neutron_taas.services.taas.tap_mirror_plugin [None req-dbf0b2e6-6a8d-4072-8417-e32ac600067a 45a6e6cf2a3249ce86cbc32ad61a5e74 f5c9b0e2b3b540fcaabce94b7380b119 - - default default] Tap Mirror: Handle Delete Port: 8da53f4d-60b8-4a43-8f02-d8841f85685b
2026-04-17 09:38:31.898 7 INFO neutron_taas.services.taas.taas_plugin [None req-abfcecfe-0511-4ad1-9879-f57c16f5ba5b 47ce3a2e920149efa8ba2bb334d7fad4 05622517e76c40b7a3d6a65b81ef548f - - default default] TaaS: Handle Delete Port: 2c45c3fa-2c5e-4efb-a0bb-0bd024231c77
2026-04-17 09:38:31.901 7 INFO neutron_taas.services.taas.tap_mirror_plugin [None req-abfcecfe-0511-4ad1-9879-f57c16f5ba5b 47ce3a2e920149efa8ba2bb334d7fad4 05622517e76c40b7a3d6a65b81ef548f - - default default] Tap Mirror: Handle Delete Port: 2c45c3fa-2c5e-4efb-a0bb-0bd024231c77
2026-04-17 09:38:31.956 8 INFO neutron.services.segments.plugin [-] Segment 622bb403-2086-417a-bc3a-6644102bc95d resource provider aggregate not found
2026-04-17 09:38:31.961 8 INFO neutron.services.segments.plugin [-] Segment 622bb403-2086-417a-bc3a-6644102bc95d resource provider aggregate not found
2026-04-17 09:38:31.976 8 INFO neutron.services.segments.plugin [-] Segment 622bb403-2086-417a-bc3a-6644102bc95d resource provider not found; error: Placement Client Error (4xx): {"errors": [{"status": 404, "title": "Not Found", "detail": "The resource could not be found.\n\n No resource provider with uuid 622bb403-2086-417a-bc3a-6644102bc95d found for delete ", "request_id": "req-fc080472-4a9d-41a2-a3d3-5e80bd5b8236"}]}
2026-04-17 09:38:31.977 8 INFO neutron.services.segments.plugin [-] Segment 622bb403-2086-417a-bc3a-6644102bc95d resource provider not found; error: Placement Client Error (4xx): {"errors": [{"status": 404, "title": "Not Found", "detail": "The resource could not be found.\n\n No resource provider with uuid 622bb403-2086-417a-bc3a-6644102bc95d found for delete ", "request_id": "req-41eb1fe3-4ec6-437e-8323-db263ee95d00"}]} [pid: 8|app: 0|req: 876/1669] 10.0.0.252 () {32 vars in 726 bytes} [Fri Apr 17 09:38:31 2026] DELETE /v2.0/networks/a2516f99-ca1d-400e-807e-0f2322dbbd20 => generated 0 bytes in 402 msecs (HTTP/1.1 204) 3 headers in 131 bytes (1 switches on core 0) [pid: 7|app: 0|req: 794/1670] 10.0.0.252 () {32 vars in 726 bytes} [Fri Apr 17 09:38:31 2026] DELETE /v2.0/networks/a8fc0699-4dee-4ab6-a929-c13402df3073 => generated 0 bytes in 369 msecs (HTTP/1.1 204) 3 headers in 131 bytes (1 switches on core 0)
2026-04-17 09:38:32.224 7 INFO neutron_taas.services.taas.taas_plugin [None req-d585c59d-9287-4284-8bb8-fcdecb177b77 47ce3a2e920149efa8ba2bb334d7fad4 05622517e76c40b7a3d6a65b81ef548f - - default default] TaaS: Handle Delete Port: c51b1ad1-f3fa-4377-9d38-316b79827fb0
2026-04-17 09:38:32.227 7 INFO neutron_taas.services.taas.tap_mirror_plugin [None req-d585c59d-9287-4284-8bb8-fcdecb177b77 47ce3a2e920149efa8ba2bb334d7fad4 05622517e76c40b7a3d6a65b81ef548f - - default default] Tap Mirror: Handle Delete Port: c51b1ad1-f3fa-4377-9d38-316b79827fb0
2026-04-17 09:38:32.439 8 WARNING neutron.scheduler.dhcp_agent_scheduler [None req-33a53a6c-2c54-4213-b0c8-87bac788be74 45a6e6cf2a3249ce86cbc32ad61a5e74 f5c9b0e2b3b540fcaabce94b7380b119 - - default default] No more DHCP agents
2026-04-17 09:38:32.440 8 WARNING neutron.api.rpc.agentnotifiers.dhcp_rpc_agent_api [None req-33a53a6c-2c54-4213-b0c8-87bac788be74 45a6e6cf2a3249ce86cbc32ad61a5e74 f5c9b0e2b3b540fcaabce94b7380b119 - - default default] Unable to schedule network 1c26b746-ea67-4d72-a037-efd0592f3414: no agents available; will retry on subsequent port and subnet creation events. [pid: 7|app: 0|req: 795/1671] 10.0.0.252 () {32 vars in 726 bytes} [Fri Apr 17 09:38:32 2026] DELETE /v2.0/networks/f5d221ee-b5c0-471b-98ee-90ac7f99d70f => generated 0 bytes in 325 msecs (HTTP/1.1 204) 3 headers in 131 bytes (1 switches on core 0) [pid: 7|app: 0|req: 796/1672] 10.0.0.188 () {34 vars in 990 bytes} [Fri Apr 17 09:38:32 2026] GET /v2.0/ports?device_id=4d24e708-0235-47fa-92f0-308429ecfd08 => generated 969 bytes in 29 msecs (HTTP/1.1 200) 4 headers in 157 bytes (1 switches on core 0)
2026-04-17 09:38:32.557 8 INFO neutron.plugins.ml2.drivers.ovn.mech_driver.mech_driver [None req-d5fc4092-0b9b-4d25-8d77-8a5319071208 - - - - - -] OVN reports status down for port: 879feb25-6477-4835-96c8-6eb7b022ce1f
2026-04-17 09:38:32.605 7 INFO neutron_taas.services.taas.taas_plugin [None req-23fef38b-2950-4041-893e-26a5d7191e63 47ce3a2e920149efa8ba2bb334d7fad4 05622517e76c40b7a3d6a65b81ef548f - - default default] TaaS: Handle Delete Port: 8d6d1c04-1acb-4447-af22-c0db98f219ba
2026-04-17 09:38:32.609 7 INFO neutron_taas.services.taas.tap_mirror_plugin [None req-23fef38b-2950-4041-893e-26a5d7191e63 47ce3a2e920149efa8ba2bb334d7fad4 05622517e76c40b7a3d6a65b81ef548f - - default default] Tap Mirror: Handle Delete Port: 8d6d1c04-1acb-4447-af22-c0db98f219ba
2026-04-17 09:38:32.613 8 INFO neutron.db.ovn_revision_numbers_db [None req-33a53a6c-2c54-4213-b0c8-87bac788be74 45a6e6cf2a3249ce86cbc32ad61a5e74 f5c9b0e2b3b540fcaabce94b7380b119 - - default default] Successfully bumped revision number for resource 879feb25-6477-4835-96c8-6eb7b022ce1f (type: ports) to 1 [pid: 7|app: 0|req: 797/1673] 10.0.0.252 () {32 vars in 726 bytes} [Fri Apr 17 09:38:32 2026] DELETE /v2.0/networks/75a40526-3590-4ce1-bf0c-5dda72973de2 => generated 0 bytes in 343 msecs (HTTP/1.1 204) 3 headers in 131 bytes (1 switches on core 0) [pid: 7|app: 0|req: 798/1674] 10.0.0.188 () {34 vars in 1040 bytes} [Fri Apr 17 09:38:32 2026] GET /v2.0/security-groups?id=9199466c-656d-47f3-b095-1c05b82d9571&fields=id&fields=name => generated 113 bytes in 30 msecs (HTTP/1.1 200) 4 headers in 157 bytes (1 switches on core 0)
2026-04-17 09:38:33.290 8 INFO neutron.plugins.ml2.drivers.ovn.mech_driver.ovsdb.commands [None req-a4a0b1bb-b309-4119-ab0b-2451fb847afd - - - - - -] Schedule LRP lrp-879feb25-6477-4835-96c8-6eb7b022ce1f on gateway 48843939-c1ce-4bd3-8db0-ca683bd5cec7 with priority 1
2026-04-17 09:38:33.322 8 INFO neutron.plugins.ml2.drivers.ovn.mech_driver.mech_driver [None req-d5fc4092-0b9b-4d25-8d77-8a5319071208 - - - - - -] OVN reports status up for port: 879feb25-6477-4835-96c8-6eb7b022ce1f
2026-04-17 09:38:33.357 8 INFO neutron.plugins.ml2.plugin [None req-d5fc4092-0b9b-4d25-8d77-8a5319071208 - - - - - -] Attempt 1 to provision port 879feb25-6477-4835-96c8-6eb7b022ce1f
2026-04-17 09:38:33.374 7 INFO neutron.services.segments.plugin [-] Segment 4d08a42e-3e33-4b6d-9cb7-7cbe69b14a97 resource provider aggregate not found
2026-04-17 09:38:33.382 7 INFO neutron.services.segments.plugin [-] Segment 4d08a42e-3e33-4b6d-9cb7-7cbe69b14a97 resource provider not found; error: Placement Client Error (4xx): {"errors": [{"status": 404, "title": "Not Found", "detail": "The resource could not be found.\n\n No resource provider with uuid 4d08a42e-3e33-4b6d-9cb7-7cbe69b14a97 found for delete ", "request_id": "req-92c9459c-df78-456d-ab4f-6d41bf98cf81"}]}
2026-04-17 09:38:33.389 8 INFO neutron.db.ovn_revision_numbers_db [None req-33a53a6c-2c54-4213-b0c8-87bac788be74 45a6e6cf2a3249ce86cbc32ad61a5e74 f5c9b0e2b3b540fcaabce94b7380b119 - - default default] Successfully bumped revision number for resource 879feb25-6477-4835-96c8-6eb7b022ce1f (type: router_ports) to 1
2026-04-17 09:38:33.389 7 INFO neutron.services.segments.plugin [-] Segment 4d08a42e-3e33-4b6d-9cb7-7cbe69b14a97 resource provider aggregate not found
2026-04-17 09:38:33.396 7 INFO neutron.services.segments.plugin [-] Segment 2a8fd7a1-b97f-4a37-85ae-76a60bf19d4b resource provider aggregate not found
2026-04-17 09:38:33.408 7 INFO neutron.services.segments.plugin [-] Segment 2a8fd7a1-b97f-4a37-85ae-76a60bf19d4b resource provider not found; error: Placement Client Error (4xx): {"errors": [{"status": 404, "title": "Not Found", "detail": "The resource could not be found.\n\n No resource provider with uuid 2a8fd7a1-b97f-4a37-85ae-76a60bf19d4b found for delete ", "request_id": "req-2e4a5069-7491-41e9-ab68-5bd3863d32b8"}]}
2026-04-17 09:38:33.411 7 INFO neutron.services.segments.plugin [-] Segment 4d08a42e-3e33-4b6d-9cb7-7cbe69b14a97 resource provider not found; error: Placement Client Error (4xx): {"errors": [{"status": 404, "title": "Not Found", "detail": "The resource could not be found.\n\n No resource provider with uuid 4d08a42e-3e33-4b6d-9cb7-7cbe69b14a97 found for delete ", "request_id": "req-086872c7-889e-468b-875c-3c67187e2457"}]}
2026-04-17 09:38:33.428 7 INFO neutron.services.segments.plugin [-] Segment 7cf22384-5e52-4760-9cde-2cc19206d854 resource provider aggregate not found
2026-04-17 09:38:33.433 7 INFO neutron.services.segments.plugin [-] Segment 2a8fd7a1-b97f-4a37-85ae-76a60bf19d4b resource provider aggregate not found
2026-04-17 09:38:33.447 7 INFO neutron.services.segments.plugin [-] Segment 7cf22384-5e52-4760-9cde-2cc19206d854 resource provider not found; error: Placement Client Error (4xx): {"errors": [{"status": 404, "title": "Not Found", "detail": "The resource could not be found.\n\n No resource provider with uuid 7cf22384-5e52-4760-9cde-2cc19206d854 found for delete ", "request_id": "req-de361efb-1213-4fba-8e54-077157bb0389"}]}
2026-04-17 09:38:33.454 7 INFO neutron.services.segments.plugin [-] Segment 2a8fd7a1-b97f-4a37-85ae-76a60bf19d4b resource provider not found; error: Placement Client Error (4xx): {"errors": [{"status": 404, "title": "Not Found", "detail": "The resource could not be found.\n\n No resource provider with uuid 2a8fd7a1-b97f-4a37-85ae-76a60bf19d4b found for delete ", "request_id": "req-fad63123-8f1f-4d7a-8120-c19e48faf8ed"}]}
2026-04-17 09:38:33.458 7 INFO neutron.services.segments.plugin [-] Segment a50da89c-d07c-4106-92a7-b240d977a8fe resource provider aggregate not found
2026-04-17 09:38:33.475 7 INFO neutron.services.segments.plugin [-] Segment a50da89c-d07c-4106-92a7-b240d977a8fe resource provider not found; error: Placement Client Error (4xx): {"errors": [{"status": 404, "title": "Not Found", "detail": "The resource could not be found.\n\n No resource provider with uuid a50da89c-d07c-4106-92a7-b240d977a8fe found for delete ", "request_id": "req-c248fcfc-06a4-42e0-a358-89c1c63bbb93"}]}
2026-04-17 09:38:33.480 7 INFO neutron.services.segments.plugin [-] Segment 7cf22384-5e52-4760-9cde-2cc19206d854 resource provider aggregate not found
2026-04-17 09:38:33.503 7 INFO neutron.services.segments.plugin [-] Segment 7cf22384-5e52-4760-9cde-2cc19206d854 resource provider not found; error: Placement Client Error (4xx): {"errors": [{"status": 404, "title": "Not Found", "detail": "The resource could not be found.\n\n No resource provider with uuid 7cf22384-5e52-4760-9cde-2cc19206d854 found for delete ", "request_id": "req-ad75c615-2313-4f0f-b87d-15a83b8bd084"}]}
2026-04-17 09:38:33.522 7 INFO neutron.services.segments.plugin [-] Segment a50da89c-d07c-4106-92a7-b240d977a8fe resource provider aggregate not found
2026-04-17 09:38:33.522 8 INFO neutron.db.ovn_revision_numbers_db [None req-33a53a6c-2c54-4213-b0c8-87bac788be74 45a6e6cf2a3249ce86cbc32ad61a5e74 f5c9b0e2b3b540fcaabce94b7380b119 - - default default] Successfully bumped revision number for resource 21a679c5-a301-4ce4-a02a-4fb0a640e9a7 (type: routers) to 2
2026-04-17 09:38:33.540 7 INFO neutron.services.segments.plugin [-] Segment a50da89c-d07c-4106-92a7-b240d977a8fe resource provider not found; error: Placement Client Error (4xx): {"errors": [{"status": 404, "title": "Not Found", "detail": "The resource could not be found.\n\n No resource provider with uuid a50da89c-d07c-4106-92a7-b240d977a8fe found for delete ", "request_id": "req-99e89509-47d3-4c98-bc2f-ba2af3a8cfa8"}]} [pid: 8|app: 0|req: 877/1675] 10.0.0.252 () {34 vars in 669 bytes} [Fri Apr 17 09:38:32 2026] POST /v2.0/routers => generated 948 bytes in 1516 msecs (HTTP/1.1 201) 4 headers in 162 bytes (1 switches on core 0) [pid: 7|app: 0|req: 799/1676] 10.0.0.252 () {32 vars in 721 bytes} [Fri Apr 17 09:38:33 2026] GET /v2.0/routers/21a679c5-a301-4ce4-a02a-4fb0a640e9a7 => generated 954 bytes in 59 msecs (HTTP/1.1 200) 4 headers in 157 bytes (1 switches on core 0) [pid: 8|app: 0|req: 878/1677] 10.0.0.252 () {32 vars in 647 bytes} [Fri Apr 17 09:38:33 2026] GET /v2.0/routers => generated 957 bytes in 66 msecs (HTTP/1.1 200) 4 headers in 157 bytes (1 switches on core 0)
2026-04-17 09:38:33.952 7 INFO neutron.db.ovn_revision_numbers_db [None req-ad994185-b65a-4885-8561-69dfe8fd4338 8f8ad7e11f2b411fb27e5dadf1806c4a ce823ba4d09a4ff7bc3242ab067e4fa5 - - default default] Successfully bumped revision number for resource 63137147-7103-4f65-a6dd-b9bab4be6a32 (type: security_groups) to 1
2026-04-17 09:38:33.963 7 INFO neutron.db.ovn_revision_numbers_db [None req-ad994185-b65a-4885-8561-69dfe8fd4338 8f8ad7e11f2b411fb27e5dadf1806c4a ce823ba4d09a4ff7bc3242ab067e4fa5 - - default default] Successfully bumped revision number for resource 3e979adb-3d81-4023-9610-8243a190851a (type: security_group_rules) to 0
2026-04-17 09:38:33.979 7 INFO neutron.db.ovn_revision_numbers_db [None req-ad994185-b65a-4885-8561-69dfe8fd4338 8f8ad7e11f2b411fb27e5dadf1806c4a ce823ba4d09a4ff7bc3242ab067e4fa5 - - default default] Successfully bumped revision number for resource 72448940-9a4d-406c-b74f-ef5feef3ffba (type: security_group_rules) to 0
2026-04-17 09:38:33.990 7 INFO neutron.db.ovn_revision_numbers_db [None req-ad994185-b65a-4885-8561-69dfe8fd4338 8f8ad7e11f2b411fb27e5dadf1806c4a ce823ba4d09a4ff7bc3242ab067e4fa5 - - default default] Successfully bumped revision number for resource a9e68434-f294-44d4-b68c-ce83d81dae00 (type: security_group_rules) to 0
2026-04-17 09:38:34.001 7 INFO neutron.db.ovn_revision_numbers_db [None req-ad994185-b65a-4885-8561-69dfe8fd4338 8f8ad7e11f2b411fb27e5dadf1806c4a ce823ba4d09a4ff7bc3242ab067e4fa5 - - default default] Successfully bumped revision number for resource e0a64f1d-6683-4fd3-83f2-7e8ba7dde8f9 (type: security_group_rules) to 0 [pid: 7|app: 0|req: 800/1678] 10.0.0.252 () {32 vars in 774 bytes} [Fri Apr 17 09:38:33 2026] GET /v2.0/security-groups?tenant_id=bcfeb26db0f144b6a995045d1531e2f8&name=default => generated 2925 bytes in 403 msecs (HTTP/1.1 200) 4 headers in 158 bytes (1 switches on core 0) [pid: 7|app: 0|req: 801/1679] 10.0.0.188 () {34 vars in 990 bytes} [Fri Apr 17 09:38:34 2026] GET /v2.0/ports?device_id=4d24e708-0235-47fa-92f0-308429ecfd08 => generated 969 bytes in 38 msecs (HTTP/1.1 200) 4 headers in 157 bytes (1 switches on core 0)
2026-04-17 09:38:34.123 8 INFO neutron.db.ovn_revision_numbers_db [None req-ad7b6a21-2ba2-4296-b04c-a2e1c8b6cc88 45a6e6cf2a3249ce86cbc32ad61a5e74 f5c9b0e2b3b540fcaabce94b7380b119 - - default default] Successfully bumped revision number for resource 21a679c5-a301-4ce4-a02a-4fb0a640e9a7 (type: routers) to 3 [pid: 8|app: 0|req: 879/1680] 10.0.0.252 () {34 vars in 741 bytes} [Fri Apr 17 09:38:33 2026] PUT /v2.0/routers/21a679c5-a301-4ce4-a02a-4fb0a640e9a7 => generated 961 bytes in 445 msecs (HTTP/1.1 200) 4 headers in 157 bytes (1 switches on core 0) [pid: 8|app: 0|req: 880/1681] 10.0.0.188 () {34 vars in 1040 bytes} [Fri Apr 17 09:38:34 2026] GET /v2.0/security-groups?id=9199466c-656d-47f3-b095-1c05b82d9571&fields=id&fields=name => generated 113 bytes in 31 msecs (HTTP/1.1 200) 4 headers in 157 bytes (1 switches on core 0) [pid: 8|app: 0|req: 881/1682] 10.0.0.252 () {32 vars in 721 bytes} [Fri Apr 17 09:38:34 2026] GET /v2.0/routers/21a679c5-a301-4ce4-a02a-4fb0a640e9a7 => generated 961 bytes in 89 msecs (HTTP/1.1 200) 4 headers in 157 bytes (1 switches on core 0) [pid: 8|app: 0|req: 882/1683] 10.0.0.252 () {32 vars in 736 bytes} [Fri Apr 17 09:38:34 2026] GET /v2.0/ports?device_id=21a679c5-a301-4ce4-a02a-4fb0a640e9a7 => generated 12 bytes in 19 msecs (HTTP/1.1 200) 4 headers in 156 bytes (1 switches on core 0) [pid: 7|app: 0|req: 802/1684] 10.0.0.252 () {32 vars in 740 bytes} [Fri Apr 17 09:38:34 2026] DELETE /v2.0/security-groups/63137147-7103-4f65-a6dd-b9bab4be6a32 => generated 0 bytes in 233 msecs (HTTP/1.1 204) 2 headers in 112 bytes (1 switches on core 0)
2026-04-17 09:38:34.576 7 INFO neutron.db.ovn_revision_numbers_db [None req-89564e59-34c9-45b0-948c-ad7cc612b2e4 8f8ad7e11f2b411fb27e5dadf1806c4a ce823ba4d09a4ff7bc3242ab067e4fa5 - - default default] Successfully bumped revision number for resource e2e06db3-bc03-4510-afbf-2cc3bea84fc6 (type: security_groups) to 1
2026-04-17 09:38:34.582 8 INFO neutron_taas.services.taas.taas_plugin [None req-35fbd46a-31bf-4311-b624-4b6f10d84b35 45a6e6cf2a3249ce86cbc32ad61a5e74 f5c9b0e2b3b540fcaabce94b7380b119 - - default default] TaaS: Handle Delete Port: 879feb25-6477-4835-96c8-6eb7b022ce1f
2026-04-17 09:38:34.586 8 INFO neutron_taas.services.taas.tap_mirror_plugin [None req-35fbd46a-31bf-4311-b624-4b6f10d84b35 45a6e6cf2a3249ce86cbc32ad61a5e74 f5c9b0e2b3b540fcaabce94b7380b119 - - default default] Tap Mirror: Handle Delete Port: 879feb25-6477-4835-96c8-6eb7b022ce1f
2026-04-17 09:38:34.587 7 INFO neutron.db.ovn_revision_numbers_db [None req-89564e59-34c9-45b0-948c-ad7cc612b2e4 8f8ad7e11f2b411fb27e5dadf1806c4a ce823ba4d09a4ff7bc3242ab067e4fa5 - - default default] Successfully bumped revision number for resource 1d753dfd-ef39-4950-b610-62c8ba86793b (type: security_group_rules) to 0
2026-04-17 09:38:34.597 7 INFO neutron.db.ovn_revision_numbers_db [None req-89564e59-34c9-45b0-948c-ad7cc612b2e4 8f8ad7e11f2b411fb27e5dadf1806c4a ce823ba4d09a4ff7bc3242ab067e4fa5 - - default default] Successfully bumped revision number for resource 63690318-a3b4-48f3-88da-0dda64be7c8e (type: security_group_rules) to 0
2026-04-17 09:38:34.607 7 INFO neutron.db.ovn_revision_numbers_db [None req-89564e59-34c9-45b0-948c-ad7cc612b2e4 8f8ad7e11f2b411fb27e5dadf1806c4a ce823ba4d09a4ff7bc3242ab067e4fa5 - - default default] Successfully bumped revision number for resource 79bb145b-29db-4f72-b5f5-02993dc85ba1 (type: security_group_rules) to 0
2026-04-17 09:38:34.617 7 INFO neutron.db.ovn_revision_numbers_db [None req-89564e59-34c9-45b0-948c-ad7cc612b2e4 8f8ad7e11f2b411fb27e5dadf1806c4a ce823ba4d09a4ff7bc3242ab067e4fa5 - - default default] Successfully bumped revision number for resource 81e11744-1cec-437a-a4df-2d0058e44cc2 (type: security_group_rules) to 0 [pid: 7|app: 0|req: 803/1685] 10.0.0.252 () {32 vars in 774 bytes} [Fri Apr 17 09:38:34 2026] GET /v2.0/security-groups?tenant_id=a88d83933be143349c0d0ce20477f842&name=default => generated 2925 bytes in 210 msecs (HTTP/1.1 200) 4 headers in 158 bytes (1 switches on core 0)
2026-04-17 09:38:34.914 7 INFO neutron.db.ovn_revision_numbers_db [None req-f4ee4140-d2da-4d38-a030-b8d4b6391040 8f8ad7e11f2b411fb27e5dadf1806c4a ce823ba4d09a4ff7bc3242ab067e4fa5 - - default default] Successfully bumped revision number for resource 30ff7e85-75d2-4fd8-ab46-000e04e486bf (type: security_groups) to 1
2026-04-17 09:38:34.928 7 INFO neutron.db.ovn_revision_numbers_db [None req-f4ee4140-d2da-4d38-a030-b8d4b6391040 8f8ad7e11f2b411fb27e5dadf1806c4a ce823ba4d09a4ff7bc3242ab067e4fa5 - - default default] Successfully bumped revision number for resource 79a703f5-2bfd-4592-afaa-557f046fe65e (type: security_group_rules) to 0 [pid: 8|app: 0|req: 883/1686] 10.0.0.252 () {32 vars in 724 bytes} [Fri Apr 17 09:38:34 2026] DELETE /v2.0/routers/21a679c5-a301-4ce4-a02a-4fb0a640e9a7 => generated 0 bytes in 659 msecs (HTTP/1.1 204) 2 headers in 112 bytes (1 switches on core 0)
2026-04-17 09:38:34.943 7 INFO neutron.db.ovn_revision_numbers_db [None req-f4ee4140-d2da-4d38-a030-b8d4b6391040 8f8ad7e11f2b411fb27e5dadf1806c4a ce823ba4d09a4ff7bc3242ab067e4fa5 - - default default] Successfully bumped revision number for resource 7f77b3ba-bc58-4282-9e96-ff16a13a3b6e (type: security_group_rules) to 0
2026-04-17 09:38:34.955 7 INFO neutron.db.ovn_revision_numbers_db [None req-f4ee4140-d2da-4d38-a030-b8d4b6391040 8f8ad7e11f2b411fb27e5dadf1806c4a ce823ba4d09a4ff7bc3242ab067e4fa5 - - default default] Successfully bumped revision number for resource ead707f2-3c45-43f0-9b80-a405938257d5 (type: security_group_rules) to 0
2026-04-17 09:38:34.966 7 INFO neutron.db.ovn_revision_numbers_db [None req-f4ee4140-d2da-4d38-a030-b8d4b6391040 8f8ad7e11f2b411fb27e5dadf1806c4a ce823ba4d09a4ff7bc3242ab067e4fa5 - - default default] Successfully bumped revision number for resource fb5e02c6-cb15-4a65-85e3-a9a84f03b7c8 (type: security_group_rules) to 0 [pid: 7|app: 0|req: 804/1687] 10.0.0.252 () {32 vars in 774 bytes} [Fri Apr 17 09:38:34 2026] GET /v2.0/security-groups?tenant_id=3837613e22104cecb89d34b3406a18eb&name=default => generated 2925 bytes in 346 msecs (HTTP/1.1 200) 4 headers in 158 bytes (1 switches on core 0) [pid: 7|app: 0|req: 805/1688] 10.0.0.252 () {32 vars in 736 bytes} [Fri Apr 17 09:38:35 2026] GET /v2.0/ports?device_id=21a679c5-a301-4ce4-a02a-4fb0a640e9a7 => generated 12 bytes in 16 msecs (HTTP/1.1 200) 4 headers in 156 bytes (1 switches on core 0) [pid: 8|app: 0|req: 884/1689] 10.0.0.252 () {32 vars in 740 bytes} [Fri Apr 17 09:38:34 2026] DELETE /v2.0/security-groups/e2e06db3-bc03-4510-afbf-2cc3bea84fc6 => generated 0 bytes in 224 msecs (HTTP/1.1 204) 2 headers in 112 bytes (1 switches on core 0)
2026-04-17 09:38:35.188 8 INFO neutron.api.v2.resource [None req-8c8718d8-56ef-45a4-872e-57a8ebbddfde 45a6e6cf2a3249ce86cbc32ad61a5e74 f5c9b0e2b3b540fcaabce94b7380b119 - - default default] delete failed (client error): The resource could not be found. [pid: 8|app: 0|req: 885/1690] 10.0.0.252 () {32 vars in 724 bytes} [Fri Apr 17 09:38:35 2026] DELETE /v2.0/routers/21a679c5-a301-4ce4-a02a-4fb0a640e9a7 => generated 135 bytes in 24 msecs (HTTP/1.1 404) 4 headers in 164 bytes (1 switches on core 0) [pid: 8|app: 0|req: 886/1691] 10.0.0.252 () {32 vars in 736 bytes} [Fri Apr 17 09:38:35 2026] GET /v2.0/ports?device_id=c0f7f90e-7fd6-4423-9bf2-2e31a885a088 => generated 12 bytes in 18 msecs (HTTP/1.1 200) 4 headers in 156 bytes (1 switches on core 0)
2026-04-17 09:38:35.238 8 INFO neutron.api.v2.resource [None req-0a553cbf-2193-46b2-9bbe-355f3a6c6fa8 45a6e6cf2a3249ce86cbc32ad61a5e74 f5c9b0e2b3b540fcaabce94b7380b119 - - default default] delete failed (client error): The resource could not be found. [pid: 8|app: 0|req: 887/1692] 10.0.0.252 () {32 vars in 724 bytes} [Fri Apr 17 09:38:35 2026] DELETE /v2.0/routers/c0f7f90e-7fd6-4423-9bf2-2e31a885a088 => generated 135 bytes in 24 msecs (HTTP/1.1 404) 4 headers in 164 bytes (1 switches on core 0) [pid: 7|app: 0|req: 806/1693] 10.0.0.252 () {32 vars in 740 bytes} [Fri Apr 17 09:38:35 2026] DELETE /v2.0/security-groups/30ff7e85-75d2-4fd8-ab46-000e04e486bf => generated 0 bytes in 230 msecs (HTTP/1.1 204) 2 headers in 112 bytes (1 switches on core 0)
2026-04-17 09:38:35.256 8 INFO neutron.pecan_wsgi.hooks.translation [None req-1a3572e7-87c4-48be-8dc2-72f7d2712ef2 45a6e6cf2a3249ce86cbc32ad61a5e74 f5c9b0e2b3b540fcaabce94b7380b119 - - default default] DELETE failed (client error): The resource could not be found. [pid: 8|app: 0|req: 888/1694] 10.0.0.252 () {32 vars in 724 bytes} [Fri Apr 17 09:38:35 2026] DELETE /v2.0/subnets/f99b22ca-c7d8-4750-856d-304caa2eb9c5 => generated 136 bytes in 16 msecs (HTTP/1.1 404) 4 headers in 164 bytes (1 switches on core 0) [pid: 8|app: 0|req: 889/1695] 10.0.0.252 () {32 vars in 774 bytes} [Fri Apr 17 09:38:35 2026] GET /v2.0/security-groups?tenant_id=05622517e76c40b7a3d6a65b81ef548f&name=default => generated 2925 bytes in 25 msecs (HTTP/1.1 200) 4 headers in 158 bytes (1 switches on core 0) [pid: 7|app: 0|req: 807/1696] 10.0.0.188 () {34 vars in 990 bytes} [Fri Apr 17 09:38:35 2026] GET /v2.0/ports?device_id=4d24e708-0235-47fa-92f0-308429ecfd08 => generated 969 bytes in 39 msecs (HTTP/1.1 200) 4 headers in 157 bytes (1 switches on core 0) [pid: 8|app: 0|req: 890/1697] 10.0.0.252 () {32 vars in 736 bytes} [Fri Apr 17 09:38:35 2026] GET /v2.0/ports?device_id=6395f154-614b-437b-8ede-fd87ea388473 => generated 12 bytes in 15 msecs (HTTP/1.1 200) 4 headers in 156 bytes (1 switches on core 0) [pid: 8|app: 0|req: 891/1698] 10.0.0.188 () {34 vars in 1040 bytes} [Fri Apr 17 09:38:35 2026] GET /v2.0/security-groups?id=9199466c-656d-47f3-b095-1c05b82d9571&fields=id&fields=name => generated 113 bytes in 23 msecs (HTTP/1.1 200) 4 headers in 157 bytes (1 switches on core 0)
2026-04-17 09:38:35.342 8 INFO neutron.api.v2.resource [None req-c4a8eba7-d6d2-4a17-a63f-168e65e52ec9 45a6e6cf2a3249ce86cbc32ad61a5e74 f5c9b0e2b3b540fcaabce94b7380b119 - - default default] delete failed (client error): The resource could not be found. [pid: 8|app: 0|req: 892/1699] 10.0.0.252 () {32 vars in 724 bytes} [Fri Apr 17 09:38:35 2026] DELETE /v2.0/routers/6395f154-614b-437b-8ede-fd87ea388473 => generated 135 bytes in 17 msecs (HTTP/1.1 404) 4 headers in 164 bytes (1 switches on core 0)
2026-04-17 09:38:35.360 8 INFO neutron.pecan_wsgi.hooks.translation [None req-7df39fae-ce8c-4396-adbe-04eb281cb37b 45a6e6cf2a3249ce86cbc32ad61a5e74 f5c9b0e2b3b540fcaabce94b7380b119 - - default default] DELETE failed (client error): The resource could not be found. [pid: 8|app: 0|req: 893/1700] 10.0.0.252 () {32 vars in 724 bytes} [Fri Apr 17 09:38:35 2026] DELETE /v2.0/subnets/f334865f-2af3-4a15-bb9d-90f516402781 => generated 136 bytes in 14 msecs (HTTP/1.1 404) 4 headers in 164 bytes (1 switches on core 0) [pid: 8|app: 0|req: 894/1701] 10.0.0.252 () {32 vars in 736 bytes} [Fri Apr 17 09:38:35 2026] GET /v2.0/ports?device_id=7569770c-392c-4f48-acf9-445887582afc => generated 12 bytes in 20 msecs (HTTP/1.1 200) 4 headers in 156 bytes (1 switches on core 0)
2026-04-17 09:38:35.419 8 INFO neutron.api.v2.resource [None req-cfe91d8b-0508-4e3f-a045-f2e0c302cf77 45a6e6cf2a3249ce86cbc32ad61a5e74 f5c9b0e2b3b540fcaabce94b7380b119 - - default default] delete failed (client error): The resource could not be found. [pid: 8|app: 0|req: 895/1702] 10.0.0.252 () {32 vars in 724 bytes} [Fri Apr 17 09:38:35 2026] DELETE /v2.0/routers/7569770c-392c-4f48-acf9-445887582afc => generated 135 bytes in 26 msecs (HTTP/1.1 404) 4 headers in 164 bytes (1 switches on core 0) [pid: 7|app: 0|req: 808/1703] 10.0.0.252 () {32 vars in 740 bytes} [Fri Apr 17 09:38:35 2026] DELETE /v2.0/security-groups/61e16936-c573-4f5f-80bf-a614e37ca5fa => generated 0 bytes in 226 msecs (HTTP/1.1 204) 2 headers in 112 bytes (1 switches on core 0)
2026-04-17 09:38:35.534 7 INFO neutron.pecan_wsgi.hooks.translation [None req-01d52889-4b3f-485c-a3d6-e13cec9820e1 45a6e6cf2a3249ce86cbc32ad61a5e74 f5c9b0e2b3b540fcaabce94b7380b119 - - default default] DELETE failed (client error): The resource could not be found. [pid: 7|app: 0|req: 809/1704] 10.0.0.252 () {32 vars in 724 bytes} [Fri Apr 17 09:38:35 2026] DELETE /v2.0/subnets/d6483bb5-d8b2-47b6-a672-69819c1187eb => generated 136 bytes in 13 msecs (HTTP/1.1 404) 4 headers in 164 bytes (1 switches on core 0)
2026-04-17 09:38:35.571 7 INFO neutron.pecan_wsgi.hooks.translation [None req-ca4fc6ce-2a99-4629-8bea-793396112deb 45a6e6cf2a3249ce86cbc32ad61a5e74 f5c9b0e2b3b540fcaabce94b7380b119 - - default default] DELETE failed (client error): The resource could not be found. [pid: 7|app: 0|req: 810/1705] 10.0.0.252 () {32 vars in 724 bytes} [Fri Apr 17 09:38:35 2026] DELETE /v2.0/subnets/9c125e42-32e2-44b3-9d9e-d233887a5dc5 => generated 136 bytes in 33 msecs (HTTP/1.1 404) 4 headers in 164 bytes (1 switches on core 0)
2026-04-17 09:38:35.583 8 INFO neutron.db.ovn_revision_numbers_db [None req-16e93fdb-6647-4561-9c6a-b74890adf2f6 8f8ad7e11f2b411fb27e5dadf1806c4a ce823ba4d09a4ff7bc3242ab067e4fa5 - - default default] Successfully bumped revision number for resource 468e779a-f16d-4ccf-9779-ed4e80b31635 (type: security_groups) to 1
2026-04-17 09:38:35.597 8 INFO neutron.db.ovn_revision_numbers_db [None req-16e93fdb-6647-4561-9c6a-b74890adf2f6 8f8ad7e11f2b411fb27e5dadf1806c4a ce823ba4d09a4ff7bc3242ab067e4fa5 - - default default] Successfully bumped revision number for resource a28917a0-3afd-43a8-98c3-a1b4a1772e01 (type: security_group_rules) to 0
2026-04-17 09:38:35.606 8 INFO neutron.db.ovn_revision_numbers_db [None req-16e93fdb-6647-4561-9c6a-b74890adf2f6 8f8ad7e11f2b411fb27e5dadf1806c4a ce823ba4d09a4ff7bc3242ab067e4fa5 - - default default] Successfully bumped revision number for resource a67a5ad2-5b0f-4718-960a-8efaa9e0dfb8 (type: security_group_rules) to 0
2026-04-17 09:38:35.616 8 INFO neutron.db.ovn_revision_numbers_db [None req-16e93fdb-6647-4561-9c6a-b74890adf2f6 8f8ad7e11f2b411fb27e5dadf1806c4a ce823ba4d09a4ff7bc3242ab067e4fa5 - - default default] Successfully bumped revision number for resource bacca7ab-5318-4ed8-bc52-eeb5b09ce2bc (type: security_group_rules) to 0
