2026-04-17 09:37:13.623 8 INFO neutron.services.segments.plugin [-] Segment 8365a576-bd58-4f4f-9b5a-10527e020d90 resource provider not found; error: Placement Client Error (4xx): {"errors": [{"status": 404, "title": "Not Found", "detail": "The resource could not be found.\n\n No resource provider with uuid 8365a576-bd58-4f4f-9b5a-10527e020d90 found for delete ", "request_id": "req-e5f452a0-f6dd-49bc-a673-6a5f1b1b59fb"}]}
2026-04-17 09:37:13.625 8 INFO neutron.services.segments.plugin [-] Segment 8365a576-bd58-4f4f-9b5a-10527e020d90 resource provider not found; error: Placement Client Error (4xx): {"errors": [{"status": 404, "title": "Not Found", "detail": "The resource could not be found.\n\n No resource provider with uuid 8365a576-bd58-4f4f-9b5a-10527e020d90 found for delete ", "request_id": "req-2ec1715c-6e29-4029-9982-58fe5cd3a956"}]} [pid: 8|app: 0|req: 568/1096] 10.0.0.252 () {32 vars in 726 bytes} [Fri Apr 17 09:37:13 2026] DELETE /v2.0/networks/502ace38-ad05-4fde-a595-1e10dded5b2a => generated 0 bytes in 330 msecs (HTTP/1.1 204) 3 headers in 131 bytes (1 switches on core 0) [pid: 7|app: 0|req: 529/1097] 10.0.0.252 () {32 vars in 724 bytes} [Fri Apr 17 09:37:13 2026] DELETE /v2.0/subnets/effc639a-4db0-4b61-9c69-12f9efc6b1de => generated 0 bytes in 158 msecs (HTTP/1.1 204) 3 headers in 131 bytes (1 switches on core 0)
2026-04-17 09:37:13.759 8 INFO neutron_taas.services.taas.taas_plugin [None req-46f32fa4-2691-4928-996d-4b68aa986757 e645be91b9554d38a983d7e02ac39a87 c845a015f8444d57bb7d4be86ba89792 - - default default] TaaS: Handle Delete Port: 70ff2911-f493-4e90-b2d9-ba5b024774f0
2026-04-17 09:37:13.761 8 INFO neutron_taas.services.taas.tap_mirror_plugin [None req-46f32fa4-2691-4928-996d-4b68aa986757 e645be91b9554d38a983d7e02ac39a87 c845a015f8444d57bb7d4be86ba89792 - - default default] Tap Mirror: Handle Delete Port: 70ff2911-f493-4e90-b2d9-ba5b024774f0 [pid: 7|app: 0|req: 530/1098] 10.0.0.252 () {32 vars in 647 bytes} [Fri Apr 17 09:37:13 2026] GET /v2.0/subnets => generated 649 bytes in 26 msecs (HTTP/1.1 200) 4 headers in 157 bytes (1 switches on core 0)
2026-04-17 09:37:13.932 7 INFO neutron_taas.services.taas.taas_plugin [None req-f79f6664-2b00-4a81-9cf8-919e26fe4bcb 8efff99001154c60a953f1336b6b8505 2413db527b2c43538065ecf09633870e - - default default] TaaS: Handle Delete Port: 777325ec-cbea-4305-8c7a-ffade70e543b
2026-04-17 09:37:13.934 7 INFO neutron_taas.services.taas.tap_mirror_plugin [None req-f79f6664-2b00-4a81-9cf8-919e26fe4bcb 8efff99001154c60a953f1336b6b8505 2413db527b2c43538065ecf09633870e - - default default] Tap Mirror: Handle Delete Port: 777325ec-cbea-4305-8c7a-ffade70e543b [pid: 8|app: 0|req: 569/1099] 10.0.0.252 () {32 vars in 726 bytes} [Fri Apr 17 09:37:13 2026] DELETE /v2.0/networks/01e66335-0629-4356-938f-b5c32deb36aa => generated 0 bytes in 346 msecs (HTTP/1.1 204) 3 headers in 131 bytes (1 switches on core 0) [pid: 8|app: 0|req: 570/1100] 10.0.0.252 () {32 vars in 649 bytes} [Fri Apr 17 09:37:13 2026] GET /v2.0/networks => generated 689 bytes in 66 msecs (HTTP/1.1 200) 4 headers in 157 bytes (1 switches on core 0)
2026-04-17 09:37:14.133 7 INFO neutron.services.segments.plugin [-] Segment 8e0ed9b0-51dc-41e8-b348-1bb43d8e641d resource provider aggregate not found
2026-04-17 09:37:14.141 7 INFO neutron.services.segments.plugin [-] Segment 8e0ed9b0-51dc-41e8-b348-1bb43d8e641d resource provider aggregate not found
2026-04-17 09:37:14.160 8 INFO neutron.db.segments_db [None req-ba1d8103-ed24-4e38-aa4c-8a843c76973a e645be91b9554d38a983d7e02ac39a87 c845a015f8444d57bb7d4be86ba89792 - - default default] Added segment 563c42e9-8e8e-4e0e-a2bf-3f91853b1202 of type geneve for network dda95a90-c953-4e65-9a2f-22f09aa37516
2026-04-17 09:37:14.162 7 INFO neutron.services.segments.plugin [-] Segment 8e0ed9b0-51dc-41e8-b348-1bb43d8e641d resource provider not found; error: Placement Client Error (4xx): {"errors": [{"status": 404, "title": "Not Found", "detail": "The resource could not be found.\n\n No resource provider with uuid 8e0ed9b0-51dc-41e8-b348-1bb43d8e641d found for delete ", "request_id": "req-9fea4c48-cf8b-4f0e-b437-dee06928f4df"}]}
2026-04-17 09:37:14.166 7 INFO neutron.services.segments.plugin [-] Segment 8e0ed9b0-51dc-41e8-b348-1bb43d8e641d resource provider not found; error: Placement Client Error (4xx): {"errors": [{"status": 404, "title": "Not Found", "detail": "The resource could not be found.\n\n No resource provider with uuid 8e0ed9b0-51dc-41e8-b348-1bb43d8e641d found for delete ", "request_id": "req-cf068948-4a33-4279-984b-1979a01c9311"}]} [pid: 7|app: 0|req: 531/1101] 10.0.0.252 () {32 vars in 726 bytes} [Fri Apr 17 09:37:13 2026] DELETE /v2.0/networks/7742b068-5c24-4e42-80bb-a7d3367115b0 => generated 0 bytes in 423 msecs (HTTP/1.1 204) 3 headers in 131 bytes (1 switches on core 0)
2026-04-17 09:37:14.269 8 INFO neutron.db.ovn_revision_numbers_db [None req-ba1d8103-ed24-4e38-aa4c-8a843c76973a e645be91b9554d38a983d7e02ac39a87 c845a015f8444d57bb7d4be86ba89792 - - default default] Successfully bumped revision number for resource dda95a90-c953-4e65-9a2f-22f09aa37516 (type: networks) to 1
2026-04-17 09:37:14.349 7 INFO neutron_taas.services.taas.taas_plugin [None req-baa8a2ed-1506-409e-a582-2ca777c9e1d0 8efff99001154c60a953f1336b6b8505 2413db527b2c43538065ecf09633870e - - default default] TaaS: Handle Delete Port: 2c52f217-de95-4e27-81c7-0a33b6ac249b
2026-04-17 09:37:14.352 7 INFO neutron_taas.services.taas.tap_mirror_plugin [None req-baa8a2ed-1506-409e-a582-2ca777c9e1d0 8efff99001154c60a953f1336b6b8505 2413db527b2c43538065ecf09633870e - - default default] Tap Mirror: Handle Delete Port: 2c52f217-de95-4e27-81c7-0a33b6ac249b [pid: 7|app: 0|req: 532/1102] 10.0.0.252 () {32 vars in 726 bytes} [Fri Apr 17 09:37:14 2026] DELETE /v2.0/networks/e1dc8b47-2ec6-4a7e-a7be-ff4eea1dd5c7 => generated 0 bytes in 398 msecs (HTTP/1.1 204) 3 headers in 131 bytes (1 switches on core 0)
2026-04-17 09:37:14.755 7 INFO neutron_taas.services.taas.taas_plugin [None req-264dc4c3-0a5f-4847-8d06-ce779edde6a2 8efff99001154c60a953f1336b6b8505 2413db527b2c43538065ecf09633870e - - default default] TaaS: Handle Delete Port: 8effebc4-4c95-46aa-9bfc-201495d7aa74
2026-04-17 09:37:14.758 7 INFO neutron_taas.services.taas.tap_mirror_plugin [None req-264dc4c3-0a5f-4847-8d06-ce779edde6a2 8efff99001154c60a953f1336b6b8505 2413db527b2c43538065ecf09633870e - - default default] Tap Mirror: Handle Delete Port: 8effebc4-4c95-46aa-9bfc-201495d7aa74
2026-04-17 09:37:14.862 8 WARNING neutron.scheduler.dhcp_agent_scheduler [None req-ba1d8103-ed24-4e38-aa4c-8a843c76973a e645be91b9554d38a983d7e02ac39a87 c845a015f8444d57bb7d4be86ba89792 - - default default] No more DHCP agents
2026-04-17 09:37:14.868 8 WARNING neutron.api.rpc.agentnotifiers.dhcp_rpc_agent_api [None req-ba1d8103-ed24-4e38-aa4c-8a843c76973a e645be91b9554d38a983d7e02ac39a87 c845a015f8444d57bb7d4be86ba89792 - - default default] Unable to schedule network dda95a90-c953-4e65-9a2f-22f09aa37516: no agents available; will retry on subsequent port and subnet creation events.
2026-04-17 09:37:14.971 8 INFO neutron.plugins.ml2.drivers.ovn.mech_driver.mech_driver [None req-c2674b4d-54e3-4535-b799-7f68b01afaa2 - - - - - -] OVN reports status down for port: 67ffdb58-1570-4f83-806a-aa11bee109f1
2026-04-17 09:37:15.034 8 INFO neutron.db.ovn_revision_numbers_db [None req-ba1d8103-ed24-4e38-aa4c-8a843c76973a e645be91b9554d38a983d7e02ac39a87 c845a015f8444d57bb7d4be86ba89792 - - default default] Successfully bumped revision number for resource 67ffdb58-1570-4f83-806a-aa11bee109f1 (type: ports) to 1 [pid: 7|app: 0|req: 533/1103] 10.0.0.252 () {32 vars in 726 bytes} [Fri Apr 17 09:37:14 2026] DELETE /v2.0/networks/affdd7f6-5cf4-4d28-afa7-c20271f3a5cd => generated 0 bytes in 423 msecs (HTTP/1.1 204) 3 headers in 131 bytes (1 switches on core 0) [pid: 8|app: 0|req: 571/1106] 10.0.0.252 () {34 vars in 670 bytes} [Fri Apr 17 09:37:14 2026] POST /v2.0/networks => generated 673 bytes in 1020 msecs (HTTP/1.1 201) 4 headers in 162 bytes (1 switches on core 0)
2026-04-17 09:37:15.162 7 INFO neutron_taas.services.taas.taas_plugin [None req-614d5d85-ed48-4a0d-ab13-d98ee2085d86 8efff99001154c60a953f1336b6b8505 2413db527b2c43538065ecf09633870e - - default default] TaaS: Handle Delete Port: f7e97433-f7fd-4214-8a23-282c2eb4508c
2026-04-17 09:37:15.165 7 INFO neutron_taas.services.taas.tap_mirror_plugin [None req-614d5d85-ed48-4a0d-ab13-d98ee2085d86 8efff99001154c60a953f1336b6b8505 2413db527b2c43538065ecf09633870e - - default default] Tap Mirror: Handle Delete Port: f7e97433-f7fd-4214-8a23-282c2eb4508c
2026-04-17 09:37:15.177 8 INFO neutron.db.segments_db [None req-53e78125-1f67-4c26-9637-66d00e6700ac e645be91b9554d38a983d7e02ac39a87 c845a015f8444d57bb7d4be86ba89792 - - default default] Added segment b33d8d4f-dc0f-4057-bb6c-77b8fc9e49d8 of type geneve for network 3d1401ca-0397-476b-8771-8b24160eecfb
2026-04-17 09:37:15.308 8 INFO neutron.db.ovn_revision_numbers_db [None req-53e78125-1f67-4c26-9637-66d00e6700ac e645be91b9554d38a983d7e02ac39a87 c845a015f8444d57bb7d4be86ba89792 - - default default] Successfully bumped revision number for resource 3d1401ca-0397-476b-8771-8b24160eecfb (type: networks) to 1 [pid: 7|app: 0|req: 536/1107] 10.0.0.252 () {32 vars in 726 bytes} [Fri Apr 17 09:37:15 2026] DELETE /v2.0/networks/cf2c1fbf-1f34-475e-9d03-bb07784cde39 => generated 0 bytes in 394 msecs (HTTP/1.1 204) 3 headers in 131 bytes (1 switches on core 0)
2026-04-17 09:37:15.484 8 WARNING neutron.scheduler.dhcp_agent_scheduler [None req-53e78125-1f67-4c26-9637-66d00e6700ac e645be91b9554d38a983d7e02ac39a87 c845a015f8444d57bb7d4be86ba89792 - - default default] No more DHCP agents
2026-04-17 09:37:15.485 8 WARNING neutron.api.rpc.agentnotifiers.dhcp_rpc_agent_api [None req-53e78125-1f67-4c26-9637-66d00e6700ac e645be91b9554d38a983d7e02ac39a87 c845a015f8444d57bb7d4be86ba89792 - - default default] Unable to schedule network 3d1401ca-0397-476b-8771-8b24160eecfb: no agents available; will retry on subsequent port and subnet creation events.
2026-04-17 09:37:15.543 7 INFO neutron.plugins.ml2.drivers.ovn.mech_driver.mech_driver [None req-492f0532-ca44-4553-a715-5e44e9a48330 - - - - - -] OVN reports status down for port: 4b2ed6fb-5ba5-4557-b051-2f6914a39264
2026-04-17 09:37:15.565 8 INFO neutron.db.ovn_revision_numbers_db [None req-53e78125-1f67-4c26-9637-66d00e6700ac e645be91b9554d38a983d7e02ac39a87 c845a015f8444d57bb7d4be86ba89792 - - default default] Successfully bumped revision number for resource 4b2ed6fb-5ba5-4557-b051-2f6914a39264 (type: ports) to 1 [pid: 8|app: 0|req: 572/1108] 10.0.0.252 () {34 vars in 670 bytes} [Fri Apr 17 09:37:15 2026] POST /v2.0/networks => generated 673 bytes in 501 msecs (HTTP/1.1 201) 4 headers in 162 bytes (1 switches on core 0)
2026-04-17 09:37:15.650 8 INFO neutron.services.segments.plugin [-] Segment f52b23c5-cbf3-46fd-8960-f1b7dc462c6f resource provider aggregate not found
2026-04-17 09:37:15.651 8 INFO neutron.services.segments.plugin [-] Segment f52b23c5-cbf3-46fd-8960-f1b7dc462c6f resource provider aggregate not found
2026-04-17 09:37:15.674 8 INFO neutron.services.segments.plugin [-] Segment f52b23c5-cbf3-46fd-8960-f1b7dc462c6f resource provider not found; error: Placement Client Error (4xx): {"errors": [{"status": 404, "title": "Not Found", "detail": "The resource could not be found.\n\n No resource provider with uuid f52b23c5-cbf3-46fd-8960-f1b7dc462c6f found for delete ", "request_id": "req-b61fcde5-7e2c-4671-a9fc-13480af300db"}]}
2026-04-17 09:37:15.675 8 INFO neutron.services.segments.plugin [-] Segment f52b23c5-cbf3-46fd-8960-f1b7dc462c6f resource provider not found; error: Placement Client Error (4xx): {"errors": [{"status": 404, "title": "Not Found", "detail": "The resource could not be found.\n\n No resource provider with uuid f52b23c5-cbf3-46fd-8960-f1b7dc462c6f found for delete ", "request_id": "req-c6e5d082-d19b-432b-8baf-bef113c20cca"}]}
2026-04-17 09:37:15.993 7 WARNING neutron.scheduler.dhcp_agent_scheduler [None req-9396fda0-18f1-4b19-99b0-4e94bc8456e5 e645be91b9554d38a983d7e02ac39a87 c845a015f8444d57bb7d4be86ba89792 - - default default] No more DHCP agents
2026-04-17 09:37:15.994 7 WARNING neutron.api.rpc.agentnotifiers.dhcp_rpc_agent_api [None req-9396fda0-18f1-4b19-99b0-4e94bc8456e5 e645be91b9554d38a983d7e02ac39a87 c845a015f8444d57bb7d4be86ba89792 - - default default] Unable to schedule network dda95a90-c953-4e65-9a2f-22f09aa37516: no agents available; will retry on subsequent port and subnet creation events.
2026-04-17 09:37:16.073 8 INFO neutron.plugins.ml2.drivers.ovn.mech_driver.mech_driver [None req-c2674b4d-54e3-4535-b799-7f68b01afaa2 - - - - - -] OVN reports status down for port: 44cda17e-0278-4698-a0ff-7e83314198e5
2026-04-17 09:37:16.102 7 INFO neutron.db.ovn_revision_numbers_db [None req-9396fda0-18f1-4b19-99b0-4e94bc8456e5 e645be91b9554d38a983d7e02ac39a87 c845a015f8444d57bb7d4be86ba89792 - - default default] Successfully bumped revision number for resource 44cda17e-0278-4698-a0ff-7e83314198e5 (type: ports) to 1
2026-04-17 09:37:16.146 7 WARNING neutron.scheduler.dhcp_agent_scheduler [None req-9396fda0-18f1-4b19-99b0-4e94bc8456e5 e645be91b9554d38a983d7e02ac39a87 c845a015f8444d57bb7d4be86ba89792 - - default default] No more DHCP agents
2026-04-17 09:37:16.147 7 WARNING neutron.api.rpc.agentnotifiers.dhcp_rpc_agent_api [None req-9396fda0-18f1-4b19-99b0-4e94bc8456e5 e645be91b9554d38a983d7e02ac39a87 c845a015f8444d57bb7d4be86ba89792 - - default default] Unable to schedule network 3d1401ca-0397-476b-8771-8b24160eecfb: no agents available; will retry on subsequent port and subnet creation events. [pid: 8|app: 0|req: 573/1109] 10.0.0.252 () {32 vars in 774 bytes} [Fri Apr 17 09:37:15 2026] GET /v2.0/security-groups?tenant_id=2413db527b2c43538065ecf09633870e&name=default => generated 2925 bytes in 176 msecs (HTTP/1.1 200) 4 headers in 158 bytes (1 switches on core 0)
2026-04-17 09:37:16.186 7 INFO neutron.services.segments.plugin [-] Segment c43482f0-e14e-4552-92a4-a0f2267ef84c resource provider aggregate not found
2026-04-17 09:37:16.192 7 INFO neutron.services.segments.plugin [-] Segment c43482f0-e14e-4552-92a4-a0f2267ef84c resource provider aggregate not found
2026-04-17 09:37:16.213 7 INFO neutron.services.segments.plugin [-] Segment c43482f0-e14e-4552-92a4-a0f2267ef84c resource provider not found; error: Placement Client Error (4xx): {"errors": [{"status": 404, "title": "Not Found", "detail": "The resource could not be found.\n\n No resource provider with uuid c43482f0-e14e-4552-92a4-a0f2267ef84c found for delete ", "request_id": "req-fdaffa17-e211-440a-9642-45d6bf794209"}]}
2026-04-17 09:37:16.217 7 INFO neutron.services.segments.plugin [-] Segment c43482f0-e14e-4552-92a4-a0f2267ef84c resource provider not found; error: Placement Client Error (4xx): {"errors": [{"status": 404, "title": "Not Found", "detail": "The resource could not be found.\n\n No resource provider with uuid c43482f0-e14e-4552-92a4-a0f2267ef84c found for delete ", "request_id": "req-3e849293-065e-4199-a521-9fa310d66ca6"}]}
2026-04-17 09:37:16.237 7 INFO neutron.services.segments.plugin [-] Segment 875d08a2-82eb-4a37-94d3-7aac94d210aa resource provider aggregate not found
2026-04-17 09:37:16.240 7 INFO neutron.services.segments.plugin [-] Segment 875d08a2-82eb-4a37-94d3-7aac94d210aa resource provider aggregate not found
2026-04-17 09:37:16.243 8 INFO neutron.plugins.ml2.drivers.ovn.mech_driver.mech_driver [None req-c2674b4d-54e3-4535-b799-7f68b01afaa2 - - - - - -] OVN reports status down for port: 5022d410-af26-4702-af66-6af8879c55eb
2026-04-17 09:37:16.262 7 INFO neutron.services.segments.plugin [-] Segment 875d08a2-82eb-4a37-94d3-7aac94d210aa resource provider not found; error: Placement Client Error (4xx): {"errors": [{"status": 404, "title": "Not Found", "detail": "The resource could not be found.\n\n No resource provider with uuid 875d08a2-82eb-4a37-94d3-7aac94d210aa found for delete ", "request_id": "req-df2db5f3-8277-4add-b9e3-78d9d272d08d"}]}
2026-04-17 09:37:16.265 7 INFO neutron.services.segments.plugin [-] Segment 875d08a2-82eb-4a37-94d3-7aac94d210aa resource provider not found; error: Placement Client Error (4xx): {"errors": [{"status": 404, "title": "Not Found", "detail": "The resource could not be found.\n\n No resource provider with uuid 875d08a2-82eb-4a37-94d3-7aac94d210aa found for delete ", "request_id": "req-a2f7de8a-c950-4447-b41d-e8fcb7fe802c"}]}
2026-04-17 09:37:16.285 7 INFO neutron.services.segments.plugin [-] Segment 0d44df71-501a-44f4-9853-380922d7dcda resource provider aggregate not found
2026-04-17 09:37:16.289 7 INFO neutron.services.segments.plugin [-] Segment 0d44df71-501a-44f4-9853-380922d7dcda resource provider aggregate not found
2026-04-17 09:37:16.297 7 INFO neutron.db.ovn_revision_numbers_db [None req-9396fda0-18f1-4b19-99b0-4e94bc8456e5 e645be91b9554d38a983d7e02ac39a87 c845a015f8444d57bb7d4be86ba89792 - - default default] Successfully bumped revision number for resource 5022d410-af26-4702-af66-6af8879c55eb (type: ports) to 1
2026-04-17 09:37:16.309 7 INFO neutron.services.segments.plugin [-] Segment 0d44df71-501a-44f4-9853-380922d7dcda resource provider not found; error: Placement Client Error (4xx): {"errors": [{"status": 404, "title": "Not Found", "detail": "The resource could not be found.\n\n No resource provider with uuid 0d44df71-501a-44f4-9853-380922d7dcda found for delete ", "request_id": "req-d7ddf8e3-aec4-42f9-8317-6e353de2b90b"}]}
2026-04-17 09:37:16.313 7 INFO neutron.services.segments.plugin [-] Segment 0d44df71-501a-44f4-9853-380922d7dcda resource provider not found; error: Placement Client Error (4xx): {"errors": [{"status": 404, "title": "Not Found", "detail": "The resource could not be found.\n\n No resource provider with uuid 0d44df71-501a-44f4-9853-380922d7dcda found for delete ", "request_id": "req-5bf47b2d-efa7-47ce-9a31-731ed77fb9e1"}]} [pid: 7|app: 0|req: 537/1110] 10.0.0.252 () {34 vars in 665 bytes} [Fri Apr 17 09:37:15 2026] POST /v2.0/ports => generated 1505 bytes in 778 msecs (HTTP/1.1 201) 4 headers in 163 bytes (1 switches on core 0) /var/lib/openstack/lib/python3.12/site-packages/pycadf/identifier.py:70: UserWarning: Invalid uuid: neutron. To ensure interoperability, identifiers should be a valid uuid. warnings.warn(('Invalid uuid: %s. To ensure interoperability, '
2026-04-17 09:37:16.392 8 INFO neutron.db.ovn_revision_numbers_db [None req-68752429-f224-40de-bae4-0028ec28760b 8f8ad7e11f2b411fb27e5dadf1806c4a ce823ba4d09a4ff7bc3242ab067e4fa5 - - default default] Successfully bumped revision number for resource 381998ed-9c79-40fe-8d2d-6c6358ba053b (type: security_groups) to 1
2026-04-17 09:37:16.403 8 INFO neutron.db.ovn_revision_numbers_db [None req-68752429-f224-40de-bae4-0028ec28760b 8f8ad7e11f2b411fb27e5dadf1806c4a ce823ba4d09a4ff7bc3242ab067e4fa5 - - default default] Successfully bumped revision number for resource 2b117b60-7bb5-47c9-b6a7-b857f39c70c2 (type: security_group_rules) to 0
2026-04-17 09:37:16.420 8 INFO neutron.db.ovn_revision_numbers_db [None req-68752429-f224-40de-bae4-0028ec28760b 8f8ad7e11f2b411fb27e5dadf1806c4a ce823ba4d09a4ff7bc3242ab067e4fa5 - - default default] Successfully bumped revision number for resource 8c05a41b-0c9c-4df8-98c8-74a96b6e24ab (type: security_group_rules) to 0
2026-04-17 09:37:16.432 8 INFO neutron.db.ovn_revision_numbers_db [None req-68752429-f224-40de-bae4-0028ec28760b 8f8ad7e11f2b411fb27e5dadf1806c4a ce823ba4d09a4ff7bc3242ab067e4fa5 - - default default] Successfully bumped revision number for resource 9dc21d36-3b04-4700-a59f-9db777d38497 (type: security_group_rules) to 0
2026-04-17 09:37:16.445 8 INFO neutron.db.ovn_revision_numbers_db [None req-68752429-f224-40de-bae4-0028ec28760b 8f8ad7e11f2b411fb27e5dadf1806c4a ce823ba4d09a4ff7bc3242ab067e4fa5 - - default default] Successfully bumped revision number for resource b7353667-cfb3-46f7-bf64-feb775b3b748 (type: security_group_rules) to 0 [pid: 8|app: 0|req: 574/1111] 10.0.0.252 () {32 vars in 774 bytes} [Fri Apr 17 09:37:16 2026] GET /v2.0/security-groups?tenant_id=36a8b3ef371a4d769dcd807ad81ac7f1&name=default => generated 2925 bytes in 309 msecs (HTTP/1.1 200) 4 headers in 158 bytes (1 switches on core 0) [pid: 8|app: 0|req: 575/1112] 10.0.0.252 () {32 vars in 643 bytes} [Fri Apr 17 09:37:16 2026] GET /v2.0/ports => generated 3017 bytes in 126 msecs (HTTP/1.1 200) 4 headers in 158 bytes (1 switches on core 0) [pid: 7|app: 0|req: 538/1113] 10.0.0.252 () {32 vars in 740 bytes} [Fri Apr 17 09:37:16 2026] DELETE /v2.0/security-groups/8259f834-2bfd-42e6-8d51-06f37f23dd24 => generated 0 bytes in 246 msecs (HTTP/1.1 204) 2 headers in 112 bytes (1 switches on core 0)
2026-04-17 09:37:16.758 7 INFO neutron_taas.services.taas.taas_plugin [None req-76fed924-6188-49ba-9697-e586baa1d57f e645be91b9554d38a983d7e02ac39a87 c845a015f8444d57bb7d4be86ba89792 - - default default] TaaS: Handle Delete Port: 44cda17e-0278-4698-a0ff-7e83314198e5
2026-04-17 09:37:16.762 7 INFO neutron_taas.services.taas.tap_mirror_plugin [None req-76fed924-6188-49ba-9697-e586baa1d57f e645be91b9554d38a983d7e02ac39a87 c845a015f8444d57bb7d4be86ba89792 - - default default] Tap Mirror: Handle Delete Port: 44cda17e-0278-4698-a0ff-7e83314198e5 [pid: 8|app: 0|req: 576/1114] 10.0.0.252 () {32 vars in 740 bytes} [Fri Apr 17 09:37:16 2026] DELETE /v2.0/security-groups/381998ed-9c79-40fe-8d2d-6c6358ba053b => generated 0 bytes in 217 msecs (HTTP/1.1 204) 2 headers in 112 bytes (1 switches on core 0) [pid: 7|app: 0|req: 539/1115] 10.0.0.252 () {32 vars in 720 bytes} [Fri Apr 17 09:37:16 2026] DELETE /v2.0/ports/44cda17e-0278-4698-a0ff-7e83314198e5 => generated 0 bytes in 254 msecs (HTTP/1.1 204) 3 headers in 131 bytes (1 switches on core 0)
2026-04-17 09:37:17.012 8 INFO neutron_taas.services.taas.taas_plugin [None req-98d0c98e-dbac-44c6-a5f9-b8a9966aac4c e645be91b9554d38a983d7e02ac39a87 c845a015f8444d57bb7d4be86ba89792 - - default default] TaaS: Handle Delete Port: 5022d410-af26-4702-af66-6af8879c55eb
2026-04-17 09:37:17.015 8 INFO neutron_taas.services.taas.tap_mirror_plugin [None req-98d0c98e-dbac-44c6-a5f9-b8a9966aac4c e645be91b9554d38a983d7e02ac39a87 c845a015f8444d57bb7d4be86ba89792 - - default default] Tap Mirror: Handle Delete Port: 5022d410-af26-4702-af66-6af8879c55eb [pid: 8|app: 0|req: 577/1116] 10.0.0.252 () {32 vars in 720 bytes} [Fri Apr 17 09:37:16 2026] DELETE /v2.0/ports/5022d410-af26-4702-af66-6af8879c55eb => generated 0 bytes in 272 msecs (HTTP/1.1 204) 3 headers in 131 bytes (1 switches on core 0) [pid: 7|app: 0|req: 540/1117] 10.0.0.252 () {32 vars in 643 bytes} [Fri Apr 17 09:37:17 2026] GET /v2.0/ports => generated 1523 bytes in 60 msecs (HTTP/1.1 200) 4 headers in 158 bytes (1 switches on core 0)
2026-04-17 09:37:17.332 8 INFO neutron.db.segments_db [None req-667cc395-75a5-4423-9062-5853a74430dd e645be91b9554d38a983d7e02ac39a87 c845a015f8444d57bb7d4be86ba89792 - - default default] Added segment accb9230-150c-452c-800d-caf418752945 of type geneve for network 959d8cb1-52d9-4910-a4bd-adc28d026980
2026-04-17 09:37:17.433 8 INFO neutron.db.ovn_revision_numbers_db [None req-667cc395-75a5-4423-9062-5853a74430dd e645be91b9554d38a983d7e02ac39a87 c845a015f8444d57bb7d4be86ba89792 - - default default] Successfully bumped revision number for resource 959d8cb1-52d9-4910-a4bd-adc28d026980 (type: networks) to 1
2026-04-17 09:37:17.587 8 WARNING neutron.scheduler.dhcp_agent_scheduler [None req-667cc395-75a5-4423-9062-5853a74430dd e645be91b9554d38a983d7e02ac39a87 c845a015f8444d57bb7d4be86ba89792 - - default default] No more DHCP agents
2026-04-17 09:37:17.589 8 WARNING neutron.api.rpc.agentnotifiers.dhcp_rpc_agent_api [None req-667cc395-75a5-4423-9062-5853a74430dd e645be91b9554d38a983d7e02ac39a87 c845a015f8444d57bb7d4be86ba89792 - - default default] Unable to schedule network 959d8cb1-52d9-4910-a4bd-adc28d026980: no agents available; will retry on subsequent port and subnet creation events.
2026-04-17 09:37:17.652 7 INFO neutron.plugins.ml2.drivers.ovn.mech_driver.mech_driver [None req-492f0532-ca44-4553-a715-5e44e9a48330 - - - - - -] OVN reports status down for port: d6997a03-20b1-4d2b-90fe-a349df9f2d5e
2026-04-17 09:37:17.665 8 INFO neutron.db.ovn_revision_numbers_db [None req-667cc395-75a5-4423-9062-5853a74430dd e645be91b9554d38a983d7e02ac39a87 c845a015f8444d57bb7d4be86ba89792 - - default default] Successfully bumped revision number for resource d6997a03-20b1-4d2b-90fe-a349df9f2d5e (type: ports) to 1 [pid: 8|app: 0|req: 578/1118] 10.0.0.252 () {34 vars in 670 bytes} [Fri Apr 17 09:37:17 2026] POST /v2.0/networks => generated 673 bytes in 456 msecs (HTTP/1.1 201) 4 headers in 162 bytes (1 switches on core 0)
2026-04-17 09:37:17.825 7 INFO neutron.db.segments_db [None req-5305363d-0480-4652-8cee-6a0b67ccde59 e645be91b9554d38a983d7e02ac39a87 c845a015f8444d57bb7d4be86ba89792 - - default default] Added segment c513bf60-82b9-4318-ade9-4300033eab56 of type geneve for network 68588edd-c309-43f9-b4d8-30727467b9a5
2026-04-17 09:37:17.953 7 INFO neutron.db.ovn_revision_numbers_db [None req-5305363d-0480-4652-8cee-6a0b67ccde59 e645be91b9554d38a983d7e02ac39a87 c845a015f8444d57bb7d4be86ba89792 - - default default] Successfully bumped revision number for resource 68588edd-c309-43f9-b4d8-30727467b9a5 (type: networks) to 1 [pid: 8|app: 0|req: 579/1119] 10.0.0.188 () {34 vars in 990 bytes} [Fri Apr 17 09:37:17 2026] GET /v2.0/ports?device_id=e67be082-fe66-4e0e-ba38-f7ca4fccb618 => generated 971 bytes in 79 msecs (HTTP/1.1 200) 4 headers in 157 bytes (1 switches on core 0) [pid: 8|app: 0|req: 580/1120] 10.0.0.188 () {34 vars in 1040 bytes} [Fri Apr 17 09:37:18 2026] GET /v2.0/security-groups?id=24017593-67df-4979-af75-0e339221286c&fields=id&fields=name => generated 114 bytes in 29 msecs (HTTP/1.1 200) 4 headers in 157 bytes (1 switches on core 0)
2026-04-17 09:37:18.130 7 WARNING neutron.scheduler.dhcp_agent_scheduler [None req-5305363d-0480-4652-8cee-6a0b67ccde59 e645be91b9554d38a983d7e02ac39a87 c845a015f8444d57bb7d4be86ba89792 - - default default] No more DHCP agents
2026-04-17 09:37:18.131 7 WARNING neutron.api.rpc.agentnotifiers.dhcp_rpc_agent_api [None req-5305363d-0480-4652-8cee-6a0b67ccde59 e645be91b9554d38a983d7e02ac39a87 c845a015f8444d57bb7d4be86ba89792 - - default default] Unable to schedule network 68588edd-c309-43f9-b4d8-30727467b9a5: no agents available; will retry on subsequent port and subnet creation events.
2026-04-17 09:37:18.189 8 INFO neutron.plugins.ml2.drivers.ovn.mech_driver.mech_driver [None req-c2674b4d-54e3-4535-b799-7f68b01afaa2 - - - - - -] OVN reports status down for port: 92d7ffdc-6896-4748-baa1-874c303b4fa7
2026-04-17 09:37:18.233 7 INFO neutron.db.ovn_revision_numbers_db [None req-5305363d-0480-4652-8cee-6a0b67ccde59 e645be91b9554d38a983d7e02ac39a87 c845a015f8444d57bb7d4be86ba89792 - - default default] Successfully bumped revision number for resource 92d7ffdc-6896-4748-baa1-874c303b4fa7 (type: ports) to 1 [pid: 7|app: 0|req: 541/1121] 10.0.0.252 () {34 vars in 670 bytes} [Fri Apr 17 09:37:17 2026] POST /v2.0/networks => generated 672 bytes in 571 msecs (HTTP/1.1 201) 4 headers in 162 bytes (1 switches on core 0) [pid: 8|app: 0|req: 581/1122] 10.0.0.188 () {34 vars in 990 bytes} [Fri Apr 17 09:37:18 2026] GET /v2.0/ports?device_id=e67be082-fe66-4e0e-ba38-f7ca4fccb618 => generated 971 bytes in 38 msecs (HTTP/1.1 200) 4 headers in 157 bytes (1 switches on core 0) [pid: 8|app: 0|req: 582/1123] 10.0.0.188 () {34 vars in 1040 bytes} [Fri Apr 17 09:37:18 2026] GET /v2.0/security-groups?id=24017593-67df-4979-af75-0e339221286c&fields=id&fields=name => generated 114 bytes in 28 msecs (HTTP/1.1 200) 4 headers in 157 bytes (1 switches on core 0)
2026-04-17 09:37:18.643 7 INFO neutron.db.ovn_revision_numbers_db [None req-e949c23e-a5da-4b99-b720-72681c846e8c e3e2ea1b749e47f48b8b072a7b4126d4 16d92b5a151c41c18eab194bed05169c - - default default] Successfully bumped revision number for resource da84e468-3b70-4318-a8dc-83447903974f (type: security_groups) to 1
2026-04-17 09:37:18.655 7 INFO neutron.db.ovn_revision_numbers_db [None req-e949c23e-a5da-4b99-b720-72681c846e8c e3e2ea1b749e47f48b8b072a7b4126d4 16d92b5a151c41c18eab194bed05169c - - default default] Successfully bumped revision number for resource 294f5b5f-b77d-4c87-8f90-6c03b3c09b3c (type: security_group_rules) to 0
2026-04-17 09:37:18.667 7 INFO neutron.db.ovn_revision_numbers_db [None req-e949c23e-a5da-4b99-b720-72681c846e8c e3e2ea1b749e47f48b8b072a7b4126d4 16d92b5a151c41c18eab194bed05169c - - default default] Successfully bumped revision number for resource 5de4cea4-dfd5-4d60-94ef-80c8fc1735aa (type: security_group_rules) to 0
2026-04-17 09:37:18.679 7 INFO neutron.db.ovn_revision_numbers_db [None req-e949c23e-a5da-4b99-b720-72681c846e8c e3e2ea1b749e47f48b8b072a7b4126d4 16d92b5a151c41c18eab194bed05169c - - default default] Successfully bumped revision number for resource 971408c1-7e24-430b-9d63-112e029fa142 (type: security_group_rules) to 0
2026-04-17 09:37:18.694 7 INFO neutron.db.ovn_revision_numbers_db [None req-e949c23e-a5da-4b99-b720-72681c846e8c e3e2ea1b749e47f48b8b072a7b4126d4 16d92b5a151c41c18eab194bed05169c - - default default] Successfully bumped revision number for resource cac8ec73-9bbe-4fba-9b12-dcae20845b59 (type: security_group_rules) to 0
2026-04-17 09:37:18.819 7 INFO neutron.db.ovn_revision_numbers_db [None req-e949c23e-a5da-4b99-b720-72681c846e8c e3e2ea1b749e47f48b8b072a7b4126d4 16d92b5a151c41c18eab194bed05169c - - default default] Successfully bumped revision number for resource 14376198-edc2-413b-b555-0697837bec67 (type: security_groups) to 1
2026-04-17 09:37:18.832 7 INFO neutron.db.ovn_revision_numbers_db [None req-e949c23e-a5da-4b99-b720-72681c846e8c e3e2ea1b749e47f48b8b072a7b4126d4 16d92b5a151c41c18eab194bed05169c - - default default] Successfully bumped revision number for resource 5cd7dcdf-3f72-42a4-aca6-9e9a8a871ead (type: security_group_rules) to 0
2026-04-17 09:37:18.847 7 INFO neutron.db.ovn_revision_numbers_db [None req-e949c23e-a5da-4b99-b720-72681c846e8c e3e2ea1b749e47f48b8b072a7b4126d4 16d92b5a151c41c18eab194bed05169c - - default default] Successfully bumped revision number for resource 7176ec7e-d24c-4f1b-a7d9-9e5abe00c74d (type: security_group_rules) to 0 [pid: 7|app: 0|req: 542/1124] 10.0.0.252 () {34 vars in 684 bytes} [Fri Apr 17 09:37:18 2026] POST /v2.0/security-groups => generated 1624 bytes in 566 msecs (HTTP/1.1 201) 4 headers in 163 bytes (1 switches on core 0) [pid: 7|app: 0|req: 543/1125] 10.0.0.252 () {32 vars in 663 bytes} [Fri Apr 17 09:37:18 2026] GET /v2.0/security-groups => generated 4529 bytes in 50 msecs (HTTP/1.1 200) 4 headers in 158 bytes (1 switches on core 0)
2026-04-17 09:37:19.037 7 INFO neutron.db.ovn_revision_numbers_db [None req-125f4b57-d9a1-42d8-b299-5e3233425d26 e3e2ea1b749e47f48b8b072a7b4126d4 16d92b5a151c41c18eab194bed05169c - - default default] Successfully bumped revision number for resource 14376198-edc2-413b-b555-0697837bec67 (type: security_groups) to 2 [pid: 7|app: 0|req: 544/1126] 10.0.0.252 () {34 vars in 758 bytes} [Fri Apr 17 09:37:18 2026] PUT /v2.0/security-groups/14376198-edc2-413b-b555-0697837bec67 => generated 1664 bytes in 120 msecs (HTTP/1.1 200) 4 headers in 158 bytes (1 switches on core 0)
2026-04-17 09:37:19.068 8 WARNING neutron.scheduler.dhcp_agent_scheduler [None req-e0b24cfb-0e51-42d8-a2f9-3181c7aefb91 e645be91b9554d38a983d7e02ac39a87 c845a015f8444d57bb7d4be86ba89792 - - default default] No more DHCP agents
2026-04-17 09:37:19.069 8 WARNING neutron.api.rpc.agentnotifiers.dhcp_rpc_agent_api [None req-e0b24cfb-0e51-42d8-a2f9-3181c7aefb91 e645be91b9554d38a983d7e02ac39a87 c845a015f8444d57bb7d4be86ba89792 - - default default] Unable to schedule network 959d8cb1-52d9-4910-a4bd-adc28d026980: no agents available; will retry on subsequent port and subnet creation events. [pid: 7|app: 0|req: 545/1127] 10.0.0.252 () {32 vars in 737 bytes} [Fri Apr 17 09:37:19 2026] GET /v2.0/security-groups/14376198-edc2-413b-b555-0697837bec67 => generated 1664 bytes in 25 msecs (HTTP/1.1 200) 4 headers in 158 bytes (1 switches on core 0)
2026-04-17 09:37:19.107 8 INFO neutron.db.ovn_revision_numbers_db [None req-e0b24cfb-0e51-42d8-a2f9-3181c7aefb91 e645be91b9554d38a983d7e02ac39a87 c845a015f8444d57bb7d4be86ba89792 - - default default] Successfully bumped revision number for resource defe4c87-6d01-4f06-b35f-2267d5085ccc (type: subnets) to 0
2026-04-17 09:37:19.155 8 WARNING neutron.scheduler.dhcp_agent_scheduler [None req-e0b24cfb-0e51-42d8-a2f9-3181c7aefb91 e645be91b9554d38a983d7e02ac39a87 c845a015f8444d57bb7d4be86ba89792 - - default default] No more DHCP agents
2026-04-17 09:37:19.158 8 WARNING neutron.api.rpc.agentnotifiers.dhcp_rpc_agent_api [None req-e0b24cfb-0e51-42d8-a2f9-3181c7aefb91 e645be91b9554d38a983d7e02ac39a87 c845a015f8444d57bb7d4be86ba89792 - - default default] Unable to schedule network 68588edd-c309-43f9-b4d8-30727467b9a5: no agents available; will retry on subsequent port and subnet creation events.
2026-04-17 09:37:19.200 8 INFO neutron.db.ovn_revision_numbers_db [None req-e0b24cfb-0e51-42d8-a2f9-3181c7aefb91 e645be91b9554d38a983d7e02ac39a87 c845a015f8444d57bb7d4be86ba89792 - - default default] Successfully bumped revision number for resource adeb1a7c-37d9-4bfb-9be0-b63b79f3e542 (type: subnets) to 0 [pid: 8|app: 0|req: 583/1128] 10.0.0.252 () {34 vars in 669 bytes} [Fri Apr 17 09:37:18 2026] POST /v2.0/subnets => generated 1324 bytes in 491 msecs (HTTP/1.1 201) 4 headers in 163 bytes (1 switches on core 0) [pid: 7|app: 0|req: 546/1129] 10.0.0.252 () {32 vars in 740 bytes} [Fri Apr 17 09:37:19 2026] DELETE /v2.0/security-groups/14376198-edc2-413b-b555-0697837bec67 => generated 0 bytes in 138 msecs (HTTP/1.1 204) 2 headers in 112 bytes (1 switches on core 0) [pid: 8|app: 0|req: 584/1130] 10.0.0.252 () {32 vars in 647 bytes} [Fri Apr 17 09:37:19 2026] GET /v2.0/subnets => generated 1960 bytes in 50 msecs (HTTP/1.1 200) 4 headers in 158 bytes (1 switches on core 0) [pid: 8|app: 0|req: 585/1131] 10.0.0.252 () {32 vars in 663 bytes} [Fri Apr 17 09:37:19 2026] GET /v2.0/security-groups => generated 2925 bytes in 45 msecs (HTTP/1.1 200) 4 headers in 158 bytes (1 switches on core 0)
2026-04-17 09:37:19.389 7 INFO neutron.plugins.ml2.drivers.ovn.mech_driver.mech_driver [None req-492f0532-ca44-4553-a715-5e44e9a48330 - - - - - -] OVN reports status down for port: a65070fe-3cb8-417f-8b06-6c24f25d75c7 [pid: 8|app: 0|req: 586/1132] 10.0.0.252 () {32 vars in 724 bytes} [Fri Apr 17 09:37:19 2026] DELETE /v2.0/subnets/defe4c87-6d01-4f06-b35f-2267d5085ccc => generated 0 bytes in 207 msecs (HTTP/1.1 204) 3 headers in 131 bytes (1 switches on core 0)
2026-04-17 09:37:19.539 8 INFO neutron.api.v2.resource [None req-4abe9544-9cf9-488c-85a2-89d8980ce864 e3e2ea1b749e47f48b8b072a7b4126d4 16d92b5a151c41c18eab194bed05169c - - default default] delete failed (client error): The resource could not be found. [pid: 8|app: 0|req: 587/1133] 10.0.0.252 () {32 vars in 740 bytes} [Fri Apr 17 09:37:19 2026] DELETE /v2.0/security-groups/14376198-edc2-413b-b555-0697837bec67 => generated 146 bytes in 9 msecs (HTTP/1.1 404) 4 headers in 164 bytes (1 switches on core 0) [pid: 8|app: 0|req: 588/1134] 10.0.0.188 () {34 vars in 990 bytes} [Fri Apr 17 09:37:19 2026] GET /v2.0/ports?device_id=e67be082-fe66-4e0e-ba38-f7ca4fccb618 => generated 971 bytes in 42 msecs (HTTP/1.1 200) 4 headers in 157 bytes (1 switches on core 0)
2026-04-17 09:37:19.596 7 INFO neutron.db.ovn_revision_numbers_db [None req-56017f8e-763e-41b7-89dc-b2b02bea6c4a 8f8ad7e11f2b411fb27e5dadf1806c4a ce823ba4d09a4ff7bc3242ab067e4fa5 - - default default] Successfully bumped revision number for resource c5f46f57-2eec-4ecb-899a-d7a88e7dfb10 (type: security_groups) to 1
2026-04-17 09:37:19.607 7 INFO neutron.notifiers.nova [-] Nova event matching ['req-9f5937df-d4e7-4e5f-b520-9058cc51491e'] response: {'server_uuid': 'e67be082-fe66-4e0e-ba38-f7ca4fccb618', 'name': 'network-vif-unplugged', 'status': 'completed', 'tag': 'a65070fe-3cb8-417f-8b06-6c24f25d75c7', 'code': 200}
2026-04-17 09:37:19.618 7 INFO neutron.db.ovn_revision_numbers_db [None req-56017f8e-763e-41b7-89dc-b2b02bea6c4a 8f8ad7e11f2b411fb27e5dadf1806c4a ce823ba4d09a4ff7bc3242ab067e4fa5 - - default default] Successfully bumped revision number for resource 0b8dfa6c-a673-4a08-aa64-30c9ecc0363a (type: security_group_rules) to 0
2026-04-17 09:37:19.636 7 INFO neutron.db.ovn_revision_numbers_db [None req-56017f8e-763e-41b7-89dc-b2b02bea6c4a 8f8ad7e11f2b411fb27e5dadf1806c4a ce823ba4d09a4ff7bc3242ab067e4fa5 - - default default] Successfully bumped revision number for resource 439cd4fc-b8f6-48e6-9e9f-7455aee8215a (type: security_group_rules) to 0
2026-04-17 09:37:19.652 7 INFO neutron.db.ovn_revision_numbers_db [None req-56017f8e-763e-41b7-89dc-b2b02bea6c4a 8f8ad7e11f2b411fb27e5dadf1806c4a ce823ba4d09a4ff7bc3242ab067e4fa5 - - default default] Successfully bumped revision number for resource 537751e2-ee65-490c-869f-ca4a397b4c73 (type: security_group_rules) to 0
2026-04-17 09:37:19.675 7 INFO neutron.db.ovn_revision_numbers_db [None req-56017f8e-763e-41b7-89dc-b2b02bea6c4a 8f8ad7e11f2b411fb27e5dadf1806c4a ce823ba4d09a4ff7bc3242ab067e4fa5 - - default default] Successfully bumped revision number for resource acb8e69a-eac7-4eea-8cf8-259fde1b9e4b (type: security_group_rules) to 0 [pid: 8|app: 0|req: 589/1135] 10.0.0.252 () {32 vars in 724 bytes} [Fri Apr 17 09:37:19 2026] DELETE /v2.0/subnets/adeb1a7c-37d9-4bfb-9be0-b63b79f3e542 => generated 0 bytes in 158 msecs (HTTP/1.1 204) 3 headers in 131 bytes (1 switches on core 0) [pid: 7|app: 0|req: 547/1136] 10.0.0.252 () {32 vars in 774 bytes} [Fri Apr 17 09:37:19 2026] GET /v2.0/security-groups?tenant_id=1c2bc01e5aeb4c5fa1e75227a527b158&name=default => generated 2925 bytes in 519 msecs (HTTP/1.1 200) 4 headers in 158 bytes (1 switches on core 0)
2026-04-17 09:37:19.768 7 INFO neutron.db.ovn_revision_numbers_db [None req-492f0532-ca44-4553-a715-5e44e9a48330 - - - - - -] Successfully bumped revision number for resource a65070fe-3cb8-417f-8b06-6c24f25d75c7 (type: ports) to 8 [pid: 7|app: 0|req: 548/1137] 10.0.0.188 () {34 vars in 1040 bytes} [Fri Apr 17 09:37:19 2026] GET /v2.0/security-groups?id=24017593-67df-4979-af75-0e339221286c&fields=id&fields=name => generated 114 bytes in 37 msecs (HTTP/1.1 200) 4 headers in 157 bytes (1 switches on core 0) [pid: 7|app: 0|req: 549/1138] 10.0.0.252 () {32 vars in 647 bytes} [Fri Apr 17 09:37:19 2026] GET /v2.0/subnets => generated 649 bytes in 40 msecs (HTTP/1.1 200) 4 headers in 157 bytes (1 switches on core 0) /var/lib/openstack/lib/python3.12/site-packages/pycadf/identifier.py:70: UserWarning: Invalid uuid: neutron. To ensure interoperability, identifiers should be a valid uuid. warnings.warn(('Invalid uuid: %s. To ensure interoperability, '
2026-04-17 09:37:19.867 8 INFO neutron.db.ovn_revision_numbers_db [None req-3f36b5b9-6219-4977-895a-2d285aa6dd23 e3e2ea1b749e47f48b8b072a7b4126d4 16d92b5a151c41c18eab194bed05169c - - default default] Successfully bumped revision number for resource 7556f312-0e71-45a2-af93-9e27c8a41b8f (type: security_groups) to 1
2026-04-17 09:37:19.879 8 INFO neutron.db.ovn_revision_numbers_db [None req-3f36b5b9-6219-4977-895a-2d285aa6dd23 e3e2ea1b749e47f48b8b072a7b4126d4 16d92b5a151c41c18eab194bed05169c - - default default] Successfully bumped revision number for resource 198d769d-2fba-4941-b8e4-53a9b1121e08 (type: security_group_rules) to 0
2026-04-17 09:37:19.896 8 INFO neutron.db.ovn_revision_numbers_db [None req-3f36b5b9-6219-4977-895a-2d285aa6dd23 e3e2ea1b749e47f48b8b072a7b4126d4 16d92b5a151c41c18eab194bed05169c - - default default] Successfully bumped revision number for resource c6adcd12-06db-43e1-8cdd-8e82fe5311bf (type: security_group_rules) to 0 [pid: 8|app: 0|req: 590/1139] 10.0.0.252 () {34 vars in 684 bytes} [Fri Apr 17 09:37:19 2026] POST /v2.0/security-groups => generated 1625 bytes in 197 msecs (HTTP/1.1 201) 4 headers in 163 bytes (1 switches on core 0)
2026-04-17 09:37:20.075 8 INFO neutron_taas.services.taas.taas_plugin [None req-b5e0b2bb-b86f-40ed-b10e-90ea28792924 e645be91b9554d38a983d7e02ac39a87 c845a015f8444d57bb7d4be86ba89792 - - default default] TaaS: Handle Delete Port: 92d7ffdc-6896-4748-baa1-874c303b4fa7
2026-04-17 09:37:20.078 8 INFO neutron_taas.services.taas.tap_mirror_plugin [None req-b5e0b2bb-b86f-40ed-b10e-90ea28792924 e645be91b9554d38a983d7e02ac39a87 c845a015f8444d57bb7d4be86ba89792 - - default default] Tap Mirror: Handle Delete Port: 92d7ffdc-6896-4748-baa1-874c303b4fa7 [pid: 7|app: 0|req: 550/1140] 10.0.0.252 () {32 vars in 740 bytes} [Fri Apr 17 09:37:19 2026] DELETE /v2.0/security-groups/c5f46f57-2eec-4ecb-899a-d7a88e7dfb10 => generated 0 bytes in 265 msecs (HTTP/1.1 204) 2 headers in 112 bytes (1 switches on core 0)
2026-04-17 09:37:20.214 7 INFO neutron.db.ovn_revision_numbers_db [None req-0a49d13f-9503-4a61-8ac9-74ef5e8614c1 e3e2ea1b749e47f48b8b072a7b4126d4 16d92b5a151c41c18eab194bed05169c - - default default] Successfully bumped revision number for resource 46a75eaa-fbe7-481e-8e45-23f2b3d084c3 (type: security_group_rules) to 0 [pid: 7|app: 0|req: 551/1141] 10.0.0.252 () {34 vars in 695 bytes} [Fri Apr 17 09:37:20 2026] POST /v2.0/security-group-rules => generated 601 bytes in 148 msecs (HTTP/1.1 201) 4 headers in 162 bytes (1 switches on core 0)
2026-04-17 09:37:20.249 8 INFO neutron.services.segments.plugin [-] Segment c513bf60-82b9-4318-ade9-4300033eab56 resource provider aggregate not found
2026-04-17 09:37:20.257 8 INFO neutron.services.segments.plugin [-] Segment c513bf60-82b9-4318-ade9-4300033eab56 resource provider aggregate not found [pid: 7|app: 0|req: 552/1142] 10.0.0.252 () {32 vars in 747 bytes} [Fri Apr 17 09:37:20 2026] GET /v2.0/security-group-rules/46a75eaa-fbe7-481e-8e45-23f2b3d084c3 => generated 601 bytes in 15 msecs (HTTP/1.1 200) 4 headers in 157 bytes (1 switches on core 0)
2026-04-17 09:37:20.276 8 INFO neutron.services.segments.plugin [-] Segment c513bf60-82b9-4318-ade9-4300033eab56 resource provider not found; error: Placement Client Error (4xx): {"errors": [{"status": 404, "title": "Not Found", "detail": "The resource could not be found.\n\n No resource provider with uuid c513bf60-82b9-4318-ade9-4300033eab56 found for delete ", "request_id": "req-23123e55-493a-4fce-82cc-07e1e49fd91e"}]}
2026-04-17 09:37:20.278 8 INFO neutron.services.segments.plugin [-] Segment c513bf60-82b9-4318-ade9-4300033eab56 resource provider not found; error: Placement Client Error (4xx): {"errors": [{"status": 404, "title": "Not Found", "detail": "The resource could not be found.\n\n No resource provider with uuid c513bf60-82b9-4318-ade9-4300033eab56 found for delete ", "request_id": "req-2d15285e-8744-4cc5-8447-e2b65f70046c"}]} [pid: 8|app: 0|req: 591/1143] 10.0.0.252 () {32 vars in 726 bytes} [Fri Apr 17 09:37:19 2026] DELETE /v2.0/networks/68588edd-c309-43f9-b4d8-30727467b9a5 => generated 0 bytes in 362 msecs (HTTP/1.1 204) 3 headers in 131 bytes (1 switches on core 0) [pid: 7|app: 0|req: 553/1144] 10.0.0.252 () {32 vars in 673 bytes} [Fri Apr 17 09:37:20 2026] GET /v2.0/security-group-rules => generated 4138 bytes in 95 msecs (HTTP/1.1 200) 4 headers in 158 bytes (1 switches on core 0)
2026-04-17 09:37:20.438 8 INFO neutron_taas.services.taas.taas_plugin [None req-d2f2a099-1a4f-4d29-aee3-46a331124058 e645be91b9554d38a983d7e02ac39a87 c845a015f8444d57bb7d4be86ba89792 - - default default] TaaS: Handle Delete Port: d6997a03-20b1-4d2b-90fe-a349df9f2d5e
2026-04-17 09:37:20.440 8 INFO neutron_taas.services.taas.tap_mirror_plugin [None req-d2f2a099-1a4f-4d29-aee3-46a331124058 e645be91b9554d38a983d7e02ac39a87 c845a015f8444d57bb7d4be86ba89792 - - default default] Tap Mirror: Handle Delete Port: d6997a03-20b1-4d2b-90fe-a349df9f2d5e [pid: 7|app: 0|req: 554/1145] 10.0.0.252 () {32 vars in 750 bytes} [Fri Apr 17 09:37:20 2026] DELETE /v2.0/security-group-rules/46a75eaa-fbe7-481e-8e45-23f2b3d084c3 => generated 0 bytes in 99 msecs (HTTP/1.1 204) 2 headers in 112 bytes (1 switches on core 0) [pid: 7|app: 0|req: 555/1146] 10.0.0.252 () {32 vars in 673 bytes} [Fri Apr 17 09:37:20 2026] GET /v2.0/security-group-rules => generated 3560 bytes in 62 msecs (HTTP/1.1 200) 4 headers in 158 bytes (1 switches on core 0) [pid: 8|app: 0|req: 592/1147] 10.0.0.252 () {32 vars in 726 bytes} [Fri Apr 17 09:37:20 2026] DELETE /v2.0/networks/959d8cb1-52d9-4910-a4bd-adc28d026980 => generated 0 bytes in 342 msecs (HTTP/1.1 204) 3 headers in 131 bytes (1 switches on core 0)
2026-04-17 09:37:20.686 7 INFO neutron.db.ovn_revision_numbers_db [None req-b98813bf-f998-4547-9166-4f041ac13310 e3e2ea1b749e47f48b8b072a7b4126d4 16d92b5a151c41c18eab194bed05169c - - default default] Successfully bumped revision number for resource 983fbf8a-dd1e-493c-9666-034ae7002daf (type: security_group_rules) to 0 [pid: 8|app: 0|req: 593/1148] 199.204.45.155 () {34 vars in 994 bytes} [Fri Apr 17 09:37:20 2026] GET /v2.0/ports?device_id=e67be082-fe66-4e0e-ba38-f7ca4fccb618 => generated 969 bytes in 40 msecs (HTTP/1.1 200) 4 headers in 157 bytes (1 switches on core 0) [pid: 7|app: 0|req: 556/1149] 10.0.0.252 () {34 vars in 695 bytes} [Fri Apr 17 09:37:20 2026] POST /v2.0/security-group-rules => generated 601 bytes in 177 msecs (HTTP/1.1 201) 4 headers in 162 bytes (1 switches on core 0)
2026-04-17 09:37:20.799 8 INFO neutron_taas.services.taas.taas_plugin [None req-60fdab87-86a9-4c9a-8bfa-74da45182629 e645be91b9554d38a983d7e02ac39a87 c845a015f8444d57bb7d4be86ba89792 - - default default] TaaS: Handle Delete Port: 4b2ed6fb-5ba5-4557-b051-2f6914a39264
2026-04-17 09:37:20.802 8 INFO neutron_taas.services.taas.tap_mirror_plugin [None req-60fdab87-86a9-4c9a-8bfa-74da45182629 e645be91b9554d38a983d7e02ac39a87 c845a015f8444d57bb7d4be86ba89792 - - default default] Tap Mirror: Handle Delete Port: 4b2ed6fb-5ba5-4557-b051-2f6914a39264
2026-04-17 09:37:20.890 7 INFO neutron_taas.services.taas.taas_plugin [req-d5b8ca29-48b5-425d-a0d2-201a3acd6796 req-04da9983-5e13-471b-a53b-eae24a6b8461 5549cbc024aa424381decffb9a4f4cf4 73e830a9c3f6489eb24c4b2c3ba0ae1b - - default default] TaaS: Handle Delete Port: a65070fe-3cb8-417f-8b06-6c24f25d75c7
2026-04-17 09:37:20.894 7 INFO neutron_taas.services.taas.tap_mirror_plugin [req-d5b8ca29-48b5-425d-a0d2-201a3acd6796 req-04da9983-5e13-471b-a53b-eae24a6b8461 5549cbc024aa424381decffb9a4f4cf4 73e830a9c3f6489eb24c4b2c3ba0ae1b - - default default] Tap Mirror: Handle Delete Port: a65070fe-3cb8-417f-8b06-6c24f25d75c7 [pid: 8|app: 0|req: 594/1150] 10.0.0.252 () {32 vars in 726 bytes} [Fri Apr 17 09:37:20 2026] DELETE /v2.0/networks/3d1401ca-0397-476b-8771-8b24160eecfb => generated 0 bytes in 359 msecs (HTTP/1.1 204) 3 headers in 131 bytes (1 switches on core 0) [pid: 8|app: 0|req: 595/1151] 10.0.0.252 () {32 vars in 747 bytes} [Fri Apr 17 09:37:21 2026] GET /v2.0/security-group-rules/983fbf8a-dd1e-493c-9666-034ae7002daf => generated 601 bytes in 33 msecs (HTTP/1.1 200) 4 headers in 157 bytes (1 switches on core 0) /var/lib/openstack/lib/python3.12/site-packages/pycadf/identifier.py:70: UserWarning: Invalid uuid: neutron. To ensure interoperability, identifiers should be a valid uuid. warnings.warn(('Invalid uuid: %s. To ensure interoperability, '
2026-04-17 09:37:21.118 7 INFO neutron.db.l3_db [req-d5b8ca29-48b5-425d-a0d2-201a3acd6796 req-04da9983-5e13-471b-a53b-eae24a6b8461 5549cbc024aa424381decffb9a4f4cf4 73e830a9c3f6489eb24c4b2c3ba0ae1b - - default default] Floating IP 21641150-4100-44d2-8e8b-4b1873684357 disassociated. External IP: 10.96.250.215, port: a65070fe-3cb8-417f-8b06-6c24f25d75c7. [pid: 8|app: 0|req: 596/1152] 10.0.0.188 () {34 vars in 990 bytes} [Fri Apr 17 09:37:21 2026] GET /v2.0/ports?device_id=e67be082-fe66-4e0e-ba38-f7ca4fccb618 => generated 969 bytes in 66 msecs (HTTP/1.1 200) 4 headers in 157 bytes (1 switches on core 0) [pid: 7|app: 0|req: 557/1153] 199.204.45.155 () {36 vars in 997 bytes} [Fri Apr 17 09:37:20 2026] DELETE /v2.0/ports/a65070fe-3cb8-417f-8b06-6c24f25d75c7 => generated 0 bytes in 536 msecs (HTTP/1.1 204) 3 headers in 131 bytes (1 switches on core 0) [pid: 7|app: 0|req: 558/1154] 10.0.0.252 () {32 vars in 673 bytes} [Fri Apr 17 09:37:21 2026] GET /v2.0/security-group-rules => generated 4138 bytes in 57 msecs (HTTP/1.1 200) 4 headers in 158 bytes (1 switches on core 0)
2026-04-17 09:37:21.319 8 INFO neutron_taas.services.taas.taas_plugin [None req-e8b797b3-c205-4433-9b55-f64060222d90 e645be91b9554d38a983d7e02ac39a87 c845a015f8444d57bb7d4be86ba89792 - - default default] TaaS: Handle Delete Port: 67ffdb58-1570-4f83-806a-aa11bee109f1
2026-04-17 09:37:21.322 8 INFO neutron_taas.services.taas.tap_mirror_plugin [None req-e8b797b3-c205-4433-9b55-f64060222d90 e645be91b9554d38a983d7e02ac39a87 c845a015f8444d57bb7d4be86ba89792 - - default default] Tap Mirror: Handle Delete Port: 67ffdb58-1570-4f83-806a-aa11bee109f1 [pid: 7|app: 0|req: 559/1155] 10.0.0.188 () {34 vars in 1040 bytes} [Fri Apr 17 09:37:21 2026] GET /v2.0/security-groups?id=24017593-67df-4979-af75-0e339221286c&fields=id&fields=name => generated 114 bytes in 28 msecs (HTTP/1.1 200) 4 headers in 157 bytes (1 switches on core 0) [pid: 7|app: 0|req: 560/1156] 10.0.0.252 () {32 vars in 750 bytes} [Fri Apr 17 09:37:21 2026] DELETE /v2.0/security-group-rules/983fbf8a-dd1e-493c-9666-034ae7002daf => generated 0 bytes in 124 msecs (HTTP/1.1 204) 2 headers in 112 bytes (1 switches on core 0) [pid: 7|app: 0|req: 561/1157] 10.0.0.252 () {32 vars in 673 bytes} [Fri Apr 17 09:37:21 2026] GET /v2.0/security-group-rules => generated 3560 bytes in 46 msecs (HTTP/1.1 200) 4 headers in 158 bytes (1 switches on core 0)
