Aug 08 04:06:08.278609 np0000188235 devstack@neutron-api.service[101543]: DEBUG ovsdbapp.backend.ovs_idl [None req-e65ca552-24cc-4bca-942e-2fd6b84b524d None None] Created schema index Datapath_Binding.tunnel_key {{(pid=101543) autocreate_indices /opt/stack/data/venv/lib/python3.12/site-packages/ovsdbapp/backend/ovs_idl/__init__.py:106}}
Aug 08 04:06:08.280203 np0000188235 devstack@neutron-api.service[101543]: INFO ovsdbapp.backend.ovs_idl.vlog [None req-e65ca552-24cc-4bca-942e-2fd6b84b524d None None] ssl:199.204.45.140:6642: connecting...
Aug 08 04:06:08.286081 np0000188235 devstack@neutron-api.service[101543]: INFO ovsdbapp.backend.ovs_idl.vlog [None req-e65ca552-24cc-4bca-942e-2fd6b84b524d None None] ssl:199.204.45.140:6642: connected
Aug 08 04:06:08.312750 np0000188235 devstack@neutron-api.service[101541]: DEBUG oslo_concurrency.processutils [None req-b8fef11e-6a00-4504-b0c3-357276800f7e None None] CMD "ovsdb-client transact ssl:199.204.45.140:6641 --timeout 180 -p /opt/stack/data/CA/int-ca/private/devstack-cert.key -c /opt/stack/data/CA/int-ca/devstack-cert.crt -C /opt/stack/data/CA/int-ca/ca-chain.pem ["OVN_Northbound", {"op": "wait", "timeout": 0, "table": "Port_Group", "where": [["name", "==", "pvlan_pg_drop"]], "until": "==", "rows": []}, {"op": "insert", "table": "ACL", "row": {"action": "drop", "direction": "to-lport", "match": "outport == @pvlan_pg_drop && ip", "priority": 1010}, "uuid-name": "pvlandroptoport"}, {"op": "insert", "table": "ACL", "row": {"action": "drop", "direction": "from-lport", "match": "inport == @pvlan_pg_drop && ip", "priority": 1010}, "uuid-name": "pvlandropfromport"}, {"op": "insert", "table": "Port_Group", "row": {"name": "pvlan_pg_drop", "acls": ["set", [["named-uuid", "pvlandroptoport"], ["named-uuid", "pvlandropfromport"]]]}}]" returned: 0 in 0.042s {{(pid=101541) execute /opt/stack/data/venv/lib/python3.12/site-packages/oslo_concurrency/processutils.py:468}}
Aug 08 04:06:08.316936 np0000188235 devstack@neutron-api.service[101541]: WSGI app 0 (mountpoint='') ready in 7 seconds on interpreter 0x7c58872a4668 pid: 101541 (default app)
Aug 08 04:06:08.320977 np0000188235 devstack@neutron-api.service[101543]: DEBUG neutron.common.ovn.hash_ring_manager [None req-e65ca552-24cc-4bca-942e-2fd6b84b524d None None] Allow caching, nodes 4>=4 {{(pid=101543) _wait_startup_before_caching /opt/stack/neutron/neutron/common/ovn/hash_ring_manager.py:71}}
Aug 08 04:06:08.324917 np0000188235 devstack@neutron-api.service[101543]: DEBUG neutron.common.ovn.hash_ring_manager [None req-e65ca552-24cc-4bca-942e-2fd6b84b524d None None] Hash Ring loaded. 4 active nodes. 0 offline nodes {{(pid=101543) _load_hash_ring /opt/stack/neutron/neutron/common/ovn/hash_ring_manager.py:110}}
Aug 08 04:06:08.325442 np0000188235 devstack@neutron-api.service[101543]: DEBUG ovsdbapp.backend.ovs_idl.event [None req-e65ca552-24cc-4bca-942e-2fd6b84b524d None None] Matched CREATE: ChassisOVNAgentWriteEvent(events=('create', 'update'), table='Chassis_Private', conditions=None, old_conditions=None), priority=20 to row=Chassis_Private(uuid=7d3f9a63-1f7b-48ea-b2ad-0ef5a99ef489, chassis=6b2fc74c-c7dd-4066-a7d3-76f41b5989eb, external_ids={'neutron:ovn-bridge': 'br-int', 'neutron:ovn-neutron-agent-id': '1b4e6e19-cacb-5ccd-b1fc-024b03000b25', 'neutron:ovn-neutron-agent-sb-cfg': '0'}, name='66828ea7-0606-4080-8699-d27681098c8d', nb_cfg=0, nb_cfg_timestamp=0) old= {{(pid=101543) matches /opt/stack/data/venv/lib/python3.12/site-packages/ovsdbapp/backend/ovs_idl/event.py:55}}
Aug 08 04:06:08.325761 np0000188235 devstack@neutron-api.service[101543]: DEBUG ovsdbapp.backend.ovs_idl.event [None req-e65ca552-24cc-4bca-942e-2fd6b84b524d None None] Matched CREATE: ChassisAgentWriteEvent(events=('create', 'update'), table='Chassis_Private', conditions=None, old_conditions=None), priority=20 to row=Chassis_Private(uuid=7d3f9a63-1f7b-48ea-b2ad-0ef5a99ef489, chassis=6b2fc74c-c7dd-4066-a7d3-76f41b5989eb, external_ids={'neutron:ovn-bridge': 'br-int', 'neutron:ovn-neutron-agent-id': '1b4e6e19-cacb-5ccd-b1fc-024b03000b25', 'neutron:ovn-neutron-agent-sb-cfg': '0'}, name='66828ea7-0606-4080-8699-d27681098c8d', nb_cfg=0, nb_cfg_timestamp=0) old= {{(pid=101543) matches /opt/stack/data/venv/lib/python3.12/site-packages/ovsdbapp/backend/ovs_idl/event.py:55}}
Aug 08 04:06:08.328338 np0000188235 devstack@neutron-api.service[101543]: INFO neutron.plugins.ml2.drivers.ovn.mech_driver.mech_driver [None req-e65ca552-24cc-4bca-942e-2fd6b84b524d None None] WorkerService process has finished the post initialization
Aug 08 04:06:08.329034 np0000188235 devstack@neutron-api.service[101543]: DEBUG oslo_concurrency.processutils [None req-e65ca552-24cc-4bca-942e-2fd6b84b524d None None] Running cmd (subprocess): ovsdb-client transact ssl:199.204.45.140:6641 --timeout 180 -p /opt/stack/data/CA/int-ca/private/devstack-cert.key -c /opt/stack/data/CA/int-ca/devstack-cert.crt -C /opt/stack/data/CA/int-ca/ca-chain.pem ["OVN_Northbound", {"op": "wait", "timeout": 0, "table": "Port_Group", "where": [["name", "==", "pvlan_pg_drop"]], "until": "==", "rows": []}, {"op": "insert", "table": "ACL", "row": {"action": "drop", "direction": "to-lport", "match": "outport == @pvlan_pg_drop && ip", "priority": 1010}, "uuid-name": "pvlandroptoport"}, {"op": "insert", "table": "ACL", "row": {"action": "drop", "direction": "from-lport", "match": "inport == @pvlan_pg_drop && ip", "priority": 1010}, "uuid-name": "pvlandropfromport"}, {"op": "insert", "table": "Port_Group", "row": {"name": "pvlan_pg_drop", "acls": ["set", [["named-uuid", "pvlandroptoport"], ["named-uuid", "pvlandropfromport"]]]}}] {{(pid=101543) execute /opt/stack/data/venv/lib/python3.12/site-packages/oslo_concurrency/processutils.py:440}}
Aug 08 04:06:08.366221 np0000188235 devstack@neutron-api.service[101543]: DEBUG oslo_concurrency.processutils [None req-e65ca552-24cc-4bca-942e-2fd6b84b524d None None] CMD "ovsdb-client transact ssl:199.204.45.140:6641 --timeout 180 -p /opt/stack/data/CA/int-ca/private/devstack-cert.key -c /opt/stack/data/CA/int-ca/devstack-cert.crt -C /opt/stack/data/CA/int-ca/ca-chain.pem ["OVN_Northbound", {"op": "wait", "timeout": 0, "table": "Port_Group", "where": [["name", "==", "pvlan_pg_drop"]], "until": "==", "rows": []}, {"op": "insert", "table": "ACL", "row": {"action": "drop", "direction": "to-lport", "match": "outport == @pvlan_pg_drop && ip", "priority": 1010}, "uuid-name": "pvlandroptoport"}, {"op": "insert", "table": "ACL", "row": {"action": "drop", "direction": "from-lport", "match": "inport == @pvlan_pg_drop && ip", "priority": 1010}, "uuid-name": "pvlandropfromport"}, {"op": "insert", "table": "Port_Group", "row": {"name": "pvlan_pg_drop", "acls": ["set", [["named-uuid", "pvlandroptoport"], ["named-uuid", "pvlandropfromport"]]]}}]" returned: 0 in 0.037s {{(pid=101543) execute /opt/stack/data/venv/lib/python3.12/site-packages/oslo_concurrency/processutils.py:468}}
Aug 08 04:06:08.368538 np0000188235 devstack@neutron-api.service[101543]: WSGI app 0 (mountpoint='') ready in 7 seconds on interpreter 0x7c58872a4668 pid: 101543 (default app)
Aug 08 04:06:09.890198 np0000188235 devstack@neutron-api.service[101541]: DEBUG neutron.plugins.ml2.drivers.ovn.mech_driver.ovsdb.ovsdb_monitor [-] Hash Ring: Node 287db8a302a55047a192f4f00bbc6d1e (host: np0000188235) handling event "update" for row aedb429a-1122-4aaf-9102-327ad281d07b (table: Connection) {{(pid=101541) notify /opt/stack/neutron/neutron/plugins/ml2/drivers/ovn/mech_driver/ovsdb/ovsdb_monitor.py:1099}}
Aug 08 04:06:09.892126 np0000188235 devstack@neutron-api.service[101540]: DEBUG neutron.common.ovn.hash_ring_manager [-] Allow caching, nodes 4>=4 {{(pid=101540) _wait_startup_before_caching /opt/stack/neutron/neutron/common/ovn/hash_ring_manager.py:71}}
Aug 08 04:06:09.892435 np0000188235 devstack@neutron-api.service[101540]: DEBUG neutron.plugins.ml2.drivers.ovn.mech_driver.ovsdb.ovsdb_monitor [-] Hash Ring: Node 23314127a9d55d6e847322426dbee309 (host: np0000188235) handling event "update" for row aedb429a-1122-4aaf-9102-327ad281d07b (table: Connection) {{(pid=101540) notify /opt/stack/neutron/neutron/plugins/ml2/drivers/ovn/mech_driver/ovsdb/ovsdb_monitor.py:1099}}
Aug 08 04:06:12.388944 np0000188235 devstack@neutron-api.service[101540]: DEBUG neutron.plugins.ml2.drivers.ovn.mech_driver.ovsdb.ovsdb_monitor [-] Hash Ring: Node 23314127a9d55d6e847322426dbee309 (host: np0000188235) handling event "update" for row aedb429a-1122-4aaf-9102-327ad281d07b (table: Connection) {{(pid=101540) notify /opt/stack/neutron/neutron/plugins/ml2/drivers/ovn/mech_driver/ovsdb/ovsdb_monitor.py:1099}}
Aug 08 04:06:12.391888 np0000188235 devstack@neutron-api.service[101541]: DEBUG neutron.plugins.ml2.drivers.ovn.mech_driver.ovsdb.ovsdb_monitor [-] Hash Ring: Node 287db8a302a55047a192f4f00bbc6d1e (host: np0000188235) handling event "update" for row aedb429a-1122-4aaf-9102-327ad281d07b (table: Connection) {{(pid=101541) notify /opt/stack/neutron/neutron/plugins/ml2/drivers/ovn/mech_driver/ovsdb/ovsdb_monitor.py:1099}}
Aug 08 04:06:15.044600 np0000188235 devstack@neutron-api.service[101540]: DEBUG neutron.api.wsgi [None req-686d90aa-f927-4f1b-8ca2-9a8d431c5c86 admin admin] Missing Content-Type {{(pid=101540) get_content_type /opt/stack/neutron/neutron/api/wsgi.py:80}}
Aug 08 04:06:15.045262 np0000188235 devstack@neutron-api.service[101540]: DEBUG neutron.api.wsgi [None req-686d90aa-f927-4f1b-8ca2-9a8d431c5c86 admin admin] https://199.204.45.140/networking/v2.0/extensions returned with HTTP 200 {{(pid=101540) __call__ /opt/stack/neutron/neutron/api/wsgi.py:540}}
Aug 08 04:06:15.046098 np0000188235 devstack@neutron-api.service[101540]: [pid: 101540|app: 0|req: 2/2] 199.204.45.140 () {64 vars in 1323 bytes} [Sat Aug 8 04:06:14 2026] GET /networking/v2.0/extensions => generated 16171 bytes in 686 msecs (HTTP/1.1 200) 4 headers in 159 bytes (1 switches on core 0)
Aug 08 04:06:15.454813 np0000188235 devstack@neutron-api.service[101542]: DEBUG neutron.api.v2.base [None req-eee5a3eb-1510-446b-90b4-e412bd63cd21 admin admin] Request body: {'subnetpool': {'default_prefixlen': 26, 'is_default': True, 'shared': True, 'prefixes': ['10.1.0.0/20'], 'name': 'shared-default-subnetpool-v4'}} {{(pid=101542) prepare_request_body /opt/stack/neutron/neutron/api/v2/base.py:727}}
Aug 08 04:06:15.649048 np0000188235 devstack@neutron-api.service[101542]: DEBUG neutron.policy [None req-eee5a3eb-1510-446b-90b4-e412bd63cd21 admin admin] Loaded default policies from ['neutron'] under neutron.policies entry points {{(pid=101542) register_rules /opt/stack/neutron/neutron/policy.py:65}}
Aug 08 04:06:15.796490 np0000188235 devstack@neutron-api.service[101542]: DEBUG neutron_lib.callbacks.manager [None req-eee5a3eb-1510-446b-90b4-e412bd63cd21 admin admin] Publish callbacks ['neutron.objects.securitygroup.RbacNeutronDbObjectMixin.validate_rbac_policy_change-1969945147702', 'neutron.objects.address_group.RbacNeutronDbObjectMixin.validate_rbac_policy_change-1969945219465', 'neutron.objects.network.RbacNeutronDbObjectMixin.validate_rbac_policy_change-1969945211145', 'neutron.objects.qos.policy.RbacNeutronDbObjectMixin.validate_rbac_policy_change-1969945294050', 'neutron.objects.subnetpool.RbacNeutronDbObjectMixin.validate_rbac_policy_change-1969945206722', 'neutron.objects.address_scope.RbacNeutronDbObjectMixin.validate_rbac_policy_change-1969945282494', 'neutron.plugins.ml2.plugin.External_net_db_mixin._process_ext_policy_create-2092475', 'neutron.plugins.ml2.plugin.NeutronDbPluginV2.validate_network_rbac_policy_change-2081927'] for rbac-policy (None), before_create {{(pid=101542) _notify_loop /opt/stack/data/venv/lib/python3.12/site-packages/neutron_lib/callbacks/manager.py:184}}
Aug 08 04:06:15.843633 np0000188235 devstack@neutron-api.service[101542]: DEBUG neutron_lib.callbacks.manager [None req-eee5a3eb-1510-446b-90b4-e412bd63cd21 admin admin] Publish callbacks [] for subnetpool (None), before_response {{(pid=101542) _notify_loop /opt/stack/data/venv/lib/python3.12/site-packages/neutron_lib/callbacks/manager.py:184}}
Aug 08 04:06:15.844365 np0000188235 devstack@neutron-api.service[101542]: [pid: 101542|app: 0|req: 1/3] 199.204.45.140 () {68 vars in 1367 bytes} [Sat Aug 8 04:06:15 2026] POST /networking/v2.0/subnetpools => generated 533 bytes in 509 msecs (HTTP/1.1 201) 4 headers in 162 bytes (1 switches on core 0)
Aug 08 04:06:16.185964 np0000188235 devstack@neutron-api.service[101541]: DEBUG neutron.api.v2.base [None req-356b0baf-e6d8-4afc-b152-4cbc9ea9bf94 admin admin] Request body: {'subnetpool': {'default_prefixlen': 64, 'is_default': True, 'shared': True, 'prefixes': ['fd7c:662b:973e::/56'], 'name': 'shared-default-subnetpool-v6'}} {{(pid=101541) prepare_request_body /opt/stack/neutron/neutron/api/v2/base.py:727}}
Aug 08 04:06:16.348120 np0000188235 devstack@neutron-api.service[101541]: DEBUG neutron.policy [None req-356b0baf-e6d8-4afc-b152-4cbc9ea9bf94 admin admin] Loaded default policies from ['neutron'] under neutron.policies entry points {{(pid=101541) register_rules /opt/stack/neutron/neutron/policy.py:65}}
Aug 08 04:06:16.502839 np0000188235 devstack@neutron-api.service[101541]: DEBUG neutron_lib.callbacks.manager [None req-356b0baf-e6d8-4afc-b152-4cbc9ea9bf94 admin admin] Publish callbacks ['neutron.objects.securitygroup.RbacNeutronDbObjectMixin.validate_rbac_policy_change-1969945168362', 'neutron.objects.address_group.RbacNeutronDbObjectMixin.validate_rbac_policy_change-1969945141823', 'neutron.objects.network.RbacNeutronDbObjectMixin.validate_rbac_policy_change-1969945212708', 'neutron.objects.qos.policy.RbacNeutronDbObjectMixin.validate_rbac_policy_change-1969945289388', 'neutron.objects.subnetpool.RbacNeutronDbObjectMixin.validate_rbac_policy_change-1969945294141', 'neutron.objects.address_scope.RbacNeutronDbObjectMixin.validate_rbac_policy_change-1969945313186', 'neutron.plugins.ml2.plugin.External_net_db_mixin._process_ext_policy_create-424488', 'neutron.plugins.ml2.plugin.NeutronDbPluginV2.validate_network_rbac_policy_change-416308'] for rbac-policy (None), before_create {{(pid=101541) _notify_loop /opt/stack/data/venv/lib/python3.12/site-packages/neutron_lib/callbacks/manager.py:184}}
Aug 08 04:06:16.546821 np0000188235 devstack@neutron-api.service[101541]: DEBUG neutron_lib.callbacks.manager [None req-356b0baf-e6d8-4afc-b152-4cbc9ea9bf94 admin admin] Publish callbacks [] for subnetpool (None), before_response {{(pid=101541) _notify_loop /opt/stack/data/venv/lib/python3.12/site-packages/neutron_lib/callbacks/manager.py:184}}
Aug 08 04:06:16.548108 np0000188235 devstack@neutron-api.service[101541]: [pid: 101541|app: 0|req: 1/4] 199.204.45.140 () {68 vars in 1367 bytes} [Sat Aug 8 04:06:16 2026] POST /networking/v2.0/subnetpools => generated 543 bytes in 480 msecs (HTTP/1.1 201) 4 headers in 162 bytes (1 switches on core 0)
Aug 08 04:06:17.007595 np0000188235 devstack@neutron-api.service[101543]: DEBUG neutron.api.v2.base [None req-0b5225ad-3939-43df-be9e-78f1cf5006db admin admin] Request body: {'network': {'admin_state_up': True, 'name': 'private'}} {{(pid=101543) prepare_request_body /opt/stack/neutron/neutron/api/v2/base.py:727}}
Aug 08 04:06:17.041488 np0000188235 devstack@neutron-api.service[101543]: DEBUG neutron.pecan_wsgi.hooks.quota_enforcement [None req-0b5225ad-3939-43df-be9e-78f1cf5006db admin admin] Made reservation on behalf of ef9386e3c85d4268a250613b12d40807 for: {'network': 1} {{(pid=101543) before /opt/stack/neutron/neutron/pecan_wsgi/hooks/quota_enforcement.py:66}}
Aug 08 04:06:17.201305 np0000188235 devstack@neutron-api.service[101543]: DEBUG neutron.policy [None req-0b5225ad-3939-43df-be9e-78f1cf5006db admin admin] Loaded default policies from ['neutron'] under neutron.policies entry points {{(pid=101543) register_rules /opt/stack/neutron/neutron/policy.py:65}}
Aug 08 04:06:17.301984 np0000188235 devstack@neutron-api.service[101543]: DEBUG neutron_lib.callbacks.manager [None req-0b5225ad-3939-43df-be9e-78f1cf5006db admin admin] Publish callbacks ['neutron.plugins.ml2.plugin.SecurityGroupDbMixin._ensure_default_security_group_handler-90452'] for network (None), before_create {{(pid=101543) _notify_loop /opt/stack/data/venv/lib/python3.12/site-packages/neutron_lib/callbacks/manager.py:184}}
Aug 08 04:06:17.323058 np0000188235 devstack@neutron-api.service[101543]: DEBUG neutron_lib.callbacks.manager [None req-0b5225ad-3939-43df-be9e-78f1cf5006db admin admin] Publish callbacks [] for security_group (None), before_create {{(pid=101543) _notify_loop /opt/stack/data/venv/lib/python3.12/site-packages/neutron_lib/callbacks/manager.py:184}}
Aug 08 04:06:17.421634 np0000188235 devstack@neutron-api.service[101543]: DEBUG neutron_lib.callbacks.manager [None req-0b5225ad-3939-43df-be9e-78f1cf5006db admin admin] Publish callbacks ['neutron.plugins.ml2.drivers.ovn.mech_driver.mech_driver.OVNMechanismDriver._create_security_group_precommit-268293497'] for security_group (409806e4-a63a-4080-b64b-7a1b1ad91353), precommit_create {{(pid=101543) _notify_loop /opt/stack/data/venv/lib/python3.12/site-packages/neutron_lib/callbacks/manager.py:184}}
Aug 08 04:06:17.422020 np0000188235 devstack@neutron-api.service[101543]: DEBUG neutron.db.ovn_revision_numbers_db [None req-0b5225ad-3939-43df-be9e-78f1cf5006db admin admin] create_initial_revision uuid=409806e4-a63a-4080-b64b-7a1b1ad91353, type=security_groups, rev=-1 {{(pid=101543) create_initial_revision /opt/stack/neutron/neutron/db/ovn_revision_numbers_db.py:98}}
Aug 08 04:06:17.424069 np0000188235 devstack@neutron-api.service[101543]: DEBUG neutron.db.ovn_revision_numbers_db [None req-0b5225ad-3939-43df-be9e-78f1cf5006db admin admin] create_initial_revision uuid=3323af9b-65b9-4358-95bc-a59fd88c2f55, type=security_group_rules, rev=-1 {{(pid=101543) create_initial_revision /opt/stack/neutron/neutron/db/ovn_revision_numbers_db.py:98}}
Aug 08 04:06:17.425031 np0000188235 devstack@neutron-api.service[101543]: DEBUG neutron.db.ovn_revision_numbers_db [None req-0b5225ad-3939-43df-be9e-78f1cf5006db admin admin] create_initial_revision uuid=388e3f00-b710-428e-a803-76e5fe3d628b, type=security_group_rules, rev=-1 {{(pid=101543) create_initial_revision /opt/stack/neutron/neutron/db/ovn_revision_numbers_db.py:98}}
Aug 08 04:06:17.426116 np0000188235 devstack@neutron-api.service[101543]: DEBUG neutron.db.ovn_revision_numbers_db [None req-0b5225ad-3939-43df-be9e-78f1cf5006db admin admin] create_initial_revision uuid=b803ae09-cd0b-4ff9-a5df-79d4b8259507, type=security_group_rules, rev=-1 {{(pid=101543) create_initial_revision /opt/stack/neutron/neutron/db/ovn_revision_numbers_db.py:98}}
Aug 08 04:06:17.427169 np0000188235 devstack@neutron-api.service[101543]: DEBUG neutron.db.ovn_revision_numbers_db [None req-0b5225ad-3939-43df-be9e-78f1cf5006db admin admin] create_initial_revision uuid=c5ca5422-da58-4a90-83ec-fff51400d43e, type=security_group_rules, rev=-1 {{(pid=101543) create_initial_revision /opt/stack/neutron/neutron/db/ovn_revision_numbers_db.py:98}}
Aug 08 04:06:17.433086 np0000188235 devstack@neutron-api.service[101543]: DEBUG neutron_lib.callbacks.manager [None req-0b5225ad-3939-43df-be9e-78f1cf5006db admin admin] Publish callbacks ['neutron.plugins.ml2.drivers.ovn.mech_driver.mech_driver.OVNMechanismDriver._create_security_group-268293379', 'neutron.plugins.ml2.ovo_rpc._ObjectChangeHandler.handle_event-267067829'] for security_group (409806e4-a63a-4080-b64b-7a1b1ad91353), after_create {{(pid=101543) _notify_loop /opt/stack/data/venv/lib/python3.12/site-packages/neutron_lib/callbacks/manager.py:184}}
Aug 08 04:06:17.433366 np0000188235 devstack@neutron-api.service[101543]: INFO neutron.plugins.ml2.drivers.ovn.mech_driver.ovsdb.extensions.qos [None req-0b5225ad-3939-43df-be9e-78f1cf5006db admin admin] Starting OVNClientQosExtension
Aug 08 04:06:17.433366 np0000188235 devstack@neutron-api.service[101543]: INFO neutron.plugins.ml2.drivers.ovn.mech_driver.ovsdb.extensions.placement [None req-0b5225ad-3939-43df-be9e-78f1cf5006db admin admin] Starting OVNClientPlacementExtension
Aug 08 04:06:17.434891 np0000188235 devstack@neutron-api.service[101543]: DEBUG ovsdbapp.backend.ovs_idl.transaction [-] Running txn n=1 command(idx=0): PgAddCommand(_result=None, name=pg_409806e4_a63a_4080_b64b_7a1b1ad91353, may_exist=False, columns={'acls': [], 'external_ids': {'neutron:security_group_id': '409806e4-a63a-4080-b64b-7a1b1ad91353'}}) {{(pid=101543) do_commit /opt/stack/data/venv/lib/python3.12/site-packages/ovsdbapp/backend/ovs_idl/transaction.py:89}}
Aug 08 04:06:17.437387 np0000188235 devstack@neutron-api.service[101543]: DEBUG ovsdbapp.backend.ovs_idl.transaction [-] Running txn n=1 command(idx=1): PgAclAddCommand(_result=None, entity=pg_409806e4_a63a_4080_b64b_7a1b1ad91353, direction=to-lport, priority=1002, match=outport == @pg_409806e4_a63a_4080_b64b_7a1b1ad91353 && ip4 && ip4.src == $pg_409806e4_a63a_4080_b64b_7a1b1ad91353_ip4, action=allow-related, log=False, may_exist=True, severity=[], name=[], meter=[], external_ids={'neutron:security_group_rule_id': '3323af9b-65b9-4358-95bc-a59fd88c2f55'}) {{(pid=101543) do_commit /opt/stack/data/venv/lib/python3.12/site-packages/ovsdbapp/backend/ovs_idl/transaction.py:89}}
Aug 08 04:06:17.438093 np0000188235 devstack@neutron-api.service[101543]: DEBUG ovsdbapp.backend.ovs_idl.transaction [-] Running txn n=1 command(idx=2): PgAclAddCommand(_result=None, entity=pg_409806e4_a63a_4080_b64b_7a1b1ad91353, direction=to-lport, priority=1002, match=outport == @pg_409806e4_a63a_4080_b64b_7a1b1ad91353 && ip6 && ip6.src == $pg_409806e4_a63a_4080_b64b_7a1b1ad91353_ip6, action=allow-related, log=False, may_exist=True, severity=[], name=[], meter=[], external_ids={'neutron:security_group_rule_id': '388e3f00-b710-428e-a803-76e5fe3d628b'}) {{(pid=101543) do_commit /opt/stack/data/venv/lib/python3.12/site-packages/ovsdbapp/backend/ovs_idl/transaction.py:89}}
Aug 08 04:06:17.438702 np0000188235 devstack@neutron-api.service[101543]: DEBUG ovsdbapp.backend.ovs_idl.transaction [-] Running txn n=1 command(idx=3): PgAclAddCommand(_result=None, entity=pg_409806e4_a63a_4080_b64b_7a1b1ad91353, direction=from-lport, priority=1002, match=inport == @pg_409806e4_a63a_4080_b64b_7a1b1ad91353 && ip6, action=allow-related, log=False, may_exist=True, severity=[], name=[], meter=[], external_ids={'neutron:security_group_rule_id': 'b803ae09-cd0b-4ff9-a5df-79d4b8259507'}) {{(pid=101543) do_commit /opt/stack/data/venv/lib/python3.12/site-packages/ovsdbapp/backend/ovs_idl/transaction.py:89}}
Aug 08 04:06:17.439016 np0000188235 devstack@neutron-api.service[101543]: DEBUG ovsdbapp.backend.ovs_idl.transaction [-] Running txn n=1 command(idx=4): PgAclAddCommand(_result=None, entity=pg_409806e4_a63a_4080_b64b_7a1b1ad91353, direction=from-lport, priority=1002, match=inport == @pg_409806e4_a63a_4080_b64b_7a1b1ad91353 && ip4, action=allow-related, log=False, may_exist=True, severity=[], name=[], meter=[], external_ids={'neutron:security_group_rule_id': 'c5ca5422-da58-4a90-83ec-fff51400d43e'}) {{(pid=101543) do_commit /opt/stack/data/venv/lib/python3.12/site-packages/ovsdbapp/backend/ovs_idl/transaction.py:89}}
Aug 08 04:06:17.449836 np0000188235 devstack@neutron-api.service[101542]: DEBUG neutron.plugins.ml2.drivers.ovn.mech_driver.ovsdb.ovsdb_monitor [-] Hash Ring: Node 6491d8fbf7e8503384e4fc758b228fda (host: np0000188235) handling event "create" for row 894befdb-8a47-40e7-ba4f-6dbcd9566351 (table: ACL) {{(pid=101542) notify /opt/stack/neutron/neutron/plugins/ml2/drivers/ovn/mech_driver/ovsdb/ovsdb_monitor.py:1099}}
Aug 08 04:06:17.449836 np0000188235 devstack@neutron-api.service[101542]: DEBUG neutron.plugins.ml2.drivers.ovn.mech_driver.ovsdb.ovsdb_monitor [-] Hash Ring: Node 6491d8fbf7e8503384e4fc758b228fda (host: np0000188235) handling event "create" for row 93273ddd-bb20-4fad-8c86-a89978c761fd (table: ACL) {{(pid=101542) notify /opt/stack/neutron/neutron/plugins/ml2/drivers/ovn/mech_driver/ovsdb/ovsdb_monitor.py:1099}}
Aug 08 04:06:17.450456 np0000188235 devstack@neutron-api.service[101541]: DEBUG neutron.plugins.ml2.drivers.ovn.mech_driver.ovsdb.ovsdb_monitor [-] Hash Ring: Node 287db8a302a55047a192f4f00bbc6d1e (host: np0000188235) handling event "create" for row d2d06866-98c6-4362-b556-36fdca9a1448 (table: ACL) {{(pid=101541) notify /opt/stack/neutron/neutron/plugins/ml2/drivers/ovn/mech_driver/ovsdb/ovsdb_monitor.py:1099}}
Aug 08 04:06:17.451957 np0000188235 devstack@neutron-api.service[101540]: DEBUG neutron.plugins.ml2.drivers.ovn.mech_driver.ovsdb.ovsdb_monitor [-] Hash Ring: Node 23314127a9d55d6e847322426dbee309 (host: np0000188235) handling event "create" for row 894befdb-8a47-40e7-ba4f-6dbcd9566351 (table: ACL) {{(pid=101540) notify /opt/stack/neutron/neutron/plugins/ml2/drivers/ovn/mech_driver/ovsdb/ovsdb_monitor.py:1099}}
Aug 08 04:06:17.452369 np0000188235 devstack@neutron-api.service[101540]: DEBUG neutron.plugins.ml2.drivers.ovn.mech_driver.ovsdb.ovsdb_monitor [-] Hash Ring: Node 23314127a9d55d6e847322426dbee309 (host: np0000188235) handling event "create" for row 93273ddd-bb20-4fad-8c86-a89978c761fd (table: ACL) {{(pid=101540) notify /opt/stack/neutron/neutron/plugins/ml2/drivers/ovn/mech_driver/ovsdb/ovsdb_monitor.py:1099}}
Aug 08 04:06:17.452608 np0000188235 devstack@neutron-api.service[101540]: DEBUG neutron.plugins.ml2.drivers.ovn.mech_driver.ovsdb.ovsdb_monitor [-] Hash Ring: Node 23314127a9d55d6e847322426dbee309 (host: np0000188235) handling event "create" for row d2d06866-98c6-4362-b556-36fdca9a1448 (table: ACL) {{(pid=101540) notify /opt/stack/neutron/neutron/plugins/ml2/drivers/ovn/mech_driver/ovsdb/ovsdb_monitor.py:1099}}
Aug 08 04:06:17.453103 np0000188235 devstack@neutron-api.service[101540]: DEBUG neutron.plugins.ml2.drivers.ovn.mech_driver.ovsdb.ovsdb_monitor [-] Hash Ring: Node 23314127a9d55d6e847322426dbee309 (host: np0000188235) handling event "create" for row e46cd67c-5a07-4710-a1dc-8b436e98546d (table: ACL) {{(pid=101540) notify /opt/stack/neutron/neutron/plugins/ml2/drivers/ovn/mech_driver/ovsdb/ovsdb_monitor.py:1099}}
Aug 08 04:06:17.453103 np0000188235 devstack@neutron-api.service[101540]: DEBUG neutron.plugins.ml2.drivers.ovn.mech_driver.ovsdb.ovsdb_monitor [-] Hash Ring: Node 23314127a9d55d6e847322426dbee309 (host: np0000188235) handling event "create" for row 825b35e7-4433-40a6-93e9-a978b3ef5119 (table: Port_Group) {{(pid=101540) notify /opt/stack/neutron/neutron/plugins/ml2/drivers/ovn/mech_driver/ovsdb/ovsdb_monitor.py:1099}}
Aug 08 04:06:17.470681 np0000188235 devstack@neutron-api.service[101543]: INFO neutron.db.ovn_revision_numbers_db [None req-0b5225ad-3939-43df-be9e-78f1cf5006db admin admin] Successfully bumped revision number for resource 409806e4-a63a-4080-b64b-7a1b1ad91353 (type: security_groups) to 1
Aug 08 04:06:17.486306 np0000188235 devstack@neutron-api.service[101543]: INFO neutron.db.ovn_revision_numbers_db [None req-0b5225ad-3939-43df-be9e-78f1cf5006db admin admin] Successfully bumped revision number for resource 3323af9b-65b9-4358-95bc-a59fd88c2f55 (type: security_group_rules) to 0
Aug 08 04:06:17.500036 np0000188235 devstack@neutron-api.service[101543]: INFO neutron.db.ovn_revision_numbers_db [None req-0b5225ad-3939-43df-be9e-78f1cf5006db admin admin] Successfully bumped revision number for resource 388e3f00-b710-428e-a803-76e5fe3d628b (type: security_group_rules) to 0
Aug 08 04:06:17.513984 np0000188235 devstack@neutron-api.service[101543]: INFO neutron.db.ovn_revision_numbers_db [None req-0b5225ad-3939-43df-be9e-78f1cf5006db admin admin] Successfully bumped revision number for resource b803ae09-cd0b-4ff9-a5df-79d4b8259507 (type: security_group_rules) to 0
Aug 08 04:06:17.528107 np0000188235 devstack@neutron-api.service[101543]: INFO neutron.db.ovn_revision_numbers_db [None req-0b5225ad-3939-43df-be9e-78f1cf5006db admin admin] Successfully bumped revision number for resource c5ca5422-da58-4a90-83ec-fff51400d43e (type: security_group_rules) to 0
Aug 08 04:06:17.553180 np0000188235 devstack@neutron-api.service[101543]: DEBUG neutron.api.rpc.handlers.resources_rpc [None req-0b5225ad-3939-43df-be9e-78f1cf5006db admin admin] Pushing event updated for resources: {'SecurityGroup': ['ID=409806e4-a63a-4080-b64b-7a1b1ad91353,revision_number=1']} {{(pid=101543) push /opt/stack/neutron/neutron/api/rpc/handlers/resources_rpc.py:237}}
Aug 08 04:06:17.561555 np0000188235 devstack@neutron-api.service[101543]: DEBUG ovsdbapp.backend.ovs_idl.transaction [-] Running txn n=1 command(idx=0): CheckLivenessCommand(_result=None) {{(pid=101543) do_commit /opt/stack/data/venv/lib/python3.12/site-packages/ovsdbapp/backend/ovs_idl/transaction.py:89}}
Aug 08 04:06:17.567981 np0000188235 devstack@neutron-api.service[101543]: DEBUG neutron.api.rpc.callbacks.version_manager [None req-0b5225ad-3939-43df-be9e-78f1cf5006db admin admin] Tracked resource versions report:
Aug 08 04:06:17.567981 np0000188235 devstack@neutron-api.service[101543]: pushed versions:
Aug 08 04:06:17.567981 np0000188235 devstack@neutron-api.service[101543]: { 'AddressGroup': {'1.2'},
Aug 08 04:06:17.567981 np0000188235 devstack@neutron-api.service[101543]: 'Agent': {'1.1'},
Aug 08 04:06:17.567981 np0000188235 devstack@neutron-api.service[101543]: 'ConntrackHelper': {'1.0'},
Aug 08 04:06:17.567981 np0000188235 devstack@neutron-api.service[101543]: 'LocalIPAssociation': {'1.0'},
Aug 08 04:06:17.567981 np0000188235 devstack@neutron-api.service[101543]: 'Log': {'1.0'},
Aug 08 04:06:17.567981 np0000188235 devstack@neutron-api.service[101543]: 'NDPProxy': {'1.0'},
Aug 08 04:06:17.567981 np0000188235 devstack@neutron-api.service[101543]: 'Network': {'1.3'},
Aug 08 04:06:17.567981 np0000188235 devstack@neutron-api.service[101543]: 'Port': {'1.11'},
Aug 08 04:06:17.567981 np0000188235 devstack@neutron-api.service[101543]: 'PortForwarding': {'1.3'},
Aug 08 04:06:17.567981 np0000188235 devstack@neutron-api.service[101543]: 'QosPolicy': {'1.10'},
Aug 08 04:06:17.567981 np0000188235 devstack@neutron-api.service[101543]: 'SecurityGroup': {'1.6'},
Aug 08 04:06:17.567981 np0000188235 devstack@neutron-api.service[101543]: 'SecurityGroupRule': {'1.3'},
Aug 08 04:06:17.567981 np0000188235 devstack@neutron-api.service[101543]: 'SubPort': {'1.0'},
Aug 08 04:06:17.567981 np0000188235 devstack@neutron-api.service[101543]: 'Subnet': {'1.2'},
Aug 08 04:06:17.567981 np0000188235 devstack@neutron-api.service[101543]: 'Trunk': {'1.1'}}
Aug 08 04:06:17.567981 np0000188235 devstack@neutron-api.service[101543]: consumer versions:
Aug 08 04:06:17.567981 np0000188235 devstack@neutron-api.service[101543]: {}
Aug 08 04:06:17.567981 np0000188235 devstack@neutron-api.service[101543]: {{(pid=101543) report /opt/stack/neutron/neutron/api/rpc/callbacks/version_manager.py:183}}
Aug 08 04:06:17.572132 np0000188235 devstack@neutron-api.service[101540]: DEBUG ovsdbapp.backend.ovs_idl.event [-] Matched UPDATE: ChassisAgentWriteEvent(events=('create', 'update'), table='Chassis_Private', conditions=None, old_conditions=None), priority=20 to row=Chassis_Private(uuid=7d3f9a63-1f7b-48ea-b2ad-0ef5a99ef489, chassis=6b2fc74c-c7dd-4066-a7d3-76f41b5989eb, external_ids={'neutron:ovn-bridge': 'br-int', 'neutron:ovn-neutron-agent-id': '1b4e6e19-cacb-5ccd-b1fc-024b03000b25', 'neutron:ovn-neutron-agent-sb-cfg': '0'}, name='66828ea7-0606-4080-8699-d27681098c8d', nb_cfg=1, nb_cfg_timestamp=1786161977566) old=Chassis_Private(uuid=7d3f9a63-1f7b-48ea-b2ad-0ef5a99ef489, nb_cfg=0, nb_cfg_timestamp=0) {{(pid=101540) matches /opt/stack/data/venv/lib/python3.12/site-packages/ovsdbapp/backend/ovs_idl/event.py:55}}
Aug 08 04:06:17.573614 np0000188235 devstack@neutron-api.service[101541]: DEBUG ovsdbapp.backend.ovs_idl.event [-] Matched UPDATE: ChassisAgentWriteEvent(events=('create', 'update'), table='Chassis_Private', conditions=None, old_conditions=None), priority=20 to row=Chassis_Private(uuid=7d3f9a63-1f7b-48ea-b2ad-0ef5a99ef489, chassis=6b2fc74c-c7dd-4066-a7d3-76f41b5989eb, external_ids={'neutron:ovn-bridge': 'br-int', 'neutron:ovn-neutron-agent-id': '1b4e6e19-cacb-5ccd-b1fc-024b03000b25', 'neutron:ovn-neutron-agent-sb-cfg': '0'}, name='66828ea7-0606-4080-8699-d27681098c8d', nb_cfg=1, nb_cfg_timestamp=1786161977566) old=Chassis_Private(uuid=7d3f9a63-1f7b-48ea-b2ad-0ef5a99ef489, nb_cfg=0, nb_cfg_timestamp=0) {{(pid=101541) matches /opt/stack/data/venv/lib/python3.12/site-packages/ovsdbapp/backend/ovs_idl/event.py:55}}
Aug 08 04:06:17.573920 np0000188235 devstack@neutron-api.service[101540]: DEBUG neutron.plugins.ml2.drivers.ovn.mech_driver.ovsdb.ovsdb_monitor [-] Hash Ring: Node 23314127a9d55d6e847322426dbee309 (host: np0000188235) handling event "update" for row 2f0f4256-4ff0-496f-b8ea-ec3d0dcaf5f8 (table: NB_Global) {{(pid=101540) notify /opt/stack/neutron/neutron/plugins/ml2/drivers/ovn/mech_driver/ovsdb/ovsdb_monitor.py:1099}}
Aug 08 04:06:17.574148 np0000188235 devstack@neutron-api.service[101541]: DEBUG neutron.plugins.ml2.drivers.ovn.mech_driver.ovsdb.ovsdb_monitor [-] Hash Ring: Node 287db8a302a55047a192f4f00bbc6d1e (host: np0000188235) handling event "update" for row 7d3f9a63-1f7b-48ea-b2ad-0ef5a99ef489 (table: Chassis_Private) {{(pid=101541) notify /opt/stack/neutron/neutron/plugins/ml2/drivers/ovn/mech_driver/ovsdb/ovsdb_monitor.py:1099}}
Aug 08 04:06:17.575357 np0000188235 devstack@neutron-api.service[101542]: DEBUG ovsdbapp.backend.ovs_idl.event [-] Matched UPDATE: ChassisAgentWriteEvent(events=('create', 'update'), table='Chassis_Private', conditions=None, old_conditions=None), priority=20 to row=Chassis_Private(uuid=7d3f9a63-1f7b-48ea-b2ad-0ef5a99ef489, chassis=6b2fc74c-c7dd-4066-a7d3-76f41b5989eb, external_ids={'neutron:ovn-bridge': 'br-int', 'neutron:ovn-neutron-agent-id': '1b4e6e19-cacb-5ccd-b1fc-024b03000b25', 'neutron:ovn-neutron-agent-sb-cfg': '0'}, name='66828ea7-0606-4080-8699-d27681098c8d', nb_cfg=1, nb_cfg_timestamp=1786161977566) old=Chassis_Private(uuid=7d3f9a63-1f7b-48ea-b2ad-0ef5a99ef489, nb_cfg=0, nb_cfg_timestamp=0) {{(pid=101542) matches /opt/stack/data/venv/lib/python3.12/site-packages/ovsdbapp/backend/ovs_idl/event.py:55}}
Aug 08 04:06:17.576862 np0000188235 devstack@neutron-api.service[101541]: DEBUG ovsdbapp.backend.ovs_idl.event [-] Matched UPDATE: ChassisOVNAgentWriteEvent(events=('create', 'update'), table='Chassis_Private', conditions=None, old_conditions=None), priority=20 to row=Chassis_Private(uuid=7d3f9a63-1f7b-48ea-b2ad-0ef5a99ef489, chassis=6b2fc74c-c7dd-4066-a7d3-76f41b5989eb, external_ids={'neutron:ovn-bridge': 'br-int', 'neutron:ovn-neutron-agent-id': '1b4e6e19-cacb-5ccd-b1fc-024b03000b25', 'neutron:ovn-neutron-agent-sb-cfg': '1'}, name='66828ea7-0606-4080-8699-d27681098c8d', nb_cfg=1, nb_cfg_timestamp=1786161977566) old=Chassis_Private(uuid=7d3f9a63-1f7b-48ea-b2ad-0ef5a99ef489, external_ids={'neutron:ovn-bridge': 'br-int', 'neutron:ovn-neutron-agent-id': '1b4e6e19-cacb-5ccd-b1fc-024b03000b25', 'neutron:ovn-neutron-agent-sb-cfg': '0'}) {{(pid=101541) matches /opt/stack/data/venv/lib/python3.12/site-packages/ovsdbapp/backend/ovs_idl/event.py:55}}
Aug 08 04:06:17.577079 np0000188235 devstack@neutron-api.service[101541]: DEBUG neutron.plugins.ml2.drivers.ovn.mech_driver.ovsdb.ovsdb_monitor [-] Hash Ring: Node 287db8a302a55047a192f4f00bbc6d1e (host: np0000188235) handling event "update" for row 7d3f9a63-1f7b-48ea-b2ad-0ef5a99ef489 (table: Chassis_Private) {{(pid=101541) notify /opt/stack/neutron/neutron/plugins/ml2/drivers/ovn/mech_driver/ovsdb/ovsdb_monitor.py:1099}}
Aug 08 04:06:17.577729 np0000188235 devstack@neutron-api.service[101540]: DEBUG neutron.common.ovn.hash_ring_manager [-] Allow caching, nodes 4>=4 {{(pid=101540) _wait_startup_before_caching /opt/stack/neutron/neutron/common/ovn/hash_ring_manager.py:71}}
Aug 08 04:06:17.577981 np0000188235 devstack@neutron-api.service[101540]: DEBUG neutron.plugins.ml2.drivers.ovn.mech_driver.ovsdb.ovsdb_monitor [-] Hash Ring: Node 23314127a9d55d6e847322426dbee309 (host: np0000188235) handling event "update" for row 7d3f9a63-1f7b-48ea-b2ad-0ef5a99ef489 (table: Chassis_Private) {{(pid=101540) notify /opt/stack/neutron/neutron/plugins/ml2/drivers/ovn/mech_driver/ovsdb/ovsdb_monitor.py:1099}}
Aug 08 04:06:17.578568 np0000188235 devstack@neutron-api.service[101540]: DEBUG neutron.plugins.ml2.drivers.ovn.mech_driver.ovsdb.ovsdb_monitor [-] Hash Ring: Node 23314127a9d55d6e847322426dbee309 (host: np0000188235) handling event "update" for row 2f0f4256-4ff0-496f-b8ea-ec3d0dcaf5f8 (table: NB_Global) {{(pid=101540) notify /opt/stack/neutron/neutron/plugins/ml2/drivers/ovn/mech_driver/ovsdb/ovsdb_monitor.py:1099}}
Aug 08 04:06:17.580462 np0000188235 devstack@neutron-api.service[101540]: DEBUG ovsdbapp.backend.ovs_idl.event [-] Matched UPDATE: ChassisOVNAgentWriteEvent(events=('create', 'update'), table='Chassis_Private', conditions=None, old_conditions=None), priority=20 to row=Chassis_Private(uuid=7d3f9a63-1f7b-48ea-b2ad-0ef5a99ef489, chassis=6b2fc74c-c7dd-4066-a7d3-76f41b5989eb, external_ids={'neutron:ovn-bridge': 'br-int', 'neutron:ovn-neutron-agent-id': '1b4e6e19-cacb-5ccd-b1fc-024b03000b25', 'neutron:ovn-neutron-agent-sb-cfg': '1'}, name='66828ea7-0606-4080-8699-d27681098c8d', nb_cfg=1, nb_cfg_timestamp=1786161977566) old=Chassis_Private(uuid=7d3f9a63-1f7b-48ea-b2ad-0ef5a99ef489, external_ids={'neutron:ovn-bridge': 'br-int', 'neutron:ovn-neutron-agent-id': '1b4e6e19-cacb-5ccd-b1fc-024b03000b25', 'neutron:ovn-neutron-agent-sb-cfg': '0'}) {{(pid=101540) matches /opt/stack/data/venv/lib/python3.12/site-packages/ovsdbapp/backend/ovs_idl/event.py:55}}
Aug 08 04:06:17.580857 np0000188235 devstack@neutron-api.service[101540]: DEBUG neutron.plugins.ml2.drivers.ovn.mech_driver.ovsdb.ovsdb_monitor [-] Hash Ring: Node 23314127a9d55d6e847322426dbee309 (host: np0000188235) handling event "update" for row 7d3f9a63-1f7b-48ea-b2ad-0ef5a99ef489 (table: Chassis_Private) {{(pid=101540) notify /opt/stack/neutron/neutron/plugins/ml2/drivers/ovn/mech_driver/ovsdb/ovsdb_monitor.py:1099}}
Aug 08 04:06:17.581372 np0000188235 devstack@neutron-api.service[101540]: DEBUG neutron.plugins.ml2.drivers.ovn.mech_driver.ovsdb.ovsdb_monitor [-] Hash Ring: Node 23314127a9d55d6e847322426dbee309 (host: np0000188235) handling event "update" for row 2f0f4256-4ff0-496f-b8ea-ec3d0dcaf5f8 (table: NB_Global) {{(pid=101540) notify /opt/stack/neutron/neutron/plugins/ml2/drivers/ovn/mech_driver/ovsdb/ovsdb_monitor.py:1099}}
Aug 08 04:06:17.582295 np0000188235 devstack@neutron-api.service[101540]: DEBUG neutron.plugins.ml2.drivers.ovn.mech_driver.ovsdb.ovsdb_monitor [-] Hash Ring: Node 23314127a9d55d6e847322426dbee309 (host: np0000188235) handling event "update" for row 2f0f4256-4ff0-496f-b8ea-ec3d0dcaf5f8 (table: NB_Global) {{(pid=101540) notify /opt/stack/neutron/neutron/plugins/ml2/drivers/ovn/mech_driver/ovsdb/ovsdb_monitor.py:1099}}
Aug 08 04:06:17.582449 np0000188235 devstack@neutron-api.service[101542]: DEBUG ovsdbapp.backend.ovs_idl.event [-] Matched UPDATE: ChassisOVNAgentWriteEvent(events=('create', 'update'), table='Chassis_Private', conditions=None, old_conditions=None), priority=20 to row=Chassis_Private(uuid=7d3f9a63-1f7b-48ea-b2ad-0ef5a99ef489, chassis=6b2fc74c-c7dd-4066-a7d3-76f41b5989eb, external_ids={'neutron:ovn-bridge': 'br-int', 'neutron:ovn-neutron-agent-id': '1b4e6e19-cacb-5ccd-b1fc-024b03000b25', 'neutron:ovn-neutron-agent-sb-cfg': '1'}, name='66828ea7-0606-4080-8699-d27681098c8d', nb_cfg=1, nb_cfg_timestamp=1786161977566) old=Chassis_Private(uuid=7d3f9a63-1f7b-48ea-b2ad-0ef5a99ef489, external_ids={'neutron:ovn-bridge': 'br-int', 'neutron:ovn-neutron-agent-id': '1b4e6e19-cacb-5ccd-b1fc-024b03000b25', 'neutron:ovn-neutron-agent-sb-cfg': '0'}) {{(pid=101542) matches /opt/stack/data/venv/lib/python3.12/site-packages/ovsdbapp/backend/ovs_idl/event.py:55}}
Aug 08 04:06:17.583263 np0000188235 devstack@neutron-api.service[101543]: DEBUG ovsdbapp.backend.ovs_idl.event [-] Matched UPDATE: ChassisAgentWriteEvent(events=('create', 'update'), table='Chassis_Private', conditions=None, old_conditions=None), priority=20 to row=Chassis_Private(uuid=7d3f9a63-1f7b-48ea-b2ad-0ef5a99ef489, chassis=6b2fc74c-c7dd-4066-a7d3-76f41b5989eb, external_ids={'neutron:ovn-bridge': 'br-int', 'neutron:ovn-neutron-agent-id': '1b4e6e19-cacb-5ccd-b1fc-024b03000b25', 'neutron:ovn-neutron-agent-sb-cfg': '0'}, name='66828ea7-0606-4080-8699-d27681098c8d', nb_cfg=1, nb_cfg_timestamp=1786161977566) old=Chassis_Private(uuid=7d3f9a63-1f7b-48ea-b2ad-0ef5a99ef489, nb_cfg=0, nb_cfg_timestamp=0) {{(pid=101543) matches /opt/stack/data/venv/lib/python3.12/site-packages/ovsdbapp/backend/ovs_idl/event.py:55}}
Aug 08 04:06:17.586719 np0000188235 devstack@neutron-api.service[101543]: DEBUG ovsdbapp.backend.ovs_idl.event [-] Matched UPDATE: ChassisOVNAgentWriteEvent(events=('create', 'update'), table='Chassis_Private', conditions=None, old_conditions=None), priority=20 to row=Chassis_Private(uuid=7d3f9a63-1f7b-48ea-b2ad-0ef5a99ef489, chassis=6b2fc74c-c7dd-4066-a7d3-76f41b5989eb, external_ids={'neutron:ovn-bridge': 'br-int', 'neutron:ovn-neutron-agent-id': '1b4e6e19-cacb-5ccd-b1fc-024b03000b25', 'neutron:ovn-neutron-agent-sb-cfg': '1'}, name='66828ea7-0606-4080-8699-d27681098c8d', nb_cfg=1, nb_cfg_timestamp=1786161977566) old=Chassis_Private(uuid=7d3f9a63-1f7b-48ea-b2ad-0ef5a99ef489, external_ids={'neutron:ovn-bridge': 'br-int', 'neutron:ovn-neutron-agent-id': '1b4e6e19-cacb-5ccd-b1fc-024b03000b25', 'neutron:ovn-neutron-agent-sb-cfg': '0'}) {{(pid=101543) matches /opt/stack/data/venv/lib/python3.12/site-packages/ovsdbapp/backend/ovs_idl/event.py:55}}
Aug 08 04:06:17.639460 np0000188235 devstack@neutron-api.service[101543]: DEBUG neutron.plugins.ml2.drivers.helpers [None req-0b5225ad-3939-43df-be9e-78f1cf5006db admin admin] geneve segment allocate from pool success with {'geneve_vni': 49645} {{(pid=101543) allocate_partially_specified_segment /opt/stack/neutron/neutron/plugins/ml2/drivers/helpers.py:142}}
Aug 08 04:06:17.652878 np0000188235 devstack@neutron-api.service[101543]: DEBUG neutron_lib.callbacks.manager [None req-0b5225ad-3939-43df-be9e-78f1cf5006db admin admin] Publish callbacks ['neutron.services.segments.db._add_segment_host_mapping_for_segment-8544972039982', 'neutron.plugins.ml2.plugin.Ml2Plugin._handle_segment_change-343432'] for segment (a2c72ab2-3179-4400-835a-b28ba6a52d1b), precommit_create {{(pid=101543) _notify_loop /opt/stack/data/venv/lib/python3.12/site-packages/neutron_lib/callbacks/manager.py:184}}
Aug 08 04:06:17.653081 np0000188235 devstack@neutron-api.service[101543]: INFO neutron.db.segments_db [None req-0b5225ad-3939-43df-be9e-78f1cf5006db admin admin] Added segment a2c72ab2-3179-4400-835a-b28ba6a52d1b of type geneve for network e286fa5f-30c8-4106-98d2-8a7d0e0e14f3
Aug 08 04:06:17.692316 np0000188235 devstack@neutron-api.service[101543]: DEBUG neutron_lib.callbacks.manager [None req-0b5225ad-3939-43df-be9e-78f1cf5006db admin admin] Publish callbacks ['neutron.services.auto_allocate.db._ensure_external_network_default_value_callback-8544970876478'] for network (e286fa5f-30c8-4106-98d2-8a7d0e0e14f3), precommit_create {{(pid=101543) _notify_loop /opt/stack/data/venv/lib/python3.12/site-packages/neutron_lib/callbacks/manager.py:184}}
Aug 08 04:06:17.707542 np0000188235 devstack@neutron-api.service[101543]: DEBUG neutron.plugins.ml2.drivers.ovn.mech_driver.mech_driver [None req-0b5225ad-3939-43df-be9e-78f1cf5006db admin admin] Validating network segment with type geneve, segmentation ID 49645, physical network None {{(pid=101543) _validate_network_segments /opt/stack/neutron/neutron/plugins/ml2/drivers/ovn/mech_driver/mech_driver.py:646}}
Aug 08 04:06:17.707645 np0000188235 devstack@neutron-api.service[101543]: DEBUG neutron.db.ovn_revision_numbers_db [None req-0b5225ad-3939-43df-be9e-78f1cf5006db admin admin] create_initial_revision uuid=e286fa5f-30c8-4106-98d2-8a7d0e0e14f3, type=networks, rev=-1 {{(pid=101543) create_initial_revision /opt/stack/neutron/neutron/db/ovn_revision_numbers_db.py:98}}
Aug 08 04:06:17.727240 np0000188235 devstack@neutron-api.service[101543]: DEBUG neutron_lib.callbacks.manager [None req-0b5225ad-3939-43df-be9e-78f1cf5006db admin admin] Publish callbacks ['neutron.plugins.ml2.ovo_rpc._ObjectChangeHandler.handle_event-267067809'] for network (e286fa5f-30c8-4106-98d2-8a7d0e0e14f3), after_create {{(pid=101543) _notify_loop /opt/stack/data/venv/lib/python3.12/site-packages/neutron_lib/callbacks/manager.py:184}}
Aug 08 04:06:17.776227 np0000188235 devstack@neutron-api.service[101543]: DEBUG neutron.api.rpc.handlers.resources_rpc [None req-0b5225ad-3939-43df-be9e-78f1cf5006db admin admin] Pushing event updated for resources: {'Network': ['ID=e286fa5f-30c8-4106-98d2-8a7d0e0e14f3,revision_number=1']} {{(pid=101543) push /opt/stack/neutron/neutron/api/rpc/handlers/resources_rpc.py:237}}
Aug 08 04:06:17.784274 np0000188235 devstack@neutron-api.service[101543]: DEBUG ovsdbapp.backend.ovs_idl.transaction [-] Running txn n=1 command(idx=0): AddNetworkCommand(_result=None, network_uuid=e286fa5f-30c8-4106-98d2-8a7d0e0e14f3, may_exist=True, columns={'external_ids': {'neutron:network_name': 'private', 'neutron:mtu': '1372', 'neutron:revision_number': '1', 'neutron:availability_zone_hints': '', 'neutron:provnet-network-type': 'geneve'}, 'other_config': {'mcast_snoop': 'false', 'mcast_flood_unregistered': 'false', 'vlan-passthru': 'false'}}) {{(pid=101543) do_commit /opt/stack/data/venv/lib/python3.12/site-packages/ovsdbapp/backend/ovs_idl/transaction.py:89}}
Aug 08 04:06:17.784664 np0000188235 devstack@neutron-api.service[101543]: DEBUG neutron.common.ovn.utils [-] OVS persist_uuid supported=True {{(pid=101543) ovs_persist_uuid_supported /opt/stack/neutron/neutron/common/ovn/utils.py:1565}}
Aug 08 04:06:17.789461 np0000188235 devstack@neutron-api.service[101540]: DEBUG neutron.plugins.ml2.drivers.ovn.mech_driver.ovsdb.ovsdb_monitor [-] Hash Ring: Node 23314127a9d55d6e847322426dbee309 (host: np0000188235) handling event "create" for row e286fa5f-30c8-4106-98d2-8a7d0e0e14f3 (table: Logical_Switch) {{(pid=101540) notify /opt/stack/neutron/neutron/plugins/ml2/drivers/ovn/mech_driver/ovsdb/ovsdb_monitor.py:1099}}
Aug 08 04:06:17.794230 np0000188235 devstack@neutron-api.service[101541]: DEBUG neutron.plugins.ml2.drivers.ovn.mech_driver.ovsdb.ovsdb_monitor [-] Hash Ring: Node 287db8a302a55047a192f4f00bbc6d1e (host: np0000188235) handling event "create" for row e286fa5f-30c8-4106-98d2-8a7d0e0e14f3 (table: Logical_Switch) {{(pid=101541) notify /opt/stack/neutron/neutron/plugins/ml2/drivers/ovn/mech_driver/ovsdb/ovsdb_monitor.py:1099}}
Aug 08 04:06:17.798739 np0000188235 devstack@neutron-api.service[101540]: DEBUG neutron.plugins.ml2.drivers.ovn.mech_driver.ovsdb.ovsdb_monitor [-] Hash Ring: Node 23314127a9d55d6e847322426dbee309 (host: np0000188235) handling event "create" for row 0513385b-8026-42fd-920a-867ef7ae0369 (table: Datapath_Binding) {{(pid=101540) notify /opt/stack/neutron/neutron/plugins/ml2/drivers/ovn/mech_driver/ovsdb/ovsdb_monitor.py:1099}}
Aug 08 04:06:17.800287 np0000188235 devstack@neutron-api.service[101542]: DEBUG neutron.plugins.ml2.drivers.ovn.mech_driver.ovsdb.ovsdb_monitor [-] Hash Ring: Node 6491d8fbf7e8503384e4fc758b228fda (host: np0000188235) handling event "create" for row 0513385b-8026-42fd-920a-867ef7ae0369 (table: Datapath_Binding) {{(pid=101542) notify /opt/stack/neutron/neutron/plugins/ml2/drivers/ovn/mech_driver/ovsdb/ovsdb_monitor.py:1099}}
Aug 08 04:06:17.825213 np0000188235 devstack@neutron-api.service[101543]: INFO neutron.db.ovn_revision_numbers_db [None req-0b5225ad-3939-43df-be9e-78f1cf5006db admin admin] Successfully bumped revision number for resource e286fa5f-30c8-4106-98d2-8a7d0e0e14f3 (type: networks) to 1
Aug 08 04:06:17.888239 np0000188235 devstack@neutron-api.service[101543]: DEBUG neutron_lib.callbacks.manager [None req-0b5225ad-3939-43df-be9e-78f1cf5006db admin admin] Publish callbacks ['neutron.plugins.ml2.plugin.SecurityGroupDbMixin._ensure_default_security_group_handler-90452'] for port (None), before_create {{(pid=101543) _notify_loop /opt/stack/data/venv/lib/python3.12/site-packages/neutron_lib/callbacks/manager.py:184}}
Aug 08 04:06:18.176052 np0000188235 devstack@neutron-api.service[101543]: DEBUG neutron_lib.callbacks.manager [None req-0b5225ad-3939-43df-be9e-78f1cf5006db admin admin] Publish callbacks ['neutron.plugins.ml2.drivers.ovn.mech_driver.mech_driver.OVNMechanismDriver._validate_allowed_address_pairs-268293873'] for allowed_address_pair (5306ae43-37c0-40f9-ac7c-804417f27cb5), before_create {{(pid=101543) _notify_loop /opt/stack/data/venv/lib/python3.12/site-packages/neutron_lib/callbacks/manager.py:184}}
Aug 08 04:06:18.176760 np0000188235 devstack@neutron-api.service[101543]: DEBUG neutron_lib.callbacks.manager [None req-0b5225ad-3939-43df-be9e-78f1cf5006db admin admin] Publish callbacks [] for port (5306ae43-37c0-40f9-ac7c-804417f27cb5), precommit_create {{(pid=101543) _notify_loop /opt/stack/data/venv/lib/python3.12/site-packages/neutron_lib/callbacks/manager.py:184}}
Aug 08 04:06:18.176760 np0000188235 devstack@neutron-api.service[101543]: DEBUG neutron.plugins.ml2.drivers.ovn.mech_driver.mech_driver [None req-0b5225ad-3939-43df-be9e-78f1cf5006db admin admin] No provisioning block for port 5306ae43-37c0-40f9-ac7c-804417f27cb5 since it does not have a host {{(pid=101543) _is_port_provisioning_required /opt/stack/neutron/neutron/plugins/ml2/drivers/ovn/mech_driver/mech_driver.py:899}}
Aug 08 04:06:18.176760 np0000188235 devstack@neutron-api.service[101543]: DEBUG neutron.db.ovn_revision_numbers_db [None req-0b5225ad-3939-43df-be9e-78f1cf5006db admin admin] create_initial_revision uuid=5306ae43-37c0-40f9-ac7c-804417f27cb5, type=ports, rev=-1 {{(pid=101543) create_initial_revision /opt/stack/neutron/neutron/db/ovn_revision_numbers_db.py:98}}
