2026-08-22 15:51:18.043 7 WARNING neutron.api.rpc.agentnotifiers.dhcp_rpc_agent_api [None req-aa7aec9e-3816-4865-843d-45f9f3cf9c96 f37fcdae3747438196a247a1cdcafc00 715f61196fe24932951a64b3c558b6bc - - default default] Unable to schedule network 27d79c02-df44-4f61-8c4e-01ff0095c5e2: no agents available; will retry on subsequent port and subnet creation events.
2026-08-22 15:51:18.068 7 INFO neutron.db.ovn_revision_numbers_db [None req-aa7aec9e-3816-4865-843d-45f9f3cf9c96 f37fcdae3747438196a247a1cdcafc00 715f61196fe24932951a64b3c558b6bc - - default default] Successfully bumped revision number for resource e909db5d-e71a-4a9b-80c1-5e09704e9fc1 (type: subnets) to 0 [pid: 7|app: 0|req: 732/1366] 10.0.0.94 () {34 vars in 667 bytes} [Sat Aug 22 15:51:17 2026] POST /v2.0/subnets => generated 646 bytes in 231 msecs (HTTP/1.1 201) 4 headers in 162 bytes (1 switches on core 0) [pid: 8|app: 0|req: 635/1367] 10.0.0.94 () {32 vars in 730 bytes} [Sat Aug 22 15:51:17 2026] DELETE /v2.0/floatingips/e9f3b3d2-be1b-41e5-8fd4-e01a62357f85 => generated 0 bytes in 416 msecs (HTTP/1.1 204) 2 headers in 112 bytes (1 switches on core 0)
2026-08-22 15:51:18.226 7 INFO neutron.db.ovn_revision_numbers_db [None req-7daf1039-4016-4e1c-bb3d-3255ae514c86 f37fcdae3747438196a247a1cdcafc00 715f61196fe24932951a64b3c558b6bc - - default default] Successfully bumped revision number for resource e8cfc724-2772-4467-8eb6-4dbef7ecae61 (type: routers) to 1 [pid: 7|app: 0|req: 733/1368] 10.0.0.94 () {34 vars in 667 bytes} [Sat Aug 22 15:51:18 2026] POST /v2.0/routers => generated 607 bytes in 153 msecs (HTTP/1.1 201) 4 headers in 162 bytes (1 switches on core 0)
2026-08-22 15:51:18.555 8 WARNING neutron.scheduler.dhcp_agent_scheduler [None req-d7a2ceba-a931-4347-8589-f95aa63a9c61 f37fcdae3747438196a247a1cdcafc00 715f61196fe24932951a64b3c558b6bc - - default default] No more DHCP agents
2026-08-22 15:51:18.556 8 WARNING neutron.api.rpc.agentnotifiers.dhcp_rpc_agent_api [None req-d7a2ceba-a931-4347-8589-f95aa63a9c61 f37fcdae3747438196a247a1cdcafc00 715f61196fe24932951a64b3c558b6bc - - default default] Unable to schedule network 27d79c02-df44-4f61-8c4e-01ff0095c5e2: no agents available; will retry on subsequent port and subnet creation events.
2026-08-22 15:51:18.665 8 INFO neutron.plugins.ml2.drivers.ovn.mech_driver.mech_driver [None req-a88bc001-a293-41d5-adda-be098df1eb9f - - - - - -] OVN reports status down for port: fdd05ec5-55b6-4158-8037-9e754554c08c
2026-08-22 15:51:18.763 8 INFO neutron.db.ovn_revision_numbers_db [None req-d7a2ceba-a931-4347-8589-f95aa63a9c61 f37fcdae3747438196a247a1cdcafc00 715f61196fe24932951a64b3c558b6bc - - default default] Successfully bumped revision number for resource fdd05ec5-55b6-4158-8037-9e754554c08c (type: ports) to 1 [pid: 8|app: 0|req: 636/1369] 10.0.0.94 () {34 vars in 663 bytes} [Sat Aug 22 15:51:18 2026] POST /v2.0/ports => generated 963 bytes in 620 msecs (HTTP/1.1 201) 4 headers in 162 bytes (1 switches on core 0) /var/lib/openstack/lib/python3.12/site-packages/pycadf/identifier.py:70: UserWarning: Invalid uuid: neutron. To ensure interoperability, identifiers should be a valid uuid. warnings.warn(('Invalid uuid: %s. To ensure interoperability, '
2026-08-22 15:51:18.970 7 INFO neutron.services.segments.plugin [-] Segment 4cece1db-6387-411e-bdd8-cd596a60ccd3 resource provider aggregate not found
2026-08-22 15:51:18.980 7 INFO neutron.services.segments.plugin [-] Segment 4cece1db-6387-411e-bdd8-cd596a60ccd3 resource provider aggregate not found
2026-08-22 15:51:18.994 7 INFO neutron.services.segments.plugin [-] Client error retrieving segment 4cece1db-6387-411e-bdd8-cd596a60ccd3 resource provider; error: Placement Client Error (4xx): {"errors": [{"status": 404, "title": "Not Found", "detail": "The resource could not be found.\n\n No resource provider with uuid 4cece1db-6387-411e-bdd8-cd596a60ccd3 found for delete ", "request_id": "req-647ff568-f8bb-489b-98a5-b11e946d0d82"}]}
2026-08-22 15:51:19.007 7 INFO neutron.services.segments.plugin [-] Client error retrieving segment 4cece1db-6387-411e-bdd8-cd596a60ccd3 resource provider; error: Placement Client Error (4xx): {"errors": [{"status": 404, "title": "Not Found", "detail": "The resource could not be found.\n\n No resource provider with uuid 4cece1db-6387-411e-bdd8-cd596a60ccd3 found for delete ", "request_id": "req-ea302169-7e5d-4d4a-ad13-0cfb102e5ed1"}]}
2026-08-22 15:51:19.130 7 INFO neutron.db.ovn_revision_numbers_db [None req-9bb0c009-9ba6-4cac-9240-be37f642b34f b5f8d443a85542d09eab869234d828eb 70c729d3a63d4ecf9d69285572b8c83a - - default default] Successfully bumped revision number for resource 03777c97-421f-411e-82a9-63bf380f06b5 (type: security_groups) to 1
2026-08-22 15:51:19.143 7 INFO neutron.db.ovn_revision_numbers_db [None req-9bb0c009-9ba6-4cac-9240-be37f642b34f b5f8d443a85542d09eab869234d828eb 70c729d3a63d4ecf9d69285572b8c83a - - default default] Successfully bumped revision number for resource 2d12e236-9ece-4191-90e0-5a3af75b6bd8 (type: security_group_rules) to 0
2026-08-22 15:51:19.157 7 INFO neutron.db.ovn_revision_numbers_db [None req-9bb0c009-9ba6-4cac-9240-be37f642b34f b5f8d443a85542d09eab869234d828eb 70c729d3a63d4ecf9d69285572b8c83a - - default default] Successfully bumped revision number for resource 3b3d02e8-fe5a-4436-8c0f-5eb12b1b05b8 (type: security_group_rules) to 0
2026-08-22 15:51:19.168 7 INFO neutron.db.ovn_revision_numbers_db [None req-9bb0c009-9ba6-4cac-9240-be37f642b34f b5f8d443a85542d09eab869234d828eb 70c729d3a63d4ecf9d69285572b8c83a - - default default] Successfully bumped revision number for resource cecef495-11bf-40ca-91ef-daf8c1c86677 (type: security_group_rules) to 0
2026-08-22 15:51:19.181 7 INFO neutron.db.ovn_revision_numbers_db [None req-9bb0c009-9ba6-4cac-9240-be37f642b34f b5f8d443a85542d09eab869234d828eb 70c729d3a63d4ecf9d69285572b8c83a - - default default] Successfully bumped revision number for resource d3e738d2-6046-4ca0-987b-b7895600b17b (type: security_group_rules) to 0 [pid: 7|app: 0|req: 734/1370] 10.0.0.94 () {32 vars in 772 bytes} [Sat Aug 22 15:51:18 2026] GET /v2.0/security-groups?tenant_id=f585683bba9a45369ba6734ec568875c&name=default => generated 2925 bytes in 541 msecs (HTTP/1.1 200) 4 headers in 158 bytes (1 switches on core 0)
2026-08-22 15:51:19.423 8 INFO neutron.plugins.ml2.drivers.ovn.mech_driver.mech_driver [None req-a88bc001-a293-41d5-adda-be098df1eb9f - - - - - -] OVN reports status up for port: fdd05ec5-55b6-4158-8037-9e754554c08c
2026-08-22 15:51:19.446 8 INFO neutron.plugins.ml2.plugin [None req-a88bc001-a293-41d5-adda-be098df1eb9f - - - - - -] Attempt 1 to provision port fdd05ec5-55b6-4158-8037-9e754554c08c
2026-08-22 15:51:19.468 8 INFO neutron.db.ovn_revision_numbers_db [None req-fda20ed5-0cb0-4ba0-8d30-05c40153c9bf f37fcdae3747438196a247a1cdcafc00 715f61196fe24932951a64b3c558b6bc - - default default] Successfully bumped revision number for resource fdd05ec5-55b6-4158-8037-9e754554c08c (type: ports) to 2
2026-08-22 15:51:19.589 7 INFO neutron.db.ovn_revision_numbers_db [None req-d71cd2dc-ff2b-4409-be63-a18eda46ef71 b5f8d443a85542d09eab869234d828eb 70c729d3a63d4ecf9d69285572b8c83a - - default default] Successfully bumped revision number for resource d9b0a6fd-08be-4c8c-9750-9ba4c95de909 (type: security_groups) to 1
2026-08-22 15:51:19.599 7 INFO neutron.db.ovn_revision_numbers_db [None req-d71cd2dc-ff2b-4409-be63-a18eda46ef71 b5f8d443a85542d09eab869234d828eb 70c729d3a63d4ecf9d69285572b8c83a - - default default] Successfully bumped revision number for resource 1b6780f0-4a9b-4744-9dab-2baccbb2d8ee (type: security_group_rules) to 0
2026-08-22 15:51:19.612 7 INFO neutron.db.ovn_revision_numbers_db [None req-d71cd2dc-ff2b-4409-be63-a18eda46ef71 b5f8d443a85542d09eab869234d828eb 70c729d3a63d4ecf9d69285572b8c83a - - default default] Successfully bumped revision number for resource 4f2e1f92-1461-4f5b-8d18-b418e22b8df1 (type: security_group_rules) to 0
2026-08-22 15:51:19.621 7 INFO neutron.db.ovn_revision_numbers_db [None req-d71cd2dc-ff2b-4409-be63-a18eda46ef71 b5f8d443a85542d09eab869234d828eb 70c729d3a63d4ecf9d69285572b8c83a - - default default] Successfully bumped revision number for resource d3cca179-760d-4eb0-a64c-de24873aa088 (type: security_group_rules) to 0
2026-08-22 15:51:19.629 7 INFO neutron.db.ovn_revision_numbers_db [None req-d71cd2dc-ff2b-4409-be63-a18eda46ef71 b5f8d443a85542d09eab869234d828eb 70c729d3a63d4ecf9d69285572b8c83a - - default default] Successfully bumped revision number for resource f2d57712-8d49-435c-ab67-5f7791f39856 (type: security_group_rules) to 0 [pid: 7|app: 0|req: 735/1371] 10.0.0.94 () {32 vars in 772 bytes} [Sat Aug 22 15:51:19 2026] GET /v2.0/security-groups?tenant_id=401490688e3c43599416cd7c5b002194&name=default => generated 2925 bytes in 433 msecs (HTTP/1.1 200) 4 headers in 158 bytes (1 switches on core 0) [pid: 7|app: 0|req: 736/1372] 10.0.0.94 () {32 vars in 738 bytes} [Sat Aug 22 15:51:19 2026] DELETE /v2.0/security-groups/03777c97-421f-411e-82a9-63bf380f06b5 => generated 0 bytes in 277 msecs (HTTP/1.1 204) 2 headers in 112 bytes (1 switches on core 0)
2026-08-22 15:51:20.130 7 INFO neutron.db.ovn_revision_numbers_db [None req-cc789964-b261-4676-867c-8d810ef731b5 b5f8d443a85542d09eab869234d828eb 70c729d3a63d4ecf9d69285572b8c83a - - default default] Successfully bumped revision number for resource 65f8b746-4d0c-4423-9125-3239ffe1f91c (type: security_groups) to 1
2026-08-22 15:51:20.144 7 INFO neutron.db.ovn_revision_numbers_db [None req-cc789964-b261-4676-867c-8d810ef731b5 b5f8d443a85542d09eab869234d828eb 70c729d3a63d4ecf9d69285572b8c83a - - default default] Successfully bumped revision number for resource 3c29fa9c-7d4c-4ece-bc48-afc15672582a (type: security_group_rules) to 0
2026-08-22 15:51:20.155 7 INFO neutron.db.ovn_revision_numbers_db [None req-cc789964-b261-4676-867c-8d810ef731b5 b5f8d443a85542d09eab869234d828eb 70c729d3a63d4ecf9d69285572b8c83a - - default default] Successfully bumped revision number for resource 554c1bb2-3b13-4828-bd9a-7c23997e3be3 (type: security_group_rules) to 0
2026-08-22 15:51:20.166 7 INFO neutron.db.ovn_revision_numbers_db [None req-cc789964-b261-4676-867c-8d810ef731b5 b5f8d443a85542d09eab869234d828eb 70c729d3a63d4ecf9d69285572b8c83a - - default default] Successfully bumped revision number for resource 938b4340-44d9-44e4-873d-2aa287508eb0 (type: security_group_rules) to 0
2026-08-22 15:51:20.177 7 INFO neutron.db.ovn_revision_numbers_db [None req-cc789964-b261-4676-867c-8d810ef731b5 b5f8d443a85542d09eab869234d828eb 70c729d3a63d4ecf9d69285572b8c83a - - default default] Successfully bumped revision number for resource 9be84bfb-f2ec-4353-9db1-73c51cd970ca (type: security_group_rules) to 0 [pid: 7|app: 0|req: 737/1373] 10.0.0.94 () {32 vars in 772 bytes} [Sat Aug 22 15:51:19 2026] GET /v2.0/security-groups?tenant_id=e98031e60271419c986fd55315a25e2a&name=default => generated 2925 bytes in 270 msecs (HTTP/1.1 200) 4 headers in 158 bytes (1 switches on core 0)
2026-08-22 15:51:20.277 8 INFO neutron.db.ovn_revision_numbers_db [None req-a88bc001-a293-41d5-adda-be098df1eb9f - - - - - -] Successfully bumped revision number for resource fdd05ec5-55b6-4158-8037-9e754554c08c (type: ports) to 3
2026-08-22 15:51:20.480 8 WARNING neutron.scheduler.dhcp_agent_scheduler [None req-fda20ed5-0cb0-4ba0-8d30-05c40153c9bf f37fcdae3747438196a247a1cdcafc00 715f61196fe24932951a64b3c558b6bc - - default default] No more DHCP agents
2026-08-22 15:51:20.482 8 WARNING neutron.api.rpc.agentnotifiers.dhcp_rpc_agent_api [None req-fda20ed5-0cb0-4ba0-8d30-05c40153c9bf f37fcdae3747438196a247a1cdcafc00 715f61196fe24932951a64b3c558b6bc - - default default] Unable to schedule network 27d79c02-df44-4f61-8c4e-01ff0095c5e2: no agents available; will retry on subsequent port and subnet creation events. [pid: 7|app: 0|req: 738/1374] 10.0.0.94 () {32 vars in 738 bytes} [Sat Aug 22 15:51:20 2026] DELETE /v2.0/security-groups/d9b0a6fd-08be-4c8c-9750-9ba4c95de909 => generated 0 bytes in 292 msecs (HTTP/1.1 204) 2 headers in 112 bytes (1 switches on core 0)
2026-08-22 15:51:20.678 7 INFO neutron.db.ovn_revision_numbers_db [None req-2e9aa0c1-75e8-4bf2-93a7-8245794c9245 b5f8d443a85542d09eab869234d828eb 70c729d3a63d4ecf9d69285572b8c83a - - default default] Successfully bumped revision number for resource b57e8b01-1608-431c-a051-d66a2baec49c (type: security_groups) to 1
2026-08-22 15:51:20.688 7 INFO neutron.db.ovn_revision_numbers_db [None req-2e9aa0c1-75e8-4bf2-93a7-8245794c9245 b5f8d443a85542d09eab869234d828eb 70c729d3a63d4ecf9d69285572b8c83a - - default default] Successfully bumped revision number for resource 09dd96f6-bb7b-4ce3-be2a-15b18bc70cbb (type: security_group_rules) to 0
2026-08-22 15:51:20.703 7 INFO neutron.db.ovn_revision_numbers_db [None req-2e9aa0c1-75e8-4bf2-93a7-8245794c9245 b5f8d443a85542d09eab869234d828eb 70c729d3a63d4ecf9d69285572b8c83a - - default default] Successfully bumped revision number for resource 4813760a-f738-45f2-9314-6a08ac700a99 (type: security_group_rules) to 0
2026-08-22 15:51:20.728 7 INFO neutron.db.ovn_revision_numbers_db [None req-2e9aa0c1-75e8-4bf2-93a7-8245794c9245 b5f8d443a85542d09eab869234d828eb 70c729d3a63d4ecf9d69285572b8c83a - - default default] Successfully bumped revision number for resource 556a18d8-d0e9-4698-a9ee-b1b400d6c1b1 (type: security_group_rules) to 0
2026-08-22 15:51:20.743 7 INFO neutron.db.ovn_revision_numbers_db [None req-2e9aa0c1-75e8-4bf2-93a7-8245794c9245 b5f8d443a85542d09eab869234d828eb 70c729d3a63d4ecf9d69285572b8c83a - - default default] Successfully bumped revision number for resource d9415eed-b6ce-4dc5-ac5b-d0e3aea40bdf (type: security_group_rules) to 0 [pid: 7|app: 0|req: 739/1375] 10.0.0.94 () {32 vars in 772 bytes} [Sat Aug 22 15:51:20 2026] GET /v2.0/security-groups?tenant_id=4fcc81cee4a84980a1c9bbc71fd7c65c&name=default => generated 2925 bytes in 280 msecs (HTTP/1.1 200) 4 headers in 158 bytes (1 switches on core 0)
2026-08-22 15:51:20.829 8 INFO neutron.db.ovn_revision_numbers_db [None req-fda20ed5-0cb0-4ba0-8d30-05c40153c9bf f37fcdae3747438196a247a1cdcafc00 715f61196fe24932951a64b3c558b6bc - - default default] Successfully bumped revision number for resource fdd05ec5-55b6-4158-8037-9e754554c08c (type: router_ports) to 3 [pid: 8|app: 0|req: 637/1376] 10.0.0.94 () {34 vars in 781 bytes} [Sat Aug 22 15:51:18 2026] PUT /v2.0/routers/e8cfc724-2772-4467-8eb6-4dbef7ecae61/add_router_interface => generated 309 bytes in 1968 msecs (HTTP/1.1 200) 4 headers in 157 bytes (1 switches on core 0) /var/lib/openstack/lib/python3.12/site-packages/pycadf/identifier.py:70: UserWarning: Invalid uuid: neutron. To ensure interoperability, identifiers should be a valid uuid. warnings.warn(('Invalid uuid: %s. To ensure interoperability, '
2026-08-22 15:51:21.018 8 INFO neutron.db.ovn_revision_numbers_db [None req-66909f5c-1813-4a4d-8f2f-0e31b7052414 b5f8d443a85542d09eab869234d828eb 70c729d3a63d4ecf9d69285572b8c83a - - default default] Successfully bumped revision number for resource 063e9f56-5703-45da-a77c-4455929a6507 (type: security_groups) to 1
2026-08-22 15:51:21.031 8 INFO neutron.db.ovn_revision_numbers_db [None req-66909f5c-1813-4a4d-8f2f-0e31b7052414 b5f8d443a85542d09eab869234d828eb 70c729d3a63d4ecf9d69285572b8c83a - - default default] Successfully bumped revision number for resource 24677696-2e31-4e84-a35c-796d28180764 (type: security_group_rules) to 0
2026-08-22 15:51:21.047 8 INFO neutron.db.ovn_revision_numbers_db [None req-66909f5c-1813-4a4d-8f2f-0e31b7052414 b5f8d443a85542d09eab869234d828eb 70c729d3a63d4ecf9d69285572b8c83a - - default default] Successfully bumped revision number for resource 74666183-3579-47de-a133-ef57e72914ba (type: security_group_rules) to 0
2026-08-22 15:51:21.060 8 INFO neutron.db.ovn_revision_numbers_db [None req-66909f5c-1813-4a4d-8f2f-0e31b7052414 b5f8d443a85542d09eab869234d828eb 70c729d3a63d4ecf9d69285572b8c83a - - default default] Successfully bumped revision number for resource 75e592d4-e9cb-4f40-af85-9df9f8f405ed (type: security_group_rules) to 0 [pid: 7|app: 0|req: 740/1377] 10.0.0.94 () {32 vars in 738 bytes} [Sat Aug 22 15:51:20 2026] DELETE /v2.0/security-groups/65f8b746-4d0c-4423-9125-3239ffe1f91c => generated 0 bytes in 281 msecs (HTTP/1.1 204) 2 headers in 112 bytes (1 switches on core 0)
2026-08-22 15:51:21.071 8 INFO neutron.db.ovn_revision_numbers_db [None req-66909f5c-1813-4a4d-8f2f-0e31b7052414 b5f8d443a85542d09eab869234d828eb 70c729d3a63d4ecf9d69285572b8c83a - - default default] Successfully bumped revision number for resource bdffc38c-b691-4660-9d17-be21ad004ab0 (type: security_group_rules) to 0 [pid: 8|app: 0|req: 638/1378] 10.0.0.94 () {32 vars in 772 bytes} [Sat Aug 22 15:51:20 2026] GET /v2.0/security-groups?tenant_id=aeb4871521204af392e138be93f6e7f7&name=default => generated 2925 bytes in 271 msecs (HTTP/1.1 200) 4 headers in 158 bytes (1 switches on core 0) [pid: 8|app: 0|req: 639/1379] 10.0.0.94 () {32 vars in 715 bytes} [Sat Aug 22 15:51:21 2026] GET /v2.0/ports/fdd05ec5-55b6-4158-8037-9e754554c08c => generated 1025 bytes in 33 msecs (HTTP/1.1 200) 4 headers in 158 bytes (1 switches on core 0) [pid: 7|app: 0|req: 741/1380] 10.0.0.94 () {32 vars in 738 bytes} [Sat Aug 22 15:51:21 2026] DELETE /v2.0/security-groups/b57e8b01-1608-431c-a051-d66a2baec49c => generated 0 bytes in 229 msecs (HTTP/1.1 204) 2 headers in 112 bytes (1 switches on core 0) [pid: 8|app: 0|req: 640/1381] 10.0.0.94 () {32 vars in 738 bytes} [Sat Aug 22 15:51:21 2026] DELETE /v2.0/security-groups/063e9f56-5703-45da-a77c-4455929a6507 => generated 0 bytes in 327 msecs (HTTP/1.1 204) 2 headers in 112 bytes (1 switches on core 0)
2026-08-22 15:51:21.585 7 INFO neutron_taas.services.taas.taas_plugin [None req-eef07a08-f199-4383-ba0b-16c731306b7b f37fcdae3747438196a247a1cdcafc00 715f61196fe24932951a64b3c558b6bc - - default default] TaaS: Handle Delete Port: fdd05ec5-55b6-4158-8037-9e754554c08c
2026-08-22 15:51:21.589 7 INFO neutron_taas.services.taas.tap_mirror_plugin [None req-eef07a08-f199-4383-ba0b-16c731306b7b f37fcdae3747438196a247a1cdcafc00 715f61196fe24932951a64b3c558b6bc - - default default] Tap Mirror: Handle Delete Port: fdd05ec5-55b6-4158-8037-9e754554c08c
2026-08-22 15:51:21.828 8 INFO neutron.db.ovn_revision_numbers_db [None req-e378632b-580c-463b-a103-7ffb0d9e1bec b5f8d443a85542d09eab869234d828eb 70c729d3a63d4ecf9d69285572b8c83a - - default default] Successfully bumped revision number for resource 05116ee8-6116-467e-8526-99cb7839bff6 (type: security_groups) to 1
2026-08-22 15:51:21.840 8 INFO neutron.db.ovn_revision_numbers_db [None req-e378632b-580c-463b-a103-7ffb0d9e1bec b5f8d443a85542d09eab869234d828eb 70c729d3a63d4ecf9d69285572b8c83a - - default default] Successfully bumped revision number for resource 042712e2-ca1e-4c6f-8134-c67890a0bc02 (type: security_group_rules) to 0
2026-08-22 15:51:21.851 8 INFO neutron.db.ovn_revision_numbers_db [None req-e378632b-580c-463b-a103-7ffb0d9e1bec b5f8d443a85542d09eab869234d828eb 70c729d3a63d4ecf9d69285572b8c83a - - default default] Successfully bumped revision number for resource 3a998284-1bb8-4677-ad58-9af1059cf790 (type: security_group_rules) to 0
2026-08-22 15:51:21.866 8 INFO neutron.db.ovn_revision_numbers_db [None req-e378632b-580c-463b-a103-7ffb0d9e1bec b5f8d443a85542d09eab869234d828eb 70c729d3a63d4ecf9d69285572b8c83a - - default default] Successfully bumped revision number for resource d8b2a6bb-ee2f-4d1a-906f-d750c6156d8b (type: security_group_rules) to 0
2026-08-22 15:51:21.878 8 INFO neutron.db.ovn_revision_numbers_db [None req-e378632b-580c-463b-a103-7ffb0d9e1bec b5f8d443a85542d09eab869234d828eb 70c729d3a63d4ecf9d69285572b8c83a - - default default] Successfully bumped revision number for resource fa7defc8-03d6-4eb3-8c70-2f82b38e974d (type: security_group_rules) to 0 [pid: 7|app: 0|req: 742/1382] 10.0.0.94 () {34 vars in 787 bytes} [Sat Aug 22 15:51:21 2026] PUT /v2.0/routers/e8cfc724-2772-4467-8eb6-4dbef7ecae61/remove_router_interface => generated 309 bytes in 624 msecs (HTTP/1.1 200) 4 headers in 157 bytes (1 switches on core 0) /var/lib/openstack/lib/python3.12/site-packages/pycadf/identifier.py:70: UserWarning: Invalid uuid: neutron. To ensure interoperability, identifiers should be a valid uuid. warnings.warn(('Invalid uuid: %s. To ensure interoperability, ' [pid: 8|app: 0|req: 641/1383] 10.0.0.94 () {32 vars in 772 bytes} [Sat Aug 22 15:51:21 2026] GET /v2.0/security-groups?tenant_id=4c087306d14f495d9151a98231b5bec5&name=default => generated 2925 bytes in 277 msecs (HTTP/1.1 200) 4 headers in 158 bytes (1 switches on core 0)
2026-08-22 15:51:21.993 7 INFO neutron.api.v2.resource [None req-2028d038-fd86-4bdc-8272-44dc35f32eeb f37fcdae3747438196a247a1cdcafc00 715f61196fe24932951a64b3c558b6bc - - default default] remove_router_interface failed (client error): The resource could not be found. [pid: 7|app: 0|req: 743/1384] 10.0.0.94 () {34 vars in 787 bytes} [Sat Aug 22 15:51:21 2026] PUT /v2.0/routers/e8cfc724-2772-4467-8eb6-4dbef7ecae61/remove_router_interface => generated 197 bytes in 75 msecs (HTTP/1.1 404) 4 headers in 164 bytes (1 switches on core 0) [pid: 7|app: 0|req: 744/1385] 10.0.0.94 () {32 vars in 734 bytes} [Sat Aug 22 15:51:21 2026] GET /v2.0/ports?device_id=e8cfc724-2772-4467-8eb6-4dbef7ecae61 => generated 12 bytes in 32 msecs (HTTP/1.1 200) 4 headers in 156 bytes (1 switches on core 0) [pid: 8|app: 0|req: 642/1386] 10.0.0.94 () {32 vars in 738 bytes} [Sat Aug 22 15:51:21 2026] DELETE /v2.0/security-groups/05116ee8-6116-467e-8526-99cb7839bff6 => generated 0 bytes in 306 msecs (HTTP/1.1 204) 2 headers in 112 bytes (1 switches on core 0) [pid: 7|app: 0|req: 745/1387] 10.0.0.94 () {32 vars in 722 bytes} [Sat Aug 22 15:51:22 2026] DELETE /v2.0/routers/e8cfc724-2772-4467-8eb6-4dbef7ecae61 => generated 0 bytes in 232 msecs (HTTP/1.1 204) 2 headers in 112 bytes (1 switches on core 0) [pid: 8|app: 0|req: 643/1388] 10.0.0.94 () {32 vars in 722 bytes} [Sat Aug 22 15:51:22 2026] DELETE /v2.0/subnets/e909db5d-e71a-4a9b-80c1-5e09704e9fc1 => generated 0 bytes in 158 msecs (HTTP/1.1 204) 3 headers in 131 bytes (1 switches on core 0)
2026-08-22 15:51:22.557 7 INFO neutron_taas.services.taas.taas_plugin [None req-817ce37e-c3af-44e6-9faf-cb044b310541 f37fcdae3747438196a247a1cdcafc00 715f61196fe24932951a64b3c558b6bc - - default default] TaaS: Handle Delete Port: b5c1c897-b142-4f71-b513-47876148f7b6
2026-08-22 15:51:22.563 7 INFO neutron_taas.services.taas.tap_mirror_plugin [None req-817ce37e-c3af-44e6-9faf-cb044b310541 f37fcdae3747438196a247a1cdcafc00 715f61196fe24932951a64b3c558b6bc - - default default] Tap Mirror: Handle Delete Port: b5c1c897-b142-4f71-b513-47876148f7b6
2026-08-22 15:51:23.061 8 INFO neutron.db.ovn_revision_numbers_db [None req-76bfbb2e-bf29-4b8f-b635-8850746f3555 b5f8d443a85542d09eab869234d828eb 70c729d3a63d4ecf9d69285572b8c83a - - default default] Successfully bumped revision number for resource b3b56668-5f63-4369-aefd-8b28e8bf8577 (type: security_groups) to 1
2026-08-22 15:51:23.075 8 INFO neutron.db.ovn_revision_numbers_db [None req-76bfbb2e-bf29-4b8f-b635-8850746f3555 b5f8d443a85542d09eab869234d828eb 70c729d3a63d4ecf9d69285572b8c83a - - default default] Successfully bumped revision number for resource 95ca97f5-ee69-4d11-bac8-ccb5f9d671af (type: security_group_rules) to 0
2026-08-22 15:51:23.088 8 INFO neutron.db.ovn_revision_numbers_db [None req-76bfbb2e-bf29-4b8f-b635-8850746f3555 b5f8d443a85542d09eab869234d828eb 70c729d3a63d4ecf9d69285572b8c83a - - default default] Successfully bumped revision number for resource cd009548-60f6-4752-ab1b-bda96b84ec1c (type: security_group_rules) to 0
2026-08-22 15:51:23.107 8 INFO neutron.db.ovn_revision_numbers_db [None req-76bfbb2e-bf29-4b8f-b635-8850746f3555 b5f8d443a85542d09eab869234d828eb 70c729d3a63d4ecf9d69285572b8c83a - - default default] Successfully bumped revision number for resource e85ccf8a-598d-420d-89fb-ddd883b1db1b (type: security_group_rules) to 0
2026-08-22 15:51:23.130 8 INFO neutron.db.ovn_revision_numbers_db [None req-76bfbb2e-bf29-4b8f-b635-8850746f3555 b5f8d443a85542d09eab869234d828eb 70c729d3a63d4ecf9d69285572b8c83a - - default default] Successfully bumped revision number for resource ecabbfbb-0db4-4530-ac33-ff6fc4f07289 (type: security_group_rules) to 0
2026-08-22 15:51:23.206 7 INFO neutron.services.segments.plugin [-] Segment 1d81f11f-c29a-4ddf-be7c-d829687968e5 resource provider aggregate not found
2026-08-22 15:51:23.220 7 INFO neutron.services.segments.plugin [-] Segment 1d81f11f-c29a-4ddf-be7c-d829687968e5 resource provider aggregate not found
2026-08-22 15:51:23.232 7 INFO neutron.services.segments.plugin [-] Client error retrieving segment 1d81f11f-c29a-4ddf-be7c-d829687968e5 resource provider; error: Placement Client Error (4xx): {"errors": [{"status": 404, "title": "Not Found", "detail": "The resource could not be found.\n\n No resource provider with uuid 1d81f11f-c29a-4ddf-be7c-d829687968e5 found for delete ", "request_id": "req-c3c3dde3-8a9c-49d6-a53d-187cb27bac94"}]}
2026-08-22 15:51:23.238 7 INFO neutron.services.segments.plugin [-] Client error retrieving segment 1d81f11f-c29a-4ddf-be7c-d829687968e5 resource provider; error: Placement Client Error (4xx): {"errors": [{"status": 404, "title": "Not Found", "detail": "The resource could not be found.\n\n No resource provider with uuid 1d81f11f-c29a-4ddf-be7c-d829687968e5 found for delete ", "request_id": "req-3d6f10b3-783d-4212-ab83-9b365efcfc28"}]}
2026-08-22 15:51:23.241 8 INFO neutron.db.segments_db [None req-76bfbb2e-bf29-4b8f-b635-8850746f3555 b5f8d443a85542d09eab869234d828eb 70c729d3a63d4ecf9d69285572b8c83a - - default default] Added segment 2ed9f12c-7615-4900-98f2-1252ee2b1536 of type geneve for network e057c6fa-f77c-4825-969f-7fa75ea90eb8 [pid: 7|app: 0|req: 746/1389] 10.0.0.94 () {32 vars in 724 bytes} [Sat Aug 22 15:51:22 2026] DELETE /v2.0/networks/27d79c02-df44-4f61-8c4e-01ff0095c5e2 => generated 0 bytes in 828 msecs (HTTP/1.1 204) 3 headers in 131 bytes (1 switches on core 0)
2026-08-22 15:51:23.364 7 INFO neutron.db.segments_db [None req-ba01ecb3-fe89-4110-9b7a-cfbd73bcce32 f37fcdae3747438196a247a1cdcafc00 715f61196fe24932951a64b3c558b6bc - - default default] Added segment ec567bb5-cfe2-4c1f-9e32-d3c28b0efc8a of type geneve for network 31fd898f-4272-4265-8ecc-0ec67adf2612
2026-08-22 15:51:23.379 8 INFO neutron.db.ovn_revision_numbers_db [None req-76bfbb2e-bf29-4b8f-b635-8850746f3555 b5f8d443a85542d09eab869234d828eb 70c729d3a63d4ecf9d69285572b8c83a - - default default] Successfully bumped revision number for resource e057c6fa-f77c-4825-969f-7fa75ea90eb8 (type: networks) to 1
2026-08-22 15:51:23.474 7 INFO neutron.db.ovn_revision_numbers_db [None req-ba01ecb3-fe89-4110-9b7a-cfbd73bcce32 f37fcdae3747438196a247a1cdcafc00 715f61196fe24932951a64b3c558b6bc - - default default] Successfully bumped revision number for resource 31fd898f-4272-4265-8ecc-0ec67adf2612 (type: networks) to 1
2026-08-22 15:51:23.569 8 WARNING neutron.scheduler.dhcp_agent_scheduler [None req-76bfbb2e-bf29-4b8f-b635-8850746f3555 b5f8d443a85542d09eab869234d828eb 70c729d3a63d4ecf9d69285572b8c83a - - default default] No more DHCP agents
2026-08-22 15:51:23.570 8 WARNING neutron.api.rpc.agentnotifiers.dhcp_rpc_agent_api [None req-76bfbb2e-bf29-4b8f-b635-8850746f3555 b5f8d443a85542d09eab869234d828eb 70c729d3a63d4ecf9d69285572b8c83a - - default default] Unable to schedule network e057c6fa-f77c-4825-969f-7fa75ea90eb8: no agents available; will retry on subsequent port and subnet creation events.
2026-08-22 15:51:23.636 8 INFO neutron.plugins.ml2.drivers.ovn.mech_driver.mech_driver [None req-c9ec3eab-c317-41c0-b558-bb9f706b89b1 - - - - - -] OVN reports status down for port: 167222f6-bc3a-45b9-b29c-71d9043e7d54
2026-08-22 15:51:23.700 8 INFO neutron.db.ovn_revision_numbers_db [None req-76bfbb2e-bf29-4b8f-b635-8850746f3555 b5f8d443a85542d09eab869234d828eb 70c729d3a63d4ecf9d69285572b8c83a - - default default] Successfully bumped revision number for resource 167222f6-bc3a-45b9-b29c-71d9043e7d54 (type: ports) to 1
2026-08-22 15:51:23.719 7 WARNING neutron.scheduler.dhcp_agent_scheduler [None req-ba01ecb3-fe89-4110-9b7a-cfbd73bcce32 f37fcdae3747438196a247a1cdcafc00 715f61196fe24932951a64b3c558b6bc - - default default] No more DHCP agents
2026-08-22 15:51:23.730 7 WARNING neutron.api.rpc.agentnotifiers.dhcp_rpc_agent_api [None req-ba01ecb3-fe89-4110-9b7a-cfbd73bcce32 f37fcdae3747438196a247a1cdcafc00 715f61196fe24932951a64b3c558b6bc - - default default] Unable to schedule network 31fd898f-4272-4265-8ecc-0ec67adf2612: no agents available; will retry on subsequent port and subnet creation events. [pid: 8|app: 0|req: 644/1390] 10.0.0.94 () {34 vars in 669 bytes} [Sat Aug 22 15:51:22 2026] POST /v2.0/networks => generated 782 bytes in 1089 msecs (HTTP/1.1 201) 4 headers in 162 bytes (1 switches on core 0)
2026-08-22 15:51:23.812 8 INFO neutron.plugins.ml2.drivers.ovn.mech_driver.mech_driver [None req-c9ec3eab-c317-41c0-b558-bb9f706b89b1 - - - - - -] OVN reports status down for port: b20d1780-4beb-4973-a127-7788679e0036
2026-08-22 15:51:23.835 7 INFO neutron.db.ovn_revision_numbers_db [None req-ba01ecb3-fe89-4110-9b7a-cfbd73bcce32 f37fcdae3747438196a247a1cdcafc00 715f61196fe24932951a64b3c558b6bc - - default default] Successfully bumped revision number for resource b20d1780-4beb-4973-a127-7788679e0036 (type: ports) to 1 [pid: 7|app: 0|req: 747/1391] 10.0.0.94 () {34 vars in 668 bytes} [Sat Aug 22 15:51:23 2026] POST /v2.0/networks => generated 671 bytes in 578 msecs (HTTP/1.1 201) 4 headers in 162 bytes (1 switches on core 0)
2026-08-22 15:51:23.938 8 WARNING neutron.scheduler.dhcp_agent_scheduler [None req-ab5d5a22-26c5-4067-851d-2b3096cd8117 b5f8d443a85542d09eab869234d828eb 70c729d3a63d4ecf9d69285572b8c83a - - default default] No more DHCP agents
2026-08-22 15:51:23.940 8 WARNING neutron.api.rpc.agentnotifiers.dhcp_rpc_agent_api [None req-ab5d5a22-26c5-4067-851d-2b3096cd8117 b5f8d443a85542d09eab869234d828eb 70c729d3a63d4ecf9d69285572b8c83a - - default default] Unable to schedule network e057c6fa-f77c-4825-969f-7fa75ea90eb8: no agents available; will retry on subsequent port and subnet creation events.
2026-08-22 15:51:24.009 7 WARNING neutron.scheduler.dhcp_agent_scheduler [None req-2e321992-4f43-44c0-8f3c-25da29a33d02 f37fcdae3747438196a247a1cdcafc00 715f61196fe24932951a64b3c558b6bc - - default default] No more DHCP agents
2026-08-22 15:51:24.010 7 WARNING neutron.api.rpc.agentnotifiers.dhcp_rpc_agent_api [None req-2e321992-4f43-44c0-8f3c-25da29a33d02 f37fcdae3747438196a247a1cdcafc00 715f61196fe24932951a64b3c558b6bc - - default default] Unable to schedule network 31fd898f-4272-4265-8ecc-0ec67adf2612: no agents available; will retry on subsequent port and subnet creation events.
2026-08-22 15:51:24.048 7 INFO neutron.db.ovn_revision_numbers_db [None req-2e321992-4f43-44c0-8f3c-25da29a33d02 f37fcdae3747438196a247a1cdcafc00 715f61196fe24932951a64b3c558b6bc - - default default] Successfully bumped revision number for resource 85b59bcd-a3a3-4144-b387-adc7401eeab6 (type: subnets) to 0 [pid: 7|app: 0|req: 748/1392] 10.0.0.94 () {34 vars in 667 bytes} [Sat Aug 22 15:51:23 2026] POST /v2.0/subnets => generated 646 bytes in 208 msecs (HTTP/1.1 201) 4 headers in 162 bytes (1 switches on core 0)
2026-08-22 15:51:24.209 7 INFO neutron.db.ovn_revision_numbers_db [None req-48d40626-b912-4475-b702-63613e1566b4 f37fcdae3747438196a247a1cdcafc00 715f61196fe24932951a64b3c558b6bc - - default default] Successfully bumped revision number for resource aeb7a9ac-c937-4b0c-9553-01ed31f9ab76 (type: routers) to 1 [pid: 7|app: 0|req: 749/1393] 10.0.0.94 () {34 vars in 667 bytes} [Sat Aug 22 15:51:24 2026] POST /v2.0/routers => generated 606 bytes in 158 msecs (HTTP/1.1 201) 4 headers in 162 bytes (1 switches on core 0)
2026-08-22 15:51:24.484 8 INFO neutron.db.ovn_revision_numbers_db [None req-4dc7010e-9cf4-41d5-a6aa-2ad996f6da5b - - - - - -] Successfully bumped revision number for resource 167222f6-bc3a-45b9-b29c-71d9043e7d54 (type: ports) to 2
2026-08-22 15:51:24.519 8 INFO neutron.db.ovn_revision_numbers_db [None req-4dc7010e-9cf4-41d5-a6aa-2ad996f6da5b - - - - - -] Successfully bumped revision number for resource 62f9d66e-7709-43ae-8d21-b4ea7c13f212 (type: subnets) to 0 [pid: 8|app: 0|req: 645/1394] 10.0.0.94 () {34 vars in 667 bytes} [Sat Aug 22 15:51:23 2026] POST /v2.0/subnets => generated 688 bytes in 794 msecs (HTTP/1.1 201) 4 headers in 162 bytes (1 switches on core 0)
2026-08-22 15:51:24.697 7 WARNING neutron.scheduler.dhcp_agent_scheduler [None req-42bf0666-14b5-4027-ae2a-11722c2ec4db f37fcdae3747438196a247a1cdcafc00 715f61196fe24932951a64b3c558b6bc - - default default] No more DHCP agents
2026-08-22 15:51:24.698 7 WARNING neutron.api.rpc.agentnotifiers.dhcp_rpc_agent_api [None req-42bf0666-14b5-4027-ae2a-11722c2ec4db f37fcdae3747438196a247a1cdcafc00 715f61196fe24932951a64b3c558b6bc - - default default] Unable to schedule network 31fd898f-4272-4265-8ecc-0ec67adf2612: no agents available; will retry on subsequent port and subnet creation events.
2026-08-22 15:51:24.812 8 INFO neutron.plugins.ml2.drivers.ovn.mech_driver.mech_driver [None req-c9ec3eab-c317-41c0-b558-bb9f706b89b1 - - - - - -] OVN reports status down for port: 7b196c40-e614-4738-bdc7-340f8804979b
2026-08-22 15:51:24.838 7 INFO neutron.db.ovn_revision_numbers_db [None req-42bf0666-14b5-4027-ae2a-11722c2ec4db f37fcdae3747438196a247a1cdcafc00 715f61196fe24932951a64b3c558b6bc - - default default] Successfully bumped revision number for resource 7b196c40-e614-4738-bdc7-340f8804979b (type: ports) to 1
2026-08-22 15:51:25.018 8 WARNING neutron.scheduler.dhcp_agent_scheduler [None req-c8e89d3e-1b39-47e4-8e6d-368a7ff40c0b b5f8d443a85542d09eab869234d828eb 70c729d3a63d4ecf9d69285572b8c83a - - default default] No more DHCP agents
2026-08-22 15:51:25.019 8 WARNING neutron.api.rpc.agentnotifiers.dhcp_rpc_agent_api [None req-c8e89d3e-1b39-47e4-8e6d-368a7ff40c0b b5f8d443a85542d09eab869234d828eb 70c729d3a63d4ecf9d69285572b8c83a - - default default] Unable to schedule network 509f67cd-7dff-49c6-817f-47a17e13ce7e: no agents available; will retry on subsequent port and subnet creation events.
2026-08-22 15:51:25.133 8 INFO neutron.plugins.ml2.drivers.ovn.mech_driver.mech_driver [None req-c9ec3eab-c317-41c0-b558-bb9f706b89b1 - - - - - -] OVN reports status down for port: 7210a0d7-7600-434f-bae5-1ace02e63a0f
2026-08-22 15:51:25.192 8 INFO neutron.db.ovn_revision_numbers_db [None req-c8e89d3e-1b39-47e4-8e6d-368a7ff40c0b b5f8d443a85542d09eab869234d828eb 70c729d3a63d4ecf9d69285572b8c83a - - default default] Successfully bumped revision number for resource 7210a0d7-7600-434f-bae5-1ace02e63a0f (type: ports) to 1
2026-08-22 15:51:25.398 8 INFO neutron.plugins.ml2.drivers.ovn.mech_driver.mech_driver [None req-c9ec3eab-c317-41c0-b558-bb9f706b89b1 - - - - - -] OVN reports status up for port: 7b196c40-e614-4738-bdc7-340f8804979b
2026-08-22 15:51:25.410 7 WARNING neutron.scheduler.dhcp_agent_scheduler [None req-42bf0666-14b5-4027-ae2a-11722c2ec4db f37fcdae3747438196a247a1cdcafc00 715f61196fe24932951a64b3c558b6bc - - default default] No more DHCP agents
2026-08-22 15:51:25.411 7 WARNING neutron.api.rpc.agentnotifiers.dhcp_rpc_agent_api [None req-42bf0666-14b5-4027-ae2a-11722c2ec4db f37fcdae3747438196a247a1cdcafc00 715f61196fe24932951a64b3c558b6bc - - default default] Unable to schedule network 31fd898f-4272-4265-8ecc-0ec67adf2612: no agents available; will retry on subsequent port and subnet creation events.
2026-08-22 15:51:25.418 8 INFO neutron.plugins.ml2.plugin [None req-c9ec3eab-c317-41c0-b558-bb9f706b89b1 - - - - - -] Attempt 1 to provision port 7b196c40-e614-4738-bdc7-340f8804979b
2026-08-22 15:51:25.613 7 INFO neutron.db.ovn_revision_numbers_db [None req-42bf0666-14b5-4027-ae2a-11722c2ec4db f37fcdae3747438196a247a1cdcafc00 715f61196fe24932951a64b3c558b6bc - - default default] Successfully bumped revision number for resource 7b196c40-e614-4738-bdc7-340f8804979b (type: router_ports) to 1 [pid: 7|app: 0|req: 750/1395] 10.0.0.94 () {34 vars in 781 bytes} [Sat Aug 22 15:51:24 2026] PUT /v2.0/routers/aeb7a9ac-c937-4b0c-9553-01ed31f9ab76/add_router_interface => generated 309 bytes in 1387 msecs (HTTP/1.1 200) 4 headers in 157 bytes (1 switches on core 0)
2026-08-22 15:51:26.023 7 INFO neutron.db.ovn_revision_numbers_db [None req-ecb503af-c35a-4c7c-ad82-9d45db15fad4 8a983f7f5341478292393855eec704ac e34d6e4323cf41e28412289f3b780e42 - - default default] Successfully bumped revision number for resource bdc870b5-a080-4097-b380-40f276ab6404 (type: security_groups) to 1
2026-08-22 15:51:26.035 7 INFO neutron.db.ovn_revision_numbers_db [None req-ecb503af-c35a-4c7c-ad82-9d45db15fad4 8a983f7f5341478292393855eec704ac e34d6e4323cf41e28412289f3b780e42 - - default default] Successfully bumped revision number for resource 27de38e2-707f-42e3-8bf1-3efd4c0b7a69 (type: security_group_rules) to 0
2026-08-22 15:51:26.048 7 INFO neutron.db.ovn_revision_numbers_db [None req-ecb503af-c35a-4c7c-ad82-9d45db15fad4 8a983f7f5341478292393855eec704ac e34d6e4323cf41e28412289f3b780e42 - - default default] Successfully bumped revision number for resource 405955f8-de60-408d-87c2-c7e8dc7bb462 (type: security_group_rules) to 0
2026-08-22 15:51:26.059 7 INFO neutron.db.ovn_revision_numbers_db [None req-ecb503af-c35a-4c7c-ad82-9d45db15fad4 8a983f7f5341478292393855eec704ac e34d6e4323cf41e28412289f3b780e42 - - default default] Successfully bumped revision number for resource 7302cccb-41c0-4667-8f60-4a6b03313218 (type: security_group_rules) to 0
2026-08-22 15:51:26.071 7 INFO neutron.db.ovn_revision_numbers_db [None req-ecb503af-c35a-4c7c-ad82-9d45db15fad4 8a983f7f5341478292393855eec704ac e34d6e4323cf41e28412289f3b780e42 - - default default] Successfully bumped revision number for resource fbf5136a-f494-44db-a301-c92aa68c3156 (type: security_group_rules) to 0
2026-08-22 15:51:26.138 7 INFO neutron.db.segments_db [None req-ecb503af-c35a-4c7c-ad82-9d45db15fad4 8a983f7f5341478292393855eec704ac e34d6e4323cf41e28412289f3b780e42 - - default default] Added segment b90d236e-b26d-47ed-b4d0-4eca11cd482d of type geneve for network 5be0c33d-6eba-4771-b6ad-71256d161713
2026-08-22 15:51:26.258 7 INFO neutron.db.ovn_revision_numbers_db [None req-ecb503af-c35a-4c7c-ad82-9d45db15fad4 8a983f7f5341478292393855eec704ac e34d6e4323cf41e28412289f3b780e42 - - default default] Successfully bumped revision number for resource 5be0c33d-6eba-4771-b6ad-71256d161713 (type: networks) to 1
2026-08-22 15:51:26.284 8 INFO neutron.db.ovn_revision_numbers_db [None req-c9ec3eab-c317-41c0-b558-bb9f706b89b1 - - - - - -] Successfully bumped revision number for resource 7b196c40-e614-4738-bdc7-340f8804979b (type: ports) to 2
2026-08-22 15:51:26.417 7 WARNING neutron.scheduler.dhcp_agent_scheduler [None req-ecb503af-c35a-4c7c-ad82-9d45db15fad4 8a983f7f5341478292393855eec704ac e34d6e4323cf41e28412289f3b780e42 - - default default] No more DHCP agents
2026-08-22 15:51:26.418 7 WARNING neutron.api.rpc.agentnotifiers.dhcp_rpc_agent_api [None req-ecb503af-c35a-4c7c-ad82-9d45db15fad4 8a983f7f5341478292393855eec704ac e34d6e4323cf41e28412289f3b780e42 - - default default] Unable to schedule network 5be0c33d-6eba-4771-b6ad-71256d161713: no agents available; will retry on subsequent port and subnet creation events.
2026-08-22 15:51:26.521 8 INFO neutron.db.ovn_revision_numbers_db [None req-1ad97950-7d7c-4872-9499-d4906590ff3a - - - - - -] Successfully bumped revision number for resource 7b196c40-e614-4738-bdc7-340f8804979b (type: router_ports) to 2
2026-08-22 15:51:26.537 7 INFO neutron.db.ovn_revision_numbers_db [None req-ecb503af-c35a-4c7c-ad82-9d45db15fad4 8a983f7f5341478292393855eec704ac e34d6e4323cf41e28412289f3b780e42 - - default default] Successfully bumped revision number for resource f3e37bb1-afdb-4788-a65e-970b0f0e9dc9 (type: ports) to 1 [pid: 7|app: 0|req: 751/1396] 10.0.0.94 () {34 vars in 668 bytes} [Sat Aug 22 15:51:25 2026] POST /v2.0/networks => generated 768 bytes in 941 msecs (HTTP/1.1 201) 4 headers in 162 bytes (1 switches on core 0)
2026-08-22 15:51:26.566 8 INFO neutron.plugins.ml2.drivers.ovn.mech_driver.ovsdb.commands [None req-92a9a762-5f15-4846-a086-62a79865c65b - - - - - -] Schedule LRP lrp-7210a0d7-7600-434f-bae5-1ace02e63a0f on gateway 81679cbd-4e9b-4a14-871f-3b39820cf5dd with priority 1 [pid: 7|app: 0|req: 752/1397] 10.0.0.94 () {32 vars in 715 bytes} [Sat Aug 22 15:51:26 2026] GET /v2.0/ports/7b196c40-e614-4738-bdc7-340f8804979b => generated 947 bytes in 90 msecs (HTTP/1.1 200) 4 headers in 157 bytes (1 switches on core 0)
2026-08-22 15:51:26.703 8 INFO neutron.plugins.ml2.drivers.ovn.mech_driver.ovsdb.ovsdb_monitor [None req-98642e54-b4c7-49de-b60a-727befeb75e6 - - - - - -] Router 55d3ac2c-eaee-44e5-817a-c63ab596fb24 is bound to host instance
2026-08-22 15:51:26.762 8 INFO neutron.plugins.ml2.drivers.ovn.mech_driver.mech_driver [None req-1ad97950-7d7c-4872-9499-d4906590ff3a - - - - - -] OVN reports status down for port: f3e37bb1-afdb-4788-a65e-970b0f0e9dc9
2026-08-22 15:51:26.884 8 INFO neutron.db.ovn_revision_numbers_db [None req-c8e89d3e-1b39-47e4-8e6d-368a7ff40c0b b5f8d443a85542d09eab869234d828eb 70c729d3a63d4ecf9d69285572b8c83a - - default default] Successfully bumped revision number for resource 7210a0d7-7600-434f-bae5-1ace02e63a0f (type: router_ports) to 1
2026-08-22 15:51:26.935 7 INFO neutron.db.ovn_revision_numbers_db [None req-31e81058-f1af-4fb6-8bf1-2557e388753b d377661718fd4d80b735780c2e78980c 961fc67240664707b4efbf2672ef7d88 - - default default] Successfully bumped revision number for resource e44a5baf-2a25-4580-8ae3-0df636fa0c6c (type: security_groups) to 1
2026-08-22 15:51:26.948 7 INFO neutron.db.ovn_revision_numbers_db [None req-31e81058-f1af-4fb6-8bf1-2557e388753b d377661718fd4d80b735780c2e78980c 961fc67240664707b4efbf2672ef7d88 - - default default] Successfully bumped revision number for resource 0c253c6f-51c0-4f81-9bb1-b461fffc91b4 (type: security_group_rules) to 0
2026-08-22 15:51:26.959 7 INFO neutron.db.ovn_revision_numbers_db [None req-31e81058-f1af-4fb6-8bf1-2557e388753b d377661718fd4d80b735780c2e78980c 961fc67240664707b4efbf2672ef7d88 - - default default] Successfully bumped revision number for resource 6470f478-eef0-4a6b-80bb-7d6e0e9b94ab (type: security_group_rules) to 0
2026-08-22 15:51:26.971 7 INFO neutron.db.ovn_revision_numbers_db [None req-31e81058-f1af-4fb6-8bf1-2557e388753b d377661718fd4d80b735780c2e78980c 961fc67240664707b4efbf2672ef7d88 - - default default] Successfully bumped revision number for resource 76d7349f-e27d-4062-a96b-f8e63e01c1fa (type: security_group_rules) to 0
2026-08-22 15:51:26.983 7 INFO neutron.db.ovn_revision_numbers_db [None req-31e81058-f1af-4fb6-8bf1-2557e388753b d377661718fd4d80b735780c2e78980c 961fc67240664707b4efbf2672ef7d88 - - default default] Successfully bumped revision number for resource c91d7f80-a9c6-4ff6-bcd5-a8155109f07e (type: security_group_rules) to 0
2026-08-22 15:51:27.014 8 INFO neutron.db.ovn_revision_numbers_db [None req-c8e89d3e-1b39-47e4-8e6d-368a7ff40c0b b5f8d443a85542d09eab869234d828eb 70c729d3a63d4ecf9d69285572b8c83a - - default default] Successfully bumped revision number for resource 55d3ac2c-eaee-44e5-817a-c63ab596fb24 (type: routers) to 2
2026-08-22 15:51:27.030 8 INFO neutron.plugins.ml2.drivers.ovn.mech_driver.mech_driver [None req-1ad97950-7d7c-4872-9499-d4906590ff3a - - - - - -] OVN reports status up for port: 7210a0d7-7600-434f-bae5-1ace02e63a0f [pid: 8|app: 0|req: 646/1398] 10.0.0.94 () {34 vars in 667 bytes} [Sat Aug 22 15:51:24 2026] POST /v2.0/routers => generated 966 bytes in 2500 msecs (HTTP/1.1 201) 4 headers in 162 bytes (1 switches on core 0)
2026-08-22 15:51:27.059 7 INFO neutron.db.segments_db [None req-31e81058-f1af-4fb6-8bf1-2557e388753b d377661718fd4d80b735780c2e78980c 961fc67240664707b4efbf2672ef7d88 - - default default] Added segment f7305ce8-91dd-4bc0-9f78-804b1d0a2578 of type geneve for network a9aa88d2-76b0-4fd6-9ccc-f4f0ca8d7d45
2026-08-22 15:51:27.071 8 INFO neutron.plugins.ml2.plugin [None req-1ad97950-7d7c-4872-9499-d4906590ff3a - - - - - -] Attempt 1 to provision port 7210a0d7-7600-434f-bae5-1ace02e63a0f
2026-08-22 15:51:27.196 7 INFO neutron.db.ovn_revision_numbers_db [None req-31e81058-f1af-4fb6-8bf1-2557e388753b d377661718fd4d80b735780c2e78980c 961fc67240664707b4efbf2672ef7d88 - - default default] Successfully bumped revision number for resource a9aa88d2-76b0-4fd6-9ccc-f4f0ca8d7d45 (type: networks) to 1
2026-08-22 15:51:27.362 7 WARNING neutron.scheduler.dhcp_agent_scheduler [None req-31e81058-f1af-4fb6-8bf1-2557e388753b d377661718fd4d80b735780c2e78980c 961fc67240664707b4efbf2672ef7d88 - - default default] No more DHCP agents
2026-08-22 15:51:27.363 7 WARNING neutron.api.rpc.agentnotifiers.dhcp_rpc_agent_api [None req-31e81058-f1af-4fb6-8bf1-2557e388753b d377661718fd4d80b735780c2e78980c 961fc67240664707b4efbf2672ef7d88 - - default default] Unable to schedule network a9aa88d2-76b0-4fd6-9ccc-f4f0ca8d7d45: no agents available; will retry on subsequent port and subnet creation events.
2026-08-22 15:51:27.459 7 INFO neutron.db.ovn_revision_numbers_db [None req-31e81058-f1af-4fb6-8bf1-2557e388753b d377661718fd4d80b735780c2e78980c 961fc67240664707b4efbf2672ef7d88 - - default default] Successfully bumped revision number for resource 114cb0e2-740a-4c9b-ba4e-83899f2f4816 (type: ports) to 1 [pid: 7|app: 0|req: 753/1399] 10.0.0.94 () {34 vars in 668 bytes} [Sat Aug 22 15:51:26 2026] POST /v2.0/networks => generated 670 bytes in 826 msecs (HTTP/1.1 201) 4 headers in 162 bytes (1 switches on core 0)
2026-08-22 15:51:27.483 8 WARNING neutron.scheduler.dhcp_agent_scheduler [None req-8279e539-7a88-4361-833f-3db381d7c610 8a983f7f5341478292393855eec704ac e34d6e4323cf41e28412289f3b780e42 - - default default] No more DHCP agents
2026-08-22 15:51:27.485 8 WARNING neutron.api.rpc.agentnotifiers.dhcp_rpc_agent_api [None req-8279e539-7a88-4361-833f-3db381d7c610 8a983f7f5341478292393855eec704ac e34d6e4323cf41e28412289f3b780e42 - - default default] Unable to schedule network 5be0c33d-6eba-4771-b6ad-71256d161713: no agents available; will retry on subsequent port and subnet creation events. [pid: 7|app: 0|req: 754/1400] 10.0.0.94 () {32 vars in 715 bytes} [Sat Aug 22 15:51:27 2026] GET /v2.0/ports/7b196c40-e614-4738-bdc7-340f8804979b => generated 947 bytes in 43 msecs (HTTP/1.1 200) 4 headers in 157 bytes (1 switches on core 0)
2026-08-22 15:51:27.952 7 WARNING neutron.scheduler.dhcp_agent_scheduler [None req-1aea9545-d44a-41e2-97da-08aa82d06dc9 b5f8d443a85542d09eab869234d828eb 70c729d3a63d4ecf9d69285572b8c83a - - default default] No more DHCP agents
2026-08-22 15:51:27.954 7 WARNING neutron.api.rpc.agentnotifiers.dhcp_rpc_agent_api [None req-1aea9545-d44a-41e2-97da-08aa82d06dc9 b5f8d443a85542d09eab869234d828eb 70c729d3a63d4ecf9d69285572b8c83a - - default default] Unable to schedule network e057c6fa-f77c-4825-969f-7fa75ea90eb8: no agents available; will retry on subsequent port and subnet creation events.
2026-08-22 15:51:28.128 7 INFO neutron.db.ovn_revision_numbers_db [None req-1aea9545-d44a-41e2-97da-08aa82d06dc9 b5f8d443a85542d09eab869234d828eb 70c729d3a63d4ecf9d69285572b8c83a - - default default] Successfully bumped revision number for resource 7f7356ab-7a94-4c9b-a35f-53ae76c1928d (type: ports) to 1
2026-08-22 15:51:28.355 8 INFO neutron.db.ovn_revision_numbers_db [None req-3f008739-0423-4b72-a5a2-a73d271eca03 - - - - - -] Successfully bumped revision number for resource f3e37bb1-afdb-4788-a65e-970b0f0e9dc9 (type: ports) to 2
2026-08-22 15:51:28.417 8 INFO neutron.db.ovn_revision_numbers_db [None req-3f008739-0423-4b72-a5a2-a73d271eca03 - - - - - -] Successfully bumped revision number for resource 6b5644da-ab00-477e-89e3-536164b48588 (type: subnets) to 0 [pid: 8|app: 0|req: 647/1401] 10.0.0.94 () {34 vars in 667 bytes} [Sat Aug 22 15:51:27 2026] POST /v2.0/subnets => generated 644 bytes in 1402 msecs (HTTP/1.1 201) 4 headers in 162 bytes (1 switches on core 0)
2026-08-22 15:51:28.475 8 INFO neutron.db.ovn_revision_numbers_db [None req-4d9a156d-6201-4941-b07d-0a48baa8020f - - - - - -] Successfully bumped revision number for resource 7210a0d7-7600-434f-bae5-1ace02e63a0f (type: ports) to 4
2026-08-22 15:51:28.584 8 INFO neutron.db.segments_db [None req-89673c79-bcd5-442d-801b-434416adb32e d377661718fd4d80b735780c2e78980c 961fc67240664707b4efbf2672ef7d88 - - default default] Added segment f16ac398-ab6f-44c2-a794-fe3c4743fec3 of type geneve for network 42a5eba7-efa9-4469-be58-1fb9c058721b
2026-08-22 15:51:28.890 8 INFO neutron.db.ovn_revision_numbers_db [None req-89673c79-bcd5-442d-801b-434416adb32e d377661718fd4d80b735780c2e78980c 961fc67240664707b4efbf2672ef7d88 - - default default] Successfully bumped revision number for resource 42a5eba7-efa9-4469-be58-1fb9c058721b (type: networks) to 1
2026-08-22 15:51:28.901 7 WARNING neutron.scheduler.dhcp_agent_scheduler [None req-1aea9545-d44a-41e2-97da-08aa82d06dc9 b5f8d443a85542d09eab869234d828eb 70c729d3a63d4ecf9d69285572b8c83a - - default default] No more DHCP agents
2026-08-22 15:51:28.902 7 WARNING neutron.api.rpc.agentnotifiers.dhcp_rpc_agent_api [None req-1aea9545-d44a-41e2-97da-08aa82d06dc9 b5f8d443a85542d09eab869234d828eb 70c729d3a63d4ecf9d69285572b8c83a - - default default] Unable to schedule network e057c6fa-f77c-4825-969f-7fa75ea90eb8: no agents available; will retry on subsequent port and subnet creation events.
2026-08-22 15:51:29.112 8 INFO neutron.db.ovn_revision_numbers_db [None req-4d9a156d-6201-4941-b07d-0a48baa8020f - - - - - -] Successfully bumped revision number for resource 7210a0d7-7600-434f-bae5-1ace02e63a0f (type: ports) to 5
2026-08-22 15:51:29.155 8 WARNING neutron.scheduler.dhcp_agent_scheduler [None req-89673c79-bcd5-442d-801b-434416adb32e d377661718fd4d80b735780c2e78980c 961fc67240664707b4efbf2672ef7d88 - - default default] No more DHCP agents
