2026-08-22 15:51:37.210 8 INFO neutron_taas.services.taas.tap_mirror_plugin [None req-963fb402-b65e-4293-a99b-5f5663668345 d377661718fd4d80b735780c2e78980c 961fc67240664707b4efbf2672ef7d88 - - default default] Tap Mirror: Handle Delete Port: ee4cc016-9441-467c-bced-8561dbb477ea
2026-08-22 15:51:37.357 8 INFO neutron.services.segments.plugin [-] Segment f16ac398-ab6f-44c2-a794-fe3c4743fec3 resource provider aggregate not found
2026-08-22 15:51:37.361 8 INFO neutron.services.segments.plugin [-] Segment f16ac398-ab6f-44c2-a794-fe3c4743fec3 resource provider aggregate not found
2026-08-22 15:51:37.375 8 INFO neutron.services.segments.plugin [-] Client error retrieving segment f16ac398-ab6f-44c2-a794-fe3c4743fec3 resource provider; error: Placement Client Error (4xx): {"errors": [{"status": 404, "title": "Not Found", "detail": "The resource could not be found.\n\n No resource provider with uuid f16ac398-ab6f-44c2-a794-fe3c4743fec3 found for delete ", "request_id": "req-b62ab797-8022-4261-981b-f362c560b649"}]}
2026-08-22 15:51:37.379 8 INFO neutron.services.segments.plugin [-] Client error retrieving segment f16ac398-ab6f-44c2-a794-fe3c4743fec3 resource provider; error: Placement Client Error (4xx): {"errors": [{"status": 404, "title": "Not Found", "detail": "The resource could not be found.\n\n No resource provider with uuid f16ac398-ab6f-44c2-a794-fe3c4743fec3 found for delete ", "request_id": "req-c7f82287-b631-455d-96b5-95fb00ec0a9d"}]}
2026-08-22 15:51:37.396 8 INFO neutron.services.segments.plugin [-] Segment 646a0c80-7b5d-46fe-a859-be56b6afd398 resource provider aggregate not found
2026-08-22 15:51:37.404 8 INFO neutron.services.segments.plugin [-] Segment 646a0c80-7b5d-46fe-a859-be56b6afd398 resource provider aggregate not found
2026-08-22 15:51:37.417 8 INFO neutron.services.segments.plugin [-] Client error retrieving segment 646a0c80-7b5d-46fe-a859-be56b6afd398 resource provider; error: Placement Client Error (4xx): {"errors": [{"status": 404, "title": "Not Found", "detail": "The resource could not be found.\n\n No resource provider with uuid 646a0c80-7b5d-46fe-a859-be56b6afd398 found for delete ", "request_id": "req-64e48449-a8d8-4a4c-9b40-fb1b4faa3c72"}]}
2026-08-22 15:51:37.432 8 INFO neutron.services.segments.plugin [-] Client error retrieving segment 646a0c80-7b5d-46fe-a859-be56b6afd398 resource provider; error: Placement Client Error (4xx): {"errors": [{"status": 404, "title": "Not Found", "detail": "The resource could not be found.\n\n No resource provider with uuid 646a0c80-7b5d-46fe-a859-be56b6afd398 found for delete ", "request_id": "req-6ddb3d68-c122-4ea3-bec6-871ef7248f3d"}]}
2026-08-22 15:51:37.438 8 INFO neutron.services.segments.plugin [-] Segment 3db5c3b3-8196-4fa3-aa7a-72fe382c38e2 resource provider aggregate not found
2026-08-22 15:51:37.456 8 INFO neutron.services.segments.plugin [-] Client error retrieving segment 3db5c3b3-8196-4fa3-aa7a-72fe382c38e2 resource provider; error: Placement Client Error (4xx): {"errors": [{"status": 404, "title": "Not Found", "detail": "The resource could not be found.\n\n No resource provider with uuid 3db5c3b3-8196-4fa3-aa7a-72fe382c38e2 found for delete ", "request_id": "req-fd1c38e8-3f10-4da7-9d05-815449ea2d23"}]}
2026-08-22 15:51:37.457 8 INFO neutron.services.segments.plugin [-] Segment 3db5c3b3-8196-4fa3-aa7a-72fe382c38e2 resource provider aggregate not found
2026-08-22 15:51:37.478 8 INFO neutron.services.segments.plugin [-] Client error retrieving segment 3db5c3b3-8196-4fa3-aa7a-72fe382c38e2 resource provider; error: Placement Client Error (4xx): {"errors": [{"status": 404, "title": "Not Found", "detail": "The resource could not be found.\n\n No resource provider with uuid 3db5c3b3-8196-4fa3-aa7a-72fe382c38e2 found for delete ", "request_id": "req-a74b55b4-67bd-4ce7-81cf-b45dc72ed157"}]} [pid: 8|app: 0|req: 677/1472] 10.0.0.94 () {32 vars in 724 bytes} [Sat Aug 22 15:51:37 2026] DELETE /v2.0/networks/68e2db41-cbc8-4b07-b13c-5709175b6e08 => generated 0 bytes in 424 msecs (HTTP/1.1 204) 3 headers in 131 bytes (1 switches on core 0) [pid: 8|app: 0|req: 678/1473] 10.0.0.94 () {32 vars in 772 bytes} [Sat Aug 22 15:51:37 2026] GET /v2.0/security-groups?tenant_id=715f61196fe24932951a64b3c558b6bc&name=default => generated 2925 bytes in 163 msecs (HTTP/1.1 200) 4 headers in 158 bytes (1 switches on core 0)
2026-08-22 15:51:37.915 7 INFO neutron_taas.services.taas.taas_plugin [None req-a6415a4f-4896-4afe-a3a3-c6b77d9d8b69 b5f8d443a85542d09eab869234d828eb 70c729d3a63d4ecf9d69285572b8c83a - - default default] TaaS: Handle Delete Port: 7f7356ab-7a94-4c9b-a35f-53ae76c1928d
2026-08-22 15:51:37.917 7 INFO neutron_taas.services.taas.tap_mirror_plugin [None req-a6415a4f-4896-4afe-a3a3-c6b77d9d8b69 b5f8d443a85542d09eab869234d828eb 70c729d3a63d4ecf9d69285572b8c83a - - default default] Tap Mirror: Handle Delete Port: 7f7356ab-7a94-4c9b-a35f-53ae76c1928d
2026-08-22 15:51:38.105 8 INFO neutron.db.ovn_revision_numbers_db [None req-7d82841c-dd8f-4469-ac4c-b3fd8b39e3b1 b5f8d443a85542d09eab869234d828eb 70c729d3a63d4ecf9d69285572b8c83a - - default default] Successfully bumped revision number for resource 67985738-0ca0-41b1-a0fc-0a23b11dc3cc (type: security_groups) to 1
2026-08-22 15:51:38.128 8 INFO neutron.db.ovn_revision_numbers_db [None req-7d82841c-dd8f-4469-ac4c-b3fd8b39e3b1 b5f8d443a85542d09eab869234d828eb 70c729d3a63d4ecf9d69285572b8c83a - - default default] Successfully bumped revision number for resource 22277cde-1508-42f4-af43-a19aa454b699 (type: security_group_rules) to 0
2026-08-22 15:51:38.158 8 INFO neutron.db.ovn_revision_numbers_db [None req-7d82841c-dd8f-4469-ac4c-b3fd8b39e3b1 b5f8d443a85542d09eab869234d828eb 70c729d3a63d4ecf9d69285572b8c83a - - default default] Successfully bumped revision number for resource 4bfc0cc8-8c63-4779-bbef-636636d30642 (type: security_group_rules) to 0
2026-08-22 15:51:38.178 8 INFO neutron.db.ovn_revision_numbers_db [None req-7d82841c-dd8f-4469-ac4c-b3fd8b39e3b1 b5f8d443a85542d09eab869234d828eb 70c729d3a63d4ecf9d69285572b8c83a - - default default] Successfully bumped revision number for resource a5225904-3adc-4799-bc2f-527530ccc2f7 (type: security_group_rules) to 0
2026-08-22 15:51:38.193 8 INFO neutron.db.ovn_revision_numbers_db [None req-7d82841c-dd8f-4469-ac4c-b3fd8b39e3b1 b5f8d443a85542d09eab869234d828eb 70c729d3a63d4ecf9d69285572b8c83a - - default default] Successfully bumped revision number for resource d69ab1a2-453c-4da6-8bfa-96ca69927703 (type: security_group_rules) to 0 [pid: 8|app: 0|req: 679/1474] 10.0.0.94 () {32 vars in 772 bytes} [Sat Aug 22 15:51:37 2026] GET /v2.0/security-groups?tenant_id=a53a55b796ec48748f6840ad3bc2d393&name=default => generated 2925 bytes in 377 msecs (HTTP/1.1 200) 4 headers in 158 bytes (1 switches on core 0)
2026-08-22 15:51:38.499 8 WARNING neutron.plugins.ml2.drivers.ovn.mech_driver.ovsdb.ovn_client [None req-8b7ddcf0-f6ca-479f-9135-405561a66790 - - - - - -] No port found with ID d20c11fe-19a9-43dd-b57d-fa6a63bae2ba: RuntimeError: No port found with ID d20c11fe-19a9-43dd-b57d-fa6a63bae2ba [pid: 8|app: 0|req: 680/1475] 10.0.0.94 () {32 vars in 738 bytes} [Sat Aug 22 15:51:38 2026] DELETE /v2.0/security-groups/5c2a288a-7746-4f7f-a5ff-e45c7ed07436 => generated 0 bytes in 292 msecs (HTTP/1.1 204) 2 headers in 112 bytes (1 switches on core 0) [pid: 7|app: 0|req: 796/1476] 10.0.0.94 () {34 vars in 787 bytes} [Sat Aug 22 15:51:37 2026] PUT /v2.0/routers/55d3ac2c-eaee-44e5-817a-c63ab596fb24/remove_router_interface => generated 309 bytes in 1053 msecs (HTTP/1.1 200) 4 headers in 157 bytes (1 switches on core 0) [pid: 8|app: 0|req: 681/1477] 10.0.0.94 () {32 vars in 738 bytes} [Sat Aug 22 15:51:38 2026] DELETE /v2.0/security-groups/67985738-0ca0-41b1-a0fc-0a23b11dc3cc => generated 0 bytes in 370 msecs (HTTP/1.1 204) 2 headers in 112 bytes (1 switches on core 0) /var/lib/openstack/lib/python3.12/site-packages/pycadf/identifier.py:70: UserWarning: Invalid uuid: neutron. To ensure interoperability, identifiers should be a valid uuid. warnings.warn(('Invalid uuid: %s. To ensure interoperability, '
2026-08-22 15:51:39.103 7 INFO neutron.db.ovn_revision_numbers_db [None req-b5c564c9-abda-4469-8280-f751a3049d05 b5f8d443a85542d09eab869234d828eb 70c729d3a63d4ecf9d69285572b8c83a - - default default] Successfully bumped revision number for resource b8371014-8b1d-4dd9-a2d3-bce7dab42654 (type: security_groups) to 1
2026-08-22 15:51:39.114 7 INFO neutron.db.ovn_revision_numbers_db [None req-b5c564c9-abda-4469-8280-f751a3049d05 b5f8d443a85542d09eab869234d828eb 70c729d3a63d4ecf9d69285572b8c83a - - default default] Successfully bumped revision number for resource 45651f7d-a867-4221-881f-58e737fb8900 (type: security_group_rules) to 0
2026-08-22 15:51:39.127 7 INFO neutron.db.ovn_revision_numbers_db [None req-b5c564c9-abda-4469-8280-f751a3049d05 b5f8d443a85542d09eab869234d828eb 70c729d3a63d4ecf9d69285572b8c83a - - default default] Successfully bumped revision number for resource 4b73894c-984c-45b1-9d98-bda420b8ada3 (type: security_group_rules) to 0
2026-08-22 15:51:39.137 7 INFO neutron.db.ovn_revision_numbers_db [None req-b5c564c9-abda-4469-8280-f751a3049d05 b5f8d443a85542d09eab869234d828eb 70c729d3a63d4ecf9d69285572b8c83a - - default default] Successfully bumped revision number for resource 762aff14-5a52-457a-b2a6-645f0d6c22ce (type: security_group_rules) to 0
2026-08-22 15:51:39.149 7 INFO neutron.db.ovn_revision_numbers_db [None req-b5c564c9-abda-4469-8280-f751a3049d05 b5f8d443a85542d09eab869234d828eb 70c729d3a63d4ecf9d69285572b8c83a - - default default] Successfully bumped revision number for resource b56959f2-6c58-44e5-be1d-11ebc3d634b1 (type: security_group_rules) to 0 [pid: 7|app: 0|req: 797/1478] 10.0.0.94 () {32 vars in 772 bytes} [Sat Aug 22 15:51:38 2026] GET /v2.0/security-groups?tenant_id=8519774bbd9a4affb0e3e9e9b01bee01&name=default => generated 2925 bytes in 493 msecs (HTTP/1.1 200) 4 headers in 158 bytes (1 switches on core 0) [pid: 7|app: 0|req: 798/1479] 10.0.0.94 () {32 vars in 772 bytes} [Sat Aug 22 15:51:39 2026] GET /v2.0/security-groups?tenant_id=e34d6e4323cf41e28412289f3b780e42&name=default => generated 2925 bytes in 27 msecs (HTTP/1.1 200) 4 headers in 158 bytes (1 switches on core 0)
2026-08-22 15:51:39.329 8 INFO neutron_taas.services.taas.taas_plugin [None req-2d0f0570-091e-4437-b483-e477954f30fd b5f8d443a85542d09eab869234d828eb 70c729d3a63d4ecf9d69285572b8c83a - - default default] TaaS: Handle Delete Port: 7210a0d7-7600-434f-bae5-1ace02e63a0f
2026-08-22 15:51:39.332 8 INFO neutron_taas.services.taas.tap_mirror_plugin [None req-2d0f0570-091e-4437-b483-e477954f30fd b5f8d443a85542d09eab869234d828eb 70c729d3a63d4ecf9d69285572b8c83a - - default default] Tap Mirror: Handle Delete Port: 7210a0d7-7600-434f-bae5-1ace02e63a0f
2026-08-22 15:51:39.478 8 INFO neutron.services.segments.plugin [-] Segment a3fac661-0943-4d52-95a6-81406b327d6a resource provider aggregate not found
2026-08-22 15:51:39.503 8 INFO neutron.services.segments.plugin [-] Client error retrieving segment a3fac661-0943-4d52-95a6-81406b327d6a resource provider; error: Placement Client Error (4xx): {"errors": [{"status": 404, "title": "Not Found", "detail": "The resource could not be found.\n\n No resource provider with uuid a3fac661-0943-4d52-95a6-81406b327d6a found for delete ", "request_id": "req-a958aac8-24c2-480f-b1f6-cd892d95974b"}]}
2026-08-22 15:51:39.508 8 INFO neutron.services.segments.plugin [-] Segment a3fac661-0943-4d52-95a6-81406b327d6a resource provider aggregate not found [pid: 7|app: 0|req: 799/1480] 10.0.0.94 () {32 vars in 738 bytes} [Sat Aug 22 15:51:39 2026] DELETE /v2.0/security-groups/b8371014-8b1d-4dd9-a2d3-bce7dab42654 => generated 0 bytes in 315 msecs (HTTP/1.1 204) 2 headers in 112 bytes (1 switches on core 0)
2026-08-22 15:51:39.523 8 INFO neutron.services.segments.plugin [-] Client error retrieving segment a3fac661-0943-4d52-95a6-81406b327d6a resource provider; error: Placement Client Error (4xx): {"errors": [{"status": 404, "title": "Not Found", "detail": "The resource could not be found.\n\n No resource provider with uuid a3fac661-0943-4d52-95a6-81406b327d6a found for delete ", "request_id": "req-f033ca76-4dea-4bde-8d22-71976fea92d0"}]} [pid: 7|app: 0|req: 800/1481] 10.0.0.94 () {32 vars in 738 bytes} [Sat Aug 22 15:51:39 2026] DELETE /v2.0/security-groups/bdc870b5-a080-4097-b380-40f276ab6404 => generated 0 bytes in 321 msecs (HTTP/1.1 204) 2 headers in 112 bytes (1 switches on core 0)
2026-08-22 15:51:40.007 7 INFO neutron.db.ovn_revision_numbers_db [None req-179808ae-3511-44c7-9a2f-12d417ef01ca b5f8d443a85542d09eab869234d828eb 70c729d3a63d4ecf9d69285572b8c83a - - default default] Successfully bumped revision number for resource 038b0c97-decf-4901-b530-cc4a5f7f3cbd (type: security_groups) to 1
2026-08-22 15:51:40.027 7 INFO neutron.db.ovn_revision_numbers_db [None req-179808ae-3511-44c7-9a2f-12d417ef01ca b5f8d443a85542d09eab869234d828eb 70c729d3a63d4ecf9d69285572b8c83a - - default default] Successfully bumped revision number for resource 147e5c6f-eceb-49f6-8af6-6d1126d635ae (type: security_group_rules) to 0
2026-08-22 15:51:40.040 7 INFO neutron.db.ovn_revision_numbers_db [None req-179808ae-3511-44c7-9a2f-12d417ef01ca b5f8d443a85542d09eab869234d828eb 70c729d3a63d4ecf9d69285572b8c83a - - default default] Successfully bumped revision number for resource 243784f9-c108-4554-984f-a22d9e801e8c (type: security_group_rules) to 0
2026-08-22 15:51:40.054 7 INFO neutron.db.ovn_revision_numbers_db [None req-179808ae-3511-44c7-9a2f-12d417ef01ca b5f8d443a85542d09eab869234d828eb 70c729d3a63d4ecf9d69285572b8c83a - - default default] Successfully bumped revision number for resource 8238e297-c0ae-4357-86d4-ca156f47860e (type: security_group_rules) to 0
2026-08-22 15:51:40.065 7 INFO neutron.db.ovn_revision_numbers_db [None req-179808ae-3511-44c7-9a2f-12d417ef01ca b5f8d443a85542d09eab869234d828eb 70c729d3a63d4ecf9d69285572b8c83a - - default default] Successfully bumped revision number for resource a0b24e2a-0a2f-4fef-97c4-550bffa95f07 (type: security_group_rules) to 0 [pid: 7|app: 0|req: 801/1482] 10.0.0.94 () {32 vars in 772 bytes} [Sat Aug 22 15:51:39 2026] GET /v2.0/security-groups?tenant_id=bd856f636b17415eb7a910e7344ac648&name=default => generated 2925 bytes in 252 msecs (HTTP/1.1 200) 4 headers in 158 bytes (1 switches on core 0)
2026-08-22 15:51:40.266 7 INFO neutron.db.ovn_revision_numbers_db [None req-9304781b-ac7c-49d2-97fd-0b3842bb9253 b5f8d443a85542d09eab869234d828eb 70c729d3a63d4ecf9d69285572b8c83a - - default default] Successfully bumped revision number for resource 64b0cdbf-3cc4-4c9c-9cd9-cd66e54f5692 (type: security_groups) to 1
2026-08-22 15:51:40.276 7 INFO neutron.db.ovn_revision_numbers_db [None req-9304781b-ac7c-49d2-97fd-0b3842bb9253 b5f8d443a85542d09eab869234d828eb 70c729d3a63d4ecf9d69285572b8c83a - - default default] Successfully bumped revision number for resource 6c607341-99b5-41f8-b228-263f5e9f7c1a (type: security_group_rules) to 0
2026-08-22 15:51:40.287 7 INFO neutron.db.ovn_revision_numbers_db [None req-9304781b-ac7c-49d2-97fd-0b3842bb9253 b5f8d443a85542d09eab869234d828eb 70c729d3a63d4ecf9d69285572b8c83a - - default default] Successfully bumped revision number for resource 82e4bace-a2a8-4308-bddf-db7548090bd9 (type: security_group_rules) to 0
2026-08-22 15:51:40.300 7 INFO neutron.db.ovn_revision_numbers_db [None req-9304781b-ac7c-49d2-97fd-0b3842bb9253 b5f8d443a85542d09eab869234d828eb 70c729d3a63d4ecf9d69285572b8c83a - - default default] Successfully bumped revision number for resource d3a82ea9-49d9-4f06-a3e7-b2f6c6e7e976 (type: security_group_rules) to 0
2026-08-22 15:51:40.311 7 INFO neutron.db.ovn_revision_numbers_db [None req-9304781b-ac7c-49d2-97fd-0b3842bb9253 b5f8d443a85542d09eab869234d828eb 70c729d3a63d4ecf9d69285572b8c83a - - default default] Successfully bumped revision number for resource d98691fc-54b8-4681-b95f-49592afa6830 (type: security_group_rules) to 0 [pid: 7|app: 0|req: 802/1483] 10.0.0.94 () {32 vars in 772 bytes} [Sat Aug 22 15:51:40 2026] GET /v2.0/security-groups?tenant_id=78153e84e7284b6981c41c8d1bbf5ad5&name=default => generated 2925 bytes in 254 msecs (HTTP/1.1 200) 4 headers in 158 bytes (1 switches on core 0) [pid: 8|app: 0|req: 682/1484] 10.0.0.94 () {32 vars in 722 bytes} [Sat Aug 22 15:51:38 2026] DELETE /v2.0/routers/55d3ac2c-eaee-44e5-817a-c63ab596fb24 => generated 0 bytes in 1531 msecs (HTTP/1.1 204) 2 headers in 112 bytes (1 switches on core 0) [pid: 7|app: 0|req: 803/1485] 10.0.0.94 () {32 vars in 738 bytes} [Sat Aug 22 15:51:40 2026] DELETE /v2.0/security-groups/038b0c97-decf-4901-b530-cc4a5f7f3cbd => generated 0 bytes in 343 msecs (HTTP/1.1 204) 2 headers in 112 bytes (1 switches on core 0) [pid: 8|app: 0|req: 683/1486] 10.0.0.94 () {32 vars in 738 bytes} [Sat Aug 22 15:51:40 2026] DELETE /v2.0/security-groups/64b0cdbf-3cc4-4c9c-9cd9-cd66e54f5692 => generated 0 bytes in 306 msecs (HTTP/1.1 204) 2 headers in 112 bytes (1 switches on core 0) [pid: 7|app: 0|req: 804/1487] 10.0.0.94 () {32 vars in 722 bytes} [Sat Aug 22 15:51:40 2026] DELETE /v2.0/subnets/62f9d66e-7709-43ae-8d21-b4ea7c13f212 => generated 0 bytes in 158 msecs (HTTP/1.1 204) 3 headers in 131 bytes (1 switches on core 0) [pid: 7|app: 0|req: 805/1488] 10.0.0.94 () {32 vars in 772 bytes} [Sat Aug 22 15:51:40 2026] GET /v2.0/security-groups?tenant_id=961fc67240664707b4efbf2672ef7d88&name=default => generated 2925 bytes in 26 msecs (HTTP/1.1 200) 4 headers in 158 bytes (1 switches on core 0)
2026-08-22 15:51:41.019 7 INFO neutron_taas.services.taas.taas_plugin [None req-f23b48ea-242f-4290-8a14-7f7d93c5fef1 b5f8d443a85542d09eab869234d828eb 70c729d3a63d4ecf9d69285572b8c83a - - default default] TaaS: Handle Delete Port: 167222f6-bc3a-45b9-b29c-71d9043e7d54
2026-08-22 15:51:41.022 7 INFO neutron_taas.services.taas.tap_mirror_plugin [None req-f23b48ea-242f-4290-8a14-7f7d93c5fef1 b5f8d443a85542d09eab869234d828eb 70c729d3a63d4ecf9d69285572b8c83a - - default default] Tap Mirror: Handle Delete Port: 167222f6-bc3a-45b9-b29c-71d9043e7d54
2026-08-22 15:51:41.027 8 INFO neutron.db.ovn_revision_numbers_db [None req-d21a2f6e-dc4d-4eba-8f07-097897bc460e b5f8d443a85542d09eab869234d828eb 70c729d3a63d4ecf9d69285572b8c83a - - default default] Successfully bumped revision number for resource 29c11a05-5872-4003-8bbd-ea5843e2f676 (type: security_groups) to 1
2026-08-22 15:51:41.040 8 INFO neutron.db.ovn_revision_numbers_db [None req-d21a2f6e-dc4d-4eba-8f07-097897bc460e b5f8d443a85542d09eab869234d828eb 70c729d3a63d4ecf9d69285572b8c83a - - default default] Successfully bumped revision number for resource 520ded7f-4b24-4af9-b2a8-c3a4c26c47f0 (type: security_group_rules) to 0
2026-08-22 15:51:41.050 8 INFO neutron.db.ovn_revision_numbers_db [None req-d21a2f6e-dc4d-4eba-8f07-097897bc460e b5f8d443a85542d09eab869234d828eb 70c729d3a63d4ecf9d69285572b8c83a - - default default] Successfully bumped revision number for resource 59b0de1f-c138-4c78-a93f-22d822bfdb10 (type: security_group_rules) to 0
2026-08-22 15:51:41.061 8 INFO neutron.db.ovn_revision_numbers_db [None req-d21a2f6e-dc4d-4eba-8f07-097897bc460e b5f8d443a85542d09eab869234d828eb 70c729d3a63d4ecf9d69285572b8c83a - - default default] Successfully bumped revision number for resource 7e793960-6b68-4f16-8b0b-73212a33f31d (type: security_group_rules) to 0
2026-08-22 15:51:41.072 8 INFO neutron.db.ovn_revision_numbers_db [None req-d21a2f6e-dc4d-4eba-8f07-097897bc460e b5f8d443a85542d09eab869234d828eb 70c729d3a63d4ecf9d69285572b8c83a - - default default] Successfully bumped revision number for resource e9186e18-2db9-4983-bc1c-0a9713d520d6 (type: security_group_rules) to 0 [pid: 8|app: 0|req: 684/1489] 10.0.0.94 () {32 vars in 772 bytes} [Sat Aug 22 15:51:40 2026] GET /v2.0/security-groups?tenant_id=8b0a7dad7ba34f3ead1a752630d1ccce&name=default => generated 2925 bytes in 396 msecs (HTTP/1.1 200) 4 headers in 158 bytes (1 switches on core 0)
2026-08-22 15:51:41.189 7 INFO neutron.services.segments.plugin [-] Segment 2ed9f12c-7615-4900-98f2-1252ee2b1536 resource provider aggregate not found
2026-08-22 15:51:41.203 7 INFO neutron.services.segments.plugin [-] Segment 2ed9f12c-7615-4900-98f2-1252ee2b1536 resource provider aggregate not found
2026-08-22 15:51:41.212 7 INFO neutron.services.segments.plugin [-] Client error retrieving segment 2ed9f12c-7615-4900-98f2-1252ee2b1536 resource provider; error: Placement Client Error (4xx): {"errors": [{"status": 404, "title": "Not Found", "detail": "The resource could not be found.\n\n No resource provider with uuid 2ed9f12c-7615-4900-98f2-1252ee2b1536 found for delete ", "request_id": "req-d484177f-fd1b-4281-9b54-39ae29ecbe3b"}]}
2026-08-22 15:51:41.227 7 INFO neutron.services.segments.plugin [-] Client error retrieving segment 2ed9f12c-7615-4900-98f2-1252ee2b1536 resource provider; error: Placement Client Error (4xx): {"errors": [{"status": 404, "title": "Not Found", "detail": "The resource could not be found.\n\n No resource provider with uuid 2ed9f12c-7615-4900-98f2-1252ee2b1536 found for delete ", "request_id": "req-705bd08f-dcd9-4be1-9cb3-93a711e6987f"}]} [pid: 7|app: 0|req: 806/1490] 10.0.0.94 () {32 vars in 724 bytes} [Sat Aug 22 15:51:40 2026] DELETE /v2.0/networks/e057c6fa-f77c-4825-969f-7fa75ea90eb8 => generated 0 bytes in 371 msecs (HTTP/1.1 204) 3 headers in 131 bytes (1 switches on core 0) [pid: 8|app: 0|req: 685/1491] 10.0.0.94 () {32 vars in 738 bytes} [Sat Aug 22 15:51:41 2026] DELETE /v2.0/security-groups/e44a5baf-2a25-4580-8ae3-0df636fa0c6c => generated 0 bytes in 291 msecs (HTTP/1.1 204) 2 headers in 112 bytes (1 switches on core 0) [pid: 8|app: 0|req: 686/1492] 10.0.0.94 () {32 vars in 772 bytes} [Sat Aug 22 15:51:41 2026] GET /v2.0/security-groups?tenant_id=7d88655ecdc94a37bce0638350cec681&name=default => generated 2925 bytes in 36 msecs (HTTP/1.1 200) 4 headers in 158 bytes (1 switches on core 0) [pid: 7|app: 0|req: 807/1493] 10.0.0.94 () {32 vars in 738 bytes} [Sat Aug 22 15:51:41 2026] DELETE /v2.0/security-groups/29c11a05-5872-4003-8bbd-ea5843e2f676 => generated 0 bytes in 333 msecs (HTTP/1.1 204) 2 headers in 112 bytes (1 switches on core 0) [pid: 8|app: 0|req: 687/1494] 10.0.0.94 () {32 vars in 738 bytes} [Sat Aug 22 15:51:41 2026] DELETE /v2.0/security-groups/b3b56668-5f63-4369-aefd-8b28e8bf8577 => generated 0 bytes in 324 msecs (HTTP/1.1 204) 2 headers in 112 bytes (1 switches on core 0) [pid: 7|app: 0|req: 808/1495] 10.0.0.94 () {34 vars in 676 bytes} [Sat Aug 22 15:51:45 2026] POST /v2.0/qos/policies => generated 359 bytes in 254 msecs (HTTP/1.1 201) 4 headers in 162 bytes (1 switches on core 0) [pid: 8|app: 0|req: 688/1496] 10.0.0.94 () {34 vars in 676 bytes} [Sat Aug 22 15:51:45 2026] POST /v2.0/qos/policies => generated 359 bytes in 67 msecs (HTTP/1.1 201) 4 headers in 162 bytes (1 switches on core 0) [pid: 7|app: 0|req: 809/1497] 10.0.0.94 () {34 vars in 676 bytes} [Sat Aug 22 15:51:45 2026] POST /v2.0/qos/policies => generated 359 bytes in 36 msecs (HTTP/1.1 201) 4 headers in 162 bytes (1 switches on core 0) [pid: 8|app: 0|req: 689/1498] 10.0.0.94 () {34 vars in 676 bytes} [Sat Aug 22 15:51:45 2026] POST /v2.0/qos/policies => generated 359 bytes in 39 msecs (HTTP/1.1 201) 4 headers in 162 bytes (1 switches on core 0) [pid: 7|app: 0|req: 810/1499] 10.0.0.94 () {34 vars in 676 bytes} [Sat Aug 22 15:51:45 2026] POST /v2.0/qos/policies => generated 359 bytes in 39 msecs (HTTP/1.1 201) 4 headers in 162 bytes (1 switches on core 0) [pid: 8|app: 0|req: 690/1500] 10.0.0.94 () {34 vars in 751 bytes} [Sat Aug 22 15:51:45 2026] PUT /v2.0/policies/7841f620-78c7-4dcd-b587-7bd9cdd8e696/tags => generated 17 bytes in 52 msecs (HTTP/1.1 200) 4 headers in 156 bytes (1 switches on core 0) [pid: 7|app: 0|req: 811/1501] 10.0.0.94 () {34 vars in 751 bytes} [Sat Aug 22 15:51:45 2026] PUT /v2.0/policies/6dffb0b1-89b2-4c29-ad01-ad8ab3c62593/tags => generated 25 bytes in 69 msecs (HTTP/1.1 200) 4 headers in 156 bytes (1 switches on core 0) [pid: 8|app: 0|req: 691/1502] 10.0.0.94 () {34 vars in 751 bytes} [Sat Aug 22 15:51:45 2026] PUT /v2.0/policies/f46c9ac2-59b9-407c-9c8e-bf9a8fd3173f/tags => generated 34 bytes in 42 msecs (HTTP/1.1 200) 4 headers in 156 bytes (1 switches on core 0) [pid: 7|app: 0|req: 812/1503] 10.0.0.94 () {34 vars in 751 bytes} [Sat Aug 22 15:51:45 2026] PUT /v2.0/policies/e82c6498-fc37-469b-9185-3f21cd9c6607/tags => generated 19 bytes in 43 msecs (HTTP/1.1 200) 4 headers in 156 bytes (1 switches on core 0)
2026-08-22 15:51:46.023 8 INFO neutron.db.ovn_revision_numbers_db [None req-a78df5cc-e984-4618-8f23-a1747a03be77 16ab909397a74e8383f6e2e480d6b0fe da09850621ba4e1086f48dffeba6c6de - - default default] Successfully bumped revision number for resource ef7d3f39-d847-49b6-a38e-ec8710ac5d54 (type: security_groups) to 1
2026-08-22 15:51:46.034 8 INFO neutron.db.ovn_revision_numbers_db [None req-a78df5cc-e984-4618-8f23-a1747a03be77 16ab909397a74e8383f6e2e480d6b0fe da09850621ba4e1086f48dffeba6c6de - - default default] Successfully bumped revision number for resource 72162aab-692e-4779-bf45-dc49f35afadc (type: security_group_rules) to 0
2026-08-22 15:51:46.046 8 INFO neutron.db.ovn_revision_numbers_db [None req-a78df5cc-e984-4618-8f23-a1747a03be77 16ab909397a74e8383f6e2e480d6b0fe da09850621ba4e1086f48dffeba6c6de - - default default] Successfully bumped revision number for resource 7e9693a4-beff-4d3f-b085-b8706ab2dc5d (type: security_group_rules) to 0
2026-08-22 15:51:46.058 8 INFO neutron.db.ovn_revision_numbers_db [None req-a78df5cc-e984-4618-8f23-a1747a03be77 16ab909397a74e8383f6e2e480d6b0fe da09850621ba4e1086f48dffeba6c6de - - default default] Successfully bumped revision number for resource a88c7b89-4e7b-4f8d-843f-21ea376ed6fb (type: security_group_rules) to 0
2026-08-22 15:51:46.070 8 INFO neutron.db.ovn_revision_numbers_db [None req-a78df5cc-e984-4618-8f23-a1747a03be77 16ab909397a74e8383f6e2e480d6b0fe da09850621ba4e1086f48dffeba6c6de - - default default] Successfully bumped revision number for resource d464f8e5-da92-474d-9d7e-2599654c0cf7 (type: security_group_rules) to 0
2026-08-22 15:51:46.154 8 INFO neutron.db.segments_db [None req-a78df5cc-e984-4618-8f23-a1747a03be77 16ab909397a74e8383f6e2e480d6b0fe da09850621ba4e1086f48dffeba6c6de - - default default] Added segment 75fb0c81-89fc-41ec-a75f-f2d3ffe8f267 of type geneve for network 93b4ea60-d733-43a5-9fb7-e3ba6769bc19 [pid: 7|app: 0|req: 813/1504] 10.0.0.94 () {32 vars in 672 bytes} [Sat Aug 22 15:51:46 2026] GET /v2.0/qos/policies?tags=red => generated 1101 bytes in 105 msecs (HTTP/1.1 200) 4 headers in 158 bytes (1 switches on core 0) [pid: 7|app: 0|req: 814/1505] 10.0.0.94 () {32 vars in 686 bytes} [Sat Aug 22 15:51:46 2026] GET /v2.0/qos/policies?tags=red%2Cblue => generated 747 bytes in 55 msecs (HTTP/1.1 200) 4 headers in 157 bytes (1 switches on core 0)
2026-08-22 15:51:46.280 8 INFO neutron.db.ovn_revision_numbers_db [None req-a78df5cc-e984-4618-8f23-a1747a03be77 16ab909397a74e8383f6e2e480d6b0fe da09850621ba4e1086f48dffeba6c6de - - default default] Successfully bumped revision number for resource 93b4ea60-d733-43a5-9fb7-e3ba6769bc19 (type: networks) to 1 [pid: 7|app: 0|req: 815/1506] 10.0.0.94 () {32 vars in 682 bytes} [Sat Aug 22 15:51:46 2026] GET /v2.0/qos/policies?tags-any=blue => generated 747 bytes in 79 msecs (HTTP/1.1 200) 4 headers in 157 bytes (1 switches on core 0) [pid: 7|app: 0|req: 816/1507] 10.0.0.94 () {32 vars in 694 bytes} [Sat Aug 22 15:51:46 2026] GET /v2.0/qos/policies?tags-any=red%2Cblue => generated 1101 bytes in 55 msecs (HTTP/1.1 200) 4 headers in 158 bytes (1 switches on core 0) [pid: 7|app: 0|req: 817/1508] 10.0.0.94 () {32 vars in 680 bytes} [Sat Aug 22 15:51:46 2026] GET /v2.0/qos/policies?not-tags=red => generated 719 bytes in 50 msecs (HTTP/1.1 200) 4 headers in 157 bytes (1 switches on core 0)
2026-08-22 15:51:46.465 8 WARNING neutron.scheduler.dhcp_agent_scheduler [None req-a78df5cc-e984-4618-8f23-a1747a03be77 16ab909397a74e8383f6e2e480d6b0fe da09850621ba4e1086f48dffeba6c6de - - default default] No more DHCP agents
2026-08-22 15:51:46.467 8 WARNING neutron.api.rpc.agentnotifiers.dhcp_rpc_agent_api [None req-a78df5cc-e984-4618-8f23-a1747a03be77 16ab909397a74e8383f6e2e480d6b0fe da09850621ba4e1086f48dffeba6c6de - - default default] Unable to schedule network 93b4ea60-d733-43a5-9fb7-e3ba6769bc19: no agents available; will retry on subsequent port and subnet creation events. [pid: 7|app: 0|req: 818/1509] 10.0.0.94 () {32 vars in 694 bytes} [Sat Aug 22 15:51:46 2026] GET /v2.0/qos/policies?not-tags=red%2Cblue => generated 1073 bytes in 69 msecs (HTTP/1.1 200) 4 headers in 158 bytes (1 switches on core 0)
2026-08-22 15:51:46.557 8 INFO neutron.plugins.ml2.drivers.ovn.mech_driver.mech_driver [None req-8b7ddcf0-f6ca-479f-9135-405561a66790 - - - - - -] OVN reports status down for port: d0121e86-1f11-4841-9458-68d293d5b82f
2026-08-22 15:51:46.619 8 INFO neutron.db.ovn_revision_numbers_db [None req-a78df5cc-e984-4618-8f23-a1747a03be77 16ab909397a74e8383f6e2e480d6b0fe da09850621ba4e1086f48dffeba6c6de - - default default] Successfully bumped revision number for resource d0121e86-1f11-4841-9458-68d293d5b82f (type: ports) to 1 [pid: 7|app: 0|req: 819/1510] 10.0.0.94 () {32 vars in 690 bytes} [Sat Aug 22 15:51:46 2026] GET /v2.0/qos/policies?not-tags-any=blue => generated 1073 bytes in 137 msecs (HTTP/1.1 200) 4 headers in 158 bytes (1 switches on core 0) [pid: 8|app: 0|req: 692/1511] 10.0.0.94 () {34 vars in 668 bytes} [Sat Aug 22 15:51:45 2026] POST /v2.0/networks => generated 670 bytes in 882 msecs (HTTP/1.1 201) 4 headers in 162 bytes (1 switches on core 0) [pid: 7|app: 0|req: 820/1512] 10.0.0.94 () {32 vars in 702 bytes} [Sat Aug 22 15:51:46 2026] GET /v2.0/qos/policies?not-tags-any=red%2Cblue => generated 719 bytes in 42 msecs (HTTP/1.1 200) 4 headers in 157 bytes (1 switches on core 0) [pid: 7|app: 0|req: 821/1513] 10.0.0.94 () {32 vars in 732 bytes} [Sat Aug 22 15:51:46 2026] DELETE /v2.0/qos/policies/7841f620-78c7-4dcd-b587-7bd9cdd8e696 => generated 0 bytes in 52 msecs (HTTP/1.1 204) 2 headers in 112 bytes (1 switches on core 0) [pid: 7|app: 0|req: 822/1514] 10.0.0.94 () {32 vars in 732 bytes} [Sat Aug 22 15:51:46 2026] DELETE /v2.0/qos/policies/6dffb0b1-89b2-4c29-ad01-ad8ab3c62593 => generated 0 bytes in 51 msecs (HTTP/1.1 204) 2 headers in 112 bytes (1 switches on core 0)
2026-08-22 15:51:46.841 8 WARNING neutron.scheduler.dhcp_agent_scheduler [None req-5e546518-6ece-4fb7-9485-f39736e19993 16ab909397a74e8383f6e2e480d6b0fe da09850621ba4e1086f48dffeba6c6de - - default default] No more DHCP agents
2026-08-22 15:51:46.843 8 WARNING neutron.api.rpc.agentnotifiers.dhcp_rpc_agent_api [None req-5e546518-6ece-4fb7-9485-f39736e19993 16ab909397a74e8383f6e2e480d6b0fe da09850621ba4e1086f48dffeba6c6de - - default default] Unable to schedule network 93b4ea60-d733-43a5-9fb7-e3ba6769bc19: no agents available; will retry on subsequent port and subnet creation events. [pid: 7|app: 0|req: 823/1515] 10.0.0.94 () {32 vars in 732 bytes} [Sat Aug 22 15:51:46 2026] DELETE /v2.0/qos/policies/f46c9ac2-59b9-407c-9c8e-bf9a8fd3173f => generated 0 bytes in 39 msecs (HTTP/1.1 204) 2 headers in 112 bytes (1 switches on core 0) [pid: 7|app: 0|req: 824/1516] 10.0.0.94 () {32 vars in 732 bytes} [Sat Aug 22 15:51:46 2026] DELETE /v2.0/qos/policies/e82c6498-fc37-469b-9185-3f21cd9c6607 => generated 0 bytes in 46 msecs (HTTP/1.1 204) 2 headers in 112 bytes (1 switches on core 0) [pid: 7|app: 0|req: 825/1517] 10.0.0.94 () {32 vars in 732 bytes} [Sat Aug 22 15:51:46 2026] DELETE /v2.0/qos/policies/4d3b4d72-e653-4ed2-b62e-036f5727c4a3 => generated 0 bytes in 59 msecs (HTTP/1.1 204) 2 headers in 112 bytes (1 switches on core 0)
2026-08-22 15:51:47.295 8 INFO neutron.db.ovn_revision_numbers_db [None req-0add5b69-9aa2-49bc-ac90-965f993f6412 - - - - - -] Successfully bumped revision number for resource d0121e86-1f11-4841-9458-68d293d5b82f (type: ports) to 2
2026-08-22 15:51:47.331 8 INFO neutron.db.ovn_revision_numbers_db [None req-0add5b69-9aa2-49bc-ac90-965f993f6412 - - - - - -] Successfully bumped revision number for resource 409d96bf-dab9-42be-b24e-c252d65a1ffa (type: subnets) to 0 [pid: 8|app: 0|req: 693/1518] 10.0.0.94 () {34 vars in 667 bytes} [Sat Aug 22 15:51:46 2026] POST /v2.0/subnets => generated 626 bytes in 688 msecs (HTTP/1.1 201) 4 headers in 162 bytes (1 switches on core 0)
2026-08-22 15:51:47.439 7 INFO neutron.db.segments_db [None req-3aba875b-72c9-42fb-9725-08413615f538 16ab909397a74e8383f6e2e480d6b0fe da09850621ba4e1086f48dffeba6c6de - - default default] Added segment ca7943b5-8d34-4530-a1a5-453c915aa33a of type geneve for network 60c0035f-4ddf-4b32-91a4-bb2392cd1d47
2026-08-22 15:51:47.585 7 INFO neutron.db.ovn_revision_numbers_db [None req-3aba875b-72c9-42fb-9725-08413615f538 16ab909397a74e8383f6e2e480d6b0fe da09850621ba4e1086f48dffeba6c6de - - default default] Successfully bumped revision number for resource 60c0035f-4ddf-4b32-91a4-bb2392cd1d47 (type: networks) to 1
2026-08-22 15:51:47.781 7 WARNING neutron.scheduler.dhcp_agent_scheduler [None req-3aba875b-72c9-42fb-9725-08413615f538 16ab909397a74e8383f6e2e480d6b0fe da09850621ba4e1086f48dffeba6c6de - - default default] No more DHCP agents
2026-08-22 15:51:47.783 7 WARNING neutron.api.rpc.agentnotifiers.dhcp_rpc_agent_api [None req-3aba875b-72c9-42fb-9725-08413615f538 16ab909397a74e8383f6e2e480d6b0fe da09850621ba4e1086f48dffeba6c6de - - default default] Unable to schedule network 60c0035f-4ddf-4b32-91a4-bb2392cd1d47: no agents available; will retry on subsequent port and subnet creation events.
2026-08-22 15:51:47.856 8 INFO neutron.plugins.ml2.drivers.ovn.mech_driver.mech_driver [None req-8b7ddcf0-f6ca-479f-9135-405561a66790 - - - - - -] OVN reports status down for port: 3a67f9c9-9fa4-4916-8814-88a4625aa355
2026-08-22 15:51:47.897 7 INFO neutron.db.ovn_revision_numbers_db [None req-3aba875b-72c9-42fb-9725-08413615f538 16ab909397a74e8383f6e2e480d6b0fe da09850621ba4e1086f48dffeba6c6de - - default default] Successfully bumped revision number for resource 3a67f9c9-9fa4-4916-8814-88a4625aa355 (type: ports) to 1 [pid: 7|app: 0|req: 826/1521] 10.0.0.94 () {34 vars in 668 bytes} [Sat Aug 22 15:51:47 2026] POST /v2.0/networks => generated 670 bytes in 574 msecs (HTTP/1.1 201) 4 headers in 162 bytes (1 switches on core 0)
2026-08-22 15:51:48.086 8 INFO neutron.db.ovn_revision_numbers_db [None req-6a629ef1-c991-4da1-96c8-ffee64bfec63 b5f8d443a85542d09eab869234d828eb 70c729d3a63d4ecf9d69285572b8c83a - - default default] Successfully bumped revision number for resource 414e1c28-e687-4bc2-97ed-026d74fb40c2 (type: security_groups) to 1
2026-08-22 15:51:48.098 8 INFO neutron.db.ovn_revision_numbers_db [None req-6a629ef1-c991-4da1-96c8-ffee64bfec63 b5f8d443a85542d09eab869234d828eb 70c729d3a63d4ecf9d69285572b8c83a - - default default] Successfully bumped revision number for resource 026074e3-afae-42f4-9e93-0db7d915a102 (type: security_group_rules) to 0
2026-08-22 15:51:48.113 8 INFO neutron.db.ovn_revision_numbers_db [None req-6a629ef1-c991-4da1-96c8-ffee64bfec63 b5f8d443a85542d09eab869234d828eb 70c729d3a63d4ecf9d69285572b8c83a - - default default] Successfully bumped revision number for resource 35b8565a-a0b3-4e78-a630-b45e875f8c82 (type: security_group_rules) to 0
2026-08-22 15:51:48.126 8 INFO neutron.db.ovn_revision_numbers_db [None req-6a629ef1-c991-4da1-96c8-ffee64bfec63 b5f8d443a85542d09eab869234d828eb 70c729d3a63d4ecf9d69285572b8c83a - - default default] Successfully bumped revision number for resource 96312dde-142d-416a-b26e-08cb2c356d22 (type: security_group_rules) to 0
2026-08-22 15:51:48.140 8 INFO neutron.db.ovn_revision_numbers_db [None req-6a629ef1-c991-4da1-96c8-ffee64bfec63 b5f8d443a85542d09eab869234d828eb 70c729d3a63d4ecf9d69285572b8c83a - - default default] Successfully bumped revision number for resource 9c5cce5c-f7f6-49f6-bfc0-7dce008c0690 (type: security_group_rules) to 0
2026-08-22 15:51:48.160 7 WARNING neutron.scheduler.dhcp_agent_scheduler [None req-6472a85d-e419-4152-9db4-77e09ab1845d 16ab909397a74e8383f6e2e480d6b0fe da09850621ba4e1086f48dffeba6c6de - - default default] No more DHCP agents
2026-08-22 15:51:48.162 7 WARNING neutron.api.rpc.agentnotifiers.dhcp_rpc_agent_api [None req-6472a85d-e419-4152-9db4-77e09ab1845d 16ab909397a74e8383f6e2e480d6b0fe da09850621ba4e1086f48dffeba6c6de - - default default] Unable to schedule network 60c0035f-4ddf-4b32-91a4-bb2392cd1d47: no agents available; will retry on subsequent port and subnet creation events. [pid: 8|app: 0|req: 696/1522] 10.0.0.94 () {32 vars in 772 bytes} [Sat Aug 22 15:51:47 2026] GET /v2.0/security-groups?tenant_id=9c6931f0aea8439f9c54e23d67d6f51a&name=default => generated 2925 bytes in 436 msecs (HTTP/1.1 200) 4 headers in 158 bytes (1 switches on core 0) [pid: 8|app: 0|req: 697/1523] 10.0.0.94 () {32 vars in 738 bytes} [Sat Aug 22 15:51:48 2026] DELETE /v2.0/security-groups/414e1c28-e687-4bc2-97ed-026d74fb40c2 => generated 0 bytes in 278 msecs (HTTP/1.1 204) 2 headers in 112 bytes (1 switches on core 0)
2026-08-22 15:51:48.643 7 INFO neutron.db.ovn_revision_numbers_db [None req-16038f47-7c32-4378-bfc3-ca5cb6f0623e - - - - - -] Successfully bumped revision number for resource 3a67f9c9-9fa4-4916-8814-88a4625aa355 (type: ports) to 2
2026-08-22 15:51:48.675 7 INFO neutron.db.ovn_revision_numbers_db [None req-16038f47-7c32-4378-bfc3-ca5cb6f0623e - - - - - -] Successfully bumped revision number for resource 8c42adbf-e218-4b54-9a69-624267738800 (type: subnets) to 0 [pid: 7|app: 0|req: 827/1524] 10.0.0.94 () {34 vars in 667 bytes} [Sat Aug 22 15:51:47 2026] POST /v2.0/subnets => generated 629 bytes in 759 msecs (HTTP/1.1 201) 4 headers in 162 bytes (1 switches on core 0)
2026-08-22 15:51:48.771 8 INFO neutron.db.ovn_revision_numbers_db [None req-c07f690a-320e-4b8e-869c-fad18ebc6f1b b5f8d443a85542d09eab869234d828eb 70c729d3a63d4ecf9d69285572b8c83a - - default default] Successfully bumped revision number for resource 8f439b13-11e8-4d50-b127-86c5e455dd5c (type: security_groups) to 1
2026-08-22 15:51:48.786 7 INFO neutron.db.segments_db [None req-916c00cd-a71f-49ce-8b2d-c76f26b31678 16ab909397a74e8383f6e2e480d6b0fe da09850621ba4e1086f48dffeba6c6de - - default default] Added segment a35d1d1e-995f-4e80-a852-71696f60a675 of type geneve for network 1236516e-1897-49aa-9175-2de3ad6bee4b
2026-08-22 15:51:48.796 8 INFO neutron.db.ovn_revision_numbers_db [None req-c07f690a-320e-4b8e-869c-fad18ebc6f1b b5f8d443a85542d09eab869234d828eb 70c729d3a63d4ecf9d69285572b8c83a - - default default] Successfully bumped revision number for resource e6403d43-92e0-48f9-a9f1-35fd9f6044b2 (type: security_group_rules) to 0
2026-08-22 15:51:48.813 8 INFO neutron.db.ovn_revision_numbers_db [None req-c07f690a-320e-4b8e-869c-fad18ebc6f1b b5f8d443a85542d09eab869234d828eb 70c729d3a63d4ecf9d69285572b8c83a - - default default] Successfully bumped revision number for resource f5811d85-cdb5-4f0c-b695-efc3eba8f749 (type: security_group_rules) to 0
2026-08-22 15:51:48.825 8 INFO neutron.db.ovn_revision_numbers_db [None req-c07f690a-320e-4b8e-869c-fad18ebc6f1b b5f8d443a85542d09eab869234d828eb 70c729d3a63d4ecf9d69285572b8c83a - - default default] Successfully bumped revision number for resource f9f91879-85af-413b-bbd4-4114dc433fa0 (type: security_group_rules) to 0
2026-08-22 15:51:48.836 8 INFO neutron.db.ovn_revision_numbers_db [None req-c07f690a-320e-4b8e-869c-fad18ebc6f1b b5f8d443a85542d09eab869234d828eb 70c729d3a63d4ecf9d69285572b8c83a - - default default] Successfully bumped revision number for resource fe4c3bf2-4b2a-4fab-a376-5d13d37f530f (type: security_group_rules) to 0 [pid: 8|app: 0|req: 698/1525] 10.0.0.94 () {32 vars in 772 bytes} [Sat Aug 22 15:51:48 2026] GET /v2.0/security-groups?tenant_id=93ed35a01c3d45fbaf2df7b0d76f8a7c&name=default => generated 2925 bytes in 319 msecs (HTTP/1.1 200) 4 headers in 158 bytes (1 switches on core 0)
2026-08-22 15:51:48.932 7 INFO neutron.db.ovn_revision_numbers_db [None req-916c00cd-a71f-49ce-8b2d-c76f26b31678 16ab909397a74e8383f6e2e480d6b0fe da09850621ba4e1086f48dffeba6c6de - - default default] Successfully bumped revision number for resource 1236516e-1897-49aa-9175-2de3ad6bee4b (type: networks) to 1
2026-08-22 15:51:49.110 7 WARNING neutron.scheduler.dhcp_agent_scheduler [None req-916c00cd-a71f-49ce-8b2d-c76f26b31678 16ab909397a74e8383f6e2e480d6b0fe da09850621ba4e1086f48dffeba6c6de - - default default] No more DHCP agents
2026-08-22 15:51:49.112 7 WARNING neutron.api.rpc.agentnotifiers.dhcp_rpc_agent_api [None req-916c00cd-a71f-49ce-8b2d-c76f26b31678 16ab909397a74e8383f6e2e480d6b0fe da09850621ba4e1086f48dffeba6c6de - - default default] Unable to schedule network 1236516e-1897-49aa-9175-2de3ad6bee4b: no agents available; will retry on subsequent port and subnet creation events.
2026-08-22 15:51:49.222 8 INFO neutron.plugins.ml2.drivers.ovn.mech_driver.mech_driver [None req-8b7ddcf0-f6ca-479f-9135-405561a66790 - - - - - -] OVN reports status down for port: 395e59a4-a542-4dcb-80a3-03834dda4ada
2026-08-22 15:51:49.247 7 INFO neutron.db.ovn_revision_numbers_db [None req-916c00cd-a71f-49ce-8b2d-c76f26b31678 16ab909397a74e8383f6e2e480d6b0fe da09850621ba4e1086f48dffeba6c6de - - default default] Successfully bumped revision number for resource 395e59a4-a542-4dcb-80a3-03834dda4ada (type: ports) to 1 [pid: 7|app: 0|req: 828/1526] 10.0.0.94 () {34 vars in 668 bytes} [Sat Aug 22 15:51:48 2026] POST /v2.0/networks => generated 669 bytes in 579 msecs (HTTP/1.1 201) 4 headers in 162 bytes (1 switches on core 0) [pid: 8|app: 0|req: 699/1527] 10.0.0.94 () {32 vars in 738 bytes} [Sat Aug 22 15:51:48 2026] DELETE /v2.0/security-groups/8f439b13-11e8-4d50-b127-86c5e455dd5c => generated 0 bytes in 394 msecs (HTTP/1.1 204) 2 headers in 112 bytes (1 switches on core 0)
2026-08-22 15:51:49.469 7 WARNING neutron.scheduler.dhcp_agent_scheduler [None req-5c582800-11e8-4e6a-b666-c6b356531e26 16ab909397a74e8383f6e2e480d6b0fe da09850621ba4e1086f48dffeba6c6de - - default default] No more DHCP agents
2026-08-22 15:51:49.472 7 WARNING neutron.api.rpc.agentnotifiers.dhcp_rpc_agent_api [None req-5c582800-11e8-4e6a-b666-c6b356531e26 16ab909397a74e8383f6e2e480d6b0fe da09850621ba4e1086f48dffeba6c6de - - default default] Unable to schedule network 1236516e-1897-49aa-9175-2de3ad6bee4b: no agents available; will retry on subsequent port and subnet creation events.
2026-08-22 15:51:49.662 8 INFO neutron.db.ovn_revision_numbers_db [None req-3cddc75a-203f-49a8-bc2b-466ae7fe55d2 b5f8d443a85542d09eab869234d828eb 70c729d3a63d4ecf9d69285572b8c83a - - default default] Successfully bumped revision number for resource 7b598fb7-af36-4eb8-b510-4382cac460a0 (type: security_groups) to 1
2026-08-22 15:51:49.673 8 INFO neutron.db.ovn_revision_numbers_db [None req-3cddc75a-203f-49a8-bc2b-466ae7fe55d2 b5f8d443a85542d09eab869234d828eb 70c729d3a63d4ecf9d69285572b8c83a - - default default] Successfully bumped revision number for resource 368e1065-796c-4931-aaa0-be2cfe8dd7fb (type: security_group_rules) to 0
2026-08-22 15:51:49.698 8 INFO neutron.db.ovn_revision_numbers_db [None req-3cddc75a-203f-49a8-bc2b-466ae7fe55d2 b5f8d443a85542d09eab869234d828eb 70c729d3a63d4ecf9d69285572b8c83a - - default default] Successfully bumped revision number for resource 3f74c8b7-29db-4ab0-b835-c569b2bac40a (type: security_group_rules) to 0
2026-08-22 15:51:49.709 8 INFO neutron.db.ovn_revision_numbers_db [None req-3cddc75a-203f-49a8-bc2b-466ae7fe55d2 b5f8d443a85542d09eab869234d828eb 70c729d3a63d4ecf9d69285572b8c83a - - default default] Successfully bumped revision number for resource b8da8191-4b01-4192-beec-71011b84ae57 (type: security_group_rules) to 0
2026-08-22 15:51:49.719 8 INFO neutron.db.ovn_revision_numbers_db [None req-3cddc75a-203f-49a8-bc2b-466ae7fe55d2 b5f8d443a85542d09eab869234d828eb 70c729d3a63d4ecf9d69285572b8c83a - - default default] Successfully bumped revision number for resource ebb92453-e945-4f63-9ffc-f9337197449f (type: security_group_rules) to 0 [pid: 8|app: 0|req: 700/1528] 10.0.0.94 () {32 vars in 772 bytes} [Sat Aug 22 15:51:49 2026] GET /v2.0/security-groups?tenant_id=5452acad28164d2d884723e87e62a74b&name=default => generated 2925 bytes in 280 msecs (HTTP/1.1 200) 4 headers in 158 bytes (1 switches on core 0) [pid: 8|app: 0|req: 701/1529] 10.0.0.94 () {32 vars in 738 bytes} [Sat Aug 22 15:51:49 2026] DELETE /v2.0/security-groups/7b598fb7-af36-4eb8-b510-4382cac460a0 => generated 0 bytes in 277 msecs (HTTP/1.1 204) 2 headers in 112 bytes (1 switches on core 0)
2026-08-22 15:51:50.089 7 INFO neutron.db.ovn_revision_numbers_db [None req-5e92570e-ae5e-4d8a-8edf-8d3cd25522f9 - - - - - -] Successfully bumped revision number for resource 395e59a4-a542-4dcb-80a3-03834dda4ada (type: ports) to 2
2026-08-22 15:51:50.121 7 INFO neutron.db.ovn_revision_numbers_db [None req-5e92570e-ae5e-4d8a-8edf-8d3cd25522f9 - - - - - -] Successfully bumped revision number for resource 83ef83b6-cacc-4537-a406-4f3bd05c1a97 (type: subnets) to 0 [pid: 7|app: 0|req: 829/1530] 10.0.0.94 () {34 vars in 667 bytes} [Sat Aug 22 15:51:49 2026] POST /v2.0/subnets => generated 629 bytes in 857 msecs (HTTP/1.1 201) 4 headers in 162 bytes (1 switches on core 0)
2026-08-22 15:51:50.229 8 INFO neutron.db.segments_db [None req-d3cd05ab-23f9-4a4c-970e-6efefc2f1568 16ab909397a74e8383f6e2e480d6b0fe da09850621ba4e1086f48dffeba6c6de - - default default] Added segment 116e7f49-ac1f-4ef5-a67e-57798a0a2e40 of type geneve for network cda89980-09ee-473e-a1e1-7d7bee2ffd42
2026-08-22 15:51:50.357 8 INFO neutron.db.ovn_revision_numbers_db [None req-d3cd05ab-23f9-4a4c-970e-6efefc2f1568 16ab909397a74e8383f6e2e480d6b0fe da09850621ba4e1086f48dffeba6c6de - - default default] Successfully bumped revision number for resource cda89980-09ee-473e-a1e1-7d7bee2ffd42 (type: networks) to 1
2026-08-22 15:51:50.515 8 WARNING neutron.scheduler.dhcp_agent_scheduler [None req-d3cd05ab-23f9-4a4c-970e-6efefc2f1568 16ab909397a74e8383f6e2e480d6b0fe da09850621ba4e1086f48dffeba6c6de - - default default] No more DHCP agents
2026-08-22 15:51:50.517 8 WARNING neutron.api.rpc.agentnotifiers.dhcp_rpc_agent_api [None req-d3cd05ab-23f9-4a4c-970e-6efefc2f1568 16ab909397a74e8383f6e2e480d6b0fe da09850621ba4e1086f48dffeba6c6de - - default default] Unable to schedule network cda89980-09ee-473e-a1e1-7d7bee2ffd42: no agents available; will retry on subsequent port and subnet creation events.
2026-08-22 15:51:50.600 8 INFO neutron.plugins.ml2.drivers.ovn.mech_driver.mech_driver [None req-8b7ddcf0-f6ca-479f-9135-405561a66790 - - - - - -] OVN reports status down for port: 4e135e5f-7ea7-4818-b8df-9238b4f86c9a
2026-08-22 15:51:50.675 8 INFO neutron.db.ovn_revision_numbers_db [None req-d3cd05ab-23f9-4a4c-970e-6efefc2f1568 16ab909397a74e8383f6e2e480d6b0fe da09850621ba4e1086f48dffeba6c6de - - default default] Successfully bumped revision number for resource 4e135e5f-7ea7-4818-b8df-9238b4f86c9a (type: ports) to 1 [pid: 8|app: 0|req: 702/1531] 10.0.0.94 () {34 vars in 668 bytes} [Sat Aug 22 15:51:50 2026] POST /v2.0/networks => generated 670 bytes in 580 msecs (HTTP/1.1 201) 4 headers in 162 bytes (1 switches on core 0)
2026-08-22 15:51:50.902 7 WARNING neutron.scheduler.dhcp_agent_scheduler [None req-a11993ae-3301-4fb9-8b57-2a42aa814c57 16ab909397a74e8383f6e2e480d6b0fe da09850621ba4e1086f48dffeba6c6de - - default default] No more DHCP agents
2026-08-22 15:51:50.903 7 WARNING neutron.api.rpc.agentnotifiers.dhcp_rpc_agent_api [None req-a11993ae-3301-4fb9-8b57-2a42aa814c57 16ab909397a74e8383f6e2e480d6b0fe da09850621ba4e1086f48dffeba6c6de - - default default] Unable to schedule network cda89980-09ee-473e-a1e1-7d7bee2ffd42: no agents available; will retry on subsequent port and subnet creation events.
2026-08-22 15:51:51.343 7 INFO neutron.db.ovn_revision_numbers_db [None req-8d482422-f584-4c47-a339-71bcabdb78cf - - - - - -] Successfully bumped revision number for resource 4e135e5f-7ea7-4818-b8df-9238b4f86c9a (type: ports) to 2
2026-08-22 15:51:51.375 7 INFO neutron.db.ovn_revision_numbers_db [None req-8d482422-f584-4c47-a339-71bcabdb78cf - - - - - -] Successfully bumped revision number for resource 1f8e2da8-a05d-4498-b329-09f3df10fc39 (type: subnets) to 0 [pid: 7|app: 0|req: 830/1532] 10.0.0.94 () {34 vars in 667 bytes} [Sat Aug 22 15:51:50 2026] POST /v2.0/subnets => generated 629 bytes in 666 msecs (HTTP/1.1 201) 4 headers in 162 bytes (1 switches on core 0)
2026-08-22 15:51:51.486 8 INFO neutron.db.segments_db [None req-b56f85e0-afb2-4886-857a-4a3c1e2610ec 16ab909397a74e8383f6e2e480d6b0fe da09850621ba4e1086f48dffeba6c6de - - default default] Added segment edaa6b91-6960-4049-968f-a744be4e04c7 of type geneve for network 23e155dd-ae64-47a3-9891-ccb050cf1b05
2026-08-22 15:51:51.635 8 INFO neutron.db.ovn_revision_numbers_db [None req-b56f85e0-afb2-4886-857a-4a3c1e2610ec 16ab909397a74e8383f6e2e480d6b0fe da09850621ba4e1086f48dffeba6c6de - - default default] Successfully bumped revision number for resource 23e155dd-ae64-47a3-9891-ccb050cf1b05 (type: networks) to 1
2026-08-22 15:51:51.822 8 WARNING neutron.scheduler.dhcp_agent_scheduler [None req-b56f85e0-afb2-4886-857a-4a3c1e2610ec 16ab909397a74e8383f6e2e480d6b0fe da09850621ba4e1086f48dffeba6c6de - - default default] No more DHCP agents
2026-08-22 15:51:51.824 8 WARNING neutron.api.rpc.agentnotifiers.dhcp_rpc_agent_api [None req-b56f85e0-afb2-4886-857a-4a3c1e2610ec 16ab909397a74e8383f6e2e480d6b0fe da09850621ba4e1086f48dffeba6c6de - - default default] Unable to schedule network 23e155dd-ae64-47a3-9891-ccb050cf1b05: no agents available; will retry on subsequent port and subnet creation events.
2026-08-22 15:51:51.852 7 INFO neutron.db.ovn_revision_numbers_db [None req-7bc7eec3-3390-4505-8723-69299a838bd3 b5f8d443a85542d09eab869234d828eb 70c729d3a63d4ecf9d69285572b8c83a - - default default] Successfully bumped revision number for resource 0a6f213e-a935-4619-bb56-45d53e0401db (type: security_groups) to 1
