2026-08-22 15:47:12.682 8 INFO neutron.api.v2.resource [None req-61f16867-ee22-4382-b26c-43f9511d5a6e b5f8d443a85542d09eab869234d828eb 70c729d3a63d4ecf9d69285572b8c83a - - default default] show failed (client error): The resource could not be found. [pid: 8|app: 0|req: 271/542] 199.204.45.240 () {44 vars in 1074 bytes} [Sat Aug 22 15:47:12 2026] GET /v2.0/security-groups/manila-service-security-group?project_id=12114de3f96d4b4b931102399b136727 => generated 139 bytes in 40 msecs (HTTP/1.1 404) 4 headers in 164 bytes (1 switches on core 0) [pid: 7|app: 0|req: 272/543] 199.204.45.240 () {44 vars in 1097 bytes} [Sat Aug 22 15:47:12 2026] GET /v2.0/security-groups?name=manila-service-security-group&project_id=12114de3f96d4b4b931102399b136727 => generated 4072 bytes in 29 msecs (HTTP/1.1 200) 4 headers in 158 bytes (1 switches on core 0) [pid: 8|app: 0|req: 272/544] 199.204.45.240 () {44 vars in 1088 bytes} [Sat Aug 22 15:47:13 2026] GET /v2.0/security-groups/f3ee8c67-dd30-4004-8cb8-09503c99eb5e?project_id=12114de3f96d4b4b931102399b136727 => generated 4075 bytes in 57 msecs (HTTP/1.1 200) 4 headers in 158 bytes (1 switches on core 0) [pid: 7|app: 0|req: 273/545] 199.204.45.240 () {44 vars in 1001 bytes} [Sat Aug 22 15:47:13 2026] GET /v2.0/security-groups/f3ee8c67-dd30-4004-8cb8-09503c99eb5e => generated 4075 bytes in 26 msecs (HTTP/1.1 200) 4 headers in 158 bytes (1 switches on core 0) [pid: 8|app: 0|req: 273/546] 199.204.45.240 () {44 vars in 1011 bytes} [Sat Aug 22 15:47:13 2026] GET /v2.0/security-group-rules/9d99e993-94a7-4516-97b8-cf3e3b715105 => generated 597 bytes in 15 msecs (HTTP/1.1 200) 4 headers in 157 bytes (1 switches on core 0) [pid: 7|app: 0|req: 274/547] 199.204.45.240 () {44 vars in 1088 bytes} [Sat Aug 22 15:47:14 2026] GET /v2.0/security-groups/f3ee8c67-dd30-4004-8cb8-09503c99eb5e?project_id=12114de3f96d4b4b931102399b136727 => generated 4075 bytes in 49 msecs (HTTP/1.1 200) 4 headers in 158 bytes (1 switches on core 0) [pid: 8|app: 0|req: 274/548] 199.204.45.240 () {44 vars in 1001 bytes} [Sat Aug 22 15:47:14 2026] GET /v2.0/security-groups/f3ee8c67-dd30-4004-8cb8-09503c99eb5e => generated 4075 bytes in 31 msecs (HTTP/1.1 200) 4 headers in 158 bytes (1 switches on core 0) [pid: 7|app: 0|req: 275/549] 199.204.45.240 () {44 vars in 1011 bytes} [Sat Aug 22 15:47:14 2026] GET /v2.0/security-group-rules/984c38ad-fae6-4a27-ba3b-9c48892aefe2 => generated 599 bytes in 16 msecs (HTTP/1.1 200) 4 headers in 157 bytes (1 switches on core 0) [pid: 8|app: 0|req: 275/550] 199.204.45.240 () {44 vars in 1088 bytes} [Sat Aug 22 15:47:15 2026] GET /v2.0/security-groups/f3ee8c67-dd30-4004-8cb8-09503c99eb5e?project_id=12114de3f96d4b4b931102399b136727 => generated 4075 bytes in 68 msecs (HTTP/1.1 200) 4 headers in 158 bytes (1 switches on core 0) [pid: 7|app: 0|req: 276/551] 199.204.45.240 () {44 vars in 1001 bytes} [Sat Aug 22 15:47:15 2026] GET /v2.0/security-groups/f3ee8c67-dd30-4004-8cb8-09503c99eb5e => generated 4075 bytes in 32 msecs (HTTP/1.1 200) 4 headers in 158 bytes (1 switches on core 0) [pid: 8|app: 0|req: 276/552] 199.204.45.240 () {44 vars in 1011 bytes} [Sat Aug 22 15:47:15 2026] GET /v2.0/security-group-rules/d136fa12-230e-42d5-88bc-a5c42f6eecdf => generated 601 bytes in 18 msecs (HTTP/1.1 200) 4 headers in 157 bytes (1 switches on core 0) [pid: 7|app: 0|req: 277/553] 199.204.45.240 () {44 vars in 1088 bytes} [Sat Aug 22 15:47:16 2026] GET /v2.0/security-groups/f3ee8c67-dd30-4004-8cb8-09503c99eb5e?project_id=12114de3f96d4b4b931102399b136727 => generated 4075 bytes in 68 msecs (HTTP/1.1 200) 4 headers in 158 bytes (1 switches on core 0) [pid: 8|app: 0|req: 277/554] 199.204.45.240 () {44 vars in 1001 bytes} [Sat Aug 22 15:47:16 2026] GET /v2.0/security-groups/f3ee8c67-dd30-4004-8cb8-09503c99eb5e => generated 4075 bytes in 33 msecs (HTTP/1.1 200) 4 headers in 158 bytes (1 switches on core 0) [pid: 7|app: 0|req: 278/555] 199.204.45.240 () {44 vars in 1011 bytes} [Sat Aug 22 15:47:16 2026] GET /v2.0/security-group-rules/cb604299-d6ea-4758-b2da-482abd1ed6c7 => generated 602 bytes in 15 msecs (HTTP/1.1 200) 4 headers in 157 bytes (1 switches on core 0) [pid: 7|app: 0|req: 280/558] 199.204.45.240 () {44 vars in 975 bytes} [Sat Aug 22 15:47:24 2026] GET /v2.0/quotas/12114de3f96d4b4b931102399b136727 => generated 291 bytes in 13 msecs (HTTP/1.1 200) 4 headers in 157 bytes (1 switches on core 0) [pid: 7|app: 0|req: 284/565] 10.0.0.80 () {28 vars in 583 bytes} [Sat Aug 22 15:48:09 2026] GET /v2.0/networks => generated 2288 bytes in 126 msecs (HTTP/1.1 200) 4 headers in 158 bytes (1 switches on core 0) [pid: 8|app: 0|req: 282/566] 10.0.0.80 () {28 vars in 581 bytes} [Sat Aug 22 15:48:09 2026] GET /v2.0/subnets => generated 1308 bytes in 61 msecs (HTTP/1.1 200) 4 headers in 158 bytes (1 switches on core 0) [pid: 7|app: 0|req: 285/567] 10.0.0.80 () {28 vars in 581 bytes} [Sat Aug 22 15:48:09 2026] GET /v2.0/routers => generated 15 bytes in 16 msecs (HTTP/1.1 200) 4 headers in 156 bytes (1 switches on core 0) [pid: 8|app: 0|req: 283/568] 10.0.0.80 () {28 vars in 622 bytes} [Sat Aug 22 15:48:09 2026] GET /v2.0/agents?binary=ovn-controller => generated 416 bytes in 58 msecs (HTTP/1.1 200) 4 headers in 157 bytes (1 switches on core 0) [pid: 7|app: 0|req: 286/569] 10.0.0.80 () {28 vars in 589 bytes} [Sat Aug 22 15:48:10 2026] GET /v2.0/floatingips => generated 19 bytes in 19 msecs (HTTP/1.1 200) 4 headers in 156 bytes (1 switches on core 0) [pid: 8|app: 0|req: 284/570] 10.0.0.80 () {28 vars in 579 bytes} [Sat Aug 22 15:48:10 2026] GET /v2.0/agents => generated 1214 bytes in 14 msecs (HTTP/1.1 200) 4 headers in 158 bytes (1 switches on core 0) [pid: 7|app: 0|req: 287/571] 10.0.0.80 () {28 vars in 617 bytes} [Sat Aug 22 15:48:10 2026] GET /v2.0/network-ip-availabilities => generated 1104 bytes in 24 msecs (HTTP/1.1 200) 4 headers in 158 bytes (1 switches on core 0) [pid: 8|app: 0|req: 285/572] 10.0.0.80 () {28 vars in 581 bytes} [Sat Aug 22 15:48:10 2026] GET /v2.0/subnets => generated 1308 bytes in 30 msecs (HTTP/1.1 200) 4 headers in 158 bytes (1 switches on core 0) [pid: 7|app: 0|req: 288/573] 10.0.0.80 () {28 vars in 589 bytes} [Sat Aug 22 15:48:10 2026] GET /v2.0/subnetpools => generated 19 bytes in 11 msecs (HTTP/1.1 200) 4 headers in 156 bytes (1 switches on core 0) [pid: 8|app: 0|req: 286/574] 10.0.0.80 () {28 vars in 577 bytes} [Sat Aug 22 15:48:10 2026] GET /v2.0/ports => generated 5175 bytes in 45 msecs (HTTP/1.1 200) 4 headers in 158 bytes (1 switches on core 0) [pid: 7|app: 0|req: 289/575] 10.0.0.80 () {28 vars in 597 bytes} [Sat Aug 22 15:48:10 2026] GET /v2.0/security-groups => generated 17401 bytes in 35 msecs (HTTP/1.1 200) 4 headers in 159 bytes (1 switches on core 0) [pid: 8|app: 0|req: 287/576] 199.204.45.240 () {44 vars in 949 bytes} [Sat Aug 22 15:48:14 2026] GET /v2.0/networks?name=public => generated 791 bytes in 68 msecs (HTTP/1.1 200) 4 headers in 157 bytes (1 switches on core 0) [pid: 7|app: 0|req: 293/583] 10.0.0.94 () {32 vars in 647 bytes} [Sat Aug 22 15:48:54 2026] GET /v2.0/networks => generated 2288 bytes in 188 msecs (HTTP/1.1 200) 4 headers in 158 bytes (1 switches on core 0) [pid: 8|app: 0|req: 291/584] 10.0.0.94 () {32 vars in 653 bytes} [Sat Aug 22 15:48:55 2026] GET /v2.0/floatingips => generated 19 bytes in 16 msecs (HTTP/1.1 200) 4 headers in 156 bytes (1 switches on core 0) [pid: 7|app: 0|req: 294/585] 10.0.0.94 () {32 vars in 645 bytes} [Sat Aug 22 15:48:55 2026] GET /v2.0/routers => generated 15 bytes in 266 msecs (HTTP/1.1 200) 4 headers in 156 bytes (1 switches on core 0) [pid: 8|app: 0|req: 292/586] 10.0.0.94 () {32 vars in 641 bytes} [Sat Aug 22 15:48:55 2026] GET /v2.0/ports => generated 5175 bytes in 46 msecs (HTTP/1.1 200) 4 headers in 158 bytes (1 switches on core 0) [pid: 7|app: 0|req: 295/587] 10.0.0.94 () {32 vars in 645 bytes} [Sat Aug 22 15:48:55 2026] GET /v2.0/subnets => generated 1308 bytes in 22 msecs (HTTP/1.1 200) 4 headers in 158 bytes (1 switches on core 0) [pid: 8|app: 0|req: 293/588] 10.0.0.94 () {32 vars in 647 bytes} [Sat Aug 22 15:48:55 2026] GET /v2.0/networks => generated 2288 bytes in 47 msecs (HTTP/1.1 200) 4 headers in 158 bytes (1 switches on core 0) [pid: 7|app: 0|req: 296/589] 10.0.0.94 () {32 vars in 661 bytes} [Sat Aug 22 15:48:55 2026] GET /v2.0/security-groups => generated 17401 bytes in 32 msecs (HTTP/1.1 200) 4 headers in 159 bytes (1 switches on core 0) [pid: 8|app: 0|req: 294/590] 10.0.0.94 () {32 vars in 653 bytes} [Sat Aug 22 15:48:55 2026] GET /v2.0/subnetpools => generated 19 bytes in 10 msecs (HTTP/1.1 200) 4 headers in 156 bytes (1 switches on core 0)
2026-08-22 15:49:06.414 7 INFO neutron.db.ovn_revision_numbers_db [None req-ec8d66e9-a5ed-4ac1-9ba0-d0a80a7c8e79 b5f8d443a85542d09eab869234d828eb 70c729d3a63d4ecf9d69285572b8c83a - - default default] Successfully bumped revision number for resource d9bb8d8e-8028-4789-be0a-9d5cd41fa899 (type: security_groups) to 1
2026-08-22 15:49:06.425 7 INFO neutron.db.ovn_revision_numbers_db [None req-ec8d66e9-a5ed-4ac1-9ba0-d0a80a7c8e79 b5f8d443a85542d09eab869234d828eb 70c729d3a63d4ecf9d69285572b8c83a - - default default] Successfully bumped revision number for resource 31973561-3ae6-4f68-bb63-0d3c1b0393d6 (type: security_group_rules) to 0
2026-08-22 15:49:06.437 7 INFO neutron.db.ovn_revision_numbers_db [None req-ec8d66e9-a5ed-4ac1-9ba0-d0a80a7c8e79 b5f8d443a85542d09eab869234d828eb 70c729d3a63d4ecf9d69285572b8c83a - - default default] Successfully bumped revision number for resource 5965c0d7-9cd2-4852-99a5-502b21d20137 (type: security_group_rules) to 0
2026-08-22 15:49:06.448 7 INFO neutron.db.ovn_revision_numbers_db [None req-ec8d66e9-a5ed-4ac1-9ba0-d0a80a7c8e79 b5f8d443a85542d09eab869234d828eb 70c729d3a63d4ecf9d69285572b8c83a - - default default] Successfully bumped revision number for resource 86609550-1c0d-42c4-85b0-70ba7d70f143 (type: security_group_rules) to 0
2026-08-22 15:49:06.464 7 INFO neutron.db.ovn_revision_numbers_db [None req-ec8d66e9-a5ed-4ac1-9ba0-d0a80a7c8e79 b5f8d443a85542d09eab869234d828eb 70c729d3a63d4ecf9d69285572b8c83a - - default default] Successfully bumped revision number for resource b2a01b40-9568-4f94-990a-ff4a561ccbda (type: security_group_rules) to 0
2026-08-22 15:49:06.517 8 INFO neutron.db.ovn_revision_numbers_db [None req-020728ba-3a99-49e9-9fa8-9fa166d5a851 b5f8d443a85542d09eab869234d828eb 70c729d3a63d4ecf9d69285572b8c83a - - default default] Successfully bumped revision number for resource 4cf4a01f-0f9c-4a37-9eff-ed27dc61784a (type: security_groups) to 1
2026-08-22 15:49:06.530 8 INFO neutron.db.ovn_revision_numbers_db [None req-020728ba-3a99-49e9-9fa8-9fa166d5a851 b5f8d443a85542d09eab869234d828eb 70c729d3a63d4ecf9d69285572b8c83a - - default default] Successfully bumped revision number for resource 2d2d9efb-a79c-4772-9d28-e461cfa98b14 (type: security_group_rules) to 0
2026-08-22 15:49:06.552 8 INFO neutron.db.ovn_revision_numbers_db [None req-020728ba-3a99-49e9-9fa8-9fa166d5a851 b5f8d443a85542d09eab869234d828eb 70c729d3a63d4ecf9d69285572b8c83a - - default default] Successfully bumped revision number for resource 3db36af3-1c4b-44f1-89f0-1832e99a5bc2 (type: security_group_rules) to 0
2026-08-22 15:49:06.594 8 INFO neutron.db.ovn_revision_numbers_db [None req-020728ba-3a99-49e9-9fa8-9fa166d5a851 b5f8d443a85542d09eab869234d828eb 70c729d3a63d4ecf9d69285572b8c83a - - default default] Successfully bumped revision number for resource cfbce15c-2dc9-4eda-8b7f-9f93e743f9de (type: security_group_rules) to 0
2026-08-22 15:49:06.624 8 INFO neutron.db.ovn_revision_numbers_db [None req-020728ba-3a99-49e9-9fa8-9fa166d5a851 b5f8d443a85542d09eab869234d828eb 70c729d3a63d4ecf9d69285572b8c83a - - default default] Successfully bumped revision number for resource d9c461c8-755b-48a4-9e34-2fbabd49e7f4 (type: security_group_rules) to 0
2026-08-22 15:49:06.659 7 INFO neutron.db.segments_db [None req-ec8d66e9-a5ed-4ac1-9ba0-d0a80a7c8e79 b5f8d443a85542d09eab869234d828eb 70c729d3a63d4ecf9d69285572b8c83a - - default default] Added segment fff019a1-7a9d-422f-a6f8-29263c25a7e3 of type geneve for network cb8fb6cf-c1a8-4909-99ac-ec33d3ea0785
2026-08-22 15:49:06.728 8 INFO neutron.db.segments_db [None req-020728ba-3a99-49e9-9fa8-9fa166d5a851 b5f8d443a85542d09eab869234d828eb 70c729d3a63d4ecf9d69285572b8c83a - - default default] Added segment 22b7d17b-c884-463b-b5cc-f7e9bbba3ff6 of type geneve for network f017526b-1217-4693-92af-f30303211ab4
2026-08-22 15:49:06.774 7 INFO neutron.db.ovn_revision_numbers_db [None req-ec8d66e9-a5ed-4ac1-9ba0-d0a80a7c8e79 b5f8d443a85542d09eab869234d828eb 70c729d3a63d4ecf9d69285572b8c83a - - default default] Successfully bumped revision number for resource cb8fb6cf-c1a8-4909-99ac-ec33d3ea0785 (type: networks) to 1
2026-08-22 15:49:06.904 8 INFO neutron.db.ovn_revision_numbers_db [None req-020728ba-3a99-49e9-9fa8-9fa166d5a851 b5f8d443a85542d09eab869234d828eb 70c729d3a63d4ecf9d69285572b8c83a - - default default] Successfully bumped revision number for resource f017526b-1217-4693-92af-f30303211ab4 (type: networks) to 1
2026-08-22 15:49:06.937 7 WARNING neutron.scheduler.dhcp_agent_scheduler [None req-ec8d66e9-a5ed-4ac1-9ba0-d0a80a7c8e79 b5f8d443a85542d09eab869234d828eb 70c729d3a63d4ecf9d69285572b8c83a - - default default] No more DHCP agents
2026-08-22 15:49:06.938 7 WARNING neutron.api.rpc.agentnotifiers.dhcp_rpc_agent_api [None req-ec8d66e9-a5ed-4ac1-9ba0-d0a80a7c8e79 b5f8d443a85542d09eab869234d828eb 70c729d3a63d4ecf9d69285572b8c83a - - default default] Unable to schedule network cb8fb6cf-c1a8-4909-99ac-ec33d3ea0785: no agents available; will retry on subsequent port and subnet creation events.
2026-08-22 15:49:07.025 8 INFO neutron.plugins.ml2.drivers.ovn.mech_driver.mech_driver [None req-ef131604-5ae4-44a3-ae8c-76bbd29b3a6c - - - - - -] OVN reports status down for port: 432fa9aa-e53c-4b0a-97c6-d3296cf90bd7
2026-08-22 15:49:07.036 7 INFO neutron.db.ovn_revision_numbers_db [None req-ec8d66e9-a5ed-4ac1-9ba0-d0a80a7c8e79 b5f8d443a85542d09eab869234d828eb 70c729d3a63d4ecf9d69285572b8c83a - - default default] Successfully bumped revision number for resource 432fa9aa-e53c-4b0a-97c6-d3296cf90bd7 (type: ports) to 1 [pid: 7|app: 0|req: 298/593] 10.0.0.94 () {34 vars in 669 bytes} [Sat Aug 22 15:49:06 2026] POST /v2.0/networks => generated 785 bytes in 893 msecs (HTTP/1.1 201) 4 headers in 162 bytes (1 switches on core 0)
2026-08-22 15:49:07.154 8 WARNING neutron.scheduler.dhcp_agent_scheduler [None req-020728ba-3a99-49e9-9fa8-9fa166d5a851 b5f8d443a85542d09eab869234d828eb 70c729d3a63d4ecf9d69285572b8c83a - - default default] No more DHCP agents
2026-08-22 15:49:07.156 8 WARNING neutron.api.rpc.agentnotifiers.dhcp_rpc_agent_api [None req-020728ba-3a99-49e9-9fa8-9fa166d5a851 b5f8d443a85542d09eab869234d828eb 70c729d3a63d4ecf9d69285572b8c83a - - default default] Unable to schedule network f017526b-1217-4693-92af-f30303211ab4: no agents available; will retry on subsequent port and subnet creation events.
2026-08-22 15:49:07.219 8 INFO neutron.plugins.ml2.drivers.ovn.mech_driver.mech_driver [None req-ef131604-5ae4-44a3-ae8c-76bbd29b3a6c - - - - - -] OVN reports status down for port: efd045fa-1f19-494f-9c9c-7f0e75d8edca
2026-08-22 15:49:07.278 8 INFO neutron.db.ovn_revision_numbers_db [None req-020728ba-3a99-49e9-9fa8-9fa166d5a851 b5f8d443a85542d09eab869234d828eb 70c729d3a63d4ecf9d69285572b8c83a - - default default] Successfully bumped revision number for resource efd045fa-1f19-494f-9c9c-7f0e75d8edca (type: ports) to 1 [pid: 8|app: 0|req: 296/594] 10.0.0.94 () {34 vars in 669 bytes} [Sat Aug 22 15:49:06 2026] POST /v2.0/networks => generated 789 bytes in 1142 msecs (HTTP/1.1 201) 4 headers in 162 bytes (1 switches on core 0)
2026-08-22 15:49:07.385 7 INFO neutron.db.ovn_revision_numbers_db [None req-ad538814-d4e5-45f5-924b-aef017b96759 b5f8d443a85542d09eab869234d828eb 70c729d3a63d4ecf9d69285572b8c83a - - default default] Successfully bumped revision number for resource d4885dda-9cf3-4a9e-ae35-e0a1fe3cd358 (type: security_groups) to 1
2026-08-22 15:49:07.398 7 INFO neutron.db.ovn_revision_numbers_db [None req-ad538814-d4e5-45f5-924b-aef017b96759 b5f8d443a85542d09eab869234d828eb 70c729d3a63d4ecf9d69285572b8c83a - - default default] Successfully bumped revision number for resource 2b005aeb-1ab2-431d-a741-8793936ea2a3 (type: security_group_rules) to 0
2026-08-22 15:49:07.411 7 INFO neutron.db.ovn_revision_numbers_db [None req-ad538814-d4e5-45f5-924b-aef017b96759 b5f8d443a85542d09eab869234d828eb 70c729d3a63d4ecf9d69285572b8c83a - - default default] Successfully bumped revision number for resource 6ecfa101-2ad7-4d84-b695-6e4fc0f093af (type: security_group_rules) to 0
2026-08-22 15:49:07.427 7 INFO neutron.db.ovn_revision_numbers_db [None req-ad538814-d4e5-45f5-924b-aef017b96759 b5f8d443a85542d09eab869234d828eb 70c729d3a63d4ecf9d69285572b8c83a - - default default] Successfully bumped revision number for resource 70c9d1dc-070f-434c-9d2a-8db7f3bce9e4 (type: security_group_rules) to 0
2026-08-22 15:49:07.439 7 INFO neutron.db.ovn_revision_numbers_db [None req-ad538814-d4e5-45f5-924b-aef017b96759 b5f8d443a85542d09eab869234d828eb 70c729d3a63d4ecf9d69285572b8c83a - - default default] Successfully bumped revision number for resource c2162db8-1dcb-4d61-a135-7174e08d41a9 (type: security_group_rules) to 0
2026-08-22 15:49:07.529 7 INFO neutron.db.segments_db [None req-ad538814-d4e5-45f5-924b-aef017b96759 b5f8d443a85542d09eab869234d828eb 70c729d3a63d4ecf9d69285572b8c83a - - default default] Added segment 1d0038cb-ca60-408c-8031-3afc7983d22f of type geneve for network c18b7146-57e9-49aa-ad05-87f34925ddf4
2026-08-22 15:49:07.555 8 INFO neutron.db.ovn_revision_numbers_db [None req-239d121b-2e2c-4df1-918e-3102599ee6f3 b5f8d443a85542d09eab869234d828eb 70c729d3a63d4ecf9d69285572b8c83a - - default default] Successfully bumped revision number for resource a8a1718e-1e42-4c84-b09a-516ecb04ccf5 (type: security_groups) to 1
2026-08-22 15:49:07.568 8 INFO neutron.db.ovn_revision_numbers_db [None req-239d121b-2e2c-4df1-918e-3102599ee6f3 b5f8d443a85542d09eab869234d828eb 70c729d3a63d4ecf9d69285572b8c83a - - default default] Successfully bumped revision number for resource 40de8721-23f5-4018-8ca3-abf1a730c911 (type: security_group_rules) to 0
2026-08-22 15:49:07.580 8 INFO neutron.db.ovn_revision_numbers_db [None req-239d121b-2e2c-4df1-918e-3102599ee6f3 b5f8d443a85542d09eab869234d828eb 70c729d3a63d4ecf9d69285572b8c83a - - default default] Successfully bumped revision number for resource 545d0617-fab4-49bc-9f35-7a0a77300553 (type: security_group_rules) to 0
2026-08-22 15:49:07.599 8 INFO neutron.db.ovn_revision_numbers_db [None req-239d121b-2e2c-4df1-918e-3102599ee6f3 b5f8d443a85542d09eab869234d828eb 70c729d3a63d4ecf9d69285572b8c83a - - default default] Successfully bumped revision number for resource 9b9d46be-a3bc-46ae-ad06-9444b60273ea (type: security_group_rules) to 0
2026-08-22 15:49:07.615 8 INFO neutron.db.ovn_revision_numbers_db [None req-239d121b-2e2c-4df1-918e-3102599ee6f3 b5f8d443a85542d09eab869234d828eb 70c729d3a63d4ecf9d69285572b8c83a - - default default] Successfully bumped revision number for resource d73925df-c807-4673-a681-c91d6d7fb5bf (type: security_group_rules) to 0 [pid: 8|app: 0|req: 297/595] 10.0.0.94 () {32 vars in 772 bytes} [Sat Aug 22 15:49:07 2026] GET /v2.0/security-groups?tenant_id=1d1a45fcc02348acaa4816730c47f035&name=default => generated 2921 bytes in 343 msecs (HTTP/1.1 200) 4 headers in 158 bytes (1 switches on core 0)
2026-08-22 15:49:07.687 7 INFO neutron.db.ovn_revision_numbers_db [None req-ad538814-d4e5-45f5-924b-aef017b96759 b5f8d443a85542d09eab869234d828eb 70c729d3a63d4ecf9d69285572b8c83a - - default default] Successfully bumped revision number for resource c18b7146-57e9-49aa-ad05-87f34925ddf4 (type: networks) to 1
2026-08-22 15:49:07.810 8 WARNING neutron.scheduler.dhcp_agent_scheduler [None req-8a517a45-dd66-47db-b02f-79c2ba8105e4 b5f8d443a85542d09eab869234d828eb 70c729d3a63d4ecf9d69285572b8c83a - - default default] No more DHCP agents
2026-08-22 15:49:07.811 8 WARNING neutron.api.rpc.agentnotifiers.dhcp_rpc_agent_api [None req-8a517a45-dd66-47db-b02f-79c2ba8105e4 b5f8d443a85542d09eab869234d828eb 70c729d3a63d4ecf9d69285572b8c83a - - default default] Unable to schedule network cb8fb6cf-c1a8-4909-99ac-ec33d3ea0785: no agents available; will retry on subsequent port and subnet creation events.
2026-08-22 15:49:07.830 7 WARNING neutron.scheduler.dhcp_agent_scheduler [None req-ad538814-d4e5-45f5-924b-aef017b96759 b5f8d443a85542d09eab869234d828eb 70c729d3a63d4ecf9d69285572b8c83a - - default default] No more DHCP agents
2026-08-22 15:49:07.831 7 WARNING neutron.api.rpc.agentnotifiers.dhcp_rpc_agent_api [None req-ad538814-d4e5-45f5-924b-aef017b96759 b5f8d443a85542d09eab869234d828eb 70c729d3a63d4ecf9d69285572b8c83a - - default default] Unable to schedule network c18b7146-57e9-49aa-ad05-87f34925ddf4: no agents available; will retry on subsequent port and subnet creation events.
2026-08-22 15:49:07.928 7 INFO neutron.db.ovn_revision_numbers_db [None req-ad538814-d4e5-45f5-924b-aef017b96759 b5f8d443a85542d09eab869234d828eb 70c729d3a63d4ecf9d69285572b8c83a - - default default] Successfully bumped revision number for resource 3abc3226-19cd-4fb9-b84e-2693650dac7a (type: ports) to 1
2026-08-22 15:49:07.931 8 INFO neutron.plugins.ml2.drivers.ovn.mech_driver.mech_driver [None req-ef131604-5ae4-44a3-ae8c-76bbd29b3a6c - - - - - -] OVN reports status down for port: 3abc3226-19cd-4fb9-b84e-2693650dac7a [pid: 7|app: 0|req: 299/596] 10.0.0.94 () {34 vars in 669 bytes} [Sat Aug 22 15:49:07 2026] POST /v2.0/networks => generated 785 bytes in 896 msecs (HTTP/1.1 201) 4 headers in 162 bytes (1 switches on core 0)
2026-08-22 15:49:08.087 7 WARNING neutron.scheduler.dhcp_agent_scheduler [None req-d67bc1a0-42da-4aa6-94ed-ae5868ec3c79 b5f8d443a85542d09eab869234d828eb 70c729d3a63d4ecf9d69285572b8c83a - - default default] No more DHCP agents
2026-08-22 15:49:08.088 7 WARNING neutron.api.rpc.agentnotifiers.dhcp_rpc_agent_api [None req-d67bc1a0-42da-4aa6-94ed-ae5868ec3c79 b5f8d443a85542d09eab869234d828eb 70c729d3a63d4ecf9d69285572b8c83a - - default default] Unable to schedule network f017526b-1217-4693-92af-f30303211ab4: no agents available; will retry on subsequent port and subnet creation events.
2026-08-22 15:49:08.316 8 INFO neutron.db.ovn_revision_numbers_db [None req-605d165b-9b0b-4fe2-bfa4-66e7b66e5850 - - - - - -] Successfully bumped revision number for resource 432fa9aa-e53c-4b0a-97c6-d3296cf90bd7 (type: ports) to 2
2026-08-22 15:49:08.347 8 INFO neutron.db.ovn_revision_numbers_db [None req-605d165b-9b0b-4fe2-bfa4-66e7b66e5850 - - - - - -] Successfully bumped revision number for resource 3fc099c6-72bc-472a-9574-ac45a70552cc (type: subnets) to 0 [pid: 8|app: 0|req: 298/597] 10.0.0.94 () {34 vars in 667 bytes} [Sat Aug 22 15:49:07 2026] POST /v2.0/subnets => generated 691 bytes in 680 msecs (HTTP/1.1 201) 4 headers in 162 bytes (1 switches on core 0)
2026-08-22 15:49:08.619 7 INFO neutron.db.ovn_revision_numbers_db [None req-92064b38-0d7a-41a7-a24c-7078c1e9d4a0 - - - - - -] Successfully bumped revision number for resource efd045fa-1f19-494f-9c9c-7f0e75d8edca (type: ports) to 2
2026-08-22 15:49:08.655 7 INFO neutron.db.ovn_revision_numbers_db [None req-92064b38-0d7a-41a7-a24c-7078c1e9d4a0 - - - - - -] Successfully bumped revision number for resource 531b97f5-f9cb-460e-9977-8ff7017bd31c (type: subnets) to 0 [pid: 7|app: 0|req: 300/598] 10.0.0.94 () {34 vars in 667 bytes} [Sat Aug 22 15:49:07 2026] POST /v2.0/subnets => generated 695 bytes in 720 msecs (HTTP/1.1 201) 4 headers in 162 bytes (1 switches on core 0) [pid: 8|app: 0|req: 299/599] 10.0.0.94 () {32 vars in 738 bytes} [Sat Aug 22 15:49:08 2026] DELETE /v2.0/security-groups/a8a1718e-1e42-4c84-b09a-516ecb04ccf5 => generated 0 bytes in 357 msecs (HTTP/1.1 204) 2 headers in 112 bytes (1 switches on core 0)
2026-08-22 15:49:08.827 7 WARNING neutron.scheduler.dhcp_agent_scheduler [None req-329f58be-1658-4539-8cd4-04f0a1123943 b5f8d443a85542d09eab869234d828eb 70c729d3a63d4ecf9d69285572b8c83a - - default default] No more DHCP agents
2026-08-22 15:49:08.828 7 WARNING neutron.api.rpc.agentnotifiers.dhcp_rpc_agent_api [None req-329f58be-1658-4539-8cd4-04f0a1123943 b5f8d443a85542d09eab869234d828eb 70c729d3a63d4ecf9d69285572b8c83a - - default default] Unable to schedule network c18b7146-57e9-49aa-ad05-87f34925ddf4: no agents available; will retry on subsequent port and subnet creation events.
2026-08-22 15:49:09.320 8 WARNING neutron.scheduler.dhcp_agent_scheduler [None req-2e532138-068d-4e46-916f-79516a12a8c2 b5f8d443a85542d09eab869234d828eb 70c729d3a63d4ecf9d69285572b8c83a - - default default] No more DHCP agents
2026-08-22 15:49:09.321 7 INFO neutron.db.ovn_revision_numbers_db [None req-9c0829aa-1f4b-459c-9faf-5d4ed3d3bdb4 - - - - - -] Successfully bumped revision number for resource 3abc3226-19cd-4fb9-b84e-2693650dac7a (type: ports) to 2
2026-08-22 15:49:09.321 8 WARNING neutron.api.rpc.agentnotifiers.dhcp_rpc_agent_api [None req-2e532138-068d-4e46-916f-79516a12a8c2 b5f8d443a85542d09eab869234d828eb 70c729d3a63d4ecf9d69285572b8c83a - - default default] Unable to schedule network 509f67cd-7dff-49c6-817f-47a17e13ce7e: no agents available; will retry on subsequent port and subnet creation events.
2026-08-22 15:49:09.354 7 INFO neutron.db.ovn_revision_numbers_db [None req-9c0829aa-1f4b-459c-9faf-5d4ed3d3bdb4 - - - - - -] Successfully bumped revision number for resource 0ab6d4ce-7145-4bbb-922a-29dd2c017670 (type: subnets) to 0 [pid: 7|app: 0|req: 301/600] 10.0.0.94 () {34 vars in 667 bytes} [Sat Aug 22 15:49:08 2026] POST /v2.0/subnets => generated 691 bytes in 703 msecs (HTTP/1.1 201) 4 headers in 162 bytes (1 switches on core 0)
2026-08-22 15:49:09.451 8 INFO neutron.plugins.ml2.drivers.ovn.mech_driver.mech_driver [None req-ef131604-5ae4-44a3-ae8c-76bbd29b3a6c - - - - - -] OVN reports status down for port: a060ce5c-9264-4085-837e-027a81100ac4
2026-08-22 15:49:09.544 8 INFO neutron.db.ovn_revision_numbers_db [None req-2e532138-068d-4e46-916f-79516a12a8c2 b5f8d443a85542d09eab869234d828eb 70c729d3a63d4ecf9d69285572b8c83a - - default default] Successfully bumped revision number for resource a060ce5c-9264-4085-837e-027a81100ac4 (type: ports) to 1
2026-08-22 15:49:09.911 8 INFO neutron.plugins.ml2.drivers.ovn.mech_driver.ovsdb.extensions.qos [None req-2e532138-068d-4e46-916f-79516a12a8c2 b5f8d443a85542d09eab869234d828eb 70c729d3a63d4ecf9d69285572b8c83a - - default default] Starting OVNClientQosExtension
2026-08-22 15:49:09.967 7 WARNING neutron.scheduler.dhcp_agent_scheduler [None req-0927e62f-c762-4035-a262-76a6aca6ed6b b5f8d443a85542d09eab869234d828eb 70c729d3a63d4ecf9d69285572b8c83a - - default default] No more DHCP agents
2026-08-22 15:49:09.969 7 WARNING neutron.api.rpc.agentnotifiers.dhcp_rpc_agent_api [None req-0927e62f-c762-4035-a262-76a6aca6ed6b b5f8d443a85542d09eab869234d828eb 70c729d3a63d4ecf9d69285572b8c83a - - default default] Unable to schedule network 509f67cd-7dff-49c6-817f-47a17e13ce7e: no agents available; will retry on subsequent port and subnet creation events.
2026-08-22 15:49:09.998 8 WARNING oslo_config.cfg [None req-2e532138-068d-4e46-916f-79516a12a8c2 b5f8d443a85542d09eab869234d828eb 70c729d3a63d4ecf9d69285572b8c83a - - default default] Deprecated: Option "ovn_emit_need_to_frag" from group "ovn" is deprecated for removal (The option is useful only on very old Linux kernels (version < 5.2).). Its value may be silently ignored in the future.
2026-08-22 15:49:10.111 7 INFO neutron.db.ovn_revision_numbers_db [None req-0927e62f-c762-4035-a262-76a6aca6ed6b b5f8d443a85542d09eab869234d828eb 70c729d3a63d4ecf9d69285572b8c83a - - default default] Successfully bumped revision number for resource 4ff09a74-33a6-4733-9459-ef90330b5bd4 (type: ports) to 1
2026-08-22 15:49:10.122 8 INFO neutron.plugins.ml2.drivers.ovn.mech_driver.mech_driver [None req-ef131604-5ae4-44a3-ae8c-76bbd29b3a6c - - - - - -] OVN reports status down for port: 4ff09a74-33a6-4733-9459-ef90330b5bd4
2026-08-22 15:49:10.332 8 INFO neutron.plugins.ml2.drivers.ovn.mech_driver.ovsdb.commands [-] Schedule LRP lrp-a060ce5c-9264-4085-837e-027a81100ac4 on gateway 81679cbd-4e9b-4a14-871f-3b39820cf5dd with priority 1
2026-08-22 15:49:10.430 8 INFO neutron.plugins.ml2.drivers.ovn.mech_driver.ovsdb.ovsdb_monitor [-] Router d760b280-0783-4793-8d80-2cdc8d8fd627 is bound to host instance
2026-08-22 15:49:10.461 8 INFO neutron.plugins.ml2.drivers.ovn.mech_driver.mech_driver [None req-ef131604-5ae4-44a3-ae8c-76bbd29b3a6c - - - - - -] OVN reports status up for port: a060ce5c-9264-4085-837e-027a81100ac4
2026-08-22 15:49:10.498 7 INFO neutron.plugins.ml2.drivers.ovn.mech_driver.ovsdb.extensions.qos [None req-0927e62f-c762-4035-a262-76a6aca6ed6b b5f8d443a85542d09eab869234d828eb 70c729d3a63d4ecf9d69285572b8c83a - - default default] Starting OVNClientQosExtension
2026-08-22 15:49:10.543 8 INFO neutron.plugins.ml2.plugin [None req-ef131604-5ae4-44a3-ae8c-76bbd29b3a6c - - - - - -] Attempt 1 to provision port a060ce5c-9264-4085-837e-027a81100ac4
2026-08-22 15:49:10.600 7 WARNING oslo_config.cfg [None req-0927e62f-c762-4035-a262-76a6aca6ed6b b5f8d443a85542d09eab869234d828eb 70c729d3a63d4ecf9d69285572b8c83a - - default default] Deprecated: Option "ovn_emit_need_to_frag" from group "ovn" is deprecated for removal (The option is useful only on very old Linux kernels (version < 5.2).). Its value may be silently ignored in the future.
2026-08-22 15:49:10.604 8 INFO neutron.db.ovn_revision_numbers_db [None req-2e532138-068d-4e46-916f-79516a12a8c2 b5f8d443a85542d09eab869234d828eb 70c729d3a63d4ecf9d69285572b8c83a - - default default] Successfully bumped revision number for resource a060ce5c-9264-4085-837e-027a81100ac4 (type: router_ports) to 1
2026-08-22 15:49:10.793 8 INFO neutron.db.ovn_revision_numbers_db [None req-2e532138-068d-4e46-916f-79516a12a8c2 b5f8d443a85542d09eab869234d828eb 70c729d3a63d4ecf9d69285572b8c83a - - default default] Successfully bumped revision number for resource d760b280-0783-4793-8d80-2cdc8d8fd627 (type: routers) to 2 [pid: 8|app: 0|req: 300/601] 10.0.0.94 () {34 vars in 667 bytes} [Sat Aug 22 15:49:08 2026] POST /v2.0/routers => generated 969 bytes in 2110 msecs (HTTP/1.1 201) 4 headers in 162 bytes (1 switches on core 0)
2026-08-22 15:49:10.871 7 INFO neutron.plugins.ml2.drivers.ovn.mech_driver.ovsdb.commands [-] Schedule LRP lrp-4ff09a74-33a6-4733-9459-ef90330b5bd4 on gateway 81679cbd-4e9b-4a14-871f-3b39820cf5dd with priority 1
2026-08-22 15:49:11.002 7 INFO neutron.db.ovn_revision_numbers_db [None req-0927e62f-c762-4035-a262-76a6aca6ed6b b5f8d443a85542d09eab869234d828eb 70c729d3a63d4ecf9d69285572b8c83a - - default default] Successfully bumped revision number for resource 4ff09a74-33a6-4733-9459-ef90330b5bd4 (type: router_ports) to 1
2026-08-22 15:49:11.060 7 INFO neutron.db.ovn_revision_numbers_db [None req-0927e62f-c762-4035-a262-76a6aca6ed6b b5f8d443a85542d09eab869234d828eb 70c729d3a63d4ecf9d69285572b8c83a - - default default] Successfully bumped revision number for resource c908c16d-9e0e-4436-8dc0-c72ec9ab0db8 (type: routers) to 2 [pid: 7|app: 0|req: 302/602] 10.0.0.94 () {34 vars in 667 bytes} [Sat Aug 22 15:49:09 2026] POST /v2.0/routers => generated 973 bytes in 1701 msecs (HTTP/1.1 201) 4 headers in 162 bytes (1 switches on core 0) [pid: 7|app: 0|req: 303/603] 10.0.0.80 () {28 vars in 589 bytes} [Sat Aug 22 15:49:11 2026] GET /v2.0/floatingips => generated 19 bytes in 145 msecs (HTTP/1.1 200) 4 headers in 156 bytes (1 switches on core 0)
2026-08-22 15:49:11.450 7 INFO neutron.db.ovn_revision_numbers_db [None req-71e620d1-d06b-40a4-a399-609e3699e837 b5f8d443a85542d09eab869234d828eb 70c729d3a63d4ecf9d69285572b8c83a - - default default] Successfully bumped revision number for resource 9b3b4dfa-8c8e-4e5d-b4eb-7521a3e481e2 (type: security_groups) to 1
2026-08-22 15:49:11.462 7 INFO neutron.db.ovn_revision_numbers_db [None req-71e620d1-d06b-40a4-a399-609e3699e837 b5f8d443a85542d09eab869234d828eb 70c729d3a63d4ecf9d69285572b8c83a - - default default] Successfully bumped revision number for resource 17552ded-b92f-426e-bdb2-4f5cc5d21cb1 (type: security_group_rules) to 0
2026-08-22 15:49:11.477 7 INFO neutron.db.ovn_revision_numbers_db [None req-71e620d1-d06b-40a4-a399-609e3699e837 b5f8d443a85542d09eab869234d828eb 70c729d3a63d4ecf9d69285572b8c83a - - default default] Successfully bumped revision number for resource 5f5d9f19-e069-4405-ac47-82d964627cfc (type: security_group_rules) to 0
2026-08-22 15:49:11.486 7 INFO neutron.db.ovn_revision_numbers_db [None req-71e620d1-d06b-40a4-a399-609e3699e837 b5f8d443a85542d09eab869234d828eb 70c729d3a63d4ecf9d69285572b8c83a - - default default] Successfully bumped revision number for resource 5fdbb81e-a95d-40a8-b08d-8fbcd756f779 (type: security_group_rules) to 0
2026-08-22 15:49:11.498 7 INFO neutron.db.ovn_revision_numbers_db [None req-71e620d1-d06b-40a4-a399-609e3699e837 b5f8d443a85542d09eab869234d828eb 70c729d3a63d4ecf9d69285572b8c83a - - default default] Successfully bumped revision number for resource 829dedd4-5727-4980-bb4b-06475c9f3708 (type: security_group_rules) to 0
2026-08-22 15:49:11.578 7 INFO neutron.db.segments_db [None req-71e620d1-d06b-40a4-a399-609e3699e837 b5f8d443a85542d09eab869234d828eb 70c729d3a63d4ecf9d69285572b8c83a - - default default] Added segment 23ceb20b-4e40-4ce0-af6b-700f2a1480dc of type geneve for network cc1466df-f51a-47f4-853c-651a886e703f
2026-08-22 15:49:11.722 7 INFO neutron.db.ovn_revision_numbers_db [None req-71e620d1-d06b-40a4-a399-609e3699e837 b5f8d443a85542d09eab869234d828eb 70c729d3a63d4ecf9d69285572b8c83a - - default default] Successfully bumped revision number for resource cc1466df-f51a-47f4-853c-651a886e703f (type: networks) to 1
2026-08-22 15:49:11.841 7 WARNING neutron.scheduler.dhcp_agent_scheduler [None req-71e620d1-d06b-40a4-a399-609e3699e837 b5f8d443a85542d09eab869234d828eb 70c729d3a63d4ecf9d69285572b8c83a - - default default] No more DHCP agents
2026-08-22 15:49:11.842 7 WARNING neutron.api.rpc.agentnotifiers.dhcp_rpc_agent_api [None req-71e620d1-d06b-40a4-a399-609e3699e837 b5f8d443a85542d09eab869234d828eb 70c729d3a63d4ecf9d69285572b8c83a - - default default] Unable to schedule network cc1466df-f51a-47f4-853c-651a886e703f: no agents available; will retry on subsequent port and subnet creation events.
2026-08-22 15:49:11.935 8 WARNING neutron.scheduler.dhcp_agent_scheduler [None req-0d152cdc-487d-473e-94d5-a0c8cce7eb15 b5f8d443a85542d09eab869234d828eb 70c729d3a63d4ecf9d69285572b8c83a - - default default] No more DHCP agents
2026-08-22 15:49:11.937 8 WARNING neutron.api.rpc.agentnotifiers.dhcp_rpc_agent_api [None req-0d152cdc-487d-473e-94d5-a0c8cce7eb15 b5f8d443a85542d09eab869234d828eb 70c729d3a63d4ecf9d69285572b8c83a - - default default] Unable to schedule network 509f67cd-7dff-49c6-817f-47a17e13ce7e: no agents available; will retry on subsequent port and subnet creation events.
2026-08-22 15:49:11.949 7 INFO neutron.db.ovn_revision_numbers_db [None req-71e620d1-d06b-40a4-a399-609e3699e837 b5f8d443a85542d09eab869234d828eb 70c729d3a63d4ecf9d69285572b8c83a - - default default] Successfully bumped revision number for resource 04c3d287-c15f-4cdf-b5be-e898315b8149 (type: ports) to 1 [pid: 7|app: 0|req: 304/604] 10.0.0.94 () {34 vars in 669 bytes} [Sat Aug 22 15:49:11 2026] POST /v2.0/networks => generated 789 bytes in 748 msecs (HTTP/1.1 201) 4 headers in 162 bytes (1 switches on core 0)
2026-08-22 15:49:12.145 8 INFO neutron.db.ovn_revision_numbers_db [None req-0d152cdc-487d-473e-94d5-a0c8cce7eb15 b5f8d443a85542d09eab869234d828eb 70c729d3a63d4ecf9d69285572b8c83a - - default default] Successfully bumped revision number for resource fec9e1c3-f8e7-4f1d-87c6-85b0cbbfa3ac (type: ports) to 1
2026-08-22 15:49:12.409 7 WARNING neutron.scheduler.dhcp_agent_scheduler [None req-5154ca38-97c0-4c6b-b16a-e1f31660fb26 b5f8d443a85542d09eab869234d828eb 70c729d3a63d4ecf9d69285572b8c83a - - default default] No more DHCP agents
2026-08-22 15:49:12.410 7 WARNING neutron.api.rpc.agentnotifiers.dhcp_rpc_agent_api [None req-5154ca38-97c0-4c6b-b16a-e1f31660fb26 b5f8d443a85542d09eab869234d828eb 70c729d3a63d4ecf9d69285572b8c83a - - default default] Unable to schedule network cb8fb6cf-c1a8-4909-99ac-ec33d3ea0785: no agents available; will retry on subsequent port and subnet creation events.
2026-08-22 15:49:12.553 7 INFO neutron.db.ovn_revision_numbers_db [None req-5154ca38-97c0-4c6b-b16a-e1f31660fb26 b5f8d443a85542d09eab869234d828eb 70c729d3a63d4ecf9d69285572b8c83a - - default default] Successfully bumped revision number for resource 4f5081f2-2740-4488-8a07-763514883226 (type: ports) to 1
2026-08-22 15:49:12.817 8 INFO neutron.db.ovn_revision_numbers_db [None req-3046a859-a2e3-4695-a6aa-419ef5c206a4 - - - - - -] Successfully bumped revision number for resource a060ce5c-9264-4085-837e-027a81100ac4 (type: ports) to 4
2026-08-22 15:49:13.193 8 INFO neutron.plugins.ml2.drivers.ovn.mech_driver.mech_driver [None req-ef131604-5ae4-44a3-ae8c-76bbd29b3a6c - - - - - -] OVN reports status up for port: 4ff09a74-33a6-4733-9459-ef90330b5bd4
2026-08-22 15:49:13.222 8 INFO neutron.plugins.ml2.plugin [None req-ef131604-5ae4-44a3-ae8c-76bbd29b3a6c - - - - - -] Attempt 1 to provision port 4ff09a74-33a6-4733-9459-ef90330b5bd4
2026-08-22 15:49:13.334 8 INFO neutron.plugins.ml2.drivers.ovn.mech_driver.ovsdb.commands [None req-92a9a762-5f15-4846-a086-62a79865c65b - - - - - -] Schedule LRP lrp-fec9e1c3-f8e7-4f1d-87c6-85b0cbbfa3ac on gateway 81679cbd-4e9b-4a14-871f-3b39820cf5dd with priority 1
2026-08-22 15:49:13.461 7 WARNING neutron.scheduler.dhcp_agent_scheduler [None req-5154ca38-97c0-4c6b-b16a-e1f31660fb26 b5f8d443a85542d09eab869234d828eb 70c729d3a63d4ecf9d69285572b8c83a - - default default] No more DHCP agents
2026-08-22 15:49:13.462 7 WARNING neutron.api.rpc.agentnotifiers.dhcp_rpc_agent_api [None req-5154ca38-97c0-4c6b-b16a-e1f31660fb26 b5f8d443a85542d09eab869234d828eb 70c729d3a63d4ecf9d69285572b8c83a - - default default] Unable to schedule network cb8fb6cf-c1a8-4909-99ac-ec33d3ea0785: no agents available; will retry on subsequent port and subnet creation events.
2026-08-22 15:49:13.589 8 INFO neutron.db.ovn_revision_numbers_db [None req-0d152cdc-487d-473e-94d5-a0c8cce7eb15 b5f8d443a85542d09eab869234d828eb 70c729d3a63d4ecf9d69285572b8c83a - - default default] Successfully bumped revision number for resource fec9e1c3-f8e7-4f1d-87c6-85b0cbbfa3ac (type: router_ports) to 1
2026-08-22 15:49:13.749 8 INFO neutron.db.ovn_revision_numbers_db [None req-0d152cdc-487d-473e-94d5-a0c8cce7eb15 b5f8d443a85542d09eab869234d828eb 70c729d3a63d4ecf9d69285572b8c83a - - default default] Successfully bumped revision number for resource 7163bf55-60a0-4bbf-9ab5-bbd43c99f7db (type: routers) to 2
2026-08-22 15:49:13.776 8 INFO neutron.db.ovn_revision_numbers_db [None req-3046a859-a2e3-4695-a6aa-419ef5c206a4 - - - - - -] Successfully bumped revision number for resource a060ce5c-9264-4085-837e-027a81100ac4 (type: ports) to 5 [pid: 8|app: 0|req: 301/605] 10.0.0.94 () {34 vars in 667 bytes} [Sat Aug 22 15:49:10 2026] POST /v2.0/routers => generated 969 bytes in 2953 msecs (HTTP/1.1 201) 4 headers in 162 bytes (1 switches on core 0)
2026-08-22 15:49:13.914 8 INFO neutron.plugins.ml2.drivers.ovn.mech_driver.ovsdb.ovsdb_monitor [None req-3046a859-a2e3-4695-a6aa-419ef5c206a4 - - - - - -] Router c908c16d-9e0e-4436-8dc0-c72ec9ab0db8 is bound to host instance
2026-08-22 15:49:14.306 7 INFO neutron.db.ovn_revision_numbers_db [None req-5154ca38-97c0-4c6b-b16a-e1f31660fb26 b5f8d443a85542d09eab869234d828eb 70c729d3a63d4ecf9d69285572b8c83a - - default default] Successfully bumped revision number for resource 4f5081f2-2740-4488-8a07-763514883226 (type: router_ports) to 1 [pid: 7|app: 0|req: 305/606] 10.0.0.94 () {34 vars in 781 bytes} [Sat Aug 22 15:49:11 2026] PUT /v2.0/routers/d760b280-0783-4793-8d80-2cdc8d8fd627/add_router_interface => generated 309 bytes in 2340 msecs (HTTP/1.1 200) 4 headers in 157 bytes (1 switches on core 0) [pid: 7|app: 0|req: 306/607] 10.0.0.80 () {28 vars in 581 bytes} [Sat Aug 22 15:49:14 2026] GET /v2.0/subnets => generated 3355 bytes in 35 msecs (HTTP/1.1 200) 4 headers in 158 bytes (1 switches on core 0)
2026-08-22 15:49:14.446 7 WARNING neutron.scheduler.dhcp_agent_scheduler [None req-8e85cee9-b341-4b8d-b6ae-511de32d8e30 b5f8d443a85542d09eab869234d828eb 70c729d3a63d4ecf9d69285572b8c83a - - default default] No more DHCP agents
2026-08-22 15:49:14.447 7 WARNING neutron.api.rpc.agentnotifiers.dhcp_rpc_agent_api [None req-8e85cee9-b341-4b8d-b6ae-511de32d8e30 b5f8d443a85542d09eab869234d828eb 70c729d3a63d4ecf9d69285572b8c83a - - default default] Unable to schedule network cc1466df-f51a-47f4-853c-651a886e703f: no agents available; will retry on subsequent port and subnet creation events.
2026-08-22 15:49:14.861 8 WARNING neutron.scheduler.dhcp_agent_scheduler [None req-b800a521-5734-46fd-bf57-3a44d5f5ad16 b5f8d443a85542d09eab869234d828eb 70c729d3a63d4ecf9d69285572b8c83a - - default default] No more DHCP agents
2026-08-22 15:49:14.868 8 WARNING neutron.api.rpc.agentnotifiers.dhcp_rpc_agent_api [None req-b800a521-5734-46fd-bf57-3a44d5f5ad16 b5f8d443a85542d09eab869234d828eb 70c729d3a63d4ecf9d69285572b8c83a - - default default] Unable to schedule network f017526b-1217-4693-92af-f30303211ab4: no agents available; will retry on subsequent port and subnet creation events.
2026-08-22 15:49:14.905 7 INFO neutron.db.ovn_revision_numbers_db [None req-f8dba278-533e-4fe0-b2ef-ba91f22d63bc - - - - - -] Successfully bumped revision number for resource 04c3d287-c15f-4cdf-b5be-e898315b8149 (type: ports) to 2
2026-08-22 15:49:14.931 7 INFO neutron.db.ovn_revision_numbers_db [None req-f8dba278-533e-4fe0-b2ef-ba91f22d63bc - - - - - -] Successfully bumped revision number for resource 14f9d5ea-aca8-4854-82af-80a0a8c6039a (type: subnets) to 0 [pid: 7|app: 0|req: 307/608] 10.0.0.94 () {34 vars in 667 bytes} [Sat Aug 22 15:49:14 2026] POST /v2.0/subnets => generated 695 bytes in 598 msecs (HTTP/1.1 201) 4 headers in 162 bytes (1 switches on core 0)
2026-08-22 15:49:15.162 8 INFO neutron.db.ovn_revision_numbers_db [None req-b800a521-5734-46fd-bf57-3a44d5f5ad16 b5f8d443a85542d09eab869234d828eb 70c729d3a63d4ecf9d69285572b8c83a - - default default] Successfully bumped revision number for resource 2126c708-1905-4a18-a175-8d9ac7f8b7cb (type: ports) to 1
2026-08-22 15:49:15.329 7 WARNING neutron.scheduler.dhcp_agent_scheduler [None req-c3a19f6f-bf03-48da-aece-6186ba924871 b5f8d443a85542d09eab869234d828eb 70c729d3a63d4ecf9d69285572b8c83a - - default default] No more DHCP agents
2026-08-22 15:49:15.330 7 WARNING neutron.api.rpc.agentnotifiers.dhcp_rpc_agent_api [None req-c3a19f6f-bf03-48da-aece-6186ba924871 b5f8d443a85542d09eab869234d828eb 70c729d3a63d4ecf9d69285572b8c83a - - default default] Unable to schedule network c18b7146-57e9-49aa-ad05-87f34925ddf4: no agents available; will retry on subsequent port and subnet creation events.
2026-08-22 15:49:15.473 7 INFO neutron.db.ovn_revision_numbers_db [None req-c3a19f6f-bf03-48da-aece-6186ba924871 b5f8d443a85542d09eab869234d828eb 70c729d3a63d4ecf9d69285572b8c83a - - default default] Successfully bumped revision number for resource 83a0de72-3bf1-4b9e-b284-c41c4356ea31 (type: ports) to 1
2026-08-22 15:49:15.643 8 INFO neutron.db.ovn_revision_numbers_db [None req-84210e0f-a157-44f9-be49-fa796911e525 - - - - - -] Successfully bumped revision number for resource 4ff09a74-33a6-4733-9459-ef90330b5bd4 (type: ports) to 4
2026-08-22 15:49:16.124 7 WARNING neutron.scheduler.dhcp_agent_scheduler [None req-c3a19f6f-bf03-48da-aece-6186ba924871 b5f8d443a85542d09eab869234d828eb 70c729d3a63d4ecf9d69285572b8c83a - - default default] No more DHCP agents
2026-08-22 15:49:16.125 7 WARNING neutron.api.rpc.agentnotifiers.dhcp_rpc_agent_api [None req-c3a19f6f-bf03-48da-aece-6186ba924871 b5f8d443a85542d09eab869234d828eb 70c729d3a63d4ecf9d69285572b8c83a - - default default] Unable to schedule network c18b7146-57e9-49aa-ad05-87f34925ddf4: no agents available; will retry on subsequent port and subnet creation events.
2026-08-22 15:49:16.129 8 INFO neutron.plugins.ml2.drivers.ovn.mech_driver.mech_driver [None req-ef131604-5ae4-44a3-ae8c-76bbd29b3a6c - - - - - -] OVN reports status down for port: 04c3d287-c15f-4cdf-b5be-e898315b8149
2026-08-22 15:49:16.330 8 INFO neutron.plugins.ml2.drivers.ovn.mech_driver.mech_driver [None req-ef131604-5ae4-44a3-ae8c-76bbd29b3a6c - - - - - -] OVN reports status down for port: fec9e1c3-f8e7-4f1d-87c6-85b0cbbfa3ac
2026-08-22 15:49:16.425 8 INFO neutron.db.ovn_revision_numbers_db [None req-84210e0f-a157-44f9-be49-fa796911e525 - - - - - -] Successfully bumped revision number for resource 4ff09a74-33a6-4733-9459-ef90330b5bd4 (type: ports) to 5
2026-08-22 15:49:16.490 8 WARNING neutron.plugins.ml2.drivers.ovn.mech_driver.ovsdb.ovn_client [None req-ef131604-5ae4-44a3-ae8c-76bbd29b3a6c - - - - - -] Logical_Switch_Port fec9e1c3-f8e7-4f1d-87c6-85b0cbbfa3ac host information not removed, the port state is up
2026-08-22 15:49:16.492 8 INFO neutron.plugins.ml2.drivers.ovn.mech_driver.mech_driver [None req-ef131604-5ae4-44a3-ae8c-76bbd29b3a6c - - - - - -] OVN reports status down for port: 4f5081f2-2740-4488-8a07-763514883226
2026-08-22 15:49:16.630 8 INFO neutron.plugins.ml2.drivers.ovn.mech_driver.ovsdb.ovsdb_monitor [None req-84210e0f-a157-44f9-be49-fa796911e525 - - - - - -] Router 7163bf55-60a0-4bbf-9ab5-bbd43c99f7db is bound to host instance
2026-08-22 15:49:16.676 7 INFO neutron.db.ovn_revision_numbers_db [None req-c3a19f6f-bf03-48da-aece-6186ba924871 b5f8d443a85542d09eab869234d828eb 70c729d3a63d4ecf9d69285572b8c83a - - default default] Successfully bumped revision number for resource 83a0de72-3bf1-4b9e-b284-c41c4356ea31 (type: router_ports) to 1 [pid: 7|app: 0|req: 308/609] 10.0.0.94 () {34 vars in 781 bytes} [Sat Aug 22 15:49:14 2026] PUT /v2.0/routers/7163bf55-60a0-4bbf-9ab5-bbd43c99f7db/add_router_interface => generated 309 bytes in 1734 msecs (HTTP/1.1 200) 4 headers in 157 bytes (1 switches on core 0)
2026-08-22 15:49:16.738 8 INFO neutron.plugins.ml2.drivers.ovn.mech_driver.mech_driver [None req-ef131604-5ae4-44a3-ae8c-76bbd29b3a6c - - - - - -] OVN reports status up for port: 4f5081f2-2740-4488-8a07-763514883226 [pid: 7|app: 0|req: 309/610] 10.0.0.80 () {28 vars in 581 bytes} [Sat Aug 22 15:49:16 2026] GET /v2.0/routers => generated 2912 bytes in 80 msecs (HTTP/1.1 200) 4 headers in 158 bytes (1 switches on core 0)
2026-08-22 15:49:16.936 8 WARNING neutron.scheduler.dhcp_agent_scheduler [None req-b800a521-5734-46fd-bf57-3a44d5f5ad16 b5f8d443a85542d09eab869234d828eb 70c729d3a63d4ecf9d69285572b8c83a - - default default] No more DHCP agents
2026-08-22 15:49:16.937 8 INFO neutron.plugins.ml2.plugin [None req-ef131604-5ae4-44a3-ae8c-76bbd29b3a6c - - - - - -] Attempt 1 to provision port 4f5081f2-2740-4488-8a07-763514883226
2026-08-22 15:49:16.940 8 WARNING neutron.api.rpc.agentnotifiers.dhcp_rpc_agent_api [None req-b800a521-5734-46fd-bf57-3a44d5f5ad16 b5f8d443a85542d09eab869234d828eb 70c729d3a63d4ecf9d69285572b8c83a - - default default] Unable to schedule network f017526b-1217-4693-92af-f30303211ab4: no agents available; will retry on subsequent port and subnet creation events.
2026-08-22 15:49:17.141 7 WARNING neutron.scheduler.dhcp_agent_scheduler [None req-245aefe3-89d1-46e8-a118-228a55215539 b5f8d443a85542d09eab869234d828eb 70c729d3a63d4ecf9d69285572b8c83a - - default default] No more DHCP agents
2026-08-22 15:49:17.142 7 WARNING neutron.api.rpc.agentnotifiers.dhcp_rpc_agent_api [None req-245aefe3-89d1-46e8-a118-228a55215539 b5f8d443a85542d09eab869234d828eb 70c729d3a63d4ecf9d69285572b8c83a - - default default] Unable to schedule network 509f67cd-7dff-49c6-817f-47a17e13ce7e: no agents available; will retry on subsequent port and subnet creation events.
2026-08-22 15:49:17.281 7 INFO neutron.db.ovn_revision_numbers_db [None req-245aefe3-89d1-46e8-a118-228a55215539 b5f8d443a85542d09eab869234d828eb 70c729d3a63d4ecf9d69285572b8c83a - - default default] Successfully bumped revision number for resource 01f65f55-6baf-4513-8e1c-eeba2f4717c8 (type: ports) to 1
2026-08-22 15:49:17.824 7 INFO neutron.plugins.ml2.drivers.ovn.mech_driver.ovsdb.commands [-] Schedule LRP lrp-01f65f55-6baf-4513-8e1c-eeba2f4717c8 on gateway 81679cbd-4e9b-4a14-871f-3b39820cf5dd with priority 1
2026-08-22 15:49:17.981 7 INFO neutron.db.ovn_revision_numbers_db [None req-245aefe3-89d1-46e8-a118-228a55215539 b5f8d443a85542d09eab869234d828eb 70c729d3a63d4ecf9d69285572b8c83a - - default default] Successfully bumped revision number for resource 01f65f55-6baf-4513-8e1c-eeba2f4717c8 (type: router_ports) to 1
2026-08-22 15:49:18.041 7 INFO neutron.db.ovn_revision_numbers_db [None req-245aefe3-89d1-46e8-a118-228a55215539 b5f8d443a85542d09eab869234d828eb 70c729d3a63d4ecf9d69285572b8c83a - - default default] Successfully bumped revision number for resource 9d81d833-0a49-4d18-a22d-f0af48ea6d67 (type: routers) to 2 [pid: 7|app: 0|req: 310/611] 10.0.0.94 () {34 vars in 667 bytes} [Sat Aug 22 15:49:16 2026] POST /v2.0/routers => generated 973 bytes in 1301 msecs (HTTP/1.1 201) 4 headers in 162 bytes (1 switches on core 0)
2026-08-22 15:49:18.237 7 INFO neutron.db.ovn_revision_numbers_db [req-ebfd84ab-d87a-4a08-ae8c-7c2d93417d92 req-6bedbdae-5d0f-40ba-899f-72bdddb19406 cbbffd22f0624c879142c080ae22b99e 4638791e7c8d47e2ae63244ea3040216 - - default default] Successfully bumped revision number for resource ca6e1bfe-f310-485c-9d51-92be99705009 (type: security_groups) to 1
2026-08-22 15:49:18.247 7 INFO neutron.db.ovn_revision_numbers_db [req-ebfd84ab-d87a-4a08-ae8c-7c2d93417d92 req-6bedbdae-5d0f-40ba-899f-72bdddb19406 cbbffd22f0624c879142c080ae22b99e 4638791e7c8d47e2ae63244ea3040216 - - default default] Successfully bumped revision number for resource a15f4616-5585-4245-b354-386ef7aaddb9 (type: security_group_rules) to 0
