2026-08-22 15:50:17.290 7 INFO neutron.db.ovn_revision_numbers_db [None req-975207ba-7949-4b6e-951b-8d09b39412a6 - - - - - -] Successfully bumped revision number for resource 939d5c2a-b199-4a7a-bc11-942ff0985c90 (type: ports) to 2
2026-08-22 15:50:17.319 7 INFO neutron.db.ovn_revision_numbers_db [None req-975207ba-7949-4b6e-951b-8d09b39412a6 - - - - - -] Successfully bumped revision number for resource f5ed47f4-7933-4c25-b753-7f15543e2639 (type: subnets) to 0 [pid: 7|app: 0|req: 458/876] 10.0.0.94 () {34 vars in 667 bytes} [Sat Aug 22 15:50:16 2026] POST /v2.0/subnets => generated 626 bytes in 684 msecs (HTTP/1.1 201) 4 headers in 162 bytes (1 switches on core 0)
2026-08-22 15:50:17.571 8 INFO neutron.db.ovn_revision_numbers_db [None req-f1cb621c-dae7-4c7c-86c7-f6f0b3c2f7ab 29c10d25ac484c8284fd74e73a293153 769379de28634d4ab4ff5d5045196a65 - - default default] Successfully bumped revision number for resource 2ccea0de-f8e5-475e-b6b5-a26dc89cef64 (type: security_groups) to 1
2026-08-22 15:50:17.581 8 INFO neutron.db.ovn_revision_numbers_db [None req-f1cb621c-dae7-4c7c-86c7-f6f0b3c2f7ab 29c10d25ac484c8284fd74e73a293153 769379de28634d4ab4ff5d5045196a65 - - default default] Successfully bumped revision number for resource 089e60ed-807c-4a5e-9cc3-ab1a3653abf1 (type: security_group_rules) to 0
2026-08-22 15:50:17.600 8 INFO neutron.db.ovn_revision_numbers_db [None req-f1cb621c-dae7-4c7c-86c7-f6f0b3c2f7ab 29c10d25ac484c8284fd74e73a293153 769379de28634d4ab4ff5d5045196a65 - - default default] Successfully bumped revision number for resource 95d7ef0a-4460-497a-b2b2-9e19c7eb5053 (type: security_group_rules) to 0
2026-08-22 15:50:17.616 8 INFO neutron.db.ovn_revision_numbers_db [None req-f1cb621c-dae7-4c7c-86c7-f6f0b3c2f7ab 29c10d25ac484c8284fd74e73a293153 769379de28634d4ab4ff5d5045196a65 - - default default] Successfully bumped revision number for resource 9870fbf6-e0ae-4247-9454-3f7bffdea648 (type: security_group_rules) to 0
2026-08-22 15:50:17.629 8 INFO neutron.db.ovn_revision_numbers_db [None req-f1cb621c-dae7-4c7c-86c7-f6f0b3c2f7ab 29c10d25ac484c8284fd74e73a293153 769379de28634d4ab4ff5d5045196a65 - - default default] Successfully bumped revision number for resource 9e14e10a-6eba-4393-a64e-d15a7b317268 (type: security_group_rules) to 0
2026-08-22 15:50:17.668 7 WARNING neutron.scheduler.dhcp_agent_scheduler [None req-0fa44182-fc18-45f5-9da7-f3f18d26b1d2 dca8cec592f14c33a56bf0b3dfc8e36a 4512307d59544b8f95a4b0e08a0c56c5 - - default default] No more DHCP agents
2026-08-22 15:50:17.669 7 WARNING neutron.api.rpc.agentnotifiers.dhcp_rpc_agent_api [None req-0fa44182-fc18-45f5-9da7-f3f18d26b1d2 dca8cec592f14c33a56bf0b3dfc8e36a 4512307d59544b8f95a4b0e08a0c56c5 - - default default] Unable to schedule network 2e766bef-8c39-4afa-b2ad-7f49a7fb5ec8: no agents available; will retry on subsequent port and subnet creation events.
2026-08-22 15:50:17.700 8 INFO neutron.db.segments_db [None req-f1cb621c-dae7-4c7c-86c7-f6f0b3c2f7ab 29c10d25ac484c8284fd74e73a293153 769379de28634d4ab4ff5d5045196a65 - - default default] Added segment 28a7eac6-c4dd-48f9-9acd-cdc75ad56133 of type geneve for network f8090a12-a2e2-4c41-8b07-2296de70ac5c
2026-08-22 15:50:17.811 8 INFO neutron.plugins.ml2.drivers.ovn.mech_driver.mech_driver [None req-323634c4-c3cb-4835-9227-adb549bdec2e - - - - - -] OVN reports status down for port: 2a9857cc-2102-4cbb-85e3-29b17a88e4e9
2026-08-22 15:50:17.880 7 INFO neutron.db.ovn_revision_numbers_db [None req-0fa44182-fc18-45f5-9da7-f3f18d26b1d2 dca8cec592f14c33a56bf0b3dfc8e36a 4512307d59544b8f95a4b0e08a0c56c5 - - default default] Successfully bumped revision number for resource 2a9857cc-2102-4cbb-85e3-29b17a88e4e9 (type: ports) to 1
2026-08-22 15:50:17.920 8 INFO neutron.db.ovn_revision_numbers_db [None req-f1cb621c-dae7-4c7c-86c7-f6f0b3c2f7ab 29c10d25ac484c8284fd74e73a293153 769379de28634d4ab4ff5d5045196a65 - - default default] Successfully bumped revision number for resource f8090a12-a2e2-4c41-8b07-2296de70ac5c (type: networks) to 1 [pid: 7|app: 0|req: 459/877] 10.0.0.94 () {34 vars in 663 bytes} [Sat Aug 22 15:50:17 2026] POST /v2.0/ports => generated 954 bytes in 593 msecs (HTTP/1.1 201) 4 headers in 162 bytes (1 switches on core 0) /var/lib/openstack/lib/python3.12/site-packages/pycadf/identifier.py:70: UserWarning: Invalid uuid: neutron. To ensure interoperability, identifiers should be a valid uuid. warnings.warn(('Invalid uuid: %s. To ensure interoperability, '
2026-08-22 15:50:18.103 8 WARNING neutron.scheduler.dhcp_agent_scheduler [None req-f1cb621c-dae7-4c7c-86c7-f6f0b3c2f7ab 29c10d25ac484c8284fd74e73a293153 769379de28634d4ab4ff5d5045196a65 - - default default] No more DHCP agents
2026-08-22 15:50:18.104 8 WARNING neutron.api.rpc.agentnotifiers.dhcp_rpc_agent_api [None req-f1cb621c-dae7-4c7c-86c7-f6f0b3c2f7ab 29c10d25ac484c8284fd74e73a293153 769379de28634d4ab4ff5d5045196a65 - - default default] Unable to schedule network f8090a12-a2e2-4c41-8b07-2296de70ac5c: no agents available; will retry on subsequent port and subnet creation events.
2026-08-22 15:50:18.106 7 INFO neutron_taas.services.taas.taas_plugin [None req-ac415041-30d8-47f2-8d87-c0f5cd657ea4 dca8cec592f14c33a56bf0b3dfc8e36a 4512307d59544b8f95a4b0e08a0c56c5 - - default default] TaaS: Handle Delete Port: 2a9857cc-2102-4cbb-85e3-29b17a88e4e9
2026-08-22 15:50:18.112 7 INFO neutron_taas.services.taas.tap_mirror_plugin [None req-ac415041-30d8-47f2-8d87-c0f5cd657ea4 dca8cec592f14c33a56bf0b3dfc8e36a 4512307d59544b8f95a4b0e08a0c56c5 - - default default] Tap Mirror: Handle Delete Port: 2a9857cc-2102-4cbb-85e3-29b17a88e4e9
2026-08-22 15:50:18.175 8 INFO neutron.plugins.ml2.drivers.ovn.mech_driver.mech_driver [None req-323634c4-c3cb-4835-9227-adb549bdec2e - - - - - -] OVN reports status down for port: cedb1491-bcc8-4855-a6f9-f1df5b15ec52
2026-08-22 15:50:18.237 8 INFO neutron.db.ovn_revision_numbers_db [None req-f1cb621c-dae7-4c7c-86c7-f6f0b3c2f7ab 29c10d25ac484c8284fd74e73a293153 769379de28634d4ab4ff5d5045196a65 - - default default] Successfully bumped revision number for resource cedb1491-bcc8-4855-a6f9-f1df5b15ec52 (type: ports) to 1 [pid: 8|app: 0|req: 419/880] 10.0.0.94 () {34 vars in 668 bytes} [Sat Aug 22 15:50:17 2026] POST /v2.0/networks => generated 688 bytes in 1111 msecs (HTTP/1.1 201) 4 headers in 162 bytes (1 switches on core 0) [pid: 7|app: 0|req: 462/881] 10.0.0.94 () {32 vars in 718 bytes} [Sat Aug 22 15:50:17 2026] DELETE /v2.0/ports/2a9857cc-2102-4cbb-85e3-29b17a88e4e9 => generated 0 bytes in 388 msecs (HTTP/1.1 204) 3 headers in 131 bytes (1 switches on core 0)
2026-08-22 15:50:18.347 7 INFO neutron.pecan_wsgi.hooks.translation [None req-dd934e84-cb22-4c09-ac92-89c8faa2e301 dca8cec592f14c33a56bf0b3dfc8e36a 4512307d59544b8f95a4b0e08a0c56c5 - - default default] DELETE failed (client error): The resource could not be found. [pid: 7|app: 0|req: 463/882] 10.0.0.94 () {32 vars in 718 bytes} [Sat Aug 22 15:50:18 2026] DELETE /v2.0/ports/2a9857cc-2102-4cbb-85e3-29b17a88e4e9 => generated 132 bytes in 17 msecs (HTTP/1.1 404) 4 headers in 164 bytes (1 switches on core 0)
2026-08-22 15:50:18.366 7 INFO neutron.pecan_wsgi.hooks.translation [None req-ac93082a-b87a-48ac-914d-76a4e8dc1038 dca8cec592f14c33a56bf0b3dfc8e36a 4512307d59544b8f95a4b0e08a0c56c5 - - default default] GET failed (client error): The resource could not be found. [pid: 7|app: 0|req: 464/883] 10.0.0.94 () {32 vars in 715 bytes} [Sat Aug 22 15:50:18 2026] GET /v2.0/ports/2a9857cc-2102-4cbb-85e3-29b17a88e4e9 => generated 132 bytes in 13 msecs (HTTP/1.1 404) 4 headers in 164 bytes (1 switches on core 0)
2026-08-22 15:50:18.550 8 WARNING neutron.scheduler.dhcp_agent_scheduler [None req-55599b31-5896-4c1b-8312-f061ecc23d20 29c10d25ac484c8284fd74e73a293153 769379de28634d4ab4ff5d5045196a65 - - default default] No more DHCP agents
2026-08-22 15:50:18.551 8 WARNING neutron.api.rpc.agentnotifiers.dhcp_rpc_agent_api [None req-55599b31-5896-4c1b-8312-f061ecc23d20 29c10d25ac484c8284fd74e73a293153 769379de28634d4ab4ff5d5045196a65 - - default default] Unable to schedule network f8090a12-a2e2-4c41-8b07-2296de70ac5c: no agents available; will retry on subsequent port and subnet creation events. [pid: 7|app: 0|req: 465/884] 10.0.0.94 () {32 vars in 722 bytes} [Sat Aug 22 15:50:18 2026] DELETE /v2.0/subnets/f5ed47f4-7933-4c25-b753-7f15543e2639 => generated 0 bytes in 188 msecs (HTTP/1.1 204) 3 headers in 131 bytes (1 switches on core 0)
2026-08-22 15:50:18.590 8 INFO neutron.db.ovn_revision_numbers_db [None req-55599b31-5896-4c1b-8312-f061ecc23d20 29c10d25ac484c8284fd74e73a293153 769379de28634d4ab4ff5d5045196a65 - - default default] Successfully bumped revision number for resource 4260f1b6-ce5d-4cdc-9d0f-c7f75a0363c7 (type: subnets) to 0 [pid: 8|app: 0|req: 420/885] 10.0.0.94 () {34 vars in 667 bytes} [Sat Aug 22 15:50:18 2026] POST /v2.0/subnets => generated 627 bytes in 308 msecs (HTTP/1.1 201) 4 headers in 162 bytes (1 switches on core 0)
2026-08-22 15:50:18.695 7 INFO neutron_taas.services.taas.taas_plugin [None req-502f97ac-9d86-4e0d-acbd-d1289843b873 dca8cec592f14c33a56bf0b3dfc8e36a 4512307d59544b8f95a4b0e08a0c56c5 - - default default] TaaS: Handle Delete Port: 939d5c2a-b199-4a7a-bc11-942ff0985c90
2026-08-22 15:50:18.697 7 INFO neutron_taas.services.taas.tap_mirror_plugin [None req-502f97ac-9d86-4e0d-acbd-d1289843b873 dca8cec592f14c33a56bf0b3dfc8e36a 4512307d59544b8f95a4b0e08a0c56c5 - - default default] Tap Mirror: Handle Delete Port: 939d5c2a-b199-4a7a-bc11-942ff0985c90
2026-08-22 15:50:18.867 7 INFO neutron.services.segments.plugin [-] Segment f8da60fd-821c-4c56-b9a4-fc96e8bca95d resource provider aggregate not found
2026-08-22 15:50:18.868 7 INFO neutron.services.segments.plugin [-] Segment f8da60fd-821c-4c56-b9a4-fc96e8bca95d resource provider aggregate not found
2026-08-22 15:50:18.887 7 INFO neutron.services.segments.plugin [-] Client error retrieving segment f8da60fd-821c-4c56-b9a4-fc96e8bca95d resource provider; error: Placement Client Error (4xx): {"errors": [{"status": 404, "title": "Not Found", "detail": "The resource could not be found.\n\n No resource provider with uuid f8da60fd-821c-4c56-b9a4-fc96e8bca95d found for delete ", "request_id": "req-cfd93372-b571-4d5b-9560-b94cbf11142c"}]}
2026-08-22 15:50:18.891 7 INFO neutron.services.segments.plugin [-] Client error retrieving segment f8da60fd-821c-4c56-b9a4-fc96e8bca95d resource provider; error: Placement Client Error (4xx): {"errors": [{"status": 404, "title": "Not Found", "detail": "The resource could not be found.\n\n No resource provider with uuid f8da60fd-821c-4c56-b9a4-fc96e8bca95d found for delete ", "request_id": "req-aec4b145-acf2-422d-b566-6ccdbf49d8be"}]} [pid: 7|app: 0|req: 466/886] 10.0.0.94 () {32 vars in 724 bytes} [Sat Aug 22 15:50:18 2026] DELETE /v2.0/networks/2e766bef-8c39-4afa-b2ad-7f49a7fb5ec8 => generated 0 bytes in 358 msecs (HTTP/1.1 204) 3 headers in 131 bytes (1 switches on core 0)
2026-08-22 15:50:19.103 8 WARNING neutron.scheduler.dhcp_agent_scheduler [None req-26e16e01-96f0-4d66-a9ac-d19dd3dee8bb 29c10d25ac484c8284fd74e73a293153 769379de28634d4ab4ff5d5045196a65 - - default default] No more DHCP agents
2026-08-22 15:50:19.104 8 WARNING neutron.api.rpc.agentnotifiers.dhcp_rpc_agent_api [None req-26e16e01-96f0-4d66-a9ac-d19dd3dee8bb 29c10d25ac484c8284fd74e73a293153 769379de28634d4ab4ff5d5045196a65 - - default default] Unable to schedule network 509f67cd-7dff-49c6-817f-47a17e13ce7e: no agents available; will retry on subsequent port and subnet creation events.
2026-08-22 15:50:19.199 7 INFO neutron.db.ovn_revision_numbers_db [None req-bddb269f-a2ec-4971-ac16-5296ba0c9b20 b5f8d443a85542d09eab869234d828eb 70c729d3a63d4ecf9d69285572b8c83a - - default default] Successfully bumped revision number for resource ebac88fb-15f1-42b3-bc66-3477ebac53c0 (type: security_groups) to 1
2026-08-22 15:50:19.209 7 INFO neutron.db.ovn_revision_numbers_db [None req-bddb269f-a2ec-4971-ac16-5296ba0c9b20 b5f8d443a85542d09eab869234d828eb 70c729d3a63d4ecf9d69285572b8c83a - - default default] Successfully bumped revision number for resource 1bb602bf-962e-4776-8f2e-2c2437b36fd2 (type: security_group_rules) to 0
2026-08-22 15:50:19.219 7 INFO neutron.db.ovn_revision_numbers_db [None req-bddb269f-a2ec-4971-ac16-5296ba0c9b20 b5f8d443a85542d09eab869234d828eb 70c729d3a63d4ecf9d69285572b8c83a - - default default] Successfully bumped revision number for resource 4c6000b2-ecae-4530-bc19-403103ab267c (type: security_group_rules) to 0
2026-08-22 15:50:19.229 7 INFO neutron.db.ovn_revision_numbers_db [None req-bddb269f-a2ec-4971-ac16-5296ba0c9b20 b5f8d443a85542d09eab869234d828eb 70c729d3a63d4ecf9d69285572b8c83a - - default default] Successfully bumped revision number for resource 6f303630-d2b8-4f53-85ec-28e6b5910cbc (type: security_group_rules) to 0
2026-08-22 15:50:19.239 7 INFO neutron.db.ovn_revision_numbers_db [None req-bddb269f-a2ec-4971-ac16-5296ba0c9b20 b5f8d443a85542d09eab869234d828eb 70c729d3a63d4ecf9d69285572b8c83a - - default default] Successfully bumped revision number for resource c9406ef5-5690-406f-943d-fc4a07758b69 (type: security_group_rules) to 0
2026-08-22 15:50:19.292 8 INFO neutron.plugins.ml2.drivers.ovn.mech_driver.mech_driver [None req-323634c4-c3cb-4835-9227-adb549bdec2e - - - - - -] OVN reports status down for port: 5414499f-3f33-4d0a-9295-208dc547310e [pid: 7|app: 0|req: 467/887] 10.0.0.94 () {32 vars in 772 bytes} [Sat Aug 22 15:50:18 2026] GET /v2.0/security-groups?tenant_id=04cca0eb886149f38d7cbecf96715bb5&name=default => generated 2925 bytes in 391 msecs (HTTP/1.1 200) 4 headers in 158 bytes (1 switches on core 0)
2026-08-22 15:50:19.349 8 INFO neutron.db.ovn_revision_numbers_db [None req-26e16e01-96f0-4d66-a9ac-d19dd3dee8bb 29c10d25ac484c8284fd74e73a293153 769379de28634d4ab4ff5d5045196a65 - - default default] Successfully bumped revision number for resource 5414499f-3f33-4d0a-9295-208dc547310e (type: ports) to 1
2026-08-22 15:50:19.543 7 INFO neutron.db.ovn_revision_numbers_db [None req-8e1fc583-23f2-4bef-afb6-879e33e95956 b5f8d443a85542d09eab869234d828eb 70c729d3a63d4ecf9d69285572b8c83a - - default default] Successfully bumped revision number for resource 011b4930-850f-459f-85a0-bf2cc18d8549 (type: security_groups) to 1
2026-08-22 15:50:19.558 7 INFO neutron.db.ovn_revision_numbers_db [None req-8e1fc583-23f2-4bef-afb6-879e33e95956 b5f8d443a85542d09eab869234d828eb 70c729d3a63d4ecf9d69285572b8c83a - - default default] Successfully bumped revision number for resource 63605866-05f8-4176-bad6-2521dced5edf (type: security_group_rules) to 0
2026-08-22 15:50:19.569 7 INFO neutron.db.ovn_revision_numbers_db [None req-8e1fc583-23f2-4bef-afb6-879e33e95956 b5f8d443a85542d09eab869234d828eb 70c729d3a63d4ecf9d69285572b8c83a - - default default] Successfully bumped revision number for resource 7dc7a55b-838e-4bbe-9ed2-8906a6abd50c (type: security_group_rules) to 0
2026-08-22 15:50:19.584 7 INFO neutron.db.ovn_revision_numbers_db [None req-8e1fc583-23f2-4bef-afb6-879e33e95956 b5f8d443a85542d09eab869234d828eb 70c729d3a63d4ecf9d69285572b8c83a - - default default] Successfully bumped revision number for resource ce0c9f77-5d43-4a1e-a76f-9f944c83900a (type: security_group_rules) to 0
2026-08-22 15:50:19.594 7 INFO neutron.db.ovn_revision_numbers_db [None req-8e1fc583-23f2-4bef-afb6-879e33e95956 b5f8d443a85542d09eab869234d828eb 70c729d3a63d4ecf9d69285572b8c83a - - default default] Successfully bumped revision number for resource e35024bc-e08a-4ae5-819c-8f63ef04bf7c (type: security_group_rules) to 0 [pid: 7|app: 0|req: 468/888] 10.0.0.94 () {32 vars in 772 bytes} [Sat Aug 22 15:50:19 2026] GET /v2.0/security-groups?tenant_id=162f74d906fb4a2c8dd4cea46787a006&name=default => generated 2925 bytes in 340 msecs (HTTP/1.1 200) 4 headers in 158 bytes (1 switches on core 0)
2026-08-22 15:50:19.727 7 INFO neutron.db.segments_db [None req-ee298139-ff07-45d5-b7c0-c4e2d1efb281 dca8cec592f14c33a56bf0b3dfc8e36a 4512307d59544b8f95a4b0e08a0c56c5 - - default default] Added segment ab95178e-bbbf-4d02-b0c0-a16146fd9eeb of type geneve for network ce13cda8-7ae0-429e-8c05-8d19a4203bb9
2026-08-22 15:50:19.836 7 INFO neutron.db.ovn_revision_numbers_db [None req-ee298139-ff07-45d5-b7c0-c4e2d1efb281 dca8cec592f14c33a56bf0b3dfc8e36a 4512307d59544b8f95a4b0e08a0c56c5 - - default default] Successfully bumped revision number for resource ce13cda8-7ae0-429e-8c05-8d19a4203bb9 (type: networks) to 1
2026-08-22 15:50:19.968 7 WARNING neutron.scheduler.dhcp_agent_scheduler [None req-ee298139-ff07-45d5-b7c0-c4e2d1efb281 dca8cec592f14c33a56bf0b3dfc8e36a 4512307d59544b8f95a4b0e08a0c56c5 - - default default] No more DHCP agents
2026-08-22 15:50:19.969 7 WARNING neutron.api.rpc.agentnotifiers.dhcp_rpc_agent_api [None req-ee298139-ff07-45d5-b7c0-c4e2d1efb281 dca8cec592f14c33a56bf0b3dfc8e36a 4512307d59544b8f95a4b0e08a0c56c5 - - default default] Unable to schedule network ce13cda8-7ae0-429e-8c05-8d19a4203bb9: no agents available; will retry on subsequent port and subnet creation events.
2026-08-22 15:50:19.972 8 INFO neutron.plugins.ml2.drivers.ovn.mech_driver.ovsdb.commands [None req-92a9a762-5f15-4846-a086-62a79865c65b - - - - - -] Schedule LRP lrp-5414499f-3f33-4d0a-9295-208dc547310e on gateway 81679cbd-4e9b-4a14-871f-3b39820cf5dd with priority 1
2026-08-22 15:50:20.038 8 INFO neutron.plugins.ml2.drivers.ovn.mech_driver.mech_driver [None req-323634c4-c3cb-4835-9227-adb549bdec2e - - - - - -] OVN reports status up for port: 5414499f-3f33-4d0a-9295-208dc547310e
2026-08-22 15:50:20.065 8 INFO neutron.plugins.ml2.plugin [None req-323634c4-c3cb-4835-9227-adb549bdec2e - - - - - -] Attempt 1 to provision port 5414499f-3f33-4d0a-9295-208dc547310e
2026-08-22 15:50:20.116 8 INFO neutron.db.ovn_revision_numbers_db [None req-26e16e01-96f0-4d66-a9ac-d19dd3dee8bb 29c10d25ac484c8284fd74e73a293153 769379de28634d4ab4ff5d5045196a65 - - default default] Successfully bumped revision number for resource 5414499f-3f33-4d0a-9295-208dc547310e (type: router_ports) to 1
2026-08-22 15:50:20.133 7 INFO neutron.db.ovn_revision_numbers_db [None req-ee298139-ff07-45d5-b7c0-c4e2d1efb281 dca8cec592f14c33a56bf0b3dfc8e36a 4512307d59544b8f95a4b0e08a0c56c5 - - default default] Successfully bumped revision number for resource 0406dc2b-e430-445e-904c-e844a8e7a6e6 (type: ports) to 1 [pid: 7|app: 0|req: 469/889] 10.0.0.94 () {34 vars in 668 bytes} [Sat Aug 22 15:50:19 2026] POST /v2.0/networks => generated 670 bytes in 499 msecs (HTTP/1.1 201) 4 headers in 162 bytes (1 switches on core 0)
2026-08-22 15:50:20.245 8 INFO neutron.db.ovn_revision_numbers_db [None req-26e16e01-96f0-4d66-a9ac-d19dd3dee8bb 29c10d25ac484c8284fd74e73a293153 769379de28634d4ab4ff5d5045196a65 - - default default] Successfully bumped revision number for resource 9f043116-b7c0-4bc9-b15c-7121dbeda14d (type: routers) to 2 [pid: 8|app: 0|req: 421/890] 10.0.0.94 () {34 vars in 667 bytes} [Sat Aug 22 15:50:18 2026] POST /v2.0/routers => generated 955 bytes in 1646 msecs (HTTP/1.1 201) 4 headers in 162 bytes (1 switches on core 0) [pid: 7|app: 0|req: 470/891] 10.0.0.94 () {32 vars in 738 bytes} [Sat Aug 22 15:50:20 2026] DELETE /v2.0/security-groups/ebac88fb-15f1-42b3-bc66-3477ebac53c0 => generated 0 bytes in 237 msecs (HTTP/1.1 204) 2 headers in 112 bytes (1 switches on core 0) [pid: 8|app: 0|req: 422/892] 10.0.0.94 () {32 vars in 738 bytes} [Sat Aug 22 15:50:20 2026] DELETE /v2.0/security-groups/011b4930-850f-459f-85a0-bf2cc18d8549 => generated 0 bytes in 316 msecs (HTTP/1.1 204) 2 headers in 112 bytes (1 switches on core 0)
2026-08-22 15:50:20.616 7 WARNING neutron.scheduler.dhcp_agent_scheduler [None req-7dd76c8c-4c59-40a8-8327-5a9c6b2370ce dca8cec592f14c33a56bf0b3dfc8e36a 4512307d59544b8f95a4b0e08a0c56c5 - - default default] No more DHCP agents
2026-08-22 15:50:20.617 7 WARNING neutron.api.rpc.agentnotifiers.dhcp_rpc_agent_api [None req-7dd76c8c-4c59-40a8-8327-5a9c6b2370ce dca8cec592f14c33a56bf0b3dfc8e36a 4512307d59544b8f95a4b0e08a0c56c5 - - default default] Unable to schedule network ce13cda8-7ae0-429e-8c05-8d19a4203bb9: no agents available; will retry on subsequent port and subnet creation events.
2026-08-22 15:50:21.084 8 WARNING neutron.scheduler.dhcp_agent_scheduler [None req-8a587c5e-95c8-4cae-bd58-ea320e17c962 29c10d25ac484c8284fd74e73a293153 769379de28634d4ab4ff5d5045196a65 - - default default] No more DHCP agents
2026-08-22 15:50:21.085 8 WARNING neutron.api.rpc.agentnotifiers.dhcp_rpc_agent_api [None req-8a587c5e-95c8-4cae-bd58-ea320e17c962 29c10d25ac484c8284fd74e73a293153 769379de28634d4ab4ff5d5045196a65 - - default default] Unable to schedule network f8090a12-a2e2-4c41-8b07-2296de70ac5c: no agents available; will retry on subsequent port and subnet creation events.
2026-08-22 15:50:21.085 7 INFO neutron.db.ovn_revision_numbers_db [None req-4bb9fac4-4e08-4503-b2ca-dbbbc50e4611 - - - - - -] Successfully bumped revision number for resource 0406dc2b-e430-445e-904c-e844a8e7a6e6 (type: ports) to 2
2026-08-22 15:50:21.108 7 INFO neutron.db.ovn_revision_numbers_db [None req-4bb9fac4-4e08-4503-b2ca-dbbbc50e4611 - - - - - -] Successfully bumped revision number for resource a3485ff6-3af6-44dd-a609-c282201875ed (type: subnets) to 0 [pid: 7|app: 0|req: 471/893] 10.0.0.94 () {34 vars in 667 bytes} [Sat Aug 22 15:50:20 2026] POST /v2.0/subnets => generated 626 bytes in 732 msecs (HTTP/1.1 201) 4 headers in 162 bytes (1 switches on core 0)
2026-08-22 15:50:21.236 8 INFO neutron.db.ovn_revision_numbers_db [None req-8a587c5e-95c8-4cae-bd58-ea320e17c962 29c10d25ac484c8284fd74e73a293153 769379de28634d4ab4ff5d5045196a65 - - default default] Successfully bumped revision number for resource dc72fcc6-d93b-4b70-bc69-8e6a8f907c88 (type: ports) to 1
2026-08-22 15:50:21.293 7 INFO neutron.db.ovn_revision_numbers_db [None req-a3441f6b-c242-4e34-91fc-3f3ef7064355 b5f8d443a85542d09eab869234d828eb 70c729d3a63d4ecf9d69285572b8c83a - - default default] Successfully bumped revision number for resource 59f9faaa-658c-41e6-9ad2-b155fa4bf339 (type: security_groups) to 1
2026-08-22 15:50:21.310 7 INFO neutron.db.ovn_revision_numbers_db [None req-a3441f6b-c242-4e34-91fc-3f3ef7064355 b5f8d443a85542d09eab869234d828eb 70c729d3a63d4ecf9d69285572b8c83a - - default default] Successfully bumped revision number for resource 55b366e2-7c1e-4bb2-92b6-4705932156cb (type: security_group_rules) to 0
2026-08-22 15:50:21.320 7 INFO neutron.db.ovn_revision_numbers_db [None req-a3441f6b-c242-4e34-91fc-3f3ef7064355 b5f8d443a85542d09eab869234d828eb 70c729d3a63d4ecf9d69285572b8c83a - - default default] Successfully bumped revision number for resource 712cad4a-4da6-4874-8ac1-3ce2675a88db (type: security_group_rules) to 0
2026-08-22 15:50:21.329 7 INFO neutron.db.ovn_revision_numbers_db [None req-a3441f6b-c242-4e34-91fc-3f3ef7064355 b5f8d443a85542d09eab869234d828eb 70c729d3a63d4ecf9d69285572b8c83a - - default default] Successfully bumped revision number for resource 8b6730d3-6f19-4417-b6f2-4318586bae8a (type: security_group_rules) to 0
2026-08-22 15:50:21.340 7 INFO neutron.db.ovn_revision_numbers_db [None req-a3441f6b-c242-4e34-91fc-3f3ef7064355 b5f8d443a85542d09eab869234d828eb 70c729d3a63d4ecf9d69285572b8c83a - - default default] Successfully bumped revision number for resource 8cdd4d2b-7b3e-4258-93e5-40351814ab42 (type: security_group_rules) to 0 [pid: 7|app: 0|req: 472/894] 10.0.0.94 () {32 vars in 772 bytes} [Sat Aug 22 15:50:21 2026] GET /v2.0/security-groups?tenant_id=27da33335a0845879bb8f49a7c6f8f7f&name=default => generated 2925 bytes in 247 msecs (HTTP/1.1 200) 4 headers in 158 bytes (1 switches on core 0)
2026-08-22 15:50:21.604 7 WARNING neutron.scheduler.dhcp_agent_scheduler [None req-542dca2b-c1be-4b35-b5f5-e6c9f9bde440 dca8cec592f14c33a56bf0b3dfc8e36a 4512307d59544b8f95a4b0e08a0c56c5 - - default default] No more DHCP agents
2026-08-22 15:50:21.606 7 WARNING neutron.api.rpc.agentnotifiers.dhcp_rpc_agent_api [None req-542dca2b-c1be-4b35-b5f5-e6c9f9bde440 dca8cec592f14c33a56bf0b3dfc8e36a 4512307d59544b8f95a4b0e08a0c56c5 - - default default] Unable to schedule network ce13cda8-7ae0-429e-8c05-8d19a4203bb9: no agents available; will retry on subsequent port and subnet creation events.
2026-08-22 15:50:21.771 7 INFO neutron.db.ovn_revision_numbers_db [None req-542dca2b-c1be-4b35-b5f5-e6c9f9bde440 dca8cec592f14c33a56bf0b3dfc8e36a 4512307d59544b8f95a4b0e08a0c56c5 - - default default] Successfully bumped revision number for resource 9f667b1f-d35a-4572-bce8-d134c304a8c8 (type: ports) to 1 [pid: 7|app: 0|req: 473/895] 10.0.0.94 () {34 vars in 663 bytes} [Sat Aug 22 15:50:21 2026] POST /v2.0/ports => generated 912 bytes in 422 msecs (HTTP/1.1 201) 4 headers in 162 bytes (1 switches on core 0)
2026-08-22 15:50:22.083 8 WARNING neutron.scheduler.dhcp_agent_scheduler [None req-8a587c5e-95c8-4cae-bd58-ea320e17c962 29c10d25ac484c8284fd74e73a293153 769379de28634d4ab4ff5d5045196a65 - - default default] No more DHCP agents [pid: 7|app: 0|req: 474/896] 10.0.0.94 () {32 vars in 738 bytes} [Sat Aug 22 15:50:21 2026] DELETE /v2.0/security-groups/59f9faaa-658c-41e6-9ad2-b155fa4bf339 => generated 0 bytes in 290 msecs (HTTP/1.1 204) 2 headers in 112 bytes (1 switches on core 0)
2026-08-22 15:50:22.085 8 WARNING neutron.api.rpc.agentnotifiers.dhcp_rpc_agent_api [None req-8a587c5e-95c8-4cae-bd58-ea320e17c962 29c10d25ac484c8284fd74e73a293153 769379de28634d4ab4ff5d5045196a65 - - default default] Unable to schedule network f8090a12-a2e2-4c41-8b07-2296de70ac5c: no agents available; will retry on subsequent port and subnet creation events.
2026-08-22 15:50:22.182 7 INFO neutron_taas.services.taas.taas_plugin [None req-5e9c9010-8f08-484f-9a8d-32759693864f dca8cec592f14c33a56bf0b3dfc8e36a 4512307d59544b8f95a4b0e08a0c56c5 - - default default] TaaS: Handle Delete Port: 9f667b1f-d35a-4572-bce8-d134c304a8c8
2026-08-22 15:50:22.186 7 INFO neutron_taas.services.taas.tap_mirror_plugin [None req-5e9c9010-8f08-484f-9a8d-32759693864f dca8cec592f14c33a56bf0b3dfc8e36a 4512307d59544b8f95a4b0e08a0c56c5 - - default default] Tap Mirror: Handle Delete Port: 9f667b1f-d35a-4572-bce8-d134c304a8c8 [pid: 7|app: 0|req: 475/897] 10.0.0.94 () {32 vars in 718 bytes} [Sat Aug 22 15:50:22 2026] DELETE /v2.0/ports/9f667b1f-d35a-4572-bce8-d134c304a8c8 => generated 0 bytes in 255 msecs (HTTP/1.1 204) 3 headers in 131 bytes (1 switches on core 0)
2026-08-22 15:50:22.526 8 INFO neutron.db.ovn_revision_numbers_db [None req-8a587c5e-95c8-4cae-bd58-ea320e17c962 29c10d25ac484c8284fd74e73a293153 769379de28634d4ab4ff5d5045196a65 - - default default] Successfully bumped revision number for resource dc72fcc6-d93b-4b70-bc69-8e6a8f907c88 (type: router_ports) to 1 [pid: 7|app: 0|req: 476/898] 10.0.0.94 () {32 vars in 651 bytes} [Sat Aug 22 15:50:22 2026] GET /v2.0/extensions => generated 20541 bytes in 194 msecs (HTTP/1.1 200) 4 headers in 159 bytes (1 switches on core 0) [pid: 8|app: 0|req: 423/899] 10.0.0.94 () {34 vars in 781 bytes} [Sat Aug 22 15:50:20 2026] PUT /v2.0/routers/9f043116-b7c0-4bc9-b15c-7121dbeda14d/add_router_interface => generated 309 bytes in 1952 msecs (HTTP/1.1 200) 4 headers in 157 bytes (1 switches on core 0) [pid: 8|app: 0|req: 424/900] 10.0.0.94 () {32 vars in 679 bytes} [Sat Aug 22 15:50:22 2026] GET /v2.0/extensions/address-group => generated 159 bytes in 6 msecs (HTTP/1.1 200) 4 headers in 157 bytes (1 switches on core 0)
2026-08-22 15:50:22.551 7 INFO neutron.pecan_wsgi.hooks.translation [None req-56c7e188-e7fc-47cb-b317-fed5a8ed9e03 dca8cec592f14c33a56bf0b3dfc8e36a 4512307d59544b8f95a4b0e08a0c56c5 - - default default] GET failed (client error): The resource could not be found. [pid: 7|app: 0|req: 477/901] 10.0.0.94 () {32 vars in 715 bytes} [Sat Aug 22 15:50:22 2026] GET /v2.0/ports/9f667b1f-d35a-4572-bce8-d134c304a8c8 => generated 132 bytes in 18 msecs (HTTP/1.1 404) 4 headers in 164 bytes (1 switches on core 0) [pid: 7|app: 0|req: 478/902] 10.0.0.94 () {32 vars in 679 bytes} [Sat Aug 22 15:50:22 2026] GET /v2.0/extensions/address-scope => generated 163 bytes in 4 msecs (HTTP/1.1 200) 4 headers in 157 bytes (1 switches on core 0) [pid: 7|app: 0|req: 479/903] 10.0.0.94 () {32 vars in 722 bytes} [Sat Aug 22 15:50:22 2026] DELETE /v2.0/subnets/a3485ff6-3af6-44dd-a609-c282201875ed => generated 0 bytes in 172 msecs (HTTP/1.1 204) 3 headers in 131 bytes (1 switches on core 0) [pid: 7|app: 0|req: 480/904] 10.0.0.94 () {32 vars in 663 bytes} [Sat Aug 22 15:50:22 2026] GET /v2.0/extensions/agent => generated 153 bytes in 6 msecs (HTTP/1.1 200) 4 headers in 157 bytes (1 switches on core 0)
2026-08-22 15:50:22.797 8 WARNING neutron.scheduler.dhcp_agent_scheduler [None req-58b015dd-e124-44d0-9912-e4b4cd78068a 29c10d25ac484c8284fd74e73a293153 769379de28634d4ab4ff5d5045196a65 - - default default] No more DHCP agents
2026-08-22 15:50:22.798 8 WARNING neutron.api.rpc.agentnotifiers.dhcp_rpc_agent_api [None req-58b015dd-e124-44d0-9912-e4b4cd78068a 29c10d25ac484c8284fd74e73a293153 769379de28634d4ab4ff5d5045196a65 - - default default] Unable to schedule network f8090a12-a2e2-4c41-8b07-2296de70ac5c: no agents available; will retry on subsequent port and subnet creation events.
2026-08-22 15:50:22.846 7 INFO neutron_taas.services.taas.taas_plugin [None req-f81d6dd6-415e-4cf9-83ef-a30e9ab64977 dca8cec592f14c33a56bf0b3dfc8e36a 4512307d59544b8f95a4b0e08a0c56c5 - - default default] TaaS: Handle Delete Port: 0406dc2b-e430-445e-904c-e844a8e7a6e6
2026-08-22 15:50:22.849 7 INFO neutron_taas.services.taas.tap_mirror_plugin [None req-f81d6dd6-415e-4cf9-83ef-a30e9ab64977 dca8cec592f14c33a56bf0b3dfc8e36a 4512307d59544b8f95a4b0e08a0c56c5 - - default default] Tap Mirror: Handle Delete Port: 0406dc2b-e430-445e-904c-e844a8e7a6e6
2026-08-22 15:50:22.959 8 INFO neutron.db.ovn_revision_numbers_db [None req-58b015dd-e124-44d0-9912-e4b4cd78068a 29c10d25ac484c8284fd74e73a293153 769379de28634d4ab4ff5d5045196a65 - - default default] Successfully bumped revision number for resource 5ed9ef1b-9316-44be-bfa7-d0084c6b2820 (type: ports) to 1 [pid: 8|app: 0|req: 425/905] 10.0.0.94 () {34 vars in 663 bytes} [Sat Aug 22 15:50:22 2026] POST /v2.0/ports => generated 954 bytes in 439 msecs (HTTP/1.1 201) 4 headers in 162 bytes (1 switches on core 0) /var/lib/openstack/lib/python3.12/site-packages/pycadf/identifier.py:70: UserWarning: Invalid uuid: neutron. To ensure interoperability, identifiers should be a valid uuid. warnings.warn(('Invalid uuid: %s. To ensure interoperability, ' [pid: 8|app: 0|req: 426/906] 10.0.0.94 () {32 vars in 695 bytes} [Sat Aug 22 15:50:22 2026] GET /v2.0/extensions/allowed-address-pairs => generated 184 bytes in 9 msecs (HTTP/1.1 200) 4 headers in 157 bytes (1 switches on core 0)
2026-08-22 15:50:23.076 7 INFO neutron.services.segments.plugin [-] Segment ab95178e-bbbf-4d02-b0c0-a16146fd9eeb resource provider aggregate not found
2026-08-22 15:50:23.092 7 INFO neutron.services.segments.plugin [-] Client error retrieving segment ab95178e-bbbf-4d02-b0c0-a16146fd9eeb resource provider; error: Placement Client Error (4xx): {"errors": [{"status": 404, "title": "Not Found", "detail": "The resource could not be found.\n\n No resource provider with uuid ab95178e-bbbf-4d02-b0c0-a16146fd9eeb found for delete ", "request_id": "req-09c0a6aa-94d5-4346-8b06-261634b1f61e"}]}
2026-08-22 15:50:23.092 7 INFO neutron.services.segments.plugin [-] Segment ab95178e-bbbf-4d02-b0c0-a16146fd9eeb resource provider aggregate not found
2026-08-22 15:50:23.121 7 INFO neutron.services.segments.plugin [-] Client error retrieving segment ab95178e-bbbf-4d02-b0c0-a16146fd9eeb resource provider; error: Placement Client Error (4xx): {"errors": [{"status": 404, "title": "Not Found", "detail": "The resource could not be found.\n\n No resource provider with uuid ab95178e-bbbf-4d02-b0c0-a16146fd9eeb found for delete ", "request_id": "req-529be740-b4b4-4255-86bc-0af944e65996"}]} [pid: 7|app: 0|req: 481/907] 10.0.0.94 () {32 vars in 724 bytes} [Sat Aug 22 15:50:22 2026] DELETE /v2.0/networks/ce13cda8-7ae0-429e-8c05-8d19a4203bb9 => generated 0 bytes in 407 msecs (HTTP/1.1 204) 3 headers in 131 bytes (1 switches on core 0) [pid: 7|app: 0|req: 482/908] 10.0.0.94 () {32 vars in 699 bytes} [Sat Aug 22 15:50:23 2026] GET /v2.0/extensions/auto-allocated-topology => generated 200 bytes in 5 msecs (HTTP/1.1 200) 4 headers in 157 bytes (1 switches on core 0)
2026-08-22 15:50:23.330 7 WARNING neutron.scheduler.dhcp_agent_scheduler [None req-97e8a5d0-da8a-404f-8ca4-4cb1cd3b2a7f dca8cec592f14c33a56bf0b3dfc8e36a 4512307d59544b8f95a4b0e08a0c56c5 - - default default] No more DHCP agents
2026-08-22 15:50:23.331 7 WARNING neutron.api.rpc.agentnotifiers.dhcp_rpc_agent_api [None req-97e8a5d0-da8a-404f-8ca4-4cb1cd3b2a7f dca8cec592f14c33a56bf0b3dfc8e36a 4512307d59544b8f95a4b0e08a0c56c5 - - default default] Unable to schedule network da43bef5-f0bd-4fd4-8916-ac900b694112: no agents available; will retry on subsequent port and subnet creation events.
2026-08-22 15:50:23.331 8 WARNING neutron.scheduler.dhcp_agent_scheduler [None req-cebfb6a3-3081-4fc2-b172-33144bdd5349 29c10d25ac484c8284fd74e73a293153 769379de28634d4ab4ff5d5045196a65 - - default default] No more DHCP agents
2026-08-22 15:50:23.332 8 WARNING neutron.api.rpc.agentnotifiers.dhcp_rpc_agent_api [None req-cebfb6a3-3081-4fc2-b172-33144bdd5349 29c10d25ac484c8284fd74e73a293153 769379de28634d4ab4ff5d5045196a65 - - default default] Unable to schedule network f8090a12-a2e2-4c41-8b07-2296de70ac5c: no agents available; will retry on subsequent port and subnet creation events.
2026-08-22 15:50:23.440 7 INFO neutron.db.ovn_revision_numbers_db [None req-97e8a5d0-da8a-404f-8ca4-4cb1cd3b2a7f dca8cec592f14c33a56bf0b3dfc8e36a 4512307d59544b8f95a4b0e08a0c56c5 - - default default] Successfully bumped revision number for resource 4ca50a0d-8ceb-432b-9b75-c4c4cc76eafa (type: ports) to 1 [pid: 7|app: 0|req: 483/909] 10.0.0.94 () {34 vars in 663 bytes} [Sat Aug 22 15:50:23 2026] POST /v2.0/ports => generated 774 bytes in 365 msecs (HTTP/1.1 201) 4 headers in 162 bytes (1 switches on core 0) /var/lib/openstack/lib/python3.12/site-packages/pycadf/identifier.py:70: UserWarning: Invalid uuid: neutron. To ensure interoperability, identifiers should be a valid uuid. warnings.warn(('Invalid uuid: %s. To ensure interoperability, ' [pid: 7|app: 0|req: 484/910] 10.0.0.94 () {32 vars in 687 bytes} [Sat Aug 22 15:50:23 2026] GET /v2.0/extensions/availability_zone => generated 178 bytes in 9 msecs (HTTP/1.1 200) 4 headers in 157 bytes (1 switches on core 0)
2026-08-22 15:50:23.573 8 INFO neutron.db.ovn_revision_numbers_db [None req-cebfb6a3-3081-4fc2-b172-33144bdd5349 29c10d25ac484c8284fd74e73a293153 769379de28634d4ab4ff5d5045196a65 - - default default] Successfully bumped revision number for resource f74f0d5d-bf2e-49ea-89c3-fb008cd1f007 (type: ports) to 1 [pid: 8|app: 0|req: 427/911] 10.0.0.94 () {34 vars in 663 bytes} [Sat Aug 22 15:50:22 2026] POST /v2.0/ports => generated 955 bytes in 647 msecs (HTTP/1.1 201) 4 headers in 162 bytes (1 switches on core 0) /var/lib/openstack/lib/python3.12/site-packages/pycadf/identifier.py:70: UserWarning: Invalid uuid: neutron. To ensure interoperability, identifiers should be a valid uuid. warnings.warn(('Invalid uuid: %s. To ensure interoperability, ' [pid: 8|app: 0|req: 428/912] 10.0.0.94 () {32 vars in 691 bytes} [Sat Aug 22 15:50:23 2026] GET /v2.0/extensions/default-subnetpools => generated 211 bytes in 5 msecs (HTTP/1.1 200) 4 headers in 157 bytes (1 switches on core 0)
2026-08-22 15:50:23.772 7 INFO neutron.db.ovn_revision_numbers_db [None req-dbfdd64a-0e6f-4286-a94e-e58685e4b46a dca8cec592f14c33a56bf0b3dfc8e36a 4512307d59544b8f95a4b0e08a0c56c5 - - default default] Successfully bumped revision number for resource 4ca50a0d-8ceb-432b-9b75-c4c4cc76eafa (type: ports) to 2 [pid: 7|app: 0|req: 485/913] 10.0.0.94 () {34 vars in 735 bytes} [Sat Aug 22 15:50:23 2026] PUT /v2.0/ports/4ca50a0d-8ceb-432b-9b75-c4c4cc76eafa => generated 752 bytes in 259 msecs (HTTP/1.1 200) 4 headers in 157 bytes (1 switches on core 0) /var/lib/openstack/lib/python3.12/site-packages/pycadf/identifier.py:70: UserWarning: Invalid uuid: neutron. To ensure interoperability, identifiers should be a valid uuid. warnings.warn(('Invalid uuid: %s. To ensure interoperability, ' [pid: 7|app: 0|req: 486/914] 10.0.0.94 () {32 vars in 693 bytes} [Sat Aug 22 15:50:23 2026] GET /v2.0/extensions/dhcp_agent_scheduler => generated 187 bytes in 4 msecs (HTTP/1.1 200) 4 headers in 157 bytes (1 switches on core 0)
2026-08-22 15:50:23.869 8 WARNING neutron.scheduler.dhcp_agent_scheduler [None req-408adb4e-9179-4299-8cfe-81b9f29efb86 29c10d25ac484c8284fd74e73a293153 769379de28634d4ab4ff5d5045196a65 - - default default] No more DHCP agents
2026-08-22 15:50:23.870 8 WARNING neutron.api.rpc.agentnotifiers.dhcp_rpc_agent_api [None req-408adb4e-9179-4299-8cfe-81b9f29efb86 29c10d25ac484c8284fd74e73a293153 769379de28634d4ab4ff5d5045196a65 - - default default] Unable to schedule network 509f67cd-7dff-49c6-817f-47a17e13ce7e: no agents available; will retry on subsequent port and subnet creation events.
2026-08-22 15:50:24.075 7 INFO neutron.db.ovn_revision_numbers_db [None req-0071ec64-4ea7-4e38-a83f-0ee1bf6822b5 ff4b1ccfcc0e4f6eb3c37bd4308e3187 4b41e3d415ad42b9bfa21ae6f0ec221c - - default default] Successfully bumped revision number for resource 287f5cb7-9c70-41c5-adce-56452df4f3d1 (type: security_groups) to 1
2026-08-22 15:50:24.083 7 INFO neutron.db.ovn_revision_numbers_db [None req-0071ec64-4ea7-4e38-a83f-0ee1bf6822b5 ff4b1ccfcc0e4f6eb3c37bd4308e3187 4b41e3d415ad42b9bfa21ae6f0ec221c - - default default] Successfully bumped revision number for resource 1156ed70-ccd8-4b18-98b1-044d749debe4 (type: security_group_rules) to 0
2026-08-22 15:50:24.094 7 INFO neutron.db.ovn_revision_numbers_db [None req-0071ec64-4ea7-4e38-a83f-0ee1bf6822b5 ff4b1ccfcc0e4f6eb3c37bd4308e3187 4b41e3d415ad42b9bfa21ae6f0ec221c - - default default] Successfully bumped revision number for resource b2f91a85-0ca4-43db-8351-b92a41ea3b85 (type: security_group_rules) to 0
2026-08-22 15:50:24.107 7 INFO neutron.db.ovn_revision_numbers_db [None req-0071ec64-4ea7-4e38-a83f-0ee1bf6822b5 ff4b1ccfcc0e4f6eb3c37bd4308e3187 4b41e3d415ad42b9bfa21ae6f0ec221c - - default default] Successfully bumped revision number for resource b4ce255f-8691-4f19-908b-e752c4e01411 (type: security_group_rules) to 0
2026-08-22 15:50:24.117 7 INFO neutron.db.ovn_revision_numbers_db [None req-0071ec64-4ea7-4e38-a83f-0ee1bf6822b5 ff4b1ccfcc0e4f6eb3c37bd4308e3187 4b41e3d415ad42b9bfa21ae6f0ec221c - - default default] Successfully bumped revision number for resource e221fad2-426b-40f3-be09-adf5b30a9d92 (type: security_group_rules) to 0
2026-08-22 15:50:24.201 7 INFO neutron.db.segments_db [None req-0071ec64-4ea7-4e38-a83f-0ee1bf6822b5 ff4b1ccfcc0e4f6eb3c37bd4308e3187 4b41e3d415ad42b9bfa21ae6f0ec221c - - default default] Added segment 5b6d9589-4079-4860-b175-2385254a5fd0 of type geneve for network 898de270-03dc-49c6-9bc2-fed526aa16e4
2026-08-22 15:50:24.298 7 INFO neutron.db.segments_db [None req-0071ec64-4ea7-4e38-a83f-0ee1bf6822b5 ff4b1ccfcc0e4f6eb3c37bd4308e3187 4b41e3d415ad42b9bfa21ae6f0ec221c - - default default] Added segment 3367e2a7-fcaa-4340-a207-f2d03e03230b of type geneve for network 6bf41ab2-0c17-4093-8445-fe0a7b02e8f2
2026-08-22 15:50:24.429 7 INFO neutron.db.ovn_revision_numbers_db [None req-0071ec64-4ea7-4e38-a83f-0ee1bf6822b5 ff4b1ccfcc0e4f6eb3c37bd4308e3187 4b41e3d415ad42b9bfa21ae6f0ec221c - - default default] Successfully bumped revision number for resource 898de270-03dc-49c6-9bc2-fed526aa16e4 (type: networks) to 1
2026-08-22 15:50:24.553 7 WARNING neutron.scheduler.dhcp_agent_scheduler [None req-0071ec64-4ea7-4e38-a83f-0ee1bf6822b5 ff4b1ccfcc0e4f6eb3c37bd4308e3187 4b41e3d415ad42b9bfa21ae6f0ec221c - - default default] No more DHCP agents
2026-08-22 15:50:24.555 7 WARNING neutron.api.rpc.agentnotifiers.dhcp_rpc_agent_api [None req-0071ec64-4ea7-4e38-a83f-0ee1bf6822b5 ff4b1ccfcc0e4f6eb3c37bd4308e3187 4b41e3d415ad42b9bfa21ae6f0ec221c - - default default] Unable to schedule network 898de270-03dc-49c6-9bc2-fed526aa16e4: no agents available; will retry on subsequent port and subnet creation events.
2026-08-22 15:50:24.655 7 INFO neutron.db.ovn_revision_numbers_db [None req-0071ec64-4ea7-4e38-a83f-0ee1bf6822b5 ff4b1ccfcc0e4f6eb3c37bd4308e3187 4b41e3d415ad42b9bfa21ae6f0ec221c - - default default] Successfully bumped revision number for resource bfa882e7-c1eb-4285-a367-b1cd12906012 (type: ports) to 1
2026-08-22 15:50:24.740 7 INFO neutron.db.ovn_revision_numbers_db [None req-0071ec64-4ea7-4e38-a83f-0ee1bf6822b5 ff4b1ccfcc0e4f6eb3c37bd4308e3187 4b41e3d415ad42b9bfa21ae6f0ec221c - - default default] Successfully bumped revision number for resource 6bf41ab2-0c17-4093-8445-fe0a7b02e8f2 (type: networks) to 1
2026-08-22 15:50:24.899 7 WARNING neutron.scheduler.dhcp_agent_scheduler [None req-0071ec64-4ea7-4e38-a83f-0ee1bf6822b5 ff4b1ccfcc0e4f6eb3c37bd4308e3187 4b41e3d415ad42b9bfa21ae6f0ec221c - - default default] No more DHCP agents
2026-08-22 15:50:24.900 7 WARNING neutron.api.rpc.agentnotifiers.dhcp_rpc_agent_api [None req-0071ec64-4ea7-4e38-a83f-0ee1bf6822b5 ff4b1ccfcc0e4f6eb3c37bd4308e3187 4b41e3d415ad42b9bfa21ae6f0ec221c - - default default] Unable to schedule network 6bf41ab2-0c17-4093-8445-fe0a7b02e8f2: no agents available; will retry on subsequent port and subnet creation events.
2026-08-22 15:50:25.001 7 INFO neutron.db.ovn_revision_numbers_db [None req-0071ec64-4ea7-4e38-a83f-0ee1bf6822b5 ff4b1ccfcc0e4f6eb3c37bd4308e3187 4b41e3d415ad42b9bfa21ae6f0ec221c - - default default] Successfully bumped revision number for resource 0b234164-f790-43d4-8038-5e5fb458e177 (type: ports) to 1 [pid: 7|app: 0|req: 487/915] 10.0.0.94 () {34 vars in 668 bytes} [Sat Aug 22 15:50:23 2026] POST /v2.0/networks => generated 1321 bytes in 1235 msecs (HTTP/1.1 201) 4 headers in 163 bytes (1 switches on core 0)
2026-08-22 15:50:25.147 7 INFO neutron_taas.services.taas.taas_plugin [None req-2f540df9-b489-4391-924d-7b3f420fc401 dca8cec592f14c33a56bf0b3dfc8e36a 4512307d59544b8f95a4b0e08a0c56c5 - - default default] TaaS: Handle Delete Port: 4ca50a0d-8ceb-432b-9b75-c4c4cc76eafa
2026-08-22 15:50:25.149 7 INFO neutron_taas.services.taas.tap_mirror_plugin [None req-2f540df9-b489-4391-924d-7b3f420fc401 dca8cec592f14c33a56bf0b3dfc8e36a 4512307d59544b8f95a4b0e08a0c56c5 - - default default] Tap Mirror: Handle Delete Port: 4ca50a0d-8ceb-432b-9b75-c4c4cc76eafa [pid: 7|app: 0|req: 488/916] 10.0.0.94 () {32 vars in 718 bytes} [Sat Aug 22 15:50:25 2026] DELETE /v2.0/ports/4ca50a0d-8ceb-432b-9b75-c4c4cc76eafa => generated 0 bytes in 256 msecs (HTTP/1.1 204) 3 headers in 131 bytes (1 switches on core 0) [pid: 7|app: 0|req: 489/917] 10.0.0.94 () {32 vars in 683 bytes} [Sat Aug 22 15:50:25 2026] GET /v2.0/extensions/dns-integration => generated 172 bytes in 5 msecs (HTTP/1.1 200) 4 headers in 157 bytes (1 switches on core 0)
2026-08-22 15:50:25.336 8 INFO neutron.db.ovn_revision_numbers_db [None req-408adb4e-9179-4299-8cfe-81b9f29efb86 29c10d25ac484c8284fd74e73a293153 769379de28634d4ab4ff5d5045196a65 - - default default] Successfully bumped revision number for resource 1793dc66-3a3f-4c6c-9686-48bffb1625c4 (type: floatingips) to 1
2026-08-22 15:50:25.337 8 INFO neutron.db.l3_db [None req-408adb4e-9179-4299-8cfe-81b9f29efb86 29c10d25ac484c8284fd74e73a293153 769379de28634d4ab4ff5d5045196a65 - - default default] Floating IP 1793dc66-3a3f-4c6c-9686-48bffb1625c4 associated. External IP: 10.96.250.203, port: f74f0d5d-bf2e-49ea-89c3-fb008cd1f007. [pid: 7|app: 0|req: 490/918] 10.0.0.94 () {32 vars in 647 bytes} [Sat Aug 22 15:50:25 2026] GET /v2.0/networks => generated 1970 bytes in 63 msecs (HTTP/1.1 200) 4 headers in 158 bytes (1 switches on core 0) [pid: 8|app: 0|req: 429/919] 10.0.0.94 () {34 vars in 675 bytes} [Sat Aug 22 15:50:23 2026] POST /v2.0/floatingips => generated 842 bytes in 1722 msecs (HTTP/1.1 201) 4 headers in 162 bytes (1 switches on core 0) [pid: 8|app: 0|req: 430/920] 10.0.0.94 () {32 vars in 685 bytes} [Sat Aug 22 15:50:25 2026] GET /v2.0/extensions/dns-domain-ports => generated 205 bytes in 4 msecs (HTTP/1.1 200) 4 headers in 157 bytes (1 switches on core 0)
2026-08-22 15:50:25.477 8 INFO neutron_taas.services.taas.taas_plugin [None req-a1cb6c44-7061-44d4-a316-7480e242a938 ff4b1ccfcc0e4f6eb3c37bd4308e3187 4b41e3d415ad42b9bfa21ae6f0ec221c - - default default] TaaS: Handle Delete Port: bfa882e7-c1eb-4285-a367-b1cd12906012
2026-08-22 15:50:25.480 8 INFO neutron_taas.services.taas.tap_mirror_plugin [None req-a1cb6c44-7061-44d4-a316-7480e242a938 ff4b1ccfcc0e4f6eb3c37bd4308e3187 4b41e3d415ad42b9bfa21ae6f0ec221c - - default default] Tap Mirror: Handle Delete Port: bfa882e7-c1eb-4285-a367-b1cd12906012
2026-08-22 15:50:25.669 8 WARNING neutron.plugins.ml2.drivers.ovn.mech_driver.ovsdb.ovn_client [None req-323634c4-c3cb-4835-9227-adb549bdec2e - - - - - -] No hosting information found for port 5414499f-3f33-4d0a-9295-208dc547310e: RuntimeError: No hosting information found for port 5414499f-3f33-4d0a-9295-208dc547310e
2026-08-22 15:50:25.670 8 INFO neutron.plugins.ml2.drivers.ovn.mech_driver.mech_driver [None req-323634c4-c3cb-4835-9227-adb549bdec2e - - - - - -] OVN reports status down for port: 0406dc2b-e430-445e-904c-e844a8e7a6e6
2026-08-22 15:50:25.684 8 INFO neutron.plugins.ml2.drivers.ovn.mech_driver.mech_driver [None req-323634c4-c3cb-4835-9227-adb549bdec2e - - - - - -] OVN reports status down for port: dc72fcc6-d93b-4b70-bc69-8e6a8f907c88
2026-08-22 15:50:25.727 8 INFO neutron.services.segments.plugin [-] Segment 5b6d9589-4079-4860-b175-2385254a5fd0 resource provider aggregate not found
2026-08-22 15:50:25.737 8 INFO neutron.services.segments.plugin [-] Segment 5b6d9589-4079-4860-b175-2385254a5fd0 resource provider aggregate not found [pid: 7|app: 0|req: 491/921] 10.0.0.94 () {32 vars in 641 bytes} [Sat Aug 22 15:50:25 2026] GET /v2.0/ports => generated 1533 bytes in 401 msecs (HTTP/1.1 200) 4 headers in 158 bytes (1 switches on core 0)
2026-08-22 15:50:25.761 8 INFO neutron.services.segments.plugin [-] Client error retrieving segment 5b6d9589-4079-4860-b175-2385254a5fd0 resource provider; error: Placement Client Error (4xx): {"errors": [{"status": 404, "title": "Not Found", "detail": "The resource could not be found.\n\n No resource provider with uuid 5b6d9589-4079-4860-b175-2385254a5fd0 found for delete ", "request_id": "req-977e3d68-30c1-40b9-a0db-af39914ec87a"}]}
2026-08-22 15:50:25.765 8 INFO neutron.services.segments.plugin [-] Client error retrieving segment 5b6d9589-4079-4860-b175-2385254a5fd0 resource provider; error: Placement Client Error (4xx): {"errors": [{"status": 404, "title": "Not Found", "detail": "The resource could not be found.\n\n No resource provider with uuid 5b6d9589-4079-4860-b175-2385254a5fd0 found for delete ", "request_id": "req-fe0866a8-ecce-46d6-b154-f2656b5562ce"}]}
2026-08-22 15:50:25.806 8 INFO neutron.plugins.ml2.drivers.ovn.mech_driver.mech_driver [None req-323634c4-c3cb-4835-9227-adb549bdec2e - - - - - -] OVN reports status down for port: 9f667b1f-d35a-4572-bce8-d134c304a8c8
2026-08-22 15:50:25.820 8 INFO neutron.plugins.ml2.drivers.ovn.mech_driver.mech_driver [None req-323634c4-c3cb-4835-9227-adb549bdec2e - - - - - -] OVN reports status up for port: dc72fcc6-d93b-4b70-bc69-8e6a8f907c88 [pid: 8|app: 0|req: 431/922] 10.0.0.94 () {32 vars in 724 bytes} [Sat Aug 22 15:50:25 2026] DELETE /v2.0/networks/898de270-03dc-49c6-9bc2-fed526aa16e4 => generated 0 bytes in 453 msecs (HTTP/1.1 204) 3 headers in 131 bytes (1 switches on core 0) [pid: 8|app: 0|req: 432/923] 10.0.0.94 () {32 vars in 715 bytes} [Sat Aug 22 15:50:25 2026] GET /v2.0/extensions/dns-integration-domain-keywords => generated 283 bytes in 10 msecs (HTTP/1.1 200) 4 headers in 157 bytes (1 switches on core 0)
2026-08-22 15:50:25.842 8 INFO neutron.plugins.ml2.plugin [None req-323634c4-c3cb-4835-9227-adb549bdec2e - - - - - -] Attempt 1 to provision port dc72fcc6-d93b-4b70-bc69-8e6a8f907c88
2026-08-22 15:50:25.867 8 INFO neutron.pecan_wsgi.hooks.translation [None req-4521427d-7867-4022-a1d6-5abb3cff7317 dca8cec592f14c33a56bf0b3dfc8e36a 4512307d59544b8f95a4b0e08a0c56c5 - - default default] GET failed (client error): The resource could not be found. [pid: 8|app: 0|req: 433/924] 10.0.0.94 () {32 vars in 715 bytes} [Sat Aug 22 15:50:25 2026] GET /v2.0/ports/4ca50a0d-8ceb-432b-9b75-c4c4cc76eafa => generated 132 bytes in 31 msecs (HTTP/1.1 404) 4 headers in 164 bytes (1 switches on core 0)
2026-08-22 15:50:25.999 7 INFO neutron.db.ovn_revision_numbers_db [None req-2369d4b7-a1b8-45bb-9a33-7f751a08f5d0 29c10d25ac484c8284fd74e73a293153 769379de28634d4ab4ff5d5045196a65 - - default default] Successfully bumped revision number for resource 1793dc66-3a3f-4c6c-9686-48bffb1625c4 (type: floatingips) to 2
2026-08-22 15:50:26.037 7 INFO neutron.db.l3_db [None req-2369d4b7-a1b8-45bb-9a33-7f751a08f5d0 29c10d25ac484c8284fd74e73a293153 769379de28634d4ab4ff5d5045196a65 - - default default] Floating IP 1793dc66-3a3f-4c6c-9686-48bffb1625c4 disassociated. External IP: 10.96.250.203, port: f74f0d5d-bf2e-49ea-89c3-fb008cd1f007. [pid: 7|app: 0|req: 492/925] 10.0.0.94 () {34 vars in 747 bytes} [Sat Aug 22 15:50:25 2026] PUT /v2.0/floatingips/1793dc66-3a3f-4c6c-9686-48bffb1625c4 => generated 554 bytes in 310 msecs (HTTP/1.1 200) 4 headers in 157 bytes (1 switches on core 0) [pid: 7|app: 0|req: 493/926] 10.0.0.94 () {32 vars in 697 bytes} [Sat Aug 22 15:50:26 2026] GET /v2.0/extensions/empty-string-filtering => generated 219 bytes in 3 msecs (HTTP/1.1 200) 4 headers in 157 bytes (1 switches on core 0) [pid: 7|app: 0|req: 494/927] 10.0.0.94 () {32 vars in 641 bytes} [Sat Aug 22 15:50:26 2026] GET /v2.0/ports => generated 1533 bytes in 30 msecs (HTTP/1.1 200) 4 headers in 158 bytes (1 switches on core 0)
2026-08-22 15:50:26.128 8 INFO neutron_taas.services.taas.taas_plugin [None req-b50c4315-e842-47c1-92dd-160031fb18cb ff4b1ccfcc0e4f6eb3c37bd4308e3187 4b41e3d415ad42b9bfa21ae6f0ec221c - - default default] TaaS: Handle Delete Port: 0b234164-f790-43d4-8038-5e5fb458e177
