Apr 17 12:27:38.017607 np0000167127 devstack@neutron-api.service[104968]: DEBUG neutron_lib.callbacks.manager [None req-785c7f3c-b765-44a4-b214-92004302a610 None None] Subscribe: network precommit_create 55550000, False {{(pid=104968) subscribe /opt/stack/data/venv/lib/python3.12/site-packages/neutron_lib/callbacks/manager.py:52}}
Apr 17 12:27:38.017772 np0000167127 devstack@neutron-api.service[104967]: INFO neutron.plugins.ml2.extensions.port_security [None req-9eed9002-06e5-40cd-97f9-bf96e925a2f2 None None] PortSecurityExtensionDriver initialization complete
Apr 17 12:27:38.017772 np0000167127 devstack@neutron-api.service[104967]: INFO neutron.plugins.ml2.managers [None req-9eed9002-06e5-40cd-97f9-bf96e925a2f2 None None] Initializing extension driver 'qos'
Apr 17 12:27:38.017938 np0000167127 devstack@neutron-api.service[104968]: DEBUG neutron.manager [None req-785c7f3c-b765-44a4-b214-92004302a610 None None] Successfully loaded auto-allocated-topology plugin. Description: Auto Allocated Topology - aka get me a network. {{(pid=104968) _create_and_add_service_plugin /opt/stack/neutron/neutron/manager.py:239}}
Apr 17 12:27:38.018129 np0000167127 devstack@neutron-api.service[104967]: DEBUG neutron.plugins.ml2.extensions.qos [None req-9eed9002-06e5-40cd-97f9-bf96e925a2f2 None None] QosExtensionDriver initialization complete {{(pid=104967) initialize /opt/stack/neutron/neutron/plugins/ml2/extensions/qos.py:31}}
Apr 17 12:27:38.018296 np0000167127 devstack@neutron-api.service[104968]: INFO neutron.manager [None req-785c7f3c-b765-44a4-b214-92004302a610 None None] Loading Plugin: tag
Apr 17 12:27:38.018660 np0000167127 devstack@neutron-api.service[104967]: INFO neutron.plugins.ml2.managers [None req-9eed9002-06e5-40cd-97f9-bf96e925a2f2 None None] Initializing mechanism driver 'ovn'
Apr 17 12:27:38.018660 np0000167127 devstack@neutron-api.service[104967]: INFO neutron.plugins.ml2.drivers.ovn.mech_driver.mech_driver [None req-9eed9002-06e5-40cd-97f9-bf96e925a2f2 None None] Starting OVNMechanismDriver
Apr 17 12:27:38.019181 np0000167127 devstack@neutron-api.service[104967]: DEBUG neutron_lib.callbacks.manager [None req-9eed9002-06e5-40cd-97f9-bf96e925a2f2 None None] Subscribe: > process before_spawn 55550000, False {{(pid=104967) subscribe /opt/stack/data/venv/lib/python3.12/site-packages/neutron_lib/callbacks/manager.py:52}}
Apr 17 12:27:38.019425 np0000167127 devstack@neutron-api.service[104967]: DEBUG neutron_lib.callbacks.manager [None req-9eed9002-06e5-40cd-97f9-bf96e925a2f2 None None] Subscribe: > process after_init 55550000, True {{(pid=104967) subscribe /opt/stack/data/venv/lib/python3.12/site-packages/neutron_lib/callbacks/manager.py:52}}
Apr 17 12:27:38.019425 np0000167127 devstack@neutron-api.service[104967]: DEBUG neutron_lib.callbacks.manager [None req-9eed9002-06e5-40cd-97f9-bf96e925a2f2 None None] Subscribe: > segment after_create 55550000, False {{(pid=104967) subscribe /opt/stack/data/venv/lib/python3.12/site-packages/neutron_lib/callbacks/manager.py:52}}
Apr 17 12:27:38.019847 np0000167127 devstack@neutron-api.service[104967]: DEBUG neutron_lib.callbacks.manager [None req-9eed9002-06e5-40cd-97f9-bf96e925a2f2 None None] Subscribe: > segment after_create 55550000, False {{(pid=104967) subscribe /opt/stack/data/venv/lib/python3.12/site-packages/neutron_lib/callbacks/manager.py:52}}
Apr 17 12:27:38.019847 np0000167127 devstack@neutron-api.service[104967]: DEBUG neutron_lib.callbacks.manager [None req-9eed9002-06e5-40cd-97f9-bf96e925a2f2 None None] Subscribe: > segment after_delete 55550000, False {{(pid=104967) subscribe /opt/stack/data/venv/lib/python3.12/site-packages/neutron_lib/callbacks/manager.py:52}}
Apr 17 12:27:38.020082 np0000167127 devstack@neutron-api.service[104967]: DEBUG neutron_lib.callbacks.manager [None req-9eed9002-06e5-40cd-97f9-bf96e925a2f2 None None] Subscribe: > allowed_address_pair before_create 55550000, False {{(pid=104967) subscribe /opt/stack/data/venv/lib/python3.12/site-packages/neutron_lib/callbacks/manager.py:52}}
Apr 17 12:27:38.020082 np0000167127 devstack@neutron-api.service[104967]: DEBUG neutron_lib.callbacks.manager [None req-9eed9002-06e5-40cd-97f9-bf96e925a2f2 None None] Subscribe: > security_group precommit_create 55550000, False {{(pid=104967) subscribe /opt/stack/data/venv/lib/python3.12/site-packages/neutron_lib/callbacks/manager.py:52}}
Apr 17 12:27:38.020082 np0000167127 devstack@neutron-api.service[104967]: DEBUG neutron_lib.callbacks.manager [None req-9eed9002-06e5-40cd-97f9-bf96e925a2f2 None None] Subscribe: > security_group after_update 55550000, False {{(pid=104967) subscribe /opt/stack/data/venv/lib/python3.12/site-packages/neutron_lib/callbacks/manager.py:52}}
Apr 17 12:27:38.020337 np0000167127 devstack@neutron-api.service[104968]: DEBUG neutron.manager [None req-785c7f3c-b765-44a4-b214-92004302a610 None None] Successfully loaded TAG plugin. Description: Tag support {{(pid=104968) _create_and_add_service_plugin /opt/stack/neutron/neutron/manager.py:239}}
Apr 17 12:27:38.020430 np0000167127 devstack@neutron-api.service[104967]: DEBUG neutron_lib.callbacks.manager [None req-9eed9002-06e5-40cd-97f9-bf96e925a2f2 None None] Subscribe: > security_group after_create 55550000, False {{(pid=104967) subscribe /opt/stack/data/venv/lib/python3.12/site-packages/neutron_lib/callbacks/manager.py:52}}
Apr 17 12:27:38.020547 np0000167127 devstack@neutron-api.service[104968]: INFO neutron.manager [None req-785c7f3c-b765-44a4-b214-92004302a610 None None] Loading Plugin: timestamp
Apr 17 12:27:38.020637 np0000167127 devstack@neutron-api.service[104967]: DEBUG neutron_lib.callbacks.manager [None req-9eed9002-06e5-40cd-97f9-bf96e925a2f2 None None] Subscribe: > security_group precommit_delete 55550000, False {{(pid=104967) subscribe /opt/stack/data/venv/lib/python3.12/site-packages/neutron_lib/callbacks/manager.py:52}}
Apr 17 12:27:38.020637 np0000167127 devstack@neutron-api.service[104967]: DEBUG neutron_lib.callbacks.manager [None req-9eed9002-06e5-40cd-97f9-bf96e925a2f2 None None] Subscribe: > security_group after_delete 55550000, False {{(pid=104967) subscribe /opt/stack/data/venv/lib/python3.12/site-packages/neutron_lib/callbacks/manager.py:52}}
Apr 17 12:27:38.020637 np0000167127 devstack@neutron-api.service[104967]: DEBUG neutron_lib.callbacks.manager [None req-9eed9002-06e5-40cd-97f9-bf96e925a2f2 None None] Subscribe: > security_group_rule precommit_create 55550000, False {{(pid=104967) subscribe /opt/stack/data/venv/lib/python3.12/site-packages/neutron_lib/callbacks/manager.py:52}}
Apr 17 12:27:38.020637 np0000167127 devstack@neutron-api.service[104967]: DEBUG neutron_lib.callbacks.manager [None req-9eed9002-06e5-40cd-97f9-bf96e925a2f2 None None] Subscribe: > security_group_rule after_create 55550000, False {{(pid=104967) subscribe /opt/stack/data/venv/lib/python3.12/site-packages/neutron_lib/callbacks/manager.py:52}}
Apr 17 12:27:38.021003 np0000167127 devstack@neutron-api.service[104967]: DEBUG neutron_lib.callbacks.manager [None req-9eed9002-06e5-40cd-97f9-bf96e925a2f2 None None] Subscribe: > security_group_rule before_delete 55550000, False {{(pid=104967) subscribe /opt/stack/data/venv/lib/python3.12/site-packages/neutron_lib/callbacks/manager.py:52}}
Apr 17 12:27:38.021003 np0000167127 devstack@neutron-api.service[104967]: DEBUG neutron_lib.callbacks.manager [None req-9eed9002-06e5-40cd-97f9-bf96e925a2f2 None None] Subscribe: > address_group after_create 55550000, False {{(pid=104967) subscribe /opt/stack/data/venv/lib/python3.12/site-packages/neutron_lib/callbacks/manager.py:52}}
Apr 17 12:27:38.021003 np0000167127 devstack@neutron-api.service[104967]: DEBUG neutron_lib.callbacks.manager [None req-9eed9002-06e5-40cd-97f9-bf96e925a2f2 None None] Subscribe: > address_group after_update 55550000, False {{(pid=104967) subscribe /opt/stack/data/venv/lib/python3.12/site-packages/neutron_lib/callbacks/manager.py:52}}
Apr 17 12:27:38.021188 np0000167127 devstack@neutron-api.service[104967]: DEBUG neutron_lib.callbacks.manager [None req-9eed9002-06e5-40cd-97f9-bf96e925a2f2 None None] Subscribe: > address_group after_delete 55550000, False {{(pid=104967) subscribe /opt/stack/data/venv/lib/python3.12/site-packages/neutron_lib/callbacks/manager.py:52}}
Apr 17 12:27:38.021321 np0000167127 devstack@neutron-api.service[104967]: DEBUG neutron_lib.callbacks.manager [None req-9eed9002-06e5-40cd-97f9-bf96e925a2f2 None None] Subscribe: > qos_plugin after_init 55550000, False {{(pid=104967) subscribe /opt/stack/data/venv/lib/python3.12/site-packages/neutron_lib/callbacks/manager.py:52}}
Apr 17 12:27:38.021583 np0000167127 devstack@neutron-api.service[104968]: DEBUG neutron.manager [None req-785c7f3c-b765-44a4-b214-92004302a610 None None] Successfully loaded timestamp plugin. Description: Adds timestamps to Neutron resources with standard attributes {{(pid=104968) _create_and_add_service_plugin /opt/stack/neutron/neutron/manager.py:239}}
Apr 17 12:27:38.021647 np0000167127 devstack@neutron-api.service[104967]: DEBUG neutron_lib.callbacks.manager [None req-9eed9002-06e5-40cd-97f9-bf96e925a2f2 None None] Subscribe: > trunk_plugin after_init 55550000, False {{(pid=104967) subscribe /opt/stack/data/venv/lib/python3.12/site-packages/neutron_lib/callbacks/manager.py:52}}
Apr 17 12:27:38.021739 np0000167127 devstack@neutron-api.service[104968]: INFO neutron.manager [None req-785c7f3c-b765-44a4-b214-92004302a610 None None] Loading Plugin: network_ip_availability
Apr 17 12:27:38.021841 np0000167127 devstack@neutron-api.service[104967]: DEBUG neutron_lib.callbacks.manager [None req-9eed9002-06e5-40cd-97f9-bf96e925a2f2 None None] Subscribe: > logging-plugin after_init 55550000, False {{(pid=104967) subscribe /opt/stack/data/venv/lib/python3.12/site-packages/neutron_lib/callbacks/manager.py:52}}
Apr 17 12:27:38.022273 np0000167127 devstack@neutron-api.service[104967]: INFO neutron.services.logapi.drivers.ovn.driver [None req-9eed9002-06e5-40cd-97f9-bf96e925a2f2 None None] OVN logging driver registered
Apr 17 12:27:38.023031 np0000167127 devstack@neutron-api.service[104968]: DEBUG neutron.manager [None req-785c7f3c-b765-44a4-b214-92004302a610 None None] Successfully loaded network-ip-availability plugin. Description: Provides IP availability data for each network and subnet. {{(pid=104968) _create_and_add_service_plugin /opt/stack/neutron/neutron/manager.py:239}}
Apr 17 12:27:38.023132 np0000167127 devstack@neutron-api.service[104968]: INFO neutron.manager [None req-785c7f3c-b765-44a4-b214-92004302a610 None None] Loading Plugin: flavors
Apr 17 12:27:38.023822 np0000167127 devstack@neutron-api.service[104967]: DEBUG neutron.plugins.ml2.plugin [None req-9eed9002-06e5-40cd-97f9-bf96e925a2f2 None None] neutron.plugins.ml2.plugin.Ml2Plugin method _start_rpc_notifiers called with arguments () {} {{(pid=104967) wrapper /opt/stack/data/venv/lib/python3.12/site-packages/oslo_log/helpers.py:77}}
Apr 17 12:27:38.024034 np0000167127 devstack@neutron-api.service[104968]: DEBUG neutron.manager [None req-785c7f3c-b765-44a4-b214-92004302a610 None None] Successfully loaded FLAVORS plugin. Description: Neutron Flavors and Service Profiles manager plugin {{(pid=104968) _create_and_add_service_plugin /opt/stack/neutron/neutron/manager.py:239}}
Apr 17 12:27:38.024134 np0000167127 devstack@neutron-api.service[104967]: DEBUG neutron_lib.callbacks.manager [None req-9eed9002-06e5-40cd-97f9-bf96e925a2f2 None None] Subscribe: > port after_create 55550000, False {{(pid=104967) subscribe /opt/stack/data/venv/lib/python3.12/site-packages/neutron_lib/callbacks/manager.py:52}}
Apr 17 12:27:38.024256 np0000167127 devstack@neutron-api.service[104968]: INFO neutron.manager [None req-785c7f3c-b765-44a4-b214-92004302a610 None None] Loading Plugin: revisions
Apr 17 12:27:38.024331 np0000167127 devstack@neutron-api.service[104967]: DEBUG neutron_lib.callbacks.manager [None req-9eed9002-06e5-40cd-97f9-bf96e925a2f2 None None] Subscribe: > port after_update 55550000, False {{(pid=104967) subscribe /opt/stack/data/venv/lib/python3.12/site-packages/neutron_lib/callbacks/manager.py:52}}
Apr 17 12:27:38.024331 np0000167127 devstack@neutron-api.service[104967]: DEBUG neutron_lib.callbacks.manager [None req-9eed9002-06e5-40cd-97f9-bf96e925a2f2 None None] Subscribe: > port after_delete 55550000, False {{(pid=104967) subscribe /opt/stack/data/venv/lib/python3.12/site-packages/neutron_lib/callbacks/manager.py:52}}
Apr 17 12:27:38.024454 np0000167127 devstack@neutron-api.service[104967]: DEBUG neutron_lib.callbacks.manager [None req-9eed9002-06e5-40cd-97f9-bf96e925a2f2 None None] Subscribe: > subnet after_create 55550000, False {{(pid=104967) subscribe /opt/stack/data/venv/lib/python3.12/site-packages/neutron_lib/callbacks/manager.py:52}}
Apr 17 12:27:38.024557 np0000167127 devstack@neutron-api.service[104967]: DEBUG neutron_lib.callbacks.manager [None req-9eed9002-06e5-40cd-97f9-bf96e925a2f2 None None] Subscribe: > subnet after_update 55550000, False {{(pid=104967) subscribe /opt/stack/data/venv/lib/python3.12/site-packages/neutron_lib/callbacks/manager.py:52}}
Apr 17 12:27:38.024647 np0000167127 devstack@neutron-api.service[104967]: DEBUG neutron_lib.callbacks.manager [None req-9eed9002-06e5-40cd-97f9-bf96e925a2f2 None None] Subscribe: > subnet after_delete 55550000, False {{(pid=104967) subscribe /opt/stack/data/venv/lib/python3.12/site-packages/neutron_lib/callbacks/manager.py:52}}
Apr 17 12:27:38.024784 np0000167127 devstack@neutron-api.service[104967]: DEBUG neutron_lib.callbacks.manager [None req-9eed9002-06e5-40cd-97f9-bf96e925a2f2 None None] Subscribe: > network after_create 55550000, False {{(pid=104967) subscribe /opt/stack/data/venv/lib/python3.12/site-packages/neutron_lib/callbacks/manager.py:52}}
Apr 17 12:27:38.024871 np0000167127 devstack@neutron-api.service[104967]: DEBUG neutron_lib.callbacks.manager [None req-9eed9002-06e5-40cd-97f9-bf96e925a2f2 None None] Subscribe: > network after_update 55550000, False {{(pid=104967) subscribe /opt/stack/data/venv/lib/python3.12/site-packages/neutron_lib/callbacks/manager.py:52}}
Apr 17 12:27:38.024967 np0000167127 devstack@neutron-api.service[104967]: DEBUG neutron_lib.callbacks.manager [None req-9eed9002-06e5-40cd-97f9-bf96e925a2f2 None None] Subscribe: > network after_delete 55550000, False {{(pid=104967) subscribe /opt/stack/data/venv/lib/python3.12/site-packages/neutron_lib/callbacks/manager.py:52}}
Apr 17 12:27:38.025067 np0000167127 devstack@neutron-api.service[104967]: DEBUG neutron_lib.callbacks.manager [None req-9eed9002-06e5-40cd-97f9-bf96e925a2f2 None None] Subscribe: > security_group after_create 55550000, False {{(pid=104967) subscribe /opt/stack/data/venv/lib/python3.12/site-packages/neutron_lib/callbacks/manager.py:52}}
Apr 17 12:27:38.025128 np0000167127 devstack@neutron-api.service[104968]: DEBUG neutron.manager [None req-785c7f3c-b765-44a4-b214-92004302a610 None None] Successfully loaded revision_plugin plugin. Description: Adds revision numbers to resources. {{(pid=104968) _create_and_add_service_plugin /opt/stack/neutron/neutron/manager.py:239}}
Apr 17 12:27:38.025219 np0000167127 devstack@neutron-api.service[104967]: DEBUG neutron_lib.callbacks.manager [None req-9eed9002-06e5-40cd-97f9-bf96e925a2f2 None None] Subscribe: > security_group after_update 55550000, False {{(pid=104967) subscribe /opt/stack/data/venv/lib/python3.12/site-packages/neutron_lib/callbacks/manager.py:52}}
Apr 17 12:27:38.025387 np0000167127 devstack@neutron-api.service[104968]: DEBUG oslo_concurrency.lockutils [None req-785c7f3c-b765-44a4-b214-92004302a610 None None] Lock "manager" "released" by "neutron.manager.NeutronManager._create_instance" :: held 4.772s {{(pid=104968) inner /opt/stack/data/venv/lib/python3.12/site-packages/oslo_concurrency/lockutils.py:538}}
Apr 17 12:27:38.025485 np0000167127 devstack@neutron-api.service[104967]: DEBUG neutron_lib.callbacks.manager [None req-9eed9002-06e5-40cd-97f9-bf96e925a2f2 None None] Subscribe: > security_group after_delete 55550000, False {{(pid=104967) subscribe /opt/stack/data/venv/lib/python3.12/site-packages/neutron_lib/callbacks/manager.py:52}}
Apr 17 12:27:38.025485 np0000167127 devstack@neutron-api.service[104967]: DEBUG neutron_lib.callbacks.manager [None req-9eed9002-06e5-40cd-97f9-bf96e925a2f2 None None] Subscribe: > security_group_rule after_create 55550000, False {{(pid=104967) subscribe /opt/stack/data/venv/lib/python3.12/site-packages/neutron_lib/callbacks/manager.py:52}}
Apr 17 12:27:38.025485 np0000167127 devstack@neutron-api.service[104967]: DEBUG neutron_lib.callbacks.manager [None req-9eed9002-06e5-40cd-97f9-bf96e925a2f2 None None] Subscribe: > security_group_rule after_update 55550000, False {{(pid=104967) subscribe /opt/stack/data/venv/lib/python3.12/site-packages/neutron_lib/callbacks/manager.py:52}}
Apr 17 12:27:38.025694 np0000167127 devstack@neutron-api.service[104968]: DEBUG neutron.api.extensions [None req-785c7f3c-b765-44a4-b214-92004302a610 None None] get_extension_paths = OrderedDict({'/opt/stack/neutron/neutron/extensions': 1}) {{(pid=104968) get_extensions_path /opt/stack/neutron/neutron/api/extensions.py:640}}
Apr 17 12:27:38.025792 np0000167127 devstack@neutron-api.service[104967]: DEBUG neutron_lib.callbacks.manager [None req-9eed9002-06e5-40cd-97f9-bf96e925a2f2 None None] Subscribe: > security_group_rule after_delete 55550000, False {{(pid=104967) subscribe /opt/stack/data/venv/lib/python3.12/site-packages/neutron_lib/callbacks/manager.py:52}}
Apr 17 12:27:38.025892 np0000167127 devstack@neutron-api.service[104968]: INFO neutron.api.extensions [None req-785c7f3c-b765-44a4-b214-92004302a610 None None] Initializing extension manager.
Apr 17 12:27:38.025955 np0000167127 devstack@neutron-api.service[104967]: DEBUG neutron_lib.callbacks.manager [None req-9eed9002-06e5-40cd-97f9-bf96e925a2f2 None None] Subscribe: > address_group after_create 55550000, False {{(pid=104967) subscribe /opt/stack/data/venv/lib/python3.12/site-packages/neutron_lib/callbacks/manager.py:52}}
Apr 17 12:27:38.025955 np0000167127 devstack@neutron-api.service[104967]: DEBUG neutron_lib.callbacks.manager [None req-9eed9002-06e5-40cd-97f9-bf96e925a2f2 None None] Subscribe: > address_group after_update 55550000, False {{(pid=104967) subscribe /opt/stack/data/venv/lib/python3.12/site-packages/neutron_lib/callbacks/manager.py:52}}
Apr 17 12:27:38.026131 np0000167127 devstack@neutron-api.service[104968]: DEBUG neutron.api.extensions [None req-785c7f3c-b765-44a4-b214-92004302a610 None None] Loading extension file: __init__.py {{(pid=104968) _load_all_extensions_from_path /opt/stack/neutron/neutron/api/extensions.py:449}}
Apr 17 12:27:38.026190 np0000167127 devstack@neutron-api.service[104967]: DEBUG neutron_lib.callbacks.manager [None req-9eed9002-06e5-40cd-97f9-bf96e925a2f2 None None] Subscribe: > address_group after_delete 55550000, False {{(pid=104967) subscribe /opt/stack/data/venv/lib/python3.12/site-packages/neutron_lib/callbacks/manager.py:52}}
Apr 17 12:27:38.026350 np0000167127 devstack@neutron-api.service[104968]: DEBUG neutron.api.extensions [None req-785c7f3c-b765-44a4-b214-92004302a610 None None] Loading extension file: __pycache__ {{(pid=104968) _load_all_extensions_from_path /opt/stack/neutron/neutron/api/extensions.py:449}}
Apr 17 12:27:38.026410 np0000167127 devstack@neutron-api.service[104967]: DEBUG neutron.plugins.ml2.ovo_rpc [None req-9eed9002-06e5-40cd-97f9-bf96e925a2f2 None None] ML2 OVO RPC backend initialized. {{(pid=104967) __init__ /opt/stack/neutron/neutron/plugins/ml2/ovo_rpc.py:117}}
Apr 17 12:27:38.026480 np0000167127 devstack@neutron-api.service[104968]: DEBUG neutron.api.extensions [None req-785c7f3c-b765-44a4-b214-92004302a610 None None] Loading extension file: address_group.py {{(pid=104968) _load_all_extensions_from_path /opt/stack/neutron/neutron/api/extensions.py:449}}
Apr 17 12:27:38.026480 np0000167127 devstack@neutron-api.service[104968]: DEBUG neutron.api.extensions [None req-785c7f3c-b765-44a4-b214-92004302a610 None None] Ext name="Address group" alias="address-group" description="Support address group" updated="2020-07-15T10:00:00-00:00" {{(pid=104968) _check_extension /opt/stack/neutron/neutron/api/extensions.py:415}}
Apr 17 12:27:38.026675 np0000167127 devstack@neutron-api.service[104968]: INFO neutron.api.extensions [None req-785c7f3c-b765-44a4-b214-92004302a610 None None] Loaded extension: address-group
Apr 17 12:27:38.026675 np0000167127 devstack@neutron-api.service[104968]: DEBUG neutron.api.extensions [None req-785c7f3c-b765-44a4-b214-92004302a610 None None] Loading extension file: address_scope.py {{(pid=104968) _load_all_extensions_from_path /opt/stack/neutron/neutron/api/extensions.py:449}}
Apr 17 12:27:38.026831 np0000167127 devstack@neutron-api.service[104967]: INFO neutron.quota [None req-9eed9002-06e5-40cd-97f9-bf96e925a2f2 None None] Loaded quota_driver: .
Apr 17 12:27:38.026891 np0000167127 devstack@neutron-api.service[104967]: INFO neutron.plugins.ml2.plugin [None req-9eed9002-06e5-40cd-97f9-bf96e925a2f2 None None] Modular L2 Plugin initialization complete
Apr 17 12:27:38.027021 np0000167127 devstack@neutron-api.service[104968]: DEBUG neutron.api.extensions [None req-785c7f3c-b765-44a4-b214-92004302a610 None None] Ext name="Address scope" alias="address-scope" description="Address scopes extension." updated="2015-07-26T10:00:00-00:00" {{(pid=104968) _check_extension /opt/stack/neutron/neutron/api/extensions.py:415}}
Apr 17 12:27:38.027144 np0000167127 devstack@neutron-api.service[104967]: DEBUG neutron.manager [None req-9eed9002-06e5-40cd-97f9-bf96e925a2f2 None None] Loading services supported by the core plugin {{(pid=104967) _load_services_from_core_plugin /opt/stack/neutron/neutron/manager.py:170}}
Apr 17 12:27:38.027144 np0000167127 devstack@neutron-api.service[104967]: INFO neutron.plugins.ml2.managers [None req-9eed9002-06e5-40cd-97f9-bf96e925a2f2 None None] Got port-security extension from driver 'port_security'
Apr 17 12:27:38.027293 np0000167127 devstack@neutron-api.service[104968]: INFO neutron.api.extensions [None req-785c7f3c-b765-44a4-b214-92004302a610 None None] Loaded extension: address-scope
Apr 17 12:27:38.027293 np0000167127 devstack@neutron-api.service[104968]: DEBUG neutron.api.extensions [None req-785c7f3c-b765-44a4-b214-92004302a610 None None] Loading extension file: admin_state_down_before_update.py {{(pid=104968) _load_all_extensions_from_path /opt/stack/neutron/neutron/api/extensions.py:449}}
Apr 17 12:27:38.027432 np0000167127 devstack@neutron-api.service[104967]: DEBUG neutron.manager [None req-9eed9002-06e5-40cd-97f9-bf96e925a2f2 None None] Loading service plugins: ['ovn-router', 'auto_allocate', 'tag', 'timestamp', 'network_ip_availability', 'flavors', 'revisions'] {{(pid=104967) _load_service_plugins /opt/stack/neutron/neutron/manager.py:195}}
Apr 17 12:27:38.027533 np0000167127 devstack@neutron-api.service[104967]: INFO neutron.manager [None req-9eed9002-06e5-40cd-97f9-bf96e925a2f2 None None] Loading Plugin: ovn-router
Apr 17 12:27:38.027593 np0000167127 devstack@neutron-api.service[104968]: DEBUG neutron.api.extensions [None req-785c7f3c-b765-44a4-b214-92004302a610 None None] Ext name="Enforce Router's Admin State Down Before Update Extension" alias="router-admin-state-down-before-update" description="Ensure that the admin state of a router is DOWN (admin_state_up=False) before updating the distributed attribute" updated="2019-07-02T15:56:00" {{(pid=104968) _check_extension /opt/stack/neutron/neutron/api/extensions.py:415}}
Apr 17 12:27:38.027689 np0000167127 devstack@neutron-api.service[104968]: INFO neutron.api.extensions [None req-785c7f3c-b765-44a4-b214-92004302a610 None None] Extension router-admin-state-down-before-update not supported by any of loaded plugins
Apr 17 12:27:38.027792 np0000167127 devstack@neutron-api.service[104968]: DEBUG neutron.api.extensions [None req-785c7f3c-b765-44a4-b214-92004302a610 None None] Loading extension file: agent.py {{(pid=104968) _load_all_extensions_from_path /opt/stack/neutron/neutron/api/extensions.py:449}}
Apr 17 12:27:38.028084 np0000167127 devstack@neutron-api.service[104968]: DEBUG neutron.api.extensions [None req-785c7f3c-b765-44a4-b214-92004302a610 None None] Ext name="agent" alias="agent" description="The agent management extension." updated="2013-02-03T10:00:00-00:00" {{(pid=104968) _check_extension /opt/stack/neutron/neutron/api/extensions.py:415}}
Apr 17 12:27:38.028259 np0000167127 devstack@neutron-api.service[104968]: INFO neutron.api.extensions [None req-785c7f3c-b765-44a4-b214-92004302a610 None None] Loaded extension: agent
Apr 17 12:27:38.028355 np0000167127 devstack@neutron-api.service[104968]: DEBUG neutron.api.extensions [None req-785c7f3c-b765-44a4-b214-92004302a610 None None] Loading extension file: agent_resources_synced.py {{(pid=104968) _load_all_extensions_from_path /opt/stack/neutron/neutron/api/extensions.py:449}}
Apr 17 12:27:38.028583 np0000167127 devstack@neutron-api.service[104968]: DEBUG neutron.api.extensions [None req-785c7f3c-b765-44a4-b214-92004302a610 None None] Ext name="Agent's Resource View Synced to Placement" alias="agent-resources-synced" description="Stores success/failure of last sync to Placement" updated="2018-12-19T00:00:00-00:00" {{(pid=104968) _check_extension /opt/stack/neutron/neutron/api/extensions.py:415}}
Apr 17 12:27:38.028764 np0000167127 devstack@neutron-api.service[104968]: INFO neutron.api.extensions [None req-785c7f3c-b765-44a4-b214-92004302a610 None None] Extension agent-resources-synced not supported by any of loaded plugins
Apr 17 12:27:38.028874 np0000167127 devstack@neutron-api.service[104968]: DEBUG neutron.api.extensions [None req-785c7f3c-b765-44a4-b214-92004302a610 None None] Loading extension file: allowedaddresspairs.py {{(pid=104968) _load_all_extensions_from_path /opt/stack/neutron/neutron/api/extensions.py:449}}
Apr 17 12:27:38.029558 np0000167127 devstack@neutron-api.service[104968]: DEBUG neutron.api.extensions [None req-785c7f3c-b765-44a4-b214-92004302a610 None None] Ext name="Allowed Address Pairs" alias="allowed-address-pairs" description="Provides allowed address pairs" updated="2013-07-23T10:00:00-00:00" {{(pid=104968) _check_extension /opt/stack/neutron/neutron/api/extensions.py:415}}
Apr 17 12:27:38.029695 np0000167127 devstack@neutron-api.service[104968]: INFO neutron.api.extensions [None req-785c7f3c-b765-44a4-b214-92004302a610 None None] Loaded extension: allowed-address-pairs
Apr 17 12:27:38.029792 np0000167127 devstack@neutron-api.service[104968]: DEBUG neutron.api.extensions [None req-785c7f3c-b765-44a4-b214-92004302a610 None None] Loading extension file: auto_allocated_topology.py {{(pid=104968) _load_all_extensions_from_path /opt/stack/neutron/neutron/api/extensions.py:449}}
Apr 17 12:27:38.030008 np0000167127 devstack@neutron-api.service[104968]: DEBUG neutron.api.extensions [None req-785c7f3c-b765-44a4-b214-92004302a610 None None] Ext name="Auto Allocated Topology Services" alias="auto-allocated-topology" description="Auto Allocated Topology Services." updated="2016-01-01T00:00:00-00:00" {{(pid=104968) _check_extension /opt/stack/neutron/neutron/api/extensions.py:415}}
Apr 17 12:27:38.030192 np0000167127 devstack@neutron-api.service[104968]: INFO neutron.api.extensions [None req-785c7f3c-b765-44a4-b214-92004302a610 None None] Loaded extension: auto-allocated-topology
Apr 17 12:27:38.030343 np0000167127 devstack@neutron-api.service[104968]: DEBUG neutron.api.extensions [None req-785c7f3c-b765-44a4-b214-92004302a610 None None] Loading extension file: availability_zone.py {{(pid=104968) _load_all_extensions_from_path /opt/stack/neutron/neutron/api/extensions.py:449}}
Apr 17 12:27:38.030911 np0000167127 devstack@neutron-api.service[104968]: DEBUG neutron.api.extensions [None req-785c7f3c-b765-44a4-b214-92004302a610 None None] Ext name="Availability Zone" alias="availability_zone" description="The availability zone extension." updated="2015-01-01T10:00:00-00:00" {{(pid=104968) _check_extension /opt/stack/neutron/neutron/api/extensions.py:415}}
Apr 17 12:27:38.030911 np0000167127 devstack@neutron-api.service[104968]: INFO neutron.api.extensions [None req-785c7f3c-b765-44a4-b214-92004302a610 None None] Loaded extension: availability_zone
Apr 17 12:27:38.030911 np0000167127 devstack@neutron-api.service[104968]: DEBUG neutron.api.extensions [None req-785c7f3c-b765-44a4-b214-92004302a610 None None] Loading extension file: availability_zone_filter.py {{(pid=104968) _load_all_extensions_from_path /opt/stack/neutron/neutron/api/extensions.py:449}}
Apr 17 12:27:38.031395 np0000167127 devstack@neutron-api.service[104968]: DEBUG neutron.api.extensions [None req-785c7f3c-b765-44a4-b214-92004302a610 None None] Ext name="Availability Zone Filter Extension" alias="availability_zone_filter" description="Add filter parameters to AvailabilityZone resource" updated="2018-06-22T10:00:00-00:00" {{(pid=104968) _check_extension /opt/stack/neutron/neutron/api/extensions.py:415}}
Apr 17 12:27:38.031653 np0000167127 devstack@neutron-api.service[104968]: INFO neutron.api.extensions [None req-785c7f3c-b765-44a4-b214-92004302a610 None None] Extension availability_zone_filter not supported by any of loaded plugins
Apr 17 12:27:38.031743 np0000167127 devstack@neutron-api.service[104968]: DEBUG neutron.api.extensions [None req-785c7f3c-b765-44a4-b214-92004302a610 None None] Loading extension file: data_plane_status.py {{(pid=104968) _load_all_extensions_from_path /opt/stack/neutron/neutron/api/extensions.py:449}}
Apr 17 12:27:38.031950 np0000167127 devstack@neutron-api.service[104968]: DEBUG neutron.api.extensions [None req-785c7f3c-b765-44a4-b214-92004302a610 None None] Ext name="Port data plane status extension" alias="data-plane-status" description="Expose status of underlying data plane" updated="2017-01-24T10:00:00-00:00" {{(pid=104968) _check_extension /opt/stack/neutron/neutron/api/extensions.py:415}}
Apr 17 12:27:38.032101 np0000167127 devstack@neutron-api.service[104968]: INFO neutron.api.extensions [None req-785c7f3c-b765-44a4-b214-92004302a610 None None] Extension data-plane-status not supported by any of loaded plugins
Apr 17 12:27:38.032221 np0000167127 devstack@neutron-api.service[104968]: DEBUG neutron.api.extensions [None req-785c7f3c-b765-44a4-b214-92004302a610 None None] Loading extension file: default_subnetpools.py {{(pid=104968) _load_all_extensions_from_path /opt/stack/neutron/neutron/api/extensions.py:449}}
Apr 17 12:27:38.032450 np0000167127 devstack@neutron-api.service[104968]: DEBUG neutron.api.extensions [None req-785c7f3c-b765-44a4-b214-92004302a610 None None] Ext name="Default Subnetpools" alias="default-subnetpools" description="Provides ability to mark and use a subnetpool as the default." updated="2016-02-18T18:00:00-00:00" {{(pid=104968) _check_extension /opt/stack/neutron/neutron/api/extensions.py:415}}
Apr 17 12:27:38.032614 np0000167127 devstack@neutron-api.service[104968]: INFO neutron.api.extensions [None req-785c7f3c-b765-44a4-b214-92004302a610 None None] Loaded extension: default-subnetpools
Apr 17 12:27:38.032677 np0000167127 devstack@neutron-api.service[104968]: DEBUG neutron.api.extensions [None req-785c7f3c-b765-44a4-b214-92004302a610 None None] Loading extension file: dhcpagentscheduler.py {{(pid=104968) _load_all_extensions_from_path /opt/stack/neutron/neutron/api/extensions.py:449}}
Apr 17 12:27:38.033113 np0000167127 devstack@neutron-api.service[104968]: DEBUG neutron.api.extensions [None req-785c7f3c-b765-44a4-b214-92004302a610 None None] Ext name="DHCP Agent Scheduler" alias="dhcp_agent_scheduler" description="Schedule networks among dhcp agents" updated="2013-02-07T10:00:00-00:00" {{(pid=104968) _check_extension /opt/stack/neutron/neutron/api/extensions.py:415}}
Apr 17 12:27:38.033309 np0000167127 devstack@neutron-api.service[104968]: INFO neutron.api.extensions [None req-785c7f3c-b765-44a4-b214-92004302a610 None None] Loaded extension: dhcp_agent_scheduler
Apr 17 12:27:38.033371 np0000167127 devstack@neutron-api.service[104968]: DEBUG neutron.api.extensions [None req-785c7f3c-b765-44a4-b214-92004302a610 None None] Loading extension file: dns.py {{(pid=104968) _load_all_extensions_from_path /opt/stack/neutron/neutron/api/extensions.py:449}}
Apr 17 12:27:38.033595 np0000167127 devstack@neutron-api.service[104968]: DEBUG neutron.api.extensions [None req-785c7f3c-b765-44a4-b214-92004302a610 None None] Ext name="DNS Integration" alias="dns-integration" description="Provides integration with DNS." updated="2015-08-15T18:00:00-00:00" {{(pid=104968) _check_extension /opt/stack/neutron/neutron/api/extensions.py:415}}
Apr 17 12:27:38.033756 np0000167127 devstack@neutron-api.service[104968]: INFO neutron.api.extensions [None req-785c7f3c-b765-44a4-b214-92004302a610 None None] Loaded extension: dns-integration
Apr 17 12:27:38.033832 np0000167127 devstack@neutron-api.service[104968]: DEBUG neutron.api.extensions [None req-785c7f3c-b765-44a4-b214-92004302a610 None None] Loading extension file: dns_domain_ports.py {{(pid=104968) _load_all_extensions_from_path /opt/stack/neutron/neutron/api/extensions.py:449}}
Apr 17 12:27:38.034070 np0000167127 devstack@neutron-api.service[104968]: DEBUG neutron.api.extensions [None req-785c7f3c-b765-44a4-b214-92004302a610 None None] Ext name="dns_domain for ports" alias="dns-domain-ports" description="Allows the DNS domain to be specified for a network port." updated="2017-04-24T10:00:00-00:00" {{(pid=104968) _check_extension /opt/stack/neutron/neutron/api/extensions.py:415}}
Apr 17 12:27:38.034218 np0000167127 devstack@neutron-api.service[104968]: INFO neutron.api.extensions [None req-785c7f3c-b765-44a4-b214-92004302a610 None None] Loaded extension: dns-domain-ports
Apr 17 12:27:38.034315 np0000167127 devstack@neutron-api.service[104968]: DEBUG neutron.api.extensions [None req-785c7f3c-b765-44a4-b214-92004302a610 None None] Loading extension file: dns_integration_domain_keywords.py {{(pid=104968) _load_all_extensions_from_path /opt/stack/neutron/neutron/api/extensions.py:449}}
Apr 17 12:27:38.034539 np0000167127 devstack@neutron-api.service[104968]: DEBUG neutron.api.extensions [None req-785c7f3c-b765-44a4-b214-92004302a610 None None] Ext name="DNS domain names with keywords allowed" alias="dns-integration-domain-keywords" description="Allows to use keywords like , , and as DNS domain name" updated="2020-06-15T18:00:00-00:00" {{(pid=104968) _check_extension /opt/stack/neutron/neutron/api/extensions.py:415}}
Apr 17 12:27:38.034721 np0000167127 devstack@neutron-api.service[104968]: INFO neutron.api.extensions [None req-785c7f3c-b765-44a4-b214-92004302a610 None None] Loaded extension: dns-integration-domain-keywords
Apr 17 12:27:38.034822 np0000167127 devstack@neutron-api.service[104968]: DEBUG neutron.api.extensions [None req-785c7f3c-b765-44a4-b214-92004302a610 None None] Loading extension file: dvr.py {{(pid=104968) _load_all_extensions_from_path /opt/stack/neutron/neutron/api/extensions.py:449}}
Apr 17 12:27:38.035064 np0000167127 devstack@neutron-api.service[104968]: DEBUG neutron.api.extensions [None req-785c7f3c-b765-44a4-b214-92004302a610 None None] Ext name="Distributed Virtual Router" alias="dvr" description="Enables configuration of Distributed Virtual Routers." updated="2014-06-1T10:00:00-00:00" {{(pid=104968) _check_extension /opt/stack/neutron/neutron/api/extensions.py:415}}
Apr 17 12:27:38.035222 np0000167127 devstack@neutron-api.service[104968]: INFO neutron.api.extensions [None req-785c7f3c-b765-44a4-b214-92004302a610 None None] Extension dvr not supported by any of loaded plugins
Apr 17 12:27:38.035313 np0000167127 devstack@neutron-api.service[104968]: DEBUG neutron.api.extensions [None req-785c7f3c-b765-44a4-b214-92004302a610 None None] Loading extension file: ecmp_routes.py {{(pid=104968) _load_all_extensions_from_path /opt/stack/neutron/neutron/api/extensions.py:449}}
Apr 17 12:27:38.035528 np0000167127 devstack@neutron-api.service[104968]: DEBUG neutron.api.extensions [None req-785c7f3c-b765-44a4-b214-92004302a610 None None] Ext name="Equal Cost Multipath Routing" alias="ecmp_routes" description="Allows traffic to reach thesame destination via multiple different links " updated="2020-11-26T18:00:00-00:00" {{(pid=104968) _check_extension /opt/stack/neutron/neutron/api/extensions.py:415}}
Apr 17 12:27:38.035746 np0000167127 devstack@neutron-api.service[104968]: INFO neutron.api.extensions [None req-785c7f3c-b765-44a4-b214-92004302a610 None None] Extension ecmp_routes not supported by any of loaded plugins
Apr 17 12:27:38.035746 np0000167127 devstack@neutron-api.service[104968]: DEBUG neutron.api.extensions [None req-785c7f3c-b765-44a4-b214-92004302a610 None None] Loading extension file: empty_string_filtering.py {{(pid=104968) _load_all_extensions_from_path /opt/stack/neutron/neutron/api/extensions.py:449}}
Apr 17 12:27:38.036028 np0000167127 devstack@neutron-api.service[104968]: DEBUG neutron.api.extensions [None req-785c7f3c-b765-44a4-b214-92004302a610 None None] Ext name="Empty String Filtering Extension" alias="empty-string-filtering" description="Allow filtering by attributes with empty string value" updated="2018-05-01T10:00:00-00:00" {{(pid=104968) _check_extension /opt/stack/neutron/neutron/api/extensions.py:415}}
Apr 17 12:27:38.036195 np0000167127 devstack@neutron-api.service[104968]: INFO neutron.api.extensions [None req-785c7f3c-b765-44a4-b214-92004302a610 None None] Loaded extension: empty-string-filtering
Apr 17 12:27:38.036274 np0000167127 devstack@neutron-api.service[104968]: DEBUG neutron.api.extensions [None req-785c7f3c-b765-44a4-b214-92004302a610 None None] Loading extension file: expose_l3_conntrack_helper.py {{(pid=104968) _load_all_extensions_from_path /opt/stack/neutron/neutron/api/extensions.py:449}}
Apr 17 12:27:38.036485 np0000167127 devstack@neutron-api.service[104968]: DEBUG neutron.api.extensions [None req-785c7f3c-b765-44a4-b214-92004302a610 None None] Ext name="Expose CT target rules for conntrack helper" alias="expose-l3-conntrack-helper" description="Expose allow adding CT target rules for conntrack helper" updated="2019-04-04T10:00:00-00:00" {{(pid=104968) _check_extension /opt/stack/neutron/neutron/api/extensions.py:415}}
Apr 17 12:27:38.036651 np0000167127 devstack@neutron-api.service[104968]: INFO neutron.api.extensions [None req-785c7f3c-b765-44a4-b214-92004302a610 None None] Extension expose-l3-conntrack-helper not supported by any of loaded plugins
Apr 17 12:27:38.036822 np0000167127 devstack@neutron-api.service[104968]: DEBUG neutron.api.extensions [None req-785c7f3c-b765-44a4-b214-92004302a610 None None] Loading extension file: expose_port_forwarding_in_fip.py {{(pid=104968) _load_all_extensions_from_path /opt/stack/neutron/neutron/api/extensions.py:449}}
Apr 17 12:27:38.037005 np0000167127 devstack@neutron-api.service[104968]: DEBUG neutron.api.extensions [None req-785c7f3c-b765-44a4-b214-92004302a610 None None] Ext name="Expose Floating IP port forwardings" alias="expose-port-forwarding-in-fip" description="Expose port forwarding fields in floating IP response" updated="2018-06-28T16:00:00-00:00" {{(pid=104968) _check_extension /opt/stack/neutron/neutron/api/extensions.py:415}}
Apr 17 12:27:38.037131 np0000167127 devstack@neutron-api.service[104968]: INFO neutron.api.extensions [None req-785c7f3c-b765-44a4-b214-92004302a610 None None] Extension expose-port-forwarding-in-fip not supported by any of loaded plugins
Apr 17 12:27:38.037274 np0000167127 devstack@neutron-api.service[104968]: DEBUG neutron.api.extensions [None req-785c7f3c-b765-44a4-b214-92004302a610 None None] Loading extension file: external_net.py {{(pid=104968) _load_all_extensions_from_path /opt/stack/neutron/neutron/api/extensions.py:449}}
Apr 17 12:27:38.037430 np0000167127 devstack@neutron-api.service[104967]: DEBUG neutron_lib.callbacks.manager [None req-9eed9002-06e5-40cd-97f9-bf96e925a2f2 None None] Subscribe: > router before_delete 55550000, False {{(pid=104967) subscribe /opt/stack/data/venv/lib/python3.12/site-packages/neutron_lib/callbacks/manager.py:52}}
Apr 17 12:27:38.037519 np0000167127 devstack@neutron-api.service[104968]: DEBUG neutron.api.extensions [None req-785c7f3c-b765-44a4-b214-92004302a610 None None] Ext name="Neutron external network" alias="external-net" description="Adds external network attribute to network resource." updated="2013-01-14T10:00:00-00:00" {{(pid=104968) _check_extension /opt/stack/neutron/neutron/api/extensions.py:415}}
Apr 17 12:27:38.037618 np0000167127 devstack@neutron-api.service[104967]: DEBUG neutron_lib.callbacks.manager [None req-9eed9002-06e5-40cd-97f9-bf96e925a2f2 None None] Subscribe: port after_update 55550000, False {{(pid=104967) subscribe /opt/stack/data/venv/lib/python3.12/site-packages/neutron_lib/callbacks/manager.py:52}}
Apr 17 12:27:38.037720 np0000167127 devstack@neutron-api.service[104968]: INFO neutron.api.extensions [None req-785c7f3c-b765-44a4-b214-92004302a610 None None] Loaded extension: external-net
Apr 17 12:27:38.037815 np0000167127 devstack@neutron-api.service[104967]: DEBUG neutron_lib.callbacks.manager [None req-9eed9002-06e5-40cd-97f9-bf96e925a2f2 None None] Subscribe: port after_delete 55550000, False {{(pid=104967) subscribe /opt/stack/data/venv/lib/python3.12/site-packages/neutron_lib/callbacks/manager.py:52}}
Apr 17 12:27:38.037878 np0000167127 devstack@neutron-api.service[104968]: DEBUG neutron.api.extensions [None req-785c7f3c-b765-44a4-b214-92004302a610 None None] Loading extension file: extra_dhcp_opt.py {{(pid=104968) _load_all_extensions_from_path /opt/stack/neutron/neutron/api/extensions.py:449}}
Apr 17 12:27:38.037982 np0000167127 devstack@neutron-api.service[104967]: DEBUG neutron_lib.callbacks.manager [None req-9eed9002-06e5-40cd-97f9-bf96e925a2f2 None None] Subscribe: subnet after_update 55550000, False {{(pid=104967) subscribe /opt/stack/data/venv/lib/python3.12/site-packages/neutron_lib/callbacks/manager.py:52}}
Apr 17 12:27:38.037982 np0000167127 devstack@neutron-api.service[104967]: DEBUG neutron_lib.callbacks.manager [None req-9eed9002-06e5-40cd-97f9-bf96e925a2f2 None None] Subscribe: subnetpool_address_scope after_update 55550000, False {{(pid=104967) subscribe /opt/stack/data/venv/lib/python3.12/site-packages/neutron_lib/callbacks/manager.py:52}}
Apr 17 12:27:38.038213 np0000167127 devstack@neutron-api.service[104968]: DEBUG neutron.api.extensions [None req-785c7f3c-b765-44a4-b214-92004302a610 None None] Ext name="Neutron Extra DHCP options" alias="extra_dhcp_opt" description="Extra options configuration for DHCP. For example PXE boot options to DHCP clients can be specified (e.g. tftp-server, server-ip-address, bootfile-name)" updated="2013-03-17T12:00:00-00:00" {{(pid=104968) _check_extension /opt/stack/neutron/neutron/api/extensions.py:415}}
Apr 17 12:27:38.038381 np0000167127 devstack@neutron-api.service[104967]: DEBUG neutron_lib.callbacks.manager [None req-9eed9002-06e5-40cd-97f9-bf96e925a2f2 None None] Subscribe: port before_update 55550000, False {{(pid=104967) subscribe /opt/stack/data/venv/lib/python3.12/site-packages/neutron_lib/callbacks/manager.py:52}}
Apr 17 12:27:38.038532 np0000167127 devstack@neutron-api.service[104968]: INFO neutron.api.extensions [None req-785c7f3c-b765-44a4-b214-92004302a610 None None] Loaded extension: extra_dhcp_opt
Apr 17 12:27:38.038626 np0000167127 devstack@neutron-api.service[104967]: DEBUG neutron_lib.callbacks.manager [None req-9eed9002-06e5-40cd-97f9-bf96e925a2f2 None None] Subscribe: port after_update 55550000, False {{(pid=104967) subscribe /opt/stack/data/venv/lib/python3.12/site-packages/neutron_lib/callbacks/manager.py:52}}
Apr 17 12:27:38.038743 np0000167127 devstack@neutron-api.service[104968]: DEBUG neutron.api.extensions [None req-785c7f3c-b765-44a4-b214-92004302a610 None None] Loading extension file: extraroute.py {{(pid=104968) _load_all_extensions_from_path /opt/stack/neutron/neutron/api/extensions.py:449}}
Apr 17 12:27:38.038842 np0000167127 devstack@neutron-api.service[104967]: DEBUG neutron_lib.callbacks.manager [None req-9eed9002-06e5-40cd-97f9-bf96e925a2f2 None None] Subscribe: > port precommit_delete 55550000, False {{(pid=104967) subscribe /opt/stack/data/venv/lib/python3.12/site-packages/neutron_lib/callbacks/manager.py:52}}
Apr 17 12:27:38.038842 np0000167127 devstack@neutron-api.service[104967]: DEBUG neutron_lib.callbacks.manager [None req-9eed9002-06e5-40cd-97f9-bf96e925a2f2 None None] Subscribe: port before_update 55550000, False {{(pid=104967) subscribe /opt/stack/data/venv/lib/python3.12/site-packages/neutron_lib/callbacks/manager.py:52}}
Apr 17 12:27:38.038993 np0000167127 devstack@neutron-api.service[104968]: DEBUG neutron.api.extensions [None req-785c7f3c-b765-44a4-b214-92004302a610 None None] Ext name="Neutron Extra Route" alias="extraroute" description="Extra routes configuration for L3 router" updated="2013-02-01T10:00:00-00:00" {{(pid=104968) _check_extension /opt/stack/neutron/neutron/api/extensions.py:415}}
Apr 17 12:27:38.039077 np0000167127 devstack@neutron-api.service[104967]: DEBUG neutron_lib.callbacks.manager [None req-9eed9002-06e5-40cd-97f9-bf96e925a2f2 None None] Subscribe: port before_delete 55550000, False {{(pid=104967) subscribe /opt/stack/data/venv/lib/python3.12/site-packages/neutron_lib/callbacks/manager.py:52}}
Apr 17 12:27:38.039077 np0000167127 devstack@neutron-api.service[104967]: DEBUG neutron_lib.callbacks.manager [None req-9eed9002-06e5-40cd-97f9-bf96e925a2f2 None None] Subscribe: > router precommit_create 55550000, False {{(pid=104967) subscribe /opt/stack/data/venv/lib/python3.12/site-packages/neutron_lib/callbacks/manager.py:52}}
Apr 17 12:27:38.039244 np0000167127 devstack@neutron-api.service[104968]: INFO neutron.api.extensions [None req-785c7f3c-b765-44a4-b214-92004302a610 None None] Loaded extension: extraroute
Apr 17 12:27:38.039326 np0000167127 devstack@neutron-api.service[104967]: DEBUG neutron_lib.callbacks.manager [None req-9eed9002-06e5-40cd-97f9-bf96e925a2f2 None None] Subscribe: > router precommit_create 55550000, False {{(pid=104967) subscribe /opt/stack/data/venv/lib/python3.12/site-packages/neutron_lib/callbacks/manager.py:52}}
Apr 17 12:27:38.039408 np0000167127 devstack@neutron-api.service[104968]: DEBUG neutron.api.extensions [None req-785c7f3c-b765-44a4-b214-92004302a610 None None] Loading extension file: extraroute_atomic.py {{(pid=104968) _load_all_extensions_from_path /opt/stack/neutron/neutron/api/extensions.py:449}}
Apr 17 12:27:38.039469 np0000167127 devstack@neutron-api.service[104967]: DEBUG neutron_lib.callbacks.manager [None req-9eed9002-06e5-40cd-97f9-bf96e925a2f2 None None] Subscribe: > router precommit_update 55550000, False {{(pid=104967) subscribe /opt/stack/data/venv/lib/python3.12/site-packages/neutron_lib/callbacks/manager.py:52}}
Apr 17 12:27:38.039606 np0000167127 devstack@neutron-api.service[104968]: DEBUG neutron.api.extensions [None req-785c7f3c-b765-44a4-b214-92004302a610 None None] Ext name="Atomically add/remove extra routes" alias="extraroute-atomic" description="Edit extra routes of a router on server side by atomically adding/removing extra routes" updated="2019-07-10T00:00:00+00:00" {{(pid=104968) _check_extension /opt/stack/neutron/neutron/api/extensions.py:415}}
Apr 17 12:27:38.039715 np0000167127 devstack@neutron-api.service[104967]: DEBUG neutron_lib.callbacks.manager [None req-9eed9002-06e5-40cd-97f9-bf96e925a2f2 None None] Subscribe: subnet after_update 55550000, False {{(pid=104967) subscribe /opt/stack/data/venv/lib/python3.12/site-packages/neutron_lib/callbacks/manager.py:52}}
Apr 17 12:27:38.039818 np0000167127 devstack@neutron-api.service[104968]: INFO neutron.api.extensions [None req-785c7f3c-b765-44a4-b214-92004302a610 None None] Loaded extension: extraroute-atomic
Apr 17 12:27:38.039818 np0000167127 devstack@neutron-api.service[104968]: DEBUG neutron.api.extensions [None req-785c7f3c-b765-44a4-b214-92004302a610 None None] Loading extension file: filter_validation.py {{(pid=104968) _load_all_extensions_from_path /opt/stack/neutron/neutron/api/extensions.py:449}}
Apr 17 12:27:38.039818 np0000167127 devstack@neutron-api.service[104968]: DEBUG neutron.api.extensions [None req-785c7f3c-b765-44a4-b214-92004302a610 None None] Ext name="Filter parameters validation" alias="filter-validation" description="Provides validation on filter parameters." updated="2018-07-04T10:00:00-00:00" {{(pid=104968) _check_extension /opt/stack/neutron/neutron/api/extensions.py:415}}
Apr 17 12:27:38.039818 np0000167127 devstack@neutron-api.service[104968]: INFO neutron.api.extensions [None req-785c7f3c-b765-44a4-b214-92004302a610 None None] Loaded extension: filter-validation
Apr 17 12:27:38.039818 np0000167127 devstack@neutron-api.service[104968]: DEBUG neutron.api.extensions [None req-785c7f3c-b765-44a4-b214-92004302a610 None None] Loading extension file: fip_pf_description.py {{(pid=104968) _load_all_extensions_from_path /opt/stack/neutron/neutron/api/extensions.py:449}}
Apr 17 12:27:38.040008 np0000167127 devstack@neutron-api.service[104968]: DEBUG neutron.api.extensions [None req-785c7f3c-b765-44a4-b214-92004302a610 None None] Ext name="Floating IP Port Forwarding new attribute description" alias="floating-ip-port-forwarding-description" description="Add a description field to Port Forwarding rules" updated="2019-11-01T10:00:00-00:00" {{(pid=104968) _check_extension /opt/stack/neutron/neutron/api/extensions.py:415}}
Apr 17 12:27:38.040094 np0000167127 devstack@neutron-api.service[104967]: DEBUG neutron.quota.resource_registry [None req-9eed9002-06e5-40cd-97f9-bf96e925a2f2 None None] Tracking information for resource: router configured {{(pid=104967) set_tracked_resource /opt/stack/neutron/neutron/quota/resource_registry.py:203}}
