May 15 10:24:39.797280 np0000174321 devstack@neutron-api.service[103063]: DEBUG neutron.plugins.ml2.drivers.ovn.mech_driver.ovsdb.ovsdb_monitor [None req-1c497063-5cde-492f-a119-5e1d3af5d2bd None None] Hash Ring: Node 862f4fdf11aa5aacae1a1a8be81cc5ec (host: np0000174321) handling event "create" for row b3f4b152-647e-43ad-a13b-0f85da9b79c6 (table: Port_Group) {{(pid=103063) notify /opt/stack/neutron/neutron/plugins/ml2/drivers/ovn/mech_driver/ovsdb/ovsdb_monitor.py:942}}
May 15 10:24:39.800378 np0000174321 devstack@neutron-api.service[103061]: DEBUG neutron.common.ovn.hash_ring_manager [None req-6f2dabfa-c4e8-46f9-9a1f-86ebd355ac1e None None] Hash Ring loaded. 4 active nodes. 0 offline nodes {{(pid=103061) _load_hash_ring /opt/stack/neutron/neutron/common/ovn/hash_ring_manager.py:102}}
May 15 10:24:39.803575 np0000174321 devstack@neutron-api.service[103064]: DEBUG neutron.common.ovn.hash_ring_manager [None req-219b06a3-dec8-4ada-873c-ac9fdbfdc3d2 None None] Hash Ring loaded. 4 active nodes. 0 offline nodes {{(pid=103064) _load_hash_ring /opt/stack/neutron/neutron/common/ovn/hash_ring_manager.py:102}}
May 15 10:24:39.803780 np0000174321 devstack@neutron-api.service[103064]: DEBUG neutron.plugins.ml2.drivers.ovn.mech_driver.ovsdb.ovsdb_monitor [None req-219b06a3-dec8-4ada-873c-ac9fdbfdc3d2 None None] Hash Ring: Node 0dfae9e11dca50fdaecf19ecda5c6819 (host: np0000174321) handling event "create" for row 900c23c9-99e3-4c13-a1ee-2e1f33b8beaf (table: ACL) {{(pid=103064) notify /opt/stack/neutron/neutron/plugins/ml2/drivers/ovn/mech_driver/ovsdb/ovsdb_monitor.py:942}}
May 15 10:24:39.803966 np0000174321 devstack@neutron-api.service[103064]: DEBUG neutron.plugins.ml2.drivers.ovn.mech_driver.ovsdb.ovsdb_monitor [None req-219b06a3-dec8-4ada-873c-ac9fdbfdc3d2 None None] Hash Ring: Node 0dfae9e11dca50fdaecf19ecda5c6819 (host: np0000174321) handling event "create" for row b63a161c-6eae-4bd9-9454-4b758ff16568 (table: ACL) {{(pid=103064) notify /opt/stack/neutron/neutron/plugins/ml2/drivers/ovn/mech_driver/ovsdb/ovsdb_monitor.py:942}}
May 15 10:24:39.804914 np0000174321 devstack@neutron-api.service[103062]: DEBUG neutron.common.ovn.hash_ring_manager [None req-693bbbb1-6613-458f-b01f-123b0a849277 None None] Hash Ring loaded. 4 active nodes. 0 offline nodes {{(pid=103062) _load_hash_ring /opt/stack/neutron/neutron/common/ovn/hash_ring_manager.py:102}}
May 15 10:24:39.805363 np0000174321 devstack@neutron-api.service[103062]: DEBUG neutron.plugins.ml2.drivers.ovn.mech_driver.ovsdb.ovsdb_monitor [None req-693bbbb1-6613-458f-b01f-123b0a849277 None None] Hash Ring: Node c21b25b2133a5ff7b6d7437ff9b9fd84 (host: np0000174321) handling event "create" for row 6da86189-d904-4a00-8212-fc69408beeff (table: ACL) {{(pid=103062) notify /opt/stack/neutron/neutron/plugins/ml2/drivers/ovn/mech_driver/ovsdb/ovsdb_monitor.py:942}}
May 15 10:24:39.840885 np0000174321 devstack@neutron-api.service[103062]: INFO neutron.db.ovn_revision_numbers_db [None req-da71ddb8-1447-42b0-9bc4-2c7348192763 admin admin] Successfully bumped revision number for resource 07c8b0b9-7ee4-4344-bae7-87fdae5c72d5 (type: security_groups) to 1
May 15 10:24:39.864422 np0000174321 devstack@neutron-api.service[103062]: INFO neutron.db.ovn_revision_numbers_db [None req-da71ddb8-1447-42b0-9bc4-2c7348192763 admin admin] Successfully bumped revision number for resource 009fb0bb-c6f0-4773-85aa-b07872645c0a (type: security_group_rules) to 0
May 15 10:24:39.893686 np0000174321 devstack@neutron-api.service[103062]: INFO neutron.db.ovn_revision_numbers_db [None req-da71ddb8-1447-42b0-9bc4-2c7348192763 admin admin] Successfully bumped revision number for resource 2cdfd0c4-30d4-4889-b9b1-1136090053b6 (type: security_group_rules) to 0
May 15 10:24:39.910507 np0000174321 devstack@neutron-api.service[103062]: INFO neutron.db.ovn_revision_numbers_db [None req-da71ddb8-1447-42b0-9bc4-2c7348192763 admin admin] Successfully bumped revision number for resource 570d3129-a8f7-4a8e-81c5-7f010cf10c50 (type: security_group_rules) to 0
May 15 10:24:39.925457 np0000174321 devstack@neutron-api.service[103062]: INFO neutron.db.ovn_revision_numbers_db [None req-da71ddb8-1447-42b0-9bc4-2c7348192763 admin admin] Successfully bumped revision number for resource bfe2d334-6b56-455e-abfc-b46bc47ee2ca (type: security_group_rules) to 0
May 15 10:24:39.952558 np0000174321 devstack@neutron-api.service[103062]: DEBUG neutron.api.rpc.handlers.resources_rpc [None req-da71ddb8-1447-42b0-9bc4-2c7348192763 admin admin] Pushing event updated for resources: {'SecurityGroup': ['ID=07c8b0b9-7ee4-4344-bae7-87fdae5c72d5,revision_number=1']} {{(pid=103062) push /opt/stack/neutron/neutron/api/rpc/handlers/resources_rpc.py:237}}
May 15 10:24:39.958006 np0000174321 devstack@neutron-api.service[103062]: DEBUG ovsdbapp.backend.ovs_idl.transaction [None req-693bbbb1-6613-458f-b01f-123b0a849277 None None] Running txn n=1 command(idx=0): CheckLivenessCommand(_result=None) {{(pid=103062) do_commit /opt/stack/data/venv/lib/python3.12/site-packages/ovsdbapp/backend/ovs_idl/transaction.py:89}}
May 15 10:24:39.961082 np0000174321 devstack@neutron-api.service[103062]: DEBUG neutron.plugins.ml2.drivers.ovn.mech_driver.ovsdb.ovsdb_monitor [None req-693bbbb1-6613-458f-b01f-123b0a849277 None None] Hash Ring: Node c21b25b2133a5ff7b6d7437ff9b9fd84 (host: np0000174321) handling event "update" for row 2aa5b18f-d38e-4fcc-be62-67279823ffb7 (table: NB_Global) {{(pid=103062) notify /opt/stack/neutron/neutron/plugins/ml2/drivers/ovn/mech_driver/ovsdb/ovsdb_monitor.py:942}}
May 15 10:24:39.964585 np0000174321 devstack@neutron-api.service[103062]: DEBUG neutron.plugins.ml2.drivers.ovn.mech_driver.ovsdb.ovsdb_monitor [None req-693bbbb1-6613-458f-b01f-123b0a849277 None None] Hash Ring: Node c21b25b2133a5ff7b6d7437ff9b9fd84 (host: np0000174321) handling event "update" for row 2aa5b18f-d38e-4fcc-be62-67279823ffb7 (table: NB_Global) {{(pid=103062) notify /opt/stack/neutron/neutron/plugins/ml2/drivers/ovn/mech_driver/ovsdb/ovsdb_monitor.py:942}}
May 15 10:24:39.966613 np0000174321 devstack@neutron-api.service[103063]: DEBUG neutron.plugins.ml2.drivers.ovn.mech_driver.ovsdb.ovsdb_monitor [None req-3a0229cf-1534-443f-9e68-2f69cd33c38a None None] ChassisAgentWriteEvent : Matched Chassis_Private, update, None None {{(pid=103063) matches /opt/stack/neutron/neutron/plugins/ml2/drivers/ovn/mech_driver/ovsdb/ovsdb_monitor.py:64}}
May 15 10:24:39.967050 np0000174321 devstack@neutron-api.service[103062]: DEBUG neutron.plugins.ml2.drivers.ovn.mech_driver.ovsdb.ovsdb_monitor [None req-693bbbb1-6613-458f-b01f-123b0a849277 None None] Hash Ring: Node c21b25b2133a5ff7b6d7437ff9b9fd84 (host: np0000174321) handling event "update" for row 2aa5b18f-d38e-4fcc-be62-67279823ffb7 (table: NB_Global) {{(pid=103062) notify /opt/stack/neutron/neutron/plugins/ml2/drivers/ovn/mech_driver/ovsdb/ovsdb_monitor.py:942}}
May 15 10:24:39.967391 np0000174321 devstack@neutron-api.service[103061]: DEBUG neutron.plugins.ml2.drivers.ovn.mech_driver.ovsdb.ovsdb_monitor [None req-10ece53d-8d9f-4d65-9c10-f4bc0862b10f None None] ChassisAgentWriteEvent : Matched Chassis_Private, update, None None {{(pid=103061) matches /opt/stack/neutron/neutron/plugins/ml2/drivers/ovn/mech_driver/ovsdb/ovsdb_monitor.py:64}}
May 15 10:24:39.968124 np0000174321 devstack@neutron-api.service[103062]: DEBUG neutron.plugins.ml2.drivers.ovn.mech_driver.ovsdb.ovsdb_monitor [None req-fe808bec-a8d1-4b77-a34c-4432f2522eb5 None None] ChassisAgentWriteEvent : Matched Chassis_Private, update, None None {{(pid=103062) matches /opt/stack/neutron/neutron/plugins/ml2/drivers/ovn/mech_driver/ovsdb/ovsdb_monitor.py:64}}
May 15 10:24:39.968458 np0000174321 devstack@neutron-api.service[103064]: DEBUG neutron.plugins.ml2.drivers.ovn.mech_driver.ovsdb.ovsdb_monitor [None req-062ab90c-ca3b-4471-ac5b-1c8ce382d808 None None] ChassisAgentWriteEvent : Matched Chassis_Private, update, None None {{(pid=103064) matches /opt/stack/neutron/neutron/plugins/ml2/drivers/ovn/mech_driver/ovsdb/ovsdb_monitor.py:64}}
May 15 10:24:39.972082 np0000174321 devstack@neutron-api.service[103062]: DEBUG neutron.api.rpc.callbacks.version_manager [None req-da71ddb8-1447-42b0-9bc4-2c7348192763 admin admin] Tracked resource versions report:
May 15 10:24:39.972082 np0000174321 devstack@neutron-api.service[103062]: pushed versions:
May 15 10:24:39.972082 np0000174321 devstack@neutron-api.service[103062]: { 'AddressGroup': {'1.2'},
May 15 10:24:39.972082 np0000174321 devstack@neutron-api.service[103062]: 'Agent': {'1.1'},
May 15 10:24:39.972082 np0000174321 devstack@neutron-api.service[103062]: 'ConntrackHelper': {'1.0'},
May 15 10:24:39.972082 np0000174321 devstack@neutron-api.service[103062]: 'LocalIPAssociation': {'1.0'},
May 15 10:24:39.972082 np0000174321 devstack@neutron-api.service[103062]: 'Log': {'1.0'},
May 15 10:24:39.972082 np0000174321 devstack@neutron-api.service[103062]: 'NDPProxy': {'1.0'},
May 15 10:24:39.972082 np0000174321 devstack@neutron-api.service[103062]: 'Network': {'1.2'},
May 15 10:24:39.972082 np0000174321 devstack@neutron-api.service[103062]: 'Port': {'1.10'},
May 15 10:24:39.972082 np0000174321 devstack@neutron-api.service[103062]: 'PortForwarding': {'1.3'},
May 15 10:24:39.972082 np0000174321 devstack@neutron-api.service[103062]: 'QosPolicy': {'1.10'},
May 15 10:24:39.972082 np0000174321 devstack@neutron-api.service[103062]: 'SecurityGroup': {'1.6'},
May 15 10:24:39.972082 np0000174321 devstack@neutron-api.service[103062]: 'SecurityGroupRule': {'1.3'},
May 15 10:24:39.972082 np0000174321 devstack@neutron-api.service[103062]: 'SubPort': {'1.0'},
May 15 10:24:39.972082 np0000174321 devstack@neutron-api.service[103062]: 'Subnet': {'1.2'},
May 15 10:24:39.972082 np0000174321 devstack@neutron-api.service[103062]: 'Trunk': {'1.1'}}
May 15 10:24:39.972082 np0000174321 devstack@neutron-api.service[103062]: consumer versions:
May 15 10:24:39.972082 np0000174321 devstack@neutron-api.service[103062]: { OVN Neutron agent@np0000174321: {},
May 15 10:24:39.972082 np0000174321 devstack@neutron-api.service[103062]: OVN Controller Gateway agent@np0000174321: {}}
May 15 10:24:39.972082 np0000174321 devstack@neutron-api.service[103062]: {{(pid=103062) report /opt/stack/neutron/neutron/api/rpc/callbacks/version_manager.py:183}}
May 15 10:24:39.975077 np0000174321 devstack@neutron-api.service[103061]: DEBUG neutron.common.ovn.hash_ring_manager [None req-10ece53d-8d9f-4d65-9c10-f4bc0862b10f None None] Hash Ring loaded. 4 active nodes. 0 offline nodes {{(pid=103061) _load_hash_ring /opt/stack/neutron/neutron/common/ovn/hash_ring_manager.py:102}}
May 15 10:24:39.976115 np0000174321 devstack@neutron-api.service[103063]: DEBUG neutron.common.ovn.hash_ring_manager [None req-3a0229cf-1534-443f-9e68-2f69cd33c38a None None] Hash Ring loaded. 4 active nodes. 0 offline nodes {{(pid=103063) _load_hash_ring /opt/stack/neutron/neutron/common/ovn/hash_ring_manager.py:102}}
May 15 10:24:39.983951 np0000174321 devstack@neutron-api.service[103064]: DEBUG neutron.common.ovn.hash_ring_manager [None req-062ab90c-ca3b-4471-ac5b-1c8ce382d808 None None] Hash Ring loaded. 4 active nodes. 0 offline nodes {{(pid=103064) _load_hash_ring /opt/stack/neutron/neutron/common/ovn/hash_ring_manager.py:102}}
May 15 10:24:39.984059 np0000174321 devstack@neutron-api.service[103062]: DEBUG neutron.plugins.ml2.drivers.ovn.mech_driver.ovsdb.ovsdb_monitor [None req-693bbbb1-6613-458f-b01f-123b0a849277 None None] Hash Ring: Node c21b25b2133a5ff7b6d7437ff9b9fd84 (host: np0000174321) handling event "update" for row 2aa5b18f-d38e-4fcc-be62-67279823ffb7 (table: NB_Global) {{(pid=103062) notify /opt/stack/neutron/neutron/plugins/ml2/drivers/ovn/mech_driver/ovsdb/ovsdb_monitor.py:942}}
May 15 10:24:39.993100 np0000174321 devstack@neutron-api.service[103062]: DEBUG neutron.common.ovn.hash_ring_manager [None req-fe808bec-a8d1-4b77-a34c-4432f2522eb5 None None] Hash Ring loaded. 4 active nodes. 0 offline nodes {{(pid=103062) _load_hash_ring /opt/stack/neutron/neutron/common/ovn/hash_ring_manager.py:102}}
May 15 10:24:39.993295 np0000174321 devstack@neutron-api.service[103062]: DEBUG neutron.plugins.ml2.drivers.ovn.mech_driver.ovsdb.ovsdb_monitor [None req-fe808bec-a8d1-4b77-a34c-4432f2522eb5 None None] Hash Ring: Node c21b25b2133a5ff7b6d7437ff9b9fd84 (host: np0000174321) handling event "update" for row 81cee281-0cec-41ab-8225-24e9d7cdbd7a (table: Chassis_Private) {{(pid=103062) notify /opt/stack/neutron/neutron/plugins/ml2/drivers/ovn/mech_driver/ovsdb/ovsdb_monitor.py:942}}
May 15 10:24:40.019228 np0000174321 devstack@neutron-api.service[103062]: DEBUG neutron.plugins.ml2.drivers.helpers [None req-da71ddb8-1447-42b0-9bc4-2c7348192763 admin admin] geneve segment allocate from pool success with {'geneve_vni': 36389} {{(pid=103062) allocate_partially_specified_segment /opt/stack/neutron/neutron/plugins/ml2/drivers/helpers.py:142}}
May 15 10:24:40.027177 np0000174321 devstack@neutron-api.service[103062]: DEBUG neutron_lib.callbacks.manager [None req-da71ddb8-1447-42b0-9bc4-2c7348192763 admin admin] Publish callbacks ['neutron.services.segments.db._add_segment_host_mapping_for_segment-8427140419004', 'neutron.plugins.ml2.plugin.Ml2Plugin._handle_segment_change-7465204'] for segment (32beff1d-6dae-43a3-9c39-cbcf2328ca78), precommit_create {{(pid=103062) _notify_loop /opt/stack/data/venv/lib/python3.12/site-packages/neutron_lib/callbacks/manager.py:184}}
May 15 10:24:40.027494 np0000174321 devstack@neutron-api.service[103062]: INFO neutron.db.segments_db [None req-da71ddb8-1447-42b0-9bc4-2c7348192763 admin admin] Added segment 32beff1d-6dae-43a3-9c39-cbcf2328ca78 of type geneve for network bb0af2ef-4ea8-4b06-a5a5-f158bbb465de
May 15 10:24:40.039261 np0000174321 devstack@neutron-api.service[103062]: DEBUG neutron_lib.callbacks.manager [None req-da71ddb8-1447-42b0-9bc4-2c7348192763 admin admin] Publish callbacks ['neutron.services.auto_allocate.db._ensure_external_network_default_value_callback-8427138413418'] for network (bb0af2ef-4ea8-4b06-a5a5-f158bbb465de), precommit_create {{(pid=103062) _notify_loop /opt/stack/data/venv/lib/python3.12/site-packages/neutron_lib/callbacks/manager.py:184}}
May 15 10:24:40.050514 np0000174321 devstack@neutron-api.service[103062]: DEBUG neutron.plugins.ml2.drivers.ovn.mech_driver.mech_driver [None req-da71ddb8-1447-42b0-9bc4-2c7348192763 admin admin] Validating network segment with type geneve, segmentation ID 36389, physical network None {{(pid=103062) _validate_network_segments /opt/stack/neutron/neutron/plugins/ml2/drivers/ovn/mech_driver/mech_driver.py:641}}
May 15 10:24:40.050739 np0000174321 devstack@neutron-api.service[103062]: DEBUG neutron.db.ovn_revision_numbers_db [None req-da71ddb8-1447-42b0-9bc4-2c7348192763 admin admin] create_initial_revision uuid=bb0af2ef-4ea8-4b06-a5a5-f158bbb465de, type=networks, rev=-1 {{(pid=103062) create_initial_revision /opt/stack/neutron/neutron/db/ovn_revision_numbers_db.py:98}}
May 15 10:24:40.059234 np0000174321 devstack@neutron-api.service[103062]: DEBUG neutron_lib.callbacks.manager [None req-da71ddb8-1447-42b0-9bc4-2c7348192763 admin admin] Publish callbacks ['neutron.plugins.ml2.ovo_rpc._ObjectChangeHandler.handle_event-2306755'] for network (bb0af2ef-4ea8-4b06-a5a5-f158bbb465de), after_create {{(pid=103062) _notify_loop /opt/stack/data/venv/lib/python3.12/site-packages/neutron_lib/callbacks/manager.py:184}}
May 15 10:24:40.075607 np0000174321 devstack@neutron-api.service[103062]: DEBUG neutron.api.rpc.handlers.resources_rpc [None req-da71ddb8-1447-42b0-9bc4-2c7348192763 admin admin] Pushing event updated for resources: {'Network': ['ID=bb0af2ef-4ea8-4b06-a5a5-f158bbb465de,revision_number=1']} {{(pid=103062) push /opt/stack/neutron/neutron/api/rpc/handlers/resources_rpc.py:237}}
May 15 10:24:40.084030 np0000174321 devstack@neutron-api.service[103062]: DEBUG ovsdbapp.backend.ovs_idl.transaction [None req-693bbbb1-6613-458f-b01f-123b0a849277 None None] Running txn n=1 command(idx=0): AddNetworkCommand(_result=None, network_uuid=bb0af2ef-4ea8-4b06-a5a5-f158bbb465de, may_exist=True, columns={'external_ids': {'neutron:network_name': 'admin_net', 'neutron:mtu': '1372', 'neutron:revision_number': '1', 'neutron:availability_zone_hints': '', 'neutron:provnet-network-type': 'geneve'}, 'other_config': {'mcast_snoop': 'false', 'mcast_flood_unregistered': 'false', 'vlan-passthru': 'false'}}) {{(pid=103062) do_commit /opt/stack/data/venv/lib/python3.12/site-packages/ovsdbapp/backend/ovs_idl/transaction.py:89}}
May 15 10:24:40.090361 np0000174321 devstack@neutron-api.service[103063]: DEBUG neutron.plugins.ml2.drivers.ovn.mech_driver.ovsdb.ovsdb_monitor [None req-1c497063-5cde-492f-a119-5e1d3af5d2bd None None] Hash Ring: Node 862f4fdf11aa5aacae1a1a8be81cc5ec (host: np0000174321) handling event "create" for row bb0af2ef-4ea8-4b06-a5a5-f158bbb465de (table: Logical_Switch) {{(pid=103063) notify /opt/stack/neutron/neutron/plugins/ml2/drivers/ovn/mech_driver/ovsdb/ovsdb_monitor.py:942}}
May 15 10:24:40.096411 np0000174321 devstack@neutron-api.service[103064]: DEBUG neutron.plugins.ml2.drivers.ovn.mech_driver.ovsdb.ovsdb_monitor [None req-062ab90c-ca3b-4471-ac5b-1c8ce382d808 None None] Hash Ring: Node 0dfae9e11dca50fdaecf19ecda5c6819 (host: np0000174321) handling event "create" for row d714de6a-7ae2-45c7-841d-0341a19fb5d8 (table: Datapath_Binding) {{(pid=103064) notify /opt/stack/neutron/neutron/plugins/ml2/drivers/ovn/mech_driver/ovsdb/ovsdb_monitor.py:942}}
May 15 10:24:40.128032 np0000174321 devstack@neutron-api.service[103062]: INFO neutron.db.ovn_revision_numbers_db [None req-da71ddb8-1447-42b0-9bc4-2c7348192763 admin admin] Successfully bumped revision number for resource bb0af2ef-4ea8-4b06-a5a5-f158bbb465de (type: networks) to 1
May 15 10:24:40.142976 np0000174321 devstack@neutron-api.service[103062]: DEBUG neutron_lib.callbacks.manager [None req-da71ddb8-1447-42b0-9bc4-2c7348192763 admin admin] Publish callbacks ['neutron.plugins.ml2.plugin.SecurityGroupDbMixin._ensure_default_security_group_handler-7708204'] for port (None), before_create {{(pid=103062) _notify_loop /opt/stack/data/venv/lib/python3.12/site-packages/neutron_lib/callbacks/manager.py:184}}
May 15 10:24:40.208421 np0000174321 devstack@neutron-api.service[103062]: DEBUG neutron_lib.callbacks.manager [None req-da71ddb8-1447-42b0-9bc4-2c7348192763 admin admin] Publish callbacks ['neutron.plugins.ml2.drivers.ovn.mech_driver.mech_driver.OVNMechanismDriver._validate_allowed_address_pairs-212658'] for allowed_address_pair (8dc86af9-f5e6-4889-a68f-1c1e4b8dba51), before_create {{(pid=103062) _notify_loop /opt/stack/data/venv/lib/python3.12/site-packages/neutron_lib/callbacks/manager.py:184}}
May 15 10:24:40.208880 np0000174321 devstack@neutron-api.service[103062]: DEBUG neutron_lib.callbacks.manager [None req-da71ddb8-1447-42b0-9bc4-2c7348192763 admin admin] Publish callbacks [] for port (8dc86af9-f5e6-4889-a68f-1c1e4b8dba51), precommit_create {{(pid=103062) _notify_loop /opt/stack/data/venv/lib/python3.12/site-packages/neutron_lib/callbacks/manager.py:184}}
May 15 10:24:40.209167 np0000174321 devstack@neutron-api.service[103062]: DEBUG neutron.plugins.ml2.drivers.ovn.mech_driver.mech_driver [None req-da71ddb8-1447-42b0-9bc4-2c7348192763 admin admin] No provisioning block for port 8dc86af9-f5e6-4889-a68f-1c1e4b8dba51 since it does not have a host {{(pid=103062) _is_port_provisioning_required /opt/stack/neutron/neutron/plugins/ml2/drivers/ovn/mech_driver/mech_driver.py:894}}
May 15 10:24:40.209167 np0000174321 devstack@neutron-api.service[103062]: DEBUG neutron.db.ovn_revision_numbers_db [None req-da71ddb8-1447-42b0-9bc4-2c7348192763 admin admin] create_initial_revision uuid=8dc86af9-f5e6-4889-a68f-1c1e4b8dba51, type=ports, rev=-1 {{(pid=103062) create_initial_revision /opt/stack/neutron/neutron/db/ovn_revision_numbers_db.py:98}}
May 15 10:24:40.244556 np0000174321 devstack@neutron-api.service[103062]: DEBUG neutron_lib.callbacks.manager [None req-da71ddb8-1447-42b0-9bc4-2c7348192763 admin admin] Publish callbacks ['neutron.plugins.ml2.ovo_rpc._ObjectChangeHandler.handle_event-2306770'] for port (8dc86af9-f5e6-4889-a68f-1c1e4b8dba51), after_create {{(pid=103062) _notify_loop /opt/stack/data/venv/lib/python3.12/site-packages/neutron_lib/callbacks/manager.py:184}}
May 15 10:24:40.274152 np0000174321 devstack@neutron-api.service[103062]: DEBUG neutron.api.rpc.handlers.resources_rpc [None req-da71ddb8-1447-42b0-9bc4-2c7348192763 admin admin] Pushing event updated for resources: {'Port': ['ID=8dc86af9-f5e6-4889-a68f-1c1e4b8dba51,revision_number=1']} {{(pid=103062) push /opt/stack/neutron/neutron/api/rpc/handlers/resources_rpc.py:237}}
May 15 10:24:40.281434 np0000174321 devstack@neutron-api.service[103062]: DEBUG ovsdbapp.backend.ovs_idl.transaction [None req-693bbbb1-6613-458f-b01f-123b0a849277 None None] Running txn n=1 command(idx=0): AddLSwitchPortCommand(_result=None, lport=8dc86af9-f5e6-4889-a68f-1c1e4b8dba51, lswitch=neutron-bb0af2ef-4ea8-4b06-a5a5-f158bbb465de, may_exist=True, network_uuid=bb0af2ef-4ea8-4b06-a5a5-f158bbb465de, columns={'addresses': ['fa:16:3e:81:0b:d9'], 'external_ids': {'neutron:port_name': '', 'neutron:device_id': 'ovnmeta-bb0af2ef-4ea8-4b06-a5a5-f158bbb465de', 'neutron:project_id': '286e5f563b9a41fabb4f3e1c7c52e2a8', 'neutron:cidrs': '', 'neutron:device_owner': 'network:distributed', 'neutron:subnet_pool_addr_scope4': '', 'neutron:subnet_pool_addr_scope6': '', 'neutron:network_name': 'neutron-bb0af2ef-4ea8-4b06-a5a5-f158bbb465de', 'neutron:security_group_ids': '', 'neutron:revision_number': '1', 'neutron:vnic_type': 'normal', 'neutron:port_capabilities': '', 'neutron:mtu': ''}, 'parent_name': [], 'tag': [], 'enabled': True, 'options': {}, 'type': 'localport', 'port_security': [], 'dhcpv4_options': [], 'dhcpv6_options': []}) {{(pid=103062) do_commit /opt/stack/data/venv/lib/python3.12/site-packages/ovsdbapp/backend/ovs_idl/transaction.py:89}}
May 15 10:24:40.282440 np0000174321 devstack@neutron-api.service[103062]: DEBUG ovsdbapp.backend.ovs_idl.transaction [None req-693bbbb1-6613-458f-b01f-123b0a849277 None None] Running txn n=1 command(idx=1): QoSDelCommand(_result=None, switch=neutron-bb0af2ef-4ea8-4b06-a5a5-f158bbb465de, conditions=[('direction', '=', 'to-lport'), ('priority', '=', 2002), ('match', '=', 'outport == "8dc86af9-f5e6-4889-a68f-1c1e4b8dba51"')], if_exists=True) {{(pid=103062) do_commit /opt/stack/data/venv/lib/python3.12/site-packages/ovsdbapp/backend/ovs_idl/transaction.py:89}}
May 15 10:24:40.282814 np0000174321 devstack@neutron-api.service[103062]: DEBUG ovsdbapp.backend.ovs_idl.transaction [None req-693bbbb1-6613-458f-b01f-123b0a849277 None None] Running txn n=1 command(idx=2): QoSDelCommand(_result=None, switch=neutron-bb0af2ef-4ea8-4b06-a5a5-f158bbb465de, conditions=[('direction', '=', 'from-lport'), ('priority', '=', 2002), ('match', '=', 'inport == "8dc86af9-f5e6-4889-a68f-1c1e4b8dba51"')], if_exists=True) {{(pid=103062) do_commit /opt/stack/data/venv/lib/python3.12/site-packages/ovsdbapp/backend/ovs_idl/transaction.py:89}}
May 15 10:24:40.289832 np0000174321 devstack@neutron-api.service[103063]: DEBUG neutron.plugins.ml2.drivers.ovn.mech_driver.ovsdb.ovsdb_monitor [None req-1c497063-5cde-492f-a119-5e1d3af5d2bd None None] Hash Ring: Node 862f4fdf11aa5aacae1a1a8be81cc5ec (host: np0000174321) handling event "update" for row bb0af2ef-4ea8-4b06-a5a5-f158bbb465de (table: Logical_Switch) {{(pid=103063) notify /opt/stack/neutron/neutron/plugins/ml2/drivers/ovn/mech_driver/ovsdb/ovsdb_monitor.py:942}}
May 15 10:24:40.294768 np0000174321 devstack@neutron-api.service[103061]: DEBUG neutron.plugins.ml2.drivers.ovn.mech_driver.ovsdb.ovsdb_monitor [None req-6f2dabfa-c4e8-46f9-9a1f-86ebd355ac1e None None] Hash Ring: Node 9374382add8a53c2af9000f0587c8466 (host: np0000174321) handling event "create" for row 82ec73ed-1d79-4149-bfc0-6389e415b036 (table: Logical_Switch_Port) {{(pid=103061) notify /opt/stack/neutron/neutron/plugins/ml2/drivers/ovn/mech_driver/ovsdb/ovsdb_monitor.py:942}}
May 15 10:24:40.294884 np0000174321 devstack@neutron-api.service[103064]: DEBUG neutron.plugins.ml2.drivers.ovn.mech_driver.ovsdb.ovsdb_monitor [None req-062ab90c-ca3b-4471-ac5b-1c8ce382d808 None None] Hash Ring: Node 0dfae9e11dca50fdaecf19ecda5c6819 (host: np0000174321) handling event "create" for row 49b91b21-e23a-474b-bb66-621e38225e00 (table: Port_Binding) {{(pid=103064) notify /opt/stack/neutron/neutron/plugins/ml2/drivers/ovn/mech_driver/ovsdb/ovsdb_monitor.py:942}}
May 15 10:24:40.295794 np0000174321 devstack@neutron-api.service[103061]: DEBUG ovsdbapp.backend.ovs_idl.event [None req-6f2dabfa-c4e8-46f9-9a1f-86ebd355ac1e None None] Matched CREATE: LogicalSwitchPortCreateEvent(events=('create',), table='Logical_Switch_Port', conditions=[], old_conditions=None), priority=20 to row=Logical_Switch_Port(uuid=82ec73ed-1d79-4149-bfc0-6389e415b036, addresses=['fa:16:3e:81:0b:d9'], dhcpv4_options=[], dhcpv6_options=[], dynamic_addresses=[], enabled=True, external_ids={'neutron:cidrs': '', 'neutron:device_id': 'ovnmeta-bb0af2ef-4ea8-4b06-a5a5-f158bbb465de', 'neutron:device_owner': 'network:distributed', 'neutron:mtu': '', 'neutron:network_name': 'neutron-bb0af2ef-4ea8-4b06-a5a5-f158bbb465de', 'neutron:port_capabilities': '', 'neutron:port_name': '', 'neutron:project_id': '286e5f563b9a41fabb4f3e1c7c52e2a8', 'neutron:revision_number': '1', 'neutron:security_group_ids': '', 'neutron:subnet_pool_addr_scope4': '', 'neutron:subnet_pool_addr_scope6': '', 'neutron:vnic_type': 'normal'}, ha_chassis_group=[], mirror_rules=[], name='8dc86af9-f5e6-4889-a68f-1c1e4b8dba51', options={}, parent_name=[], port_security=[], tag=[], tag_request=[], type='localport', up=[]) old= {{(pid=103061) matches /opt/stack/data/venv/lib/python3.12/site-packages/ovsdbapp/backend/ovs_idl/event.py:55}}
May 15 10:24:40.297373 np0000174321 devstack@neutron-api.service[103061]: INFO neutron.plugins.ml2.drivers.ovn.mech_driver.mech_driver [-] OVN reports status down for port: 8dc86af9-f5e6-4889-a68f-1c1e4b8dba51
May 15 10:24:40.298084 np0000174321 devstack@neutron-api.service[103061]: DEBUG neutron.plugins.ml2.drivers.ovn.mech_driver.ovsdb.ovsdb_monitor [None req-6f2dabfa-c4e8-46f9-9a1f-86ebd355ac1e None None] Hash Ring: Node 9374382add8a53c2af9000f0587c8466 (host: np0000174321) handling event "update" for row 82ec73ed-1d79-4149-bfc0-6389e415b036 (table: Logical_Switch_Port) {{(pid=103061) notify /opt/stack/neutron/neutron/plugins/ml2/drivers/ovn/mech_driver/ovsdb/ovsdb_monitor.py:942}}
May 15 10:24:40.352903 np0000174321 devstack@neutron-api.service[103061]: DEBUG neutron.db.provisioning_blocks [None req-7b7466fa-d92e-4e27-bf40-e89eca92dbde None None] Transition to ACTIVE for port object 8dc86af9-f5e6-4889-a68f-1c1e4b8dba51 will not be triggered until provisioned by entity L2. {{(pid=103061) add_provisioning_component /opt/stack/neutron/neutron/db/provisioning_blocks.py:74}}
May 15 10:24:40.354291 np0000174321 devstack@neutron-api.service[103062]: INFO neutron.db.ovn_revision_numbers_db [None req-da71ddb8-1447-42b0-9bc4-2c7348192763 admin admin] Successfully bumped revision number for resource 8dc86af9-f5e6-4889-a68f-1c1e4b8dba51 (type: ports) to 1
May 15 10:24:40.364013 np0000174321 devstack@neutron-api.service[103062]: DEBUG neutron.pecan_wsgi.hooks.policy_enforcement [None req-da71ddb8-1447-42b0-9bc4-2c7348192763 admin admin] Attributes excluded by policy engine: ['standard_attr_id'] {{(pid=103062) _exclude_attributes_by_policy /opt/stack/neutron/neutron/pecan_wsgi/hooks/policy_enforcement.py:256}}
May 15 10:24:40.364280 np0000174321 devstack@neutron-api.service[103062]: DEBUG neutron_lib.callbacks.manager [None req-da71ddb8-1447-42b0-9bc4-2c7348192763 admin admin] Publish callbacks [] for network (None), before_response {{(pid=103062) _notify_loop /opt/stack/data/venv/lib/python3.12/site-packages/neutron_lib/callbacks/manager.py:184}}
May 15 10:24:40.376454 np0000174321 devstack@neutron-api.service[103062]: [pid: 103062|app: 0|req: 23/93] 199.204.45.74 () {68 vars in 1351 bytes} [Fri May 15 10:24:39 2026] POST /networking/v2.0/networks => generated 683 bytes in 766 msecs (HTTP/1.1 201) 4 headers in 162 bytes (1 switches on core 0)
May 15 10:24:40.411064 np0000174321 devstack@neutron-api.service[103061]: DEBUG neutron.plugins.ml2.plugin [None req-7b7466fa-d92e-4e27-bf40-e89eca92dbde None None] Current status of the port 8dc86af9-f5e6-4889-a68f-1c1e4b8dba51 is: DOWN; New status is: DOWN {{(pid=103061) _update_individual_port_db_status /opt/stack/neutron/neutron/plugins/ml2/plugin.py:2466}}
May 15 10:24:40.412950 np0000174321 devstack@neutron-api.service[103061]: DEBUG ovsdbapp.backend.ovs_idl.transaction [None req-6f2dabfa-c4e8-46f9-9a1f-86ebd355ac1e None None] Running txn n=1 command(idx=0): DbRemoveCommand(_result=None, table=Logical_Switch_Port, record=8dc86af9-f5e6-4889-a68f-1c1e4b8dba51, column=external_ids, values=('neutron:host_id',), keyvalues={}, if_exists=True) {{(pid=103061) do_commit /opt/stack/data/venv/lib/python3.12/site-packages/ovsdbapp/backend/ovs_idl/transaction.py:89}}
May 15 10:24:40.575784 np0000174321 devstack@neutron-api.service[103063]: INFO neutron.pecan_wsgi.hooks.translation [None req-b2580a3f-0790-4eba-942b-1c6a489ad774 admin admin] GET failed (client error): The resource could not be found.
May 15 10:24:40.577098 np0000174321 devstack@neutron-api.service[103063]: [pid: 103063|app: 0|req: 25/94] 199.204.45.74 () {64 vars in 1327 bytes} [Fri May 15 10:24:40 2026] GET /networking/v2.0/networks/admin_net => generated 111 bytes in 15 msecs (HTTP/1.1 404) 4 headers in 164 bytes (1 switches on core 0)
May 15 10:24:40.628890 np0000174321 devstack@neutron-api.service[103064]: DEBUG neutron.pecan_wsgi.hooks.policy_enforcement [None req-355720f1-392e-42f9-b5ab-4925e23ae17c admin admin] Attributes excluded by policy engine: ['standard_attr_id'] {{(pid=103064) _exclude_attributes_by_policy /opt/stack/neutron/neutron/pecan_wsgi/hooks/policy_enforcement.py:256}}
May 15 10:24:40.629647 np0000174321 devstack@neutron-api.service[103064]: [pid: 103064|app: 0|req: 24/95] 199.204.45.74 () {64 vars in 1339 bytes} [Fri May 15 10:24:40 2026] GET /networking/v2.0/networks?name=admin_net => generated 667 bytes in 40 msecs (HTTP/1.1 200) 4 headers in 157 bytes (1 switches on core 0)
May 15 10:24:40.853972 np0000174321 devstack@neutron-api.service[103061]: INFO neutron.pecan_wsgi.hooks.translation [None req-fddd1dff-e618-49bc-8ab7-2b06286760dc admin admin] GET failed (client error): The resource could not be found.
May 15 10:24:40.854661 np0000174321 devstack@neutron-api.service[103061]: [pid: 103061|app: 0|req: 24/96] 199.204.45.74 () {64 vars in 1333 bytes} [Fri May 15 10:24:40 2026] GET /networking/v2.0/subnets/admin_subnet => generated 112 bytes in 12 msecs (HTTP/1.1 404) 4 headers in 164 bytes (1 switches on core 0)
May 15 10:24:40.898051 np0000174321 devstack@neutron-api.service[103062]: [pid: 103062|app: 0|req: 24/97] 199.204.45.74 () {64 vars in 1342 bytes} [Fri May 15 10:24:40 2026] GET /networking/v2.0/subnets?name=admin_subnet => generated 14 bytes in 24 msecs (HTTP/1.1 200) 4 headers in 156 bytes (1 switches on core 0)
May 15 10:24:41.192697 np0000174321 devstack@neutron-api.service[103063]: DEBUG neutron.pecan_wsgi.hooks.policy_enforcement [None req-79895ad4-1768-411b-9e71-ec9bdf40c18b admin admin] Attributes excluded by policy engine: ['standard_attr_id'] {{(pid=103063) _exclude_attributes_by_policy /opt/stack/neutron/neutron/pecan_wsgi/hooks/policy_enforcement.py:256}}
May 15 10:24:41.193444 np0000174321 devstack@neutron-api.service[103063]: [pid: 103063|app: 0|req: 26/98] 199.204.45.74 () {64 vars in 1408 bytes} [Fri May 15 10:24:41 2026] GET /networking/v2.0/networks/bb0af2ef-4ea8-4b06-a5a5-f158bbb465de => generated 664 bytes in 32 msecs (HTTP/1.1 200) 4 headers in 157 bytes (1 switches on core 0)
May 15 10:24:41.215185 np0000174321 devstack@neutron-api.service[103064]: DEBUG neutron.api.v2.base [None req-bec66096-0cc7-417b-9bd0-d2f807feab91 admin admin] Request body: {'subnet': {'cidr': '10.2.5.0/24', 'gateway_ip': None, 'name': 'admin_subnet', 'ip_version': 4, 'project_id': '286e5f563b9a41fabb4f3e1c7c52e2a8', 'network_id': 'bb0af2ef-4ea8-4b06-a5a5-f158bbb465de'}} {{(pid=103064) prepare_request_body /opt/stack/neutron/neutron/api/v2/base.py:727}}
May 15 10:24:41.233931 np0000174321 devstack@neutron-api.service[103064]: DEBUG neutron.pecan_wsgi.hooks.quota_enforcement [None req-bec66096-0cc7-417b-9bd0-d2f807feab91 admin admin] Made reservation on behalf of 286e5f563b9a41fabb4f3e1c7c52e2a8 for: {'subnet': 1} {{(pid=103064) before /opt/stack/neutron/neutron/pecan_wsgi/hooks/quota_enforcement.py:66}}
May 15 10:24:41.237281 np0000174321 devstack@neutron-api.service[103064]: DEBUG neutron_lib.callbacks.manager [None req-bec66096-0cc7-417b-9bd0-d2f807feab91 admin admin] Publish callbacks [] for subnet (None), before_create {{(pid=103064) _notify_loop /opt/stack/data/venv/lib/python3.12/site-packages/neutron_lib/callbacks/manager.py:184}}
May 15 10:24:41.307747 np0000174321 devstack@neutron-api.service[103064]: DEBUG neutron.db.ovn_revision_numbers_db [None req-bec66096-0cc7-417b-9bd0-d2f807feab91 admin admin] create_initial_revision uuid=841e8a2b-d16b-49a3-9c14-36dbc60004b4, type=subnets, rev=-1 {{(pid=103064) create_initial_revision /opt/stack/neutron/neutron/db/ovn_revision_numbers_db.py:98}}
May 15 10:24:41.314837 np0000174321 devstack@neutron-api.service[103064]: DEBUG neutron_lib.callbacks.manager [None req-bec66096-0cc7-417b-9bd0-d2f807feab91 admin admin] Publish callbacks ['neutron.plugins.ml2.ovo_rpc._ObjectChangeHandler.handle_event-2317585'] for subnet (841e8a2b-d16b-49a3-9c14-36dbc60004b4), after_create {{(pid=103064) _notify_loop /opt/stack/data/venv/lib/python3.12/site-packages/neutron_lib/callbacks/manager.py:184}}
May 15 10:24:41.335060 np0000174321 devstack@neutron-api.service[103064]: DEBUG neutron.api.rpc.handlers.resources_rpc [None req-bec66096-0cc7-417b-9bd0-d2f807feab91 admin admin] Pushing event updated for resources: {'Subnet': ['ID=841e8a2b-d16b-49a3-9c14-36dbc60004b4,revision_number=0']} {{(pid=103064) push /opt/stack/neutron/neutron/api/rpc/handlers/resources_rpc.py:237}}
May 15 10:24:41.393128 np0000174321 devstack@neutron-api.service[103064]: DEBUG neutron_lib.callbacks.manager [None req-bec66096-0cc7-417b-9bd0-d2f807feab91 admin admin] Publish callbacks ['neutron.plugins.ml2.plugin.SecurityGroupDbMixin._ensure_default_security_group_handler-22106', 'neutron.services.ovn_l3.plugin.OVNL3RouterPlugin._port_update-8427138411834', 'neutron.db.l3_db.L3_NAT_dbonly_mixin._prevent_internal_ip_change_for_fip-8427140297238'] for port (8dc86af9-f5e6-4889-a68f-1c1e4b8dba51), before_update {{(pid=103064) _notify_loop /opt/stack/data/venv/lib/python3.12/site-packages/neutron_lib/callbacks/manager.py:184}}
May 15 10:24:41.482327 np0000174321 devstack@neutron-api.service[103064]: DEBUG neutron.db.db_base_plugin_common [None req-bec66096-0cc7-417b-9bd0-d2f807feab91 admin admin] Allocated IP 10.2.5.1 (bb0af2ef-4ea8-4b06-a5a5-f158bbb465de/841e8a2b-d16b-49a3-9c14-36dbc60004b4/8dc86af9-f5e6-4889-a68f-1c1e4b8dba51) {{(pid=103064) _store_ip_allocation /opt/stack/neutron/neutron/db/db_base_plugin_common.py:131}}
May 15 10:24:41.548288 np0000174321 devstack@neutron-api.service[103064]: DEBUG neutron_lib.callbacks.manager [None req-bec66096-0cc7-417b-9bd0-d2f807feab91 admin admin] Publish callbacks [] for port (8dc86af9-f5e6-4889-a68f-1c1e4b8dba51), precommit_update {{(pid=103064) _notify_loop /opt/stack/data/venv/lib/python3.12/site-packages/neutron_lib/callbacks/manager.py:184}}
May 15 10:24:41.548543 np0000174321 devstack@neutron-api.service[103064]: DEBUG neutron.plugins.ml2.drivers.ovn.mech_driver.mech_driver [None req-bec66096-0cc7-417b-9bd0-d2f807feab91 admin admin] No provisioning block for port 8dc86af9-f5e6-4889-a68f-1c1e4b8dba51 since it does not have a host {{(pid=103064) _is_port_provisioning_required /opt/stack/neutron/neutron/plugins/ml2/drivers/ovn/mech_driver/mech_driver.py:894}}
May 15 10:24:41.560049 np0000174321 devstack@neutron-api.service[103064]: DEBUG neutron_lib.callbacks.manager [None req-bec66096-0cc7-417b-9bd0-d2f807feab91 admin admin] Publish callbacks ['neutron.plugins.ml2.ovo_rpc._ObjectChangeHandler.handle_event-2317594', 'neutron.services.ovn_l3.plugin.OVNL3RouterPlugin._port_update-8427138411834'] for port (8dc86af9-f5e6-4889-a68f-1c1e4b8dba51), after_update {{(pid=103064) _notify_loop /opt/stack/data/venv/lib/python3.12/site-packages/neutron_lib/callbacks/manager.py:184}}
May 15 10:24:41.592601 np0000174321 devstack@neutron-api.service[103064]: DEBUG neutron.api.rpc.handlers.resources_rpc [None req-bec66096-0cc7-417b-9bd0-d2f807feab91 admin admin] Pushing event updated for resources: {'Port': ['ID=8dc86af9-f5e6-4889-a68f-1c1e4b8dba51,revision_number=2']} {{(pid=103064) push /opt/stack/neutron/neutron/api/rpc/handlers/resources_rpc.py:237}}
May 15 10:24:41.676750 np0000174321 devstack@neutron-api.service[103064]: DEBUG ovsdbapp.backend.ovs_idl.transaction [None req-219b06a3-dec8-4ada-873c-ac9fdbfdc3d2 None None] Running txn n=1 command(idx=0): CheckRevisionNumberCommand(_result=None, name=8dc86af9-f5e6-4889-a68f-1c1e4b8dba51, resource={'id': '8dc86af9-f5e6-4889-a68f-1c1e4b8dba51', 'name': '', 'network_id': 'bb0af2ef-4ea8-4b06-a5a5-f158bbb465de', 'project_id': '286e5f563b9a41fabb4f3e1c7c52e2a8', 'mac_address': 'fa:16:3e:81:0b:d9', 'admin_state_up': True, 'status': 'DOWN', 'device_id': 'ovnmeta-bb0af2ef-4ea8-4b06-a5a5-f158bbb465de', 'device_owner': 'network:distributed', 'standard_attr_id': 44, 'fixed_ips': [{'subnet_id': '841e8a2b-d16b-49a3-9c14-36dbc60004b4', 'ip_address': '10.2.5.1'}], 'allowed_address_pairs': [], 'extra_dhcp_opts': [], 'security_groups': [], 'description': '', 'binding:vnic_type': 'normal', 'binding:profile': {}, 'binding:host_id': '', 'binding:vif_type': 'unbound', 'binding:vif_details': {}, 'port_security_enabled': False, 'tags': [], 'created_at': '2026-05-15T10:24:40Z', 'updated_at': '2026-05-15T10:24:41Z', 'revision_number': 2, 'tenant_id': '286e5f563b9a41fabb4f3e1c7c52e2a8', 'network': {'id': 'bb0af2ef-4ea8-4b06-a5a5-f158bbb465de', 'name': 'admin_net', 'tenant_id': '286e5f563b9a41fabb4f3e1c7c52e2a8', 'project_id': '286e5f563b9a41fabb4f3e1c7c52e2a8', 'admin_state_up': True, 'mtu': 1372, 'status': 'ACTIVE', 'subnets': ['841e8a2b-d16b-49a3-9c14-36dbc60004b4'], 'standard_attr_id': 42, 'shared': False, 'availability_zone_hints': [], 'availability_zones': [], 'ipv4_address_scope': None, 'ipv6_address_scope': None, 'router:external': False, 'qinq': False, 'vlan_transparent': False, 'description': '', 'port_security_enabled': True, 'tags': [], 'created_at': '2026-05-15T10:24:39Z', 'updated_at': '2026-05-15T10:24:41Z', 'revision_number': 2, 'provider:network_type': 'geneve', 'provider:physical_network': None, 'provider:segmentation_id': 36389}}, resource_type=ports, if_exists=True) {{(pid=103064) do_commit /opt/stack/data/venv/lib/python3.12/site-packages/ovsdbapp/backend/ovs_idl/transaction.py:89}}
May 15 10:24:41.677606 np0000174321 devstack@neutron-api.service[103064]: DEBUG ovsdbapp.backend.ovs_idl.transaction [None req-219b06a3-dec8-4ada-873c-ac9fdbfdc3d2 None None] Running txn n=1 command(idx=1): AddDHCPOptionsCommand(_result=None, columns={'cidr': '10.2.5.0/24', 'options': {'server_id': '10.2.5.1', 'lease_time': '43200', 'mtu': '1372', 'server_mac': 'fa:16:3e:41:90:6e', 'dns_server': '{127.0.0.53}', 'classless_static_route': '{169.254.169.254/32,10.2.5.1}'}, 'external_ids': {'subnet_id': '841e8a2b-d16b-49a3-9c14-36dbc60004b4', 'neutron:network_id': 'bb0af2ef-4ea8-4b06-a5a5-f158bbb465de', 'neutron:revision_number': '0'}}, may_exist=True, subnet_id=841e8a2b-d16b-49a3-9c14-36dbc60004b4, port_id=None, new_insert=False) {{(pid=103064) do_commit /opt/stack/data/venv/lib/python3.12/site-packages/ovsdbapp/backend/ovs_idl/transaction.py:89}}
May 15 10:24:41.677606 np0000174321 devstack@neutron-api.service[103064]: DEBUG ovsdbapp.backend.ovs_idl.transaction [None req-219b06a3-dec8-4ada-873c-ac9fdbfdc3d2 None None] Running txn n=1 command(idx=2): SetLSwitchPortCommand(_result=None, lport=8dc86af9-f5e6-4889-a68f-1c1e4b8dba51, external_ids_update=None, columns={'external_ids': {'neutron:port_name': '', 'neutron:device_id': 'ovnmeta-bb0af2ef-4ea8-4b06-a5a5-f158bbb465de', 'neutron:project_id': '286e5f563b9a41fabb4f3e1c7c52e2a8', 'neutron:cidrs': '10.2.5.1/24', 'neutron:device_owner': 'network:distributed', 'neutron:subnet_pool_addr_scope4': '', 'neutron:subnet_pool_addr_scope6': '', 'neutron:network_name': 'neutron-bb0af2ef-4ea8-4b06-a5a5-f158bbb465de', 'neutron:security_group_ids': '', 'neutron:revision_number': '2', 'neutron:vnic_type': 'normal', 'neutron:port_capabilities': '', 'neutron:mtu': ''}, 'parent_name': [], 'tag': [], 'options': {}, 'enabled': True, 'port_security': [], 'dhcpv4_options': [], 'dhcpv6_options': [], 'type': 'localport', 'addresses': ['fa:16:3e:81:0b:d9 10.2.5.1'], 'ha_chassis_group': []}, if_exists=False) {{(pid=103064) do_commit /opt/stack/data/venv/lib/python3.12/site-packages/ovsdbapp/backend/ovs_idl/transaction.py:89}}
May 15 10:24:41.678385 np0000174321 devstack@neutron-api.service[103064]: DEBUG ovsdbapp.backend.ovs_idl.transaction [None req-219b06a3-dec8-4ada-873c-ac9fdbfdc3d2 None None] Running txn n=1 command(idx=3): PgDelPortCommand(_result=None, port_group=neutron_pg_drop, lsp=['8dc86af9-f5e6-4889-a68f-1c1e4b8dba51'], if_exists=False) {{(pid=103064) do_commit /opt/stack/data/venv/lib/python3.12/site-packages/ovsdbapp/backend/ovs_idl/transaction.py:89}}
May 15 10:24:41.682254 np0000174321 devstack@neutron-api.service[103061]: DEBUG neutron.plugins.ml2.drivers.ovn.mech_driver.ovsdb.ovsdb_monitor [None req-6f2dabfa-c4e8-46f9-9a1f-86ebd355ac1e None None] Hash Ring: Node 9374382add8a53c2af9000f0587c8466 (host: np0000174321) handling event "create" for row 0b5fe5c3-2891-490e-a37f-6fb64fc70a25 (table: DHCP_Options) {{(pid=103061) notify /opt/stack/neutron/neutron/plugins/ml2/drivers/ovn/mech_driver/ovsdb/ovsdb_monitor.py:942}}
May 15 10:24:41.682776 np0000174321 devstack@neutron-api.service[103061]: DEBUG neutron.plugins.ml2.drivers.ovn.mech_driver.ovsdb.ovsdb_monitor [None req-6f2dabfa-c4e8-46f9-9a1f-86ebd355ac1e None None] Hash Ring: Node 9374382add8a53c2af9000f0587c8466 (host: np0000174321) handling event "update" for row 82ec73ed-1d79-4149-bfc0-6389e415b036 (table: Logical_Switch_Port) {{(pid=103061) notify /opt/stack/neutron/neutron/plugins/ml2/drivers/ovn/mech_driver/ovsdb/ovsdb_monitor.py:942}}
May 15 10:24:41.692945 np0000174321 devstack@neutron-api.service[103064]: DEBUG neutron.plugins.ml2.drivers.ovn.mech_driver.ovsdb.ovsdb_monitor [None req-062ab90c-ca3b-4471-ac5b-1c8ce382d808 None None] Hash Ring: Node 0dfae9e11dca50fdaecf19ecda5c6819 (host: np0000174321) handling event "update" for row 49b91b21-e23a-474b-bb66-621e38225e00 (table: Port_Binding) {{(pid=103064) notify /opt/stack/neutron/neutron/plugins/ml2/drivers/ovn/mech_driver/ovsdb/ovsdb_monitor.py:942}}
May 15 10:24:41.717753 np0000174321 devstack@neutron-api.service[103064]: INFO neutron.db.ovn_revision_numbers_db [None req-bec66096-0cc7-417b-9bd0-d2f807feab91 admin admin] Successfully bumped revision number for resource 8dc86af9-f5e6-4889-a68f-1c1e4b8dba51 (type: ports) to 2
May 15 10:24:41.729237 np0000174321 devstack@neutron-api.service[103064]: DEBUG neutron.plugins.ml2.plugin [None req-bec66096-0cc7-417b-9bd0-d2f807feab91 admin admin] In _notify_port_updated(), no bound segment for port 8dc86af9-f5e6-4889-a68f-1c1e4b8dba51 on network bb0af2ef-4ea8-4b06-a5a5-f158bbb465de {{(pid=103064) _notify_port_updated /opt/stack/neutron/neutron/plugins/ml2/plugin.py:1034}}
May 15 10:24:41.749900 np0000174321 devstack@neutron-api.service[103064]: INFO neutron.db.ovn_revision_numbers_db [None req-bec66096-0cc7-417b-9bd0-d2f807feab91 admin admin] Successfully bumped revision number for resource 841e8a2b-d16b-49a3-9c14-36dbc60004b4 (type: subnets) to 0
May 15 10:24:41.752057 np0000174321 devstack@neutron-api.service[103064]: DEBUG neutron.pecan_wsgi.hooks.policy_enforcement [None req-bec66096-0cc7-417b-9bd0-d2f807feab91 admin admin] Attributes excluded by policy engine: ['standard_attr_id', 'shared', 'network'] {{(pid=103064) _exclude_attributes_by_policy /opt/stack/neutron/neutron/pecan_wsgi/hooks/policy_enforcement.py:256}}
May 15 10:24:41.752409 np0000174321 devstack@neutron-api.service[103064]: DEBUG neutron_lib.callbacks.manager [None req-bec66096-0cc7-417b-9bd0-d2f807feab91 admin admin] Publish callbacks [] for subnet (None), before_response {{(pid=103064) _notify_loop /opt/stack/data/venv/lib/python3.12/site-packages/neutron_lib/callbacks/manager.py:184}}
May 15 10:24:41.768507 np0000174321 devstack@neutron-api.service[103064]: [pid: 103064|app: 0|req: 25/99] 199.204.45.74 () {68 vars in 1348 bytes} [Fri May 15 10:24:41 2026] POST /networking/v2.0/subnets => generated 625 bytes in 559 msecs (HTTP/1.1 201) 4 headers in 162 bytes (1 switches on core 0)
May 15 10:24:41.976940 np0000174321 devstack@neutron-api.service[103061]: INFO neutron.pecan_wsgi.hooks.translation [None req-b1549676-20d2-4e11-bf77-76da72d60aea admin admin] GET failed (client error): The resource could not be found.
May 15 10:24:41.977484 np0000174321 devstack@neutron-api.service[103061]: [pid: 103061|app: 0|req: 25/100] 199.204.45.74 () {64 vars in 1333 bytes} [Fri May 15 10:24:41 2026] GET /networking/v2.0/subnets/admin_subnet => generated 112 bytes in 12 msecs (HTTP/1.1 404) 4 headers in 164 bytes (1 switches on core 0)
May 15 10:24:42.008169 np0000174321 devstack@neutron-api.service[103062]: DEBUG neutron.pecan_wsgi.hooks.policy_enforcement [None req-d3f002d6-8c63-4299-8dfb-4fd5c9f84ee0 admin admin] Attributes excluded by policy engine: ['standard_attr_id', 'shared'] {{(pid=103062) _exclude_attributes_by_policy /opt/stack/neutron/neutron/pecan_wsgi/hooks/policy_enforcement.py:256}}
May 15 10:24:42.009053 np0000174321 devstack@neutron-api.service[103062]: [pid: 103062|app: 0|req: 25/101] 199.204.45.74 () {64 vars in 1342 bytes} [Fri May 15 10:24:41 2026] GET /networking/v2.0/subnets?name=admin_subnet => generated 628 bytes in 23 msecs (HTTP/1.1 200) 4 headers in 157 bytes (1 switches on core 0)
May 15 10:24:44.688581 np0000174321 devstack@neutron-api.service[103063]: DEBUG futurist.periodics [-] Submitting periodic callback 'neutron.plugins.ml2.drivers.ovn.mech_driver.ovsdb.maintenance.HashRingHealthCheckPeriodics.touch_hash_ring_node' {{(pid=103063) _process_scheduled /opt/stack/data/venv/lib/python3.12/site-packages/futurist/periodics.py:784}}
May 15 10:24:44.689284 np0000174321 devstack@neutron-api.service[103063]: DEBUG neutron.plugins.ml2.drivers.ovn.mech_driver.ovsdb.maintenance [-] Touching Hash Ring node "862f4fdf11aa5aacae1a1a8be81cc5ec" from periodic health check thread {{(pid=103063) touch_hash_ring_node /opt/stack/neutron/neutron/plugins/ml2/drivers/ovn/mech_driver/ovsdb/maintenance.py:1466}}
May 15 10:24:45.025401 np0000174321 devstack@neutron-api.service[103061]: DEBUG neutron.plugins.ml2.drivers.ovn.mech_driver.ovsdb.ovsdb_monitor [None req-10ece53d-8d9f-4d65-9c10-f4bc0862b10f None None] ChassisOVNAgentWriteEvent : Matched Chassis_Private, update, None None {{(pid=103061) matches /opt/stack/neutron/neutron/plugins/ml2/drivers/ovn/mech_driver/ovsdb/ovsdb_monitor.py:64}}
May 15 10:24:45.026229 np0000174321 devstack@neutron-api.service[103063]: DEBUG neutron.plugins.ml2.drivers.ovn.mech_driver.ovsdb.ovsdb_monitor [None req-3a0229cf-1534-443f-9e68-2f69cd33c38a None None] ChassisOVNAgentWriteEvent : Matched Chassis_Private, update, None None {{(pid=103063) matches /opt/stack/neutron/neutron/plugins/ml2/drivers/ovn/mech_driver/ovsdb/ovsdb_monitor.py:64}}
May 15 10:24:45.030135 np0000174321 devstack@neutron-api.service[103064]: DEBUG neutron.plugins.ml2.drivers.ovn.mech_driver.ovsdb.ovsdb_monitor [None req-062ab90c-ca3b-4471-ac5b-1c8ce382d808 None None] ChassisOVNAgentWriteEvent : Matched Chassis_Private, update, None None {{(pid=103064) matches /opt/stack/neutron/neutron/plugins/ml2/drivers/ovn/mech_driver/ovsdb/ovsdb_monitor.py:64}}
May 15 10:24:45.030339 np0000174321 devstack@neutron-api.service[103062]: DEBUG neutron.plugins.ml2.drivers.ovn.mech_driver.ovsdb.ovsdb_monitor [None req-fe808bec-a8d1-4b77-a34c-4432f2522eb5 None None] ChassisOVNAgentWriteEvent : Matched Chassis_Private, update, None None {{(pid=103062) matches /opt/stack/neutron/neutron/plugins/ml2/drivers/ovn/mech_driver/ovsdb/ovsdb_monitor.py:64}}
May 15 10:24:45.030339 np0000174321 devstack@neutron-api.service[103062]: DEBUG neutron.plugins.ml2.drivers.ovn.mech_driver.ovsdb.ovsdb_monitor [None req-fe808bec-a8d1-4b77-a34c-4432f2522eb5 None None] Hash Ring: Node c21b25b2133a5ff7b6d7437ff9b9fd84 (host: np0000174321) handling event "update" for row 81cee281-0cec-41ab-8225-24e9d7cdbd7a (table: Chassis_Private) {{(pid=103062) notify /opt/stack/neutron/neutron/plugins/ml2/drivers/ovn/mech_driver/ovsdb/ovsdb_monitor.py:942}}
May 15 10:24:45.585793 np0000174321 devstack@neutron-api.service[103064]: DEBUG futurist.periodics [-] Submitting periodic callback 'neutron.plugins.ml2.drivers.ovn.mech_driver.ovsdb.maintenance.HashRingHealthCheckPeriodics.touch_hash_ring_node' {{(pid=103064) _process_scheduled /opt/stack/data/venv/lib/python3.12/site-packages/futurist/periodics.py:784}}
May 15 10:24:45.586163 np0000174321 devstack@neutron-api.service[103064]: DEBUG neutron.plugins.ml2.drivers.ovn.mech_driver.ovsdb.maintenance [-] Touching Hash Ring node "0dfae9e11dca50fdaecf19ecda5c6819" from periodic health check thread {{(pid=103064) touch_hash_ring_node /opt/stack/neutron/neutron/plugins/ml2/drivers/ovn/mech_driver/ovsdb/maintenance.py:1466}}
