May 19 10:09:15.312156 np0000174690 nova-scheduler[108188]: DEBUG cotyledon.oslo_config_glue [-] workarounds.disable_rootwrap = False {{(pid=108188) log_opt_values /opt/stack/data/venv/lib/python3.12/site-packages/oslo_config/cfg.py:3006}}
May 19 10:09:15.312375 np0000174690 nova-scheduler[108188]: DEBUG cotyledon.oslo_config_glue [-] workarounds.enable_numa_live_migration = False {{(pid=108188) log_opt_values /opt/stack/data/venv/lib/python3.12/site-packages/oslo_config/cfg.py:3006}}
May 19 10:09:15.312375 np0000174690 nova-scheduler[108188]: DEBUG cotyledon.oslo_config_glue [-] workarounds.enable_qemu_monitor_announce_self = False {{(pid=108188) log_opt_values /opt/stack/data/venv/lib/python3.12/site-packages/oslo_config/cfg.py:3006}}
May 19 10:09:15.312375 np0000174690 nova-scheduler[108188]: DEBUG cotyledon.oslo_config_glue [-] workarounds.ensure_libvirt_rbd_instance_dir_cleanup = False {{(pid=108188) log_opt_values /opt/stack/data/venv/lib/python3.12/site-packages/oslo_config/cfg.py:3006}}
May 19 10:09:15.312375 np0000174690 nova-scheduler[108188]: DEBUG cotyledon.oslo_config_glue [-] workarounds.handle_virt_lifecycle_events = True {{(pid=108188) log_opt_values /opt/stack/data/venv/lib/python3.12/site-packages/oslo_config/cfg.py:3006}}
May 19 10:09:15.312375 np0000174690 nova-scheduler[108188]: DEBUG cotyledon.oslo_config_glue [-] workarounds.libvirt_disable_apic = False {{(pid=108188) log_opt_values /opt/stack/data/venv/lib/python3.12/site-packages/oslo_config/cfg.py:3006}}
May 19 10:09:15.312521 np0000174690 nova-scheduler[108171]: DEBUG dbcounter [-] [108171] Writer thread running {{(pid=108171) stat_writer /opt/stack/data/venv/lib/python3.12/site-packages/dbcounter.py:102}}
May 19 10:09:15.312556 np0000174690 nova-scheduler[108188]: DEBUG cotyledon.oslo_config_glue [-] workarounds.never_download_image_if_on_rbd = False {{(pid=108188) log_opt_values /opt/stack/data/venv/lib/python3.12/site-packages/oslo_config/cfg.py:3006}}
May 19 10:09:15.312556 np0000174690 nova-scheduler[108188]: DEBUG cotyledon.oslo_config_glue [-] workarounds.qemu_monitor_announce_self_count = 3 {{(pid=108188) log_opt_values /opt/stack/data/venv/lib/python3.12/site-packages/oslo_config/cfg.py:3006}}
May 19 10:09:15.312556 np0000174690 nova-scheduler[108188]: DEBUG cotyledon.oslo_config_glue [-] workarounds.qemu_monitor_announce_self_interval = 1 {{(pid=108188) log_opt_values /opt/stack/data/venv/lib/python3.12/site-packages/oslo_config/cfg.py:3006}}
May 19 10:09:15.312556 np0000174690 nova-scheduler[108188]: DEBUG cotyledon.oslo_config_glue [-] workarounds.reserve_disk_resource_for_image_cache = False {{(pid=108188) log_opt_values /opt/stack/data/venv/lib/python3.12/site-packages/oslo_config/cfg.py:3006}}
May 19 10:09:15.312556 np0000174690 nova-scheduler[108188]: DEBUG cotyledon.oslo_config_glue [-] workarounds.skip_cpu_compare_at_startup = False {{(pid=108188) log_opt_values /opt/stack/data/venv/lib/python3.12/site-packages/oslo_config/cfg.py:3006}}
May 19 10:09:15.312556 np0000174690 nova-scheduler[108188]: DEBUG cotyledon.oslo_config_glue [-] workarounds.skip_cpu_compare_on_dest = False {{(pid=108188) log_opt_values /opt/stack/data/venv/lib/python3.12/site-packages/oslo_config/cfg.py:3006}}
May 19 10:09:15.312556 np0000174690 nova-scheduler[108188]: DEBUG cotyledon.oslo_config_glue [-] workarounds.skip_hypervisor_version_check_on_lm = False {{(pid=108188) log_opt_values /opt/stack/data/venv/lib/python3.12/site-packages/oslo_config/cfg.py:3006}}
May 19 10:09:15.312556 np0000174690 nova-scheduler[108188]: DEBUG cotyledon.oslo_config_glue [-] workarounds.skip_reserve_in_use_ironic_nodes = False {{(pid=108188) log_opt_values /opt/stack/data/venv/lib/python3.12/site-packages/oslo_config/cfg.py:3006}}
May 19 10:09:15.312763 np0000174690 nova-scheduler[108188]: DEBUG cotyledon.oslo_config_glue [-] workarounds.unified_limits_count_pcpu_as_vcpu = False {{(pid=108188) log_opt_values /opt/stack/data/venv/lib/python3.12/site-packages/oslo_config/cfg.py:3006}}
May 19 10:09:15.312763 np0000174690 nova-scheduler[108188]: DEBUG cotyledon.oslo_config_glue [-] workarounds.wait_for_vif_plugged_event_during_hard_reboot = [] {{(pid=108188) log_opt_values /opt/stack/data/venv/lib/python3.12/site-packages/oslo_config/cfg.py:3006}}
May 19 10:09:15.312763 np0000174690 nova-scheduler[108188]: DEBUG cotyledon.oslo_config_glue [-] wsgi.api_paste_config = /etc/nova/api-paste.ini {{(pid=108188) log_opt_values /opt/stack/data/venv/lib/python3.12/site-packages/oslo_config/cfg.py:3006}}
May 19 10:09:15.312763 np0000174690 nova-scheduler[108188]: DEBUG cotyledon.oslo_config_glue [-] wsgi.secure_proxy_ssl_header = None {{(pid=108188) log_opt_values /opt/stack/data/venv/lib/python3.12/site-packages/oslo_config/cfg.py:3006}}
May 19 10:09:15.312763 np0000174690 nova-scheduler[108188]: DEBUG cotyledon.oslo_config_glue [-] zvm.ca_file = None {{(pid=108188) log_opt_values /opt/stack/data/venv/lib/python3.12/site-packages/oslo_config/cfg.py:3006}}
May 19 10:09:15.312763 np0000174690 nova-scheduler[108188]: DEBUG cotyledon.oslo_config_glue [-] zvm.cloud_connector_url = None {{(pid=108188) log_opt_values /opt/stack/data/venv/lib/python3.12/site-packages/oslo_config/cfg.py:3006}}
May 19 10:09:15.312763 np0000174690 nova-scheduler[108188]: DEBUG cotyledon.oslo_config_glue [-] zvm.image_tmp_path = /opt/stack/data/nova/images {{(pid=108188) log_opt_values /opt/stack/data/venv/lib/python3.12/site-packages/oslo_config/cfg.py:3006}}
May 19 10:09:15.312763 np0000174690 nova-scheduler[108188]: DEBUG cotyledon.oslo_config_glue [-] zvm.reachable_timeout = 300 {{(pid=108188) log_opt_values /opt/stack/data/venv/lib/python3.12/site-packages/oslo_config/cfg.py:3006}}
May 19 10:09:15.312763 np0000174690 nova-scheduler[108188]: DEBUG cotyledon.oslo_config_glue [-] oslo_versionedobjects.fatal_exception_format_errors = False {{(pid=108188) log_opt_values /opt/stack/data/venv/lib/python3.12/site-packages/oslo_config/cfg.py:3006}}
May 19 10:09:15.312980 np0000174690 nova-scheduler[108188]: DEBUG cotyledon.oslo_config_glue [-] oslo_middleware.http_basic_auth_user_file = /etc/htpasswd {{(pid=108188) log_opt_values /opt/stack/data/venv/lib/python3.12/site-packages/oslo_config/cfg.py:3006}}
May 19 10:09:15.312980 np0000174690 nova-scheduler[108188]: DEBUG cotyledon.oslo_config_glue [-] oslo_messaging_metrics.metrics_buffer_size = 1000 {{(pid=108188) log_opt_values /opt/stack/data/venv/lib/python3.12/site-packages/oslo_config/cfg.py:3006}}
May 19 10:09:15.312980 np0000174690 nova-scheduler[108188]: DEBUG cotyledon.oslo_config_glue [-] oslo_messaging_metrics.metrics_enabled = False {{(pid=108188) log_opt_values /opt/stack/data/venv/lib/python3.12/site-packages/oslo_config/cfg.py:3006}}
May 19 10:09:15.312980 np0000174690 nova-scheduler[108188]: DEBUG cotyledon.oslo_config_glue [-] oslo_messaging_metrics.metrics_process_name = {{(pid=108188) log_opt_values /opt/stack/data/venv/lib/python3.12/site-packages/oslo_config/cfg.py:3006}}
May 19 10:09:15.312980 np0000174690 nova-scheduler[108188]: DEBUG cotyledon.oslo_config_glue [-] oslo_messaging_metrics.metrics_socket_file = /var/tmp/metrics_collector.sock {{(pid=108188) log_opt_values /opt/stack/data/venv/lib/python3.12/site-packages/oslo_config/cfg.py:3006}}
May 19 10:09:15.312980 np0000174690 nova-scheduler[108188]: DEBUG cotyledon.oslo_config_glue [-] oslo_messaging_metrics.metrics_thread_stop_timeout = 10 {{(pid=108188) log_opt_values /opt/stack/data/venv/lib/python3.12/site-packages/oslo_config/cfg.py:3006}}
May 19 10:09:15.312980 np0000174690 nova-scheduler[108188]: DEBUG cotyledon.oslo_config_glue [-] profiler.connection_string = messaging:// {{(pid=108188) log_opt_values /opt/stack/data/venv/lib/python3.12/site-packages/oslo_config/cfg.py:3006}}
May 19 10:09:15.312980 np0000174690 nova-scheduler[108188]: DEBUG cotyledon.oslo_config_glue [-] profiler.enabled = False {{(pid=108188) log_opt_values /opt/stack/data/venv/lib/python3.12/site-packages/oslo_config/cfg.py:3006}}
May 19 10:09:15.313160 np0000174690 nova-scheduler[108188]: DEBUG cotyledon.oslo_config_glue [-] profiler.es_doc_type = notification {{(pid=108188) log_opt_values /opt/stack/data/venv/lib/python3.12/site-packages/oslo_config/cfg.py:3006}}
May 19 10:09:15.313160 np0000174690 nova-scheduler[108188]: DEBUG cotyledon.oslo_config_glue [-] profiler.es_scroll_size = 10000 {{(pid=108188) log_opt_values /opt/stack/data/venv/lib/python3.12/site-packages/oslo_config/cfg.py:3006}}
May 19 10:09:15.313160 np0000174690 nova-scheduler[108188]: DEBUG cotyledon.oslo_config_glue [-] profiler.es_scroll_time = 2m {{(pid=108188) log_opt_values /opt/stack/data/venv/lib/python3.12/site-packages/oslo_config/cfg.py:3006}}
May 19 10:09:15.313160 np0000174690 nova-scheduler[108188]: DEBUG cotyledon.oslo_config_glue [-] profiler.filter_error_trace = False {{(pid=108188) log_opt_values /opt/stack/data/venv/lib/python3.12/site-packages/oslo_config/cfg.py:3006}}
May 19 10:09:15.313160 np0000174690 nova-scheduler[108188]: DEBUG cotyledon.oslo_config_glue [-] profiler.hmac_keys = **** {{(pid=108188) log_opt_values /opt/stack/data/venv/lib/python3.12/site-packages/oslo_config/cfg.py:3006}}
May 19 10:09:15.313160 np0000174690 nova-scheduler[108188]: DEBUG cotyledon.oslo_config_glue [-] profiler.sentinel_service_name = mymaster {{(pid=108188) log_opt_values /opt/stack/data/venv/lib/python3.12/site-packages/oslo_config/cfg.py:3006}}
May 19 10:09:15.313160 np0000174690 nova-scheduler[108188]: DEBUG cotyledon.oslo_config_glue [-] profiler.socket_timeout = 0.1 {{(pid=108188) log_opt_values /opt/stack/data/venv/lib/python3.12/site-packages/oslo_config/cfg.py:3006}}
May 19 10:09:15.313160 np0000174690 nova-scheduler[108188]: DEBUG cotyledon.oslo_config_glue [-] profiler.trace_requests = False {{(pid=108188) log_opt_values /opt/stack/data/venv/lib/python3.12/site-packages/oslo_config/cfg.py:3006}}
May 19 10:09:15.313160 np0000174690 nova-scheduler[108188]: DEBUG cotyledon.oslo_config_glue [-] profiler.trace_sqlalchemy = False {{(pid=108188) log_opt_values /opt/stack/data/venv/lib/python3.12/site-packages/oslo_config/cfg.py:3006}}
May 19 10:09:15.313370 np0000174690 nova-scheduler[108188]: DEBUG cotyledon.oslo_config_glue [-] profiler_jaeger.process_tags = {} {{(pid=108188) log_opt_values /opt/stack/data/venv/lib/python3.12/site-packages/oslo_config/cfg.py:3006}}
May 19 10:09:15.313370 np0000174690 nova-scheduler[108188]: DEBUG cotyledon.oslo_config_glue [-] profiler_jaeger.service_name_prefix = None {{(pid=108188) log_opt_values /opt/stack/data/venv/lib/python3.12/site-packages/oslo_config/cfg.py:3006}}
May 19 10:09:15.313370 np0000174690 nova-scheduler[108188]: DEBUG cotyledon.oslo_config_glue [-] profiler_otlp.service_name_prefix = None {{(pid=108188) log_opt_values /opt/stack/data/venv/lib/python3.12/site-packages/oslo_config/cfg.py:3006}}
May 19 10:09:15.313370 np0000174690 nova-scheduler[108188]: DEBUG cotyledon.oslo_config_glue [-] oslo_messaging_rabbit.amqp_auto_delete = False {{(pid=108188) log_opt_values /opt/stack/data/venv/lib/python3.12/site-packages/oslo_config/cfg.py:3006}}
May 19 10:09:15.313370 np0000174690 nova-scheduler[108188]: DEBUG cotyledon.oslo_config_glue [-] oslo_messaging_rabbit.amqp_durable_queues = False {{(pid=108188) log_opt_values /opt/stack/data/venv/lib/python3.12/site-packages/oslo_config/cfg.py:3006}}
May 19 10:09:15.313370 np0000174690 nova-scheduler[108188]: DEBUG cotyledon.oslo_config_glue [-] oslo_messaging_rabbit.conn_pool_min_size = 2 {{(pid=108188) log_opt_values /opt/stack/data/venv/lib/python3.12/site-packages/oslo_config/cfg.py:3006}}
May 19 10:09:15.313370 np0000174690 nova-scheduler[108188]: DEBUG cotyledon.oslo_config_glue [-] oslo_messaging_rabbit.conn_pool_ttl = 1200 {{(pid=108188) log_opt_values /opt/stack/data/venv/lib/python3.12/site-packages/oslo_config/cfg.py:3006}}
May 19 10:09:15.313370 np0000174690 nova-scheduler[108188]: DEBUG cotyledon.oslo_config_glue [-] oslo_messaging_rabbit.direct_mandatory_flag = True {{(pid=108188) log_opt_values /opt/stack/data/venv/lib/python3.12/site-packages/oslo_config/cfg.py:3006}}
May 19 10:09:15.313370 np0000174690 nova-scheduler[108188]: DEBUG cotyledon.oslo_config_glue [-] oslo_messaging_rabbit.enable_cancel_on_failover = False {{(pid=108188) log_opt_values /opt/stack/data/venv/lib/python3.12/site-packages/oslo_config/cfg.py:3006}}
May 19 10:09:15.313605 np0000174690 nova-scheduler[108188]: DEBUG cotyledon.oslo_config_glue [-] oslo_messaging_rabbit.heartbeat_rate = 3 {{(pid=108188) log_opt_values /opt/stack/data/venv/lib/python3.12/site-packages/oslo_config/cfg.py:3006}}
May 19 10:09:15.313605 np0000174690 nova-scheduler[108188]: DEBUG cotyledon.oslo_config_glue [-] oslo_messaging_rabbit.heartbeat_timeout_threshold = 60 {{(pid=108188) log_opt_values /opt/stack/data/venv/lib/python3.12/site-packages/oslo_config/cfg.py:3006}}
May 19 10:09:15.313605 np0000174690 nova-scheduler[108188]: DEBUG cotyledon.oslo_config_glue [-] oslo_messaging_rabbit.hostname = np0000174690 {{(pid=108188) log_opt_values /opt/stack/data/venv/lib/python3.12/site-packages/oslo_config/cfg.py:3006}}
May 19 10:09:15.313605 np0000174690 nova-scheduler[108188]: DEBUG cotyledon.oslo_config_glue [-] oslo_messaging_rabbit.kombu_compression = None {{(pid=108188) log_opt_values /opt/stack/data/venv/lib/python3.12/site-packages/oslo_config/cfg.py:3006}}
May 19 10:09:15.313605 np0000174690 nova-scheduler[108188]: DEBUG cotyledon.oslo_config_glue [-] oslo_messaging_rabbit.kombu_failover_strategy = round-robin {{(pid=108188) log_opt_values /opt/stack/data/venv/lib/python3.12/site-packages/oslo_config/cfg.py:3006}}
May 19 10:09:15.313605 np0000174690 nova-scheduler[108188]: DEBUG cotyledon.oslo_config_glue [-] oslo_messaging_rabbit.kombu_missing_consumer_retry_timeout = 60 {{(pid=108188) log_opt_values /opt/stack/data/venv/lib/python3.12/site-packages/oslo_config/cfg.py:3006}}
May 19 10:09:15.313605 np0000174690 nova-scheduler[108188]: DEBUG cotyledon.oslo_config_glue [-] oslo_messaging_rabbit.kombu_reconnect_delay = 1.0 {{(pid=108188) log_opt_values /opt/stack/data/venv/lib/python3.12/site-packages/oslo_config/cfg.py:3006}}
May 19 10:09:15.313605 np0000174690 nova-scheduler[108188]: DEBUG cotyledon.oslo_config_glue [-] oslo_messaging_rabbit.kombu_reconnect_splay = 0.0 {{(pid=108188) log_opt_values /opt/stack/data/venv/lib/python3.12/site-packages/oslo_config/cfg.py:3006}}
May 19 10:09:15.313809 np0000174690 nova-scheduler[108188]: DEBUG cotyledon.oslo_config_glue [-] oslo_messaging_rabbit.processname = nova-scheduler {{(pid=108188) log_opt_values /opt/stack/data/venv/lib/python3.12/site-packages/oslo_config/cfg.py:3006}}
May 19 10:09:15.313809 np0000174690 nova-scheduler[108188]: DEBUG cotyledon.oslo_config_glue [-] oslo_messaging_rabbit.rabbit_ha_queues = False {{(pid=108188) log_opt_values /opt/stack/data/venv/lib/python3.12/site-packages/oslo_config/cfg.py:3006}}
May 19 10:09:15.313809 np0000174690 nova-scheduler[108188]: DEBUG cotyledon.oslo_config_glue [-] oslo_messaging_rabbit.rabbit_interval_max = 30 {{(pid=108188) log_opt_values /opt/stack/data/venv/lib/python3.12/site-packages/oslo_config/cfg.py:3006}}
May 19 10:09:15.313809 np0000174690 nova-scheduler[108188]: DEBUG cotyledon.oslo_config_glue [-] oslo_messaging_rabbit.rabbit_login_method = AMQPLAIN {{(pid=108188) log_opt_values /opt/stack/data/venv/lib/python3.12/site-packages/oslo_config/cfg.py:3006}}
May 19 10:09:15.313809 np0000174690 nova-scheduler[108188]: DEBUG cotyledon.oslo_config_glue [-] oslo_messaging_rabbit.rabbit_qos_prefetch_count = 0 {{(pid=108188) log_opt_values /opt/stack/data/venv/lib/python3.12/site-packages/oslo_config/cfg.py:3006}}
May 19 10:09:15.313809 np0000174690 nova-scheduler[108188]: DEBUG cotyledon.oslo_config_glue [-] oslo_messaging_rabbit.rabbit_quorum_delivery_limit = 0 {{(pid=108188) log_opt_values /opt/stack/data/venv/lib/python3.12/site-packages/oslo_config/cfg.py:3006}}
May 19 10:09:15.313809 np0000174690 nova-scheduler[108188]: DEBUG cotyledon.oslo_config_glue [-] oslo_messaging_rabbit.rabbit_quorum_max_memory_bytes = 0 {{(pid=108188) log_opt_values /opt/stack/data/venv/lib/python3.12/site-packages/oslo_config/cfg.py:3006}}
May 19 10:09:15.313809 np0000174690 nova-scheduler[108188]: DEBUG cotyledon.oslo_config_glue [-] oslo_messaging_rabbit.rabbit_quorum_max_memory_length = 0 {{(pid=108188) log_opt_values /opt/stack/data/venv/lib/python3.12/site-packages/oslo_config/cfg.py:3006}}
May 19 10:09:15.314015 np0000174690 nova-scheduler[108188]: DEBUG cotyledon.oslo_config_glue [-] oslo_messaging_rabbit.rabbit_quorum_queue = False {{(pid=108188) log_opt_values /opt/stack/data/venv/lib/python3.12/site-packages/oslo_config/cfg.py:3006}}
May 19 10:09:15.314015 np0000174690 nova-scheduler[108188]: DEBUG cotyledon.oslo_config_glue [-] oslo_messaging_rabbit.rabbit_retry_backoff = 2 {{(pid=108188) log_opt_values /opt/stack/data/venv/lib/python3.12/site-packages/oslo_config/cfg.py:3006}}
May 19 10:09:15.314015 np0000174690 nova-scheduler[108188]: DEBUG cotyledon.oslo_config_glue [-] oslo_messaging_rabbit.rabbit_retry_interval = 1 {{(pid=108188) log_opt_values /opt/stack/data/venv/lib/python3.12/site-packages/oslo_config/cfg.py:3006}}
May 19 10:09:15.314015 np0000174690 nova-scheduler[108188]: DEBUG cotyledon.oslo_config_glue [-] oslo_messaging_rabbit.rabbit_stream_fanout = False {{(pid=108188) log_opt_values /opt/stack/data/venv/lib/python3.12/site-packages/oslo_config/cfg.py:3006}}
May 19 10:09:15.314015 np0000174690 nova-scheduler[108188]: DEBUG cotyledon.oslo_config_glue [-] oslo_messaging_rabbit.rabbit_transient_queues_ttl = 1800 {{(pid=108188) log_opt_values /opt/stack/data/venv/lib/python3.12/site-packages/oslo_config/cfg.py:3006}}
May 19 10:09:15.314015 np0000174690 nova-scheduler[108188]: DEBUG cotyledon.oslo_config_glue [-] oslo_messaging_rabbit.rabbit_transient_quorum_queue = False {{(pid=108188) log_opt_values /opt/stack/data/venv/lib/python3.12/site-packages/oslo_config/cfg.py:3006}}
May 19 10:09:15.314015 np0000174690 nova-scheduler[108188]: DEBUG cotyledon.oslo_config_glue [-] oslo_messaging_rabbit.rpc_conn_pool_size = 30 {{(pid=108188) log_opt_values /opt/stack/data/venv/lib/python3.12/site-packages/oslo_config/cfg.py:3006}}
May 19 10:09:15.314015 np0000174690 nova-scheduler[108188]: DEBUG cotyledon.oslo_config_glue [-] oslo_messaging_rabbit.ssl = False {{(pid=108188) log_opt_values /opt/stack/data/venv/lib/python3.12/site-packages/oslo_config/cfg.py:3006}}
May 19 10:09:15.314015 np0000174690 nova-scheduler[108188]: DEBUG cotyledon.oslo_config_glue [-] oslo_messaging_rabbit.ssl_ca_file = {{(pid=108188) log_opt_values /opt/stack/data/venv/lib/python3.12/site-packages/oslo_config/cfg.py:3006}}
May 19 10:09:15.314240 np0000174690 nova-scheduler[108188]: DEBUG cotyledon.oslo_config_glue [-] oslo_messaging_rabbit.ssl_cert_file = {{(pid=108188) log_opt_values /opt/stack/data/venv/lib/python3.12/site-packages/oslo_config/cfg.py:3006}}
May 19 10:09:15.314240 np0000174690 nova-scheduler[108188]: DEBUG cotyledon.oslo_config_glue [-] oslo_messaging_rabbit.ssl_enforce_fips_mode = False {{(pid=108188) log_opt_values /opt/stack/data/venv/lib/python3.12/site-packages/oslo_config/cfg.py:3006}}
May 19 10:09:15.314240 np0000174690 nova-scheduler[108188]: DEBUG cotyledon.oslo_config_glue [-] oslo_messaging_rabbit.ssl_key_file = {{(pid=108188) log_opt_values /opt/stack/data/venv/lib/python3.12/site-packages/oslo_config/cfg.py:3006}}
May 19 10:09:15.314240 np0000174690 nova-scheduler[108188]: DEBUG cotyledon.oslo_config_glue [-] oslo_messaging_rabbit.ssl_version = {{(pid=108188) log_opt_values /opt/stack/data/venv/lib/python3.12/site-packages/oslo_config/cfg.py:3006}}
May 19 10:09:15.314240 np0000174690 nova-scheduler[108188]: DEBUG cotyledon.oslo_config_glue [-] oslo_messaging_rabbit.use_queue_manager = False {{(pid=108188) log_opt_values /opt/stack/data/venv/lib/python3.12/site-packages/oslo_config/cfg.py:3006}}
May 19 10:09:15.314240 np0000174690 nova-scheduler[108188]: DEBUG cotyledon.oslo_config_glue [-] oslo_messaging_notifications.driver = ['messagingv2'] {{(pid=108188) log_opt_values /opt/stack/data/venv/lib/python3.12/site-packages/oslo_config/cfg.py:3006}}
May 19 10:09:15.314240 np0000174690 nova-scheduler[108188]: DEBUG cotyledon.oslo_config_glue [-] oslo_messaging_notifications.retry = -1 {{(pid=108188) log_opt_values /opt/stack/data/venv/lib/python3.12/site-packages/oslo_config/cfg.py:3006}}
May 19 10:09:15.314240 np0000174690 nova-scheduler[108188]: DEBUG cotyledon.oslo_config_glue [-] oslo_messaging_notifications.topics = ['notifications'] {{(pid=108188) log_opt_values /opt/stack/data/venv/lib/python3.12/site-packages/oslo_config/cfg.py:3006}}
May 19 10:09:15.314240 np0000174690 nova-scheduler[108188]: DEBUG cotyledon.oslo_config_glue [-] oslo_messaging_notifications.transport_url = **** {{(pid=108188) log_opt_values /opt/stack/data/venv/lib/python3.12/site-packages/oslo_config/cfg.py:3006}}
May 19 10:09:15.314454 np0000174690 nova-scheduler[108188]: DEBUG cotyledon.oslo_config_glue [-] oslo_limit.auth_section = None {{(pid=108188) log_opt_values /opt/stack/data/venv/lib/python3.12/site-packages/oslo_config/cfg.py:3006}}
May 19 10:09:15.314454 np0000174690 nova-scheduler[108188]: DEBUG cotyledon.oslo_config_glue [-] oslo_limit.auth_type = None {{(pid=108188) log_opt_values /opt/stack/data/venv/lib/python3.12/site-packages/oslo_config/cfg.py:3006}}
May 19 10:09:15.314454 np0000174690 nova-scheduler[108188]: DEBUG cotyledon.oslo_config_glue [-] oslo_limit.cafile = None {{(pid=108188) log_opt_values /opt/stack/data/venv/lib/python3.12/site-packages/oslo_config/cfg.py:3006}}
May 19 10:09:15.314454 np0000174690 nova-scheduler[108188]: DEBUG cotyledon.oslo_config_glue [-] oslo_limit.certfile = None {{(pid=108188) log_opt_values /opt/stack/data/venv/lib/python3.12/site-packages/oslo_config/cfg.py:3006}}
May 19 10:09:15.314454 np0000174690 nova-scheduler[108188]: DEBUG cotyledon.oslo_config_glue [-] oslo_limit.collect_timing = False {{(pid=108188) log_opt_values /opt/stack/data/venv/lib/python3.12/site-packages/oslo_config/cfg.py:3006}}
May 19 10:09:15.314454 np0000174690 nova-scheduler[108188]: DEBUG cotyledon.oslo_config_glue [-] oslo_limit.connect_retries = None {{(pid=108188) log_opt_values /opt/stack/data/venv/lib/python3.12/site-packages/oslo_config/cfg.py:3006}}
May 19 10:09:15.314454 np0000174690 nova-scheduler[108188]: DEBUG cotyledon.oslo_config_glue [-] oslo_limit.connect_retry_delay = None {{(pid=108188) log_opt_values /opt/stack/data/venv/lib/python3.12/site-packages/oslo_config/cfg.py:3006}}
May 19 10:09:15.314454 np0000174690 nova-scheduler[108188]: DEBUG cotyledon.oslo_config_glue [-] oslo_limit.endpoint_id = None {{(pid=108188) log_opt_values /opt/stack/data/venv/lib/python3.12/site-packages/oslo_config/cfg.py:3006}}
May 19 10:09:15.314454 np0000174690 nova-scheduler[108188]: DEBUG cotyledon.oslo_config_glue [-] oslo_limit.endpoint_interface = public {{(pid=108188) log_opt_values /opt/stack/data/venv/lib/python3.12/site-packages/oslo_config/cfg.py:3006}}
May 19 10:09:15.314698 np0000174690 nova-scheduler[108188]: DEBUG cotyledon.oslo_config_glue [-] oslo_limit.endpoint_override = None {{(pid=108188) log_opt_values /opt/stack/data/venv/lib/python3.12/site-packages/oslo_config/cfg.py:3006}}
May 19 10:09:15.314698 np0000174690 nova-scheduler[108188]: DEBUG cotyledon.oslo_config_glue [-] oslo_limit.endpoint_region_name = None {{(pid=108188) log_opt_values /opt/stack/data/venv/lib/python3.12/site-packages/oslo_config/cfg.py:3006}}
May 19 10:09:15.314698 np0000174690 nova-scheduler[108188]: DEBUG cotyledon.oslo_config_glue [-] oslo_limit.endpoint_service_name = None {{(pid=108188) log_opt_values /opt/stack/data/venv/lib/python3.12/site-packages/oslo_config/cfg.py:3006}}
May 19 10:09:15.314698 np0000174690 nova-scheduler[108188]: DEBUG cotyledon.oslo_config_glue [-] oslo_limit.endpoint_service_type = None {{(pid=108188) log_opt_values /opt/stack/data/venv/lib/python3.12/site-packages/oslo_config/cfg.py:3006}}
May 19 10:09:15.314698 np0000174690 nova-scheduler[108188]: DEBUG cotyledon.oslo_config_glue [-] oslo_limit.insecure = False {{(pid=108188) log_opt_values /opt/stack/data/venv/lib/python3.12/site-packages/oslo_config/cfg.py:3006}}
May 19 10:09:15.314698 np0000174690 nova-scheduler[108188]: DEBUG cotyledon.oslo_config_glue [-] oslo_limit.keyfile = None {{(pid=108188) log_opt_values /opt/stack/data/venv/lib/python3.12/site-packages/oslo_config/cfg.py:3006}}
May 19 10:09:15.314911 np0000174690 nova-scheduler[108179]: DEBUG oslo_db.sqlalchemy.engines [None req-d02f0f54-43d9-4b0b-8f7c-4e8d84165cdf None None] MySQL server mode set to STRICT_TRANS_TABLES,STRICT_ALL_TABLES,NO_ZERO_IN_DATE,NO_ZERO_DATE,ERROR_FOR_DIVISION_BY_ZERO,TRADITIONAL,NO_ENGINE_SUBSTITUTION {{(pid=108179) _check_effective_sql_mode /opt/stack/data/venv/lib/python3.12/site-packages/oslo_db/sqlalchemy/engines.py:325}}
May 19 10:09:15.314944 np0000174690 nova-scheduler[108188]: DEBUG cotyledon.oslo_config_glue [-] oslo_limit.max_version = None {{(pid=108188) log_opt_values /opt/stack/data/venv/lib/python3.12/site-packages/oslo_config/cfg.py:3006}}
May 19 10:09:15.314944 np0000174690 nova-scheduler[108188]: DEBUG cotyledon.oslo_config_glue [-] oslo_limit.min_version = None {{(pid=108188) log_opt_values /opt/stack/data/venv/lib/python3.12/site-packages/oslo_config/cfg.py:3006}}
May 19 10:09:15.314944 np0000174690 nova-scheduler[108188]: DEBUG cotyledon.oslo_config_glue [-] oslo_limit.region_name = None {{(pid=108188) log_opt_values /opt/stack/data/venv/lib/python3.12/site-packages/oslo_config/cfg.py:3006}}
May 19 10:09:15.314944 np0000174690 nova-scheduler[108188]: DEBUG cotyledon.oslo_config_glue [-] oslo_limit.retriable_status_codes = None {{(pid=108188) log_opt_values /opt/stack/data/venv/lib/python3.12/site-packages/oslo_config/cfg.py:3006}}
May 19 10:09:15.314944 np0000174690 nova-scheduler[108188]: DEBUG cotyledon.oslo_config_glue [-] oslo_limit.service_name = None {{(pid=108188) log_opt_values /opt/stack/data/venv/lib/python3.12/site-packages/oslo_config/cfg.py:3006}}
May 19 10:09:15.314944 np0000174690 nova-scheduler[108188]: DEBUG cotyledon.oslo_config_glue [-] oslo_limit.service_type = None {{(pid=108188) log_opt_values /opt/stack/data/venv/lib/python3.12/site-packages/oslo_config/cfg.py:3006}}
May 19 10:09:15.314944 np0000174690 nova-scheduler[108188]: DEBUG cotyledon.oslo_config_glue [-] oslo_limit.split_loggers = False {{(pid=108188) log_opt_values /opt/stack/data/venv/lib/python3.12/site-packages/oslo_config/cfg.py:3006}}
May 19 10:09:15.314944 np0000174690 nova-scheduler[108188]: DEBUG cotyledon.oslo_config_glue [-] oslo_limit.status_code_retries = None {{(pid=108188) log_opt_values /opt/stack/data/venv/lib/python3.12/site-packages/oslo_config/cfg.py:3006}}
May 19 10:09:15.314944 np0000174690 nova-scheduler[108188]: DEBUG cotyledon.oslo_config_glue [-] oslo_limit.status_code_retry_delay = None {{(pid=108188) log_opt_values /opt/stack/data/venv/lib/python3.12/site-packages/oslo_config/cfg.py:3006}}
May 19 10:09:15.315164 np0000174690 nova-scheduler[108188]: DEBUG cotyledon.oslo_config_glue [-] oslo_limit.timeout = None {{(pid=108188) log_opt_values /opt/stack/data/venv/lib/python3.12/site-packages/oslo_config/cfg.py:3006}}
May 19 10:09:15.315164 np0000174690 nova-scheduler[108188]: DEBUG cotyledon.oslo_config_glue [-] oslo_limit.valid_interfaces = None {{(pid=108188) log_opt_values /opt/stack/data/venv/lib/python3.12/site-packages/oslo_config/cfg.py:3006}}
May 19 10:09:15.315164 np0000174690 nova-scheduler[108188]: DEBUG cotyledon.oslo_config_glue [-] oslo_limit.version = None {{(pid=108188) log_opt_values /opt/stack/data/venv/lib/python3.12/site-packages/oslo_config/cfg.py:3006}}
May 19 10:09:15.315164 np0000174690 nova-scheduler[108188]: DEBUG cotyledon.oslo_config_glue [-] oslo_reports.file_event_handler = None {{(pid=108188) log_opt_values /opt/stack/data/venv/lib/python3.12/site-packages/oslo_config/cfg.py:3006}}
May 19 10:09:15.315164 np0000174690 nova-scheduler[108188]: DEBUG cotyledon.oslo_config_glue [-] oslo_reports.file_event_handler_interval = 1 {{(pid=108188) log_opt_values /opt/stack/data/venv/lib/python3.12/site-packages/oslo_config/cfg.py:3006}}
May 19 10:09:15.315164 np0000174690 nova-scheduler[108188]: DEBUG cotyledon.oslo_config_glue [-] oslo_reports.log_dir = None {{(pid=108188) log_opt_values /opt/stack/data/venv/lib/python3.12/site-packages/oslo_config/cfg.py:3006}}
May 19 10:09:15.315164 np0000174690 nova-scheduler[108188]: DEBUG cotyledon.oslo_config_glue [-] ******************************************************************************** {{(pid=108188) log_opt_values /opt/stack/data/venv/lib/python3.12/site-packages/oslo_config/cfg.py:3013}}
May 19 10:09:15.315164 np0000174690 nova-scheduler[108188]: DEBUG cotyledon._service_worker [-] Run service ServiceWrapper(3) [108188] {{(pid=108188) wait_forever /opt/stack/data/venv/lib/python3.12/site-packages/cotyledon/_service_worker.py:218}}
May 19 10:09:15.315358 np0000174690 nova-scheduler[108163]: DEBUG nova.service [None req-066222f2-3806-4275-a092-87e9cdadfcf6 None None] Creating RPC server for service: nova-scheduler on topic: scheduler {{(pid=108163) start /opt/stack/nova/nova/service.py:195}}
May 19 10:09:15.315396 np0000174690 nova-scheduler[108188]: INFO nova.service [-] Starting scheduler node (version 33.1.0)
May 19 10:09:15.315425 np0000174690 nova-scheduler[108179]: DEBUG dbcounter [-] [108179] Writer thread running {{(pid=108179) stat_writer /opt/stack/data/venv/lib/python3.12/site-packages/dbcounter.py:102}}
May 19 10:09:15.315425 np0000174690 nova-scheduler[108179]: DEBUG nova.service [None req-d02f0f54-43d9-4b0b-8f7c-4e8d84165cdf None None] Creating RPC server for service: nova-scheduler on topic: scheduler {{(pid=108179) start /opt/stack/nova/nova/service.py:195}}
May 19 10:09:15.315486 np0000174690 nova-scheduler[108188]: INFO dbcounter [None req-51a0e492-4726-47d8-8736-1eb036b51da7 None None] Registered counter for database nova_cell0
May 19 10:09:15.315527 np0000174690 nova-scheduler[108171]: DEBUG nova.service [None req-cc4d3eac-ccdd-471d-8d3c-fb1290d19688 None None] Creating RPC server for service: nova-scheduler on topic: scheduler {{(pid=108171) start /opt/stack/nova/nova/service.py:195}}
May 19 10:09:15.315558 np0000174690 nova-scheduler[108188]: DEBUG oslo_db.sqlalchemy.engines [None req-51a0e492-4726-47d8-8736-1eb036b51da7 None None] MySQL server mode set to STRICT_TRANS_TABLES,STRICT_ALL_TABLES,NO_ZERO_IN_DATE,NO_ZERO_DATE,ERROR_FOR_DIVISION_BY_ZERO,TRADITIONAL,NO_ENGINE_SUBSTITUTION {{(pid=108188) _check_effective_sql_mode /opt/stack/data/venv/lib/python3.12/site-packages/oslo_db/sqlalchemy/engines.py:325}}
May 19 10:09:15.324734 np0000174690 nova-scheduler[108179]: DEBUG nova.service [None req-d02f0f54-43d9-4b0b-8f7c-4e8d84165cdf None None] Join ServiceGroup membership for this service scheduler {{(pid=108179) start /opt/stack/nova/nova/service.py:221}}
May 19 10:09:15.328243 np0000174690 nova-scheduler[108179]: DEBUG nova.servicegroup.drivers.db [None req-d02f0f54-43d9-4b0b-8f7c-4e8d84165cdf None None] DB_Driver: join new ServiceGroup member np0000174690 to the scheduler group, service = {{(pid=108179) join /opt/stack/nova/nova/servicegroup/drivers/db.py:44}}
May 19 10:09:15.328367 np0000174690 nova-scheduler[108163]: DEBUG nova.service [None req-066222f2-3806-4275-a092-87e9cdadfcf6 None None] Join ServiceGroup membership for this service scheduler {{(pid=108163) start /opt/stack/nova/nova/service.py:221}}
May 19 10:09:15.328367 np0000174690 nova-scheduler[108163]: DEBUG nova.servicegroup.drivers.db [None req-066222f2-3806-4275-a092-87e9cdadfcf6 None None] DB_Driver: join new ServiceGroup member np0000174690 to the scheduler group, service = {{(pid=108163) join /opt/stack/nova/nova/servicegroup/drivers/db.py:44}}
May 19 10:09:15.328486 np0000174690 nova-scheduler[108188]: DEBUG dbcounter [-] [108188] Writer thread running {{(pid=108188) stat_writer /opt/stack/data/venv/lib/python3.12/site-packages/dbcounter.py:102}}
May 19 10:09:15.333595 np0000174690 nova-scheduler[108188]: DEBUG nova.service [None req-51a0e492-4726-47d8-8736-1eb036b51da7 None None] Creating RPC server for service: nova-scheduler on topic: scheduler {{(pid=108188) start /opt/stack/nova/nova/service.py:195}}
May 19 10:09:15.333695 np0000174690 nova-scheduler[108171]: DEBUG nova.service [None req-cc4d3eac-ccdd-471d-8d3c-fb1290d19688 None None] Join ServiceGroup membership for this service scheduler {{(pid=108171) start /opt/stack/nova/nova/service.py:221}}
May 19 10:09:15.333695 np0000174690 nova-scheduler[108171]: DEBUG nova.servicegroup.drivers.db [None req-cc4d3eac-ccdd-471d-8d3c-fb1290d19688 None None] DB_Driver: join new ServiceGroup member np0000174690 to the scheduler group, service = {{(pid=108171) join /opt/stack/nova/nova/servicegroup/drivers/db.py:44}}
May 19 10:09:15.355787 np0000174690 nova-scheduler[108188]: DEBUG nova.service [None req-51a0e492-4726-47d8-8736-1eb036b51da7 None None] Join ServiceGroup membership for this service scheduler {{(pid=108188) start /opt/stack/nova/nova/service.py:221}}
May 19 10:09:15.355787 np0000174690 nova-scheduler[108188]: DEBUG nova.servicegroup.drivers.db [None req-51a0e492-4726-47d8-8736-1eb036b51da7 None None] DB_Driver: join new ServiceGroup member np0000174690 to the scheduler group, service = {{(pid=108188) join /opt/stack/nova/nova/servicegroup/drivers/db.py:44}}
May 19 10:09:19.331368 np0000174690 nova-scheduler[108179]: DEBUG oslo.service.backend._threading.loopingcall [None req-cd7b9ec7-8a73-4e0e-91fb-686455713851 None None] Dynamic interval looping call 'nova.service.Service.periodic_tasks' sleeping for 60.00 seconds {{(pid=108179) _run_loop /opt/stack/data/venv/lib/python3.12/site-packages/oslo_service/backend/_threading/loopingcall.py:125}}
May 19 10:09:20.348643 np0000174690 nova-scheduler[108163]: DEBUG oslo.service.backend._threading.loopingcall [-] Fixed interval looping call 'nova.servicegroup.drivers.db.DbDriver._report_state' sleeping for 119.98 seconds {{(pid=108163) _run_loop /opt/stack/data/venv/lib/python3.12/site-packages/oslo_service/backend/_threading/loopingcall.py:125}}
May 19 10:09:20.349312 np0000174690 nova-scheduler[108171]: DEBUG oslo.service.backend._threading.loopingcall [-] Fixed interval looping call 'nova.servicegroup.drivers.db.DbDriver._report_state' sleeping for 119.99 seconds {{(pid=108171) _run_loop /opt/stack/data/venv/lib/python3.12/site-packages/oslo_service/backend/_threading/loopingcall.py:125}}
May 19 10:09:20.349954 np0000174690 nova-scheduler[108179]: DEBUG oslo.service.backend._threading.loopingcall [-] Fixed interval looping call 'nova.servicegroup.drivers.db.DbDriver._report_state' sleeping for 119.98 seconds {{(pid=108179) _run_loop /opt/stack/data/venv/lib/python3.12/site-packages/oslo_service/backend/_threading/loopingcall.py:125}}
May 19 10:09:20.371333 np0000174690 nova-scheduler[108188]: DEBUG oslo.service.backend._threading.loopingcall [-] Fixed interval looping call 'nova.servicegroup.drivers.db.DbDriver._report_state' sleeping for 119.99 seconds {{(pid=108188) _run_loop /opt/stack/data/venv/lib/python3.12/site-packages/oslo_service/backend/_threading/loopingcall.py:125}}
May 19 10:09:23.912858 np0000174690 nova-scheduler[107462]: DEBUG dbcounter [-] [107462] Writing DB stats nova_api:SELECT=3 {{(pid=107462) stat_writer /opt/stack/data/venv/lib/python3.12/site-packages/dbcounter.py:115}}
May 19 10:09:24.017029 np0000174690 nova-scheduler[107462]: DEBUG dbcounter [-] [107462] Writing DB stats nova_cell0:SELECT=1 {{(pid=107462) stat_writer /opt/stack/data/venv/lib/python3.12/site-packages/dbcounter.py:115}}
May 19 10:09:24.024839 np0000174690 nova-scheduler[107462]: DEBUG dbcounter [-] [107462] Writing DB stats nova_cell1:SELECT=1 {{(pid=107462) stat_writer /opt/stack/data/venv/lib/python3.12/site-packages/dbcounter.py:115}}
May 19 10:09:30.343123 np0000174690 nova-scheduler[108163]: DEBUG dbcounter [-] [108163] Writing DB stats nova_cell0:SELECT=4,nova_cell0:INSERT=1,nova_cell0:UPDATE=1 {{(pid=108163) stat_writer /opt/stack/data/venv/lib/python3.12/site-packages/dbcounter.py:115}}
May 19 10:09:30.344413 np0000174690 nova-scheduler[108179]: DEBUG dbcounter [-] [108179] Writing DB stats nova_cell0:SELECT=3,nova_cell0:UPDATE=1 {{(pid=108179) stat_writer /opt/stack/data/venv/lib/python3.12/site-packages/dbcounter.py:115}}
May 19 10:09:30.344926 np0000174690 nova-scheduler[108171]: DEBUG dbcounter [-] [108171] Writing DB stats nova_cell0:SELECT=4,nova_cell0:INSERT=1,nova_cell0:UPDATE=1 {{(pid=108171) stat_writer /opt/stack/data/venv/lib/python3.12/site-packages/dbcounter.py:115}}
May 19 10:09:30.367621 np0000174690 nova-scheduler[108188]: DEBUG dbcounter [-] [108188] Writing DB stats nova_cell0:SELECT=3 {{(pid=108188) stat_writer /opt/stack/data/venv/lib/python3.12/site-packages/dbcounter.py:115}}
May 19 10:09:47.359948 np0000174690 nova-scheduler[108188]: DEBUG oslo.service.backend._threading.loopingcall [None req-5ebe5f95-8694-4922-a838-4788b694a083 None None] Dynamic interval looping call 'nova.service.Service.periodic_tasks' sleeping for 60.00 seconds {{(pid=108188) _run_loop /opt/stack/data/venv/lib/python3.12/site-packages/oslo_service/backend/_threading/loopingcall.py:125}}
May 19 10:10:06.425315 np0000174690 nova-scheduler[108163]: DEBUG oslo.service.backend._threading.loopingcall [None req-b93c5efd-db5b-4fff-a935-91c32a57f2a6 None None] Dynamic interval looping call 'nova.service.Service.periodic_tasks' sleeping for 60.00 seconds {{(pid=108163) _run_loop /opt/stack/data/venv/lib/python3.12/site-packages/oslo_service/backend/_threading/loopingcall.py:125}}
May 19 10:10:08.336097 np0000174690 nova-scheduler[108171]: DEBUG oslo.service.backend._threading.loopingcall [None req-380c4043-a791-4dd8-a57f-9bac6fb05622 None None] Dynamic interval looping call 'nova.service.Service.periodic_tasks' sleeping for 60.00 seconds {{(pid=108171) _run_loop /opt/stack/data/venv/lib/python3.12/site-packages/oslo_service/backend/_threading/loopingcall.py:125}}
May 19 10:10:19.333095 np0000174690 nova-scheduler[108179]: DEBUG oslo.service.backend._threading.loopingcall [None req-cd7b9ec7-8a73-4e0e-91fb-686455713851 None None] Dynamic interval looping call 'nova.service.Service.periodic_tasks' sleeping for 60.00 seconds {{(pid=108179) _run_loop /opt/stack/data/venv/lib/python3.12/site-packages/oslo_service/backend/_threading/loopingcall.py:125}}
May 19 10:10:47.361207 np0000174690 nova-scheduler[108188]: DEBUG oslo.service.backend._threading.loopingcall [None req-5ebe5f95-8694-4922-a838-4788b694a083 None None] Dynamic interval looping call 'nova.service.Service.periodic_tasks' sleeping for 60.00 seconds {{(pid=108188) _run_loop /opt/stack/data/venv/lib/python3.12/site-packages/oslo_service/backend/_threading/loopingcall.py:125}}
May 19 10:11:06.331240 np0000174690 nova-scheduler[108163]: DEBUG oslo.service.backend._threading.loopingcall [None req-b93c5efd-db5b-4fff-a935-91c32a57f2a6 None None] Dynamic interval looping call 'nova.service.Service.periodic_tasks' sleeping for 60.00 seconds {{(pid=108163) _run_loop /opt/stack/data/venv/lib/python3.12/site-packages/oslo_service/backend/_threading/loopingcall.py:125}}
May 19 10:11:08.337033 np0000174690 nova-scheduler[108171]: DEBUG oslo.service.backend._threading.loopingcall [None req-380c4043-a791-4dd8-a57f-9bac6fb05622 None None] Dynamic interval looping call 'nova.service.Service.periodic_tasks' sleeping for 60.00 seconds {{(pid=108171) _run_loop /opt/stack/data/venv/lib/python3.12/site-packages/oslo_service/backend/_threading/loopingcall.py:125}}
May 19 10:11:19.334114 np0000174690 nova-scheduler[108179]: DEBUG oslo.service.backend._threading.loopingcall [None req-cd7b9ec7-8a73-4e0e-91fb-686455713851 None None] Dynamic interval looping call 'nova.service.Service.periodic_tasks' sleeping for 60.00 seconds {{(pid=108179) _run_loop /opt/stack/data/venv/lib/python3.12/site-packages/oslo_service/backend/_threading/loopingcall.py:125}}
May 19 10:11:20.341984 np0000174690 nova-scheduler[108163]: DEBUG oslo.service.backend._threading.loopingcall [-] Fixed interval looping call 'nova.servicegroup.drivers.db.DbDriver._report_state' sleeping for 119.99 seconds {{(pid=108163) _run_loop /opt/stack/data/venv/lib/python3.12/site-packages/oslo_service/backend/_threading/loopingcall.py:125}}
May 19 10:11:20.343990 np0000174690 nova-scheduler[108179]: DEBUG oslo.service.backend._threading.loopingcall [-] Fixed interval looping call 'nova.servicegroup.drivers.db.DbDriver._report_state' sleeping for 119.99 seconds {{(pid=108179) _run_loop /opt/stack/data/venv/lib/python3.12/site-packages/oslo_service/backend/_threading/loopingcall.py:125}}
May 19 10:11:20.346810 np0000174690 nova-scheduler[108171]: DEBUG oslo.service.backend._threading.loopingcall [-] Fixed interval looping call 'nova.servicegroup.drivers.db.DbDriver._report_state' sleeping for 119.99 seconds {{(pid=108171) _run_loop /opt/stack/data/venv/lib/python3.12/site-packages/oslo_service/backend/_threading/loopingcall.py:125}}
May 19 10:11:20.367858 np0000174690 nova-scheduler[108188]: DEBUG oslo.service.backend._threading.loopingcall [-] Fixed interval looping call 'nova.servicegroup.drivers.db.DbDriver._report_state' sleeping for 119.99 seconds {{(pid=108188) _run_loop /opt/stack/data/venv/lib/python3.12/site-packages/oslo_service/backend/_threading/loopingcall.py:125}}
May 19 10:11:30.335175 np0000174690 nova-scheduler[108163]: DEBUG dbcounter [-] [108163] Writing DB stats nova_cell0:SELECT=1,nova_cell0:UPDATE=1 {{(pid=108163) stat_writer /opt/stack/data/venv/lib/python3.12/site-packages/dbcounter.py:115}}
May 19 10:11:30.336019 np0000174690 nova-scheduler[108179]: DEBUG dbcounter [-] [108179] Writing DB stats nova_cell0:SELECT=1,nova_cell0:UPDATE=1 {{(pid=108179) stat_writer /opt/stack/data/venv/lib/python3.12/site-packages/dbcounter.py:115}}
May 19 10:11:30.343039 np0000174690 nova-scheduler[108171]: DEBUG dbcounter [-] [108171] Writing DB stats nova_cell0:SELECT=1 {{(pid=108171) stat_writer /opt/stack/data/venv/lib/python3.12/site-packages/dbcounter.py:115}}
May 19 10:11:30.364694 np0000174690 nova-scheduler[108188]: DEBUG dbcounter [-] [108188] Writing DB stats nova_cell0:SELECT=1 {{(pid=108188) stat_writer /opt/stack/data/venv/lib/python3.12/site-packages/dbcounter.py:115}}
May 19 10:11:47.362182 np0000174690 nova-scheduler[108188]: DEBUG oslo.service.backend._threading.loopingcall [None req-5ebe5f95-8694-4922-a838-4788b694a083 None None] Dynamic interval looping call 'nova.service.Service.periodic_tasks' sleeping for 60.00 seconds {{(pid=108188) _run_loop /opt/stack/data/venv/lib/python3.12/site-packages/oslo_service/backend/_threading/loopingcall.py:125}}
May 19 10:12:06.332193 np0000174690 nova-scheduler[108163]: DEBUG oslo.service.backend._threading.loopingcall [None req-b93c5efd-db5b-4fff-a935-91c32a57f2a6 None None] Dynamic interval looping call 'nova.service.Service.periodic_tasks' sleeping for 60.00 seconds {{(pid=108163) _run_loop /opt/stack/data/venv/lib/python3.12/site-packages/oslo_service/backend/_threading/loopingcall.py:125}}
May 19 10:12:08.337904 np0000174690 nova-scheduler[108171]: DEBUG oslo.service.backend._threading.loopingcall [None req-380c4043-a791-4dd8-a57f-9bac6fb05622 None None] Dynamic interval looping call 'nova.service.Service.periodic_tasks' sleeping for 60.00 seconds {{(pid=108171) _run_loop /opt/stack/data/venv/lib/python3.12/site-packages/oslo_service/backend/_threading/loopingcall.py:125}}
May 19 10:12:19.335033 np0000174690 nova-scheduler[108179]: DEBUG oslo.service.backend._threading.loopingcall [None req-cd7b9ec7-8a73-4e0e-91fb-686455713851 None None] Dynamic interval looping call 'nova.service.Service.periodic_tasks' sleeping for 60.00 seconds {{(pid=108179) _run_loop /opt/stack/data/venv/lib/python3.12/site-packages/oslo_service/backend/_threading/loopingcall.py:125}}
May 19 10:12:47.363068 np0000174690 nova-scheduler[108188]: DEBUG oslo.service.backend._threading.loopingcall [None req-5ebe5f95-8694-4922-a838-4788b694a083 None None] Dynamic interval looping call 'nova.service.Service.periodic_tasks' sleeping for 60.00 seconds {{(pid=108188) _run_loop /opt/stack/data/venv/lib/python3.12/site-packages/oslo_service/backend/_threading/loopingcall.py:125}}
May 19 10:13:06.333075 np0000174690 nova-scheduler[108163]: DEBUG oslo.service.backend._threading.loopingcall [None req-b93c5efd-db5b-4fff-a935-91c32a57f2a6 None None] Dynamic interval looping call 'nova.service.Service.periodic_tasks' sleeping for 60.00 seconds {{(pid=108163) _run_loop /opt/stack/data/venv/lib/python3.12/site-packages/oslo_service/backend/_threading/loopingcall.py:125}}
May 19 10:13:08.338853 np0000174690 nova-scheduler[108171]: DEBUG oslo.service.backend._threading.loopingcall [None req-380c4043-a791-4dd8-a57f-9bac6fb05622 None None] Dynamic interval looping call 'nova.service.Service.periodic_tasks' sleeping for 60.00 seconds {{(pid=108171) _run_loop /opt/stack/data/venv/lib/python3.12/site-packages/oslo_service/backend/_threading/loopingcall.py:125}}