+ COMMAND=start + start + for KEYSTONE_WSGI_SCRIPT in keystone-wsgi-public ++ type -p keystone-wsgi-public + cp -a /var/lib/openstack/bin/keystone-wsgi-public /var/www/cgi-bin/keystone/ + '[' -f /etc/apache2/envvars ']' + source /etc/apache2/envvars ++ unset HOME ++ '[' '' '!=' '' ']' ++ SUFFIX= ++ export APACHE_RUN_USER=www-data ++ APACHE_RUN_USER=www-data ++ export APACHE_RUN_GROUP=www-data ++ APACHE_RUN_GROUP=www-data ++ export APACHE_PID_FILE=/var/run/apache2/apache2.pid ++ APACHE_PID_FILE=/var/run/apache2/apache2.pid ++ export APACHE_RUN_DIR=/var/run/apache2 ++ APACHE_RUN_DIR=/var/run/apache2 ++ export APACHE_LOCK_DIR=/var/lock/apache2 ++ APACHE_LOCK_DIR=/var/lock/apache2 ++ export APACHE_LOG_DIR=/var/log/apache2 ++ APACHE_LOG_DIR=/var/log/apache2 ++ export LANG=C ++ LANG=C ++ export LANG + '[' -f /var/run/apache2/apache2.pid ']' + exec apache2 -DFOREGROUND AH00558: apache2: Could not reliably determine the server's fully qualified domain name, using 10.0.0.152. Set the 'ServerName' directive globally to suppress this message AH00558: apache2: Could not reliably determine the server's fully qualified domain name, using 10.0.0.152. Set the 'ServerName' directive globally to suppress this message
[Sun May 24 07:27:55.392737 2026] [mpm_event:notice] [pid 1:tid 139898273548160] AH00489: Apache/2.4.58 (Ubuntu) mod_wsgi/5.0.0 Python/3.12 configured -- resuming normal operations
[Sun May 24 07:27:55.392899 2026] [core:notice] [pid 1:tid 139898273548160] AH00094: Command line: 'apache2 -D FOREGROUND'
[Sun May 24 07:28:50.701840 2026] [wsgi:error] [pid 11:tid 139897636775616] /var/lib/openstack/lib/python3.12/site-packages/oslo_utils/importutils.py:77: EventletDeprecationWarning:
[Sun May 24 07:28:50.701898 2026] [wsgi:error] [pid 11:tid 139897636775616] Eventlet is deprecated. It is currently being maintained in bugfix mode, and
[Sun May 24 07:28:50.701901 2026] [wsgi:error] [pid 11:tid 139897636775616] we strongly recommend against using it for new projects.
[Sun May 24 07:28:50.701902 2026] [wsgi:error] [pid 11:tid 139897636775616]
[Sun May 24 07:28:50.701903 2026] [wsgi:error] [pid 11:tid 139897636775616] If you are already using Eventlet, we recommend migrating to a different
[Sun May 24 07:28:50.701905 2026] [wsgi:error] [pid 11:tid 139897636775616] framework. For more detail see
[Sun May 24 07:28:50.701906 2026] [wsgi:error] [pid 11:tid 139897636775616] https://eventlet.readthedocs.io/en/latest/asyncio/migration.html
[Sun May 24 07:28:50.701907 2026] [wsgi:error] [pid 11:tid 139897636775616]
[Sun May 24 07:28:50.701909 2026] [wsgi:error] [pid 11:tid 139897636775616] __import__(import_str)
[Sun May 24 07:28:50.708593 2026] [wsgi:error] [pid 9:tid 139897636775616] /var/lib/openstack/lib/python3.12/site-packages/oslo_utils/importutils.py:77: EventletDeprecationWarning:
[Sun May 24 07:28:50.708654 2026] [wsgi:error] [pid 9:tid 139897636775616] Eventlet is deprecated. It is currently being maintained in bugfix mode, and
[Sun May 24 07:28:50.708656 2026] [wsgi:error] [pid 9:tid 139897636775616] we strongly recommend against using it for new projects.
[Sun May 24 07:28:50.708657 2026] [wsgi:error] [pid 9:tid 139897636775616]
[Sun May 24 07:28:50.708658 2026] [wsgi:error] [pid 9:tid 139897636775616] If you are already using Eventlet, we recommend migrating to a different
[Sun May 24 07:28:50.708659 2026] [wsgi:error] [pid 9:tid 139897636775616] framework. For more detail see
[Sun May 24 07:28:50.708660 2026] [wsgi:error] [pid 9:tid 139897636775616] https://eventlet.readthedocs.io/en/latest/asyncio/migration.html
[Sun May 24 07:28:50.708662 2026] [wsgi:error] [pid 9:tid 139897636775616]
[Sun May 24 07:28:50.708663 2026] [wsgi:error] [pid 9:tid 139897636775616] __import__(import_str) 10.0.0.48 - - [24/May/2026:07:28:49 +0000] "GET /v3/ HTTP/1.1" 200 250 10.0.0.48 - - [24/May/2026:07:28:49 +0000] "GET /v3/ HTTP/1.1" 200 250
[Sun May 24 07:28:56.428199 2026] [wsgi:error] [pid 10:tid 139897636775616] /var/lib/openstack/lib/python3.12/site-packages/oslo_utils/importutils.py:77: EventletDeprecationWarning:
[Sun May 24 07:28:56.428261 2026] [wsgi:error] [pid 10:tid 139897636775616] Eventlet is deprecated. It is currently being maintained in bugfix mode, and
[Sun May 24 07:28:56.428263 2026] [wsgi:error] [pid 10:tid 139897636775616] we strongly recommend against using it for new projects.
[Sun May 24 07:28:56.428265 2026] [wsgi:error] [pid 10:tid 139897636775616]
[Sun May 24 07:28:56.428266 2026] [wsgi:error] [pid 10:tid 139897636775616] If you are already using Eventlet, we recommend migrating to a different
[Sun May 24 07:28:56.428267 2026] [wsgi:error] [pid 10:tid 139897636775616] framework. For more detail see
[Sun May 24 07:28:56.428269 2026] [wsgi:error] [pid 10:tid 139897636775616] https://eventlet.readthedocs.io/en/latest/asyncio/migration.html
[Sun May 24 07:28:56.428270 2026] [wsgi:error] [pid 10:tid 139897636775616]
[Sun May 24 07:28:56.428271 2026] [wsgi:error] [pid 10:tid 139897636775616] __import__(import_str) 10.0.0.48 - - [24/May/2026:07:28:55 +0000] "GET /v3/ HTTP/1.1" 200 250
[Sun May 24 07:29:02.757394 2026] [wsgi:error] [pid 12:tid 139897636775616] /var/lib/openstack/lib/python3.12/site-packages/oslo_utils/importutils.py:77: EventletDeprecationWarning:
[Sun May 24 07:29:02.757444 2026] [wsgi:error] [pid 12:tid 139897636775616] Eventlet is deprecated. It is currently being maintained in bugfix mode, and
[Sun May 24 07:29:02.757446 2026] [wsgi:error] [pid 12:tid 139897636775616] we strongly recommend against using it for new projects.
[Sun May 24 07:29:02.757447 2026] [wsgi:error] [pid 12:tid 139897636775616]
[Sun May 24 07:29:02.757448 2026] [wsgi:error] [pid 12:tid 139897636775616] If you are already using Eventlet, we recommend migrating to a different
[Sun May 24 07:29:02.757449 2026] [wsgi:error] [pid 12:tid 139897636775616] framework. For more detail see
[Sun May 24 07:29:02.757450 2026] [wsgi:error] [pid 12:tid 139897636775616] https://eventlet.readthedocs.io/en/latest/asyncio/migration.html
[Sun May 24 07:29:02.757451 2026] [wsgi:error] [pid 12:tid 139897636775616]
[Sun May 24 07:29:02.757452 2026] [wsgi:error] [pid 12:tid 139897636775616] __import__(import_str) 10.0.0.252 - - [24/May/2026:07:29:01 +0000] "GET / HTTP/1.1" 300 295
[Sun May 24 07:29:07.758576 2026] [wsgi:error] [pid 9:tid 139897636775616] [remote 10.0.0.252:37310] 2026-05-24 07:29:07.755 9 WARNING keystone.identity.core [None req-e696bd42-5792-4856-b8e8-d078ba5fcc72 - - - - - -] Invalid domain name (atmosphere) found in config file name: keystone.exception.DomainNotFound: Could not find domain: atmosphere.
[Sun May 24 07:29:07.819482 2026] [wsgi:error] [pid 9:tid 139897636775616] [remote 10.0.0.252:37310] 2026-05-24 07:29:07.818 9 WARNING keystone.common.password_hashing [None req-e696bd42-5792-4856-b8e8-d078ba5fcc72 - - - - - -] Truncating password to algorithm specific maximum length 72 characters.
[Sun May 24 07:29:08.116410 2026] [wsgi:error] [pid 9:tid 139897636775616] [remote 10.0.0.252:37310] 2026-05-24 07:29:08.116 9 WARNING keystone.common.fernet_utils [None req-e696bd42-5792-4856-b8e8-d078ba5fcc72 - - - - - -] key_repository is world readable: /etc/keystone/fernet-keys/ 10.0.0.252 - - [24/May/2026:07:29:07 +0000] "POST /v3/auth/tokens HTTP/1.1" 201 1359
[Sun May 24 07:29:08.495504 2026] [wsgi:error] [pid 11:tid 139897636775616] [remote 10.0.0.252:37310] 2026-05-24 07:29:08.492 11 WARNING keystone.identity.core [None req-87a40d1d-e99a-4394-a945-43404bb97269 - - - - - -] Invalid domain name (atmosphere) found in config file name: keystone.exception.DomainNotFound: Could not find domain: atmosphere. 10.0.0.252 - - [24/May/2026:07:29:08 +0000] "POST /v3/domains HTTP/1.1" 201 261 10.0.0.254 - - [24/May/2026:07:29:21 +0000] "GET / HTTP/1.1" 300 295
[Sun May 24 07:29:21.488814 2026] [wsgi:error] [pid 10:tid 139897636775616] [remote 10.0.0.254:44306] 2026-05-24 07:29:21.488 10 WARNING keystone.common.password_hashing [None req-dfdf064f-d948-4b14-9555-8534d6eecabb - - - - - -] Truncating password to algorithm specific maximum length 72 characters.
[Sun May 24 07:29:21.771164 2026] [wsgi:error] [pid 10:tid 139897636775616] [remote 10.0.0.254:44306] 2026-05-24 07:29:21.770 10 WARNING keystone.common.fernet_utils [None req-dfdf064f-d948-4b14-9555-8534d6eecabb - - - - - -] key_repository is world readable: /etc/keystone/fernet-keys/ 10.0.0.254 - - [24/May/2026:07:29:21 +0000] "POST /v3/auth/tokens HTTP/1.1" 201 1359 10.0.0.254 - - [24/May/2026:07:29:21 +0000] "GET /v3/roles/admin HTTP/1.1" 404 83
[Sun May 24 07:29:22.397581 2026] [wsgi:error] [pid 9:tid 139897636775616] [remote 10.0.0.254:44306] 2026-05-24 07:29:22.397 9 WARNING keystone.common.rbac_enforcer.enforcer [None req-10a39a1a-9c49-4e10-8511-7156ea91a782 f07938baa2864c8998dc1002588c3caa a9e899b1dcb04a01a5b5ee54a7749889 - - default default] Deprecated policy rules found. Use oslopolicy-policy-generator and oslopolicy-policy-upgrade to detect and resolve deprecated policies in your configuration. 10.0.0.254 - - [24/May/2026:07:29:22 +0000] "GET /v3/roles?name=admin HTTP/1.1" 200 389
[Sun May 24 07:29:22.671436 2026] [wsgi:error] [pid 11:tid 139897636775616] [remote 10.0.0.254:44306] 2026-05-24 07:29:22.671 11 WARNING keystone.common.rbac_enforcer.enforcer [None req-f7f0b6b6-6137-4bb6-bb6c-ea418c570cb9 f07938baa2864c8998dc1002588c3caa a9e899b1dcb04a01a5b5ee54a7749889 - - default default] Deprecated policy rules found. Use oslopolicy-policy-generator and oslopolicy-policy-upgrade to detect and resolve deprecated policies in your configuration. 10.0.0.254 - - [24/May/2026:07:29:22 +0000] "GET /v3/users/admin-RegionOne HTTP/1.1" 404 93
[Sun May 24 07:29:22.909738 2026] [wsgi:error] [pid 10:tid 139897636775616] [remote 10.0.0.254:44306] 2026-05-24 07:29:22.909 10 WARNING keystone.common.rbac_enforcer.enforcer [None req-9a87a8bc-a066-42a2-8745-f706e3627c51 f07938baa2864c8998dc1002588c3caa a9e899b1dcb04a01a5b5ee54a7749889 - - default default] Deprecated policy rules found. Use oslopolicy-policy-generator and oslopolicy-policy-upgrade to detect and resolve deprecated policies in your configuration. 10.0.0.254 - - [24/May/2026:07:29:22 +0000] "GET /v3/users?name=admin-RegionOne HTTP/1.1" 200 422
[Sun May 24 07:29:22.982686 2026] [wsgi:error] [pid 12:tid 139897636775616] [remote 10.0.0.254:44306] 2026-05-24 07:29:22.982 12 WARNING keystone.common.rbac_enforcer.enforcer [None req-590118e1-bbd5-4378-ba64-5319a9237fd7 f07938baa2864c8998dc1002588c3caa a9e899b1dcb04a01a5b5ee54a7749889 - - default default] Deprecated policy rules found. Use oslopolicy-policy-generator and oslopolicy-policy-upgrade to detect and resolve deprecated policies in your configuration. 10.0.0.254 - - [24/May/2026:07:29:22 +0000] "GET /v3/domains/default HTTP/1.1" 200 224 10.0.0.254 - - [24/May/2026:07:29:22 +0000] "PUT /v3/domains/default/users/f07938baa2864c8998dc1002588c3caa/roles/02c1deff973a43d392251ec9166d38b5 HTTP/1.1" 204 - 10.0.0.48 - - [24/May/2026:07:29:33 +0000] "GET / HTTP/1.1" 300 280 10.0.0.48 - - [24/May/2026:07:29:40 +0000] "GET /v3 HTTP/1.1" 200 265
[Sun May 24 07:29:40.330377 2026] [wsgi:error] [pid 12:tid 139897636775616] [remote 10.0.0.48:34580] 2026-05-24 07:29:40.329 12 WARNING keystone.common.password_hashing [None req-5332f80b-9f42-4229-bdce-fddca347be64 - - - - - -] Truncating password to algorithm specific maximum length 72 characters.
[Sun May 24 07:29:40.613447 2026] [wsgi:error] [pid 12:tid 139897636775616] [remote 10.0.0.48:34580] 2026-05-24 07:29:40.613 12 WARNING keystone.common.fernet_utils [None req-5332f80b-9f42-4229-bdce-fddca347be64 - - - - - -] key_repository is world readable: /etc/keystone/fernet-keys/ 10.0.0.48 - - [24/May/2026:07:29:40 +0000] "POST /v3/auth/tokens HTTP/1.1" 201 1359 10.0.0.48 - - [24/May/2026:07:29:40 +0000] "GET / HTTP/1.1" 300 280 10.0.0.48 - - [24/May/2026:07:29:40 +0000] "GET /v3/domains/atmosphere HTTP/1.1" 404 90 10.0.0.48 - - [24/May/2026:07:29:40 +0000] "GET /v3/domains?name=atmosphere HTTP/1.1" 200 368 10.0.0.48 - - [24/May/2026:07:29:40 +0000] "GET /v3/domains/5097b365e49c43208cf3a7a6c3e564ff HTTP/1.1" 200 246 10.0.0.48 - - [24/May/2026:07:29:41 +0000] "GET /v3 HTTP/1.1" 200 265
[Sun May 24 07:29:41.776855 2026] [wsgi:error] [pid 11:tid 139897636775616] [remote 10.0.0.48:36326] 2026-05-24 07:29:41.776 11 WARNING keystone.common.password_hashing [None req-51be9011-cb74-4f71-b558-fa4d9f24dee2 - - - - - -] Truncating password to algorithm specific maximum length 72 characters.
[Sun May 24 07:29:42.093686 2026] [wsgi:error] [pid 11:tid 139897636775616] [remote 10.0.0.48:36326] 2026-05-24 07:29:42.093 11 WARNING keystone.common.fernet_utils [None req-51be9011-cb74-4f71-b558-fa4d9f24dee2 - - - - - -] key_repository is world readable: /etc/keystone/fernet-keys/ 10.0.0.48 - - [24/May/2026:07:29:41 +0000] "POST /v3/auth/tokens HTTP/1.1" 201 1359 10.0.0.48 - - [24/May/2026:07:29:42 +0000] "GET / HTTP/1.1" 300 280 10.0.0.48 - - [24/May/2026:07:29:42 +0000] "GET /v3/OS-FEDERATION/identity_providers/atmosphere HTTP/1.1" 404 101 10.0.0.48 - - [24/May/2026:07:29:42 +0000] "GET /v3/OS-FEDERATION/identity_providers HTTP/1.1" 200 155 10.0.0.48 - - [24/May/2026:07:29:42 +0000] "PUT /v3/OS-FEDERATION/identity_providers/atmosphere HTTP/1.1" 201 340 10.0.0.48 - - [24/May/2026:07:29:43 +0000] "GET /v3 HTTP/1.1" 200 265
[Sun May 24 07:29:43.105616 2026] [wsgi:error] [pid 12:tid 139897636775616] [remote 10.0.0.48:34580] 2026-05-24 07:29:43.105 12 WARNING keystone.common.password_hashing [None req-89635ef1-6390-418a-b9a4-7ca61e660dbb - - - - - -] Truncating password to algorithm specific maximum length 72 characters.
[Sun May 24 07:29:43.396048 2026] [wsgi:error] [pid 12:tid 139897636775616] [remote 10.0.0.48:34580] 2026-05-24 07:29:43.395 12 WARNING keystone.common.fernet_utils [None req-89635ef1-6390-418a-b9a4-7ca61e660dbb - - - - - -] key_repository is world readable: /etc/keystone/fernet-keys/ 10.0.0.48 - - [24/May/2026:07:29:43 +0000] "POST /v3/auth/tokens HTTP/1.1" 201 1359 10.0.0.48 - - [24/May/2026:07:29:43 +0000] "GET / HTTP/1.1" 300 280 10.0.0.48 - - [24/May/2026:07:29:43 +0000] "GET /v3/OS-FEDERATION/mappings/atmosphere-openid HTTP/1.1" 404 98 10.0.0.48 - - [24/May/2026:07:29:43 +0000] "GET /v3/OS-FEDERATION/mappings HTTP/1.1" 200 135 10.0.0.48 - - [24/May/2026:07:29:43 +0000] "PUT /v3/OS-FEDERATION/mappings/atmosphere-openid HTTP/1.1" 201 356 10.0.0.48 - - [24/May/2026:07:29:44 +0000] "GET /v3 HTTP/1.1" 200 265
[Sun May 24 07:29:44.293622 2026] [wsgi:error] [pid 11:tid 139897636775616] [remote 10.0.0.48:34580] 2026-05-24 07:29:44.293 11 WARNING keystone.common.password_hashing [None req-ff341f8f-9143-4466-bf15-9863d9e8efb7 - - - - - -] Truncating password to algorithm specific maximum length 72 characters.
[Sun May 24 07:29:44.582231 2026] [wsgi:error] [pid 11:tid 139897636775616] [remote 10.0.0.48:34580] 2026-05-24 07:29:44.582 11 WARNING keystone.common.fernet_utils [None req-ff341f8f-9143-4466-bf15-9863d9e8efb7 - - - - - -] key_repository is world readable: /etc/keystone/fernet-keys/ 10.0.0.48 - - [24/May/2026:07:29:44 +0000] "POST /v3/auth/tokens HTTP/1.1" 201 1359 10.0.0.48 - - [24/May/2026:07:29:44 +0000] "GET / HTTP/1.1" 300 280 10.0.0.48 - - [24/May/2026:07:29:44 +0000] "GET /v3/OS-FEDERATION/identity_providers/atmosphere/protocols/openid?idp_id=atmosphere HTTP/1.1" 404 131 10.0.0.48 - - [24/May/2026:07:29:44 +0000] "GET /v3/OS-FEDERATION/identity_providers/atmosphere/protocols HTTP/1.1" 200 167 10.0.0.48 - - [24/May/2026:07:29:44 +0000] "PUT /v3/OS-FEDERATION/identity_providers/atmosphere/protocols/openid HTTP/1.1" 201 222 10.0.0.48 - - [24/May/2026:07:29:49 +0000] "GET /v3/ HTTP/1.1" 200 250 10.0.0.48 - - [24/May/2026:07:29:49 +0000] "GET /v3/ HTTP/1.1" 200 250 10.0.0.48 - - [24/May/2026:07:30:49 +0000] "GET /v3/ HTTP/1.1" 200 250 10.0.0.48 - - [24/May/2026:07:30:49 +0000] "GET /v3/ HTTP/1.1" 200 250 10.0.0.42 - - [24/May/2026:07:31:10 +0000] "GET / HTTP/1.1" 300 295
[Sun May 24 07:31:10.316758 2026] [wsgi:error] [pid 12:tid 139897636775616] [remote 10.0.0.42:59062] 2026-05-24 07:31:10.316 12 WARNING keystone.common.password_hashing [None req-82837c74-364b-4b8c-a650-e99d36a87e28 - - - - - -] Truncating password to algorithm specific maximum length 72 characters.
[Sun May 24 07:31:10.597835 2026] [wsgi:error] [pid 12:tid 139897636775616] [remote 10.0.0.42:59062] 2026-05-24 07:31:10.597 12 WARNING keystone.common.fernet_utils [None req-82837c74-364b-4b8c-a650-e99d36a87e28 - - - - - -] key_repository is world readable: /etc/keystone/fernet-keys/ 10.0.0.42 - - [24/May/2026:07:31:10 +0000] "POST /v3/auth/tokens HTTP/1.1" 201 1359 10.0.0.42 - - [24/May/2026:07:31:10 +0000] "GET /v3/services HTTP/1.1" 200 355 10.0.0.42 - - [24/May/2026:07:31:14 +0000] "GET / HTTP/1.1" 300 295
[Sun May 24 07:31:14.405528 2026] [wsgi:error] [pid 10:tid 139897636775616] [remote 10.0.0.42:43942] 2026-05-24 07:31:14.405 10 WARNING keystone.common.password_hashing [None req-f178c195-18fd-4864-b700-25a9b392fb4b - - - - - -] Truncating password to algorithm specific maximum length 72 characters.
[Sun May 24 07:31:14.692226 2026] [wsgi:error] [pid 10:tid 139897636775616] [remote 10.0.0.42:43942] 2026-05-24 07:31:14.692 10 WARNING keystone.common.fernet_utils [None req-f178c195-18fd-4864-b700-25a9b392fb4b - - - - - -] key_repository is world readable: /etc/keystone/fernet-keys/ 10.0.0.42 - - [24/May/2026:07:31:14 +0000] "POST /v3/auth/tokens HTTP/1.1" 201 1359 10.0.0.42 - - [24/May/2026:07:31:14 +0000] "GET /v3/services HTTP/1.1" 200 355 10.0.0.42 - - [24/May/2026:07:31:18 +0000] "GET / HTTP/1.1" 300 295
[Sun May 24 07:31:18.494646 2026] [wsgi:error] [pid 11:tid 139897636775616] [remote 10.0.0.42:43952] 2026-05-24 07:31:18.494 11 WARNING keystone.common.password_hashing [None req-e716c76f-d6a0-421e-8b8b-20366564a4a1 - - - - - -] Truncating password to algorithm specific maximum length 72 characters.
[Sun May 24 07:31:18.766420 2026] [wsgi:error] [pid 11:tid 139897636775616] [remote 10.0.0.42:43952] 2026-05-24 07:31:18.766 11 WARNING keystone.common.fernet_utils [None req-e716c76f-d6a0-421e-8b8b-20366564a4a1 - - - - - -] key_repository is world readable: /etc/keystone/fernet-keys/ 10.0.0.42 - - [24/May/2026:07:31:18 +0000] "POST /v3/auth/tokens HTTP/1.1" 201 1359 10.0.0.42 - - [24/May/2026:07:31:18 +0000] "GET /v3/services HTTP/1.1" 200 355 10.0.0.42 - - [24/May/2026:07:31:22 +0000] "GET / HTTP/1.1" 300 295
[Sun May 24 07:31:22.605299 2026] [wsgi:error] [pid 9:tid 139897636775616] [remote 10.0.0.42:32786] 2026-05-24 07:31:22.605 9 WARNING keystone.common.password_hashing [None req-05b5c881-5d65-4873-809a-3b16a929001a - - - - - -] Truncating password to algorithm specific maximum length 72 characters.
[Sun May 24 07:31:22.881237 2026] [wsgi:error] [pid 9:tid 139897636775616] [remote 10.0.0.42:32786] 2026-05-24 07:31:22.881 9 WARNING keystone.common.fernet_utils [None req-05b5c881-5d65-4873-809a-3b16a929001a - - - - - -] key_repository is world readable: /etc/keystone/fernet-keys/ 10.0.0.42 - - [24/May/2026:07:31:22 +0000] "POST /v3/auth/tokens HTTP/1.1" 201 1359 10.0.0.42 - - [24/May/2026:07:31:22 +0000] "POST /v3/services HTTP/1.1" 201 296 10.0.0.169 - - [24/May/2026:07:31:34 +0000] "GET / HTTP/1.1" 300 295
[Sun May 24 07:31:34.625649 2026] [wsgi:error] [pid 12:tid 139897636775616] [remote 10.0.0.169:33680] 2026-05-24 07:31:34.625 12 WARNING keystone.common.password_hashing [None req-6d59d8fc-4776-42c0-a55e-688e75f09110 - - - - - -] Truncating password to algorithm specific maximum length 72 characters.
[Sun May 24 07:31:34.909271 2026] [wsgi:error] [pid 12:tid 139897636775616] [remote 10.0.0.169:33680] 2026-05-24 07:31:34.908 12 WARNING keystone.common.fernet_utils [None req-6d59d8fc-4776-42c0-a55e-688e75f09110 - - - - - -] key_repository is world readable: /etc/keystone/fernet-keys/ 10.0.0.169 - - [24/May/2026:07:31:34 +0000] "POST /v3/auth/tokens HTTP/1.1" 201 1463 10.0.0.169 - - [24/May/2026:07:31:34 +0000] "GET / HTTP/1.1" 300 295
[Sun May 24 07:31:34.952438 2026] [wsgi:error] [pid 11:tid 139897636775616] [remote 10.0.0.169:33694] 2026-05-24 07:31:34.952 11 WARNING keystone.common.password_hashing [None req-82c240d7-e88d-46f4-a257-86ca904fbea2 - - - - - -] Truncating password to algorithm specific maximum length 72 characters. 10.0.0.169 - - [24/May/2026:07:31:34 +0000] "GET / HTTP/1.1" 300 295
[Sun May 24 07:31:35.004188 2026] [wsgi:error] [pid 12:tid 139897636775616] [remote 10.0.0.169:33710] 2026-05-24 07:31:35.003 12 WARNING keystone.common.password_hashing [None req-2e470944-ac53-4c97-806c-7884b12cd849 - - - - - -] Truncating password to algorithm specific maximum length 72 characters. 10.0.0.169 - - [24/May/2026:07:31:35 +0000] "GET /v3/services HTTP/1.1" 200 639
[Sun May 24 07:31:35.243975 2026] [wsgi:error] [pid 11:tid 139897636775616] [remote 10.0.0.169:33694] 2026-05-24 07:31:35.243 11 WARNING keystone.common.fernet_utils [None req-82c240d7-e88d-46f4-a257-86ca904fbea2 - - - - - -] key_repository is world readable: /etc/keystone/fernet-keys/ 10.0.0.169 - - [24/May/2026:07:31:34 +0000] "POST /v3/auth/tokens HTTP/1.1" 201 1463
[Sun May 24 07:31:35.284256 2026] [wsgi:error] [pid 12:tid 139897636775616] [remote 10.0.0.169:33710] 2026-05-24 07:31:35.284 12 WARNING keystone.common.fernet_utils [None req-2e470944-ac53-4c97-806c-7884b12cd849 - - - - - -] key_repository is world readable: /etc/keystone/fernet-keys/ 10.0.0.169 - - [24/May/2026:07:31:34 +0000] "POST /v3/auth/tokens HTTP/1.1" 201 1463 10.0.0.169 - - [24/May/2026:07:31:35 +0000] "GET /v3/services HTTP/1.1" 200 639 10.0.0.169 - - [24/May/2026:07:31:35 +0000] "GET /v3/services HTTP/1.1" 200 639 10.0.0.169 - - [24/May/2026:07:31:36 +0000] "GET / HTTP/1.1" 300 295
[Sun May 24 07:31:36.642786 2026] [wsgi:error] [pid 12:tid 139897636775616] [remote 10.0.0.169:33726] 2026-05-24 07:31:36.642 12 WARNING keystone.common.password_hashing [None req-b25c9cd6-9262-4f31-a899-9289c4a8d8a9 - - - - - -] Truncating password to algorithm specific maximum length 72 characters.
[Sun May 24 07:31:36.921444 2026] [wsgi:error] [pid 12:tid 139897636775616] [remote 10.0.0.169:33726] 2026-05-24 07:31:36.921 12 WARNING keystone.common.fernet_utils [None req-b25c9cd6-9262-4f31-a899-9289c4a8d8a9 - - - - - -] key_repository is world readable: /etc/keystone/fernet-keys/ 10.0.0.169 - - [24/May/2026:07:31:36 +0000] "POST /v3/auth/tokens HTTP/1.1" 201 1463 10.0.0.169 - - [24/May/2026:07:31:37 +0000] "GET /v3/endpoints HTTP/1.1" 200 1226 10.0.0.169 - - [24/May/2026:07:31:37 +0000] "GET /v3/services/de9595a083c94305b60afa8bdf560bfe HTTP/1.1" 200 233 10.0.0.169 - - [24/May/2026:07:31:37 +0000] "GET /v3/services/de9595a083c94305b60afa8bdf560bfe HTTP/1.1" 200 233 10.0.0.169 - - [24/May/2026:07:31:37 +0000] "GET /v3/services/de9595a083c94305b60afa8bdf560bfe HTTP/1.1" 200 233 10.0.0.169 - - [24/May/2026:07:31:37 +0000] "GET / HTTP/1.1" 300 295
[Sun May 24 07:31:37.252569 2026] [wsgi:error] [pid 9:tid 139897636775616] [remote 10.0.0.169:33730] 2026-05-24 07:31:37.252 9 WARNING keystone.common.password_hashing [None req-17d44809-3707-493c-9868-d87d48b3d34b - - - - - -] Truncating password to algorithm specific maximum length 72 characters. 10.0.0.169 - - [24/May/2026:07:31:37 +0000] "GET / HTTP/1.1" 300 295
[Sun May 24 07:31:37.284631 2026] [wsgi:error] [pid 12:tid 139897636775616] [remote 10.0.0.169:33746] 2026-05-24 07:31:37.284 12 WARNING keystone.common.password_hashing [None req-77d3930b-b13a-4fdb-bdf3-3406a2df1bf8 - - - - - -] Truncating password to algorithm specific maximum length 72 characters.
[Sun May 24 07:31:37.536259 2026] [wsgi:error] [pid 9:tid 139897636775616] [remote 10.0.0.169:33730] 2026-05-24 07:31:37.536 9 WARNING keystone.common.fernet_utils [None req-17d44809-3707-493c-9868-d87d48b3d34b - - - - - -] key_repository is world readable: /etc/keystone/fernet-keys/ 10.0.0.169 - - [24/May/2026:07:31:37 +0000] "POST /v3/auth/tokens HTTP/1.1" 201 1463
[Sun May 24 07:31:37.568542 2026] [wsgi:error] [pid 12:tid 139897636775616] [remote 10.0.0.169:33746] 2026-05-24 07:31:37.568 12 WARNING keystone.common.fernet_utils [None req-77d3930b-b13a-4fdb-bdf3-3406a2df1bf8 - - - - - -] key_repository is world readable: /etc/keystone/fernet-keys/ 10.0.0.169 - - [24/May/2026:07:31:37 +0000] "POST /v3/auth/tokens HTTP/1.1" 201 1463 10.0.0.169 - - [24/May/2026:07:31:37 +0000] "GET /v3/endpoints HTTP/1.1" 200 1226 10.0.0.169 - - [24/May/2026:07:31:37 +0000] "GET /v3/services/de9595a083c94305b60afa8bdf560bfe HTTP/1.1" 200 233 10.0.0.169 - - [24/May/2026:07:31:37 +0000] "GET /v3/endpoints HTTP/1.1" 200 1226 10.0.0.169 - - [24/May/2026:07:31:37 +0000] "GET /v3/services/de9595a083c94305b60afa8bdf560bfe HTTP/1.1" 200 233 10.0.0.169 - - [24/May/2026:07:31:37 +0000] "GET /v3/services/de9595a083c94305b60afa8bdf560bfe HTTP/1.1" 200 233 10.0.0.169 - - [24/May/2026:07:31:37 +0000] "GET /v3/services/de9595a083c94305b60afa8bdf560bfe HTTP/1.1" 200 233 10.0.0.169 - - [24/May/2026:07:31:37 +0000] "GET /v3/services/de9595a083c94305b60afa8bdf560bfe HTTP/1.1" 200 233 10.0.0.169 - - [24/May/2026:07:31:37 +0000] "GET /v3/services/de9595a083c94305b60afa8bdf560bfe HTTP/1.1" 200 233 10.0.0.169 - - [24/May/2026:07:31:38 +0000] "GET / HTTP/1.1" 300 295
[Sun May 24 07:31:38.803459 2026] [wsgi:error] [pid 9:tid 139897636775616] [remote 10.0.0.169:33756] 2026-05-24 07:31:38.803 9 WARNING keystone.common.password_hashing [None req-1c4bcd7b-f3eb-4e6b-bfeb-eb88e3c3b150 - - - - - -] Truncating password to algorithm specific maximum length 72 characters.
[Sun May 24 07:31:39.078969 2026] [wsgi:error] [pid 9:tid 139897636775616] [remote 10.0.0.169:33756] 2026-05-24 07:31:39.078 9 WARNING keystone.common.fernet_utils [None req-1c4bcd7b-f3eb-4e6b-bfeb-eb88e3c3b150 - - - - - -] key_repository is world readable: /etc/keystone/fernet-keys/ 10.0.0.169 - - [24/May/2026:07:31:38 +0000] "POST /v3/auth/tokens HTTP/1.1" 201 1463 10.0.0.169 - - [24/May/2026:07:31:39 +0000] "GET /v3/services/4146032b280b4871a2ce4be814468894 HTTP/1.1" 200 296 10.0.0.169 - - [24/May/2026:07:31:39 +0000] "GET /v3/regions/RegionOne HTTP/1.1" 200 173 10.0.0.169 - - [24/May/2026:07:31:39 +0000] "GET / HTTP/1.1" 300 295 10.0.0.169 - - [24/May/2026:07:31:39 +0000] "GET / HTTP/1.1" 300 295
[Sun May 24 07:31:39.432613 2026] [wsgi:error] [pid 11:tid 139897636775616] [remote 10.0.0.169:33770] 2026-05-24 07:31:39.432 11 WARNING keystone.common.password_hashing [None req-55cee186-0727-4c30-b3ea-9eefa1b5f9b2 - - - - - -] Truncating password to algorithm specific maximum length 72 characters. 10.0.0.169 - - [24/May/2026:07:31:39 +0000] "POST /v3/endpoints HTTP/1.1" 201 380
[Sun May 24 07:31:39.445336 2026] [wsgi:error] [pid 9:tid 139897636775616] [remote 10.0.0.169:33776] 2026-05-24 07:31:39.445 9 WARNING keystone.common.password_hashing [None req-29ef8cb0-d744-4c56-bc0d-fe00c5b4a499 - - - - - -] Truncating password to algorithm specific maximum length 72 characters.
[Sun May 24 07:31:39.712773 2026] [wsgi:error] [pid 11:tid 139897636775616] [remote 10.0.0.169:33770] 2026-05-24 07:31:39.712 11 WARNING keystone.common.fernet_utils [None req-55cee186-0727-4c30-b3ea-9eefa1b5f9b2 - - - - - -] key_repository is world readable: /etc/keystone/fernet-keys/
[Sun May 24 07:31:39.721402 2026] [wsgi:error] [pid 9:tid 139897636775616] [remote 10.0.0.169:33776] 2026-05-24 07:31:39.721 9 WARNING keystone.common.fernet_utils [None req-29ef8cb0-d744-4c56-bc0d-fe00c5b4a499 - - - - - -] key_repository is world readable: /etc/keystone/fernet-keys/ 10.0.0.169 - - [24/May/2026:07:31:39 +0000] "POST /v3/auth/tokens HTTP/1.1" 201 1640 10.0.0.169 - - [24/May/2026:07:31:39 +0000] "POST /v3/auth/tokens HTTP/1.1" 201 1640 10.0.0.169 - - [24/May/2026:07:31:39 +0000] "GET /v3/services/4146032b280b4871a2ce4be814468894 HTTP/1.1" 200 296 10.0.0.169 - - [24/May/2026:07:31:39 +0000] "GET /v3/services/4146032b280b4871a2ce4be814468894 HTTP/1.1" 200 296 10.0.0.169 - - [24/May/2026:07:31:39 +0000] "GET /v3/regions/RegionOne HTTP/1.1" 200 173 10.0.0.169 - - [24/May/2026:07:31:39 +0000] "GET /v3/regions/RegionOne HTTP/1.1" 200 173 10.0.0.169 - - [24/May/2026:07:31:39 +0000] "POST /v3/endpoints HTTP/1.1" 201 369 10.0.0.169 - - [24/May/2026:07:31:39 +0000] "POST /v3/endpoints HTTP/1.1" 201 383 10.0.0.169 - - [24/May/2026:07:31:41 +0000] "GET / HTTP/1.1" 300 295
[Sun May 24 07:31:41.041267 2026] [wsgi:error] [pid 9:tid 139897636775616] [remote 10.0.0.169:33790] 2026-05-24 07:31:41.041 9 WARNING keystone.common.password_hashing [None req-df394692-0721-4e8f-bc27-829467760d9a - - - - - -] Truncating password to algorithm specific maximum length 72 characters.
[Sun May 24 07:31:41.320281 2026] [wsgi:error] [pid 9:tid 139897636775616] [remote 10.0.0.169:33790] 2026-05-24 07:31:41.320 9 WARNING keystone.common.fernet_utils [None req-df394692-0721-4e8f-bc27-829467760d9a - - - - - -] key_repository is world readable: /etc/keystone/fernet-keys/ 10.0.0.169 - - [24/May/2026:07:31:41 +0000] "POST /v3/auth/tokens HTTP/1.1" 201 1990 10.0.0.169 - - [24/May/2026:07:31:41 +0000] "GET /v3/endpoints/bdec3f6caad94714ab5920d0aa827158 HTTP/1.1" 200 380 10.0.0.169 - - [24/May/2026:07:31:41 +0000] "GET /v3/services/4146032b280b4871a2ce4be814468894 HTTP/1.1" 200 296 10.0.0.169 - - [24/May/2026:07:31:41 +0000] "GET / HTTP/1.1" 300 295
[Sun May 24 07:31:41.584784 2026] [wsgi:error] [pid 9:tid 139897636775616] [remote 10.0.0.169:33800] 2026-05-24 07:31:41.584 9 WARNING keystone.common.password_hashing [None req-a3bafa6e-5936-4064-a9cf-f6a08dde0b0a - - - - - -] Truncating password to algorithm specific maximum length 72 characters. 10.0.0.169 - - [24/May/2026:07:31:41 +0000] "GET / HTTP/1.1" 300 295
[Sun May 24 07:31:41.763295 2026] [wsgi:error] [pid 12:tid 139897636775616] [remote 10.0.0.169:48670] 2026-05-24 07:31:41.763 12 WARNING keystone.common.password_hashing [None req-b7a76fb3-7244-4c8d-a7ed-68685ed5f045 - - - - - -] Truncating password to algorithm specific maximum length 72 characters.
[Sun May 24 07:31:41.881431 2026] [wsgi:error] [pid 9:tid 139897636775616] [remote 10.0.0.169:33800] 2026-05-24 07:31:41.881 9 WARNING keystone.common.fernet_utils [None req-a3bafa6e-5936-4064-a9cf-f6a08dde0b0a - - - - - -] key_repository is world readable: /etc/keystone/fernet-keys/ 10.0.0.169 - - [24/May/2026:07:31:41 +0000] "POST /v3/auth/tokens HTTP/1.1" 201 1990 10.0.0.169 - - [24/May/2026:07:31:41 +0000] "GET /v3/endpoints/1e5552a6c3cd462eac31815cf01fc73a HTTP/1.1" 200 369 10.0.0.169 - - [24/May/2026:07:31:42 +0000] "GET /v3/services/4146032b280b4871a2ce4be814468894 HTTP/1.1" 200 296
[Sun May 24 07:31:42.044943 2026] [wsgi:error] [pid 12:tid 139897636775616] [remote 10.0.0.169:48670] 2026-05-24 07:31:42.044 12 WARNING keystone.common.fernet_utils [None req-b7a76fb3-7244-4c8d-a7ed-68685ed5f045 - - - - - -] key_repository is world readable: /etc/keystone/fernet-keys/ 10.0.0.169 - - [24/May/2026:07:31:41 +0000] "POST /v3/auth/tokens HTTP/1.1" 201 1990 10.0.0.169 - - [24/May/2026:07:31:42 +0000] "GET /v3/endpoints/ef355027066849bfbe6bd91522835955 HTTP/1.1" 200 383 10.0.0.169 - - [24/May/2026:07:31:42 +0000] "GET /v3/services/4146032b280b4871a2ce4be814468894 HTTP/1.1" 200 296 10.0.0.48 - - [24/May/2026:07:31:49 +0000] "GET /v3/ HTTP/1.1" 200 250 10.0.0.48 - - [24/May/2026:07:31:49 +0000] "GET /v3/ HTTP/1.1" 200 250 10.0.0.208 - - [24/May/2026:07:31:54 +0000] "GET / HTTP/1.1" 300 295
[Sun May 24 07:31:54.987453 2026] [wsgi:error] [pid 11:tid 139897636775616] [remote 10.0.0.208:60928] 2026-05-24 07:31:54.987 11 WARNING keystone.common.password_hashing [None req-3f5c2e6b-cbfa-4b00-b466-3efe68fe1e47 - - - - - -] Truncating password to algorithm specific maximum length 72 characters.
[Sun May 24 07:31:55.261848 2026] [wsgi:error] [pid 11:tid 139897636775616] [remote 10.0.0.208:60928] 2026-05-24 07:31:55.261 11 WARNING keystone.common.fernet_utils [None req-3f5c2e6b-cbfa-4b00-b466-3efe68fe1e47 - - - - - -] key_repository is world readable: /etc/keystone/fernet-keys/ 10.0.0.208 - - [24/May/2026:07:31:54 +0000] "POST /v3/auth/tokens HTTP/1.1" 201 1990 10.0.0.208 - - [24/May/2026:07:31:55 +0000] "POST /v3/domains HTTP/1.1" 201 284 10.0.0.208 - - [24/May/2026:07:31:57 +0000] "GET / HTTP/1.1" 300 295
[Sun May 24 07:31:57.163773 2026] [wsgi:error] [pid 9:tid 139897636775616] [remote 10.0.0.208:60938] 2026-05-24 07:31:57.163 9 WARNING keystone.common.password_hashing [None req-f1263710-485e-4648-ae75-958b9eafcd0d - - - - - -] Truncating password to algorithm specific maximum length 72 characters.
[Sun May 24 07:31:57.436484 2026] [wsgi:error] [pid 9:tid 139897636775616] [remote 10.0.0.208:60938] 2026-05-24 07:31:57.436 9 WARNING keystone.common.fernet_utils [None req-f1263710-485e-4648-ae75-958b9eafcd0d - - - - - -] key_repository is world readable: /etc/keystone/fernet-keys/ 10.0.0.208 - - [24/May/2026:07:31:57 +0000] "POST /v3/auth/tokens HTTP/1.1" 201 1990
[Sun May 24 07:31:57.634940 2026] [wsgi:error] [pid 11:tid 139897636775616] [remote 10.0.0.208:60938] 2026-05-24 07:31:57.620 11 ERROR keystone.server.flask.application [None req-d5cbc8a9-0ed6-45f7-b6fb-8c6560e86148 f07938baa2864c8998dc1002588c3caa a9e899b1dcb04a01a5b5ee54a7749889 - - default default] Conflict occurred attempting to store project - it is not permitted to have two projects acting as domains with the same name: service.: keystone.exception.Conflict: Conflict occurred attempting to store project - it is not permitted to have two projects acting as domains with the same name: service.
[Sun May 24 07:31:57.634967 2026] [wsgi:error] [pid 11:tid 139897636775616] [remote 10.0.0.208:60938] 2026-05-24 07:31:57.620 11 ERROR keystone.server.flask.application
Traceback (most recent call last):
[Sun May 24 07:31:57.634969 2026] [wsgi:error] [pid 11:tid 139897636775616] [remote 10.0.0.208:60938] 2026-05-24 07:31:57.620 11 ERROR keystone.server.flask.application
File "/var/lib/openstack/lib/python3.12/site-packages/sqlalchemy/engine/base.py", line 1967, in _exec_single_context
[Sun May 24 07:31:57.634972 2026] [wsgi:error] [pid 11:tid 139897636775616] [remote 10.0.0.208:60938] 2026-05-24 07:31:57.620 11 ERROR keystone.server.flask.application self.dialect.do_execute(
[Sun May 24 07:31:57.634973 2026] [wsgi:error] [pid 11:tid 139897636775616] [remote 10.0.0.208:60938] 2026-05-24 07:31:57.620 11 ERROR keystone.server.flask.application
File "/var/lib/openstack/lib/python3.12/site-packages/sqlalchemy/engine/default.py", line 952, in do_execute
[Sun May 24 07:31:57.634975 2026] [wsgi:error] [pid 11:tid 139897636775616] [remote 10.0.0.208:60938] 2026-05-24 07:31:57.620 11 ERROR keystone.server.flask.application cursor.execute(statement, parameters)
[Sun May 24 07:31:57.634977 2026] [wsgi:error] [pid 11:tid 139897636775616] [remote 10.0.0.208:60938] 2026-05-24 07:31:57.620 11 ERROR keystone.server.flask.application
File "/var/lib/openstack/lib/python3.12/site-packages/pymysql/cursors.py", line 157, in execute
[Sun May 24 07:31:57.634978 2026] [wsgi:error] [pid 11:tid 139897636775616] [remote 10.0.0.208:60938] 2026-05-24 07:31:57.620 11 ERROR keystone.server.flask.application result = self._query(query)
[Sun May 24 07:31:57.634980 2026] [wsgi:error] [pid 11:tid 139897636775616] [remote 10.0.0.208:60938] 2026-05-24 07:31:57.620 11 ERROR keystone.server.flask.application ^^^^^^^^^^^^^^^^^^
[Sun May 24 07:31:57.634981 2026] [wsgi:error] [pid 11:tid 139897636775616] [remote 10.0.0.208:60938] 2026-05-24 07:31:57.620 11 ERROR keystone.server.flask.application
File "/var/lib/openstack/lib/python3.12/site-packages/pymysql/cursors.py", line 328, in _query
[Sun May 24 07:31:57.634983 2026] [wsgi:error] [pid 11:tid 139897636775616] [remote 10.0.0.208:60938] 2026-05-24 07:31:57.620 11 ERROR keystone.server.flask.application conn.query(q)
[Sun May 24 07:31:57.634984 2026] [wsgi:error] [pid 11:tid 139897636775616] [remote 10.0.0.208:60938] 2026-05-24 07:31:57.620 11 ERROR keystone.server.flask.application
File "/var/lib/openstack/lib/python3.12/site-packages/pymysql/connections.py", line 575, in query
[Sun May 24 07:31:57.634986 2026] [wsgi:error] [pid 11:tid 139897636775616] [remote 10.0.0.208:60938] 2026-05-24 07:31:57.620 11 ERROR keystone.server.flask.application self._affected_rows = self._read_query_result(unbuffered=unbuffered)
[Sun May 24 07:31:57.634987 2026] [wsgi:error] [pid 11:tid 139897636775616] [remote 10.0.0.208:60938] 2026-05-24 07:31:57.620 11 ERROR keystone.server.flask.application ^^^^^^^^^^^^^^^^^^^^^^^^^^^^^^^^^^^^^^^^^^^^^^
[Sun May 24 07:31:57.634989 2026] [wsgi:error] [pid 11:tid 139897636775616] [remote 10.0.0.208:60938] 2026-05-24 07:31:57.620 11 ERROR keystone.server.flask.application
File "/var/lib/openstack/lib/python3.12/site-packages/pymysql/connections.py", line 826, in _read_query_result
[Sun May 24 07:31:57.634990 2026] [wsgi:error] [pid 11:tid 139897636775616] [remote 10.0.0.208:60938] 2026-05-24 07:31:57.620 11 ERROR keystone.server.flask.application result.read()
[Sun May 24 07:31:57.634993 2026] [wsgi:error] [pid 11:tid 139897636775616] [remote 10.0.0.208:60938] 2026-05-24 07:31:57.620 11 ERROR keystone.server.flask.application
File "/var/lib/openstack/lib/python3.12/site-packages/pymysql/connections.py", line 1203, in read
[Sun May 24 07:31:57.634995 2026] [wsgi:error] [pid 11:tid 139897636775616] [remote 10.0.0.208:60938] 2026-05-24 07:31:57.620 11 ERROR keystone.server.flask.application first_packet = self.connection._read_packet()
[Sun May 24 07:31:57.634996 2026] [wsgi:error] [pid 11:tid 139897636775616] [remote 10.0.0.208:60938] 2026-05-24 07:31:57.620 11 ERROR keystone.server.flask.application ^^^^^^^^^^^^^^^^^^^^^^^^^^^^^^
[Sun May 24 07:31:57.634997 2026] [wsgi:error] [pid 11:tid 139897636775616] [remote 10.0.0.208:60938] 2026-05-24 07:31:57.620 11 ERROR keystone.server.flask.application
File "/var/lib/openstack/lib/python3.12/site-packages/pymysql/connections.py", line 782, in _read_packet
[Sun May 24 07:31:57.634999 2026] [wsgi:error] [pid 11:tid 139897636775616] [remote 10.0.0.208:60938] 2026-05-24 07:31:57.620 11 ERROR keystone.server.flask.application packet.raise_for_error()
[Sun May 24 07:31:57.635000 2026] [wsgi:error] [pid 11:tid 139897636775616] [remote 10.0.0.208:60938] 2026-05-24 07:31:57.620 11 ERROR keystone.server.flask.application
File "/var/lib/openstack/lib/python3.12/site-packages/pymysql/protocol.py", line 219, in raise_for_error
[Sun May 24 07:31:57.635002 2026] [wsgi:error] [pid 11:tid 139897636775616] [remote 10.0.0.208:60938] 2026-05-24 07:31:57.620 11 ERROR keystone.server.flask.application err.raise_mysql_exception(self._data)
[Sun May 24 07:31:57.635003 2026] [wsgi:error] [pid 11:tid 139897636775616] [remote 10.0.0.208:60938] 2026-05-24 07:31:57.620 11 ERROR keystone.server.flask.application
File "/var/lib/openstack/lib/python3.12/site-packages/pymysql/err.py", line 150, in raise_mysql_exception
[Sun May 24 07:31:57.635004 2026] [wsgi:error] [pid 11:tid 139897636775616] [remote 10.0.0.208:60938] 2026-05-24 07:31:57.620 11 ERROR keystone.server.flask.application raise errorclass(errno, errval)
[Sun May 24 07:31:57.635006 2026] [wsgi:error] [pid 11:tid 139897636775616] [remote 10.0.0.208:60938] 2026-05-24 07:31:57.620 11 ERROR keystone.server.flask.application pymysql.err.IntegrityError: (1062, "Duplicate entry '<>-service' for key 'project.ixu_project_name_domain_id'")
[Sun May 24 07:31:57.635007 2026] [wsgi:error] [pid 11:tid 139897636775616] [remote 10.0.0.208:60938] 2026-05-24 07:31:57.620 11 ERROR keystone.server.flask.application
[Sun May 24 07:31:57.635009 2026] [wsgi:error] [pid 11:tid 139897636775616] [remote 10.0.0.208:60938] 2026-05-24 07:31:57.620 11 ERROR keystone.server.flask.application The above exception was the direct cause of the following exception:
[Sun May 24 07:31:57.635011 2026] [wsgi:error] [pid 11:tid 139897636775616] [remote 10.0.0.208:60938] 2026-05-24 07:31:57.620 11 ERROR keystone.server.flask.application
[Sun May 24 07:31:57.635013 2026] [wsgi:error] [pid 11:tid 139897636775616] [remote 10.0.0.208:60938] 2026-05-24 07:31:57.620 11 ERROR keystone.server.flask.application
Traceback (most recent call last):
[Sun May 24 07:31:57.635014 2026] [wsgi:error] [pid 11:tid 139897636775616] [remote 10.0.0.208:60938] 2026-05-24 07:31:57.620 11 ERROR keystone.server.flask.application
File "/var/lib/openstack/lib/python3.12/site-packages/keystone/common/sql/core.py", line 575, in wrapper
[Sun May 24 07:31:57.635016 2026] [wsgi:error] [pid 11:tid 139897636775616] [remote 10.0.0.208:60938] 2026-05-24 07:31:57.620 11 ERROR keystone.server.flask.application return method(*args, **kwargs)
[Sun May 24 07:31:57.635017 2026] [wsgi:error] [pid 11:tid 139897636775616] [remote 10.0.0.208:60938] 2026-05-24 07:31:57.620 11 ERROR keystone.server.flask.application ^^^^^^^^^^^^^^^^^^^^^^^
[Sun May 24 07:31:57.635019 2026] [wsgi:error] [pid 11:tid 139897636775616] [remote 10.0.0.208:60938] 2026-05-24 07:31:57.620 11 ERROR keystone.server.flask.application
File "/var/lib/openstack/lib/python3.12/site-packages/keystone/resource/backends/sql.py", line 278, in create_project
[Sun May 24 07:31:57.635021 2026] [wsgi:error] [pid 11:tid 139897636775616] [remote 10.0.0.208:60938] 2026-05-24 07:31:57.620 11 ERROR keystone.server.flask.application with sql.session_for_write() as session:
[Sun May 24 07:31:57.635022 2026] [wsgi:error] [pid 11:tid 139897636775616] [remote 10.0.0.208:60938] 2026-05-24 07:31:57.620 11 ERROR keystone.server.flask.application
File "/usr/lib/python3.12/contextlib.py", line 144, in __exit__
[Sun May 24 07:31:57.635024 2026] [wsgi:error] [pid 11:tid 139897636775616] [remote 10.0.0.208:60938] 2026-05-24 07:31:57.620 11 ERROR keystone.server.flask.application next(self.gen)
[Sun May 24 07:31:57.635025 2026] [wsgi:error] [pid 11:tid 139897636775616] [remote 10.0.0.208:60938] 2026-05-24 07:31:57.620 11 ERROR keystone.server.flask.application
File "/var/lib/openstack/lib/python3.12/site-packages/oslo_db/sqlalchemy/enginefacade.py", line 1175, in _transaction_scope
[Sun May 24 07:31:57.635026 2026] [wsgi:error] [pid 11:tid 139897636775616] [remote 10.0.0.208:60938] 2026-05-24 07:31:57.620 11 ERROR keystone.server.flask.application with current._produce_block(
[Sun May 24 07:31:57.635028 2026] [wsgi:error] [pid 11:tid 139897636775616] [remote 10.0.0.208:60938] 2026-05-24 07:31:57.620 11 ERROR keystone.server.flask.application
File "/usr/lib/python3.12/contextlib.py", line 144, in __exit__
[Sun May 24 07:31:57.635029 2026] [wsgi:error] [pid 11:tid 139897636775616] [remote 10.0.0.208:60938] 2026-05-24 07:31:57.620 11 ERROR keystone.server.flask.application next(self.gen)
[Sun May 24 07:31:57.635030 2026] [wsgi:error] [pid 11:tid 139897636775616] [remote 10.0.0.208:60938] 2026-05-24 07:31:57.620 11 ERROR keystone.server.flask.application
File "/var/lib/openstack/lib/python3.12/site-packages/oslo_db/sqlalchemy/enginefacade.py", line 837, in _session
[Sun May 24 07:31:57.635032 2026] [wsgi:error] [pid 11:tid 139897636775616] [remote 10.0.0.208:60938] 2026-05-24 07:31:57.620 11 ERROR keystone.server.flask.application with excutils.save_and_reraise_exception():
[Sun May 24 07:31:57.635033 2026] [wsgi:error] [pid 11:tid 139897636775616] [remote 10.0.0.208:60938] 2026-05-24 07:31:57.620 11 ERROR keystone.server.flask.application
File "/var/lib/openstack/lib/python3.12/site-packages/oslo_utils/excutils.py", line 271, in __exit__
[Sun May 24 07:31:57.635035 2026] [wsgi:error] [pid 11:tid 139897636775616] [remote 10.0.0.208:60938] 2026-05-24 07:31:57.620 11 ERROR keystone.server.flask.application self.force_reraise()
[Sun May 24 07:31:57.635036 2026] [wsgi:error] [pid 11:tid 139897636775616] [remote 10.0.0.208:60938] 2026-05-24 07:31:57.620 11 ERROR keystone.server.flask.application
File "/var/lib/openstack/lib/python3.12/site-packages/oslo_utils/excutils.py", line 233, in force_reraise
[Sun May 24 07:31:57.635037 2026] [wsgi:error] [pid 11:tid 139897636775616] [remote 10.0.0.208:60938] 2026-05-24 07:31:57.620 11 ERROR keystone.server.flask.application raise self.value
[Sun May 24 07:31:57.635039 2026] [wsgi:error] [pid 11:tid 139897636775616] [remote 10.0.0.208:60938] 2026-05-24 07:31:57.620 11 ERROR keystone.server.flask.application
File "/var/lib/openstack/lib/python3.12/site-packages/oslo_db/sqlalchemy/enginefacade.py", line 835, in _session
[Sun May 24 07:31:57.635040 2026] [wsgi:error] [pid 11:tid 139897636775616] [remote 10.0.0.208:60938] 2026-05-24 07:31:57.620 11 ERROR keystone.server.flask.application self._end_session_transaction(self.session)
[Sun May 24 07:31:57.635041 2026] [wsgi:error] [pid 11:tid 139897636775616] [remote 10.0.0.208:60938] 2026-05-24 07:31:57.620 11 ERROR keystone.server.flask.application
File "/var/lib/openstack/lib/python3.12/site-packages/oslo_db/sqlalchemy/enginefacade.py", line 748, in _end_session_transaction
[Sun May 24 07:31:57.635044 2026] [wsgi:error] [pid 11:tid 139897636775616] [remote 10.0.0.208:60938] 2026-05-24 07:31:57.620 11 ERROR keystone.server.flask.application session.commit()
[Sun May 24 07:31:57.635045 2026] [wsgi:error] [pid 11:tid 139897636775616] [remote 10.0.0.208:60938] 2026-05-24 07:31:57.620 11 ERROR keystone.server.flask.application
File "/var/lib/openstack/lib/python3.12/site-packages/sqlalchemy/orm/session.py", line 2030, in commit
[Sun May 24 07:31:57.635047 2026] [wsgi:error] [pid 11:tid 139897636775616] [remote 10.0.0.208:60938] 2026-05-24 07:31:57.620 11 ERROR keystone.server.flask.application trans.commit(_to_root=True)
[Sun May 24 07:31:57.635048 2026] [wsgi:error] [pid 11:tid 139897636775616] [remote 10.0.0.208:60938] 2026-05-24 07:31:57.620 11 ERROR keystone.server.flask.application File "", line 2, in commit
[Sun May 24 07:31:57.635049 2026] [wsgi:error] [pid 11:tid 139897636775616] [remote 10.0.0.208:60938] 2026-05-24 07:31:57.620 11 ERROR keystone.server.flask.application
File "/var/lib/openstack/lib/python3.12/site-packages/sqlalchemy/orm/state_changes.py", line 137, in _go
[Sun May 24 07:31:57.635051 2026] [wsgi:error] [pid 11:tid 139897636775616] [remote 10.0.0.208:60938] 2026-05-24 07:31:57.620 11 ERROR keystone.server.flask.application ret_value = fn(self, *arg, **kw)
[Sun May 24 07:31:57.635087 2026] [wsgi:error] [pid 11:tid 139897636775616] [remote 10.0.0.208:60938] 2026-05-24 07:31:57.620 11 ERROR keystone.server.flask.application ^^^^^^^^^^^^^^^^^^^^
[Sun May 24 07:31:57.635089 2026] [wsgi:error] [pid 11:tid 139897636775616] [remote 10.0.0.208:60938] 2026-05-24 07:31:57.620 11 ERROR keystone.server.flask.application
File "/var/lib/openstack/lib/python3.12/site-packages/sqlalchemy/orm/session.py", line 1311, in commit
[Sun May 24 07:31:57.635090 2026] [wsgi:error] [pid 11:tid 139897636775616] [remote 10.0.0.208:60938] 2026-05-24 07:31:57.620 11 ERROR keystone.server.flask.application self._prepare_impl()
[Sun May 24 07:31:57.635092 2026] [wsgi:error] [pid 11:tid 139897636775616] [remote 10.0.0.208:60938] 2026-05-24 07:31:57.620 11 ERROR keystone.server.flask.application File "", line 2, in _prepare_impl
[Sun May 24 07:31:57.635093 2026] [wsgi:error] [pid 11:tid 139897636775616] [remote 10.0.0.208:60938] 2026-05-24 07:31:57.620 11 ERROR keystone.server.flask.application
File "/var/lib/openstack/lib/python3.12/site-packages/sqlalchemy/orm/state_changes.py", line 137, in _go
[Sun May 24 07:31:57.635095 2026] [wsgi:error] [pid 11:tid 139897636775616] [remote 10.0.0.208:60938] 2026-05-24 07:31:57.620 11 ERROR keystone.server.flask.application ret_value = fn(self, *arg, **kw)
[Sun May 24 07:31:57.635097 2026] [wsgi:error] [pid 11:tid 139897636775616] [remote 10.0.0.208:60938] 2026-05-24 07:31:57.620 11 ERROR keystone.server.flask.application ^^^^^^^^^^^^^^^^^^^^
[Sun May 24 07:31:57.635098 2026] [wsgi:error] [pid 11:tid 139897636775616] [remote 10.0.0.208:60938] 2026-05-24 07:31:57.620 11 ERROR keystone.server.flask.application
File "/var/lib/openstack/lib/python3.12/site-packages/sqlalchemy/orm/session.py", line 1286, in _prepare_impl
[Sun May 24 07:31:57.635100 2026] [wsgi:error] [pid 11:tid 139897636775616] [remote 10.0.0.208:60938] 2026-05-24 07:31:57.620 11 ERROR keystone.server.flask.application self.session.flush()
[Sun May 24 07:31:57.635102 2026] [wsgi:error] [pid 11:tid 139897636775616] [remote 10.0.0.208:60938] 2026-05-24 07:31:57.620 11 ERROR keystone.server.flask.application
File "/var/lib/openstack/lib/python3.12/site-packages/sqlalchemy/orm/session.py", line 4331, in flush
[Sun May 24 07:31:57.635103 2026] [wsgi:error] [pid 11:tid 139897636775616] [remote 10.0.0.208:60938] 2026-05-24 07:31:57.620 11 ERROR keystone.server.flask.application self._flush(objects)
[Sun May 24 07:31:57.635105 2026] [wsgi:error] [pid 11:tid 139897636775616] [remote 10.0.0.208:60938] 2026-05-24 07:31:57.620 11 ERROR keystone.server.flask.application
File "/var/lib/openstack/lib/python3.12/site-packages/sqlalchemy/orm/session.py", line 4466, in _flush
[Sun May 24 07:31:57.635107 2026] [wsgi:error] [pid 11:tid 139897636775616] [remote 10.0.0.208:60938] 2026-05-24 07:31:57.620 11 ERROR keystone.server.flask.application with util.safe_reraise():
[Sun May 24 07:31:57.635108 2026] [wsgi:error] [pid 11:tid 139897636775616] [remote 10.0.0.208:60938] 2026-05-24 07:31:57.620 11 ERROR keystone.server.flask.application
File "/var/lib/openstack/lib/python3.12/site-packages/sqlalchemy/util/langhelpers.py", line 121, in __exit__
[Sun May 24 07:31:57.635110 2026] [wsgi:error] [pid 11:tid 139897636775616] [remote 10.0.0.208:60938] 2026-05-24 07:31:57.620 11 ERROR keystone.server.flask.application raise exc_value.with_traceback(exc_tb)
[Sun May 24 07:31:57.635111 2026] [wsgi:error] [pid 11:tid 139897636775616] [remote 10.0.0.208:60938] 2026-05-24 07:31:57.620 11 ERROR keystone.server.flask.application
File "/var/lib/openstack/lib/python3.12/site-packages/sqlalchemy/orm/session.py", line 4427, in _flush
[Sun May 24 07:31:57.635113 2026] [wsgi:error] [pid 11:tid 139897636775616] [remote 10.0.0.208:60938] 2026-05-24 07:31:57.620 11 ERROR keystone.server.flask.application flush_context.execute()
