2026-06-02 22:38:02.464 8 INFO placement.requestlog [None req-7bffd20e-9474-41d5-b675-6b38cbff74cc - - - - - -] 10.0.0.20 "GET /" status: 200 len: 136 microversion: 1.0
2026-06-02 22:38:02.465 7 INFO placement.requestlog [None req-486de55e-df74-4002-8c67-efbde8af2e77 - - - - - -] 10.0.0.20 "GET /" status: 200 len: 136 microversion: 1.0
2026-06-02 22:38:05.862 8 INFO placement.requestlog [req-e260ff7d-0a2c-4c64-b776-3b4f91e94668 req-16f4cc9a-636a-48d3-abbe-448953c78305 153e8c711b8649c891797c77db61e45c bb4a451db38b41c49d7e7b0d89bc3cd5 - - b280bf3a2c0a479aa7fb265cfad0b647 b280bf3a2c0a479aa7fb265cfad0b647] 199.204.45.3 "GET /resource_providers/ddb37be9-8292-40f9-8fbd-5f4f167e07e8/allocations" status: 200 len: 253 microversion: 1.0 [pid: 8|app: 0|req: 458/919] 199.204.45.3 () {32 vars in 853 bytes} [Tue Jun 2 22:38:05 2026] GET /resource_providers/ddb37be9-8292-40f9-8fbd-5f4f167e07e8/allocations => generated 253 bytes in 34 msecs (HTTP/1.1 200) 6 headers in 224 bytes (1 switches on core 0)
2026-06-02 22:38:05.906 7 INFO placement.requestlog [req-e260ff7d-0a2c-4c64-b776-3b4f91e94668 req-d5d70cbf-bb49-4158-886a-b6da43ece5ce 153e8c711b8649c891797c77db61e45c bb4a451db38b41c49d7e7b0d89bc3cd5 - - b280bf3a2c0a479aa7fb265cfad0b647 b280bf3a2c0a479aa7fb265cfad0b647] 199.204.45.3 "GET /allocations/fc155dd8-6262-4e7f-ae52-ed0a92af715c" status: 200 len: 258 microversion: 1.28 [pid: 7|app: 0|req: 462/920] 199.204.45.3 () {34 vars in 859 bytes} [Tue Jun 2 22:38:05 2026] GET /allocations/fc155dd8-6262-4e7f-ae52-ed0a92af715c => generated 258 bytes in 32 msecs (HTTP/1.1 200) 8 headers in 296 bytes (1 switches on core 0)
2026-06-02 22:38:05.933 8 INFO placement.requestlog [req-e260ff7d-0a2c-4c64-b776-3b4f91e94668 req-c088bb46-e183-4b8f-bb90-79909168163f 153e8c711b8649c891797c77db61e45c bb4a451db38b41c49d7e7b0d89bc3cd5 - - b280bf3a2c0a479aa7fb265cfad0b647 b280bf3a2c0a479aa7fb265cfad0b647] 199.204.45.3 "GET /allocations/b215130c-aadf-4609-8017-6c1ac8a26989" status: 200 len: 258 microversion: 1.28 [pid: 8|app: 0|req: 459/921] 199.204.45.3 () {34 vars in 859 bytes} [Tue Jun 2 22:38:05 2026] GET /allocations/b215130c-aadf-4609-8017-6c1ac8a26989 => generated 258 bytes in 21 msecs (HTTP/1.1 200) 8 headers in 296 bytes (1 switches on core 0)
2026-06-02 22:38:06.991 7 INFO placement.requestlog [req-e260ff7d-0a2c-4c64-b776-3b4f91e94668 req-0ad88a83-5059-43a9-8f4a-f9ea76ced707 153e8c711b8649c891797c77db61e45c bb4a451db38b41c49d7e7b0d89bc3cd5 - - b280bf3a2c0a479aa7fb265cfad0b647 b280bf3a2c0a479aa7fb265cfad0b647] 199.204.45.3 "DELETE /allocations/b215130c-aadf-4609-8017-6c1ac8a26989" status: 204 len: 0 microversion: 1.0 [pid: 7|app: 0|req: 463/922] 199.204.45.3 () {34 vars in 837 bytes} [Tue Jun 2 22:38:06 2026] DELETE /allocations/b215130c-aadf-4609-8017-6c1ac8a26989 => generated 0 bytes in 27 msecs (HTTP/1.1 204) 5 headers in 198 bytes (1 switches on core 0)
2026-06-02 22:38:11.229 7 INFO placement.requestlog [None req-e5136fc7-3e37-475a-8fd1-ad47e7b6903f c86c4faf88904a5f8f837863f9636814 bb4a451db38b41c49d7e7b0d89bc3cd5 - - b280bf3a2c0a479aa7fb265cfad0b647 b280bf3a2c0a479aa7fb265cfad0b647] 10.0.0.143 "GET /resource_providers/105f4278-6e1e-4906-bd5f-fa2d163aa782/aggregates" status: 404 len: 235 microversion: 1.1 [pid: 7|app: 0|req: 464/923] 10.0.0.143 () {32 vars in 814 bytes} [Tue Jun 2 22:38:11 2026] GET /resource_providers/105f4278-6e1e-4906-bd5f-fa2d163aa782/aggregates => generated 235 bytes in 9 msecs (HTTP/1.1 404) 5 headers in 202 bytes (1 switches on core 0)
2026-06-02 22:38:11.229 8 INFO placement.requestlog [None req-f87daf6a-bba4-4635-907c-6804978e3f0d c86c4faf88904a5f8f837863f9636814 bb4a451db38b41c49d7e7b0d89bc3cd5 - - b280bf3a2c0a479aa7fb265cfad0b647 b280bf3a2c0a479aa7fb265cfad0b647] 10.0.0.143 "GET /resource_providers/105f4278-6e1e-4906-bd5f-fa2d163aa782/aggregates" status: 404 len: 235 microversion: 1.1 [pid: 8|app: 0|req: 460/924] 10.0.0.143 () {32 vars in 814 bytes} [Tue Jun 2 22:38:11 2026] GET /resource_providers/105f4278-6e1e-4906-bd5f-fa2d163aa782/aggregates => generated 235 bytes in 9 msecs (HTTP/1.1 404) 5 headers in 202 bytes (1 switches on core 0)
2026-06-02 22:38:11.247 7 INFO placement.requestlog [None req-07543de4-a9a3-410b-8668-623c0f7dee2b c86c4faf88904a5f8f837863f9636814 bb4a451db38b41c49d7e7b0d89bc3cd5 - - b280bf3a2c0a479aa7fb265cfad0b647 b280bf3a2c0a479aa7fb265cfad0b647] 10.0.0.143 "DELETE /resource_providers/105f4278-6e1e-4906-bd5f-fa2d163aa782" status: 404 len: 246 microversion: 1.1 [pid: 7|app: 0|req: 465/925] 10.0.0.143 () {34 vars in 814 bytes} [Tue Jun 2 22:38:11 2026] DELETE /resource_providers/105f4278-6e1e-4906-bd5f-fa2d163aa782 => generated 246 bytes in 9 msecs (HTTP/1.1 404) 6 headers in 231 bytes (1 switches on core 0)
2026-06-02 22:38:11.250 8 INFO placement.requestlog [None req-cae4e492-bba4-4f3b-aacc-bbd0f4f1601e c86c4faf88904a5f8f837863f9636814 bb4a451db38b41c49d7e7b0d89bc3cd5 - - b280bf3a2c0a479aa7fb265cfad0b647 b280bf3a2c0a479aa7fb265cfad0b647] 10.0.0.143 "DELETE /resource_providers/105f4278-6e1e-4906-bd5f-fa2d163aa782" status: 404 len: 246 microversion: 1.1 [pid: 8|app: 0|req: 461/926] 10.0.0.143 () {34 vars in 814 bytes} [Tue Jun 2 22:38:11 2026] DELETE /resource_providers/105f4278-6e1e-4906-bd5f-fa2d163aa782 => generated 246 bytes in 12 msecs (HTTP/1.1 404) 6 headers in 231 bytes (1 switches on core 0)
2026-06-02 22:38:12.463 8 INFO placement.requestlog [None req-16bfddc3-a473-4d55-a4a9-49c4f3ff4923 - - - - - -] 10.0.0.20 "GET /" status: 200 len: 136 microversion: 1.0
2026-06-02 22:38:12.464 7 INFO placement.requestlog [None req-90dc9d01-e11c-4ce9-a917-0203bbf4fca6 - - - - - -] 10.0.0.20 "GET /" status: 200 len: 136 microversion: 1.0
2026-06-02 22:38:13.273 7 INFO placement.requestlog [None req-e50302a2-bd0a-4531-a912-aed5e071706b c86c4faf88904a5f8f837863f9636814 bb4a451db38b41c49d7e7b0d89bc3cd5 - - b280bf3a2c0a479aa7fb265cfad0b647 b280bf3a2c0a479aa7fb265cfad0b647] 10.0.0.143 "GET /resource_providers/ed7752c9-9a99-4845-af24-b4b755809d81/aggregates" status: 404 len: 235 microversion: 1.1 [pid: 7|app: 0|req: 467/929] 10.0.0.143 () {32 vars in 814 bytes} [Tue Jun 2 22:38:13 2026] GET /resource_providers/ed7752c9-9a99-4845-af24-b4b755809d81/aggregates => generated 235 bytes in 9 msecs (HTTP/1.1 404) 5 headers in 202 bytes (1 switches on core 0)
2026-06-02 22:38:13.276 8 INFO placement.requestlog [None req-9f3143c1-9630-4eee-9ea7-45b53eff1dc6 c86c4faf88904a5f8f837863f9636814 bb4a451db38b41c49d7e7b0d89bc3cd5 - - b280bf3a2c0a479aa7fb265cfad0b647 b280bf3a2c0a479aa7fb265cfad0b647] 10.0.0.143 "GET /resource_providers/ed7752c9-9a99-4845-af24-b4b755809d81/aggregates" status: 404 len: 235 microversion: 1.1 [pid: 8|app: 0|req: 463/930] 10.0.0.143 () {32 vars in 814 bytes} [Tue Jun 2 22:38:13 2026] GET /resource_providers/ed7752c9-9a99-4845-af24-b4b755809d81/aggregates => generated 235 bytes in 11 msecs (HTTP/1.1 404) 5 headers in 202 bytes (1 switches on core 0)
2026-06-02 22:38:13.287 7 INFO placement.requestlog [None req-2a150e8d-c27c-4589-9e30-bd2b534f25f2 c86c4faf88904a5f8f837863f9636814 bb4a451db38b41c49d7e7b0d89bc3cd5 - - b280bf3a2c0a479aa7fb265cfad0b647 b280bf3a2c0a479aa7fb265cfad0b647] 10.0.0.143 "DELETE /resource_providers/ed7752c9-9a99-4845-af24-b4b755809d81" status: 404 len: 246 microversion: 1.1 [pid: 7|app: 0|req: 468/931] 10.0.0.143 () {34 vars in 814 bytes} [Tue Jun 2 22:38:13 2026] DELETE /resource_providers/ed7752c9-9a99-4845-af24-b4b755809d81 => generated 246 bytes in 8 msecs (HTTP/1.1 404) 6 headers in 231 bytes (1 switches on core 0)
2026-06-02 22:38:13.292 8 INFO placement.requestlog [None req-ac74f72a-53c9-46f5-9bd7-284afc6f471a c86c4faf88904a5f8f837863f9636814 bb4a451db38b41c49d7e7b0d89bc3cd5 - - b280bf3a2c0a479aa7fb265cfad0b647 b280bf3a2c0a479aa7fb265cfad0b647] 10.0.0.143 "DELETE /resource_providers/ed7752c9-9a99-4845-af24-b4b755809d81" status: 404 len: 246 microversion: 1.1 [pid: 8|app: 0|req: 464/932] 10.0.0.143 () {34 vars in 814 bytes} [Tue Jun 2 22:38:13 2026] DELETE /resource_providers/ed7752c9-9a99-4845-af24-b4b755809d81 => generated 246 bytes in 8 msecs (HTTP/1.1 404) 6 headers in 231 bytes (1 switches on core 0)
2026-06-02 22:38:13.660 7 INFO placement.requestlog [req-2e60e308-e66e-4ca1-9977-9560c0ff42e8 req-61529ce9-0129-48ef-93de-71e2c28a9a97 153e8c711b8649c891797c77db61e45c bb4a451db38b41c49d7e7b0d89bc3cd5 - - b280bf3a2c0a479aa7fb265cfad0b647 b280bf3a2c0a479aa7fb265cfad0b647] 10.0.0.25 "GET /allocation_candidates?limit=1000&resources=DISK_GB%3A1%2CMEMORY_MB%3A512%2CVCPU%3A1&root_required=%21COMPUTE_STATUS_DISABLED" status: 200 len: 2386 microversion: 1.36 [pid: 7|app: 0|req: 469/933] 10.0.0.25 () {34 vars in 1009 bytes} [Tue Jun 2 22:38:13 2026] GET /allocation_candidates?limit=1000&resources=DISK_GB%3A1%2CMEMORY_MB%3A512%2CVCPU%3A1&root_required=%21COMPUTE_STATUS_DISABLED => generated 2386 bytes in 51 msecs (HTTP/1.1 200) 8 headers in 297 bytes (1 switches on core 0)
2026-06-02 22:38:13.701 8 INFO placement.requestlog [req-2e60e308-e66e-4ca1-9977-9560c0ff42e8 req-3aaefb22-bdc1-4844-9a16-583e2c5f52fa 153e8c711b8649c891797c77db61e45c bb4a451db38b41c49d7e7b0d89bc3cd5 - - b280bf3a2c0a479aa7fb265cfad0b647 b280bf3a2c0a479aa7fb265cfad0b647] 10.0.0.25 "GET /allocations/af00d5c0-6ff9-43d9-ade6-c18693fb6b8f" status: 200 len: 19 microversion: 1.28 [pid: 8|app: 0|req: 465/934] 10.0.0.25 () {34 vars in 858 bytes} [Tue Jun 2 22:38:13 2026] GET /allocations/af00d5c0-6ff9-43d9-ade6-c18693fb6b8f => generated 19 bytes in 13 msecs (HTTP/1.1 200) 8 headers in 295 bytes (1 switches on core 0)
2026-06-02 22:38:13.763 7 INFO placement.requestlog [req-2e60e308-e66e-4ca1-9977-9560c0ff42e8 req-ffb86bb6-3278-482c-b94b-590bf6666b76 153e8c711b8649c891797c77db61e45c bb4a451db38b41c49d7e7b0d89bc3cd5 - - b280bf3a2c0a479aa7fb265cfad0b647 b280bf3a2c0a479aa7fb265cfad0b647] 10.0.0.25 "PUT /allocations/af00d5c0-6ff9-43d9-ade6-c18693fb6b8f" status: 204 len: 0 microversion: 1.36 [pid: 7|app: 0|req: 470/935] 10.0.0.25 () {38 vars in 911 bytes} [Tue Jun 2 22:38:13 2026] PUT /allocations/af00d5c0-6ff9-43d9-ade6-c18693fb6b8f => generated 0 bytes in 57 msecs (HTTP/1.1 204) 5 headers in 199 bytes (1 switches on core 0)
2026-06-02 22:38:15.272 8 INFO placement.requestlog [req-2e60e308-e66e-4ca1-9977-9560c0ff42e8 req-637daf15-ca1f-4623-ab8d-74ad900f6952 153e8c711b8649c891797c77db61e45c bb4a451db38b41c49d7e7b0d89bc3cd5 - - b280bf3a2c0a479aa7fb265cfad0b647 b280bf3a2c0a479aa7fb265cfad0b647] 199.204.45.3 "GET /allocations/af00d5c0-6ff9-43d9-ade6-c18693fb6b8f" status: 200 len: 258 microversion: 1.28 [pid: 8|app: 0|req: 466/936] 199.204.45.3 () {34 vars in 859 bytes} [Tue Jun 2 22:38:15 2026] GET /allocations/af00d5c0-6ff9-43d9-ade6-c18693fb6b8f => generated 258 bytes in 11 msecs (HTTP/1.1 200) 8 headers in 296 bytes (1 switches on core 0)
2026-06-02 22:38:16.317 7 INFO placement.requestlog [req-2e60e308-e66e-4ca1-9977-9560c0ff42e8 req-342c9b3c-9989-4c07-b7f5-e1b562acdfa6 153e8c711b8649c891797c77db61e45c bb4a451db38b41c49d7e7b0d89bc3cd5 - - b280bf3a2c0a479aa7fb265cfad0b647 b280bf3a2c0a479aa7fb265cfad0b647] 199.204.45.3 "GET /resource_providers/ddb37be9-8292-40f9-8fbd-5f4f167e07e8/allocations" status: 200 len: 253 microversion: 1.0 [pid: 7|app: 0|req: 471/937] 199.204.45.3 () {32 vars in 853 bytes} [Tue Jun 2 22:38:16 2026] GET /resource_providers/ddb37be9-8292-40f9-8fbd-5f4f167e07e8/allocations => generated 253 bytes in 20 msecs (HTTP/1.1 200) 6 headers in 224 bytes (1 switches on core 0)
2026-06-02 22:38:16.336 8 INFO placement.requestlog [req-2e60e308-e66e-4ca1-9977-9560c0ff42e8 req-80169d9b-ce89-4a7d-8fe0-6dec23ebc5b9 153e8c711b8649c891797c77db61e45c bb4a451db38b41c49d7e7b0d89bc3cd5 - - b280bf3a2c0a479aa7fb265cfad0b647 b280bf3a2c0a479aa7fb265cfad0b647] 199.204.45.3 "GET /allocations/af00d5c0-6ff9-43d9-ade6-c18693fb6b8f" status: 200 len: 258 microversion: 1.28 [pid: 8|app: 0|req: 467/938] 199.204.45.3 () {34 vars in 859 bytes} [Tue Jun 2 22:38:16 2026] GET /allocations/af00d5c0-6ff9-43d9-ade6-c18693fb6b8f => generated 258 bytes in 12 msecs (HTTP/1.1 200) 8 headers in 296 bytes (1 switches on core 0)
2026-06-02 22:38:16.355 7 INFO placement.requestlog [req-2e60e308-e66e-4ca1-9977-9560c0ff42e8 req-c8302f57-a02b-4b76-b860-9590e8e08be9 153e8c711b8649c891797c77db61e45c bb4a451db38b41c49d7e7b0d89bc3cd5 - - b280bf3a2c0a479aa7fb265cfad0b647 b280bf3a2c0a479aa7fb265cfad0b647] 199.204.45.3 "GET /allocations/fc155dd8-6262-4e7f-ae52-ed0a92af715c" status: 200 len: 258 microversion: 1.28 [pid: 7|app: 0|req: 472/939] 199.204.45.3 () {34 vars in 859 bytes} [Tue Jun 2 22:38:16 2026] GET /allocations/fc155dd8-6262-4e7f-ae52-ed0a92af715c => generated 258 bytes in 12 msecs (HTTP/1.1 200) 8 headers in 296 bytes (1 switches on core 0)
2026-06-02 22:38:21.091 8 INFO placement.requestlog [None req-063f6b17-296e-43b8-ba82-7f79c2f95854 c86c4faf88904a5f8f837863f9636814 bb4a451db38b41c49d7e7b0d89bc3cd5 - - b280bf3a2c0a479aa7fb265cfad0b647 b280bf3a2c0a479aa7fb265cfad0b647] 10.0.0.143 "GET /resource_providers/d3d2cead-9626-4242-94c8-19380dd9eff6/aggregates" status: 404 len: 235 microversion: 1.1 [pid: 8|app: 0|req: 468/940] 10.0.0.143 () {32 vars in 814 bytes} [Tue Jun 2 22:38:21 2026] GET /resource_providers/d3d2cead-9626-4242-94c8-19380dd9eff6/aggregates => generated 235 bytes in 9 msecs (HTTP/1.1 404) 5 headers in 202 bytes (1 switches on core 0)
2026-06-02 22:38:21.095 7 INFO placement.requestlog [None req-eb6a0631-8f8e-4eeb-9896-f24f3f0df575 c86c4faf88904a5f8f837863f9636814 bb4a451db38b41c49d7e7b0d89bc3cd5 - - b280bf3a2c0a479aa7fb265cfad0b647 b280bf3a2c0a479aa7fb265cfad0b647] 10.0.0.143 "GET /resource_providers/d3d2cead-9626-4242-94c8-19380dd9eff6/aggregates" status: 404 len: 235 microversion: 1.1 [pid: 7|app: 0|req: 473/941] 10.0.0.143 () {32 vars in 814 bytes} [Tue Jun 2 22:38:21 2026] GET /resource_providers/d3d2cead-9626-4242-94c8-19380dd9eff6/aggregates => generated 235 bytes in 8 msecs (HTTP/1.1 404) 5 headers in 202 bytes (1 switches on core 0)
2026-06-02 22:38:21.115 8 INFO placement.requestlog [None req-71da1ef6-c21f-43f5-8352-5bb89d8a11fd c86c4faf88904a5f8f837863f9636814 bb4a451db38b41c49d7e7b0d89bc3cd5 - - b280bf3a2c0a479aa7fb265cfad0b647 b280bf3a2c0a479aa7fb265cfad0b647] 10.0.0.143 "DELETE /resource_providers/d3d2cead-9626-4242-94c8-19380dd9eff6" status: 404 len: 246 microversion: 1.1 [pid: 8|app: 0|req: 469/942] 10.0.0.143 () {34 vars in 814 bytes} [Tue Jun 2 22:38:21 2026] DELETE /resource_providers/d3d2cead-9626-4242-94c8-19380dd9eff6 => generated 246 bytes in 15 msecs (HTTP/1.1 404) 6 headers in 231 bytes (1 switches on core 0)
2026-06-02 22:38:21.116 7 INFO placement.requestlog [None req-89fd2bce-0543-4bd8-a005-ae2999b267ee c86c4faf88904a5f8f837863f9636814 bb4a451db38b41c49d7e7b0d89bc3cd5 - - b280bf3a2c0a479aa7fb265cfad0b647 b280bf3a2c0a479aa7fb265cfad0b647] 10.0.0.143 "DELETE /resource_providers/d3d2cead-9626-4242-94c8-19380dd9eff6" status: 404 len: 246 microversion: 1.1 [pid: 7|app: 0|req: 474/943] 10.0.0.143 () {34 vars in 814 bytes} [Tue Jun 2 22:38:21 2026] DELETE /resource_providers/d3d2cead-9626-4242-94c8-19380dd9eff6 => generated 246 bytes in 12 msecs (HTTP/1.1 404) 6 headers in 231 bytes (1 switches on core 0)
2026-06-02 22:38:22.463 7 INFO placement.requestlog [None req-3031bfec-83c3-4484-bda0-1f62ddbeb4d1 - - - - - -] 10.0.0.20 "GET /" status: 200 len: 136 microversion: 1.0
2026-06-02 22:38:22.464 8 INFO placement.requestlog [None req-58b38b1b-6504-4403-8569-c46c283752f0 - - - - - -] 10.0.0.20 "GET /" status: 200 len: 136 microversion: 1.0
2026-06-02 22:38:26.646 7 INFO placement.requestlog [req-b8d9fda0-e633-46b5-92f1-e8eee082f1e9 req-96e82dc3-5a36-4cb3-af8a-d22673927de9 153e8c711b8649c891797c77db61e45c bb4a451db38b41c49d7e7b0d89bc3cd5 - - b280bf3a2c0a479aa7fb265cfad0b647 b280bf3a2c0a479aa7fb265cfad0b647] 10.0.0.25 "GET /allocation_candidates?limit=1000&resources=DISK_GB%3A1%2CMEMORY_MB%3A512%2CVCPU%3A1&root_required=%21COMPUTE_STATUS_DISABLED" status: 200 len: 2387 microversion: 1.36 [pid: 7|app: 0|req: 476/946] 10.0.0.25 () {34 vars in 1009 bytes} [Tue Jun 2 22:38:26 2026] GET /allocation_candidates?limit=1000&resources=DISK_GB%3A1%2CMEMORY_MB%3A512%2CVCPU%3A1&root_required=%21COMPUTE_STATUS_DISABLED => generated 2387 bytes in 40 msecs (HTTP/1.1 200) 8 headers in 297 bytes (1 switches on core 0)
2026-06-02 22:38:26.669 8 INFO placement.requestlog [req-b8d9fda0-e633-46b5-92f1-e8eee082f1e9 req-0088d50e-3163-4e71-808d-e58dc1c7de7f 153e8c711b8649c891797c77db61e45c bb4a451db38b41c49d7e7b0d89bc3cd5 - - b280bf3a2c0a479aa7fb265cfad0b647 b280bf3a2c0a479aa7fb265cfad0b647] 10.0.0.25 "GET /allocations/070be60a-8de0-4e74-a7a2-3a14bde7d264" status: 200 len: 19 microversion: 1.28 [pid: 8|app: 0|req: 471/947] 10.0.0.25 () {34 vars in 858 bytes} [Tue Jun 2 22:38:26 2026] GET /allocations/070be60a-8de0-4e74-a7a2-3a14bde7d264 => generated 19 bytes in 7 msecs (HTTP/1.1 200) 8 headers in 295 bytes (1 switches on core 0)
2026-06-02 22:38:26.716 7 INFO placement.requestlog [req-b8d9fda0-e633-46b5-92f1-e8eee082f1e9 req-bbb185cd-2f5f-4c26-b0f3-c380ddb76e7e 153e8c711b8649c891797c77db61e45c bb4a451db38b41c49d7e7b0d89bc3cd5 - - b280bf3a2c0a479aa7fb265cfad0b647 b280bf3a2c0a479aa7fb265cfad0b647] 10.0.0.25 "PUT /allocations/070be60a-8de0-4e74-a7a2-3a14bde7d264" status: 204 len: 0 microversion: 1.36 [pid: 7|app: 0|req: 477/948] 10.0.0.25 () {38 vars in 911 bytes} [Tue Jun 2 22:38:26 2026] PUT /allocations/070be60a-8de0-4e74-a7a2-3a14bde7d264 => generated 0 bytes in 44 msecs (HTTP/1.1 204) 5 headers in 199 bytes (1 switches on core 0)
2026-06-02 22:38:28.253 8 INFO placement.requestlog [req-b8d9fda0-e633-46b5-92f1-e8eee082f1e9 req-f2d234ff-818c-4a4d-bf4f-2855e154c61a 153e8c711b8649c891797c77db61e45c bb4a451db38b41c49d7e7b0d89bc3cd5 - - b280bf3a2c0a479aa7fb265cfad0b647 b280bf3a2c0a479aa7fb265cfad0b647] 199.204.45.3 "GET /allocations/070be60a-8de0-4e74-a7a2-3a14bde7d264" status: 200 len: 258 microversion: 1.28 [pid: 8|app: 0|req: 472/949] 199.204.45.3 () {34 vars in 859 bytes} [Tue Jun 2 22:38:28 2026] GET /allocations/070be60a-8de0-4e74-a7a2-3a14bde7d264 => generated 258 bytes in 13 msecs (HTTP/1.1 200) 8 headers in 296 bytes (1 switches on core 0)
2026-06-02 22:38:29.292 7 INFO placement.requestlog [req-b8d9fda0-e633-46b5-92f1-e8eee082f1e9 req-2711f28c-5085-4392-87b2-bcd48132ddb9 153e8c711b8649c891797c77db61e45c bb4a451db38b41c49d7e7b0d89bc3cd5 - - b280bf3a2c0a479aa7fb265cfad0b647 b280bf3a2c0a479aa7fb265cfad0b647] 199.204.45.3 "GET /resource_providers/ddb37be9-8292-40f9-8fbd-5f4f167e07e8/allocations" status: 200 len: 353 microversion: 1.0 [pid: 7|app: 0|req: 478/950] 199.204.45.3 () {32 vars in 853 bytes} [Tue Jun 2 22:38:29 2026] GET /resource_providers/ddb37be9-8292-40f9-8fbd-5f4f167e07e8/allocations => generated 353 bytes in 14 msecs (HTTP/1.1 200) 6 headers in 224 bytes (1 switches on core 0)
2026-06-02 22:38:29.310 8 INFO placement.requestlog [req-b8d9fda0-e633-46b5-92f1-e8eee082f1e9 req-0dc9043c-dfea-4b7c-8414-20610e7c02e5 153e8c711b8649c891797c77db61e45c bb4a451db38b41c49d7e7b0d89bc3cd5 - - b280bf3a2c0a479aa7fb265cfad0b647 b280bf3a2c0a479aa7fb265cfad0b647] 199.204.45.3 "GET /allocations/af00d5c0-6ff9-43d9-ade6-c18693fb6b8f" status: 200 len: 258 microversion: 1.28 [pid: 8|app: 0|req: 473/951] 199.204.45.3 () {34 vars in 859 bytes} [Tue Jun 2 22:38:29 2026] GET /allocations/af00d5c0-6ff9-43d9-ade6-c18693fb6b8f => generated 258 bytes in 12 msecs (HTTP/1.1 200) 8 headers in 296 bytes (1 switches on core 0)
2026-06-02 22:38:29.329 7 INFO placement.requestlog [req-b8d9fda0-e633-46b5-92f1-e8eee082f1e9 req-c184b460-22bd-49fe-ae83-bbbbd6da4a74 153e8c711b8649c891797c77db61e45c bb4a451db38b41c49d7e7b0d89bc3cd5 - - b280bf3a2c0a479aa7fb265cfad0b647 b280bf3a2c0a479aa7fb265cfad0b647] 199.204.45.3 "GET /allocations/fc155dd8-6262-4e7f-ae52-ed0a92af715c" status: 200 len: 258 microversion: 1.28 [pid: 7|app: 0|req: 479/952] 199.204.45.3 () {34 vars in 859 bytes} [Tue Jun 2 22:38:29 2026] GET /allocations/fc155dd8-6262-4e7f-ae52-ed0a92af715c => generated 258 bytes in 15 msecs (HTTP/1.1 200) 8 headers in 296 bytes (1 switches on core 0)
2026-06-02 22:38:29.346 8 INFO placement.requestlog [req-b8d9fda0-e633-46b5-92f1-e8eee082f1e9 req-6e37044a-9d97-498d-831a-882fbec30db1 153e8c711b8649c891797c77db61e45c bb4a451db38b41c49d7e7b0d89bc3cd5 - - b280bf3a2c0a479aa7fb265cfad0b647 b280bf3a2c0a479aa7fb265cfad0b647] 199.204.45.3 "GET /allocations/070be60a-8de0-4e74-a7a2-3a14bde7d264" status: 200 len: 258 microversion: 1.28 [pid: 8|app: 0|req: 474/953] 199.204.45.3 () {34 vars in 859 bytes} [Tue Jun 2 22:38:29 2026] GET /allocations/070be60a-8de0-4e74-a7a2-3a14bde7d264 => generated 258 bytes in 11 msecs (HTTP/1.1 200) 8 headers in 296 bytes (1 switches on core 0)
2026-06-02 22:38:31.146 7 INFO placement.requestlog [req-95fecbb7-8be1-4816-b6a6-3045de269833 req-a80b2cae-4ed2-4151-b94a-d19ce983d920 153e8c711b8649c891797c77db61e45c bb4a451db38b41c49d7e7b0d89bc3cd5 - - b280bf3a2c0a479aa7fb265cfad0b647 b280bf3a2c0a479aa7fb265cfad0b647] 10.0.0.25 "GET /allocation_candidates?limit=1000&resources=DISK_GB%3A1%2CMEMORY_MB%3A512%2CVCPU%3A1&root_required=%21COMPUTE_STATUS_DISABLED" status: 200 len: 2387 microversion: 1.36 [pid: 7|app: 0|req: 480/954] 10.0.0.25 () {34 vars in 1009 bytes} [Tue Jun 2 22:38:31 2026] GET /allocation_candidates?limit=1000&resources=DISK_GB%3A1%2CMEMORY_MB%3A512%2CVCPU%3A1&root_required=%21COMPUTE_STATUS_DISABLED => generated 2387 bytes in 48 msecs (HTTP/1.1 200) 8 headers in 297 bytes (1 switches on core 0)
2026-06-02 22:38:31.170 8 INFO placement.requestlog [req-95fecbb7-8be1-4816-b6a6-3045de269833 req-1ce500c0-0633-4333-b5f2-8a81f8bf00fb 153e8c711b8649c891797c77db61e45c bb4a451db38b41c49d7e7b0d89bc3cd5 - - b280bf3a2c0a479aa7fb265cfad0b647 b280bf3a2c0a479aa7fb265cfad0b647] 10.0.0.25 "GET /allocations/bb3b48ce-c4a2-477e-8c81-8dad186f3d23" status: 200 len: 19 microversion: 1.28 [pid: 8|app: 0|req: 475/955] 10.0.0.25 () {34 vars in 858 bytes} [Tue Jun 2 22:38:31 2026] GET /allocations/bb3b48ce-c4a2-477e-8c81-8dad186f3d23 => generated 19 bytes in 9 msecs (HTTP/1.1 200) 8 headers in 295 bytes (1 switches on core 0)
2026-06-02 22:38:31.220 7 INFO placement.requestlog [req-95fecbb7-8be1-4816-b6a6-3045de269833 req-69c18a0a-8807-41d6-8a45-754098fd0e61 153e8c711b8649c891797c77db61e45c bb4a451db38b41c49d7e7b0d89bc3cd5 - - b280bf3a2c0a479aa7fb265cfad0b647 b280bf3a2c0a479aa7fb265cfad0b647] 10.0.0.25 "PUT /allocations/bb3b48ce-c4a2-477e-8c81-8dad186f3d23" status: 204 len: 0 microversion: 1.36 [pid: 7|app: 0|req: 481/956] 10.0.0.25 () {38 vars in 911 bytes} [Tue Jun 2 22:38:31 2026] PUT /allocations/bb3b48ce-c4a2-477e-8c81-8dad186f3d23 => generated 0 bytes in 46 msecs (HTTP/1.1 204) 5 headers in 199 bytes (1 switches on core 0)
2026-06-02 22:38:32.464 7 INFO placement.requestlog [None req-f0f38c19-1ce1-4468-b957-2c64239c3a9f - - - - - -] 10.0.0.20 "GET /" status: 200 len: 136 microversion: 1.0
2026-06-02 22:38:32.464 8 INFO placement.requestlog [None req-08556dae-fbf1-42cc-aad7-4152fc9d6a0f - - - - - -] 10.0.0.20 "GET /" status: 200 len: 136 microversion: 1.0
2026-06-02 22:38:32.756 7 INFO placement.requestlog [req-95fecbb7-8be1-4816-b6a6-3045de269833 req-df063549-ccee-48b4-90f6-f2a9eadd5b77 153e8c711b8649c891797c77db61e45c bb4a451db38b41c49d7e7b0d89bc3cd5 - - b280bf3a2c0a479aa7fb265cfad0b647 b280bf3a2c0a479aa7fb265cfad0b647] 199.204.45.3 "GET /allocations/bb3b48ce-c4a2-477e-8c81-8dad186f3d23" status: 200 len: 258 microversion: 1.28 [pid: 7|app: 0|req: 483/959] 199.204.45.3 () {34 vars in 859 bytes} [Tue Jun 2 22:38:32 2026] GET /allocations/bb3b48ce-c4a2-477e-8c81-8dad186f3d23 => generated 258 bytes in 20 msecs (HTTP/1.1 200) 8 headers in 296 bytes (1 switches on core 0)
2026-06-02 22:38:33.796 8 INFO placement.requestlog [req-95fecbb7-8be1-4816-b6a6-3045de269833 req-deff30a5-cfaf-4033-b486-d32eb87cda2b 153e8c711b8649c891797c77db61e45c bb4a451db38b41c49d7e7b0d89bc3cd5 - - b280bf3a2c0a479aa7fb265cfad0b647 b280bf3a2c0a479aa7fb265cfad0b647] 199.204.45.3 "GET /resource_providers/ddb37be9-8292-40f9-8fbd-5f4f167e07e8/allocations" status: 200 len: 453 microversion: 1.0 [pid: 8|app: 0|req: 477/960] 199.204.45.3 () {32 vars in 853 bytes} [Tue Jun 2 22:38:33 2026] GET /resource_providers/ddb37be9-8292-40f9-8fbd-5f4f167e07e8/allocations => generated 453 bytes in 16 msecs (HTTP/1.1 200) 6 headers in 224 bytes (1 switches on core 0)
2026-06-02 22:38:33.814 7 INFO placement.requestlog [req-95fecbb7-8be1-4816-b6a6-3045de269833 req-d541107b-15ac-4f4c-84b7-750d7b59f2d5 153e8c711b8649c891797c77db61e45c bb4a451db38b41c49d7e7b0d89bc3cd5 - - b280bf3a2c0a479aa7fb265cfad0b647 b280bf3a2c0a479aa7fb265cfad0b647] 199.204.45.3 "GET /allocations/af00d5c0-6ff9-43d9-ade6-c18693fb6b8f" status: 200 len: 258 microversion: 1.28 [pid: 7|app: 0|req: 484/961] 199.204.45.3 () {34 vars in 859 bytes} [Tue Jun 2 22:38:33 2026] GET /allocations/af00d5c0-6ff9-43d9-ade6-c18693fb6b8f => generated 258 bytes in 14 msecs (HTTP/1.1 200) 8 headers in 296 bytes (1 switches on core 0)
2026-06-02 22:38:33.831 8 INFO placement.requestlog [req-95fecbb7-8be1-4816-b6a6-3045de269833 req-632c7f38-3896-4c29-8f42-17376e8167f3 153e8c711b8649c891797c77db61e45c bb4a451db38b41c49d7e7b0d89bc3cd5 - - b280bf3a2c0a479aa7fb265cfad0b647 b280bf3a2c0a479aa7fb265cfad0b647] 199.204.45.3 "GET /allocations/fc155dd8-6262-4e7f-ae52-ed0a92af715c" status: 200 len: 258 microversion: 1.28 [pid: 8|app: 0|req: 478/962] 199.204.45.3 () {34 vars in 859 bytes} [Tue Jun 2 22:38:33 2026] GET /allocations/fc155dd8-6262-4e7f-ae52-ed0a92af715c => generated 258 bytes in 11 msecs (HTTP/1.1 200) 8 headers in 296 bytes (1 switches on core 0)
2026-06-02 22:38:33.849 7 INFO placement.requestlog [req-95fecbb7-8be1-4816-b6a6-3045de269833 req-6d0242d9-6445-474e-bf70-c2aeecc8be06 153e8c711b8649c891797c77db61e45c bb4a451db38b41c49d7e7b0d89bc3cd5 - - b280bf3a2c0a479aa7fb265cfad0b647 b280bf3a2c0a479aa7fb265cfad0b647] 199.204.45.3 "GET /allocations/bb3b48ce-c4a2-477e-8c81-8dad186f3d23" status: 200 len: 258 microversion: 1.28 [pid: 7|app: 0|req: 485/963] 199.204.45.3 () {34 vars in 859 bytes} [Tue Jun 2 22:38:33 2026] GET /allocations/bb3b48ce-c4a2-477e-8c81-8dad186f3d23 => generated 258 bytes in 11 msecs (HTTP/1.1 200) 8 headers in 296 bytes (1 switches on core 0)
2026-06-02 22:38:33.866 8 INFO placement.requestlog [req-95fecbb7-8be1-4816-b6a6-3045de269833 req-65c960d0-bde6-4337-94f7-1ad0e6fe4e34 153e8c711b8649c891797c77db61e45c bb4a451db38b41c49d7e7b0d89bc3cd5 - - b280bf3a2c0a479aa7fb265cfad0b647 b280bf3a2c0a479aa7fb265cfad0b647] 199.204.45.3 "GET /allocations/070be60a-8de0-4e74-a7a2-3a14bde7d264" status: 200 len: 258 microversion: 1.28 [pid: 8|app: 0|req: 479/964] 199.204.45.3 () {34 vars in 859 bytes} [Tue Jun 2 22:38:33 2026] GET /allocations/070be60a-8de0-4e74-a7a2-3a14bde7d264 => generated 258 bytes in 12 msecs (HTTP/1.1 200) 8 headers in 296 bytes (1 switches on core 0)
2026-06-02 22:38:38.730 7 INFO placement.requestlog [req-50ff5507-d389-48df-9b47-c47df4b82574 req-1816b581-6b5c-4783-90f7-c6a2b5900ab7 153e8c711b8649c891797c77db61e45c bb4a451db38b41c49d7e7b0d89bc3cd5 - - b280bf3a2c0a479aa7fb265cfad0b647 b280bf3a2c0a479aa7fb265cfad0b647] 199.204.45.3 "GET /resource_providers/ddb37be9-8292-40f9-8fbd-5f4f167e07e8/allocations" status: 200 len: 453 microversion: 1.0 [pid: 7|app: 0|req: 486/965] 199.204.45.3 () {32 vars in 853 bytes} [Tue Jun 2 22:38:38 2026] GET /resource_providers/ddb37be9-8292-40f9-8fbd-5f4f167e07e8/allocations => generated 453 bytes in 14 msecs (HTTP/1.1 200) 6 headers in 224 bytes (1 switches on core 0)
2026-06-02 22:38:38.764 8 INFO placement.requestlog [req-50ff5507-d389-48df-9b47-c47df4b82574 req-f0c93dc2-7562-4eb7-8bca-08140a2359a0 153e8c711b8649c891797c77db61e45c bb4a451db38b41c49d7e7b0d89bc3cd5 - - b280bf3a2c0a479aa7fb265cfad0b647 b280bf3a2c0a479aa7fb265cfad0b647] 199.204.45.3 "GET /resource_providers/ddb37be9-8292-40f9-8fbd-5f4f167e07e8/allocations" status: 200 len: 453 microversion: 1.0 [pid: 8|app: 0|req: 480/966] 199.204.45.3 () {32 vars in 853 bytes} [Tue Jun 2 22:38:38 2026] GET /resource_providers/ddb37be9-8292-40f9-8fbd-5f4f167e07e8/allocations => generated 453 bytes in 21 msecs (HTTP/1.1 200) 6 headers in 224 bytes (1 switches on core 0)
2026-06-02 22:38:38.785 7 INFO placement.requestlog [req-50ff5507-d389-48df-9b47-c47df4b82574 req-e63db318-00bd-4a4b-9083-10ecf001277a 153e8c711b8649c891797c77db61e45c bb4a451db38b41c49d7e7b0d89bc3cd5 - - b280bf3a2c0a479aa7fb265cfad0b647 b280bf3a2c0a479aa7fb265cfad0b647] 199.204.45.3 "GET /allocations/af00d5c0-6ff9-43d9-ade6-c18693fb6b8f" status: 200 len: 258 microversion: 1.28 [pid: 7|app: 0|req: 487/967] 199.204.45.3 () {34 vars in 859 bytes} [Tue Jun 2 22:38:38 2026] GET /allocations/af00d5c0-6ff9-43d9-ade6-c18693fb6b8f => generated 258 bytes in 15 msecs (HTTP/1.1 200) 8 headers in 296 bytes (1 switches on core 0)
2026-06-02 22:38:38.809 8 INFO placement.requestlog [req-50ff5507-d389-48df-9b47-c47df4b82574 req-f92bbaad-9695-45d4-ae66-df41d5ee2b2d 153e8c711b8649c891797c77db61e45c bb4a451db38b41c49d7e7b0d89bc3cd5 - - b280bf3a2c0a479aa7fb265cfad0b647 b280bf3a2c0a479aa7fb265cfad0b647] 199.204.45.3 "GET /allocations/fc155dd8-6262-4e7f-ae52-ed0a92af715c" status: 200 len: 258 microversion: 1.28 [pid: 8|app: 0|req: 481/968] 199.204.45.3 () {34 vars in 859 bytes} [Tue Jun 2 22:38:38 2026] GET /allocations/fc155dd8-6262-4e7f-ae52-ed0a92af715c => generated 258 bytes in 15 msecs (HTTP/1.1 200) 8 headers in 296 bytes (1 switches on core 0)
2026-06-02 22:38:38.825 7 INFO placement.requestlog [req-50ff5507-d389-48df-9b47-c47df4b82574 req-b693cfdd-e417-4663-975a-5668f21d9a16 153e8c711b8649c891797c77db61e45c bb4a451db38b41c49d7e7b0d89bc3cd5 - - b280bf3a2c0a479aa7fb265cfad0b647 b280bf3a2c0a479aa7fb265cfad0b647] 199.204.45.3 "GET /allocations/bb3b48ce-c4a2-477e-8c81-8dad186f3d23" status: 200 len: 258 microversion: 1.28 [pid: 7|app: 0|req: 488/969] 199.204.45.3 () {34 vars in 859 bytes} [Tue Jun 2 22:38:38 2026] GET /allocations/bb3b48ce-c4a2-477e-8c81-8dad186f3d23 => generated 258 bytes in 10 msecs (HTTP/1.1 200) 8 headers in 296 bytes (1 switches on core 0)
2026-06-02 22:38:38.845 8 INFO placement.requestlog [req-50ff5507-d389-48df-9b47-c47df4b82574 req-5c6d064d-8a17-4612-be7f-890561ff8ce4 153e8c711b8649c891797c77db61e45c bb4a451db38b41c49d7e7b0d89bc3cd5 - - b280bf3a2c0a479aa7fb265cfad0b647 b280bf3a2c0a479aa7fb265cfad0b647] 199.204.45.3 "GET /allocations/070be60a-8de0-4e74-a7a2-3a14bde7d264" status: 200 len: 258 microversion: 1.28 [pid: 8|app: 0|req: 482/970] 199.204.45.3 () {34 vars in 859 bytes} [Tue Jun 2 22:38:38 2026] GET /allocations/070be60a-8de0-4e74-a7a2-3a14bde7d264 => generated 258 bytes in 15 msecs (HTTP/1.1 200) 8 headers in 296 bytes (1 switches on core 0)
2026-06-02 22:38:40.528 7 INFO placement.requestlog [None req-1709fb4a-ed90-4f23-a6b3-5ecf9e9596c3 c86c4faf88904a5f8f837863f9636814 bb4a451db38b41c49d7e7b0d89bc3cd5 - - b280bf3a2c0a479aa7fb265cfad0b647 b280bf3a2c0a479aa7fb265cfad0b647] 10.0.0.143 "GET /resource_providers/ffbc7efb-dc1f-4a85-b8cf-064afbae31f8/aggregates" status: 404 len: 235 microversion: 1.1 [pid: 7|app: 0|req: 489/971] 10.0.0.143 () {32 vars in 814 bytes} [Tue Jun 2 22:38:40 2026] GET /resource_providers/ffbc7efb-dc1f-4a85-b8cf-064afbae31f8/aggregates => generated 235 bytes in 6 msecs (HTTP/1.1 404) 5 headers in 202 bytes (1 switches on core 0)
2026-06-02 22:38:40.538 8 INFO placement.requestlog [None req-6efd738f-5bd0-4957-aa09-92251c989954 c86c4faf88904a5f8f837863f9636814 bb4a451db38b41c49d7e7b0d89bc3cd5 - - b280bf3a2c0a479aa7fb265cfad0b647 b280bf3a2c0a479aa7fb265cfad0b647] 10.0.0.143 "GET /resource_providers/ffbc7efb-dc1f-4a85-b8cf-064afbae31f8/aggregates" status: 404 len: 235 microversion: 1.1 [pid: 8|app: 0|req: 483/972] 10.0.0.143 () {32 vars in 814 bytes} [Tue Jun 2 22:38:40 2026] GET /resource_providers/ffbc7efb-dc1f-4a85-b8cf-064afbae31f8/aggregates => generated 235 bytes in 15 msecs (HTTP/1.1 404) 5 headers in 202 bytes (1 switches on core 0)
2026-06-02 22:38:40.540 7 INFO placement.requestlog [None req-80f4ef3a-2bf3-4168-9fae-ae2ec02ffdc6 c86c4faf88904a5f8f837863f9636814 bb4a451db38b41c49d7e7b0d89bc3cd5 - - b280bf3a2c0a479aa7fb265cfad0b647 b280bf3a2c0a479aa7fb265cfad0b647] 10.0.0.143 "DELETE /resource_providers/ffbc7efb-dc1f-4a85-b8cf-064afbae31f8" status: 404 len: 246 microversion: 1.1 [pid: 7|app: 0|req: 490/973] 10.0.0.143 () {34 vars in 814 bytes} [Tue Jun 2 22:38:40 2026] DELETE /resource_providers/ffbc7efb-dc1f-4a85-b8cf-064afbae31f8 => generated 246 bytes in 7 msecs (HTTP/1.1 404) 6 headers in 231 bytes (1 switches on core 0)
2026-06-02 22:38:40.551 8 INFO placement.requestlog [None req-d63ddbc0-e4f8-482c-aba9-d42fa1e3fd80 c86c4faf88904a5f8f837863f9636814 bb4a451db38b41c49d7e7b0d89bc3cd5 - - b280bf3a2c0a479aa7fb265cfad0b647 b280bf3a2c0a479aa7fb265cfad0b647] 10.0.0.143 "DELETE /resource_providers/ffbc7efb-dc1f-4a85-b8cf-064afbae31f8" status: 404 len: 246 microversion: 1.1 [pid: 8|app: 0|req: 484/974] 10.0.0.143 () {34 vars in 814 bytes} [Tue Jun 2 22:38:40 2026] DELETE /resource_providers/ffbc7efb-dc1f-4a85-b8cf-064afbae31f8 => generated 246 bytes in 7 msecs (HTTP/1.1 404) 6 headers in 231 bytes (1 switches on core 0)
2026-06-02 22:38:42.463 7 INFO placement.requestlog [None req-e54159b8-1b82-4ba2-af38-5cce5353bad1 - - - - - -] 10.0.0.20 "GET /" status: 200 len: 136 microversion: 1.0
2026-06-02 22:38:42.463 8 INFO placement.requestlog [None req-d0b3b19b-1b0f-4846-847b-c24f5a07f83b - - - - - -] 10.0.0.20 "GET /" status: 200 len: 136 microversion: 1.0
2026-06-02 22:38:48.419 7 INFO placement.requestlog [req-dfbb2d8c-046e-4b63-a244-c06065432df9 req-82ba961b-f4dd-4d62-b2be-fc34110cb7a0 153e8c711b8649c891797c77db61e45c bb4a451db38b41c49d7e7b0d89bc3cd5 - - b280bf3a2c0a479aa7fb265cfad0b647 b280bf3a2c0a479aa7fb265cfad0b647] 10.0.0.25 "GET /allocation_candidates?limit=1000&resources=DISK_GB%3A1%2CMEMORY_MB%3A512%2CVCPU%3A1&root_required=%21COMPUTE_STATUS_DISABLED" status: 200 len: 2387 microversion: 1.36 [pid: 7|app: 0|req: 492/977] 10.0.0.25 () {34 vars in 1009 bytes} [Tue Jun 2 22:38:48 2026] GET /allocation_candidates?limit=1000&resources=DISK_GB%3A1%2CMEMORY_MB%3A512%2CVCPU%3A1&root_required=%21COMPUTE_STATUS_DISABLED => generated 2387 bytes in 57 msecs (HTTP/1.1 200) 8 headers in 297 bytes (1 switches on core 0)
2026-06-02 22:38:48.460 8 INFO placement.requestlog [req-dfbb2d8c-046e-4b63-a244-c06065432df9 req-c615e6ed-2cb6-49b3-930a-dc86b820572b 153e8c711b8649c891797c77db61e45c bb4a451db38b41c49d7e7b0d89bc3cd5 - - b280bf3a2c0a479aa7fb265cfad0b647 b280bf3a2c0a479aa7fb265cfad0b647] 10.0.0.25 "GET /allocations/7d04ff36-57f0-49cc-ac86-25009a11d1ad" status: 200 len: 19 microversion: 1.28 [pid: 8|app: 0|req: 486/978] 10.0.0.25 () {34 vars in 858 bytes} [Tue Jun 2 22:38:48 2026] GET /allocations/7d04ff36-57f0-49cc-ac86-25009a11d1ad => generated 19 bytes in 14 msecs (HTTP/1.1 200) 8 headers in 295 bytes (1 switches on core 0)
2026-06-02 22:38:48.564 7 INFO placement.requestlog [req-dfbb2d8c-046e-4b63-a244-c06065432df9 req-d1ef744e-1b4f-4818-a1e2-0126312c7207 153e8c711b8649c891797c77db61e45c bb4a451db38b41c49d7e7b0d89bc3cd5 - - b280bf3a2c0a479aa7fb265cfad0b647 b280bf3a2c0a479aa7fb265cfad0b647] 10.0.0.25 "PUT /allocations/7d04ff36-57f0-49cc-ac86-25009a11d1ad" status: 204 len: 0 microversion: 1.36 [pid: 7|app: 0|req: 493/979] 10.0.0.25 () {38 vars in 911 bytes} [Tue Jun 2 22:38:48 2026] PUT /allocations/7d04ff36-57f0-49cc-ac86-25009a11d1ad => generated 0 bytes in 94 msecs (HTTP/1.1 204) 5 headers in 199 bytes (1 switches on core 0)
2026-06-02 22:38:50.034 8 INFO placement.requestlog [req-dfbb2d8c-046e-4b63-a244-c06065432df9 req-eca92de2-1821-40df-8da5-da22a572fde9 153e8c711b8649c891797c77db61e45c bb4a451db38b41c49d7e7b0d89bc3cd5 - - b280bf3a2c0a479aa7fb265cfad0b647 b280bf3a2c0a479aa7fb265cfad0b647] 199.204.45.3 "GET /allocations/7d04ff36-57f0-49cc-ac86-25009a11d1ad" status: 200 len: 258 microversion: 1.28 [pid: 8|app: 0|req: 487/980] 199.204.45.3 () {34 vars in 859 bytes} [Tue Jun 2 22:38:50 2026] GET /allocations/7d04ff36-57f0-49cc-ac86-25009a11d1ad => generated 258 bytes in 22 msecs (HTTP/1.1 200) 8 headers in 296 bytes (1 switches on core 0)
2026-06-02 22:38:51.093 7 INFO placement.requestlog [req-dfbb2d8c-046e-4b63-a244-c06065432df9 req-c2d7c902-04ec-455f-9f54-f2de810c9650 153e8c711b8649c891797c77db61e45c bb4a451db38b41c49d7e7b0d89bc3cd5 - - b280bf3a2c0a479aa7fb265cfad0b647 b280bf3a2c0a479aa7fb265cfad0b647] 199.204.45.3 "GET /resource_providers/ddb37be9-8292-40f9-8fbd-5f4f167e07e8/allocations" status: 200 len: 553 microversion: 1.0 [pid: 7|app: 0|req: 494/981] 199.204.45.3 () {32 vars in 853 bytes} [Tue Jun 2 22:38:51 2026] GET /resource_providers/ddb37be9-8292-40f9-8fbd-5f4f167e07e8/allocations => generated 553 bytes in 36 msecs (HTTP/1.1 200) 6 headers in 224 bytes (1 switches on core 0)
2026-06-02 22:38:51.116 8 INFO placement.requestlog [req-dfbb2d8c-046e-4b63-a244-c06065432df9 req-75d3a306-c0f3-413d-bc9e-0bfd1eed6095 153e8c711b8649c891797c77db61e45c bb4a451db38b41c49d7e7b0d89bc3cd5 - - b280bf3a2c0a479aa7fb265cfad0b647 b280bf3a2c0a479aa7fb265cfad0b647] 199.204.45.3 "GET /allocations/fc155dd8-6262-4e7f-ae52-ed0a92af715c" status: 200 len: 258 microversion: 1.28 [pid: 8|app: 0|req: 488/982] 199.204.45.3 () {34 vars in 859 bytes} [Tue Jun 2 22:38:51 2026] GET /allocations/fc155dd8-6262-4e7f-ae52-ed0a92af715c => generated 258 bytes in 13 msecs (HTTP/1.1 200) 8 headers in 296 bytes (1 switches on core 0)
2026-06-02 22:38:51.137 7 INFO placement.requestlog [req-dfbb2d8c-046e-4b63-a244-c06065432df9 req-d27a07e4-2519-45d9-bea3-78799d153602 153e8c711b8649c891797c77db61e45c bb4a451db38b41c49d7e7b0d89bc3cd5 - - b280bf3a2c0a479aa7fb265cfad0b647 b280bf3a2c0a479aa7fb265cfad0b647] 199.204.45.3 "GET /allocations/bb3b48ce-c4a2-477e-8c81-8dad186f3d23" status: 200 len: 258 microversion: 1.28 [pid: 7|app: 0|req: 495/983] 199.204.45.3 () {34 vars in 859 bytes} [Tue Jun 2 22:38:51 2026] GET /allocations/bb3b48ce-c4a2-477e-8c81-8dad186f3d23 => generated 258 bytes in 17 msecs (HTTP/1.1 200) 8 headers in 296 bytes (1 switches on core 0)
2026-06-02 22:38:51.153 8 INFO placement.requestlog [req-dfbb2d8c-046e-4b63-a244-c06065432df9 req-25ec339c-7754-4170-b473-912a62f11874 153e8c711b8649c891797c77db61e45c bb4a451db38b41c49d7e7b0d89bc3cd5 - - b280bf3a2c0a479aa7fb265cfad0b647 b280bf3a2c0a479aa7fb265cfad0b647] 199.204.45.3 "GET /allocations/070be60a-8de0-4e74-a7a2-3a14bde7d264" status: 200 len: 258 microversion: 1.28 [pid: 8|app: 0|req: 489/984] 199.204.45.3 () {34 vars in 859 bytes} [Tue Jun 2 22:38:51 2026] GET /allocations/070be60a-8de0-4e74-a7a2-3a14bde7d264 => generated 258 bytes in 11 msecs (HTTP/1.1 200) 8 headers in 296 bytes (1 switches on core 0)
2026-06-02 22:38:51.167 7 INFO placement.requestlog [req-dfbb2d8c-046e-4b63-a244-c06065432df9 req-0fbeb1f2-8463-4a0d-ad9c-f9d83f373234 153e8c711b8649c891797c77db61e45c bb4a451db38b41c49d7e7b0d89bc3cd5 - - b280bf3a2c0a479aa7fb265cfad0b647 b280bf3a2c0a479aa7fb265cfad0b647] 199.204.45.3 "GET /allocations/af00d5c0-6ff9-43d9-ade6-c18693fb6b8f" status: 200 len: 258 microversion: 1.28 [pid: 7|app: 0|req: 496/985] 199.204.45.3 () {34 vars in 859 bytes} [Tue Jun 2 22:38:51 2026] GET /allocations/af00d5c0-6ff9-43d9-ade6-c18693fb6b8f => generated 258 bytes in 10 msecs (HTTP/1.1 200) 8 headers in 296 bytes (1 switches on core 0)
2026-06-02 22:38:51.181 8 INFO placement.requestlog [req-dfbb2d8c-046e-4b63-a244-c06065432df9 req-a705bf4b-227c-49b5-afc2-06d400ab3e4e 153e8c711b8649c891797c77db61e45c bb4a451db38b41c49d7e7b0d89bc3cd5 - - b280bf3a2c0a479aa7fb265cfad0b647 b280bf3a2c0a479aa7fb265cfad0b647] 199.204.45.3 "GET /allocations/7d04ff36-57f0-49cc-ac86-25009a11d1ad" status: 200 len: 258 microversion: 1.28 [pid: 8|app: 0|req: 490/986] 199.204.45.3 () {34 vars in 859 bytes} [Tue Jun 2 22:38:51 2026] GET /allocations/7d04ff36-57f0-49cc-ac86-25009a11d1ad => generated 258 bytes in 9 msecs (HTTP/1.1 200) 8 headers in 296 bytes (1 switches on core 0)
2026-06-02 22:38:52.463 7 INFO placement.requestlog [None req-4227760a-404d-471d-acc7-98beece0ac5c - - - - - -] 10.0.0.20 "GET /" status: 200 len: 136 microversion: 1.0
2026-06-02 22:38:52.463 8 INFO placement.requestlog [None req-07b6515e-ea8a-4119-8230-957371fdd55d - - - - - -] 10.0.0.20 "GET /" status: 200 len: 136 microversion: 1.0
2026-06-02 22:38:53.339 7 INFO placement.requestlog [req-0ca0f056-50a3-4e78-b30d-f0527092074a req-972b4698-e3ff-4f6c-8d57-c73006e932c6 153e8c711b8649c891797c77db61e45c bb4a451db38b41c49d7e7b0d89bc3cd5 - - b280bf3a2c0a479aa7fb265cfad0b647 b280bf3a2c0a479aa7fb265cfad0b647] 199.204.45.3 "GET /resource_providers/ddb37be9-8292-40f9-8fbd-5f4f167e07e8/allocations" status: 200 len: 553 microversion: 1.0 [pid: 7|app: 0|req: 498/989] 199.204.45.3 () {32 vars in 853 bytes} [Tue Jun 2 22:38:53 2026] GET /resource_providers/ddb37be9-8292-40f9-8fbd-5f4f167e07e8/allocations => generated 553 bytes in 15 msecs (HTTP/1.1 200) 6 headers in 224 bytes (1 switches on core 0)
2026-06-02 22:38:53.354 8 INFO placement.requestlog [req-0ca0f056-50a3-4e78-b30d-f0527092074a req-b3154e6a-abdf-4a1a-bc6a-994b53082705 153e8c711b8649c891797c77db61e45c bb4a451db38b41c49d7e7b0d89bc3cd5 - - b280bf3a2c0a479aa7fb265cfad0b647 b280bf3a2c0a479aa7fb265cfad0b647] 199.204.45.3 "GET /allocations/fc155dd8-6262-4e7f-ae52-ed0a92af715c" status: 200 len: 258 microversion: 1.28 [pid: 8|app: 0|req: 492/990] 199.204.45.3 () {34 vars in 859 bytes} [Tue Jun 2 22:38:53 2026] GET /allocations/fc155dd8-6262-4e7f-ae52-ed0a92af715c => generated 258 bytes in 10 msecs (HTTP/1.1 200) 8 headers in 296 bytes (1 switches on core 0)
2026-06-02 22:38:53.372 7 INFO placement.requestlog [req-0ca0f056-50a3-4e78-b30d-f0527092074a req-7bc67290-0d53-4e91-b318-bf06de94afd8 153e8c711b8649c891797c77db61e45c bb4a451db38b41c49d7e7b0d89bc3cd5 - - b280bf3a2c0a479aa7fb265cfad0b647 b280bf3a2c0a479aa7fb265cfad0b647] 199.204.45.3 "GET /allocations/bb3b48ce-c4a2-477e-8c81-8dad186f3d23" status: 200 len: 258 microversion: 1.28 [pid: 7|app: 0|req: 499/991] 199.204.45.3 () {34 vars in 859 bytes} [Tue Jun 2 22:38:53 2026] GET /allocations/bb3b48ce-c4a2-477e-8c81-8dad186f3d23 => generated 258 bytes in 12 msecs (HTTP/1.1 200) 8 headers in 296 bytes (1 switches on core 0)
2026-06-02 22:38:53.390 8 INFO placement.requestlog [req-0ca0f056-50a3-4e78-b30d-f0527092074a req-e2055eae-dc28-4c56-b67e-5a93ab0d13e9 153e8c711b8649c891797c77db61e45c bb4a451db38b41c49d7e7b0d89bc3cd5 - - b280bf3a2c0a479aa7fb265cfad0b647 b280bf3a2c0a479aa7fb265cfad0b647] 199.204.45.3 "GET /allocations/070be60a-8de0-4e74-a7a2-3a14bde7d264" status: 200 len: 258 microversion: 1.28 [pid: 8|app: 0|req: 493/992] 199.204.45.3 () {34 vars in 859 bytes} [Tue Jun 2 22:38:53 2026] GET /allocations/070be60a-8de0-4e74-a7a2-3a14bde7d264 => generated 258 bytes in 12 msecs (HTTP/1.1 200) 8 headers in 296 bytes (1 switches on core 0)
2026-06-02 22:38:53.407 7 INFO placement.requestlog [req-0ca0f056-50a3-4e78-b30d-f0527092074a req-1b36e68a-ef96-43b7-ba58-3101b756abd4 153e8c711b8649c891797c77db61e45c bb4a451db38b41c49d7e7b0d89bc3cd5 - - b280bf3a2c0a479aa7fb265cfad0b647 b280bf3a2c0a479aa7fb265cfad0b647] 199.204.45.3 "GET /allocations/af00d5c0-6ff9-43d9-ade6-c18693fb6b8f" status: 200 len: 258 microversion: 1.28 [pid: 7|app: 0|req: 500/993] 199.204.45.3 () {34 vars in 859 bytes} [Tue Jun 2 22:38:53 2026] GET /allocations/af00d5c0-6ff9-43d9-ade6-c18693fb6b8f => generated 258 bytes in 11 msecs (HTTP/1.1 200) 8 headers in 296 bytes (1 switches on core 0)
2026-06-02 22:38:53.428 8 INFO placement.requestlog [req-0ca0f056-50a3-4e78-b30d-f0527092074a req-fc0213da-6bcc-4c5b-a3bc-e23a4333f874 153e8c711b8649c891797c77db61e45c bb4a451db38b41c49d7e7b0d89bc3cd5 - - b280bf3a2c0a479aa7fb265cfad0b647 b280bf3a2c0a479aa7fb265cfad0b647] 199.204.45.3 "GET /allocations/7d04ff36-57f0-49cc-ac86-25009a11d1ad" status: 200 len: 258 microversion: 1.28 [pid: 8|app: 0|req: 494/994] 199.204.45.3 () {34 vars in 859 bytes} [Tue Jun 2 22:38:53 2026] GET /allocations/7d04ff36-57f0-49cc-ac86-25009a11d1ad => generated 258 bytes in 14 msecs (HTTP/1.1 200) 8 headers in 296 bytes (1 switches on core 0)
2026-06-02 22:38:54.504 7 INFO placement.requestlog [req-0ca0f056-50a3-4e78-b30d-f0527092074a req-b7f0d202-227a-4813-81a9-3a45113e1732 153e8c711b8649c891797c77db61e45c bb4a451db38b41c49d7e7b0d89bc3cd5 - - b280bf3a2c0a479aa7fb265cfad0b647 b280bf3a2c0a479aa7fb265cfad0b647] 199.204.45.3 "DELETE /allocations/070be60a-8de0-4e74-a7a2-3a14bde7d264" status: 204 len: 0 microversion: 1.0 [pid: 7|app: 0|req: 501/995] 199.204.45.3 () {34 vars in 837 bytes} [Tue Jun 2 22:38:54 2026] DELETE /allocations/070be60a-8de0-4e74-a7a2-3a14bde7d264 => generated 0 bytes in 44 msecs (HTTP/1.1 204) 5 headers in 198 bytes (1 switches on core 0)
2026-06-02 22:39:00.258 8 INFO placement.requestlog [req-b82a06e5-6f3f-4bea-8f25-628a6534f0ad req-3840aa95-b4fe-4c14-a31e-461247fe4a8b 153e8c711b8649c891797c77db61e45c bb4a451db38b41c49d7e7b0d89bc3cd5 - - b280bf3a2c0a479aa7fb265cfad0b647 b280bf3a2c0a479aa7fb265cfad0b647] 199.204.45.3 "GET /resource_providers/ddb37be9-8292-40f9-8fbd-5f4f167e07e8/allocations" status: 200 len: 453 microversion: 1.0 [pid: 8|app: 0|req: 495/996] 199.204.45.3 () {32 vars in 853 bytes} [Tue Jun 2 22:39:00 2026] GET /resource_providers/ddb37be9-8292-40f9-8fbd-5f4f167e07e8/allocations => generated 453 bytes in 13 msecs (HTTP/1.1 200) 6 headers in 224 bytes (1 switches on core 0)
2026-06-02 22:39:00.277 7 INFO placement.requestlog [req-b82a06e5-6f3f-4bea-8f25-628a6534f0ad req-12943350-73ea-4b2f-927f-f2f3c20b7aac 153e8c711b8649c891797c77db61e45c bb4a451db38b41c49d7e7b0d89bc3cd5 - - b280bf3a2c0a479aa7fb265cfad0b647 b280bf3a2c0a479aa7fb265cfad0b647] 199.204.45.3 "GET /allocations/af00d5c0-6ff9-43d9-ade6-c18693fb6b8f" status: 200 len: 258 microversion: 1.28 [pid: 7|app: 0|req: 502/997] 199.204.45.3 () {34 vars in 859 bytes} [Tue Jun 2 22:39:00 2026] GET /allocations/af00d5c0-6ff9-43d9-ade6-c18693fb6b8f => generated 258 bytes in 14 msecs (HTTP/1.1 200) 8 headers in 296 bytes (1 switches on core 0)
2026-06-02 22:39:00.293 8 INFO placement.requestlog [req-b82a06e5-6f3f-4bea-8f25-628a6534f0ad req-6a7eec7e-b389-4300-8f77-1a4967d74eab 153e8c711b8649c891797c77db61e45c bb4a451db38b41c49d7e7b0d89bc3cd5 - - b280bf3a2c0a479aa7fb265cfad0b647 b280bf3a2c0a479aa7fb265cfad0b647] 199.204.45.3 "GET /allocations/fc155dd8-6262-4e7f-ae52-ed0a92af715c" status: 200 len: 258 microversion: 1.28 [pid: 8|app: 0|req: 496/998] 199.204.45.3 () {34 vars in 859 bytes} [Tue Jun 2 22:39:00 2026] GET /allocations/fc155dd8-6262-4e7f-ae52-ed0a92af715c => generated 258 bytes in 11 msecs (HTTP/1.1 200) 8 headers in 296 bytes (1 switches on core 0)
2026-06-02 22:39:00.308 7 INFO placement.requestlog [req-b82a06e5-6f3f-4bea-8f25-628a6534f0ad req-dbea0f73-c3a3-4012-8eb9-440fa1d6cd97 153e8c711b8649c891797c77db61e45c bb4a451db38b41c49d7e7b0d89bc3cd5 - - b280bf3a2c0a479aa7fb265cfad0b647 b280bf3a2c0a479aa7fb265cfad0b647] 199.204.45.3 "GET /allocations/7d04ff36-57f0-49cc-ac86-25009a11d1ad" status: 200 len: 258 microversion: 1.28 [pid: 7|app: 0|req: 503/999] 199.204.45.3 () {34 vars in 859 bytes} [Tue Jun 2 22:39:00 2026] GET /allocations/7d04ff36-57f0-49cc-ac86-25009a11d1ad => generated 258 bytes in 12 msecs (HTTP/1.1 200) 8 headers in 296 bytes (1 switches on core 0)
2026-06-02 22:39:00.326 8 INFO placement.requestlog [req-b82a06e5-6f3f-4bea-8f25-628a6534f0ad req-48f5aed9-02ab-4700-b748-082889b57130 153e8c711b8649c891797c77db61e45c bb4a451db38b41c49d7e7b0d89bc3cd5 - - b280bf3a2c0a479aa7fb265cfad0b647 b280bf3a2c0a479aa7fb265cfad0b647] 199.204.45.3 "GET /allocations/bb3b48ce-c4a2-477e-8c81-8dad186f3d23" status: 200 len: 258 microversion: 1.28 [pid: 8|app: 0|req: 497/1000] 199.204.45.3 () {34 vars in 859 bytes} [Tue Jun 2 22:39:00 2026] GET /allocations/bb3b48ce-c4a2-477e-8c81-8dad186f3d23 => generated 258 bytes in 11 msecs (HTTP/1.1 200) 8 headers in 296 bytes (1 switches on core 0)
2026-06-02 22:39:01.401 7 INFO placement.requestlog [req-b82a06e5-6f3f-4bea-8f25-628a6534f0ad req-131cd08d-effe-4845-a361-b487716e7be2 153e8c711b8649c891797c77db61e45c bb4a451db38b41c49d7e7b0d89bc3cd5 - - b280bf3a2c0a479aa7fb265cfad0b647 b280bf3a2c0a479aa7fb265cfad0b647] 199.204.45.3 "DELETE /allocations/fc155dd8-6262-4e7f-ae52-ed0a92af715c" status: 204 len: 0 microversion: 1.0 [pid: 7|app: 0|req: 504/1001] 199.204.45.3 () {34 vars in 837 bytes} [Tue Jun 2 22:39:01 2026] DELETE /allocations/fc155dd8-6262-4e7f-ae52-ed0a92af715c => generated 0 bytes in 50 msecs (HTTP/1.1 204) 5 headers in 198 bytes (1 switches on core 0)
2026-06-02 22:39:02.464 7 INFO placement.requestlog [None req-c19bcc8e-9315-446d-a7fd-a4434b013a3c - - - - - -] 10.0.0.20 "GET /" status: 200 len: 136 microversion: 1.0
2026-06-02 22:39:02.464 8 INFO placement.requestlog [None req-f2b6aee3-4af5-43d2-950b-eda4cf0d5768 - - - - - -] 10.0.0.20 "GET /" status: 200 len: 136 microversion: 1.0
2026-06-02 22:39:04.334 7 INFO placement.requestlog [None req-1af6dacf-01f6-4215-91ea-a83788c21453 c86c4faf88904a5f8f837863f9636814 bb4a451db38b41c49d7e7b0d89bc3cd5 - - b280bf3a2c0a479aa7fb265cfad0b647 b280bf3a2c0a479aa7fb265cfad0b647] 10.0.0.143 "GET /resource_providers/5b9c6d23-74bb-41a4-8b09-5306c5419f41/aggregates" status: 404 len: 235 microversion: 1.1 [pid: 7|app: 0|req: 506/1004] 10.0.0.143 () {32 vars in 814 bytes} [Tue Jun 2 22:39:04 2026] GET /resource_providers/5b9c6d23-74bb-41a4-8b09-5306c5419f41/aggregates => generated 235 bytes in 6 msecs (HTTP/1.1 404) 5 headers in 202 bytes (1 switches on core 0)
2026-06-02 22:39:04.340 8 INFO placement.requestlog [None req-4777cc89-94f7-4eae-8995-47c8cfc1a9af c86c4faf88904a5f8f837863f9636814 bb4a451db38b41c49d7e7b0d89bc3cd5 - - b280bf3a2c0a479aa7fb265cfad0b647 b280bf3a2c0a479aa7fb265cfad0b647] 10.0.0.143 "GET /resource_providers/5b9c6d23-74bb-41a4-8b09-5306c5419f41/aggregates" status: 404 len: 235 microversion: 1.1 [pid: 8|app: 0|req: 499/1005] 10.0.0.143 () {32 vars in 814 bytes} [Tue Jun 2 22:39:04 2026] GET /resource_providers/5b9c6d23-74bb-41a4-8b09-5306c5419f41/aggregates => generated 235 bytes in 11 msecs (HTTP/1.1 404) 5 headers in 202 bytes (1 switches on core 0)
