Apr 27 08:08:24.408580 np0000170431 devstack@neutron-api.service[104265]: DEBUG neutron.api.extensions [None req-4a72ea7d-708d-44df-964c-ab55ef11f714 None None] Loading extension file: expose_port_forwarding_in_fip.py {{(pid=104265) _load_all_extensions_from_path /opt/stack/neutron/neutron/api/extensions.py:449}}
Apr 27 08:08:24.408635 np0000170431 devstack@neutron-api.service[104267]: DEBUG neutron.manager [None req-46040099-699c-4473-8726-663a4849c8fa None None] Successfully loaded L3_ROUTER_NAT plugin. Description: L3 Router Service Plugin for basic L3 forwarding using OVN {{(pid=104267) _create_and_add_service_plugin /opt/stack/neutron/neutron/manager.py:239}}
Apr 27 08:08:24.408635 np0000170431 devstack@neutron-api.service[104267]: INFO neutron.manager [None req-46040099-699c-4473-8726-663a4849c8fa None None] Loading Plugin: auto_allocate
Apr 27 08:08:24.408703 np0000170431 devstack@neutron-api.service[104265]: DEBUG neutron.api.extensions [None req-4a72ea7d-708d-44df-964c-ab55ef11f714 None None] Ext name="Expose Floating IP port forwardings" alias="expose-port-forwarding-in-fip" description="Expose port forwarding fields in floating IP response" updated="2018-06-28T16:00:00-00:00" {{(pid=104265) _check_extension /opt/stack/neutron/neutron/api/extensions.py:415}}
Apr 27 08:08:24.408703 np0000170431 devstack@neutron-api.service[104265]: INFO neutron.api.extensions [None req-4a72ea7d-708d-44df-964c-ab55ef11f714 None None] Extension expose-port-forwarding-in-fip not supported by any of loaded plugins
Apr 27 08:08:24.408703 np0000170431 devstack@neutron-api.service[104265]: DEBUG neutron.api.extensions [None req-4a72ea7d-708d-44df-964c-ab55ef11f714 None None] Loading extension file: external_net.py {{(pid=104265) _load_all_extensions_from_path /opt/stack/neutron/neutron/api/extensions.py:449}}
Apr 27 08:08:24.408835 np0000170431 devstack@neutron-api.service[104265]: DEBUG neutron.api.extensions [None req-4a72ea7d-708d-44df-964c-ab55ef11f714 None None] Ext name="Neutron external network" alias="external-net" description="Adds external network attribute to network resource." updated="2013-01-14T10:00:00-00:00" {{(pid=104265) _check_extension /opt/stack/neutron/neutron/api/extensions.py:415}}
Apr 27 08:08:24.408984 np0000170431 devstack@neutron-api.service[104265]: INFO neutron.api.extensions [None req-4a72ea7d-708d-44df-964c-ab55ef11f714 None None] Loaded extension: external-net
Apr 27 08:08:24.409073 np0000170431 devstack@neutron-api.service[104265]: DEBUG neutron.api.extensions [None req-4a72ea7d-708d-44df-964c-ab55ef11f714 None None] Loading extension file: extra_dhcp_opt.py {{(pid=104265) _load_all_extensions_from_path /opt/stack/neutron/neutron/api/extensions.py:449}}
Apr 27 08:08:24.409113 np0000170431 devstack@neutron-api.service[104268]: DEBUG neutron_lib.callbacks.manager [None req-4a648e06-796a-427f-b79e-97571ead60b4 None None] Subscribe: > process before_spawn 55550000, False {{(pid=104268) subscribe /opt/stack/data/venv/lib/python3.12/site-packages/neutron_lib/callbacks/manager.py:52}}
Apr 27 08:08:24.409166 np0000170431 devstack@neutron-api.service[104267]: DEBUG neutron_lib.callbacks.manager [None req-46040099-699c-4473-8726-663a4849c8fa None None] Subscribe: network precommit_update 55550000, False {{(pid=104267) subscribe /opt/stack/data/venv/lib/python3.12/site-packages/neutron_lib/callbacks/manager.py:52}}
Apr 27 08:08:24.409241 np0000170431 devstack@neutron-api.service[104268]: DEBUG neutron_lib.callbacks.manager [None req-4a648e06-796a-427f-b79e-97571ead60b4 None None] Subscribe: > process after_init 55550000, True {{(pid=104268) subscribe /opt/stack/data/venv/lib/python3.12/site-packages/neutron_lib/callbacks/manager.py:52}}
Apr 27 08:08:24.409277 np0000170431 devstack@neutron-api.service[104267]: DEBUG neutron_lib.callbacks.manager [None req-46040099-699c-4473-8726-663a4849c8fa None None] Subscribe: network precommit_create 55550000, False {{(pid=104267) subscribe /opt/stack/data/venv/lib/python3.12/site-packages/neutron_lib/callbacks/manager.py:52}}
Apr 27 08:08:24.409307 np0000170431 devstack@neutron-api.service[104265]: DEBUG neutron.api.extensions [None req-4a72ea7d-708d-44df-964c-ab55ef11f714 None None] Ext name="Neutron Extra DHCP options" alias="extra_dhcp_opt" description="Extra options configuration for DHCP. For example PXE boot options to DHCP clients can be specified (e.g. tftp-server, server-ip-address, bootfile-name)" updated="2013-03-17T12:00:00-00:00" {{(pid=104265) _check_extension /opt/stack/neutron/neutron/api/extensions.py:415}}
Apr 27 08:08:24.409356 np0000170431 devstack@neutron-api.service[104268]: DEBUG neutron_lib.callbacks.manager [None req-4a648e06-796a-427f-b79e-97571ead60b4 None None] Subscribe: > segment after_create 55550000, False {{(pid=104268) subscribe /opt/stack/data/venv/lib/python3.12/site-packages/neutron_lib/callbacks/manager.py:52}}
Apr 27 08:08:24.409458 np0000170431 devstack@neutron-api.service[104265]: INFO neutron.api.extensions [None req-4a72ea7d-708d-44df-964c-ab55ef11f714 None None] Loaded extension: extra_dhcp_opt
Apr 27 08:08:24.409488 np0000170431 devstack@neutron-api.service[104268]: DEBUG neutron_lib.callbacks.manager [None req-4a648e06-796a-427f-b79e-97571ead60b4 None None] Subscribe: > segment after_create 55550000, False {{(pid=104268) subscribe /opt/stack/data/venv/lib/python3.12/site-packages/neutron_lib/callbacks/manager.py:52}}
Apr 27 08:08:24.409517 np0000170431 devstack@neutron-api.service[104267]: DEBUG neutron.manager [None req-46040099-699c-4473-8726-663a4849c8fa None None] Successfully loaded auto-allocated-topology plugin. Description: Auto Allocated Topology - aka get me a network. {{(pid=104267) _create_and_add_service_plugin /opt/stack/neutron/neutron/manager.py:239}}
Apr 27 08:08:24.409543 np0000170431 devstack@neutron-api.service[104265]: DEBUG neutron.api.extensions [None req-4a72ea7d-708d-44df-964c-ab55ef11f714 None None] Loading extension file: extraroute.py {{(pid=104265) _load_all_extensions_from_path /opt/stack/neutron/neutron/api/extensions.py:449}}
Apr 27 08:08:24.409581 np0000170431 devstack@neutron-api.service[104268]: DEBUG neutron_lib.callbacks.manager [None req-4a648e06-796a-427f-b79e-97571ead60b4 None None] Subscribe: > segment after_delete 55550000, False {{(pid=104268) subscribe /opt/stack/data/venv/lib/python3.12/site-packages/neutron_lib/callbacks/manager.py:52}}
Apr 27 08:08:24.409624 np0000170431 devstack@neutron-api.service[104267]: INFO neutron.manager [None req-46040099-699c-4473-8726-663a4849c8fa None None] Loading Plugin: tag
Apr 27 08:08:24.409681 np0000170431 devstack@neutron-api.service[104268]: DEBUG neutron_lib.callbacks.manager [None req-4a648e06-796a-427f-b79e-97571ead60b4 None None] Subscribe: > allowed_address_pair before_create 55550000, False {{(pid=104268) subscribe /opt/stack/data/venv/lib/python3.12/site-packages/neutron_lib/callbacks/manager.py:52}}
Apr 27 08:08:24.409784 np0000170431 devstack@neutron-api.service[104265]: DEBUG neutron.api.extensions [None req-4a72ea7d-708d-44df-964c-ab55ef11f714 None None] Ext name="Neutron Extra Route" alias="extraroute" description="Extra routes configuration for L3 router" updated="2013-02-01T10:00:00-00:00" {{(pid=104265) _check_extension /opt/stack/neutron/neutron/api/extensions.py:415}}
Apr 27 08:08:24.409824 np0000170431 devstack@neutron-api.service[104268]: DEBUG neutron_lib.callbacks.manager [None req-4a648e06-796a-427f-b79e-97571ead60b4 None None] Subscribe: > security_group precommit_create 55550000, False {{(pid=104268) subscribe /opt/stack/data/venv/lib/python3.12/site-packages/neutron_lib/callbacks/manager.py:52}}
Apr 27 08:08:24.409892 np0000170431 devstack@neutron-api.service[104268]: DEBUG neutron_lib.callbacks.manager [None req-4a648e06-796a-427f-b79e-97571ead60b4 None None] Subscribe: > security_group after_update 55550000, False {{(pid=104268) subscribe /opt/stack/data/venv/lib/python3.12/site-packages/neutron_lib/callbacks/manager.py:52}}
Apr 27 08:08:24.410003 np0000170431 devstack@neutron-api.service[104265]: INFO neutron.api.extensions [None req-4a72ea7d-708d-44df-964c-ab55ef11f714 None None] Loaded extension: extraroute
Apr 27 08:08:24.410043 np0000170431 devstack@neutron-api.service[104268]: DEBUG neutron_lib.callbacks.manager [None req-4a648e06-796a-427f-b79e-97571ead60b4 None None] Subscribe: > security_group after_create 55550000, False {{(pid=104268) subscribe /opt/stack/data/venv/lib/python3.12/site-packages/neutron_lib/callbacks/manager.py:52}}
Apr 27 08:08:24.410077 np0000170431 devstack@neutron-api.service[104265]: DEBUG neutron.api.extensions [None req-4a72ea7d-708d-44df-964c-ab55ef11f714 None None] Loading extension file: extraroute_atomic.py {{(pid=104265) _load_all_extensions_from_path /opt/stack/neutron/neutron/api/extensions.py:449}}
Apr 27 08:08:24.410106 np0000170431 devstack@neutron-api.service[104268]: DEBUG neutron_lib.callbacks.manager [None req-4a648e06-796a-427f-b79e-97571ead60b4 None None] Subscribe: > security_group precommit_delete 55550000, False {{(pid=104268) subscribe /opt/stack/data/venv/lib/python3.12/site-packages/neutron_lib/callbacks/manager.py:52}}
Apr 27 08:08:24.410216 np0000170431 devstack@neutron-api.service[104268]: DEBUG neutron_lib.callbacks.manager [None req-4a648e06-796a-427f-b79e-97571ead60b4 None None] Subscribe: > security_group after_delete 55550000, False {{(pid=104268) subscribe /opt/stack/data/venv/lib/python3.12/site-packages/neutron_lib/callbacks/manager.py:52}}
Apr 27 08:08:24.410284 np0000170431 devstack@neutron-api.service[104265]: DEBUG neutron.api.extensions [None req-4a72ea7d-708d-44df-964c-ab55ef11f714 None None] Ext name="Atomically add/remove extra routes" alias="extraroute-atomic" description="Edit extra routes of a router on server side by atomically adding/removing extra routes" updated="2019-07-10T00:00:00+00:00" {{(pid=104265) _check_extension /opt/stack/neutron/neutron/api/extensions.py:415}}
Apr 27 08:08:24.410319 np0000170431 devstack@neutron-api.service[104268]: DEBUG neutron_lib.callbacks.manager [None req-4a648e06-796a-427f-b79e-97571ead60b4 None None] Subscribe: > security_group_rule precommit_create 55550000, False {{(pid=104268) subscribe /opt/stack/data/venv/lib/python3.12/site-packages/neutron_lib/callbacks/manager.py:52}}
Apr 27 08:08:24.410421 np0000170431 devstack@neutron-api.service[104268]: DEBUG neutron_lib.callbacks.manager [None req-4a648e06-796a-427f-b79e-97571ead60b4 None None] Subscribe: > security_group_rule after_create 55550000, False {{(pid=104268) subscribe /opt/stack/data/venv/lib/python3.12/site-packages/neutron_lib/callbacks/manager.py:52}}
Apr 27 08:08:24.410458 np0000170431 devstack@neutron-api.service[104265]: INFO neutron.api.extensions [None req-4a72ea7d-708d-44df-964c-ab55ef11f714 None None] Loaded extension: extraroute-atomic
Apr 27 08:08:24.410527 np0000170431 devstack@neutron-api.service[104268]: DEBUG neutron_lib.callbacks.manager [None req-4a648e06-796a-427f-b79e-97571ead60b4 None None] Subscribe: > security_group_rule before_delete 55550000, False {{(pid=104268) subscribe /opt/stack/data/venv/lib/python3.12/site-packages/neutron_lib/callbacks/manager.py:52}}
Apr 27 08:08:24.410562 np0000170431 devstack@neutron-api.service[104265]: DEBUG neutron.api.extensions [None req-4a72ea7d-708d-44df-964c-ab55ef11f714 None None] Loading extension file: filter_validation.py {{(pid=104265) _load_all_extensions_from_path /opt/stack/neutron/neutron/api/extensions.py:449}}
Apr 27 08:08:24.410648 np0000170431 devstack@neutron-api.service[104268]: DEBUG neutron_lib.callbacks.manager [None req-4a648e06-796a-427f-b79e-97571ead60b4 None None] Subscribe: > address_group after_create 55550000, False {{(pid=104268) subscribe /opt/stack/data/venv/lib/python3.12/site-packages/neutron_lib/callbacks/manager.py:52}}
Apr 27 08:08:24.410754 np0000170431 devstack@neutron-api.service[104268]: DEBUG neutron_lib.callbacks.manager [None req-4a648e06-796a-427f-b79e-97571ead60b4 None None] Subscribe: > address_group after_update 55550000, False {{(pid=104268) subscribe /opt/stack/data/venv/lib/python3.12/site-packages/neutron_lib/callbacks/manager.py:52}}
Apr 27 08:08:24.410800 np0000170431 devstack@neutron-api.service[104265]: DEBUG neutron.api.extensions [None req-4a72ea7d-708d-44df-964c-ab55ef11f714 None None] Ext name="Filter parameters validation" alias="filter-validation" description="Provides validation on filter parameters." updated="2018-07-04T10:00:00-00:00" {{(pid=104265) _check_extension /opt/stack/neutron/neutron/api/extensions.py:415}}
Apr 27 08:08:24.410861 np0000170431 devstack@neutron-api.service[104268]: DEBUG neutron_lib.callbacks.manager [None req-4a648e06-796a-427f-b79e-97571ead60b4 None None] Subscribe: > address_group after_delete 55550000, False {{(pid=104268) subscribe /opt/stack/data/venv/lib/python3.12/site-packages/neutron_lib/callbacks/manager.py:52}}
Apr 27 08:08:24.410950 np0000170431 devstack@neutron-api.service[104265]: INFO neutron.api.extensions [None req-4a72ea7d-708d-44df-964c-ab55ef11f714 None None] Loaded extension: filter-validation
Apr 27 08:08:24.411039 np0000170431 devstack@neutron-api.service[104268]: DEBUG neutron_lib.callbacks.manager [None req-4a648e06-796a-427f-b79e-97571ead60b4 None None] Subscribe: > qos_plugin after_init 55550000, False {{(pid=104268) subscribe /opt/stack/data/venv/lib/python3.12/site-packages/neutron_lib/callbacks/manager.py:52}}
Apr 27 08:08:24.411086 np0000170431 devstack@neutron-api.service[104265]: DEBUG neutron.api.extensions [None req-4a72ea7d-708d-44df-964c-ab55ef11f714 None None] Loading extension file: fip_pf_description.py {{(pid=104265) _load_all_extensions_from_path /opt/stack/neutron/neutron/api/extensions.py:449}}
Apr 27 08:08:24.411224 np0000170431 devstack@neutron-api.service[104268]: DEBUG neutron_lib.callbacks.manager [None req-4a648e06-796a-427f-b79e-97571ead60b4 None None] Subscribe: > trunk_plugin after_init 55550000, False {{(pid=104268) subscribe /opt/stack/data/venv/lib/python3.12/site-packages/neutron_lib/callbacks/manager.py:52}}
Apr 27 08:08:24.411260 np0000170431 devstack@neutron-api.service[104265]: DEBUG neutron.api.extensions [None req-4a72ea7d-708d-44df-964c-ab55ef11f714 None None] Ext name="Floating IP Port Forwarding new attribute description" alias="floating-ip-port-forwarding-description" description="Add a description field to Port Forwarding rules" updated="2019-11-01T10:00:00-00:00" {{(pid=104265) _check_extension /opt/stack/neutron/neutron/api/extensions.py:415}}
Apr 27 08:08:24.411429 np0000170431 devstack@neutron-api.service[104265]: INFO neutron.api.extensions [None req-4a72ea7d-708d-44df-964c-ab55ef11f714 None None] Extension floating-ip-port-forwarding-description not supported by any of loaded plugins
Apr 27 08:08:24.411486 np0000170431 devstack@neutron-api.service[104268]: DEBUG neutron_lib.callbacks.manager [None req-4a648e06-796a-427f-b79e-97571ead60b4 None None] Subscribe: > logging-plugin after_init 55550000, False {{(pid=104268) subscribe /opt/stack/data/venv/lib/python3.12/site-packages/neutron_lib/callbacks/manager.py:52}}
Apr 27 08:08:24.411524 np0000170431 devstack@neutron-api.service[104265]: DEBUG neutron.api.extensions [None req-4a72ea7d-708d-44df-964c-ab55ef11f714 None None] Loading extension file: fip_pf_detail.py {{(pid=104265) _load_all_extensions_from_path /opt/stack/neutron/neutron/api/extensions.py:449}}
Apr 27 08:08:24.411765 np0000170431 devstack@neutron-api.service[104265]: DEBUG neutron.api.extensions [None req-4a72ea7d-708d-44df-964c-ab55ef11f714 None None] Ext name="Floating IP port forwarding detail" alias="floating-ip-port-forwarding-detail" description="Allow list floating ip return more port forwarding data, include'id' and 'internal_port_id'" updated="2022-05-06T10:00:00-00:00" {{(pid=104265) _check_extension /opt/stack/neutron/neutron/api/extensions.py:415}}
Apr 27 08:08:24.411893 np0000170431 devstack@neutron-api.service[104268]: INFO neutron.services.logapi.drivers.ovn.driver [None req-4a648e06-796a-427f-b79e-97571ead60b4 None None] OVN logging driver registered
Apr 27 08:08:24.411936 np0000170431 devstack@neutron-api.service[104265]: INFO neutron.api.extensions [None req-4a72ea7d-708d-44df-964c-ab55ef11f714 None None] Loaded extension: floating-ip-port-forwarding-detail
Apr 27 08:08:24.412016 np0000170431 devstack@neutron-api.service[104265]: DEBUG neutron.api.extensions [None req-4a72ea7d-708d-44df-964c-ab55ef11f714 None None] Loading extension file: fip_pf_port_range.py {{(pid=104265) _load_all_extensions_from_path /opt/stack/neutron/neutron/api/extensions.py:449}}
Apr 27 08:08:24.412249 np0000170431 devstack@neutron-api.service[104265]: DEBUG neutron.api.extensions [None req-4a72ea7d-708d-44df-964c-ab55ef11f714 None None] Ext name="Floating IP Port Forwarding support port ranges" alias="floating-ip-port-forwarding-port-ranges" description="Add support to port ranges" updated="2020-07-01T10:00:00-00:00" {{(pid=104265) _check_extension /opt/stack/neutron/neutron/api/extensions.py:415}}
Apr 27 08:08:24.412314 np0000170431 devstack@neutron-api.service[104267]: DEBUG neutron.manager [None req-46040099-699c-4473-8726-663a4849c8fa None None] Successfully loaded TAG plugin. Description: Tag support {{(pid=104267) _create_and_add_service_plugin /opt/stack/neutron/neutron/manager.py:239}}
Apr 27 08:08:24.412354 np0000170431 devstack@neutron-api.service[104267]: INFO neutron.manager [None req-46040099-699c-4473-8726-663a4849c8fa None None] Loading Plugin: timestamp
Apr 27 08:08:24.412407 np0000170431 devstack@neutron-api.service[104265]: INFO neutron.api.extensions [None req-4a72ea7d-708d-44df-964c-ab55ef11f714 None None] Extension floating-ip-port-forwarding-port-ranges not supported by any of loaded plugins
Apr 27 08:08:24.412493 np0000170431 devstack@neutron-api.service[104265]: DEBUG neutron.api.extensions [None req-4a72ea7d-708d-44df-964c-ab55ef11f714 None None] Loading extension file: fip_port_details.py {{(pid=104265) _load_all_extensions_from_path /opt/stack/neutron/neutron/api/extensions.py:449}}
Apr 27 08:08:24.412733 np0000170431 devstack@neutron-api.service[104265]: DEBUG neutron.api.extensions [None req-4a72ea7d-708d-44df-964c-ab55ef11f714 None None] Ext name="Floating IP Port Details Extension" alias="fip-port-details" description="Add port_details attribute to Floating IP resource" updated="2018-04-09T10:00:00-00:00" {{(pid=104265) _check_extension /opt/stack/neutron/neutron/api/extensions.py:415}}
Apr 27 08:08:24.412996 np0000170431 devstack@neutron-api.service[104265]: INFO neutron.api.extensions [None req-4a72ea7d-708d-44df-964c-ab55ef11f714 None None] Loaded extension: fip-port-details
Apr 27 08:08:24.413092 np0000170431 devstack@neutron-api.service[104265]: DEBUG neutron.api.extensions [None req-4a72ea7d-708d-44df-964c-ab55ef11f714 None None] Loading extension file: flavors.py {{(pid=104265) _load_all_extensions_from_path /opt/stack/neutron/neutron/api/extensions.py:449}}
Apr 27 08:08:24.413339 np0000170431 devstack@neutron-api.service[104268]: DEBUG neutron.plugins.ml2.plugin [None req-4a648e06-796a-427f-b79e-97571ead60b4 None None] neutron.plugins.ml2.plugin.Ml2Plugin method _start_rpc_notifiers called with arguments () {} {{(pid=104268) wrapper /opt/stack/data/venv/lib/python3.12/site-packages/oslo_log/helpers.py:77}}
Apr 27 08:08:24.413372 np0000170431 devstack@neutron-api.service[104265]: DEBUG neutron.api.extensions [None req-4a72ea7d-708d-44df-964c-ab55ef11f714 None None] Ext name="Neutron Service Flavors" alias="flavors" description="Flavor specification for Neutron advanced services." updated="2015-09-17T10:00:00-00:00" {{(pid=104265) _check_extension /opt/stack/neutron/neutron/api/extensions.py:415}}
Apr 27 08:08:24.413510 np0000170431 devstack@neutron-api.service[104265]: INFO neutron.api.extensions [None req-4a72ea7d-708d-44df-964c-ab55ef11f714 None None] Loaded extension: flavors
Apr 27 08:08:24.413544 np0000170431 devstack@neutron-api.service[104267]: DEBUG neutron.manager [None req-46040099-699c-4473-8726-663a4849c8fa None None] Successfully loaded timestamp plugin. Description: Adds timestamps to Neutron resources with standard attributes {{(pid=104267) _create_and_add_service_plugin /opt/stack/neutron/neutron/manager.py:239}}
Apr 27 08:08:24.413591 np0000170431 devstack@neutron-api.service[104268]: DEBUG neutron_lib.callbacks.manager [None req-4a648e06-796a-427f-b79e-97571ead60b4 None None] Subscribe: > port after_create 55550000, False {{(pid=104268) subscribe /opt/stack/data/venv/lib/python3.12/site-packages/neutron_lib/callbacks/manager.py:52}}
Apr 27 08:08:24.413642 np0000170431 devstack@neutron-api.service[104265]: DEBUG neutron.api.extensions [None req-4a72ea7d-708d-44df-964c-ab55ef11f714 None None] Loading extension file: floating_ip_port_forwarding.py {{(pid=104265) _load_all_extensions_from_path /opt/stack/neutron/neutron/api/extensions.py:449}}
Apr 27 08:08:24.413678 np0000170431 devstack@neutron-api.service[104267]: INFO neutron.manager [None req-46040099-699c-4473-8726-663a4849c8fa None None] Loading Plugin: network_ip_availability
Apr 27 08:08:24.413789 np0000170431 devstack@neutron-api.service[104268]: DEBUG neutron_lib.callbacks.manager [None req-4a648e06-796a-427f-b79e-97571ead60b4 None None] Subscribe: > port after_update 55550000, False {{(pid=104268) subscribe /opt/stack/data/venv/lib/python3.12/site-packages/neutron_lib/callbacks/manager.py:52}}
Apr 27 08:08:24.413902 np0000170431 devstack@neutron-api.service[104268]: DEBUG neutron_lib.callbacks.manager [None req-4a648e06-796a-427f-b79e-97571ead60b4 None None] Subscribe: > port after_delete 55550000, False {{(pid=104268) subscribe /opt/stack/data/venv/lib/python3.12/site-packages/neutron_lib/callbacks/manager.py:52}}
Apr 27 08:08:24.413944 np0000170431 devstack@neutron-api.service[104265]: DEBUG neutron.api.extensions [None req-4a72ea7d-708d-44df-964c-ab55ef11f714 None None] Ext name="Floating IP Port Forwarding" alias="floating-ip-port-forwarding" description="Allow port forwarding from floating IP port to an internal port" updated="2018-01-19T10:00:00-00:00" {{(pid=104265) _check_extension /opt/stack/neutron/neutron/api/extensions.py:415}}
Apr 27 08:08:24.414008 np0000170431 devstack@neutron-api.service[104268]: DEBUG neutron_lib.callbacks.manager [None req-4a648e06-796a-427f-b79e-97571ead60b4 None None] Subscribe: > subnet after_create 55550000, False {{(pid=104268) subscribe /opt/stack/data/venv/lib/python3.12/site-packages/neutron_lib/callbacks/manager.py:52}}
Apr 27 08:08:24.414083 np0000170431 devstack@neutron-api.service[104265]: INFO neutron.api.extensions [None req-4a72ea7d-708d-44df-964c-ab55ef11f714 None None] Extension floating-ip-port-forwarding not supported by any of loaded plugins
Apr 27 08:08:24.414114 np0000170431 devstack@neutron-api.service[104268]: DEBUG neutron_lib.callbacks.manager [None req-4a648e06-796a-427f-b79e-97571ead60b4 None None] Subscribe: > subnet after_update 55550000, False {{(pid=104268) subscribe /opt/stack/data/venv/lib/python3.12/site-packages/neutron_lib/callbacks/manager.py:52}}
Apr 27 08:08:24.414187 np0000170431 devstack@neutron-api.service[104265]: DEBUG neutron.api.extensions [None req-4a72ea7d-708d-44df-964c-ab55ef11f714 None None] Loading extension file: floatingip_pools.py {{(pid=104265) _load_all_extensions_from_path /opt/stack/neutron/neutron/api/extensions.py:449}}
Apr 27 08:08:24.414222 np0000170431 devstack@neutron-api.service[104268]: DEBUG neutron_lib.callbacks.manager [None req-4a648e06-796a-427f-b79e-97571ead60b4 None None] Subscribe: > subnet after_delete 55550000, False {{(pid=104268) subscribe /opt/stack/data/venv/lib/python3.12/site-packages/neutron_lib/callbacks/manager.py:52}}
Apr 27 08:08:24.414318 np0000170431 devstack@neutron-api.service[104268]: DEBUG neutron_lib.callbacks.manager [None req-4a648e06-796a-427f-b79e-97571ead60b4 None None] Subscribe: > network after_create 55550000, False {{(pid=104268) subscribe /opt/stack/data/venv/lib/python3.12/site-packages/neutron_lib/callbacks/manager.py:52}}
Apr 27 08:08:24.414421 np0000170431 devstack@neutron-api.service[104268]: DEBUG neutron_lib.callbacks.manager [None req-4a648e06-796a-427f-b79e-97571ead60b4 None None] Subscribe: > network after_update 55550000, False {{(pid=104268) subscribe /opt/stack/data/venv/lib/python3.12/site-packages/neutron_lib/callbacks/manager.py:52}}
Apr 27 08:08:24.414452 np0000170431 devstack@neutron-api.service[104265]: DEBUG neutron.api.extensions [None req-4a72ea7d-708d-44df-964c-ab55ef11f714 None None] Ext name="Floating IP Pools Extension" alias="floatingip-pools" description="Provides a floating IP pools API." updated="2018-03-21T10:00:00-00:00" {{(pid=104265) _check_extension /opt/stack/neutron/neutron/api/extensions.py:415}}
Apr 27 08:08:24.414521 np0000170431 devstack@neutron-api.service[104268]: DEBUG neutron_lib.callbacks.manager [None req-4a648e06-796a-427f-b79e-97571ead60b4 None None] Subscribe: > network after_delete 55550000, False {{(pid=104268) subscribe /opt/stack/data/venv/lib/python3.12/site-packages/neutron_lib/callbacks/manager.py:52}}
Apr 27 08:08:24.414635 np0000170431 devstack@neutron-api.service[104265]: INFO neutron.api.extensions [None req-4a72ea7d-708d-44df-964c-ab55ef11f714 None None] Loaded extension: floatingip-pools
Apr 27 08:08:24.414673 np0000170431 devstack@neutron-api.service[104268]: DEBUG neutron_lib.callbacks.manager [None req-4a648e06-796a-427f-b79e-97571ead60b4 None None] Subscribe: > security_group after_create 55550000, False {{(pid=104268) subscribe /opt/stack/data/venv/lib/python3.12/site-packages/neutron_lib/callbacks/manager.py:52}}
Apr 27 08:08:24.414736 np0000170431 devstack@neutron-api.service[104265]: DEBUG neutron.api.extensions [None req-4a72ea7d-708d-44df-964c-ab55ef11f714 None None] Loading extension file: ip_allocation.py {{(pid=104265) _load_all_extensions_from_path /opt/stack/neutron/neutron/api/extensions.py:449}}
Apr 27 08:08:24.414780 np0000170431 devstack@neutron-api.service[104268]: DEBUG neutron_lib.callbacks.manager [None req-4a648e06-796a-427f-b79e-97571ead60b4 None None] Subscribe: > security_group after_update 55550000, False {{(pid=104268) subscribe /opt/stack/data/venv/lib/python3.12/site-packages/neutron_lib/callbacks/manager.py:52}}
Apr 27 08:08:24.414837 np0000170431 devstack@neutron-api.service[104268]: DEBUG neutron_lib.callbacks.manager [None req-4a648e06-796a-427f-b79e-97571ead60b4 None None] Subscribe: > security_group after_delete 55550000, False {{(pid=104268) subscribe /opt/stack/data/venv/lib/python3.12/site-packages/neutron_lib/callbacks/manager.py:52}}
Apr 27 08:08:24.414937 np0000170431 devstack@neutron-api.service[104268]: DEBUG neutron_lib.callbacks.manager [None req-4a648e06-796a-427f-b79e-97571ead60b4 None None] Subscribe: > security_group_rule after_create 55550000, False {{(pid=104268) subscribe /opt/stack/data/venv/lib/python3.12/site-packages/neutron_lib/callbacks/manager.py:52}}
Apr 27 08:08:24.414968 np0000170431 devstack@neutron-api.service[104265]: DEBUG neutron.api.extensions [None req-4a72ea7d-708d-44df-964c-ab55ef11f714 None None] Ext name="IP Allocation" alias="ip_allocation" description="IP allocation extension." updated="2016-06-10T23:00:00-00:00" {{(pid=104265) _check_extension /opt/stack/neutron/neutron/api/extensions.py:415}}
Apr 27 08:08:24.415036 np0000170431 devstack@neutron-api.service[104268]: DEBUG neutron_lib.callbacks.manager [None req-4a648e06-796a-427f-b79e-97571ead60b4 None None] Subscribe: > security_group_rule after_update 55550000, False {{(pid=104268) subscribe /opt/stack/data/venv/lib/python3.12/site-packages/neutron_lib/callbacks/manager.py:52}}
Apr 27 08:08:24.415119 np0000170431 devstack@neutron-api.service[104265]: INFO neutron.api.extensions [None req-4a72ea7d-708d-44df-964c-ab55ef11f714 None None] Extension ip_allocation not supported by any of loaded plugins
Apr 27 08:08:24.415149 np0000170431 devstack@neutron-api.service[104267]: DEBUG neutron.manager [None req-46040099-699c-4473-8726-663a4849c8fa None None] Successfully loaded network-ip-availability plugin. Description: Provides IP availability data for each network and subnet. {{(pid=104267) _create_and_add_service_plugin /opt/stack/neutron/neutron/manager.py:239}}
Apr 27 08:08:24.415182 np0000170431 devstack@neutron-api.service[104268]: DEBUG neutron_lib.callbacks.manager [None req-4a648e06-796a-427f-b79e-97571ead60b4 None None] Subscribe: > security_group_rule after_delete 55550000, False {{(pid=104268) subscribe /opt/stack/data/venv/lib/python3.12/site-packages/neutron_lib/callbacks/manager.py:52}}
Apr 27 08:08:24.415216 np0000170431 devstack@neutron-api.service[104265]: DEBUG neutron.api.extensions [None req-4a72ea7d-708d-44df-964c-ab55ef11f714 None None] Loading extension file: ip_substring_port_filtering.py {{(pid=104265) _load_all_extensions_from_path /opt/stack/neutron/neutron/api/extensions.py:449}}
Apr 27 08:08:24.415245 np0000170431 devstack@neutron-api.service[104267]: INFO neutron.manager [None req-46040099-699c-4473-8726-663a4849c8fa None None] Loading Plugin: flavors
Apr 27 08:08:24.415274 np0000170431 devstack@neutron-api.service[104268]: DEBUG neutron_lib.callbacks.manager [None req-4a648e06-796a-427f-b79e-97571ead60b4 None None] Subscribe: > address_group after_create 55550000, False {{(pid=104268) subscribe /opt/stack/data/venv/lib/python3.12/site-packages/neutron_lib/callbacks/manager.py:52}}
Apr 27 08:08:24.415330 np0000170431 devstack@neutron-api.service[104268]: DEBUG neutron_lib.callbacks.manager [None req-4a648e06-796a-427f-b79e-97571ead60b4 None None] Subscribe: > address_group after_update 55550000, False {{(pid=104268) subscribe /opt/stack/data/venv/lib/python3.12/site-packages/neutron_lib/callbacks/manager.py:52}}
Apr 27 08:08:24.415427 np0000170431 devstack@neutron-api.service[104268]: DEBUG neutron_lib.callbacks.manager [None req-4a648e06-796a-427f-b79e-97571ead60b4 None None] Subscribe: > address_group after_delete 55550000, False {{(pid=104268) subscribe /opt/stack/data/venv/lib/python3.12/site-packages/neutron_lib/callbacks/manager.py:52}}
Apr 27 08:08:24.415469 np0000170431 devstack@neutron-api.service[104265]: DEBUG neutron.api.extensions [None req-4a72ea7d-708d-44df-964c-ab55ef11f714 None None] Ext name="IP address substring filtering" alias="ip-substring-filtering" description="Provides IP address substring filtering when listing ports" updated="2017-11-28T09:00:00-00:00" {{(pid=104265) _check_extension /opt/stack/neutron/neutron/api/extensions.py:415}}
Apr 27 08:08:24.415529 np0000170431 devstack@neutron-api.service[104268]: DEBUG neutron.plugins.ml2.ovo_rpc [None req-4a648e06-796a-427f-b79e-97571ead60b4 None None] ML2 OVO RPC backend initialized. {{(pid=104268) __init__ /opt/stack/neutron/neutron/plugins/ml2/ovo_rpc.py:117}}
Apr 27 08:08:24.415593 np0000170431 devstack@neutron-api.service[104265]: INFO neutron.api.extensions [None req-4a72ea7d-708d-44df-964c-ab55ef11f714 None None] Extension ip-substring-filtering not supported by any of loaded plugins
Apr 27 08:08:24.415703 np0000170431 devstack@neutron-api.service[104265]: DEBUG neutron.api.extensions [None req-4a72ea7d-708d-44df-964c-ab55ef11f714 None None] Loading extension file: l2_adjacency.py {{(pid=104265) _load_all_extensions_from_path /opt/stack/neutron/neutron/api/extensions.py:449}}
Apr 27 08:08:24.415924 np0000170431 devstack@neutron-api.service[104265]: DEBUG neutron.api.extensions [None req-4a72ea7d-708d-44df-964c-ab55ef11f714 None None] Ext name="L2 Adjacency" alias="l2_adjacency" description="Display L2 Adjacency for Neutron Networks." updated="2016-04-12T16:00:00-00:00" {{(pid=104265) _check_extension /opt/stack/neutron/neutron/api/extensions.py:415}}
Apr 27 08:08:24.416091 np0000170431 devstack@neutron-api.service[104265]: INFO neutron.api.extensions [None req-4a72ea7d-708d-44df-964c-ab55ef11f714 None None] Extension l2_adjacency not supported by any of loaded plugins
Apr 27 08:08:24.416182 np0000170431 devstack@neutron-api.service[104265]: DEBUG neutron.api.extensions [None req-4a72ea7d-708d-44df-964c-ab55ef11f714 None None] Loading extension file: l3.py {{(pid=104265) _load_all_extensions_from_path /opt/stack/neutron/neutron/api/extensions.py:449}}
Apr 27 08:08:24.416272 np0000170431 devstack@neutron-api.service[104268]: INFO neutron.quota [None req-4a648e06-796a-427f-b79e-97571ead60b4 None None] Loaded quota_driver: .
Apr 27 08:08:24.416383 np0000170431 devstack@neutron-api.service[104268]: INFO neutron.plugins.ml2.plugin [None req-4a648e06-796a-427f-b79e-97571ead60b4 None None] Modular L2 Plugin initialization complete
Apr 27 08:08:24.416456 np0000170431 devstack@neutron-api.service[104267]: DEBUG neutron.manager [None req-46040099-699c-4473-8726-663a4849c8fa None None] Successfully loaded FLAVORS plugin. Description: Neutron Flavors and Service Profiles manager plugin {{(pid=104267) _create_and_add_service_plugin /opt/stack/neutron/neutron/manager.py:239}}
Apr 27 08:08:24.416514 np0000170431 devstack@neutron-api.service[104268]: DEBUG neutron.manager [None req-4a648e06-796a-427f-b79e-97571ead60b4 None None] Loading services supported by the core plugin {{(pid=104268) _load_services_from_core_plugin /opt/stack/neutron/neutron/manager.py:170}}
Apr 27 08:08:24.416549 np0000170431 devstack@neutron-api.service[104267]: INFO neutron.manager [None req-46040099-699c-4473-8726-663a4849c8fa None None] Loading Plugin: revisions
Apr 27 08:08:24.416585 np0000170431 devstack@neutron-api.service[104265]: DEBUG neutron.api.extensions [None req-4a72ea7d-708d-44df-964c-ab55ef11f714 None None] Ext name="Neutron L3 Router" alias="router" description="Router abstraction for basic L3 forwarding between L2 Neutron networks and access to external networks via a NAT gateway." updated="2012-07-20T10:00:00-00:00" {{(pid=104265) _check_extension /opt/stack/neutron/neutron/api/extensions.py:415}}
Apr 27 08:08:24.416629 np0000170431 devstack@neutron-api.service[104268]: INFO neutron.plugins.ml2.managers [None req-4a648e06-796a-427f-b79e-97571ead60b4 None None] Got port-security extension from driver 'port_security'
Apr 27 08:08:24.416759 np0000170431 devstack@neutron-api.service[104265]: INFO neutron.api.extensions [None req-4a72ea7d-708d-44df-964c-ab55ef11f714 None None] Loaded extension: router
Apr 27 08:08:24.416851 np0000170431 devstack@neutron-api.service[104265]: DEBUG neutron.api.extensions [None req-4a72ea7d-708d-44df-964c-ab55ef11f714 None None] Loading extension file: l3_conntrack_helper.py {{(pid=104265) _load_all_extensions_from_path /opt/stack/neutron/neutron/api/extensions.py:449}}
Apr 27 08:08:24.416904 np0000170431 devstack@neutron-api.service[104268]: DEBUG neutron.manager [None req-4a648e06-796a-427f-b79e-97571ead60b4 None None] Loading service plugins: ['ovn-router', 'auto_allocate', 'tag', 'timestamp', 'network_ip_availability', 'flavors', 'revisions'] {{(pid=104268) _load_service_plugins /opt/stack/neutron/neutron/manager.py:195}}
Apr 27 08:08:24.416997 np0000170431 devstack@neutron-api.service[104268]: INFO neutron.manager [None req-4a648e06-796a-427f-b79e-97571ead60b4 None None] Loading Plugin: ovn-router
Apr 27 08:08:24.417416 np0000170431 devstack@neutron-api.service[104265]: DEBUG neutron.api.extensions [None req-4a72ea7d-708d-44df-964c-ab55ef11f714 None None] Ext name="L3 Conntrack helper" alias="l3-conntrack-helper" description="Allow adding CT target rules for conntrack helper" updated="2019-04-04T10:00:00-00:00" {{(pid=104265) _check_extension /opt/stack/neutron/neutron/api/extensions.py:415}}
Apr 27 08:08:24.417509 np0000170431 devstack@neutron-api.service[104267]: DEBUG neutron.manager [None req-46040099-699c-4473-8726-663a4849c8fa None None] Successfully loaded revision_plugin plugin. Description: Adds revision numbers to resources. {{(pid=104267) _create_and_add_service_plugin /opt/stack/neutron/neutron/manager.py:239}}
Apr 27 08:08:24.417588 np0000170431 devstack@neutron-api.service[104265]: INFO neutron.api.extensions [None req-4a72ea7d-708d-44df-964c-ab55ef11f714 None None] Extension l3-conntrack-helper not supported by any of loaded plugins
Apr 27 08:08:24.417657 np0000170431 devstack@neutron-api.service[104267]: DEBUG oslo_concurrency.lockutils [None req-46040099-699c-4473-8726-663a4849c8fa None None] Lock "manager" "released" by "neutron.manager.NeutronManager._create_instance" :: held 4.402s {{(pid=104267) inner /opt/stack/data/venv/lib/python3.12/site-packages/oslo_concurrency/lockutils.py:538}}
Apr 27 08:08:24.417707 np0000170431 devstack@neutron-api.service[104265]: DEBUG neutron.api.extensions [None req-4a72ea7d-708d-44df-964c-ab55ef11f714 None None] Loading extension file: l3_enable_default_route_bfd.py {{(pid=104265) _load_all_extensions_from_path /opt/stack/neutron/neutron/api/extensions.py:449}}
Apr 27 08:08:24.417860 np0000170431 devstack@neutron-api.service[104267]: DEBUG neutron.api.extensions [None req-46040099-699c-4473-8726-663a4849c8fa None None] get_extension_paths = OrderedDict({'/opt/stack/neutron/neutron/extensions': 1}) {{(pid=104267) get_extensions_path /opt/stack/neutron/neutron/api/extensions.py:640}}
Apr 27 08:08:24.417932 np0000170431 devstack@neutron-api.service[104265]: DEBUG neutron.api.extensions [None req-4a72ea7d-708d-44df-964c-ab55ef11f714 None None] Ext name="Enable Default Route BFD" alias="enable-default-route-bfd" description="Enables configurable BFD behavior for default routes" updated="2023-02-27T00:00:00-00:00" {{(pid=104265) _check_extension /opt/stack/neutron/neutron/api/extensions.py:415}}
Apr 27 08:08:24.417965 np0000170431 devstack@neutron-api.service[104267]: INFO neutron.api.extensions [None req-46040099-699c-4473-8726-663a4849c8fa None None] Initializing extension manager.
Apr 27 08:08:24.418110 np0000170431 devstack@neutron-api.service[104265]: INFO neutron.api.extensions [None req-4a72ea7d-708d-44df-964c-ab55ef11f714 None None] Loaded extension: enable-default-route-bfd
Apr 27 08:08:24.418207 np0000170431 devstack@neutron-api.service[104267]: DEBUG neutron.api.extensions [None req-46040099-699c-4473-8726-663a4849c8fa None None] Loading extension file: __init__.py {{(pid=104267) _load_all_extensions_from_path /opt/stack/neutron/neutron/api/extensions.py:449}}
Apr 27 08:08:24.418240 np0000170431 devstack@neutron-api.service[104265]: DEBUG neutron.api.extensions [None req-4a72ea7d-708d-44df-964c-ab55ef11f714 None None] Loading extension file: l3_enable_default_route_ecmp.py {{(pid=104265) _load_all_extensions_from_path /opt/stack/neutron/neutron/api/extensions.py:449}}
Apr 27 08:08:24.418309 np0000170431 devstack@neutron-api.service[104267]: DEBUG neutron.api.extensions [None req-46040099-699c-4473-8726-663a4849c8fa None None] Loading extension file: __pycache__ {{(pid=104267) _load_all_extensions_from_path /opt/stack/neutron/neutron/api/extensions.py:449}}
Apr 27 08:08:24.418406 np0000170431 devstack@neutron-api.service[104267]: DEBUG neutron.api.extensions [None req-46040099-699c-4473-8726-663a4849c8fa None None] Loading extension file: address_group.py {{(pid=104267) _load_all_extensions_from_path /opt/stack/neutron/neutron/api/extensions.py:449}}
Apr 27 08:08:24.418455 np0000170431 devstack@neutron-api.service[104265]: DEBUG neutron.api.extensions [None req-4a72ea7d-708d-44df-964c-ab55ef11f714 None None] Ext name="Enable Default Route ECMP" alias="enable-default-route-ecmp" description="Enables configurable ECMP behavior for default routes" updated="2023-02-27T00:00:00-00:00" {{(pid=104265) _check_extension /opt/stack/neutron/neutron/api/extensions.py:415}}
Apr 27 08:08:24.418647 np0000170431 devstack@neutron-api.service[104265]: INFO neutron.api.extensions [None req-4a72ea7d-708d-44df-964c-ab55ef11f714 None None] Loaded extension: enable-default-route-ecmp
Apr 27 08:08:24.418737 np0000170431 devstack@neutron-api.service[104265]: DEBUG neutron.api.extensions [None req-4a72ea7d-708d-44df-964c-ab55ef11f714 None None] Loading extension file: l3_ext_gw_mode.py {{(pid=104265) _load_all_extensions_from_path /opt/stack/neutron/neutron/api/extensions.py:449}}
Apr 27 08:08:24.418767 np0000170431 devstack@neutron-api.service[104267]: DEBUG neutron.api.extensions [None req-46040099-699c-4473-8726-663a4849c8fa None None] Ext name="Address group" alias="address-group" description="Support address group" updated="2020-07-15T10:00:00-00:00" {{(pid=104267) _check_extension /opt/stack/neutron/neutron/api/extensions.py:415}}
Apr 27 08:08:24.418962 np0000170431 devstack@neutron-api.service[104265]: DEBUG neutron.api.extensions [None req-4a72ea7d-708d-44df-964c-ab55ef11f714 None None] Ext name="Neutron L3 Configurable external gateway mode" alias="ext-gw-mode" description="Extension of the router abstraction for specifying whether SNAT should occur on the external gateway" updated="2013-03-28T10:00:00-00:00" {{(pid=104265) _check_extension /opt/stack/neutron/neutron/api/extensions.py:415}}
Apr 27 08:08:24.418994 np0000170431 devstack@neutron-api.service[104267]: INFO neutron.api.extensions [None req-46040099-699c-4473-8726-663a4849c8fa None None] Loaded extension: address-group
Apr 27 08:08:24.419079 np0000170431 devstack@neutron-api.service[104267]: DEBUG neutron.api.extensions [None req-46040099-699c-4473-8726-663a4849c8fa None None] Loading extension file: address_scope.py {{(pid=104267) _load_all_extensions_from_path /opt/stack/neutron/neutron/api/extensions.py:449}}
Apr 27 08:08:24.419131 np0000170431 devstack@neutron-api.service[104265]: INFO neutron.api.extensions [None req-4a72ea7d-708d-44df-964c-ab55ef11f714 None None] Loaded extension: ext-gw-mode
Apr 27 08:08:24.419221 np0000170431 devstack@neutron-api.service[104265]: DEBUG neutron.api.extensions [None req-4a72ea7d-708d-44df-964c-ab55ef11f714 None None] Loading extension file: l3_ext_ha_mode.py {{(pid=104265) _load_all_extensions_from_path /opt/stack/neutron/neutron/api/extensions.py:449}}
Apr 27 08:08:24.419377 np0000170431 devstack@neutron-api.service[104267]: DEBUG neutron.api.extensions [None req-46040099-699c-4473-8726-663a4849c8fa None None] Ext name="Address scope" alias="address-scope" description="Address scopes extension." updated="2015-07-26T10:00:00-00:00" {{(pid=104267) _check_extension /opt/stack/neutron/neutron/api/extensions.py:415}}
Apr 27 08:08:24.419443 np0000170431 devstack@neutron-api.service[104265]: DEBUG neutron.api.extensions [None req-4a72ea7d-708d-44df-964c-ab55ef11f714 None None] Ext name="HA Router extension" alias="l3-ha" description="Adds HA capability to routers." updated="2014-04-26T00:00:00-00:00" {{(pid=104265) _check_extension /opt/stack/neutron/neutron/api/extensions.py:415}}
Apr 27 08:08:24.419561 np0000170431 devstack@neutron-api.service[104267]: INFO neutron.api.extensions [None req-46040099-699c-4473-8726-663a4849c8fa None None] Loaded extension: address-scope
Apr 27 08:08:24.419610 np0000170431 devstack@neutron-api.service[104265]: INFO neutron.api.extensions [None req-4a72ea7d-708d-44df-964c-ab55ef11f714 None None] Loaded extension: l3-ha
Apr 27 08:08:24.419668 np0000170431 devstack@neutron-api.service[104267]: DEBUG neutron.api.extensions [None req-46040099-699c-4473-8726-663a4849c8fa None None] Loading extension file: admin_state_down_before_update.py {{(pid=104267) _load_all_extensions_from_path /opt/stack/neutron/neutron/api/extensions.py:449}}
Apr 27 08:08:24.419720 np0000170431 devstack@neutron-api.service[104265]: DEBUG neutron.api.extensions [None req-4a72ea7d-708d-44df-964c-ab55ef11f714 None None] Loading extension file: l3_ext_ndp_proxy.py {{(pid=104265) _load_all_extensions_from_path /opt/stack/neutron/neutron/api/extensions.py:449}}
Apr 27 08:08:24.419904 np0000170431 devstack@neutron-api.service[104267]: DEBUG neutron.api.extensions [None req-46040099-699c-4473-8726-663a4849c8fa None None] Ext name="Enforce Router's Admin State Down Before Update Extension" alias="router-admin-state-down-before-update" description="Ensure that the admin state of a router is DOWN (admin_state_up=False) before updating the distributed attribute" updated="2019-07-02T15:56:00" {{(pid=104267) _check_extension /opt/stack/neutron/neutron/api/extensions.py:415}}
Apr 27 08:08:24.419935 np0000170431 devstack@neutron-api.service[104265]: DEBUG neutron.api.extensions [None req-4a72ea7d-708d-44df-964c-ab55ef11f714 None None] Ext name="Router support to enable NDP proxy" alias="l3-ext-ndp-proxy" description="Router extension to enable ndp proxy" updated="2020-08-25T00:00:00-00:00" {{(pid=104265) _check_extension /opt/stack/neutron/neutron/api/extensions.py:415}}
Apr 27 08:08:24.420079 np0000170431 devstack@neutron-api.service[104267]: INFO neutron.api.extensions [None req-46040099-699c-4473-8726-663a4849c8fa None None] Extension router-admin-state-down-before-update not supported by any of loaded plugins
Apr 27 08:08:24.420111 np0000170431 devstack@neutron-api.service[104265]: INFO neutron.api.extensions [None req-4a72ea7d-708d-44df-964c-ab55ef11f714 None None] Extension l3-ext-ndp-proxy not supported by any of loaded plugins
Apr 27 08:08:24.420184 np0000170431 devstack@neutron-api.service[104265]: DEBUG neutron.api.extensions [None req-4a72ea7d-708d-44df-964c-ab55ef11f714 None None] Loading extension file: l3_extra_gws.py {{(pid=104265) _load_all_extensions_from_path /opt/stack/neutron/neutron/api/extensions.py:449}}
Apr 27 08:08:24.420219 np0000170431 devstack@neutron-api.service[104267]: DEBUG neutron.api.extensions [None req-46040099-699c-4473-8726-663a4849c8fa None None] Loading extension file: agent.py {{(pid=104267) _load_all_extensions_from_path /opt/stack/neutron/neutron/api/extensions.py:449}}
Apr 27 08:08:24.420407 np0000170431 devstack@neutron-api.service[104265]: DEBUG neutron.api.extensions [None req-4a72ea7d-708d-44df-964c-ab55ef11f714 None None] Ext name="Neutron L3 External Gateway Multihoming" alias="external-gateway-multihoming" description="Allow multiple external gateway ports per router" updated="2023-01-18T00:00:00-00:00" {{(pid=104265) _check_extension /opt/stack/neutron/neutron/api/extensions.py:415}}
Apr 27 08:08:24.420505 np0000170431 devstack@neutron-api.service[104267]: DEBUG neutron.api.extensions [None req-46040099-699c-4473-8726-663a4849c8fa None None] Ext name="agent" alias="agent" description="The agent management extension." updated="2013-02-03T10:00:00-00:00" {{(pid=104267) _check_extension /opt/stack/neutron/neutron/api/extensions.py:415}}
Apr 27 08:08:24.420572 np0000170431 devstack@neutron-api.service[104265]: INFO neutron.api.extensions [None req-4a72ea7d-708d-44df-964c-ab55ef11f714 None None] Loaded extension: external-gateway-multihoming
Apr 27 08:08:24.420681 np0000170431 devstack@neutron-api.service[104265]: DEBUG neutron.api.extensions [None req-4a72ea7d-708d-44df-964c-ab55ef11f714 None None] Loading extension file: l3_flavors.py {{(pid=104265) _load_all_extensions_from_path /opt/stack/neutron/neutron/api/extensions.py:449}}
Apr 27 08:08:24.420726 np0000170431 devstack@neutron-api.service[104267]: INFO neutron.api.extensions [None req-46040099-699c-4473-8726-663a4849c8fa None None] Loaded extension: agent
Apr 27 08:08:24.420786 np0000170431 devstack@neutron-api.service[104267]: DEBUG neutron.api.extensions [None req-46040099-699c-4473-8726-663a4849c8fa None None] Loading extension file: agent_resources_synced.py {{(pid=104267) _load_all_extensions_from_path /opt/stack/neutron/neutron/api/extensions.py:449}}
Apr 27 08:08:24.420903 np0000170431 devstack@neutron-api.service[104265]: DEBUG neutron.api.extensions [None req-4a72ea7d-708d-44df-964c-ab55ef11f714 None None] Ext name="Router Flavor Extension" alias="l3-flavors" description="Flavor support for routers." updated="2016-05-17T00:00:00-00:00" {{(pid=104265) _check_extension /opt/stack/neutron/neutron/api/extensions.py:415}}
Apr 27 08:08:24.421016 np0000170431 devstack@neutron-api.service[104267]: DEBUG neutron.api.extensions [None req-46040099-699c-4473-8726-663a4849c8fa None None] Ext name="Agent's Resource View Synced to Placement" alias="agent-resources-synced" description="Stores success/failure of last sync to Placement" updated="2018-12-19T00:00:00-00:00" {{(pid=104267) _check_extension /opt/stack/neutron/neutron/api/extensions.py:415}}
Apr 27 08:08:24.421063 np0000170431 devstack@neutron-api.service[104265]: INFO neutron.api.extensions [None req-4a72ea7d-708d-44df-964c-ab55ef11f714 None None] Loaded extension: l3-flavors
Apr 27 08:08:24.421159 np0000170431 devstack@neutron-api.service[104265]: DEBUG neutron.api.extensions [None req-4a72ea7d-708d-44df-964c-ab55ef11f714 None None] Loading extension file: l3_ndp_proxy.py {{(pid=104265) _load_all_extensions_from_path /opt/stack/neutron/neutron/api/extensions.py:449}}
Apr 27 08:08:24.421202 np0000170431 devstack@neutron-api.service[104267]: INFO neutron.api.extensions [None req-46040099-699c-4473-8726-663a4849c8fa None None] Extension agent-resources-synced not supported by any of loaded plugins
Apr 27 08:08:24.421383 np0000170431 devstack@neutron-api.service[104267]: DEBUG neutron.api.extensions [None req-46040099-699c-4473-8726-663a4849c8fa None None] Loading extension file: allowedaddresspairs.py {{(pid=104267) _load_all_extensions_from_path /opt/stack/neutron/neutron/api/extensions.py:449}}
Apr 27 08:08:24.421442 np0000170431 devstack@neutron-api.service[104265]: DEBUG neutron.api.extensions [None req-4a72ea7d-708d-44df-964c-ab55ef11f714 None None] Ext name="name" alias="l3-ndp-proxy" description="description" updated="2021-06-29T10:00:00-00:00" {{(pid=104265) _check_extension /opt/stack/neutron/neutron/api/extensions.py:415}}
Apr 27 08:08:24.421609 np0000170431 devstack@neutron-api.service[104265]: INFO neutron.api.extensions [None req-4a72ea7d-708d-44df-964c-ab55ef11f714 None None] Extension l3-ndp-proxy not supported by any of loaded plugins
