2026-05-07 00:51:40.435 7 INFO neutron.api.extensions [None req-ef612cfa-f710-4a17-9eac-a45edeb18d06 - - - - - -] Loaded extension: multi-provider
2026-05-07 00:51:40.435 8 INFO neutron.api.extensions [None req-6b2cba28-dc58-4600-b8c0-196a08ad532e - - - - - -] Loaded extension: vpnaas
2026-05-07 00:51:40.435 7 INFO neutron.api.extensions [None req-ef612cfa-f710-4a17-9eac-a45edeb18d06 - - - - - -] Loaded extension: net-mtu
2026-05-07 00:51:40.436 7 INFO neutron.api.extensions [None req-ef612cfa-f710-4a17-9eac-a45edeb18d06 - - - - - -] Loaded extension: net-mtu-writable
2026-05-07 00:51:40.436 7 INFO neutron.api.extensions [None req-ef612cfa-f710-4a17-9eac-a45edeb18d06 - - - - - -] Loaded extension: network_availability_zone
2026-05-07 00:51:40.436 8 INFO neutron.api.extensions [None req-6b2cba28-dc58-4600-b8c0-196a08ad532e - - - - - -] Loaded extension: taas
2026-05-07 00:51:40.437 7 INFO neutron.api.extensions [None req-ef612cfa-f710-4a17-9eac-a45edeb18d06 - - - - - -] Loaded extension: network_ha
2026-05-07 00:51:40.438 7 INFO neutron.api.extensions [None req-ef612cfa-f710-4a17-9eac-a45edeb18d06 - - - - - -] Loaded extension: network-ip-availability
2026-05-07 00:51:40.438 8 INFO neutron.api.extensions [None req-6b2cba28-dc58-4600-b8c0-196a08ad532e - - - - - -] Loaded extension: tap-mirror
2026-05-07 00:51:40.438 8 INFO neutron.api.extensions [None req-6b2cba28-dc58-4600-b8c0-196a08ad532e - - - - - -] Loaded extension: taas-vlan-filter
2026-05-07 00:51:40.439 7 INFO neutron.api.extensions [None req-ef612cfa-f710-4a17-9eac-a45edeb18d06 - - - - - -] Extension network-segment-range not supported by any of loaded plugins
2026-05-07 00:51:40.439 7 INFO neutron.api.extensions [None req-ef612cfa-f710-4a17-9eac-a45edeb18d06 - - - - - -] Loaded extension: pagination
2026-05-07 00:51:40.440 7 INFO neutron.api.extensions [None req-ef612cfa-f710-4a17-9eac-a45edeb18d06 - - - - - -] Loaded extension: port-device-profile
2026-05-07 00:51:40.440 7 INFO neutron.api.extensions [None req-ef612cfa-f710-4a17-9eac-a45edeb18d06 - - - - - -] Extension port-hardware-offload-type not supported by any of loaded plugins
2026-05-07 00:51:40.440 7 INFO neutron.api.extensions [None req-ef612cfa-f710-4a17-9eac-a45edeb18d06 - - - - - -] Extension port-hint-ovs-tx-steering not supported by any of loaded plugins
2026-05-07 00:51:40.441 8 INFO neutron.quota.resource_registry [None req-6b2cba28-dc58-4600-b8c0-196a08ad532e - - - - - -] Creating instance of TrackedResource for resource:network
2026-05-07 00:51:40.441 7 INFO neutron.api.extensions [None req-ef612cfa-f710-4a17-9eac-a45edeb18d06 - - - - - -] Extension port-hints not supported by any of loaded plugins
2026-05-07 00:51:40.441 8 INFO neutron.quota.resource_registry [None req-6b2cba28-dc58-4600-b8c0-196a08ad532e - - - - - -] Creating instance of TrackedResource for resource:subnet
2026-05-07 00:51:40.441 8 INFO neutron.quota.resource_registry [None req-6b2cba28-dc58-4600-b8c0-196a08ad532e - - - - - -] Creating instance of TrackedResource for resource:subnetpool
2026-05-07 00:51:40.441 8 INFO neutron.quota.resource_registry [None req-6b2cba28-dc58-4600-b8c0-196a08ad532e - - - - - -] Creating instance of TrackedResource for resource:port
2026-05-07 00:51:40.441 7 INFO neutron.api.extensions [None req-ef612cfa-f710-4a17-9eac-a45edeb18d06 - - - - - -] Loaded extension: port-mac-override
2026-05-07 00:51:40.442 7 INFO neutron.api.extensions [None req-ef612cfa-f710-4a17-9eac-a45edeb18d06 - - - - - -] Loaded extension: port-mac-address-regenerate
2026-05-07 00:51:40.443 7 INFO neutron.api.extensions [None req-ef612cfa-f710-4a17-9eac-a45edeb18d06 - - - - - -] Loaded extension: port-numa-affinity-policy
2026-05-07 00:51:40.443 7 INFO neutron.api.extensions [None req-ef612cfa-f710-4a17-9eac-a45edeb18d06 - - - - - -] Loaded extension: port-numa-affinity-policy-socket
2026-05-07 00:51:40.444 7 INFO neutron.api.extensions [None req-ef612cfa-f710-4a17-9eac-a45edeb18d06 - - - - - -] Loaded extension: port-resource-request
2026-05-07 00:51:40.444 7 INFO neutron.api.extensions [None req-ef612cfa-f710-4a17-9eac-a45edeb18d06 - - - - - -] Loaded extension: port-resource-request-groups
2026-05-07 00:51:40.445 8 INFO neutron.quota.resource_registry [None req-6b2cba28-dc58-4600-b8c0-196a08ad532e - - - - - -] Creating instance of TrackedResource for resource:router
2026-05-07 00:51:40.445 7 INFO neutron.api.extensions [None req-ef612cfa-f710-4a17-9eac-a45edeb18d06 - - - - - -] Extension port-trusted-vif not supported by any of loaded plugins
2026-05-07 00:51:40.445 8 INFO neutron.quota.resource_registry [None req-6b2cba28-dc58-4600-b8c0-196a08ad532e - - - - - -] Creating instance of TrackedResource for resource:floatingip
2026-05-07 00:51:40.445 7 INFO neutron.api.extensions [None req-ef612cfa-f710-4a17-9eac-a45edeb18d06 - - - - - -] Loaded extension: binding
2026-05-07 00:51:40.446 7 INFO neutron.api.extensions [None req-ef612cfa-f710-4a17-9eac-a45edeb18d06 - - - - - -] Loaded extension: binding-extended
2026-05-07 00:51:40.447 7 INFO neutron.api.extensions [None req-ef612cfa-f710-4a17-9eac-a45edeb18d06 - - - - - -] Loaded extension: port-security
2026-05-07 00:51:40.447 7 INFO neutron.api.extensions [None req-ef612cfa-f710-4a17-9eac-a45edeb18d06 - - - - - -] Loaded extension: project-id
2026-05-07 00:51:40.447 7 INFO neutron.api.extensions [None req-ef612cfa-f710-4a17-9eac-a45edeb18d06 - - - - - -] Loaded extension: provider
2026-05-07 00:51:40.448 7 INFO neutron.api.extensions [None req-ef612cfa-f710-4a17-9eac-a45edeb18d06 - - - - - -] Extension qinq not supported by any of loaded plugins
2026-05-07 00:51:40.449 8 INFO neutron.quota.resource_registry [None req-6b2cba28-dc58-4600-b8c0-196a08ad532e - - - - - -] Creating instance of CountableResource for resource:rbac_policy
2026-05-07 00:51:40.450 7 INFO neutron.api.extensions [None req-ef612cfa-f710-4a17-9eac-a45edeb18d06 - - - - - -] Loaded extension: qos
2026-05-07 00:51:40.450 8 INFO neutron.quota.resource_registry [None req-6b2cba28-dc58-4600-b8c0-196a08ad532e - - - - - -] Creating instance of TrackedResource for resource:security_group
2026-05-07 00:51:40.451 8 INFO neutron.quota.resource_registry [None req-6b2cba28-dc58-4600-b8c0-196a08ad532e - - - - - -] Creating instance of TrackedResource for resource:security_group_rule
2026-05-07 00:51:40.451 7 INFO neutron.api.extensions [None req-ef612cfa-f710-4a17-9eac-a45edeb18d06 - - - - - -] Loaded extension: qos-bw-limit-direction
2026-05-07 00:51:40.451 7 INFO neutron.api.extensions [None req-ef612cfa-f710-4a17-9eac-a45edeb18d06 - - - - - -] Loaded extension: qos-bw-minimum-ingress
2026-05-07 00:51:40.451 8 INFO neutron.quota.resource_registry [None req-6b2cba28-dc58-4600-b8c0-196a08ad532e - - - - - -] Creating instance of TrackedResource for resource:subnetpool
2026-05-07 00:51:40.452 8 WARNING neutron.quota.resource_registry [None req-6b2cba28-dc58-4600-b8c0-196a08ad532e - - - - - -] subnetpool is already registered
2026-05-07 00:51:40.452 7 INFO neutron.api.extensions [None req-ef612cfa-f710-4a17-9eac-a45edeb18d06 - - - - - -] Loaded extension: qos-default
2026-05-07 00:51:40.452 8 INFO neutron.quota.resource_registry [None req-6b2cba28-dc58-4600-b8c0-196a08ad532e - - - - - -] Creating instance of TrackedResource for resource:subnetpool
2026-05-07 00:51:40.452 8 WARNING neutron.quota.resource_registry [None req-6b2cba28-dc58-4600-b8c0-196a08ad532e - - - - - -] subnetpool is already registered
2026-05-07 00:51:40.452 7 INFO neutron.api.extensions [None req-ef612cfa-f710-4a17-9eac-a45edeb18d06 - - - - - -] Loaded extension: qos-fip
2026-05-07 00:51:40.453 8 INFO neutron.quota.resource_registry [None req-6b2cba28-dc58-4600-b8c0-196a08ad532e - - - - - -] Creating instance of CountableResource for resource:trunk
2026-05-07 00:51:40.453 7 INFO neutron.api.extensions [None req-ef612cfa-f710-4a17-9eac-a45edeb18d06 - - - - - -] Extension qos-fip-network-policy not supported by any of loaded plugins
2026-05-07 00:51:40.453 8 INFO neutron.quota.resource_registry [None req-6b2cba28-dc58-4600-b8c0-196a08ad532e - - - - - -] Creating instance of CountableResource for resource:ikepolicy
2026-05-07 00:51:40.454 7 INFO neutron.api.extensions [None req-ef612cfa-f710-4a17-9eac-a45edeb18d06 - - - - - -] Loaded extension: qos-gateway-ip
2026-05-07 00:51:40.454 8 INFO neutron.quota.resource_registry [None req-6b2cba28-dc58-4600-b8c0-196a08ad532e - - - - - -] Creating instance of CountableResource for resource:ipsecpolicy
2026-05-07 00:51:40.454 7 INFO neutron.api.extensions [None req-ef612cfa-f710-4a17-9eac-a45edeb18d06 - - - - - -] Loaded extension: qos-port-network-policy
2026-05-07 00:51:40.454 8 INFO neutron.quota.resource_registry [None req-6b2cba28-dc58-4600-b8c0-196a08ad532e - - - - - -] Creating instance of CountableResource for resource:endpoint_group
2026-05-07 00:51:40.455 7 INFO neutron.api.extensions [None req-ef612cfa-f710-4a17-9eac-a45edeb18d06 - - - - - -] Loaded extension: qos-pps-minimum
2026-05-07 00:51:40.455 8 INFO neutron.quota.resource_registry [None req-6b2cba28-dc58-4600-b8c0-196a08ad532e - - - - - -] Creating instance of CountableResource for resource:vpnservice
2026-05-07 00:51:40.455 7 INFO neutron.api.extensions [None req-ef612cfa-f710-4a17-9eac-a45edeb18d06 - - - - - -] Loaded extension: qos-pps-minimum-rule-alias
2026-05-07 00:51:40.455 8 INFO neutron.quota.resource_registry [None req-6b2cba28-dc58-4600-b8c0-196a08ad532e - - - - - -] Creating instance of CountableResource for resource:ipsec_site_connection
2026-05-07 00:51:40.456 8 INFO neutron.quota.resource_registry [None req-6b2cba28-dc58-4600-b8c0-196a08ad532e - - - - - -] Creating instance of CountableResource for resource:ipsecpolicy
2026-05-07 00:51:40.456 8 WARNING neutron.quota.resource_registry [None req-6b2cba28-dc58-4600-b8c0-196a08ad532e - - - - - -] ipsecpolicy is already registered
2026-05-07 00:51:40.456 7 INFO neutron.api.extensions [None req-ef612cfa-f710-4a17-9eac-a45edeb18d06 - - - - - -] Loaded extension: qos-pps
2026-05-07 00:51:40.456 8 INFO neutron.quota.resource_registry [None req-6b2cba28-dc58-4600-b8c0-196a08ad532e - - - - - -] Creating instance of CountableResource for resource:ikepolicy
2026-05-07 00:51:40.456 7 INFO neutron.api.extensions [None req-ef612cfa-f710-4a17-9eac-a45edeb18d06 - - - - - -] Loaded extension: qos-rule-type-details
2026-05-07 00:51:40.456 8 WARNING neutron.quota.resource_registry [None req-6b2cba28-dc58-4600-b8c0-196a08ad532e - - - - - -] ikepolicy is already registered
2026-05-07 00:51:40.457 7 INFO neutron.api.extensions [None req-ef612cfa-f710-4a17-9eac-a45edeb18d06 - - - - - -] Loaded extension: qos-rule-type-filter
2026-05-07 00:51:40.457 7 INFO neutron.api.extensions [None req-ef612cfa-f710-4a17-9eac-a45edeb18d06 - - - - - -] Loaded extension: qos-rules-alias
2026-05-07 00:51:40.458 7 INFO neutron.api.extensions [None req-ef612cfa-f710-4a17-9eac-a45edeb18d06 - - - - - -] Loaded extension: quota-check-limit
2026-05-07 00:51:40.459 7 INFO neutron.api.extensions [None req-ef612cfa-f710-4a17-9eac-a45edeb18d06 - - - - - -] Loaded extension: quota-check-limit-default
2026-05-07 00:51:40.461 7 INFO neutron.api.extensions [None req-ef612cfa-f710-4a17-9eac-a45edeb18d06 - - - - - -] Loaded extension: quotas
2026-05-07 00:51:40.461 8 INFO neutron.quota.resource_registry [None req-6b2cba28-dc58-4600-b8c0-196a08ad532e - - - - - -] Creating instance of TrackedResource for resource:router
2026-05-07 00:51:40.461 8 WARNING neutron.quota.resource_registry [None req-6b2cba28-dc58-4600-b8c0-196a08ad532e - - - - - -] router is already registered
2026-05-07 00:51:40.462 8 INFO neutron.quota.resource_registry [None req-6b2cba28-dc58-4600-b8c0-196a08ad532e - - - - - -] Creating instance of TrackedResource for resource:floatingip
2026-05-07 00:51:40.462 8 WARNING neutron.quota.resource_registry [None req-6b2cba28-dc58-4600-b8c0-196a08ad532e - - - - - -] floatingip is already registered
2026-05-07 00:51:40.462 7 INFO neutron.api.extensions [None req-ef612cfa-f710-4a17-9eac-a45edeb18d06 - - - - - -] Loaded extension: quota_details
2026-05-07 00:51:40.463 7 INFO neutron.api.extensions [None req-ef612cfa-f710-4a17-9eac-a45edeb18d06 - - - - - -] Loaded extension: rbac-policies
2026-05-07 00:51:40.464 7 INFO neutron.api.extensions [None req-ef612cfa-f710-4a17-9eac-a45edeb18d06 - - - - - -] Loaded extension: rbac-address-group
2026-05-07 00:51:40.465 7 INFO neutron.api.extensions [None req-ef612cfa-f710-4a17-9eac-a45edeb18d06 - - - - - -] Loaded extension: rbac-address-scope
2026-05-07 00:51:40.465 7 INFO neutron.api.extensions [None req-ef612cfa-f710-4a17-9eac-a45edeb18d06 - - - - - -] Loaded extension: rbac-security-groups
2026-05-07 00:51:40.465 7 INFO neutron.api.extensions [None req-ef612cfa-f710-4a17-9eac-a45edeb18d06 - - - - - -] Loaded extension: rbac-subnetpool
2026-05-07 00:51:40.466 8 INFO neutron.quota.resource_registry [None req-6b2cba28-dc58-4600-b8c0-196a08ad532e - - - - - -] Creating instance of CountableResource for resource:rbac_policy
2026-05-07 00:51:40.466 8 WARNING neutron.quota.resource_registry [None req-6b2cba28-dc58-4600-b8c0-196a08ad532e - - - - - -] rbac_policy is already registered
2026-05-07 00:51:40.466 7 INFO neutron.api.extensions [None req-ef612cfa-f710-4a17-9eac-a45edeb18d06 - - - - - -] Loaded extension: revision-if-match
2026-05-07 00:51:40.466 8 INFO neutron.quota.resource_registry [None req-6b2cba28-dc58-4600-b8c0-196a08ad532e - - - - - -] Creating instance of TrackedResource for resource:security_group
2026-05-07 00:51:40.467 8 WARNING neutron.quota.resource_registry [None req-6b2cba28-dc58-4600-b8c0-196a08ad532e - - - - - -] security_group is already registered
2026-05-07 00:51:40.467 7 INFO neutron.api.extensions [None req-ef612cfa-f710-4a17-9eac-a45edeb18d06 - - - - - -] Loaded extension: standard-attr-revisions
2026-05-07 00:51:40.467 8 INFO neutron.quota.resource_registry [None req-6b2cba28-dc58-4600-b8c0-196a08ad532e - - - - - -] Creating instance of TrackedResource for resource:security_group_rule
2026-05-07 00:51:40.467 8 WARNING neutron.quota.resource_registry [None req-6b2cba28-dc58-4600-b8c0-196a08ad532e - - - - - -] security_group_rule is already registered
2026-05-07 00:51:40.467 7 INFO neutron.api.extensions [None req-ef612cfa-f710-4a17-9eac-a45edeb18d06 - - - - - -] Loaded extension: router_availability_zone
2026-05-07 00:51:40.468 7 INFO neutron.api.extensions [None req-ef612cfa-f710-4a17-9eac-a45edeb18d06 - - - - - -] Extension router-service-type not supported by any of loaded plugins
2026-05-07 00:51:40.468 8 INFO neutron.quota.resource_registry [None req-6b2cba28-dc58-4600-b8c0-196a08ad532e - - - - - -] Creating instance of TrackedResource for resource:subnetpool
2026-05-07 00:51:40.468 8 WARNING neutron.quota.resource_registry [None req-6b2cba28-dc58-4600-b8c0-196a08ad532e - - - - - -] subnetpool is already registered
2026-05-07 00:51:40.468 8 INFO neutron.quota.resource_registry [None req-6b2cba28-dc58-4600-b8c0-196a08ad532e - - - - - -] Creating instance of TrackedResource for resource:subnetpool
2026-05-07 00:51:40.468 8 WARNING neutron.quota.resource_registry [None req-6b2cba28-dc58-4600-b8c0-196a08ad532e - - - - - -] subnetpool is already registered
2026-05-07 00:51:40.469 8 INFO neutron.quota.resource_registry [None req-6b2cba28-dc58-4600-b8c0-196a08ad532e - - - - - -] Creating instance of CountableResource for resource:trunk
2026-05-07 00:51:40.469 8 WARNING neutron.quota.resource_registry [None req-6b2cba28-dc58-4600-b8c0-196a08ad532e - - - - - -] trunk is already registered
2026-05-07 00:51:40.469 7 INFO neutron.api.extensions [None req-ef612cfa-f710-4a17-9eac-a45edeb18d06 - - - - - -] Loaded extension: security-groups-default-rules
2026-05-07 00:51:40.469 8 INFO neutron.quota.resource_registry [None req-6b2cba28-dc58-4600-b8c0-196a08ad532e - - - - - -] Creating instance of CountableResource for resource:ikepolicy
2026-05-07 00:51:40.470 8 WARNING neutron.quota.resource_registry [None req-6b2cba28-dc58-4600-b8c0-196a08ad532e - - - - - -] ikepolicy is already registered
2026-05-07 00:51:40.470 7 INFO neutron.api.extensions [None req-ef612cfa-f710-4a17-9eac-a45edeb18d06 - - - - - -] Loaded extension: security-groups-normalized-cidr
2026-05-07 00:51:40.470 8 INFO neutron.quota.resource_registry [None req-6b2cba28-dc58-4600-b8c0-196a08ad532e - - - - - -] Creating instance of CountableResource for resource:ipsecpolicy
2026-05-07 00:51:40.470 8 WARNING neutron.quota.resource_registry [None req-6b2cba28-dc58-4600-b8c0-196a08ad532e - - - - - -] ipsecpolicy is already registered
2026-05-07 00:51:40.470 7 INFO neutron.api.extensions [None req-ef612cfa-f710-4a17-9eac-a45edeb18d06 - - - - - -] Loaded extension: port-security-groups-filtering
2026-05-07 00:51:40.470 8 INFO neutron.quota.resource_registry [None req-6b2cba28-dc58-4600-b8c0-196a08ad532e - - - - - -] Creating instance of CountableResource for resource:endpoint_group
2026-05-07 00:51:40.471 8 WARNING neutron.quota.resource_registry [None req-6b2cba28-dc58-4600-b8c0-196a08ad532e - - - - - -] endpoint_group is already registered
2026-05-07 00:51:40.471 7 INFO neutron.api.extensions [None req-ef612cfa-f710-4a17-9eac-a45edeb18d06 - - - - - -] Loaded extension: security-groups-remote-address-group
2026-05-07 00:51:40.471 8 INFO neutron.quota.resource_registry [None req-6b2cba28-dc58-4600-b8c0-196a08ad532e - - - - - -] Creating instance of CountableResource for resource:vpnservice
2026-05-07 00:51:40.471 8 WARNING neutron.quota.resource_registry [None req-6b2cba28-dc58-4600-b8c0-196a08ad532e - - - - - -] vpnservice is already registered
2026-05-07 00:51:40.471 7 INFO neutron.api.extensions [None req-ef612cfa-f710-4a17-9eac-a45edeb18d06 - - - - - -] Loaded extension: security-groups-rules-belongs-to-default-sg
2026-05-07 00:51:40.471 8 INFO neutron.quota.resource_registry [None req-6b2cba28-dc58-4600-b8c0-196a08ad532e - - - - - -] Creating instance of CountableResource for resource:ipsec_site_connection
2026-05-07 00:51:40.472 8 WARNING neutron.quota.resource_registry [None req-6b2cba28-dc58-4600-b8c0-196a08ad532e - - - - - -] ipsec_site_connection is already registered
2026-05-07 00:51:40.472 7 INFO neutron.api.extensions [None req-ef612cfa-f710-4a17-9eac-a45edeb18d06 - - - - - -] Loaded extension: security-groups-shared-filtering
2026-05-07 00:51:40.472 8 INFO neutron.quota.resource_registry [None req-6b2cba28-dc58-4600-b8c0-196a08ad532e - - - - - -] Creating instance of CountableResource for resource:ipsecpolicy
2026-05-07 00:51:40.472 8 WARNING neutron.quota.resource_registry [None req-6b2cba28-dc58-4600-b8c0-196a08ad532e - - - - - -] ipsecpolicy is already registered
2026-05-07 00:51:40.472 8 INFO neutron.quota.resource_registry [None req-6b2cba28-dc58-4600-b8c0-196a08ad532e - - - - - -] Creating instance of CountableResource for resource:ikepolicy
2026-05-07 00:51:40.473 8 WARNING neutron.quota.resource_registry [None req-6b2cba28-dc58-4600-b8c0-196a08ad532e - - - - - -] ikepolicy is already registered
2026-05-07 00:51:40.479 7 INFO neutron.api.extensions [None req-ef612cfa-f710-4a17-9eac-a45edeb18d06 - - - - - -] Loaded extension: security-group
2026-05-07 00:51:40.480 7 INFO neutron.api.extensions [None req-ef612cfa-f710-4a17-9eac-a45edeb18d06 - - - - - -] Loaded extension: segment
2026-05-07 00:51:40.480 7 INFO neutron.api.extensions [None req-ef612cfa-f710-4a17-9eac-a45edeb18d06 - - - - - -] Loaded extension: segments-peer-subnet-host-routes
2026-05-07 00:51:40.481 7 INFO neutron.api.extensions [None req-ef612cfa-f710-4a17-9eac-a45edeb18d06 - - - - - -] Loaded extension: service-type
2026-05-07 00:51:40.481 7 INFO neutron.api.extensions [None req-ef612cfa-f710-4a17-9eac-a45edeb18d06 - - - - - -] Loaded extension: sorting
2026-05-07 00:51:40.482 7 INFO neutron.api.extensions [None req-ef612cfa-f710-4a17-9eac-a45edeb18d06 - - - - - -] Loaded extension: standard-attr-segment
2026-05-07 00:51:40.483 7 INFO neutron.api.extensions [None req-ef612cfa-f710-4a17-9eac-a45edeb18d06 - - - - - -] Loaded extension: standard-attr-description
2026-05-07 00:51:40.483 7 INFO neutron.api.extensions [None req-ef612cfa-f710-4a17-9eac-a45edeb18d06 - - - - - -] Loaded extension: stateful-security-group
2026-05-07 00:51:40.483 7 WARNING neutron.api.extensions [None req-ef612cfa-f710-4a17-9eac-a45edeb18d06 - - - - - -] Did not find expected name "Stdattrs_common" in /var/lib/openstack/lib/python3.12/site-packages/neutron/extensions/stdattrs_common.py
2026-05-07 00:51:40.484 7 INFO neutron.api.extensions [None req-ef612cfa-f710-4a17-9eac-a45edeb18d06 - - - - - -] Extension subnet-dns-publish-fixed-ip not supported by any of loaded plugins
2026-05-07 00:51:40.484 7 INFO neutron.api.extensions [None req-ef612cfa-f710-4a17-9eac-a45edeb18d06 - - - - - -] Loaded extension: subnet-external-network
2026-05-07 00:51:40.485 7 INFO neutron.api.extensions [None req-ef612cfa-f710-4a17-9eac-a45edeb18d06 - - - - - -] Loaded extension: subnet_onboard
2026-05-07 00:51:40.485 7 INFO neutron.api.extensions [None req-ef612cfa-f710-4a17-9eac-a45edeb18d06 - - - - - -] Loaded extension: subnet-segmentid-writable
2026-05-07 00:51:40.486 7 INFO neutron.api.extensions [None req-ef612cfa-f710-4a17-9eac-a45edeb18d06 - - - - - -] Loaded extension: subnet-service-types
2026-05-07 00:51:40.487 7 INFO neutron.api.extensions [None req-ef612cfa-f710-4a17-9eac-a45edeb18d06 - - - - - -] Loaded extension: subnet_allocation
2026-05-07 00:51:40.487 7 INFO neutron.api.extensions [None req-ef612cfa-f710-4a17-9eac-a45edeb18d06 - - - - - -] Loaded extension: subnetpool-prefix-ops
2026-05-07 00:51:40.488 7 INFO neutron.api.extensions [None req-ef612cfa-f710-4a17-9eac-a45edeb18d06 - - - - - -] Loaded extension: tag-creation
2026-05-07 00:51:40.488 7 INFO neutron.api.extensions [None req-ef612cfa-f710-4a17-9eac-a45edeb18d06 - - - - - -] Extension tag-ports-during-bulk-creation not supported by any of loaded plugins
2026-05-07 00:51:40.492 7 INFO neutron.api.extensions [None req-ef612cfa-f710-4a17-9eac-a45edeb18d06 - - - - - -] Loaded extension: standard-attr-tag
2026-05-07 00:51:40.493 7 INFO neutron.api.extensions [None req-ef612cfa-f710-4a17-9eac-a45edeb18d06 - - - - - -] Loaded extension: standard-attr-timestamp
2026-05-07 00:51:40.493 7 INFO neutron.api.extensions [None req-ef612cfa-f710-4a17-9eac-a45edeb18d06 - - - - - -] Loaded extension: trunk
2026-05-07 00:51:40.494 7 INFO neutron.api.extensions [None req-ef612cfa-f710-4a17-9eac-a45edeb18d06 - - - - - -] Loaded extension: trunk-details
2026-05-07 00:51:40.494 7 INFO neutron.api.extensions [None req-ef612cfa-f710-4a17-9eac-a45edeb18d06 - - - - - -] Extension uplink-status-propagation not supported by any of loaded plugins
2026-05-07 00:51:40.495 7 INFO neutron.api.extensions [None req-ef612cfa-f710-4a17-9eac-a45edeb18d06 - - - - - -] Extension uplink-status-propagation-updatable not supported by any of loaded plugins
2026-05-07 00:51:40.495 7 INFO neutron.api.extensions [None req-ef612cfa-f710-4a17-9eac-a45edeb18d06 - - - - - -] Extension vlan-transparent not supported by any of loaded plugins
2026-05-07 00:51:40.496 7 INFO neutron.api.extensions [None req-ef612cfa-f710-4a17-9eac-a45edeb18d06 - - - - - -] Loaded extension: vpn-aes-ctr
2026-05-07 00:51:40.498 7 INFO neutron.api.extensions [None req-ef612cfa-f710-4a17-9eac-a45edeb18d06 - - - - - -] Extension vpn-agent-scheduler not supported by any of loaded plugins
2026-05-07 00:51:40.499 7 INFO neutron.api.extensions [None req-ef612cfa-f710-4a17-9eac-a45edeb18d06 - - - - - -] Loaded extension: vpn-endpoint-groups
2026-05-07 00:51:40.499 7 INFO neutron.api.extensions [None req-ef612cfa-f710-4a17-9eac-a45edeb18d06 - - - - - -] Loaded extension: vpn-flavors
2026-05-07 00:51:40.501 7 INFO neutron.api.extensions [None req-ef612cfa-f710-4a17-9eac-a45edeb18d06 - - - - - -] Loaded extension: vpnaas
2026-05-07 00:51:40.502 7 INFO neutron.api.extensions [None req-ef612cfa-f710-4a17-9eac-a45edeb18d06 - - - - - -] Loaded extension: taas
2026-05-07 00:51:40.503 7 INFO neutron.api.extensions [None req-ef612cfa-f710-4a17-9eac-a45edeb18d06 - - - - - -] Loaded extension: tap-mirror
2026-05-07 00:51:40.504 7 INFO neutron.api.extensions [None req-ef612cfa-f710-4a17-9eac-a45edeb18d06 - - - - - -] Loaded extension: taas-vlan-filter
2026-05-07 00:51:40.506 7 INFO neutron.quota.resource_registry [None req-ef612cfa-f710-4a17-9eac-a45edeb18d06 - - - - - -] Creating instance of TrackedResource for resource:network
2026-05-07 00:51:40.506 7 INFO neutron.quota.resource_registry [None req-ef612cfa-f710-4a17-9eac-a45edeb18d06 - - - - - -] Creating instance of TrackedResource for resource:subnet
2026-05-07 00:51:40.507 7 INFO neutron.quota.resource_registry [None req-ef612cfa-f710-4a17-9eac-a45edeb18d06 - - - - - -] Creating instance of TrackedResource for resource:subnetpool
2026-05-07 00:51:40.507 7 INFO neutron.quota.resource_registry [None req-ef612cfa-f710-4a17-9eac-a45edeb18d06 - - - - - -] Creating instance of TrackedResource for resource:port
2026-05-07 00:51:40.510 8 WARNING keystonemiddleware._common.config [None req-6b2cba28-dc58-4600-b8c0-196a08ad532e - - - - - -] The option "audit_map_file" is not known to keystonemiddleware
2026-05-07 00:51:40.511 7 INFO neutron.quota.resource_registry [None req-ef612cfa-f710-4a17-9eac-a45edeb18d06 - - - - - -] Creating instance of TrackedResource for resource:router
2026-05-07 00:51:40.511 7 INFO neutron.quota.resource_registry [None req-ef612cfa-f710-4a17-9eac-a45edeb18d06 - - - - - -] Creating instance of TrackedResource for resource:floatingip
2026-05-07 00:51:40.516 7 INFO neutron.quota.resource_registry [None req-ef612cfa-f710-4a17-9eac-a45edeb18d06 - - - - - -] Creating instance of CountableResource for resource:rbac_policy
2026-05-07 00:51:40.516 7 INFO neutron.quota.resource_registry [None req-ef612cfa-f710-4a17-9eac-a45edeb18d06 - - - - - -] Creating instance of TrackedResource for resource:security_group
2026-05-07 00:51:40.517 7 INFO neutron.quota.resource_registry [None req-ef612cfa-f710-4a17-9eac-a45edeb18d06 - - - - - -] Creating instance of TrackedResource for resource:security_group_rule
2026-05-07 00:51:40.517 8 WARNING oslo_config.cfg [None req-6b2cba28-dc58-4600-b8c0-196a08ad532e - - - - - -] Deprecated: Option "auth_uri" from group "keystone_authtoken" is deprecated. Use option "www_authenticate_uri" from group "keystone_authtoken".
2026-05-07 00:51:40.517 7 INFO neutron.quota.resource_registry [None req-ef612cfa-f710-4a17-9eac-a45edeb18d06 - - - - - -] Creating instance of TrackedResource for resource:subnetpool
2026-05-07 00:51:40.518 7 WARNING neutron.quota.resource_registry [None req-ef612cfa-f710-4a17-9eac-a45edeb18d06 - - - - - -] subnetpool is already registered
2026-05-07 00:51:40.518 7 INFO neutron.quota.resource_registry [None req-ef612cfa-f710-4a17-9eac-a45edeb18d06 - - - - - -] Creating instance of TrackedResource for resource:subnetpool
2026-05-07 00:51:40.518 7 WARNING neutron.quota.resource_registry [None req-ef612cfa-f710-4a17-9eac-a45edeb18d06 - - - - - -] subnetpool is already registered
2026-05-07 00:51:40.519 7 INFO neutron.quota.resource_registry [None req-ef612cfa-f710-4a17-9eac-a45edeb18d06 - - - - - -] Creating instance of CountableResource for resource:trunk
2026-05-07 00:51:40.519 7 INFO neutron.quota.resource_registry [None req-ef612cfa-f710-4a17-9eac-a45edeb18d06 - - - - - -] Creating instance of CountableResource for resource:ikepolicy
2026-05-07 00:51:40.519 7 INFO neutron.quota.resource_registry [None req-ef612cfa-f710-4a17-9eac-a45edeb18d06 - - - - - -] Creating instance of CountableResource for resource:ipsecpolicy WSGI app 0 (mountpoint='') ready in 8 seconds on interpreter 0x7f4375956668 pid: 8 (default app)
2026-05-07 00:51:40.520 7 INFO neutron.quota.resource_registry [None req-ef612cfa-f710-4a17-9eac-a45edeb18d06 - - - - - -] Creating instance of CountableResource for resource:endpoint_group
2026-05-07 00:51:40.520 7 INFO neutron.quota.resource_registry [None req-ef612cfa-f710-4a17-9eac-a45edeb18d06 - - - - - -] Creating instance of CountableResource for resource:vpnservice
2026-05-07 00:51:40.521 7 INFO neutron.quota.resource_registry [None req-ef612cfa-f710-4a17-9eac-a45edeb18d06 - - - - - -] Creating instance of CountableResource for resource:ipsec_site_connection
2026-05-07 00:51:40.521 7 INFO neutron.quota.resource_registry [None req-ef612cfa-f710-4a17-9eac-a45edeb18d06 - - - - - -] Creating instance of CountableResource for resource:ipsecpolicy
2026-05-07 00:51:40.521 7 WARNING neutron.quota.resource_registry [None req-ef612cfa-f710-4a17-9eac-a45edeb18d06 - - - - - -] ipsecpolicy is already registered
2026-05-07 00:51:40.522 7 INFO neutron.quota.resource_registry [None req-ef612cfa-f710-4a17-9eac-a45edeb18d06 - - - - - -] Creating instance of CountableResource for resource:ikepolicy
2026-05-07 00:51:40.522 7 WARNING neutron.quota.resource_registry [None req-ef612cfa-f710-4a17-9eac-a45edeb18d06 - - - - - -] ikepolicy is already registered
2026-05-07 00:51:40.527 7 INFO neutron.quota.resource_registry [None req-ef612cfa-f710-4a17-9eac-a45edeb18d06 - - - - - -] Creating instance of TrackedResource for resource:router
2026-05-07 00:51:40.527 7 WARNING neutron.quota.resource_registry [None req-ef612cfa-f710-4a17-9eac-a45edeb18d06 - - - - - -] router is already registered
2026-05-07 00:51:40.527 7 INFO neutron.quota.resource_registry [None req-ef612cfa-f710-4a17-9eac-a45edeb18d06 - - - - - -] Creating instance of TrackedResource for resource:floatingip
2026-05-07 00:51:40.527 7 WARNING neutron.quota.resource_registry [None req-ef612cfa-f710-4a17-9eac-a45edeb18d06 - - - - - -] floatingip is already registered
2026-05-07 00:51:40.531 7 INFO neutron.quota.resource_registry [None req-ef612cfa-f710-4a17-9eac-a45edeb18d06 - - - - - -] Creating instance of CountableResource for resource:rbac_policy
2026-05-07 00:51:40.531 7 WARNING neutron.quota.resource_registry [None req-ef612cfa-f710-4a17-9eac-a45edeb18d06 - - - - - -] rbac_policy is already registered
2026-05-07 00:51:40.532 7 INFO neutron.quota.resource_registry [None req-ef612cfa-f710-4a17-9eac-a45edeb18d06 - - - - - -] Creating instance of TrackedResource for resource:security_group
2026-05-07 00:51:40.532 7 WARNING neutron.quota.resource_registry [None req-ef612cfa-f710-4a17-9eac-a45edeb18d06 - - - - - -] security_group is already registered
2026-05-07 00:51:40.532 7 INFO neutron.quota.resource_registry [None req-ef612cfa-f710-4a17-9eac-a45edeb18d06 - - - - - -] Creating instance of TrackedResource for resource:security_group_rule
2026-05-07 00:51:40.532 7 WARNING neutron.quota.resource_registry [None req-ef612cfa-f710-4a17-9eac-a45edeb18d06 - - - - - -] security_group_rule is already registered
2026-05-07 00:51:40.533 7 INFO neutron.quota.resource_registry [None req-ef612cfa-f710-4a17-9eac-a45edeb18d06 - - - - - -] Creating instance of TrackedResource for resource:subnetpool
2026-05-07 00:51:40.533 7 WARNING neutron.quota.resource_registry [None req-ef612cfa-f710-4a17-9eac-a45edeb18d06 - - - - - -] subnetpool is already registered
2026-05-07 00:51:40.534 7 INFO neutron.quota.resource_registry [None req-ef612cfa-f710-4a17-9eac-a45edeb18d06 - - - - - -] Creating instance of TrackedResource for resource:subnetpool
2026-05-07 00:51:40.534 7 WARNING neutron.quota.resource_registry [None req-ef612cfa-f710-4a17-9eac-a45edeb18d06 - - - - - -] subnetpool is already registered
2026-05-07 00:51:40.534 7 INFO neutron.quota.resource_registry [None req-ef612cfa-f710-4a17-9eac-a45edeb18d06 - - - - - -] Creating instance of CountableResource for resource:trunk
2026-05-07 00:51:40.534 7 WARNING neutron.quota.resource_registry [None req-ef612cfa-f710-4a17-9eac-a45edeb18d06 - - - - - -] trunk is already registered
2026-05-07 00:51:40.535 7 INFO neutron.quota.resource_registry [None req-ef612cfa-f710-4a17-9eac-a45edeb18d06 - - - - - -] Creating instance of CountableResource for resource:ikepolicy
2026-05-07 00:51:40.535 7 WARNING neutron.quota.resource_registry [None req-ef612cfa-f710-4a17-9eac-a45edeb18d06 - - - - - -] ikepolicy is already registered
2026-05-07 00:51:40.535 7 INFO neutron.quota.resource_registry [None req-ef612cfa-f710-4a17-9eac-a45edeb18d06 - - - - - -] Creating instance of CountableResource for resource:ipsecpolicy
2026-05-07 00:51:40.535 7 WARNING neutron.quota.resource_registry [None req-ef612cfa-f710-4a17-9eac-a45edeb18d06 - - - - - -] ipsecpolicy is already registered
2026-05-07 00:51:40.536 7 INFO neutron.quota.resource_registry [None req-ef612cfa-f710-4a17-9eac-a45edeb18d06 - - - - - -] Creating instance of CountableResource for resource:endpoint_group
2026-05-07 00:51:40.536 7 WARNING neutron.quota.resource_registry [None req-ef612cfa-f710-4a17-9eac-a45edeb18d06 - - - - - -] endpoint_group is already registered
2026-05-07 00:51:40.536 7 INFO neutron.quota.resource_registry [None req-ef612cfa-f710-4a17-9eac-a45edeb18d06 - - - - - -] Creating instance of CountableResource for resource:vpnservice
2026-05-07 00:51:40.536 7 WARNING neutron.quota.resource_registry [None req-ef612cfa-f710-4a17-9eac-a45edeb18d06 - - - - - -] vpnservice is already registered
2026-05-07 00:51:40.537 7 INFO neutron.quota.resource_registry [None req-ef612cfa-f710-4a17-9eac-a45edeb18d06 - - - - - -] Creating instance of CountableResource for resource:ipsec_site_connection
2026-05-07 00:51:40.537 7 WARNING neutron.quota.resource_registry [None req-ef612cfa-f710-4a17-9eac-a45edeb18d06 - - - - - -] ipsec_site_connection is already registered
2026-05-07 00:51:40.537 7 INFO neutron.quota.resource_registry [None req-ef612cfa-f710-4a17-9eac-a45edeb18d06 - - - - - -] Creating instance of CountableResource for resource:ipsecpolicy
2026-05-07 00:51:40.537 7 WARNING neutron.quota.resource_registry [None req-ef612cfa-f710-4a17-9eac-a45edeb18d06 - - - - - -] ipsecpolicy is already registered
2026-05-07 00:51:40.538 7 INFO neutron.quota.resource_registry [None req-ef612cfa-f710-4a17-9eac-a45edeb18d06 - - - - - -] Creating instance of CountableResource for resource:ikepolicy
2026-05-07 00:51:40.538 7 WARNING neutron.quota.resource_registry [None req-ef612cfa-f710-4a17-9eac-a45edeb18d06 - - - - - -] ikepolicy is already registered
2026-05-07 00:51:40.575 7 WARNING keystonemiddleware._common.config [None req-ef612cfa-f710-4a17-9eac-a45edeb18d06 - - - - - -] The option "audit_map_file" is not known to keystonemiddleware
2026-05-07 00:51:40.594 7 WARNING oslo_config.cfg [None req-ef612cfa-f710-4a17-9eac-a45edeb18d06 - - - - - -] Deprecated: Option "auth_uri" from group "keystone_authtoken" is deprecated. Use option "www_authenticate_uri" from group "keystone_authtoken". WSGI app 0 (mountpoint='') ready in 8 seconds on interpreter 0x7f4375956668 pid: 7 (default app) /var/lib/openstack/lib/python3.12/site-packages/pycadf/identifier.py:70: UserWarning: Invalid uuid: unknown. To ensure interoperability, identifiers should be a valid uuid. warnings.warn(('Invalid uuid: %s. To ensure interoperability, '
2026-05-07 00:51:46.428 7 INFO neutron.pecan_wsgi.hooks.translation [None req-144dda3a-5c9c-45e3-9d6b-26f355235a25 d4ce3583a8d4493dbbbbc846596d4e8c cc360440887e4574bda941b55ac98696 - - default default] GET failed (client error): The resource could not be found. [pid: 7|app: 0|req: 1/4] 199.204.45.244 () {44 vars in 927 bytes} [Thu May 7 00:51:45 2026] GET /v2.0/networks/public => generated 108 bytes in 874 msecs (HTTP/1.1 404) 4 headers in 164 bytes (1 switches on core 0) /var/lib/openstack/lib/python3.12/site-packages/pycadf/identifier.py:70: UserWarning: Invalid uuid: unknown. To ensure interoperability, identifiers should be a valid uuid. warnings.warn(('Invalid uuid: %s. To ensure interoperability, ' [pid: 8|app: 0|req: 4/5] 199.204.45.244 () {44 vars in 949 bytes} [Thu May 7 00:51:46 2026] GET /v2.0/networks?name=public => generated 15 bytes in 418 msecs (HTTP/1.1 200) 4 headers in 156 bytes (1 switches on core 0)
2026-05-07 00:51:47.216 7 WARNING neutron.services.revisions.revision_plugin [None req-75430645-46a2-4201-bc6d-b0339385563d d4ce3583a8d4493dbbbbc846596d4e8c cc360440887e4574bda941b55ac98696 - - default default] Could not find related network for resource to bump revision.
2026-05-07 00:51:47.233 7 INFO neutron.db.segments_db [None req-75430645-46a2-4201-bc6d-b0339385563d d4ce3583a8d4493dbbbbc846596d4e8c cc360440887e4574bda941b55ac98696 - - default default] Added segment 9a332115-2af8-43e8-ad76-8a616919e32e of type flat for network 718c9407-be4d-479a-939e-a17314e428a5
2026-05-07 00:51:47.274 7 INFO neutron.pecan_wsgi.hooks.translation [None req-75430645-46a2-4201-bc6d-b0339385563d d4ce3583a8d4493dbbbbc846596d4e8c cc360440887e4574bda941b55ac98696 - - default default] POST failed (client error): The resource could not be found. [pid: 7|app: 0|req: 2/6] 199.204.45.244 () {48 vars in 967 bytes} [Thu May 7 00:51:46 2026] POST /v2.0/networks => generated 124 bytes in 433 msecs (HTTP/1.1 404) 4 headers in 164 bytes (1 switches on core 0)
2026-05-07 00:51:53.527 8 INFO neutron.pecan_wsgi.hooks.translation [None req-084d127b-80ce-4e46-b06a-d28144cb4951 d4ce3583a8d4493dbbbbc846596d4e8c cc360440887e4574bda941b55ac98696 - - default default] GET failed (client error): The resource could not be found. [pid: 8|app: 0|req: 5/7] 199.204.45.244 () {44 vars in 927 bytes} [Thu May 7 00:51:53 2026] GET /v2.0/networks/public => generated 108 bytes in 418 msecs (HTTP/1.1 404) 4 headers in 164 bytes (1 switches on core 0) [pid: 7|app: 0|req: 3/8] 199.204.45.244 () {44 vars in 949 bytes} [Thu May 7 00:51:53 2026] GET /v2.0/networks?name=public => generated 15 bytes in 21 msecs (HTTP/1.1 200) 4 headers in 156 bytes (1 switches on core 0)
2026-05-07 00:51:53.797 8 WARNING neutron.services.revisions.revision_plugin [None req-21c41282-ca44-48bb-823c-418be9dc2acc d4ce3583a8d4493dbbbbc846596d4e8c cc360440887e4574bda941b55ac98696 - - default default] Could not find related network for resource to bump revision.
2026-05-07 00:51:53.825 8 INFO neutron.db.segments_db [None req-21c41282-ca44-48bb-823c-418be9dc2acc d4ce3583a8d4493dbbbbc846596d4e8c cc360440887e4574bda941b55ac98696 - - default default] Added segment ff1775e3-498c-4274-b909-3ce7673767ab of type flat for network f41b2d60-9163-457a-bcd6-21541207e7a0
2026-05-07 00:51:53.890 8 INFO neutron.pecan_wsgi.hooks.translation [None req-21c41282-ca44-48bb-823c-418be9dc2acc d4ce3583a8d4493dbbbbc846596d4e8c cc360440887e4574bda941b55ac98696 - - default default] POST failed (client error): The resource could not be found. [pid: 8|app: 0|req: 6/9] 199.204.45.244 () {48 vars in 967 bytes} [Thu May 7 00:51:53 2026] POST /v2.0/networks => generated 124 bytes in 354 msecs (HTTP/1.1 404) 4 headers in 164 bytes (1 switches on core 0)
2026-05-07 00:51:59.770 8 INFO neutron.pecan_wsgi.hooks.translation [None req-88c1d549-5085-40f9-bbce-3a5c3eee6804 d4ce3583a8d4493dbbbbc846596d4e8c cc360440887e4574bda941b55ac98696 - - default default] GET failed (client error): The resource could not be found. [pid: 8|app: 0|req: 7/11] 199.204.45.244 () {44 vars in 927 bytes} [Thu May 7 00:51:59 2026] GET /v2.0/networks/public => generated 108 bytes in 49 msecs (HTTP/1.1 404) 4 headers in 164 bytes (1 switches on core 0) [pid: 7|app: 0|req: 5/12] 199.204.45.244 () {44 vars in 949 bytes} [Thu May 7 00:51:59 2026] GET /v2.0/networks?name=public => generated 15 bytes in 13 msecs (HTTP/1.1 200) 4 headers in 156 bytes (1 switches on core 0)
2026-05-07 00:51:59.841 8 WARNING neutron.services.revisions.revision_plugin [None req-18774202-407e-44bc-9f29-5a7242743deb d4ce3583a8d4493dbbbbc846596d4e8c cc360440887e4574bda941b55ac98696 - - default default] Could not find related network for resource to bump revision.
2026-05-07 00:51:59.854 8 INFO neutron.db.segments_db [None req-18774202-407e-44bc-9f29-5a7242743deb d4ce3583a8d4493dbbbbc846596d4e8c cc360440887e4574bda941b55ac98696 - - default default] Added segment 28d63f78-6a7e-4818-9117-074e5c5a9c1b of type flat for network 7409c78a-b572-4dd0-bebf-ad27431a22cf
2026-05-07 00:51:59.883 8 INFO neutron.pecan_wsgi.hooks.translation [None req-18774202-407e-44bc-9f29-5a7242743deb d4ce3583a8d4493dbbbbc846596d4e8c cc360440887e4574bda941b55ac98696 - - default default] POST failed (client error): The resource could not be found. [pid: 8|app: 0|req: 8/13] 199.204.45.244 () {48 vars in 967 bytes} [Thu May 7 00:51:59 2026] POST /v2.0/networks => generated 124 bytes in 111 msecs (HTTP/1.1 404) 4 headers in 164 bytes (1 switches on core 0)
2026-05-07 00:52:05.803 7 INFO neutron.pecan_wsgi.hooks.translation [None req-de0a2f3f-1b19-4105-beea-ed5aadecb0f8 d4ce3583a8d4493dbbbbc846596d4e8c cc360440887e4574bda941b55ac98696 - - default default] GET failed (client error): The resource could not be found. [pid: 7|app: 0|req: 6/14] 199.204.45.244 () {44 vars in 927 bytes} [Thu May 7 00:52:05 2026] GET /v2.0/networks/public => generated 108 bytes in 42 msecs (HTTP/1.1 404) 4 headers in 164 bytes (1 switches on core 0) [pid: 8|app: 0|req: 9/15] 199.204.45.244 () {44 vars in 949 bytes} [Thu May 7 00:52:05 2026] GET /v2.0/networks?name=public => generated 15 bytes in 17 msecs (HTTP/1.1 200) 4 headers in 156 bytes (1 switches on core 0)
2026-05-07 00:52:05.876 7 WARNING neutron.services.revisions.revision_plugin [None req-309a79a9-c7a5-4039-bc44-7c98d3e72d7b d4ce3583a8d4493dbbbbc846596d4e8c cc360440887e4574bda941b55ac98696 - - default default] Could not find related network for resource to bump revision.
2026-05-07 00:52:05.892 7 INFO neutron.db.segments_db [None req-309a79a9-c7a5-4039-bc44-7c98d3e72d7b d4ce3583a8d4493dbbbbc846596d4e8c cc360440887e4574bda941b55ac98696 - - default default] Added segment 6d153fda-fde8-4f0c-ba14-2fbbfa0b1a85 of type flat for network 899de59a-afe7-4ce2-9e12-85e5db18da42
2026-05-07 00:52:05.914 7 INFO neutron.pecan_wsgi.hooks.translation [None req-309a79a9-c7a5-4039-bc44-7c98d3e72d7b d4ce3583a8d4493dbbbbc846596d4e8c cc360440887e4574bda941b55ac98696 - - default default] POST failed (client error): The resource could not be found. [pid: 7|app: 0|req: 7/16] 199.204.45.244 () {48 vars in 967 bytes} [Thu May 7 00:52:05 2026] POST /v2.0/networks => generated 124 bytes in 95 msecs (HTTP/1.1 404) 4 headers in 164 bytes (1 switches on core 0)
2026-05-07 00:52:11.784 8 INFO neutron.pecan_wsgi.hooks.translation [None req-8552e3a2-2f86-492a-bb9e-b8c2759555b2 d4ce3583a8d4493dbbbbc846596d4e8c cc360440887e4574bda941b55ac98696 - - default default] GET failed (client error): The resource could not be found. [pid: 8|app: 0|req: 10/17] 199.204.45.244 () {44 vars in 927 bytes} [Thu May 7 00:52:11 2026] GET /v2.0/networks/public => generated 108 bytes in 43 msecs (HTTP/1.1 404) 4 headers in 164 bytes (1 switches on core 0) [pid: 7|app: 0|req: 8/18] 199.204.45.244 () {44 vars in 949 bytes} [Thu May 7 00:52:11 2026] GET /v2.0/networks?name=public => generated 15 bytes in 13 msecs (HTTP/1.1 200) 4 headers in 156 bytes (1 switches on core 0)
2026-05-07 00:52:11.877 8 WARNING neutron.services.revisions.revision_plugin [None req-937ef0bd-b646-4e0c-ab80-937015dafa37 d4ce3583a8d4493dbbbbc846596d4e8c cc360440887e4574bda941b55ac98696 - - default default] Could not find related network for resource to bump revision.
2026-05-07 00:52:11.894 8 INFO neutron.db.segments_db [None req-937ef0bd-b646-4e0c-ab80-937015dafa37 d4ce3583a8d4493dbbbbc846596d4e8c cc360440887e4574bda941b55ac98696 - - default default] Added segment 25096372-6bd4-434e-91a2-5cdcb89914b2 of type flat for network f1e6d232-1eab-4f0a-971f-656cc52b9183
2026-05-07 00:52:11.916 8 INFO neutron.pecan_wsgi.hooks.translation [None req-937ef0bd-b646-4e0c-ab80-937015dafa37 d4ce3583a8d4493dbbbbc846596d4e8c cc360440887e4574bda941b55ac98696 - - default default] POST failed (client error): The resource could not be found. [pid: 8|app: 0|req: 11/19] 199.204.45.244 () {48 vars in 967 bytes} [Thu May 7 00:52:11 2026] POST /v2.0/networks => generated 124 bytes in 122 msecs (HTTP/1.1 404) 4 headers in 164 bytes (1 switches on core 0)
2026-05-07 00:52:17.785 8 INFO neutron.pecan_wsgi.hooks.translation [None req-9b31cfa3-2246-4b4a-aa3e-bd6fbebf11f6 d4ce3583a8d4493dbbbbc846596d4e8c cc360440887e4574bda941b55ac98696 - - default default] GET failed (client error): The resource could not be found. [pid: 8|app: 0|req: 12/21] 199.204.45.244 () {44 vars in 927 bytes} [Thu May 7 00:52:17 2026] GET /v2.0/networks/public => generated 108 bytes in 46 msecs (HTTP/1.1 404) 4 headers in 164 bytes (1 switches on core 0) [pid: 7|app: 0|req: 10/22] 199.204.45.244 () {44 vars in 949 bytes} [Thu May 7 00:52:17 2026] GET /v2.0/networks?name=public => generated 15 bytes in 21 msecs (HTTP/1.1 200) 4 headers in 156 bytes (1 switches on core 0)
2026-05-07 00:52:17.870 8 WARNING neutron.services.revisions.revision_plugin [None req-40b7ecf4-756a-47d0-851c-59a94ceab87d d4ce3583a8d4493dbbbbc846596d4e8c cc360440887e4574bda941b55ac98696 - - default default] Could not find related network for resource to bump revision.
2026-05-07 00:52:17.887 8 INFO neutron.db.segments_db [None req-40b7ecf4-756a-47d0-851c-59a94ceab87d d4ce3583a8d4493dbbbbc846596d4e8c cc360440887e4574bda941b55ac98696 - - default default] Added segment eaa7b601-52a3-43d7-a7e0-97ad9129c1d1 of type flat for network 2bea289a-a3d0-48d7-abae-5034e16845a2 [pid: 8|app: 0|req: 13/23] 199.204.45.244 () {48 vars in 967 bytes} [Thu May 7 00:52:17 2026] POST /v2.0/networks => generated 706 bytes in 213 msecs (HTTP/1.1 201) 4 headers in 162 bytes (1 switches on core 0)
2026-05-07 00:52:19.153 7 INFO neutron.pecan_wsgi.hooks.translation [None req-5b611d21-a656-4f6b-a18a-17e3c8d97074 d4ce3583a8d4493dbbbbc846596d4e8c cc360440887e4574bda941b55ac98696 - - default default] GET failed (client error): The resource could not be found. [pid: 7|app: 0|req: 11/24] 199.204.45.244 () {44 vars in 927 bytes} [Thu May 7 00:52:19 2026] GET /v2.0/networks/public => generated 108 bytes in 46 msecs (HTTP/1.1 404) 4 headers in 164 bytes (1 switches on core 0) [pid: 8|app: 0|req: 14/25] 199.204.45.244 () {44 vars in 949 bytes} [Thu May 7 00:52:19 2026] GET /v2.0/networks?name=public => generated 709 bytes in 42 msecs (HTTP/1.1 200) 4 headers in 157 bytes (1 switches on core 0)
2026-05-07 00:52:19.233 7 INFO neutron.pecan_wsgi.hooks.translation [None req-79237ac0-2dfe-4958-bbca-3d91cb2797c2 d4ce3583a8d4493dbbbbc846596d4e8c cc360440887e4574bda941b55ac98696 - - default default] GET failed (client error): The resource could not be found. [pid: 7|app: 0|req: 12/26] 199.204.45.244 () {44 vars in 1034 bytes} [Thu May 7 00:52:19 2026] GET /v2.0/subnets/public-subnet?network_id=2bea289a-a3d0-48d7-abae-5034e16845a2 => generated 113 bytes in 25 msecs (HTTP/1.1 404) 4 headers in 164 bytes (1 switches on core 0) [pid: 8|app: 0|req: 15/27] 199.204.45.244 () {44 vars in 1057 bytes} [Thu May 7 00:52:19 2026] GET /v2.0/subnets?name=public-subnet&network_id=2bea289a-a3d0-48d7-abae-5034e16845a2 => generated 14 bytes in 22 msecs (HTTP/1.1 200) 4 headers in 156 bytes (1 switches on core 0) [pid: 7|app: 0|req: 13/28] 199.204.45.244 () {48 vars in 965 bytes} [Thu May 7 00:52:19 2026] POST /v2.0/subnets => generated 664 bytes in 291 msecs (HTTP/1.1 201) 4 headers in 162 bytes (1 switches on core 0)
2026-05-07 00:57:14.955 7 INFO neutron.pecan_wsgi.hooks.translation [None req-b1eff9ed-5a84-4202-9d43-a583931cc6e5 d4ce3583a8d4493dbbbbc846596d4e8c cc360440887e4574bda941b55ac98696 - - default default] GET failed (client error): The resource could not be found. [pid: 7|app: 0|req: 33/68] 199.204.45.244 () {44 vars in 937 bytes} [Thu May 7 00:57:14 2026] GET /v2.0/networks/lb-mgmt-net => generated 113 bytes in 111 msecs (HTTP/1.1 404) 4 headers in 164 bytes (1 switches on core 0) [pid: 8|app: 0|req: 36/69] 199.204.45.244 () {44 vars in 959 bytes} [Thu May 7 00:57:14 2026] GET /v2.0/networks?name=lb-mgmt-net => generated 15 bytes in 22 msecs (HTTP/1.1 200) 4 headers in 156 bytes (1 switches on core 0)
2026-05-07 00:57:15.046 7 INFO neutron.db.segments_db [None req-8a62c13b-8a84-4c79-9662-f35b212365a4 d4ce3583a8d4493dbbbbc846596d4e8c cc360440887e4574bda941b55ac98696 - - default default] Added segment fe60316d-c3da-4231-ab2a-4ca1cae3828d of type vxlan for network 16de0aa4-b89c-46ee-a3ce-acb6c1eaab53 [pid: 7|app: 0|req: 34/70] 199.204.45.244 () {48 vars in 966 bytes} [Thu May 7 00:57:14 2026] POST /v2.0/networks => generated 687 bytes in 154 msecs (HTTP/1.1 201) 4 headers in 162 bytes (1 switches on core 0)
2026-05-07 00:57:16.050 8 INFO neutron.pecan_wsgi.hooks.translation [None req-fa118b1b-c056-48b3-826d-1f19cc65999f d4ce3583a8d4493dbbbbc846596d4e8c cc360440887e4574bda941b55ac98696 - - default default] GET failed (client error): The resource could not be found. [pid: 8|app: 0|req: 37/71] 199.204.45.244 () {44 vars in 937 bytes} [Thu May 7 00:57:15 2026] GET /v2.0/networks/lb-mgmt-net => generated 113 bytes in 59 msecs (HTTP/1.1 404) 4 headers in 164 bytes (1 switches on core 0) [pid: 7|app: 0|req: 35/72] 199.204.45.244 () {44 vars in 959 bytes} [Thu May 7 00:57:16 2026] GET /v2.0/networks?name=lb-mgmt-net => generated 690 bytes in 33 msecs (HTTP/1.1 200) 4 headers in 157 bytes (1 switches on core 0)
