Jul 15 22:39:55.348027 np0000185488 devstack@neutron-api.service[102072]: DEBUG neutron.plugins.ml2.db [None req-26b9256b-7e57-4e69-b4d6-705fd2574e28 None None] For port a0e2e23f-90f4-487e-af7e-ceed0c1b23db, host np0000185488, got binding levels [PortBindingLevel(driver='ovn',host='np0000185488',level=0,port_id=a0e2e23f-90f4-487e-af7e-ceed0c1b23db,segment=NetworkSegment(4d1b11ca-87d8-4ad7-b9e5-e8d820c241c1),segment_id=4d1b11ca-87d8-4ad7-b9e5-e8d820c241c1)] {{(pid=102072) get_binding_level_objs /opt/stack/neutron/neutron/plugins/ml2/db.py:74}}
Jul 15 22:39:55.348306 np0000185488 devstack@neutron-api.service[102072]: DEBUG neutron.plugins.ml2.drivers.ovn.mech_driver.mech_driver [None req-26b9256b-7e57-4e69-b4d6-705fd2574e28 None None] No provisioning block for port a0e2e23f-90f4-487e-af7e-ceed0c1b23db since it is active {{(pid=102072) _is_port_provisioning_required /opt/stack/neutron/neutron/plugins/ml2/drivers/ovn/mech_driver/mech_driver.py:894}}
Jul 15 22:39:55.350110 np0000185488 devstack@neutron-api.service[102073]: DEBUG neutron.pecan_wsgi.hooks.policy_enforcement [None req-b9fe0b4b-e2a6-4cdc-b936-cdb454d43001 service manila] Attributes excluded by policy engine: ['standard_attr_id', 'shared'] {{(pid=102073) _exclude_attributes_by_policy /opt/stack/neutron/neutron/pecan_wsgi/hooks/policy_enforcement.py:259}}
Jul 15 22:39:55.351404 np0000185488 devstack@neutron-api.service[102073]: [pid: 102073|app: 0|req: 26/105] 199.19.213.229 () {64 vars in 1367 bytes} [Wed Jul 15 22:39:55 2026] GET /networking/v2.0/subnets/06a597bc-4b62-4e13-af71-1ef7f1bcf02b => generated 625 bytes in 21 msecs (HTTP/1.1 200) 4 headers in 157 bytes (1 switches on core 0)
Jul 15 22:39:55.463728 np0000185488 devstack@neutron-api.service[102072]: DEBUG neutron.plugins.ml2.drivers.ovn.mech_driver.ovsdb.commands [None req-26b9256b-7e57-4e69-b4d6-705fd2574e28 None None] Converting tag [] to a tag_request {{(pid=102072) _tag_column_to_tag_request /opt/stack/neutron/neutron/plugins/ml2/drivers/ovn/mech_driver/ovsdb/commands.py:205}}
Jul 15 22:39:55.464304 np0000185488 devstack@neutron-api.service[102072]: DEBUG ovsdbapp.backend.ovs_idl.transaction [None req-a7d63d96-0ab2-4a28-93ff-dcba7747f71d None None] Running txn n=1 command(idx=0): CheckRevisionNumberCommand(_result=None, name=a0e2e23f-90f4-487e-af7e-ceed0c1b23db, resource={'id': 'a0e2e23f-90f4-487e-af7e-ceed0c1b23db', 'name': '', 'network_id': 'b67a5e25-5c09-43b8-808e-8cb3034036dd', 'project_id': '55f68f2f07564a748480067028aee145', 'mac_address': 'fa:16:3e:5c:3f:e4', 'admin_state_up': True, 'status': 'ACTIVE', 'device_id': 'manila-admin-share', 'device_owner': 'manila:share', 'standard_attr_id': 46, 'fixed_ips': [{'subnet_id': '06a597bc-4b62-4e13-af71-1ef7f1bcf02b', 'ip_address': '10.2.5.228'}], 'allowed_address_pairs': [], 'extra_dhcp_opts': [], 'security_groups': [], 'description': '', 'binding:vnic_type': 'normal', 'binding:profile': {}, 'binding:host_id': 'np0000185488', 'binding:vif_type': 'ovs', 'binding:vif_details': {'port_filter': True, 'connectivity': 'l2', 'ovs_create_tap': True, 'bridge_name': 'br-int', 'datapath_type': 'system', 'bound_drivers': {'0': 'ovn'}}, 'port_security_enabled': False, 'tags': [], 'created_at': '2026-07-15T22:39:52Z', 'updated_at': '2026-07-15T22:39:55Z', 'revision_number': 4, 'tenant_id': '55f68f2f07564a748480067028aee145', 'network': {'id': 'b67a5e25-5c09-43b8-808e-8cb3034036dd', 'name': 'admin_net', 'tenant_id': '55f68f2f07564a748480067028aee145', 'project_id': '55f68f2f07564a748480067028aee145', 'admin_state_up': True, 'mtu': 1372, 'status': 'ACTIVE', 'subnets': ['06a597bc-4b62-4e13-af71-1ef7f1bcf02b'], 'standard_attr_id': 42, 'shared': False, 'availability_zone_hints': [], 'availability_zones': [], 'ipv4_address_scope': None, 'ipv6_address_scope': None, 'router:external': False, 'qinq': False, 'vlan_transparent': False, 'description': '', 'port_security_enabled': True, 'tags': [], 'created_at': '2026-07-15T22:39:43Z', 'updated_at': '2026-07-15T22:39:45Z', 'revision_number': 2, 'provider:network_type': 'geneve', 'provider:physical_network': None, 'provider:segmentation_id': 56313}}, resource_type=ports, if_exists=True) {{(pid=102072) do_commit /opt/stack/data/venv/lib/python3.12/site-packages/ovsdbapp/backend/ovs_idl/transaction.py:89}}
Jul 15 22:39:55.466558 np0000185488 devstack@neutron-api.service[102072]: DEBUG ovsdbapp.backend.ovs_idl.transaction [None req-a7d63d96-0ab2-4a28-93ff-dcba7747f71d None None] Running txn n=1 command(idx=1): SetLSwitchPortCommand(_result=None, lport=a0e2e23f-90f4-487e-af7e-ceed0c1b23db, external_ids_update=None, columns={'external_ids': {'neutron:port_name': '', 'neutron:device_id': 'manila-admin-share', 'neutron:project_id': '55f68f2f07564a748480067028aee145', 'neutron:cidrs': '10.2.5.228/24', 'neutron:device_owner': 'manila:share', 'neutron:subnet_pool_addr_scope4': '', 'neutron:subnet_pool_addr_scope6': '', 'neutron:network_name': 'neutron-b67a5e25-5c09-43b8-808e-8cb3034036dd', 'neutron:security_group_ids': '', 'neutron:revision_number': '4', 'neutron:vnic_type': 'normal', 'neutron:port_capabilities': '', 'neutron:mtu': ''}, 'parent_name': [], 'options': {'requested-chassis': 'np0000185488'}, 'enabled': True, 'port_security': [], 'dhcpv4_options': [UUID('c14561fc-493b-4af1-bcc6-bdf9e8a5f8ac')], 'dhcpv6_options': [], 'type': '', 'addresses': ['fa:16:3e:5c:3f:e4 10.2.5.228', 'unknown'], 'ha_chassis_group': [], 'tag_request': []}, if_exists=False) {{(pid=102072) do_commit /opt/stack/data/venv/lib/python3.12/site-packages/ovsdbapp/backend/ovs_idl/transaction.py:89}}
Jul 15 22:39:55.466558 np0000185488 devstack@neutron-api.service[102072]: DEBUG ovsdbapp.backend.ovs_idl.transaction [None req-a7d63d96-0ab2-4a28-93ff-dcba7747f71d None None] Running txn n=1 command(idx=2): PgDelPortCommand(_result=None, port_group=neutron_pg_drop, lsp=['a0e2e23f-90f4-487e-af7e-ceed0c1b23db'], if_exists=False) {{(pid=102072) do_commit /opt/stack/data/venv/lib/python3.12/site-packages/ovsdbapp/backend/ovs_idl/transaction.py:89}}
Jul 15 22:39:55.469187 np0000185488 devstack@neutron-api.service[102072]: DEBUG neutron.plugins.ml2.drivers.ovn.mech_driver.ovsdb.ovsdb_monitor [None req-a7d63d96-0ab2-4a28-93ff-dcba7747f71d None None] Touching Hash Ring node "53293b67ed7953d1ba046888d702ca50" from IDL notify handler {{(pid=102072) notify /opt/stack/neutron/neutron/plugins/ml2/drivers/ovn/mech_driver/ovsdb/ovsdb_monitor.py:1001}}
Jul 15 22:39:55.475357 np0000185488 devstack@neutron-api.service[102070]: DEBUG neutron.plugins.ml2.drivers.ovn.mech_driver.ovsdb.ovsdb_monitor [None req-7535a802-2dbf-461d-90e9-6e161f6ef6ee None None] Hash Ring: Node 7ca8c01d3e5c5c29a67f4ffcdbfc0f08 (host: np0000185488) handling event "update" for row 43889e7c-b1c9-4236-96b5-64cda29c3444 (table: Port_Binding) {{(pid=102070) notify /opt/stack/neutron/neutron/plugins/ml2/drivers/ovn/mech_driver/ovsdb/ovsdb_monitor.py:1009}}
Jul 15 22:39:55.476364 np0000185488 devstack@neutron-api.service[102072]: DEBUG neutron.plugins.ml2.drivers.ovn.mech_driver.ovsdb.ovsdb_monitor [None req-a7d63d96-0ab2-4a28-93ff-dcba7747f71d None None] Hash Ring: Node 53293b67ed7953d1ba046888d702ca50 (host: np0000185488) handling event "update" for row 1007df20-6a20-46be-a122-1bafc0a0568b (table: Logical_Switch_Port) {{(pid=102072) notify /opt/stack/neutron/neutron/plugins/ml2/drivers/ovn/mech_driver/ovsdb/ovsdb_monitor.py:1009}}
Jul 15 22:39:55.562556 np0000185488 devstack@neutron-api.service[102072]: INFO neutron.db.ovn_revision_numbers_db [None req-26b9256b-7e57-4e69-b4d6-705fd2574e28 None None] Successfully bumped revision number for resource a0e2e23f-90f4-487e-af7e-ceed0c1b23db (type: ports) to 4
Jul 15 22:39:55.570052 np0000185488 devstack@neutron-api.service[102072]: DEBUG neutron_lib.callbacks.manager [None req-26b9256b-7e57-4e69-b4d6-705fd2574e28 None None] Publish callbacks ['neutron.plugins.ml2.ovo_rpc._ObjectChangeHandler.handle_event-1138453', 'neutron.services.ovn_l3.plugin.OVNL3RouterPlugin._port_update-7776708977908'] for port (a0e2e23f-90f4-487e-af7e-ceed0c1b23db), after_update {{(pid=102072) _notify_loop /opt/stack/data/venv/lib/python3.12/site-packages/neutron_lib/callbacks/manager.py:184}}
Jul 15 22:39:55.594341 np0000185488 devstack@neutron-api.service[102072]: DEBUG neutron.api.rpc.handlers.resources_rpc [None req-0002bb41-20b2-4958-a564-01655174768f None None] Pushing event updated for resources: {'Port': ['ID=a0e2e23f-90f4-487e-af7e-ceed0c1b23db,revision_number=4']} {{(pid=102072) push /opt/stack/neutron/neutron/api/rpc/handlers/resources_rpc.py:237}}
Jul 15 22:39:55.599385 np0000185488 devstack@neutron-api.service[102072]: DEBUG neutron.api.rpc.callbacks.version_manager [None req-0002bb41-20b2-4958-a564-01655174768f None None] Tracked resource versions report:
Jul 15 22:39:55.599385 np0000185488 devstack@neutron-api.service[102072]: pushed versions:
Jul 15 22:39:55.599385 np0000185488 devstack@neutron-api.service[102072]: { 'AddressGroup': {'1.2'},
Jul 15 22:39:55.599385 np0000185488 devstack@neutron-api.service[102072]: 'Agent': {'1.1'},
Jul 15 22:39:55.599385 np0000185488 devstack@neutron-api.service[102072]: 'ConntrackHelper': {'1.0'},
Jul 15 22:39:55.599385 np0000185488 devstack@neutron-api.service[102072]: 'LocalIPAssociation': {'1.0'},
Jul 15 22:39:55.599385 np0000185488 devstack@neutron-api.service[102072]: 'Log': {'1.0'},
Jul 15 22:39:55.599385 np0000185488 devstack@neutron-api.service[102072]: 'NDPProxy': {'1.0'},
Jul 15 22:39:55.599385 np0000185488 devstack@neutron-api.service[102072]: 'Network': {'1.3'},
Jul 15 22:39:55.599385 np0000185488 devstack@neutron-api.service[102072]: 'Port': {'1.11'},
Jul 15 22:39:55.599385 np0000185488 devstack@neutron-api.service[102072]: 'PortForwarding': {'1.3'},
Jul 15 22:39:55.599385 np0000185488 devstack@neutron-api.service[102072]: 'QosPolicy': {'1.10'},
Jul 15 22:39:55.599385 np0000185488 devstack@neutron-api.service[102072]: 'SecurityGroup': {'1.6'},
Jul 15 22:39:55.599385 np0000185488 devstack@neutron-api.service[102072]: 'SecurityGroupRule': {'1.3'},
Jul 15 22:39:55.599385 np0000185488 devstack@neutron-api.service[102072]: 'SubPort': {'1.0'},
Jul 15 22:39:55.599385 np0000185488 devstack@neutron-api.service[102072]: 'Subnet': {'1.2'},
Jul 15 22:39:55.599385 np0000185488 devstack@neutron-api.service[102072]: 'Trunk': {'1.1'}}
Jul 15 22:39:55.599385 np0000185488 devstack@neutron-api.service[102072]: consumer versions:
Jul 15 22:39:55.599385 np0000185488 devstack@neutron-api.service[102072]: { OVN Controller Gateway agent@np0000185488: {},
Jul 15 22:39:55.599385 np0000185488 devstack@neutron-api.service[102072]: OVN Neutron agent@np0000185488: {}}
Jul 15 22:39:55.599385 np0000185488 devstack@neutron-api.service[102072]: {{(pid=102072) report /opt/stack/neutron/neutron/api/rpc/callbacks/version_manager.py:183}}
Jul 15 22:39:55.620039 np0000185488 devstack@neutron-api.service[102072]: DEBUG ovsdbapp.backend.ovs_idl.transaction [None req-a7d63d96-0ab2-4a28-93ff-dcba7747f71d None None] Running txn n=1 command(idx=0): DbSetCommand(_result=None, table=Logical_Switch_Port, record=a0e2e23f-90f4-487e-af7e-ceed0c1b23db, col_values=(('external_ids', {'neutron:host_id': 'np0000185488'}),), if_exists=True) {{(pid=102072) do_commit /opt/stack/data/venv/lib/python3.12/site-packages/ovsdbapp/backend/ovs_idl/transaction.py:89}}
Jul 15 22:39:55.625346 np0000185488 devstack@neutron-api.service[102072]: DEBUG neutron.plugins.ml2.drivers.ovn.mech_driver.ovsdb.ovsdb_monitor [None req-a7d63d96-0ab2-4a28-93ff-dcba7747f71d None None] Touching Hash Ring node "53293b67ed7953d1ba046888d702ca50" from IDL notify handler {{(pid=102072) notify /opt/stack/neutron/neutron/plugins/ml2/drivers/ovn/mech_driver/ovsdb/ovsdb_monitor.py:1001}}
Jul 15 22:39:55.635765 np0000185488 devstack@neutron-api.service[102070]: DEBUG neutron.plugins.ml2.drivers.ovn.mech_driver.ovsdb.ovsdb_monitor [None req-7535a802-2dbf-461d-90e9-6e161f6ef6ee None None] Hash Ring: Node 7ca8c01d3e5c5c29a67f4ffcdbfc0f08 (host: np0000185488) handling event "update" for row 43889e7c-b1c9-4236-96b5-64cda29c3444 (table: Port_Binding) {{(pid=102070) notify /opt/stack/neutron/neutron/plugins/ml2/drivers/ovn/mech_driver/ovsdb/ovsdb_monitor.py:1009}}
Jul 15 22:39:55.671957 np0000185488 devstack@neutron-api.service[102072]: DEBUG neutron.plugins.ml2.drivers.ovn.mech_driver.ovsdb.ovsdb_monitor [None req-a7d63d96-0ab2-4a28-93ff-dcba7747f71d None None] Hash Ring: Node 53293b67ed7953d1ba046888d702ca50 (host: np0000185488) handling event "update" for row 1007df20-6a20-46be-a122-1bafc0a0568b (table: Logical_Switch_Port) {{(pid=102072) notify /opt/stack/neutron/neutron/plugins/ml2/drivers/ovn/mech_driver/ovsdb/ovsdb_monitor.py:1009}}
Jul 15 22:39:55.951602 np0000185488 devstack@neutron-api.service[102072]: DEBUG neutron.pecan_wsgi.hooks.policy_enforcement [None req-b829df68-acb0-49e0-8094-02f41e59ddad service manila] Attributes excluded by policy engine: ['standard_attr_id'] {{(pid=102072) _exclude_attributes_by_policy /opt/stack/neutron/neutron/pecan_wsgi/hooks/policy_enforcement.py:259}}
Jul 15 22:39:55.954144 np0000185488 devstack@neutron-api.service[102072]: [pid: 102072|app: 0|req: 28/106] 199.19.213.229 () {64 vars in 1369 bytes} [Wed Jul 15 22:39:55 2026] GET /networking/v2.0/ports?device_id=manila-admin-share&binding%3Ahost_id=np0000185488 => generated 931 bytes in 46 msecs (HTTP/1.1 200) 4 headers in 157 bytes (1 switches on core 0)
Jul 15 22:39:56.281595 np0000185488 devstack@neutron-api.service[102071]: DEBUG neutron.pecan_wsgi.hooks.policy_enforcement [None req-d23ea366-7c34-4aec-b349-f79c63bd2f30 service manila] Attributes excluded by policy engine: ['standard_attr_id', 'shared'] {{(pid=102071) _exclude_attributes_by_policy /opt/stack/neutron/neutron/pecan_wsgi/hooks/policy_enforcement.py:259}}
Jul 15 22:39:56.282634 np0000185488 devstack@neutron-api.service[102071]: [pid: 102071|app: 0|req: 27/107] 199.19.213.229 () {64 vars in 1367 bytes} [Wed Jul 15 22:39:56 2026] GET /networking/v2.0/subnets/06a597bc-4b62-4e13-af71-1ef7f1bcf02b => generated 625 bytes in 33 msecs (HTTP/1.1 200) 4 headers in 157 bytes (1 switches on core 0)
Jul 15 22:39:59.031992 np0000185488 devstack@neutron-api.service[102072]: DEBUG futurist.periodics [-] Submitting periodic callback 'neutron.plugins.ml2.drivers.ovn.mech_driver.ovsdb.maintenance.HashRingHealthCheckPeriodics.touch_hash_ring_node' {{(pid=102072) _process_scheduled /opt/stack/data/venv/lib/python3.12/site-packages/futurist/periodics.py:784}}
Jul 15 22:39:59.032626 np0000185488 devstack@neutron-api.service[102072]: DEBUG neutron.plugins.ml2.drivers.ovn.mech_driver.ovsdb.maintenance [-] Touching Hash Ring node "53293b67ed7953d1ba046888d702ca50" from periodic health check thread {{(pid=102072) touch_hash_ring_node /opt/stack/neutron/neutron/plugins/ml2/drivers/ovn/mech_driver/ovsdb/maintenance.py:1417}}
Jul 15 22:39:59.709317 np0000185488 devstack@neutron-api.service[102071]: DEBUG futurist.periodics [-] Submitting periodic callback 'neutron.plugins.ml2.drivers.ovn.mech_driver.ovsdb.maintenance.HashRingHealthCheckPeriodics.touch_hash_ring_node' {{(pid=102071) _process_scheduled /opt/stack/data/venv/lib/python3.12/site-packages/futurist/periodics.py:784}}
Jul 15 22:39:59.710127 np0000185488 devstack@neutron-api.service[102071]: DEBUG neutron.plugins.ml2.drivers.ovn.mech_driver.ovsdb.maintenance [-] Touching Hash Ring node "2e32dc2adc6953be8a7167694cf598d4" from periodic health check thread {{(pid=102071) touch_hash_ring_node /opt/stack/neutron/neutron/plugins/ml2/drivers/ovn/mech_driver/ovsdb/maintenance.py:1417}}
Jul 15 22:39:59.770246 np0000185488 devstack@neutron-api.service[102070]: DEBUG futurist.periodics [-] Submitting periodic callback 'neutron.plugins.ml2.drivers.ovn.mech_driver.ovsdb.maintenance.HashRingHealthCheckPeriodics.touch_hash_ring_node' {{(pid=102070) _process_scheduled /opt/stack/data/venv/lib/python3.12/site-packages/futurist/periodics.py:784}}
Jul 15 22:39:59.770938 np0000185488 devstack@neutron-api.service[102070]: DEBUG neutron.plugins.ml2.drivers.ovn.mech_driver.ovsdb.maintenance [-] Touching Hash Ring node "7ca8c01d3e5c5c29a67f4ffcdbfc0f08" from periodic health check thread {{(pid=102070) touch_hash_ring_node /opt/stack/neutron/neutron/plugins/ml2/drivers/ovn/mech_driver/ovsdb/maintenance.py:1417}}
Jul 15 22:39:59.792438 np0000185488 devstack@neutron-api.service[102073]: DEBUG futurist.periodics [-] Submitting periodic callback 'neutron.plugins.ml2.drivers.ovn.mech_driver.ovsdb.maintenance.HashRingHealthCheckPeriodics.touch_hash_ring_node' {{(pid=102073) _process_scheduled /opt/stack/data/venv/lib/python3.12/site-packages/futurist/periodics.py:784}}
Jul 15 22:39:59.793231 np0000185488 devstack@neutron-api.service[102073]: DEBUG neutron.plugins.ml2.drivers.ovn.mech_driver.ovsdb.maintenance [-] Touching Hash Ring node "30fe2796714951159ef087be65d05be5" from periodic health check thread {{(pid=102073) touch_hash_ring_node /opt/stack/neutron/neutron/plugins/ml2/drivers/ovn/mech_driver/ovsdb/maintenance.py:1417}}
Jul 15 22:40:09.064451 np0000185488 devstack@neutron-api.service[102072]: DEBUG dbcounter [-] [102072] Writing DB stats neutron:SELECT=186,neutron:UPDATE=20,neutron:INSERT=1,neutron:DELETE=1 {{(pid=102072) stat_writer /opt/stack/data/venv/lib/python3.12/site-packages/dbcounter.py:115}}
Jul 15 22:40:09.743548 np0000185488 devstack@neutron-api.service[102071]: DEBUG dbcounter [-] [102071] Writing DB stats neutron:SELECT=256,neutron:UPDATE=10,neutron:INSERT=11,neutron:DELETE=2 {{(pid=102071) stat_writer /opt/stack/data/venv/lib/python3.12/site-packages/dbcounter.py:115}}
Jul 15 22:40:09.791840 np0000185488 devstack@neutron-api.service[102070]: DEBUG dbcounter [-] [102070] Writing DB stats neutron:SELECT=183,neutron:UPDATE=18,neutron:INSERT=11,neutron:DELETE=2 {{(pid=102070) stat_writer /opt/stack/data/venv/lib/python3.12/site-packages/dbcounter.py:115}}
Jul 15 22:40:09.865923 np0000185488 devstack@neutron-api.service[102073]: DEBUG dbcounter [-] [102073] Writing DB stats neutron:SELECT=202,neutron:UPDATE=20,neutron:INSERT=29,neutron:DELETE=2 {{(pid=102073) stat_writer /opt/stack/data/venv/lib/python3.12/site-packages/dbcounter.py:115}}
Jul 15 22:40:11.853188 np0000185488 devstack@neutron-api.service[102070]: [pid: 102070|app: 0|req: 27/108] 199.19.213.229 () {62 vars in 1059 bytes} [Wed Jul 15 22:40:11 2026] GET /networking => generated 130 bytes in 3 msecs (HTTP/1.1 200) 3 headers in 91 bytes (1 switches on core 0)
Jul 15 22:40:11.951384 np0000185488 devstack@neutron-api.service[102073]: DEBUG neutron.pecan_wsgi.hooks.policy_enforcement [None req-7077697f-c5bf-48c0-b39e-1c0043ed1701 demo demo] Attributes excluded by policy engine: ['standard_attr_id', 'provider:network_type', 'provider:physical_network', 'provider:segmentation_id'] {{(pid=102073) _exclude_attributes_by_policy /opt/stack/neutron/neutron/pecan_wsgi/hooks/policy_enforcement.py:259}}
Jul 15 22:40:11.953345 np0000185488 devstack@neutron-api.service[102073]: [pid: 102073|app: 0|req: 27/109] 199.19.213.229 () {64 vars in 1348 bytes} [Wed Jul 15 22:40:11 2026] GET /networking/v2.0/networks?router%3Aexternal=True => generated 659 bytes in 62 msecs (HTTP/1.1 200) 4 headers in 157 bytes (1 switches on core 0)
Jul 15 22:40:14.032775 np0000185488 devstack@neutron-api.service[102072]: DEBUG futurist.periodics [-] Submitting periodic callback 'neutron.plugins.ml2.drivers.ovn.mech_driver.ovsdb.maintenance.HashRingHealthCheckPeriodics.touch_hash_ring_node' {{(pid=102072) _process_scheduled /opt/stack/data/venv/lib/python3.12/site-packages/futurist/periodics.py:784}}
Jul 15 22:40:14.033614 np0000185488 devstack@neutron-api.service[102072]: DEBUG neutron.plugins.ml2.drivers.ovn.mech_driver.ovsdb.maintenance [-] Touching Hash Ring node "53293b67ed7953d1ba046888d702ca50" from periodic health check thread {{(pid=102072) touch_hash_ring_node /opt/stack/neutron/neutron/plugins/ml2/drivers/ovn/mech_driver/ovsdb/maintenance.py:1417}}
Jul 15 22:40:14.710046 np0000185488 devstack@neutron-api.service[102071]: DEBUG futurist.periodics [-] Submitting periodic callback 'neutron.plugins.ml2.drivers.ovn.mech_driver.ovsdb.maintenance.HashRingHealthCheckPeriodics.touch_hash_ring_node' {{(pid=102071) _process_scheduled /opt/stack/data/venv/lib/python3.12/site-packages/futurist/periodics.py:784}}
Jul 15 22:40:14.710513 np0000185488 devstack@neutron-api.service[102071]: DEBUG neutron.plugins.ml2.drivers.ovn.mech_driver.ovsdb.maintenance [-] Touching Hash Ring node "2e32dc2adc6953be8a7167694cf598d4" from periodic health check thread {{(pid=102071) touch_hash_ring_node /opt/stack/neutron/neutron/plugins/ml2/drivers/ovn/mech_driver/ovsdb/maintenance.py:1417}}
Jul 15 22:40:14.770845 np0000185488 devstack@neutron-api.service[102070]: DEBUG futurist.periodics [-] Submitting periodic callback 'neutron.plugins.ml2.drivers.ovn.mech_driver.ovsdb.maintenance.HashRingHealthCheckPeriodics.touch_hash_ring_node' {{(pid=102070) _process_scheduled /opt/stack/data/venv/lib/python3.12/site-packages/futurist/periodics.py:784}}
Jul 15 22:40:14.771351 np0000185488 devstack@neutron-api.service[102070]: DEBUG neutron.plugins.ml2.drivers.ovn.mech_driver.ovsdb.maintenance [-] Touching Hash Ring node "7ca8c01d3e5c5c29a67f4ffcdbfc0f08" from periodic health check thread {{(pid=102070) touch_hash_ring_node /opt/stack/neutron/neutron/plugins/ml2/drivers/ovn/mech_driver/ovsdb/maintenance.py:1417}}
Jul 15 22:40:14.793384 np0000185488 devstack@neutron-api.service[102073]: DEBUG futurist.periodics [-] Submitting periodic callback 'neutron.plugins.ml2.drivers.ovn.mech_driver.ovsdb.maintenance.HashRingHealthCheckPeriodics.touch_hash_ring_node' {{(pid=102073) _process_scheduled /opt/stack/data/venv/lib/python3.12/site-packages/futurist/periodics.py:784}}
Jul 15 22:40:14.794009 np0000185488 devstack@neutron-api.service[102073]: DEBUG neutron.plugins.ml2.drivers.ovn.mech_driver.ovsdb.maintenance [-] Touching Hash Ring node "30fe2796714951159ef087be65d05be5" from periodic health check thread {{(pid=102073) touch_hash_ring_node /opt/stack/neutron/neutron/plugins/ml2/drivers/ovn/mech_driver/ovsdb/maintenance.py:1417}}
Jul 15 22:40:18.015061 np0000185488 devstack@neutron-api.service[102072]: [pid: 102072|app: 0|req: 29/110] 199.19.213.229 () {62 vars in 1059 bytes} [Wed Jul 15 22:40:18 2026] GET /networking => generated 130 bytes in 3 msecs (HTTP/1.1 200) 3 headers in 91 bytes (1 switches on core 0)
Jul 15 22:40:18.118727 np0000185488 devstack@neutron-api.service[102071]: DEBUG neutron.pecan_wsgi.hooks.policy_enforcement [None req-a8cc132e-9290-4c0c-a30d-63e24da0226e demo demo] Attributes excluded by policy engine: ['standard_attr_id', 'provider:network_type', 'provider:physical_network', 'provider:segmentation_id'] {{(pid=102071) _exclude_attributes_by_policy /opt/stack/neutron/neutron/pecan_wsgi/hooks/policy_enforcement.py:259}}
Jul 15 22:40:18.120875 np0000185488 devstack@neutron-api.service[102071]: [pid: 102071|app: 0|req: 28/111] 199.19.213.229 () {64 vars in 1348 bytes} [Wed Jul 15 22:40:18 2026] GET /networking/v2.0/networks?router%3Aexternal=True => generated 659 bytes in 68 msecs (HTTP/1.1 200) 4 headers in 157 bytes (1 switches on core 0)
Jul 15 22:40:24.044485 np0000185488 devstack@neutron-api.service[102072]: DEBUG dbcounter [-] [102072] Writing DB stats neutron:UPDATE=1,neutron:SELECT=1 {{(pid=102072) stat_writer /opt/stack/data/venv/lib/python3.12/site-packages/dbcounter.py:115}}
Jul 15 22:40:24.782827 np0000185488 devstack@neutron-api.service[102070]: DEBUG dbcounter [-] [102070] Writing DB stats neutron:UPDATE=1,neutron:SELECT=1 {{(pid=102070) stat_writer /opt/stack/data/venv/lib/python3.12/site-packages/dbcounter.py:115}}
Jul 15 22:40:24.805174 np0000185488 devstack@neutron-api.service[102073]: DEBUG dbcounter [-] [102073] Writing DB stats neutron:SELECT=18,neutron:UPDATE=1 {{(pid=102073) stat_writer /opt/stack/data/venv/lib/python3.12/site-packages/dbcounter.py:115}}
Jul 15 22:40:26.977469 np0000185488 devstack@neutron-api.service[102070]: [pid: 102070|app: 0|req: 28/112] 199.19.213.229 () {62 vars in 1070 bytes} [Wed Jul 15 22:40:26 2026] GET /networking => generated 130 bytes in 3 msecs (HTTP/1.1 200) 3 headers in 91 bytes (1 switches on core 0)
Jul 15 22:40:27.109787 np0000185488 devstack@neutron-api.service[102073]: DEBUG neutron.pecan_wsgi.hooks.policy_enforcement [None req-fe82ba1b-d252-4cae-a764-448efa4f9a68 demo demo] Attributes excluded by policy engine: ['standard_attr_id', 'provider:network_type', 'provider:physical_network', 'provider:segmentation_id'] {{(pid=102073) _exclude_attributes_by_policy /opt/stack/neutron/neutron/pecan_wsgi/hooks/policy_enforcement.py:259}}
Jul 15 22:40:27.111818 np0000185488 devstack@neutron-api.service[102073]: [pid: 102073|app: 0|req: 28/113] 199.19.213.229 () {64 vars in 1383 bytes} [Wed Jul 15 22:40:27 2026] GET /networking/v2.0/networks?name=public&router%3Aexternal=True => generated 659 bytes in 97 msecs (HTTP/1.1 200) 4 headers in 157 bytes (1 switches on core 0)
Jul 15 22:40:28.113686 np0000185488 devstack@neutron-api.service[102071]: DEBUG dbcounter [-] [102071] Writing DB stats neutron:UPDATE=1,neutron:SELECT=18 {{(pid=102071) stat_writer /opt/stack/data/venv/lib/python3.12/site-packages/dbcounter.py:115}}
Jul 15 22:40:29.033457 np0000185488 devstack@neutron-api.service[102072]: DEBUG futurist.periodics [-] Submitting periodic callback 'neutron.plugins.ml2.drivers.ovn.mech_driver.ovsdb.maintenance.HashRingHealthCheckPeriodics.touch_hash_ring_node' {{(pid=102072) _process_scheduled /opt/stack/data/venv/lib/python3.12/site-packages/futurist/periodics.py:784}}
Jul 15 22:40:29.034059 np0000185488 devstack@neutron-api.service[102072]: DEBUG neutron.plugins.ml2.drivers.ovn.mech_driver.ovsdb.maintenance [-] Touching Hash Ring node "53293b67ed7953d1ba046888d702ca50" from periodic health check thread {{(pid=102072) touch_hash_ring_node /opt/stack/neutron/neutron/plugins/ml2/drivers/ovn/mech_driver/ovsdb/maintenance.py:1417}}
Jul 15 22:40:29.315858 np0000185488 devstack@neutron-api.service[102072]: [pid: 102072|app: 0|req: 30/114] 199.19.213.229 () {64 vars in 1267 bytes} [Wed Jul 15 22:40:29 2026] GET /networking/ => generated 130 bytes in 2 msecs (HTTP/1.1 200) 3 headers in 91 bytes (1 switches on core 0)
Jul 15 22:40:29.434223 np0000185488 devstack@neutron-api.service[102071]: DEBUG neutron.pecan_wsgi.hooks.policy_enforcement [None req-d124663b-35d6-43bb-9644-4fcfa950b427 demo demo] Attributes excluded by policy engine: ['standard_attr_id', 'provider:network_type', 'provider:physical_network', 'provider:segmentation_id'] {{(pid=102071) _exclude_attributes_by_policy /opt/stack/neutron/neutron/pecan_wsgi/hooks/policy_enforcement.py:259}}
Jul 15 22:40:29.436134 np0000185488 devstack@neutron-api.service[102071]: [pid: 102071|app: 0|req: 29/115] 199.19.213.229 () {64 vars in 1416 bytes} [Wed Jul 15 22:40:29 2026] GET /networking/v2.0/networks/f33a3d1a-0542-4069-920f-7fc847b8453b => generated 656 bytes in 110 msecs (HTTP/1.1 200) 4 headers in 157 bytes (1 switches on core 0)
Jul 15 22:40:29.471186 np0000185488 devstack@neutron-api.service[102070]: [pid: 102070|app: 0|req: 29/116] 199.19.213.229 () {64 vars in 1410 bytes} [Wed Jul 15 22:40:29 2026] GET /networking/v2.0/networks?name=k8s-clusterapi-cluster-magnum-system-kube-qz2ky => generated 15 bytes in 29 msecs (HTTP/1.1 200) 4 headers in 156 bytes (1 switches on core 0)
Jul 15 22:40:29.489537 np0000185488 devstack@neutron-api.service[102073]: DEBUG neutron.api.v2.base [None req-e0274744-f1cf-4495-beae-63f063f34b88 demo demo] Request body: {'network': {'admin_state_up': True, 'name': 'k8s-clusterapi-cluster-magnum-system-kube-qz2ky'}} {{(pid=102073) prepare_request_body /opt/stack/neutron/neutron/api/v2/base.py:727}}
Jul 15 22:40:29.508574 np0000185488 devstack@neutron-api.service[102073]: DEBUG neutron.pecan_wsgi.hooks.quota_enforcement [None req-e0274744-f1cf-4495-beae-63f063f34b88 demo demo] Made reservation on behalf of f464f33b69414a83aa1b023f0ed083a0 for: {'network': 1} {{(pid=102073) before /opt/stack/neutron/neutron/pecan_wsgi/hooks/quota_enforcement.py:66}}
Jul 15 22:40:29.511258 np0000185488 devstack@neutron-api.service[102073]: DEBUG neutron_lib.callbacks.manager [None req-e0274744-f1cf-4495-beae-63f063f34b88 demo demo] Publish callbacks ['neutron.plugins.ml2.plugin.SecurityGroupDbMixin._ensure_default_security_group_handler-328675'] for network (None), before_create {{(pid=102073) _notify_loop /opt/stack/data/venv/lib/python3.12/site-packages/neutron_lib/callbacks/manager.py:184}}
Jul 15 22:40:29.518002 np0000185488 devstack@neutron-api.service[102073]: DEBUG neutron_lib.callbacks.manager [None req-e0274744-f1cf-4495-beae-63f063f34b88 demo demo] Publish callbacks [] for security_group (None), before_create {{(pid=102073) _notify_loop /opt/stack/data/venv/lib/python3.12/site-packages/neutron_lib/callbacks/manager.py:184}}
Jul 15 22:40:29.585986 np0000185488 devstack@neutron-api.service[102073]: DEBUG neutron_lib.callbacks.manager [None req-e0274744-f1cf-4495-beae-63f063f34b88 demo demo] Publish callbacks ['neutron.plugins.ml2.drivers.ovn.mech_driver.mech_driver.OVNMechanismDriver._create_security_group_precommit-218522'] for security_group (92a674a9-92e0-4a52-8cf4-cae176c69b2a), precommit_create {{(pid=102073) _notify_loop /opt/stack/data/venv/lib/python3.12/site-packages/neutron_lib/callbacks/manager.py:184}}
Jul 15 22:40:29.585986 np0000185488 devstack@neutron-api.service[102073]: DEBUG neutron.db.ovn_revision_numbers_db [None req-e0274744-f1cf-4495-beae-63f063f34b88 demo demo] create_initial_revision uuid=92a674a9-92e0-4a52-8cf4-cae176c69b2a, type=security_groups, rev=-1 {{(pid=102073) create_initial_revision /opt/stack/neutron/neutron/db/ovn_revision_numbers_db.py:98}}
Jul 15 22:40:29.587083 np0000185488 devstack@neutron-api.service[102073]: DEBUG neutron.db.ovn_revision_numbers_db [None req-e0274744-f1cf-4495-beae-63f063f34b88 demo demo] create_initial_revision uuid=49df2c56-c1dc-43f0-877e-79a54c6ec273, type=security_group_rules, rev=-1 {{(pid=102073) create_initial_revision /opt/stack/neutron/neutron/db/ovn_revision_numbers_db.py:98}}
Jul 15 22:40:29.587928 np0000185488 devstack@neutron-api.service[102073]: DEBUG neutron.db.ovn_revision_numbers_db [None req-e0274744-f1cf-4495-beae-63f063f34b88 demo demo] create_initial_revision uuid=6a87703d-8af9-47a6-b2cd-591650afa4a1, type=security_group_rules, rev=-1 {{(pid=102073) create_initial_revision /opt/stack/neutron/neutron/db/ovn_revision_numbers_db.py:98}}
Jul 15 22:40:29.589065 np0000185488 devstack@neutron-api.service[102073]: DEBUG neutron.db.ovn_revision_numbers_db [None req-e0274744-f1cf-4495-beae-63f063f34b88 demo demo] create_initial_revision uuid=b1a61cdc-a148-4bda-9dc2-18b812daf651, type=security_group_rules, rev=-1 {{(pid=102073) create_initial_revision /opt/stack/neutron/neutron/db/ovn_revision_numbers_db.py:98}}
Jul 15 22:40:29.590307 np0000185488 devstack@neutron-api.service[102073]: DEBUG neutron.db.ovn_revision_numbers_db [None req-e0274744-f1cf-4495-beae-63f063f34b88 demo demo] create_initial_revision uuid=d89d4c18-8f14-4247-afcf-995b9c4ea86b, type=security_group_rules, rev=-1 {{(pid=102073) create_initial_revision /opt/stack/neutron/neutron/db/ovn_revision_numbers_db.py:98}}
Jul 15 22:40:29.597767 np0000185488 devstack@neutron-api.service[102073]: DEBUG neutron_lib.callbacks.manager [None req-e0274744-f1cf-4495-beae-63f063f34b88 demo demo] Publish callbacks ['neutron.plugins.ml2.drivers.ovn.mech_driver.mech_driver.OVNMechanismDriver._create_security_group-218512', 'neutron.plugins.ml2.ovo_rpc._ObjectChangeHandler.handle_event-266908773'] for security_group (92a674a9-92e0-4a52-8cf4-cae176c69b2a), after_create {{(pid=102073) _notify_loop /opt/stack/data/venv/lib/python3.12/site-packages/neutron_lib/callbacks/manager.py:184}}
Jul 15 22:40:29.598983 np0000185488 devstack@neutron-api.service[102073]: DEBUG ovsdbapp.backend.ovs_idl.transaction [None req-5c10adb3-fadd-4bc3-a80d-8c393aaeb3e8 None None] Running txn n=1 command(idx=0): PgAddCommand(_result=None, name=pg_92a674a9_92e0_4a52_8cf4_cae176c69b2a, may_exist=False, columns={'acls': [], 'external_ids': {'neutron:security_group_id': '92a674a9-92e0-4a52-8cf4-cae176c69b2a'}}) {{(pid=102073) do_commit /opt/stack/data/venv/lib/python3.12/site-packages/ovsdbapp/backend/ovs_idl/transaction.py:89}}
Jul 15 22:40:29.599650 np0000185488 devstack@neutron-api.service[102073]: DEBUG ovsdbapp.backend.ovs_idl.transaction [None req-5c10adb3-fadd-4bc3-a80d-8c393aaeb3e8 None None] Running txn n=1 command(idx=1): PgAclAddCommand(_result=None, entity=pg_92a674a9_92e0_4a52_8cf4_cae176c69b2a, direction=from-lport, priority=1002, match=inport == @pg_92a674a9_92e0_4a52_8cf4_cae176c69b2a && ip4, action=allow-related, log=False, may_exist=True, severity=[], name=[], meter=[], external_ids={'neutron:security_group_rule_id': '49df2c56-c1dc-43f0-877e-79a54c6ec273'}) {{(pid=102073) do_commit /opt/stack/data/venv/lib/python3.12/site-packages/ovsdbapp/backend/ovs_idl/transaction.py:89}}
Jul 15 22:40:29.600323 np0000185488 devstack@neutron-api.service[102073]: DEBUG ovsdbapp.backend.ovs_idl.transaction [None req-5c10adb3-fadd-4bc3-a80d-8c393aaeb3e8 None None] Running txn n=1 command(idx=2): PgAclAddCommand(_result=None, entity=pg_92a674a9_92e0_4a52_8cf4_cae176c69b2a, direction=from-lport, priority=1002, match=inport == @pg_92a674a9_92e0_4a52_8cf4_cae176c69b2a && ip6, action=allow-related, log=False, may_exist=True, severity=[], name=[], meter=[], external_ids={'neutron:security_group_rule_id': '6a87703d-8af9-47a6-b2cd-591650afa4a1'}) {{(pid=102073) do_commit /opt/stack/data/venv/lib/python3.12/site-packages/ovsdbapp/backend/ovs_idl/transaction.py:89}}
Jul 15 22:40:29.600967 np0000185488 devstack@neutron-api.service[102073]: DEBUG ovsdbapp.backend.ovs_idl.transaction [None req-5c10adb3-fadd-4bc3-a80d-8c393aaeb3e8 None None] Running txn n=1 command(idx=3): PgAclAddCommand(_result=None, entity=pg_92a674a9_92e0_4a52_8cf4_cae176c69b2a, direction=to-lport, priority=1002, match=outport == @pg_92a674a9_92e0_4a52_8cf4_cae176c69b2a && ip4 && ip4.src == $pg_92a674a9_92e0_4a52_8cf4_cae176c69b2a_ip4, action=allow-related, log=False, may_exist=True, severity=[], name=[], meter=[], external_ids={'neutron:security_group_rule_id': 'b1a61cdc-a148-4bda-9dc2-18b812daf651'}) {{(pid=102073) do_commit /opt/stack/data/venv/lib/python3.12/site-packages/ovsdbapp/backend/ovs_idl/transaction.py:89}}
Jul 15 22:40:29.601609 np0000185488 devstack@neutron-api.service[102073]: DEBUG ovsdbapp.backend.ovs_idl.transaction [None req-5c10adb3-fadd-4bc3-a80d-8c393aaeb3e8 None None] Running txn n=1 command(idx=4): PgAclAddCommand(_result=None, entity=pg_92a674a9_92e0_4a52_8cf4_cae176c69b2a, direction=to-lport, priority=1002, match=outport == @pg_92a674a9_92e0_4a52_8cf4_cae176c69b2a && ip6 && ip6.src == $pg_92a674a9_92e0_4a52_8cf4_cae176c69b2a_ip6, action=allow-related, log=False, may_exist=True, severity=[], name=[], meter=[], external_ids={'neutron:security_group_rule_id': 'd89d4c18-8f14-4247-afcf-995b9c4ea86b'}) {{(pid=102073) do_commit /opt/stack/data/venv/lib/python3.12/site-packages/ovsdbapp/backend/ovs_idl/transaction.py:89}}
Jul 15 22:40:29.616745 np0000185488 devstack@neutron-api.service[102073]: DEBUG neutron.common.ovn.hash_ring_manager [None req-5c10adb3-fadd-4bc3-a80d-8c393aaeb3e8 None None] Hash Ring loaded. 4 active nodes. 0 offline nodes {{(pid=102073) _load_hash_ring /opt/stack/neutron/neutron/common/ovn/hash_ring_manager.py:110}}
Jul 15 22:40:29.616904 np0000185488 devstack@neutron-api.service[102073]: DEBUG neutron.plugins.ml2.drivers.ovn.mech_driver.ovsdb.ovsdb_monitor [None req-5c10adb3-fadd-4bc3-a80d-8c393aaeb3e8 None None] Hash Ring: Node 30fe2796714951159ef087be65d05be5 (host: np0000185488) handling event "create" for row f7ae8099-bb20-4bd5-8a22-3be3c0efccfd (table: ACL) {{(pid=102073) notify /opt/stack/neutron/neutron/plugins/ml2/drivers/ovn/mech_driver/ovsdb/ovsdb_monitor.py:1009}}
Jul 15 22:40:29.617394 np0000185488 devstack@neutron-api.service[102072]: DEBUG neutron.common.ovn.hash_ring_manager [None req-a7d63d96-0ab2-4a28-93ff-dcba7747f71d None None] Hash Ring loaded. 4 active nodes. 0 offline nodes {{(pid=102072) _load_hash_ring /opt/stack/neutron/neutron/common/ovn/hash_ring_manager.py:110}}
Jul 15 22:40:29.617394 np0000185488 devstack@neutron-api.service[102072]: DEBUG neutron.plugins.ml2.drivers.ovn.mech_driver.ovsdb.ovsdb_monitor [None req-a7d63d96-0ab2-4a28-93ff-dcba7747f71d None None] Hash Ring: Node 53293b67ed7953d1ba046888d702ca50 (host: np0000185488) handling event "create" for row 89616629-3b02-4c34-8edf-7571283c7d78 (table: ACL) {{(pid=102072) notify /opt/stack/neutron/neutron/plugins/ml2/drivers/ovn/mech_driver/ovsdb/ovsdb_monitor.py:1009}}
Jul 15 22:40:29.617394 np0000185488 devstack@neutron-api.service[102072]: DEBUG neutron.plugins.ml2.drivers.ovn.mech_driver.ovsdb.ovsdb_monitor [None req-a7d63d96-0ab2-4a28-93ff-dcba7747f71d None None] Hash Ring: Node 53293b67ed7953d1ba046888d702ca50 (host: np0000185488) handling event "create" for row a9aee359-bc11-4ee8-821e-856e0b88e162 (table: ACL) {{(pid=102072) notify /opt/stack/neutron/neutron/plugins/ml2/drivers/ovn/mech_driver/ovsdb/ovsdb_monitor.py:1009}}
Jul 15 22:40:29.620030 np0000185488 devstack@neutron-api.service[102071]: DEBUG neutron.common.ovn.hash_ring_manager [None req-c5640854-48c3-4303-936d-09ea4b26cf50 None None] Hash Ring loaded. 4 active nodes. 0 offline nodes {{(pid=102071) _load_hash_ring /opt/stack/neutron/neutron/common/ovn/hash_ring_manager.py:110}}
Jul 15 22:40:29.621427 np0000185488 devstack@neutron-api.service[102070]: DEBUG neutron.common.ovn.hash_ring_manager [None req-bd8b8158-d98d-4a6d-8858-72f020dfbd03 None None] Hash Ring loaded. 4 active nodes. 0 offline nodes {{(pid=102070) _load_hash_ring /opt/stack/neutron/neutron/common/ovn/hash_ring_manager.py:110}}
Jul 15 22:40:29.621663 np0000185488 devstack@neutron-api.service[102070]: DEBUG neutron.plugins.ml2.drivers.ovn.mech_driver.ovsdb.ovsdb_monitor [None req-bd8b8158-d98d-4a6d-8858-72f020dfbd03 None None] Hash Ring: Node 7ca8c01d3e5c5c29a67f4ffcdbfc0f08 (host: np0000185488) handling event "create" for row c0d734a1-9899-46dc-bbfb-7389ccd337b0 (table: ACL) {{(pid=102070) notify /opt/stack/neutron/neutron/plugins/ml2/drivers/ovn/mech_driver/ovsdb/ovsdb_monitor.py:1009}}
Jul 15 22:40:29.621850 np0000185488 devstack@neutron-api.service[102070]: DEBUG neutron.plugins.ml2.drivers.ovn.mech_driver.ovsdb.ovsdb_monitor [None req-bd8b8158-d98d-4a6d-8858-72f020dfbd03 None None] Hash Ring: Node 7ca8c01d3e5c5c29a67f4ffcdbfc0f08 (host: np0000185488) handling event "create" for row 68078f71-b908-4c04-8e9d-a25d2e04ca53 (table: Port_Group) {{(pid=102070) notify /opt/stack/neutron/neutron/plugins/ml2/drivers/ovn/mech_driver/ovsdb/ovsdb_monitor.py:1009}}
Jul 15 22:40:29.635940 np0000185488 devstack@neutron-api.service[102073]: INFO neutron.db.ovn_revision_numbers_db [None req-e0274744-f1cf-4495-beae-63f063f34b88 demo demo] Successfully bumped revision number for resource 92a674a9-92e0-4a52-8cf4-cae176c69b2a (type: security_groups) to 1
Jul 15 22:40:29.649426 np0000185488 devstack@neutron-api.service[102073]: INFO neutron.db.ovn_revision_numbers_db [None req-e0274744-f1cf-4495-beae-63f063f34b88 demo demo] Successfully bumped revision number for resource 49df2c56-c1dc-43f0-877e-79a54c6ec273 (type: security_group_rules) to 0
Jul 15 22:40:29.663741 np0000185488 devstack@neutron-api.service[102073]: INFO neutron.db.ovn_revision_numbers_db [None req-e0274744-f1cf-4495-beae-63f063f34b88 demo demo] Successfully bumped revision number for resource 6a87703d-8af9-47a6-b2cd-591650afa4a1 (type: security_group_rules) to 0
Jul 15 22:40:29.677374 np0000185488 devstack@neutron-api.service[102073]: INFO neutron.db.ovn_revision_numbers_db [None req-e0274744-f1cf-4495-beae-63f063f34b88 demo demo] Successfully bumped revision number for resource b1a61cdc-a148-4bda-9dc2-18b812daf651 (type: security_group_rules) to 0
Jul 15 22:40:29.692904 np0000185488 devstack@neutron-api.service[102073]: INFO neutron.db.ovn_revision_numbers_db [None req-e0274744-f1cf-4495-beae-63f063f34b88 demo demo] Successfully bumped revision number for resource d89d4c18-8f14-4247-afcf-995b9c4ea86b (type: security_group_rules) to 0
Jul 15 22:40:29.710795 np0000185488 devstack@neutron-api.service[102071]: DEBUG futurist.periodics [-] Submitting periodic callback 'neutron.plugins.ml2.drivers.ovn.mech_driver.ovsdb.maintenance.HashRingHealthCheckPeriodics.touch_hash_ring_node' {{(pid=102071) _process_scheduled /opt/stack/data/venv/lib/python3.12/site-packages/futurist/periodics.py:784}}
Jul 15 22:40:29.712915 np0000185488 devstack@neutron-api.service[102071]: DEBUG neutron.plugins.ml2.drivers.ovn.mech_driver.ovsdb.maintenance [-] Touching Hash Ring node "2e32dc2adc6953be8a7167694cf598d4" from periodic health check thread {{(pid=102071) touch_hash_ring_node /opt/stack/neutron/neutron/plugins/ml2/drivers/ovn/mech_driver/ovsdb/maintenance.py:1417}}
Jul 15 22:40:29.728797 np0000185488 devstack@neutron-api.service[102073]: DEBUG neutron.api.rpc.handlers.resources_rpc [None req-e0274744-f1cf-4495-beae-63f063f34b88 demo demo] Pushing event updated for resources: {'SecurityGroup': ['ID=92a674a9-92e0-4a52-8cf4-cae176c69b2a,revision_number=1']} {{(pid=102073) push /opt/stack/neutron/neutron/api/rpc/handlers/resources_rpc.py:237}}
Jul 15 22:40:29.771528 np0000185488 devstack@neutron-api.service[102070]: DEBUG futurist.periodics [-] Submitting periodic callback 'neutron.plugins.ml2.drivers.ovn.mech_driver.ovsdb.maintenance.HashRingHealthCheckPeriodics.touch_hash_ring_node' {{(pid=102070) _process_scheduled /opt/stack/data/venv/lib/python3.12/site-packages/futurist/periodics.py:784}}
Jul 15 22:40:29.771918 np0000185488 devstack@neutron-api.service[102073]: DEBUG neutron.plugins.ml2.drivers.helpers [None req-e0274744-f1cf-4495-beae-63f063f34b88 demo demo] geneve segment allocate from pool success with {'geneve_vni': 23967} {{(pid=102073) allocate_partially_specified_segment /opt/stack/neutron/neutron/plugins/ml2/drivers/helpers.py:142}}
Jul 15 22:40:29.772360 np0000185488 devstack@neutron-api.service[102070]: DEBUG neutron.plugins.ml2.drivers.ovn.mech_driver.ovsdb.maintenance [-] Touching Hash Ring node "7ca8c01d3e5c5c29a67f4ffcdbfc0f08" from periodic health check thread {{(pid=102070) touch_hash_ring_node /opt/stack/neutron/neutron/plugins/ml2/drivers/ovn/mech_driver/ovsdb/maintenance.py:1417}}
Jul 15 22:40:29.778106 np0000185488 devstack@neutron-api.service[102073]: DEBUG neutron_lib.callbacks.manager [None req-e0274744-f1cf-4495-beae-63f063f34b88 demo demo] Publish callbacks ['neutron.services.segments.db._add_segment_host_mapping_for_segment-7776710637368', 'neutron.plugins.ml2.plugin.Ml2Plugin._handle_segment_change-83717'] for segment (f8f25832-9097-4327-b851-8823ea384cc1), precommit_create {{(pid=102073) _notify_loop /opt/stack/data/venv/lib/python3.12/site-packages/neutron_lib/callbacks/manager.py:184}}
Jul 15 22:40:29.778239 np0000185488 devstack@neutron-api.service[102073]: INFO neutron.db.segments_db [None req-e0274744-f1cf-4495-beae-63f063f34b88 demo demo] Added segment f8f25832-9097-4327-b851-8823ea384cc1 of type geneve for network 67ba2e69-c6a6-4a74-994f-555287b8f65f
Jul 15 22:40:29.791592 np0000185488 devstack@neutron-api.service[102073]: DEBUG neutron_lib.callbacks.manager [None req-e0274744-f1cf-4495-beae-63f063f34b88 demo demo] Publish callbacks ['neutron.services.auto_allocate.db._ensure_external_network_default_value_callback-7776708909340'] for network (67ba2e69-c6a6-4a74-994f-555287b8f65f), precommit_create {{(pid=102073) _notify_loop /opt/stack/data/venv/lib/python3.12/site-packages/neutron_lib/callbacks/manager.py:184}}
Jul 15 22:40:29.794218 np0000185488 devstack@neutron-api.service[102073]: DEBUG futurist.periodics [-] Submitting periodic callback 'neutron.plugins.ml2.drivers.ovn.mech_driver.ovsdb.maintenance.HashRingHealthCheckPeriodics.touch_hash_ring_node' {{(pid=102073) _process_scheduled /opt/stack/data/venv/lib/python3.12/site-packages/futurist/periodics.py:784}}
Jul 15 22:40:29.795131 np0000185488 devstack@neutron-api.service[102073]: DEBUG neutron.plugins.ml2.drivers.ovn.mech_driver.ovsdb.maintenance [-] Touching Hash Ring node "30fe2796714951159ef087be65d05be5" from periodic health check thread {{(pid=102073) touch_hash_ring_node /opt/stack/neutron/neutron/plugins/ml2/drivers/ovn/mech_driver/ovsdb/maintenance.py:1417}}
Jul 15 22:40:29.808348 np0000185488 devstack@neutron-api.service[102073]: DEBUG neutron.plugins.ml2.drivers.ovn.mech_driver.mech_driver [None req-e0274744-f1cf-4495-beae-63f063f34b88 demo demo] Validating network segment with type geneve, segmentation ID 23967, physical network None {{(pid=102073) _validate_network_segments /opt/stack/neutron/neutron/plugins/ml2/drivers/ovn/mech_driver/mech_driver.py:646}}
Jul 15 22:40:29.808509 np0000185488 devstack@neutron-api.service[102073]: DEBUG neutron.db.ovn_revision_numbers_db [None req-e0274744-f1cf-4495-beae-63f063f34b88 demo demo] create_initial_revision uuid=67ba2e69-c6a6-4a74-994f-555287b8f65f, type=networks, rev=-1 {{(pid=102073) create_initial_revision /opt/stack/neutron/neutron/db/ovn_revision_numbers_db.py:98}}
Jul 15 22:40:29.824630 np0000185488 devstack@neutron-api.service[102073]: DEBUG neutron_lib.callbacks.manager [None req-e0274744-f1cf-4495-beae-63f063f34b88 demo demo] Publish callbacks ['neutron.plugins.ml2.ovo_rpc._ObjectChangeHandler.handle_event-266909073'] for network (67ba2e69-c6a6-4a74-994f-555287b8f65f), after_create {{(pid=102073) _notify_loop /opt/stack/data/venv/lib/python3.12/site-packages/neutron_lib/callbacks/manager.py:184}}
Jul 15 22:40:29.858592 np0000185488 devstack@neutron-api.service[102073]: DEBUG neutron.api.rpc.handlers.resources_rpc [None req-e0274744-f1cf-4495-beae-63f063f34b88 demo demo] Pushing event updated for resources: {'Network': ['ID=67ba2e69-c6a6-4a74-994f-555287b8f65f,revision_number=1']} {{(pid=102073) push /opt/stack/neutron/neutron/api/rpc/handlers/resources_rpc.py:237}}
Jul 15 22:40:29.867235 np0000185488 devstack@neutron-api.service[102073]: DEBUG ovsdbapp.backend.ovs_idl.transaction [None req-5c10adb3-fadd-4bc3-a80d-8c393aaeb3e8 None None] Running txn n=1 command(idx=0): AddNetworkCommand(_result=None, network_uuid=67ba2e69-c6a6-4a74-994f-555287b8f65f, may_exist=True, columns={'external_ids': {'neutron:network_name': 'k8s-clusterapi-cluster-magnum-system-kube-qz2ky', 'neutron:mtu': '1372', 'neutron:revision_number': '1', 'neutron:availability_zone_hints': '', 'neutron:provnet-network-type': 'geneve'}, 'other_config': {'mcast_snoop': 'false', 'mcast_flood_unregistered': 'false', 'vlan-passthru': 'false'}}) {{(pid=102073) do_commit /opt/stack/data/venv/lib/python3.12/site-packages/ovsdbapp/backend/ovs_idl/transaction.py:89}}
Jul 15 22:40:29.872873 np0000185488 devstack@neutron-api.service[102072]: DEBUG neutron.plugins.ml2.drivers.ovn.mech_driver.ovsdb.ovsdb_monitor [None req-a7d63d96-0ab2-4a28-93ff-dcba7747f71d None None] Hash Ring: Node 53293b67ed7953d1ba046888d702ca50 (host: np0000185488) handling event "create" for row 67ba2e69-c6a6-4a74-994f-555287b8f65f (table: Logical_Switch) {{(pid=102072) notify /opt/stack/neutron/neutron/plugins/ml2/drivers/ovn/mech_driver/ovsdb/ovsdb_monitor.py:1009}}
Jul 15 22:40:29.885845 np0000185488 devstack@neutron-api.service[102073]: DEBUG neutron.plugins.ml2.drivers.ovn.mech_driver.ovsdb.ovsdb_monitor [None req-f07d5920-bef9-47ce-b312-a2b8b5f7e330 None None] Touching Hash Ring node "30fe2796714951159ef087be65d05be5" from IDL notify handler {{(pid=102073) notify /opt/stack/neutron/neutron/plugins/ml2/drivers/ovn/mech_driver/ovsdb/ovsdb_monitor.py:1001}}
Jul 15 22:40:29.895777 np0000185488 devstack@neutron-api.service[102073]: DEBUG neutron.plugins.ml2.drivers.ovn.mech_driver.ovsdb.ovsdb_monitor [None req-f07d5920-bef9-47ce-b312-a2b8b5f7e330 None None] Hash Ring: Node 30fe2796714951159ef087be65d05be5 (host: np0000185488) handling event "create" for row abcfcb1e-9117-4ea4-8783-1d891523612c (table: Datapath_Binding) {{(pid=102073) notify /opt/stack/neutron/neutron/plugins/ml2/drivers/ovn/mech_driver/ovsdb/ovsdb_monitor.py:1009}}
Jul 15 22:40:29.909519 np0000185488 devstack@neutron-api.service[102073]: INFO neutron.db.ovn_revision_numbers_db [None req-e0274744-f1cf-4495-beae-63f063f34b88 demo demo] Successfully bumped revision number for resource 67ba2e69-c6a6-4a74-994f-555287b8f65f (type: networks) to 1
Jul 15 22:40:29.961207 np0000185488 devstack@neutron-api.service[102073]: DEBUG neutron_lib.callbacks.manager [None req-e0274744-f1cf-4495-beae-63f063f34b88 demo demo] Publish callbacks ['neutron.plugins.ml2.plugin.SecurityGroupDbMixin._ensure_default_security_group_handler-328675'] for port (None), before_create {{(pid=102073) _notify_loop /opt/stack/data/venv/lib/python3.12/site-packages/neutron_lib/callbacks/manager.py:184}}
Jul 15 22:40:30.345210 np0000185488 devstack@neutron-api.service[102073]: DEBUG neutron_lib.callbacks.manager [None req-e0274744-f1cf-4495-beae-63f063f34b88 demo demo] Publish callbacks ['neutron.plugins.ml2.drivers.ovn.mech_driver.mech_driver.OVNMechanismDriver._validate_allowed_address_pairs-218114'] for allowed_address_pair (f8a81330-5013-4804-8d43-31534753bb65), before_create {{(pid=102073) _notify_loop /opt/stack/data/venv/lib/python3.12/site-packages/neutron_lib/callbacks/manager.py:184}}
Jul 15 22:40:30.346349 np0000185488 devstack@neutron-api.service[102073]: DEBUG neutron_lib.callbacks.manager [None req-e0274744-f1cf-4495-beae-63f063f34b88 demo demo] Publish callbacks [] for port (f8a81330-5013-4804-8d43-31534753bb65), precommit_create {{(pid=102073) _notify_loop /opt/stack/data/venv/lib/python3.12/site-packages/neutron_lib/callbacks/manager.py:184}}
