May 06 04:21:35.286437 np0000172170 devstack@n-api.service[99876]: [pid: 99876|app: 0|req: 14/56] 199.204.45.57 () {68 vars in 1431 bytes} [Wed May 6 04:21:35 2026] GET /compute/v2.1/flavors/detail?is_public=True => generated 4822 bytes in 35 msecs (HTTP/1.1 200) 9 headers in 360 bytes (1 switches on core 0)
May 06 04:21:35.511112 np0000172170 devstack@n-api.service[99874]: DEBUG nova.api.openstack.wsgi [None req-73f65230-526e-4790-a42d-411b6ae7db41 admin admin] Action: 'create', calling method: >, body: {"flavor": {"ram": 512, "swap": 0, "rxtx_factor": 1.0, "OS-FLV-EXT-DATA:ephemeral": 0, "os-flavor-access:is_public": true, "id": "100", "name": "manila-service-flavor", "vcpus": 1, "disk": 5}} {{(pid=99874) _process_stack /opt/stack/nova/nova/api/openstack/wsgi.py:549}}
May 06 04:21:35.540459 np0000172170 devstack@n-api.service[99874]: INFO nova.api.openstack.requestlog [None req-73f65230-526e-4790-a42d-411b6ae7db41 admin admin] 199.204.45.57 "POST /compute/v2.1/flavors" status: 200 len: 428 microversion: 2.61 time: 0.034566
May 06 04:21:35.540807 np0000172170 devstack@n-api.service[99874]: [pid: 99874|app: 0|req: 14/57] 199.204.45.57 () {72 vars in 1422 bytes} [Wed May 6 04:21:35 2026] POST /compute/v2.1/flavors => generated 428 bytes in 35 msecs (HTTP/1.1 200) 9 headers in 359 bytes (1 switches on core 0)
May 06 04:21:45.273042 np0000172170 devstack@n-api.service[99876]: DEBUG dbcounter [-] [99876] Writing DB stats nova_api:SELECT=1 {{(pid=99876) stat_writer /opt/stack/data/venv/lib/python3.12/site-packages/dbcounter.py:115}}
May 06 04:21:45.526143 np0000172170 devstack@n-api.service[99874]: DEBUG dbcounter [-] [99874] Writing DB stats nova_api:INSERT=1,nova_api:SELECT=1 {{(pid=99874) stat_writer /opt/stack/data/venv/lib/python3.12/site-packages/dbcounter.py:115}}
May 06 04:22:28.962765 np0000172170 devstack@n-api.service[99877]: DEBUG nova.api.openstack.wsgi [None req-e5947055-29ab-462e-aaf5-a4630a7a9a5a admin admin] Calling method '>' {{(pid=99877) _process_stack /opt/stack/nova/nova/api/openstack/wsgi.py:551}}
May 06 04:22:28.966374 np0000172170 devstack@n-api.service[99877]: WARNING oslo_db.sqlalchemy.utils [None req-e5947055-29ab-462e-aaf5-a4630a7a9a5a admin admin] Unique keys not in sort_keys. The sorting order may be unstable.
May 06 04:22:28.975680 np0000172170 devstack@n-api.service[99877]: INFO nova.api.openstack.requestlog [None req-e5947055-29ab-462e-aaf5-a4630a7a9a5a admin admin] 199.204.45.57 "GET /compute/v2.1/os-keypairs" status: 200 len: 16 microversion: 2.10 time: 0.016674
May 06 04:22:28.975992 np0000172170 devstack@n-api.service[99877]: [pid: 99877|app: 0|req: 16/58] 199.204.45.57 () {68 vars in 1393 bytes} [Wed May 6 04:22:28 2026] GET /compute/v2.1/os-keypairs => generated 16 bytes in 17 msecs (HTTP/1.1 200) 9 headers in 358 bytes (1 switches on core 0)
May 06 04:22:29.188988 np0000172170 devstack@n-api.service[99875]: DEBUG nova.api.openstack.wsgi [None req-cebd5732-6dd9-4559-ae88-9b92db79f1b6 admin admin] Action: 'create', calling method: >, body: {"keypair": {"name": "manila-service", "public_key": "ecdsa-sha2-nistp256 AAAAE2VjZHNhLXNoYTItbmlzdHAyNTYAAAAIbmlzdHAyNTYAAABBBPYQcFiEm4DWelzaaEaqEpT671pgxWedI5P4jNJy5GKmWE0kgL674oxXATusdpC9CqzXXe0OzFlSKPUkjUzjarQ= stack@np0000172170\n"}} {{(pid=99875) _process_stack /opt/stack/nova/nova/api/openstack/wsgi.py:549}}
May 06 04:22:29.211608 np0000172170 devstack@n-api.service[99875]: DEBUG nova.quota [None req-cebd5732-6dd9-4559-ae88-9b92db79f1b6 admin admin] Getting quotas for project e63a9e90acee44aa81d5ee66d8889dcb. Resources: {'key_pairs'} {{(pid=99875) _get_quotas /opt/stack/nova/nova/quota.py:392}}
May 06 04:22:29.215234 np0000172170 devstack@n-api.service[99875]: DEBUG nova.quota [None req-cebd5732-6dd9-4559-ae88-9b92db79f1b6 admin admin] Getting quotas for user 9367049f1f7e4473b0d9ee23ecf721b3 and project e63a9e90acee44aa81d5ee66d8889dcb. Resources: {'key_pairs'} {{(pid=99875) _get_quotas /opt/stack/nova/nova/quota.py:382}}
May 06 04:22:29.252901 np0000172170 devstack@n-api.service[99875]: INFO nova.api.openstack.requestlog [None req-cebd5732-6dd9-4559-ae88-9b92db79f1b6 admin admin] 199.204.45.57 "POST /compute/v2.1/os-keypairs" status: 201 len: 366 microversion: 2.10 time: 0.068270
May 06 04:22:29.253360 np0000172170 devstack@n-api.service[99875]: [pid: 99875|app: 0|req: 15/59] 199.204.45.57 () {72 vars in 1434 bytes} [Wed May 6 04:22:29 2026] POST /compute/v2.1/os-keypairs => generated 366 bytes in 69 msecs (HTTP/1.1 201) 9 headers in 364 bytes (1 switches on core 0)
May 06 04:22:38.970854 np0000172170 devstack@n-api.service[99877]: DEBUG dbcounter [-] [99877] Writing DB stats nova_api:SELECT=1 {{(pid=99877) stat_writer /opt/stack/data/venv/lib/python3.12/site-packages/dbcounter.py:115}}
May 06 04:22:39.220178 np0000172170 devstack@n-api.service[99875]: DEBUG dbcounter [-] [99875] Writing DB stats nova_cell0:SELECT=2 {{(pid=99875) stat_writer /opt/stack/data/venv/lib/python3.12/site-packages/dbcounter.py:115}}
May 06 04:22:39.244330 np0000172170 devstack@n-api.service[99875]: DEBUG dbcounter [-] [99875] Writing DB stats nova_api:SELECT=5,nova_api:INSERT=1 {{(pid=99875) stat_writer /opt/stack/data/venv/lib/python3.12/site-packages/dbcounter.py:115}}
May 06 04:22:42.662007 np0000172170 devstack@n-api.service[99876]: DEBUG nova.api.openstack.wsgi [None req-ea2df6a2-90b3-47e7-8aa8-24aaaa828f45 admin admin] Calling method '>' {{(pid=99876) _process_stack /opt/stack/nova/nova/api/openstack/wsgi.py:551}}
May 06 04:22:42.666261 np0000172170 devstack@n-api.service[99876]: DEBUG oslo_concurrency.lockutils [None req-ea2df6a2-90b3-47e7-8aa8-24aaaa828f45 admin admin] Acquiring lock "00000000-0000-0000-0000-000000000000" by "nova.context.set_target_cell..get_or_set_cached_cell_and_set_connections" {{(pid=99876) inner /opt/stack/data/venv/lib/python3.12/site-packages/oslo_concurrency/lockutils.py:506}}
May 06 04:22:42.666700 np0000172170 devstack@n-api.service[99876]: DEBUG oslo_concurrency.lockutils [None req-ea2df6a2-90b3-47e7-8aa8-24aaaa828f45 admin admin] Lock "00000000-0000-0000-0000-000000000000" acquired by "nova.context.set_target_cell..get_or_set_cached_cell_and_set_connections" :: waited 0.001s {{(pid=99876) inner /opt/stack/data/venv/lib/python3.12/site-packages/oslo_concurrency/lockutils.py:519}}
May 06 04:22:42.666914 np0000172170 devstack@n-api.service[99876]: DEBUG oslo_concurrency.lockutils [None req-ea2df6a2-90b3-47e7-8aa8-24aaaa828f45 admin admin] Lock "00000000-0000-0000-0000-000000000000" "released" by "nova.context.set_target_cell..get_or_set_cached_cell_and_set_connections" :: held 0.000s {{(pid=99876) inner /opt/stack/data/venv/lib/python3.12/site-packages/oslo_concurrency/lockutils.py:538}}
May 06 04:22:42.667778 np0000172170 devstack@n-api.service[99876]: DEBUG oslo_concurrency.lockutils [None req-ea2df6a2-90b3-47e7-8aa8-24aaaa828f45 admin admin] Acquiring lock "69428adf-4184-42db-b708-e51ed3180a34" by "nova.context.set_target_cell..get_or_set_cached_cell_and_set_connections" {{(pid=99876) inner /opt/stack/data/venv/lib/python3.12/site-packages/oslo_concurrency/lockutils.py:506}}
May 06 04:22:42.667944 np0000172170 devstack@n-api.service[99876]: DEBUG oslo_concurrency.lockutils [None req-ea2df6a2-90b3-47e7-8aa8-24aaaa828f45 admin admin] Lock "69428adf-4184-42db-b708-e51ed3180a34" acquired by "nova.context.set_target_cell..get_or_set_cached_cell_and_set_connections" :: waited 0.000s {{(pid=99876) inner /opt/stack/data/venv/lib/python3.12/site-packages/oslo_concurrency/lockutils.py:519}}
May 06 04:22:42.668056 np0000172170 devstack@n-api.service[99876]: DEBUG oslo_concurrency.lockutils [None req-ea2df6a2-90b3-47e7-8aa8-24aaaa828f45 admin admin] Lock "69428adf-4184-42db-b708-e51ed3180a34" "released" by "nova.context.set_target_cell..get_or_set_cached_cell_and_set_connections" :: held 0.000s {{(pid=99876) inner /opt/stack/data/venv/lib/python3.12/site-packages/oslo_concurrency/lockutils.py:538}}
May 06 04:22:42.714191 np0000172170 devstack@n-api.service[99876]: INFO nova.api.openstack.requestlog [None req-ea2df6a2-90b3-47e7-8aa8-24aaaa828f45 admin admin] 199.204.45.57 "GET /compute/v2.1/os-services?binary=nova-compute&host=np0000172170" status: 200 len: 255 microversion: 2.69 time: 0.056025
May 06 04:22:42.714654 np0000172170 devstack@n-api.service[99876]: [pid: 99876|app: 0|req: 15/60] 199.204.45.57 () {68 vars in 1468 bytes} [Wed May 6 04:22:42 2026] GET /compute/v2.1/os-services?binary=nova-compute&host=np0000172170 => generated 255 bytes in 57 msecs (HTTP/1.1 200) 9 headers in 359 bytes (1 switches on core 0)
May 06 04:22:52.682240 np0000172170 devstack@n-api.service[99876]: DEBUG dbcounter [-] [99876] Writing DB stats nova_cell0:SELECT=1 {{(pid=99876) stat_writer /opt/stack/data/venv/lib/python3.12/site-packages/dbcounter.py:115}}
May 06 04:22:52.683371 np0000172170 devstack@n-api.service[99876]: DEBUG dbcounter [-] [99876] Writing DB stats nova_cell1:SELECT=1 {{(pid=99876) stat_writer /opt/stack/data/venv/lib/python3.12/site-packages/dbcounter.py:115}}
May 06 04:22:52.705304 np0000172170 devstack@n-api.service[99876]: DEBUG dbcounter [-] [99876] Writing DB stats nova_api:SELECT=2 {{(pid=99876) stat_writer /opt/stack/data/venv/lib/python3.12/site-packages/dbcounter.py:115}}
May 06 04:23:16.351455 np0000172170 devstack@n-api.service[99874]: DEBUG nova.api.openstack.wsgi [None req-f82e5e50-898b-4083-95cb-2300be566ad2 demo demo] Calling method '>' {{(pid=99874) _process_stack /opt/stack/nova/nova/api/openstack/wsgi.py:551}}
May 06 04:23:16.376125 np0000172170 devstack@n-api.service[99874]: INFO nova.api.openstack.requestlog [None req-f82e5e50-898b-4083-95cb-2300be566ad2 demo demo] 199.204.45.57 "GET /compute/v2.1/flavors/detail" status: 200 len: 4000 microversion: 2.15 time: 0.029001
May 06 04:23:16.376335 np0000172170 devstack@n-api.service[99874]: [pid: 99874|app: 0|req: 15/61] 199.204.45.57 () {66 vars in 1299 bytes} [Wed May 6 04:23:16 2026] GET /compute/v2.1/flavors/detail => generated 4000 bytes in 30 msecs (HTTP/1.1 200) 9 headers in 360 bytes (1 switches on core 0)
May 06 04:23:16.393877 np0000172170 devstack@n-api.service[99877]: DEBUG nova.api.openstack.wsgi [None req-be31bc48-44b0-4d4c-94b0-fb050b7aed5c demo demo] Calling method '>' {{(pid=99877) _process_stack /opt/stack/nova/nova/api/openstack/wsgi.py:551}}
May 06 04:23:16.419435 np0000172170 devstack@n-api.service[99877]: INFO nova.api.openstack.requestlog [None req-be31bc48-44b0-4d4c-94b0-fb050b7aed5c demo demo] 199.204.45.57 "GET /compute/v2.1/flavors/detail" status: 200 len: 4000 microversion: 2.15 time: 0.029154
May 06 04:23:16.419809 np0000172170 devstack@n-api.service[99877]: [pid: 99877|app: 0|req: 17/62] 199.204.45.57 () {66 vars in 1299 bytes} [Wed May 6 04:23:16 2026] GET /compute/v2.1/flavors/detail => generated 4000 bytes in 30 msecs (HTTP/1.1 200) 9 headers in 360 bytes (1 switches on core 0)
May 06 04:23:16.638021 np0000172170 devstack@n-api.service[99875]: DEBUG nova.api.openstack.wsgi [None req-6b559822-838f-49b3-addc-edc2284ab0c1 demo demo] Calling method '>' {{(pid=99875) _process_stack /opt/stack/nova/nova/api/openstack/wsgi.py:551}}
May 06 04:23:16.665050 np0000172170 devstack@n-api.service[99875]: INFO nova.api.openstack.requestlog [None req-6b559822-838f-49b3-addc-edc2284ab0c1 demo demo] 199.204.45.57 "GET /compute/v2.1/flavors/detail" status: 200 len: 4000 microversion: 2.15 time: 0.031518
May 06 04:23:16.665322 np0000172170 devstack@n-api.service[99875]: [pid: 99875|app: 0|req: 16/63] 199.204.45.57 () {66 vars in 1299 bytes} [Wed May 6 04:23:16 2026] GET /compute/v2.1/flavors/detail => generated 4000 bytes in 33 msecs (HTTP/1.1 200) 9 headers in 360 bytes (1 switches on core 0)
May 06 04:23:16.681522 np0000172170 devstack@n-api.service[99876]: DEBUG nova.api.openstack.wsgi [None req-c68ad346-bbf9-475c-8b15-b9d0ba2aeb33 demo demo] Calling method '>' {{(pid=99876) _process_stack /opt/stack/nova/nova/api/openstack/wsgi.py:551}}
May 06 04:23:16.707082 np0000172170 devstack@n-api.service[99876]: INFO nova.api.openstack.requestlog [None req-c68ad346-bbf9-475c-8b15-b9d0ba2aeb33 demo demo] 199.204.45.57 "GET /compute/v2.1/flavors/detail" status: 200 len: 4000 microversion: 2.15 time: 0.029131
May 06 04:23:16.707333 np0000172170 devstack@n-api.service[99876]: [pid: 99876|app: 0|req: 16/64] 199.204.45.57 () {66 vars in 1299 bytes} [Wed May 6 04:23:16 2026] GET /compute/v2.1/flavors/detail => generated 4000 bytes in 30 msecs (HTTP/1.1 200) 9 headers in 360 bytes (1 switches on core 0)
May 06 04:23:20.830709 np0000172170 devstack@n-api.service[99874]: DEBUG nova.api.openstack.wsgi [None req-977110dd-eba8-4534-ba1e-1a861f7c577a demo demo] Calling method '>' {{(pid=99874) _process_stack /opt/stack/nova/nova/api/openstack/wsgi.py:551}}
May 06 04:23:20.847692 np0000172170 devstack@n-api.service[99874]: INFO nova.api.openstack.requestlog [None req-977110dd-eba8-4534-ba1e-1a861f7c577a demo demo] 199.204.45.57 "GET /compute/v2.1/flavors/detail" status: 200 len: 4000 microversion: 2.15 time: 0.020278
May 06 04:23:20.847928 np0000172170 devstack@n-api.service[99874]: [pid: 99874|app: 0|req: 16/65] 199.204.45.57 () {66 vars in 1299 bytes} [Wed May 6 04:23:20 2026] GET /compute/v2.1/flavors/detail => generated 4000 bytes in 21 msecs (HTTP/1.1 200) 9 headers in 360 bytes (1 switches on core 0)
May 06 04:23:20.859746 np0000172170 devstack@n-api.service[99877]: DEBUG nova.api.openstack.wsgi [None req-7f6219e2-c75b-4e51-baf0-675ccbb0593f demo demo] Calling method '>' {{(pid=99877) _process_stack /opt/stack/nova/nova/api/openstack/wsgi.py:551}}
May 06 04:23:20.877373 np0000172170 devstack@n-api.service[99877]: INFO nova.api.openstack.requestlog [None req-7f6219e2-c75b-4e51-baf0-675ccbb0593f demo demo] 199.204.45.57 "GET /compute/v2.1/flavors/detail" status: 200 len: 4000 microversion: 2.15 time: 0.019856
May 06 04:23:20.877713 np0000172170 devstack@n-api.service[99877]: [pid: 99877|app: 0|req: 18/66] 199.204.45.57 () {66 vars in 1299 bytes} [Wed May 6 04:23:20 2026] GET /compute/v2.1/flavors/detail => generated 4000 bytes in 20 msecs (HTTP/1.1 200) 9 headers in 360 bytes (1 switches on core 0)
May 06 04:23:21.054595 np0000172170 devstack@n-api.service[99875]: DEBUG nova.api.openstack.wsgi [None req-db153ee8-4c5a-4893-abfe-07b9474bceee demo demo] Calling method '>' {{(pid=99875) _process_stack /opt/stack/nova/nova/api/openstack/wsgi.py:551}}
May 06 04:23:21.070616 np0000172170 devstack@n-api.service[99875]: INFO nova.api.openstack.requestlog [None req-db153ee8-4c5a-4893-abfe-07b9474bceee demo demo] 199.204.45.57 "GET /compute/v2.1/flavors/detail" status: 200 len: 4000 microversion: 2.15 time: 0.021528
May 06 04:23:21.070890 np0000172170 devstack@n-api.service[99875]: [pid: 99875|app: 0|req: 17/67] 199.204.45.57 () {66 vars in 1299 bytes} [Wed May 6 04:23:21 2026] GET /compute/v2.1/flavors/detail => generated 4000 bytes in 22 msecs (HTTP/1.1 200) 9 headers in 360 bytes (1 switches on core 0)
May 06 04:23:21.082236 np0000172170 devstack@n-api.service[99876]: DEBUG nova.api.openstack.wsgi [None req-b05e5d9a-2d23-4fdc-bfcd-7a3a92b2d32f demo demo] Calling method '>' {{(pid=99876) _process_stack /opt/stack/nova/nova/api/openstack/wsgi.py:551}}
May 06 04:23:21.103605 np0000172170 devstack@n-api.service[99876]: INFO nova.api.openstack.requestlog [None req-b05e5d9a-2d23-4fdc-bfcd-7a3a92b2d32f demo demo] 199.204.45.57 "GET /compute/v2.1/flavors/detail" status: 200 len: 4000 microversion: 2.15 time: 0.024934
May 06 04:23:21.103844 np0000172170 devstack@n-api.service[99876]: [pid: 99876|app: 0|req: 17/68] 199.204.45.57 () {66 vars in 1299 bytes} [Wed May 6 04:23:21 2026] GET /compute/v2.1/flavors/detail => generated 4000 bytes in 26 msecs (HTTP/1.1 200) 9 headers in 360 bytes (1 switches on core 0)
May 06 04:23:25.237677 np0000172170 devstack@n-api.service[99874]: DEBUG nova.api.openstack.wsgi [None req-75b3f588-68c3-40c0-bd57-c450d8f43cae demo demo] Calling method '>' {{(pid=99874) _process_stack /opt/stack/nova/nova/api/openstack/wsgi.py:551}}
May 06 04:23:25.257753 np0000172170 devstack@n-api.service[99874]: INFO nova.api.openstack.requestlog [None req-75b3f588-68c3-40c0-bd57-c450d8f43cae demo demo] 199.204.45.57 "GET /compute/v2.1/os-server-groups" status: 200 len: 21 microversion: 2.15 time: 0.022207
May 06 04:23:25.257968 np0000172170 devstack@n-api.service[99874]: [pid: 99874|app: 0|req: 17/69] 199.204.45.57 () {66 vars in 1305 bytes} [Wed May 6 04:23:25 2026] GET /compute/v2.1/os-server-groups => generated 21 bytes in 23 msecs (HTTP/1.1 200) 9 headers in 358 bytes (1 switches on core 0)
May 06 04:23:25.272651 np0000172170 devstack@n-api.service[99877]: DEBUG nova.api.openstack.wsgi [None req-d3a22e98-a894-4457-9afa-b4f46e68479b demo demo] Action: 'create', calling method: >, body: {"server_group": {"name": "kube-hkra2", "policies": ["soft-anti-affinity"]}} {{(pid=99877) _process_stack /opt/stack/nova/nova/api/openstack/wsgi.py:549}}
May 06 04:23:25.298469 np0000172170 devstack@n-api.service[99877]: DEBUG nova.quota [None req-d3a22e98-a894-4457-9afa-b4f46e68479b demo demo] Getting quotas for project a8fac9d712704e42ac95f1016dc8e596. Resources: {'server_groups'} {{(pid=99877) _get_quotas /opt/stack/nova/nova/quota.py:392}}
May 06 04:23:25.301051 np0000172170 devstack@n-api.service[99877]: DEBUG nova.quota [None req-d3a22e98-a894-4457-9afa-b4f46e68479b demo demo] Getting quotas for user 0908c225057049f097cb86be73ead1f4 and project a8fac9d712704e42ac95f1016dc8e596. Resources: {'server_groups'} {{(pid=99877) _get_quotas /opt/stack/nova/nova/quota.py:382}}
May 06 04:23:25.351797 np0000172170 devstack@n-api.service[99877]: DEBUG nova.quota [None req-d3a22e98-a894-4457-9afa-b4f46e68479b demo demo] Getting quotas for project a8fac9d712704e42ac95f1016dc8e596. Resources: {'server_groups'} {{(pid=99877) _get_quotas /opt/stack/nova/nova/quota.py:392}}
May 06 04:23:25.353385 np0000172170 devstack@n-api.service[99877]: DEBUG nova.quota [None req-d3a22e98-a894-4457-9afa-b4f46e68479b demo demo] Getting quotas for user 0908c225057049f097cb86be73ead1f4 and project a8fac9d712704e42ac95f1016dc8e596. Resources: {'server_groups'} {{(pid=99877) _get_quotas /opt/stack/nova/nova/quota.py:382}}
May 06 04:23:25.360444 np0000172170 devstack@n-api.service[99877]: INFO nova.api.openstack.requestlog [None req-d3a22e98-a894-4457-9afa-b4f46e68479b demo demo] 199.204.45.57 "POST /compute/v2.1/os-server-groups" status: 200 len: 250 microversion: 2.15 time: 0.091831
May 06 04:23:25.360761 np0000172170 devstack@n-api.service[99877]: [pid: 99877|app: 0|req: 19/70] 199.204.45.57 () {70 vars in 1358 bytes} [Wed May 6 04:23:25 2026] POST /compute/v2.1/os-server-groups => generated 250 bytes in 92 msecs (HTTP/1.1 200) 9 headers in 359 bytes (1 switches on core 0)
May 06 04:23:25.384436 np0000172170 devstack@n-api.service[99875]: DEBUG nova.api.openstack.wsgi [None req-dc6bed8a-5a13-4c10-a7c3-18d075a4f3ec demo demo] Calling method '>' {{(pid=99875) _process_stack /opt/stack/nova/nova/api/openstack/wsgi.py:551}}
May 06 04:23:25.406893 np0000172170 devstack@n-api.service[99875]: INFO nova.api.openstack.requestlog [None req-dc6bed8a-5a13-4c10-a7c3-18d075a4f3ec demo demo] 199.204.45.57 "GET /compute/v2.1/os-server-groups" status: 200 len: 253 microversion: 2.15 time: 0.026761
May 06 04:23:25.407228 np0000172170 devstack@n-api.service[99875]: [pid: 99875|app: 0|req: 18/71] 199.204.45.57 () {66 vars in 1305 bytes} [Wed May 6 04:23:25 2026] GET /compute/v2.1/os-server-groups => generated 253 bytes in 28 msecs (HTTP/1.1 200) 9 headers in 359 bytes (1 switches on core 0)
May 06 04:23:25.423539 np0000172170 devstack@n-api.service[99876]: DEBUG nova.api.openstack.wsgi [None req-36877a6e-5053-4185-b73c-42745f841b5f demo demo] Action: 'create', calling method: >, body: {"server_group": {"name": "kube-hkra2-default-worker", "policies": ["soft-anti-affinity"]}} {{(pid=99876) _process_stack /opt/stack/nova/nova/api/openstack/wsgi.py:549}}
May 06 04:23:25.453999 np0000172170 devstack@n-api.service[99876]: DEBUG nova.quota [None req-36877a6e-5053-4185-b73c-42745f841b5f demo demo] Getting quotas for project a8fac9d712704e42ac95f1016dc8e596. Resources: {'server_groups'} {{(pid=99876) _get_quotas /opt/stack/nova/nova/quota.py:392}}
May 06 04:23:25.457088 np0000172170 devstack@n-api.service[99876]: DEBUG nova.quota [None req-36877a6e-5053-4185-b73c-42745f841b5f demo demo] Getting quotas for user 0908c225057049f097cb86be73ead1f4 and project a8fac9d712704e42ac95f1016dc8e596. Resources: {'server_groups'} {{(pid=99876) _get_quotas /opt/stack/nova/nova/quota.py:382}}
May 06 04:23:25.505557 np0000172170 devstack@n-api.service[99876]: DEBUG nova.quota [None req-36877a6e-5053-4185-b73c-42745f841b5f demo demo] Getting quotas for project a8fac9d712704e42ac95f1016dc8e596. Resources: {'server_groups'} {{(pid=99876) _get_quotas /opt/stack/nova/nova/quota.py:392}}
May 06 04:23:25.507427 np0000172170 devstack@n-api.service[99876]: DEBUG nova.quota [None req-36877a6e-5053-4185-b73c-42745f841b5f demo demo] Getting quotas for user 0908c225057049f097cb86be73ead1f4 and project a8fac9d712704e42ac95f1016dc8e596. Resources: {'server_groups'} {{(pid=99876) _get_quotas /opt/stack/nova/nova/quota.py:382}}
May 06 04:23:25.514494 np0000172170 devstack@n-api.service[99876]: INFO nova.api.openstack.requestlog [None req-36877a6e-5053-4185-b73c-42745f841b5f demo demo] 199.204.45.57 "POST /compute/v2.1/os-server-groups" status: 200 len: 265 microversion: 2.15 time: 0.094820
May 06 04:23:25.514822 np0000172170 devstack@n-api.service[99876]: [pid: 99876|app: 0|req: 18/72] 199.204.45.57 () {70 vars in 1358 bytes} [Wed May 6 04:23:25 2026] POST /compute/v2.1/os-server-groups => generated 265 bytes in 95 msecs (HTTP/1.1 200) 9 headers in 359 bytes (1 switches on core 0)
May 06 04:23:27.573760 np0000172170 devstack@n-api.service[99874]: DEBUG nova.api.openstack.wsgi [None req-9d2c8c03-3b36-4b9e-9991-e2ba8840e7e3 demo demo] Calling method '>' {{(pid=99874) _process_stack /opt/stack/nova/nova/api/openstack/wsgi.py:551}}
May 06 04:23:27.592631 np0000172170 devstack@n-api.service[99874]: INFO nova.api.openstack.requestlog [None req-9d2c8c03-3b36-4b9e-9991-e2ba8840e7e3 demo demo] 199.204.45.57 "GET /compute/v2.1/flavors/detail" status: 200 len: 4000 microversion: 2.15 time: 0.020986
May 06 04:23:27.592876 np0000172170 devstack@n-api.service[99874]: [pid: 99874|app: 0|req: 18/73] 199.204.45.57 () {66 vars in 1299 bytes} [Wed May 6 04:23:27 2026] GET /compute/v2.1/flavors/detail => generated 4000 bytes in 21 msecs (HTTP/1.1 200) 9 headers in 360 bytes (1 switches on core 0)
May 06 04:23:27.605005 np0000172170 devstack@n-api.service[99877]: DEBUG nova.api.openstack.wsgi [None req-c690d8ad-8446-463e-bd75-23de9a96f3c0 demo demo] Calling method '>' {{(pid=99877) _process_stack /opt/stack/nova/nova/api/openstack/wsgi.py:551}}
May 06 04:23:27.622774 np0000172170 devstack@n-api.service[99877]: INFO nova.api.openstack.requestlog [None req-c690d8ad-8446-463e-bd75-23de9a96f3c0 demo demo] 199.204.45.57 "GET /compute/v2.1/flavors/detail" status: 200 len: 4000 microversion: 2.15 time: 0.020879
May 06 04:23:27.623035 np0000172170 devstack@n-api.service[99877]: [pid: 99877|app: 0|req: 20/74] 199.204.45.57 () {66 vars in 1299 bytes} [Wed May 6 04:23:27 2026] GET /compute/v2.1/flavors/detail => generated 4000 bytes in 22 msecs (HTTP/1.1 200) 9 headers in 360 bytes (1 switches on core 0)
May 06 04:23:27.812859 np0000172170 devstack@n-api.service[99875]: DEBUG nova.api.openstack.wsgi [None req-914f913c-6ec2-4597-8100-bebcb7863cc8 demo demo] Calling method '>' {{(pid=99875) _process_stack /opt/stack/nova/nova/api/openstack/wsgi.py:551}}
May 06 04:23:27.831302 np0000172170 devstack@n-api.service[99875]: INFO nova.api.openstack.requestlog [None req-914f913c-6ec2-4597-8100-bebcb7863cc8 demo demo] 199.204.45.57 "GET /compute/v2.1/flavors/detail" status: 200 len: 4000 microversion: 2.15 time: 0.022075
May 06 04:23:27.831550 np0000172170 devstack@n-api.service[99875]: [pid: 99875|app: 0|req: 19/75] 199.204.45.57 () {66 vars in 1299 bytes} [Wed May 6 04:23:27 2026] GET /compute/v2.1/flavors/detail => generated 4000 bytes in 23 msecs (HTTP/1.1 200) 9 headers in 360 bytes (1 switches on core 0)
May 06 04:23:35.356740 np0000172170 devstack@n-api.service[99877]: DEBUG dbcounter [-] [99877] Writing DB stats nova_cell0:SELECT=4 {{(pid=99877) stat_writer /opt/stack/data/venv/lib/python3.12/site-packages/dbcounter.py:115}}
May 06 04:23:35.510368 np0000172170 devstack@n-api.service[99876]: DEBUG dbcounter [-] [99876] Writing DB stats nova_cell0:SELECT=4 {{(pid=99876) stat_writer /opt/stack/data/venv/lib/python3.12/site-packages/dbcounter.py:115}}
May 06 04:23:35.511951 np0000172170 devstack@n-api.service[99876]: DEBUG dbcounter [-] [99876] Writing DB stats nova_api:SELECT=16,nova_api:INSERT=2 {{(pid=99876) stat_writer /opt/stack/data/venv/lib/python3.12/site-packages/dbcounter.py:115}}
May 06 04:23:37.579006 np0000172170 devstack@n-api.service[99874]: DEBUG dbcounter [-] [99874] Writing DB stats nova_api:SELECT=5 {{(pid=99874) stat_writer /opt/stack/data/venv/lib/python3.12/site-packages/dbcounter.py:115}}
May 06 04:23:37.610503 np0000172170 devstack@n-api.service[99877]: DEBUG dbcounter [-] [99877] Writing DB stats nova_api:SELECT=17,nova_api:INSERT=2 {{(pid=99877) stat_writer /opt/stack/data/venv/lib/python3.12/site-packages/dbcounter.py:115}}
May 06 04:23:37.820161 np0000172170 devstack@n-api.service[99875]: DEBUG dbcounter [-] [99875] Writing DB stats nova_api:SELECT=5 {{(pid=99875) stat_writer /opt/stack/data/venv/lib/python3.12/site-packages/dbcounter.py:115}}
May 06 04:23:47.891943 np0000172170 devstack@n-api.service[99876]: DEBUG nova.api.openstack.wsgi [None req-36877a6e-5053-4185-b73c-42745f841b5f demo demo] Calling method '>' {{(pid=99876) _process_stack /opt/stack/nova/nova/api/openstack/wsgi.py:551}}
May 06 04:23:47.897977 np0000172170 devstack@n-api.service[99876]: INFO nova.api.openstack.requestlog [None req-36877a6e-5053-4185-b73c-42745f841b5f demo demo] 172.18.0.2 "GET /compute/v2.1/" status: 200 len: 392 microversion: 2.1 time: 0.006407
May 06 04:23:47.898674 np0000172170 devstack@n-api.service[99876]: [pid: 99876|app: 0|req: 19/76] 199.204.45.57 () {64 vars in 1266 bytes} [Wed May 6 04:23:47 2026] GET /compute/v2.1/ => generated 392 bytes in 7 msecs (HTTP/1.1 200) 9 headers in 357 bytes (1 switches on core 0)
May 06 04:23:47.908608 np0000172170 devstack@n-api.service[99874]: DEBUG nova.api.openstack.wsgi [None req-26e2a4e8-c2e6-4db9-a9f5-a9d6224c78e2 demo demo] Calling method '>' {{(pid=99874) _process_stack /opt/stack/nova/nova/api/openstack/wsgi.py:551}}
May 06 04:23:47.911617 np0000172170 devstack@n-api.service[99874]: DEBUG oslo_concurrency.lockutils [None req-26e2a4e8-c2e6-4db9-a9f5-a9d6224c78e2 demo demo] Acquiring lock "00000000-0000-0000-0000-000000000000" by "nova.context.set_target_cell..get_or_set_cached_cell_and_set_connections" {{(pid=99874) inner /opt/stack/data/venv/lib/python3.12/site-packages/oslo_concurrency/lockutils.py:506}}
May 06 04:23:47.911844 np0000172170 devstack@n-api.service[99874]: DEBUG oslo_concurrency.lockutils [None req-26e2a4e8-c2e6-4db9-a9f5-a9d6224c78e2 demo demo] Lock "00000000-0000-0000-0000-000000000000" acquired by "nova.context.set_target_cell..get_or_set_cached_cell_and_set_connections" :: waited 0.000s {{(pid=99874) inner /opt/stack/data/venv/lib/python3.12/site-packages/oslo_concurrency/lockutils.py:519}}
May 06 04:23:47.912055 np0000172170 devstack@n-api.service[99874]: DEBUG oslo_concurrency.lockutils [None req-26e2a4e8-c2e6-4db9-a9f5-a9d6224c78e2 demo demo] Lock "00000000-0000-0000-0000-000000000000" "released" by "nova.context.set_target_cell..get_or_set_cached_cell_and_set_connections" :: held 0.000s {{(pid=99874) inner /opt/stack/data/venv/lib/python3.12/site-packages/oslo_concurrency/lockutils.py:538}}
May 06 04:23:47.913120 np0000172170 devstack@n-api.service[99874]: DEBUG oslo_concurrency.lockutils [None req-26e2a4e8-c2e6-4db9-a9f5-a9d6224c78e2 demo demo] Acquiring lock "69428adf-4184-42db-b708-e51ed3180a34" by "nova.context.set_target_cell..get_or_set_cached_cell_and_set_connections" {{(pid=99874) inner /opt/stack/data/venv/lib/python3.12/site-packages/oslo_concurrency/lockutils.py:506}}
May 06 04:23:47.913318 np0000172170 devstack@n-api.service[99874]: DEBUG oslo_concurrency.lockutils [None req-26e2a4e8-c2e6-4db9-a9f5-a9d6224c78e2 demo demo] Lock "69428adf-4184-42db-b708-e51ed3180a34" acquired by "nova.context.set_target_cell..get_or_set_cached_cell_and_set_connections" :: waited 0.000s {{(pid=99874) inner /opt/stack/data/venv/lib/python3.12/site-packages/oslo_concurrency/lockutils.py:519}}
May 06 04:23:47.913500 np0000172170 devstack@n-api.service[99874]: DEBUG oslo_concurrency.lockutils [None req-26e2a4e8-c2e6-4db9-a9f5-a9d6224c78e2 demo demo] Lock "69428adf-4184-42db-b708-e51ed3180a34" "released" by "nova.context.set_target_cell..get_or_set_cached_cell_and_set_connections" :: held 0.000s {{(pid=99874) inner /opt/stack/data/venv/lib/python3.12/site-packages/oslo_concurrency/lockutils.py:538}}
May 06 04:23:47.947543 np0000172170 devstack@n-api.service[99874]: INFO nova.api.openstack.requestlog [None req-26e2a4e8-c2e6-4db9-a9f5-a9d6224c78e2 demo demo] 172.18.0.2 "GET /compute/v2.1/os-availability-zone" status: 200 len: 97 microversion: 2.38 time: 0.042161
May 06 04:23:47.948120 np0000172170 devstack@n-api.service[99874]: [pid: 99874|app: 0|req: 19/77] 199.204.45.57 () {68 vars in 1409 bytes} [Wed May 6 04:23:47 2026] GET /compute/v2.1/os-availability-zone => generated 97 bytes in 43 msecs (HTTP/1.1 200) 9 headers in 358 bytes (1 switches on core 0)
May 06 04:23:48.976489 np0000172170 devstack@n-api.service[99877]: DEBUG nova.api.openstack.wsgi [None req-c690d8ad-8446-463e-bd75-23de9a96f3c0 demo demo] Calling method '>' {{(pid=99877) _process_stack /opt/stack/nova/nova/api/openstack/wsgi.py:551}}
May 06 04:23:48.983117 np0000172170 devstack@n-api.service[99877]: INFO nova.api.openstack.requestlog [None req-c690d8ad-8446-463e-bd75-23de9a96f3c0 demo demo] 172.18.0.2 "GET /compute/v2.1/" status: 200 len: 392 microversion: 2.1 time: 0.007334
May 06 04:23:48.983346 np0000172170 devstack@n-api.service[99877]: [pid: 99877|app: 0|req: 21/78] 199.204.45.57 () {64 vars in 1266 bytes} [Wed May 6 04:23:48 2026] GET /compute/v2.1/ => generated 392 bytes in 8 msecs (HTTP/1.1 200) 9 headers in 357 bytes (1 switches on core 0)
May 06 04:23:48.986689 np0000172170 devstack@n-api.service[99875]: DEBUG nova.api.openstack.wsgi [None req-914f913c-6ec2-4597-8100-bebcb7863cc8 demo demo] Calling method '>' {{(pid=99875) _process_stack /opt/stack/nova/nova/api/openstack/wsgi.py:551}}
May 06 04:23:48.990357 np0000172170 devstack@n-api.service[99876]: DEBUG nova.api.openstack.wsgi [None req-c50768a3-195c-43f5-9128-95083e1315cd demo demo] Calling method '>' {{(pid=99876) _process_stack /opt/stack/nova/nova/api/openstack/wsgi.py:551}}
May 06 04:23:48.991820 np0000172170 devstack@n-api.service[99875]: INFO nova.api.openstack.requestlog [None req-914f913c-6ec2-4597-8100-bebcb7863cc8 demo demo] 172.18.0.2 "GET /compute/v2.1/" status: 200 len: 392 microversion: 2.1 time: 0.005935
May 06 04:23:48.992144 np0000172170 devstack@n-api.service[99875]: [pid: 99875|app: 0|req: 20/79] 199.204.45.57 () {64 vars in 1266 bytes} [Wed May 6 04:23:48 2026] GET /compute/v2.1/ => generated 392 bytes in 7 msecs (HTTP/1.1 200) 9 headers in 357 bytes (1 switches on core 0)
May 06 04:23:49.001708 np0000172170 devstack@n-api.service[99874]: DEBUG nova.api.openstack.wsgi [None req-074d327c-432f-4fe8-8c1f-2d9643db46ec demo demo] Calling method '>' {{(pid=99874) _process_stack /opt/stack/nova/nova/api/openstack/wsgi.py:551}}
May 06 04:23:49.005236 np0000172170 devstack@n-api.service[99874]: DEBUG oslo_concurrency.lockutils [None req-074d327c-432f-4fe8-8c1f-2d9643db46ec demo demo] Acquiring lock "00000000-0000-0000-0000-000000000000" by "nova.context.set_target_cell..get_or_set_cached_cell_and_set_connections" {{(pid=99874) inner /opt/stack/data/venv/lib/python3.12/site-packages/oslo_concurrency/lockutils.py:506}}
May 06 04:23:49.005594 np0000172170 devstack@n-api.service[99874]: DEBUG oslo_concurrency.lockutils [None req-074d327c-432f-4fe8-8c1f-2d9643db46ec demo demo] Lock "00000000-0000-0000-0000-000000000000" acquired by "nova.context.set_target_cell..get_or_set_cached_cell_and_set_connections" :: waited 0.000s {{(pid=99874) inner /opt/stack/data/venv/lib/python3.12/site-packages/oslo_concurrency/lockutils.py:519}}
May 06 04:23:49.005882 np0000172170 devstack@n-api.service[99874]: DEBUG oslo_concurrency.lockutils [None req-074d327c-432f-4fe8-8c1f-2d9643db46ec demo demo] Lock "00000000-0000-0000-0000-000000000000" "released" by "nova.context.set_target_cell..get_or_set_cached_cell_and_set_connections" :: held 0.000s {{(pid=99874) inner /opt/stack/data/venv/lib/python3.12/site-packages/oslo_concurrency/lockutils.py:538}}
May 06 04:23:49.007113 np0000172170 devstack@n-api.service[99874]: DEBUG oslo_concurrency.lockutils [None req-074d327c-432f-4fe8-8c1f-2d9643db46ec demo demo] Acquiring lock "69428adf-4184-42db-b708-e51ed3180a34" by "nova.context.set_target_cell..get_or_set_cached_cell_and_set_connections" {{(pid=99874) inner /opt/stack/data/venv/lib/python3.12/site-packages/oslo_concurrency/lockutils.py:506}}
May 06 04:23:49.007424 np0000172170 devstack@n-api.service[99874]: DEBUG oslo_concurrency.lockutils [None req-074d327c-432f-4fe8-8c1f-2d9643db46ec demo demo] Lock "69428adf-4184-42db-b708-e51ed3180a34" acquired by "nova.context.set_target_cell..get_or_set_cached_cell_and_set_connections" :: waited 0.000s {{(pid=99874) inner /opt/stack/data/venv/lib/python3.12/site-packages/oslo_concurrency/lockutils.py:519}}
May 06 04:23:49.007760 np0000172170 devstack@n-api.service[99874]: DEBUG oslo_concurrency.lockutils [None req-074d327c-432f-4fe8-8c1f-2d9643db46ec demo demo] Lock "69428adf-4184-42db-b708-e51ed3180a34" "released" by "nova.context.set_target_cell..get_or_set_cached_cell_and_set_connections" :: held 0.000s {{(pid=99874) inner /opt/stack/data/venv/lib/python3.12/site-packages/oslo_concurrency/lockutils.py:538}}
May 06 04:23:49.013955 np0000172170 devstack@n-api.service[99876]: INFO nova.api.openstack.requestlog [None req-c50768a3-195c-43f5-9128-95083e1315cd demo demo] 172.18.0.2 "GET /compute/v2.1/flavors/detail" status: 200 len: 4000 microversion: 2.38 time: 0.025385
May 06 04:23:49.013955 np0000172170 devstack@n-api.service[99876]: [pid: 99876|app: 0|req: 20/80] 199.204.45.57 () {68 vars in 1391 bytes} [Wed May 6 04:23:48 2026] GET /compute/v2.1/flavors/detail => generated 4000 bytes in 26 msecs (HTTP/1.1 200) 9 headers in 360 bytes (1 switches on core 0)
May 06 04:23:49.029957 np0000172170 devstack@n-api.service[99874]: INFO nova.api.openstack.requestlog [None req-074d327c-432f-4fe8-8c1f-2d9643db46ec demo demo] 172.18.0.2 "GET /compute/v2.1/os-availability-zone" status: 200 len: 97 microversion: 2.38 time: 0.031641
May 06 04:23:49.030274 np0000172170 devstack@n-api.service[99874]: [pid: 99874|app: 0|req: 20/81] 199.204.45.57 () {68 vars in 1409 bytes} [Wed May 6 04:23:48 2026] GET /compute/v2.1/os-availability-zone => generated 97 bytes in 32 msecs (HTTP/1.1 200) 9 headers in 358 bytes (1 switches on core 0)
May 06 04:23:49.771560 np0000172170 devstack@n-api.service[99877]: DEBUG nova.api.openstack.wsgi [None req-c690d8ad-8446-463e-bd75-23de9a96f3c0 demo demo] Calling method '>' {{(pid=99877) _process_stack /opt/stack/nova/nova/api/openstack/wsgi.py:551}}
May 06 04:23:49.772667 np0000172170 devstack@n-api.service[99875]: DEBUG nova.api.openstack.wsgi [None req-914f913c-6ec2-4597-8100-bebcb7863cc8 demo demo] Calling method '>' {{(pid=99875) _process_stack /opt/stack/nova/nova/api/openstack/wsgi.py:551}}
May 06 04:23:49.776290 np0000172170 devstack@n-api.service[99875]: INFO nova.api.openstack.requestlog [None req-914f913c-6ec2-4597-8100-bebcb7863cc8 demo demo] 172.18.0.2 "GET /compute/v2.1/" status: 200 len: 392 microversion: 2.1 time: 0.003936
May 06 04:23:49.776501 np0000172170 devstack@n-api.service[99877]: INFO nova.api.openstack.requestlog [None req-c690d8ad-8446-463e-bd75-23de9a96f3c0 demo demo] 172.18.0.2 "GET /compute/v2.1/" status: 200 len: 392 microversion: 2.1 time: 0.005423
May 06 04:23:49.776578 np0000172170 devstack@n-api.service[99875]: [pid: 99875|app: 0|req: 21/82] 199.204.45.57 () {64 vars in 1266 bytes} [Wed May 6 04:23:49 2026] GET /compute/v2.1/ => generated 392 bytes in 4 msecs (HTTP/1.1 200) 9 headers in 357 bytes (1 switches on core 0)
May 06 04:23:49.776788 np0000172170 devstack@n-api.service[99877]: [pid: 99877|app: 0|req: 22/83] 199.204.45.57 () {64 vars in 1266 bytes} [Wed May 6 04:23:49 2026] GET /compute/v2.1/ => generated 392 bytes in 6 msecs (HTTP/1.1 200) 9 headers in 357 bytes (1 switches on core 0)
May 06 04:23:49.786926 np0000172170 devstack@n-api.service[99876]: DEBUG nova.api.openstack.wsgi [None req-31c94b5c-3b9c-4173-be6f-81505aab3b6a demo demo] Calling method '>' {{(pid=99876) _process_stack /opt/stack/nova/nova/api/openstack/wsgi.py:551}}
May 06 04:23:49.787992 np0000172170 devstack@n-api.service[99874]: DEBUG nova.api.openstack.wsgi [None req-6632dbcc-5496-4ed6-8ec0-afaee87fee88 demo demo] Calling method '>' {{(pid=99874) _process_stack /opt/stack/nova/nova/api/openstack/wsgi.py:551}}
May 06 04:23:49.791843 np0000172170 devstack@n-api.service[99874]: DEBUG oslo_concurrency.lockutils [None req-6632dbcc-5496-4ed6-8ec0-afaee87fee88 demo demo] Acquiring lock "00000000-0000-0000-0000-000000000000" by "nova.context.set_target_cell..get_or_set_cached_cell_and_set_connections" {{(pid=99874) inner /opt/stack/data/venv/lib/python3.12/site-packages/oslo_concurrency/lockutils.py:506}}
May 06 04:23:49.792049 np0000172170 devstack@n-api.service[99874]: DEBUG oslo_concurrency.lockutils [None req-6632dbcc-5496-4ed6-8ec0-afaee87fee88 demo demo] Lock "00000000-0000-0000-0000-000000000000" acquired by "nova.context.set_target_cell..get_or_set_cached_cell_and_set_connections" :: waited 0.000s {{(pid=99874) inner /opt/stack/data/venv/lib/python3.12/site-packages/oslo_concurrency/lockutils.py:519}}
May 06 04:23:49.792227 np0000172170 devstack@n-api.service[99874]: DEBUG oslo_concurrency.lockutils [None req-6632dbcc-5496-4ed6-8ec0-afaee87fee88 demo demo] Lock "00000000-0000-0000-0000-000000000000" "released" by "nova.context.set_target_cell..get_or_set_cached_cell_and_set_connections" :: held 0.000s {{(pid=99874) inner /opt/stack/data/venv/lib/python3.12/site-packages/oslo_concurrency/lockutils.py:538}}
May 06 04:23:49.792582 np0000172170 devstack@n-api.service[99876]: DEBUG nova.policy [None req-31c94b5c-3b9c-4173-be6f-81505aab3b6a demo demo] Policy check for os_compute_api:servers:allow_all_filters failed with credentials {'is_admin': False, 'user_id': '0908c225057049f097cb86be73ead1f4', 'user_domain_id': 'default', 'system_scope': None, 'domain_id': None, 'project_id': 'a8fac9d712704e42ac95f1016dc8e596', 'project_domain_id': 'default', 'roles': ['member', 'reader', 'anotherrole', 'load-balancer_member'], 'is_admin_project': True, 'service_user_id': None, 'service_user_domain_id': None, 'service_project_id': None, 'service_project_domain_id': None, 'service_roles': []} {{(pid=99876) authorize /opt/stack/nova/nova/policy.py:192}}
May 06 04:23:49.792854 np0000172170 devstack@n-api.service[99874]: DEBUG oslo_concurrency.lockutils [None req-6632dbcc-5496-4ed6-8ec0-afaee87fee88 demo demo] Acquiring lock "69428adf-4184-42db-b708-e51ed3180a34" by "nova.context.set_target_cell..get_or_set_cached_cell_and_set_connections" {{(pid=99874) inner /opt/stack/data/venv/lib/python3.12/site-packages/oslo_concurrency/lockutils.py:506}}
May 06 04:23:49.793063 np0000172170 devstack@n-api.service[99874]: DEBUG oslo_concurrency.lockutils [None req-6632dbcc-5496-4ed6-8ec0-afaee87fee88 demo demo] Lock "69428adf-4184-42db-b708-e51ed3180a34" acquired by "nova.context.set_target_cell..get_or_set_cached_cell_and_set_connections" :: waited 0.000s {{(pid=99874) inner /opt/stack/data/venv/lib/python3.12/site-packages/oslo_concurrency/lockutils.py:519}}
May 06 04:23:49.793215 np0000172170 devstack@n-api.service[99876]: DEBUG nova.compute.api [None req-31c94b5c-3b9c-4173-be6f-81505aab3b6a demo demo] Searching by: {'name': '^kube-hkra2-76jdg-g8pnj$', 'deleted': False, 'project_id': 'a8fac9d712704e42ac95f1016dc8e596'} {{(pid=99876) get_all /opt/stack/nova/nova/compute/api.py:3098}}
May 06 04:23:49.793335 np0000172170 devstack@n-api.service[99874]: DEBUG oslo_concurrency.lockutils [None req-6632dbcc-5496-4ed6-8ec0-afaee87fee88 demo demo] Lock "69428adf-4184-42db-b708-e51ed3180a34" "released" by "nova.context.set_target_cell..get_or_set_cached_cell_and_set_connections" :: held 0.000s {{(pid=99874) inner /opt/stack/data/venv/lib/python3.12/site-packages/oslo_concurrency/lockutils.py:538}}
May 06 04:23:49.801338 np0000172170 devstack@n-api.service[99876]: DEBUG oslo_concurrency.lockutils [None req-31c94b5c-3b9c-4173-be6f-81505aab3b6a demo demo] Acquiring lock "00000000-0000-0000-0000-000000000000" by "nova.context.set_target_cell..get_or_set_cached_cell_and_set_connections" {{(pid=99876) inner /opt/stack/data/venv/lib/python3.12/site-packages/oslo_concurrency/lockutils.py:506}}
May 06 04:23:49.801651 np0000172170 devstack@n-api.service[99876]: DEBUG oslo_concurrency.lockutils [None req-31c94b5c-3b9c-4173-be6f-81505aab3b6a demo demo] Lock "00000000-0000-0000-0000-000000000000" acquired by "nova.context.set_target_cell..get_or_set_cached_cell_and_set_connections" :: waited 0.000s {{(pid=99876) inner /opt/stack/data/venv/lib/python3.12/site-packages/oslo_concurrency/lockutils.py:519}}
May 06 04:23:49.801902 np0000172170 devstack@n-api.service[99876]: DEBUG oslo_concurrency.lockutils [None req-31c94b5c-3b9c-4173-be6f-81505aab3b6a demo demo] Lock "00000000-0000-0000-0000-000000000000" "released" by "nova.context.set_target_cell..get_or_set_cached_cell_and_set_connections" :: held 0.000s {{(pid=99876) inner /opt/stack/data/venv/lib/python3.12/site-packages/oslo_concurrency/lockutils.py:538}}
May 06 04:23:49.802976 np0000172170 devstack@n-api.service[99876]: DEBUG oslo_concurrency.lockutils [None req-31c94b5c-3b9c-4173-be6f-81505aab3b6a demo demo] Acquiring lock "69428adf-4184-42db-b708-e51ed3180a34" by "nova.context.set_target_cell..get_or_set_cached_cell_and_set_connections" {{(pid=99876) inner /opt/stack/data/venv/lib/python3.12/site-packages/oslo_concurrency/lockutils.py:506}}
May 06 04:23:49.803255 np0000172170 devstack@n-api.service[99876]: DEBUG oslo_concurrency.lockutils [None req-31c94b5c-3b9c-4173-be6f-81505aab3b6a demo demo] Lock "69428adf-4184-42db-b708-e51ed3180a34" acquired by "nova.context.set_target_cell..get_or_set_cached_cell_and_set_connections" :: waited 0.000s {{(pid=99876) inner /opt/stack/data/venv/lib/python3.12/site-packages/oslo_concurrency/lockutils.py:519}}
May 06 04:23:49.803510 np0000172170 devstack@n-api.service[99876]: DEBUG oslo_concurrency.lockutils [None req-31c94b5c-3b9c-4173-be6f-81505aab3b6a demo demo] Lock "69428adf-4184-42db-b708-e51ed3180a34" "released" by "nova.context.set_target_cell..get_or_set_cached_cell_and_set_connections" :: held 0.000s {{(pid=99876) inner /opt/stack/data/venv/lib/python3.12/site-packages/oslo_concurrency/lockutils.py:538}}
May 06 04:23:49.811322 np0000172170 devstack@n-api.service[99874]: INFO nova.api.openstack.requestlog [None req-6632dbcc-5496-4ed6-8ec0-afaee87fee88 demo demo] 172.18.0.2 "GET /compute/v2.1/os-availability-zone" status: 200 len: 97 microversion: 2.38 time: 0.027057
May 06 04:23:49.811800 np0000172170 devstack@n-api.service[99874]: [pid: 99874|app: 0|req: 21/84] 199.204.45.57 () {68 vars in 1409 bytes} [Wed May 6 04:23:49 2026] GET /compute/v2.1/os-availability-zone => generated 97 bytes in 28 msecs (HTTP/1.1 200) 9 headers in 358 bytes (1 switches on core 0)
May 06 04:23:49.871791 np0000172170 devstack@n-api.service[99876]: DEBUG oslo_concurrency.lockutils [None req-31c94b5c-3b9c-4173-be6f-81505aab3b6a demo demo] Acquiring lock "00000000-0000-0000-0000-000000000000" by "nova.context.set_target_cell..get_or_set_cached_cell_and_set_connections" {{(pid=99876) inner /opt/stack/data/venv/lib/python3.12/site-packages/oslo_concurrency/lockutils.py:506}}
May 06 04:23:49.872079 np0000172170 devstack@n-api.service[99876]: DEBUG oslo_concurrency.lockutils [None req-31c94b5c-3b9c-4173-be6f-81505aab3b6a demo demo] Lock "00000000-0000-0000-0000-000000000000" acquired by "nova.context.set_target_cell..get_or_set_cached_cell_and_set_connections" :: waited 0.000s {{(pid=99876) inner /opt/stack/data/venv/lib/python3.12/site-packages/oslo_concurrency/lockutils.py:519}}
May 06 04:23:49.872339 np0000172170 devstack@n-api.service[99876]: DEBUG oslo_concurrency.lockutils [None req-31c94b5c-3b9c-4173-be6f-81505aab3b6a demo demo] Lock "00000000-0000-0000-0000-000000000000" "released" by "nova.context.set_target_cell..get_or_set_cached_cell_and_set_connections" :: held 0.000s {{(pid=99876) inner /opt/stack/data/venv/lib/python3.12/site-packages/oslo_concurrency/lockutils.py:538}}
May 06 04:23:49.872789 np0000172170 devstack@n-api.service[99876]: DEBUG oslo_concurrency.lockutils [None req-31c94b5c-3b9c-4173-be6f-81505aab3b6a demo demo] Acquiring lock "69428adf-4184-42db-b708-e51ed3180a34" by "nova.context.set_target_cell..get_or_set_cached_cell_and_set_connections" {{(pid=99876) inner /opt/stack/data/venv/lib/python3.12/site-packages/oslo_concurrency/lockutils.py:506}}
May 06 04:23:49.873070 np0000172170 devstack@n-api.service[99876]: DEBUG oslo_concurrency.lockutils [None req-31c94b5c-3b9c-4173-be6f-81505aab3b6a demo demo] Lock "69428adf-4184-42db-b708-e51ed3180a34" acquired by "nova.context.set_target_cell..get_or_set_cached_cell_and_set_connections" :: waited 0.000s {{(pid=99876) inner /opt/stack/data/venv/lib/python3.12/site-packages/oslo_concurrency/lockutils.py:519}}
May 06 04:23:49.873328 np0000172170 devstack@n-api.service[99876]: DEBUG oslo_concurrency.lockutils [None req-31c94b5c-3b9c-4173-be6f-81505aab3b6a demo demo] Lock "69428adf-4184-42db-b708-e51ed3180a34" "released" by "nova.context.set_target_cell..get_or_set_cached_cell_and_set_connections" :: held 0.000s {{(pid=99876) inner /opt/stack/data/venv/lib/python3.12/site-packages/oslo_concurrency/lockutils.py:538}}
May 06 04:23:49.875697 np0000172170 devstack@n-api.service[99876]: DEBUG nova.policy [None req-31c94b5c-3b9c-4173-be6f-81505aab3b6a demo demo] Policy check for os_compute_api:os-extended-server-attributes failed with credentials {'is_admin': False, 'user_id': '0908c225057049f097cb86be73ead1f4', 'user_domain_id': 'default', 'system_scope': None, 'domain_id': None, 'project_id': 'a8fac9d712704e42ac95f1016dc8e596', 'project_domain_id': 'default', 'roles': ['member', 'reader', 'anotherrole', 'load-balancer_member'], 'is_admin_project': True, 'service_user_id': None, 'service_user_domain_id': None, 'service_project_id': None, 'service_project_domain_id': None, 'service_roles': []} {{(pid=99876) authorize /opt/stack/nova/nova/policy.py:192}}
May 06 04:23:49.883689 np0000172170 devstack@n-api.service[99876]: DEBUG nova.policy [None req-31c94b5c-3b9c-4173-be6f-81505aab3b6a demo demo] Policy check for os_compute_api:servers:show:host_status failed with credentials {'is_admin': False, 'user_id': '0908c225057049f097cb86be73ead1f4', 'user_domain_id': 'default', 'system_scope': None, 'domain_id': None, 'project_id': 'a8fac9d712704e42ac95f1016dc8e596', 'project_domain_id': 'default', 'roles': ['member', 'reader', 'anotherrole', 'load-balancer_member'], 'is_admin_project': True, 'service_user_id': None, 'service_user_domain_id': None, 'service_project_id': None, 'service_project_domain_id': None, 'service_roles': []} {{(pid=99876) authorize /opt/stack/nova/nova/policy.py:192}}
May 06 04:23:49.884544 np0000172170 devstack@n-api.service[99876]: DEBUG nova.policy [None req-31c94b5c-3b9c-4173-be6f-81505aab3b6a demo demo] Policy check for os_compute_api:servers:show:host_status:unknown-only failed with credentials {'is_admin': False, 'user_id': '0908c225057049f097cb86be73ead1f4', 'user_domain_id': 'default', 'system_scope': None, 'domain_id': None, 'project_id': 'a8fac9d712704e42ac95f1016dc8e596', 'project_domain_id': 'default', 'roles': ['member', 'reader', 'anotherrole', 'load-balancer_member'], 'is_admin_project': True, 'service_user_id': None, 'service_user_domain_id': None, 'service_project_id': None, 'service_project_domain_id': None, 'service_roles': []} {{(pid=99876) authorize /opt/stack/nova/nova/policy.py:192}}
May 06 04:23:49.886836 np0000172170 devstack@n-api.service[99876]: INFO nova.api.openstack.requestlog [None req-31c94b5c-3b9c-4173-be6f-81505aab3b6a demo demo] 172.18.0.2 "GET /compute/v2.1/servers/detail?name=%5Ekube-hkra2-76jdg-g8pnj%24" status: 200 len: 15 microversion: 2.38 time: 0.103746
May 06 04:23:49.887180 np0000172170 devstack@n-api.service[99876]: [pid: 99876|app: 0|req: 21/85] 199.204.45.57 () {68 vars in 1458 bytes} [Wed May 6 04:23:49 2026] GET /compute/v2.1/servers/detail?name=%5Ekube-hkra2-76jdg-g8pnj%24 => generated 15 bytes in 105 msecs (HTTP/1.1 200) 9 headers in 358 bytes (1 switches on core 0)
May 06 04:23:49.898306 np0000172170 devstack@n-api.service[99875]: DEBUG nova.api.openstack.wsgi [None req-914f913c-6ec2-4597-8100-bebcb7863cc8 demo demo] Calling method '>' {{(pid=99875) _process_stack /opt/stack/nova/nova/api/openstack/wsgi.py:551}}
May 06 04:23:49.902476 np0000172170 devstack@n-api.service[99875]: INFO nova.api.openstack.requestlog [None req-914f913c-6ec2-4597-8100-bebcb7863cc8 demo demo] 172.18.0.2 "GET /compute/v2.1/" status: 200 len: 392 microversion: 2.1 time: 0.004504
May 06 04:23:49.902777 np0000172170 devstack@n-api.service[99875]: [pid: 99875|app: 0|req: 22/86] 199.204.45.57 () {64 vars in 1266 bytes} [Wed May 6 04:23:49 2026] GET /compute/v2.1/ => generated 392 bytes in 5 msecs (HTTP/1.1 200) 9 headers in 357 bytes (1 switches on core 0)
