Jul 18 22:24:52.429576 np0000185856 devstack@n-api-meta.service[106606]: DEBUG nova.api.openstack.wsgi_app [None req-e8dddb04-e5ab-465e-9aa7-56c153c9444e None None] oslo_limit.certfile = None {{(pid=106606) log_opt_values /opt/stack/data/venv/lib/python3.12/site-packages/oslo_config/cfg.py:3253}}
Jul 18 22:24:52.429705 np0000185856 devstack@n-api-meta.service[106606]: DEBUG nova.api.openstack.wsgi_app [None req-e8dddb04-e5ab-465e-9aa7-56c153c9444e None None] oslo_limit.collect_timing = False {{(pid=106606) log_opt_values /opt/stack/data/venv/lib/python3.12/site-packages/oslo_config/cfg.py:3253}}
Jul 18 22:24:52.429829 np0000185856 devstack@n-api-meta.service[106606]: DEBUG nova.api.openstack.wsgi_app [None req-e8dddb04-e5ab-465e-9aa7-56c153c9444e None None] oslo_limit.connect_retries = None {{(pid=106606) log_opt_values /opt/stack/data/venv/lib/python3.12/site-packages/oslo_config/cfg.py:3253}}
Jul 18 22:24:52.429953 np0000185856 devstack@n-api-meta.service[106606]: DEBUG nova.api.openstack.wsgi_app [None req-e8dddb04-e5ab-465e-9aa7-56c153c9444e None None] oslo_limit.connect_retry_delay = None {{(pid=106606) log_opt_values /opt/stack/data/venv/lib/python3.12/site-packages/oslo_config/cfg.py:3253}}
Jul 18 22:24:52.430094 np0000185856 devstack@n-api-meta.service[106606]: DEBUG nova.api.openstack.wsgi_app [None req-e8dddb04-e5ab-465e-9aa7-56c153c9444e None None] oslo_limit.endpoint_id = None {{(pid=106606) log_opt_values /opt/stack/data/venv/lib/python3.12/site-packages/oslo_config/cfg.py:3253}}
Jul 18 22:24:52.430231 np0000185856 devstack@n-api-meta.service[106606]: DEBUG nova.api.openstack.wsgi_app [None req-e8dddb04-e5ab-465e-9aa7-56c153c9444e None None] oslo_limit.endpoint_interface = public {{(pid=106606) log_opt_values /opt/stack/data/venv/lib/python3.12/site-packages/oslo_config/cfg.py:3253}}
Jul 18 22:24:52.430356 np0000185856 devstack@n-api-meta.service[106606]: DEBUG nova.api.openstack.wsgi_app [None req-e8dddb04-e5ab-465e-9aa7-56c153c9444e None None] oslo_limit.endpoint_override = None {{(pid=106606) log_opt_values /opt/stack/data/venv/lib/python3.12/site-packages/oslo_config/cfg.py:3253}}
Jul 18 22:24:52.430482 np0000185856 devstack@n-api-meta.service[106606]: DEBUG nova.api.openstack.wsgi_app [None req-e8dddb04-e5ab-465e-9aa7-56c153c9444e None None] oslo_limit.endpoint_region_name = None {{(pid=106606) log_opt_values /opt/stack/data/venv/lib/python3.12/site-packages/oslo_config/cfg.py:3253}}
Jul 18 22:24:52.430607 np0000185856 devstack@n-api-meta.service[106606]: DEBUG nova.api.openstack.wsgi_app [None req-e8dddb04-e5ab-465e-9aa7-56c153c9444e None None] oslo_limit.endpoint_service_name = None {{(pid=106606) log_opt_values /opt/stack/data/venv/lib/python3.12/site-packages/oslo_config/cfg.py:3253}}
Jul 18 22:24:52.430731 np0000185856 devstack@n-api-meta.service[106606]: DEBUG nova.api.openstack.wsgi_app [None req-e8dddb04-e5ab-465e-9aa7-56c153c9444e None None] oslo_limit.endpoint_service_type = None {{(pid=106606) log_opt_values /opt/stack/data/venv/lib/python3.12/site-packages/oslo_config/cfg.py:3253}}
Jul 18 22:24:52.430859 np0000185856 devstack@n-api-meta.service[106606]: DEBUG nova.api.openstack.wsgi_app [None req-e8dddb04-e5ab-465e-9aa7-56c153c9444e None None] oslo_limit.insecure = False {{(pid=106606) log_opt_values /opt/stack/data/venv/lib/python3.12/site-packages/oslo_config/cfg.py:3253}}
Jul 18 22:24:52.430983 np0000185856 devstack@n-api-meta.service[106606]: DEBUG nova.api.openstack.wsgi_app [None req-e8dddb04-e5ab-465e-9aa7-56c153c9444e None None] oslo_limit.keyfile = None {{(pid=106606) log_opt_values /opt/stack/data/venv/lib/python3.12/site-packages/oslo_config/cfg.py:3253}}
Jul 18 22:24:52.431125 np0000185856 devstack@n-api-meta.service[106606]: DEBUG nova.api.openstack.wsgi_app [None req-e8dddb04-e5ab-465e-9aa7-56c153c9444e None None] oslo_limit.max_version = None {{(pid=106606) log_opt_values /opt/stack/data/venv/lib/python3.12/site-packages/oslo_config/cfg.py:3253}}
Jul 18 22:24:52.431251 np0000185856 devstack@n-api-meta.service[106606]: DEBUG nova.api.openstack.wsgi_app [None req-e8dddb04-e5ab-465e-9aa7-56c153c9444e None None] oslo_limit.min_version = None {{(pid=106606) log_opt_values /opt/stack/data/venv/lib/python3.12/site-packages/oslo_config/cfg.py:3253}}
Jul 18 22:24:52.431377 np0000185856 devstack@n-api-meta.service[106606]: DEBUG nova.api.openstack.wsgi_app [None req-e8dddb04-e5ab-465e-9aa7-56c153c9444e None None] oslo_limit.region_name = None {{(pid=106606) log_opt_values /opt/stack/data/venv/lib/python3.12/site-packages/oslo_config/cfg.py:3253}}
Jul 18 22:24:52.431502 np0000185856 devstack@n-api-meta.service[106606]: DEBUG nova.api.openstack.wsgi_app [None req-e8dddb04-e5ab-465e-9aa7-56c153c9444e None None] oslo_limit.retriable_status_codes = None {{(pid=106606) log_opt_values /opt/stack/data/venv/lib/python3.12/site-packages/oslo_config/cfg.py:3253}}
Jul 18 22:24:52.431627 np0000185856 devstack@n-api-meta.service[106606]: DEBUG nova.api.openstack.wsgi_app [None req-e8dddb04-e5ab-465e-9aa7-56c153c9444e None None] oslo_limit.service_name = None {{(pid=106606) log_opt_values /opt/stack/data/venv/lib/python3.12/site-packages/oslo_config/cfg.py:3253}}
Jul 18 22:24:52.431752 np0000185856 devstack@n-api-meta.service[106606]: DEBUG nova.api.openstack.wsgi_app [None req-e8dddb04-e5ab-465e-9aa7-56c153c9444e None None] oslo_limit.service_type = None {{(pid=106606) log_opt_values /opt/stack/data/venv/lib/python3.12/site-packages/oslo_config/cfg.py:3253}}
Jul 18 22:24:52.431879 np0000185856 devstack@n-api-meta.service[106606]: DEBUG nova.api.openstack.wsgi_app [None req-e8dddb04-e5ab-465e-9aa7-56c153c9444e None None] oslo_limit.split_loggers = False {{(pid=106606) log_opt_values /opt/stack/data/venv/lib/python3.12/site-packages/oslo_config/cfg.py:3253}}
Jul 18 22:24:52.432035 np0000185856 devstack@n-api-meta.service[106606]: DEBUG nova.api.openstack.wsgi_app [None req-e8dddb04-e5ab-465e-9aa7-56c153c9444e None None] oslo_limit.status_code_retries = None {{(pid=106606) log_opt_values /opt/stack/data/venv/lib/python3.12/site-packages/oslo_config/cfg.py:3253}}
Jul 18 22:24:52.432172 np0000185856 devstack@n-api-meta.service[106606]: DEBUG nova.api.openstack.wsgi_app [None req-e8dddb04-e5ab-465e-9aa7-56c153c9444e None None] oslo_limit.status_code_retry_delay = None {{(pid=106606) log_opt_values /opt/stack/data/venv/lib/python3.12/site-packages/oslo_config/cfg.py:3253}}
Jul 18 22:24:52.432296 np0000185856 devstack@n-api-meta.service[106606]: DEBUG nova.api.openstack.wsgi_app [None req-e8dddb04-e5ab-465e-9aa7-56c153c9444e None None] oslo_limit.timeout = None {{(pid=106606) log_opt_values /opt/stack/data/venv/lib/python3.12/site-packages/oslo_config/cfg.py:3253}}
Jul 18 22:24:52.432425 np0000185856 devstack@n-api-meta.service[106606]: DEBUG nova.api.openstack.wsgi_app [None req-e8dddb04-e5ab-465e-9aa7-56c153c9444e None None] oslo_limit.valid_interfaces = None {{(pid=106606) log_opt_values /opt/stack/data/venv/lib/python3.12/site-packages/oslo_config/cfg.py:3253}}
Jul 18 22:24:52.432550 np0000185856 devstack@n-api-meta.service[106606]: DEBUG nova.api.openstack.wsgi_app [None req-e8dddb04-e5ab-465e-9aa7-56c153c9444e None None] oslo_limit.version = None {{(pid=106606) log_opt_values /opt/stack/data/venv/lib/python3.12/site-packages/oslo_config/cfg.py:3253}}
Jul 18 22:24:52.432687 np0000185856 devstack@n-api-meta.service[106606]: DEBUG nova.api.openstack.wsgi_app [None req-e8dddb04-e5ab-465e-9aa7-56c153c9444e None None] oslo_messaging_rabbit.amqp_auto_delete = False {{(pid=106606) log_opt_values /opt/stack/data/venv/lib/python3.12/site-packages/oslo_config/cfg.py:3253}}
Jul 18 22:24:52.432814 np0000185856 devstack@n-api-meta.service[106606]: DEBUG nova.api.openstack.wsgi_app [None req-e8dddb04-e5ab-465e-9aa7-56c153c9444e None None] oslo_messaging_rabbit.amqp_durable_queues = False {{(pid=106606) log_opt_values /opt/stack/data/venv/lib/python3.12/site-packages/oslo_config/cfg.py:3253}}
Jul 18 22:24:52.432942 np0000185856 devstack@n-api-meta.service[106606]: DEBUG nova.api.openstack.wsgi_app [None req-e8dddb04-e5ab-465e-9aa7-56c153c9444e None None] oslo_messaging_rabbit.conn_pool_min_size = 2 {{(pid=106606) log_opt_values /opt/stack/data/venv/lib/python3.12/site-packages/oslo_config/cfg.py:3253}}
Jul 18 22:24:52.433090 np0000185856 devstack@n-api-meta.service[106606]: DEBUG nova.api.openstack.wsgi_app [None req-e8dddb04-e5ab-465e-9aa7-56c153c9444e None None] oslo_messaging_rabbit.conn_pool_ttl = 1200 {{(pid=106606) log_opt_values /opt/stack/data/venv/lib/python3.12/site-packages/oslo_config/cfg.py:3253}}
Jul 18 22:24:52.433221 np0000185856 devstack@n-api-meta.service[106606]: DEBUG nova.api.openstack.wsgi_app [None req-e8dddb04-e5ab-465e-9aa7-56c153c9444e None None] oslo_messaging_rabbit.direct_mandatory_flag = True {{(pid=106606) log_opt_values /opt/stack/data/venv/lib/python3.12/site-packages/oslo_config/cfg.py:3253}}
Jul 18 22:24:52.433348 np0000185856 devstack@n-api-meta.service[106606]: DEBUG nova.api.openstack.wsgi_app [None req-e8dddb04-e5ab-465e-9aa7-56c153c9444e None None] oslo_messaging_rabbit.enable_cancel_on_failover = False {{(pid=106606) log_opt_values /opt/stack/data/venv/lib/python3.12/site-packages/oslo_config/cfg.py:3253}}
Jul 18 22:24:52.433475 np0000185856 devstack@n-api-meta.service[106606]: DEBUG nova.api.openstack.wsgi_app [None req-e8dddb04-e5ab-465e-9aa7-56c153c9444e None None] oslo_messaging_rabbit.heartbeat_rate = 3 {{(pid=106606) log_opt_values /opt/stack/data/venv/lib/python3.12/site-packages/oslo_config/cfg.py:3253}}
Jul 18 22:24:52.433605 np0000185856 devstack@n-api-meta.service[106606]: DEBUG nova.api.openstack.wsgi_app [None req-e8dddb04-e5ab-465e-9aa7-56c153c9444e None None] oslo_messaging_rabbit.heartbeat_timeout_threshold = 60 {{(pid=106606) log_opt_values /opt/stack/data/venv/lib/python3.12/site-packages/oslo_config/cfg.py:3253}}
Jul 18 22:24:52.433740 np0000185856 devstack@n-api-meta.service[106606]: DEBUG nova.api.openstack.wsgi_app [None req-e8dddb04-e5ab-465e-9aa7-56c153c9444e None None] oslo_messaging_rabbit.hostname = np0000185856 {{(pid=106606) log_opt_values /opt/stack/data/venv/lib/python3.12/site-packages/oslo_config/cfg.py:3253}}
Jul 18 22:24:52.433867 np0000185856 devstack@n-api-meta.service[106606]: DEBUG nova.api.openstack.wsgi_app [None req-e8dddb04-e5ab-465e-9aa7-56c153c9444e None None] oslo_messaging_rabbit.kombu_compression = None {{(pid=106606) log_opt_values /opt/stack/data/venv/lib/python3.12/site-packages/oslo_config/cfg.py:3253}}
Jul 18 22:24:52.434000 np0000185856 devstack@n-api-meta.service[106606]: DEBUG nova.api.openstack.wsgi_app [None req-e8dddb04-e5ab-465e-9aa7-56c153c9444e None None] oslo_messaging_rabbit.kombu_failover_strategy = round-robin {{(pid=106606) log_opt_values /opt/stack/data/venv/lib/python3.12/site-packages/oslo_config/cfg.py:3253}}
Jul 18 22:24:52.434145 np0000185856 devstack@n-api-meta.service[106606]: DEBUG nova.api.openstack.wsgi_app [None req-e8dddb04-e5ab-465e-9aa7-56c153c9444e None None] oslo_messaging_rabbit.kombu_missing_consumer_retry_timeout = 60 {{(pid=106606) log_opt_values /opt/stack/data/venv/lib/python3.12/site-packages/oslo_config/cfg.py:3253}}
Jul 18 22:24:52.434275 np0000185856 devstack@n-api-meta.service[106606]: DEBUG nova.api.openstack.wsgi_app [None req-e8dddb04-e5ab-465e-9aa7-56c153c9444e None None] oslo_messaging_rabbit.kombu_reconnect_delay = 1.0 {{(pid=106606) log_opt_values /opt/stack/data/venv/lib/python3.12/site-packages/oslo_config/cfg.py:3253}}
Jul 18 22:24:52.434405 np0000185856 devstack@n-api-meta.service[106606]: DEBUG nova.api.openstack.wsgi_app [None req-e8dddb04-e5ab-465e-9aa7-56c153c9444e None None] oslo_messaging_rabbit.kombu_reconnect_splay = 0.0 {{(pid=106606) log_opt_values /opt/stack/data/venv/lib/python3.12/site-packages/oslo_config/cfg.py:3253}}
Jul 18 22:24:52.434543 np0000185856 devstack@n-api-meta.service[106606]: DEBUG nova.api.openstack.wsgi_app [None req-e8dddb04-e5ab-465e-9aa7-56c153c9444e None None] oslo_messaging_rabbit.processname = uwsgi {{(pid=106606) log_opt_values /opt/stack/data/venv/lib/python3.12/site-packages/oslo_config/cfg.py:3253}}
Jul 18 22:24:52.434671 np0000185856 devstack@n-api-meta.service[106606]: DEBUG nova.api.openstack.wsgi_app [None req-e8dddb04-e5ab-465e-9aa7-56c153c9444e None None] oslo_messaging_rabbit.rabbit_ha_queues = False {{(pid=106606) log_opt_values /opt/stack/data/venv/lib/python3.12/site-packages/oslo_config/cfg.py:3253}}
Jul 18 22:24:52.434799 np0000185856 devstack@n-api-meta.service[106606]: DEBUG nova.api.openstack.wsgi_app [None req-e8dddb04-e5ab-465e-9aa7-56c153c9444e None None] oslo_messaging_rabbit.rabbit_interval_max = 30 {{(pid=106606) log_opt_values /opt/stack/data/venv/lib/python3.12/site-packages/oslo_config/cfg.py:3253}}
Jul 18 22:24:52.434932 np0000185856 devstack@n-api-meta.service[106606]: DEBUG nova.api.openstack.wsgi_app [None req-e8dddb04-e5ab-465e-9aa7-56c153c9444e None None] oslo_messaging_rabbit.rabbit_login_method = AMQPLAIN {{(pid=106606) log_opt_values /opt/stack/data/venv/lib/python3.12/site-packages/oslo_config/cfg.py:3253}}
Jul 18 22:24:52.435077 np0000185856 devstack@n-api-meta.service[106606]: DEBUG nova.api.openstack.wsgi_app [None req-e8dddb04-e5ab-465e-9aa7-56c153c9444e None None] oslo_messaging_rabbit.rabbit_qos_prefetch_count = 0 {{(pid=106606) log_opt_values /opt/stack/data/venv/lib/python3.12/site-packages/oslo_config/cfg.py:3253}}
Jul 18 22:24:52.435206 np0000185856 devstack@n-api-meta.service[106606]: DEBUG nova.api.openstack.wsgi_app [None req-e8dddb04-e5ab-465e-9aa7-56c153c9444e None None] oslo_messaging_rabbit.rabbit_quorum_delivery_limit = 0 {{(pid=106606) log_opt_values /opt/stack/data/venv/lib/python3.12/site-packages/oslo_config/cfg.py:3253}}
Jul 18 22:24:52.435332 np0000185856 devstack@n-api-meta.service[106606]: DEBUG nova.api.openstack.wsgi_app [None req-e8dddb04-e5ab-465e-9aa7-56c153c9444e None None] oslo_messaging_rabbit.rabbit_quorum_max_memory_bytes = 0 {{(pid=106606) log_opt_values /opt/stack/data/venv/lib/python3.12/site-packages/oslo_config/cfg.py:3253}}
Jul 18 22:24:52.435460 np0000185856 devstack@n-api-meta.service[106606]: DEBUG nova.api.openstack.wsgi_app [None req-e8dddb04-e5ab-465e-9aa7-56c153c9444e None None] oslo_messaging_rabbit.rabbit_quorum_max_memory_length = 0 {{(pid=106606) log_opt_values /opt/stack/data/venv/lib/python3.12/site-packages/oslo_config/cfg.py:3253}}
Jul 18 22:24:52.435586 np0000185856 devstack@n-api-meta.service[106606]: DEBUG nova.api.openstack.wsgi_app [None req-e8dddb04-e5ab-465e-9aa7-56c153c9444e None None] oslo_messaging_rabbit.rabbit_quorum_queue = False {{(pid=106606) log_opt_values /opt/stack/data/venv/lib/python3.12/site-packages/oslo_config/cfg.py:3253}}
Jul 18 22:24:52.435714 np0000185856 devstack@n-api-meta.service[106606]: DEBUG nova.api.openstack.wsgi_app [None req-e8dddb04-e5ab-465e-9aa7-56c153c9444e None None] oslo_messaging_rabbit.rabbit_retry_backoff = 2 {{(pid=106606) log_opt_values /opt/stack/data/venv/lib/python3.12/site-packages/oslo_config/cfg.py:3253}}
Jul 18 22:24:52.435841 np0000185856 devstack@n-api-meta.service[106606]: DEBUG nova.api.openstack.wsgi_app [None req-e8dddb04-e5ab-465e-9aa7-56c153c9444e None None] oslo_messaging_rabbit.rabbit_retry_interval = 1 {{(pid=106606) log_opt_values /opt/stack/data/venv/lib/python3.12/site-packages/oslo_config/cfg.py:3253}}
Jul 18 22:24:52.435968 np0000185856 devstack@n-api-meta.service[106606]: DEBUG nova.api.openstack.wsgi_app [None req-e8dddb04-e5ab-465e-9aa7-56c153c9444e None None] oslo_messaging_rabbit.rabbit_stream_fanout = False {{(pid=106606) log_opt_values /opt/stack/data/venv/lib/python3.12/site-packages/oslo_config/cfg.py:3253}}
Jul 18 22:24:52.436127 np0000185856 devstack@n-api-meta.service[106606]: DEBUG nova.api.openstack.wsgi_app [None req-e8dddb04-e5ab-465e-9aa7-56c153c9444e None None] oslo_messaging_rabbit.rabbit_transient_queues_ttl = 1800 {{(pid=106606) log_opt_values /opt/stack/data/venv/lib/python3.12/site-packages/oslo_config/cfg.py:3253}}
Jul 18 22:24:52.436254 np0000185856 devstack@n-api-meta.service[106606]: DEBUG nova.api.openstack.wsgi_app [None req-e8dddb04-e5ab-465e-9aa7-56c153c9444e None None] oslo_messaging_rabbit.rabbit_transient_quorum_queue = False {{(pid=106606) log_opt_values /opt/stack/data/venv/lib/python3.12/site-packages/oslo_config/cfg.py:3253}}
Jul 18 22:24:52.436377 np0000185856 devstack@n-api-meta.service[106606]: DEBUG nova.api.openstack.wsgi_app [None req-e8dddb04-e5ab-465e-9aa7-56c153c9444e None None] oslo_messaging_rabbit.rpc_conn_pool_size = 30 {{(pid=106606) log_opt_values /opt/stack/data/venv/lib/python3.12/site-packages/oslo_config/cfg.py:3253}}
Jul 18 22:24:52.436509 np0000185856 devstack@n-api-meta.service[106606]: DEBUG nova.api.openstack.wsgi_app [None req-e8dddb04-e5ab-465e-9aa7-56c153c9444e None None] oslo_messaging_rabbit.ssl = False {{(pid=106606) log_opt_values /opt/stack/data/venv/lib/python3.12/site-packages/oslo_config/cfg.py:3253}}
Jul 18 22:24:52.436640 np0000185856 devstack@n-api-meta.service[106606]: DEBUG nova.api.openstack.wsgi_app [None req-e8dddb04-e5ab-465e-9aa7-56c153c9444e None None] oslo_messaging_rabbit.ssl_ca_file = {{(pid=106606) log_opt_values /opt/stack/data/venv/lib/python3.12/site-packages/oslo_config/cfg.py:3253}}
Jul 18 22:24:52.436771 np0000185856 devstack@n-api-meta.service[106606]: DEBUG nova.api.openstack.wsgi_app [None req-e8dddb04-e5ab-465e-9aa7-56c153c9444e None None] oslo_messaging_rabbit.ssl_cert_file = {{(pid=106606) log_opt_values /opt/stack/data/venv/lib/python3.12/site-packages/oslo_config/cfg.py:3253}}
Jul 18 22:24:52.436897 np0000185856 devstack@n-api-meta.service[106606]: DEBUG nova.api.openstack.wsgi_app [None req-e8dddb04-e5ab-465e-9aa7-56c153c9444e None None] oslo_messaging_rabbit.ssl_enforce_fips_mode = False {{(pid=106606) log_opt_values /opt/stack/data/venv/lib/python3.12/site-packages/oslo_config/cfg.py:3253}}
Jul 18 22:24:52.437032 np0000185856 devstack@n-api-meta.service[106606]: DEBUG nova.api.openstack.wsgi_app [None req-e8dddb04-e5ab-465e-9aa7-56c153c9444e None None] oslo_messaging_rabbit.ssl_enforce_hostname_verification = True {{(pid=106606) log_opt_values /opt/stack/data/venv/lib/python3.12/site-packages/oslo_config/cfg.py:3253}}
Jul 18 22:24:52.437172 np0000185856 devstack@n-api-meta.service[106606]: DEBUG nova.api.openstack.wsgi_app [None req-e8dddb04-e5ab-465e-9aa7-56c153c9444e None None] oslo_messaging_rabbit.ssl_key_file = {{(pid=106606) log_opt_values /opt/stack/data/venv/lib/python3.12/site-packages/oslo_config/cfg.py:3253}}
Jul 18 22:24:52.437303 np0000185856 devstack@n-api-meta.service[106606]: DEBUG nova.api.openstack.wsgi_app [None req-e8dddb04-e5ab-465e-9aa7-56c153c9444e None None] oslo_messaging_rabbit.ssl_version = {{(pid=106606) log_opt_values /opt/stack/data/venv/lib/python3.12/site-packages/oslo_config/cfg.py:3253}}
Jul 18 22:24:52.437429 np0000185856 devstack@n-api-meta.service[106606]: DEBUG nova.api.openstack.wsgi_app [None req-e8dddb04-e5ab-465e-9aa7-56c153c9444e None None] oslo_messaging_rabbit.use_queue_manager = False {{(pid=106606) log_opt_values /opt/stack/data/venv/lib/python3.12/site-packages/oslo_config/cfg.py:3253}}
Jul 18 22:24:52.437572 np0000185856 devstack@n-api-meta.service[106606]: DEBUG nova.api.openstack.wsgi_app [None req-e8dddb04-e5ab-465e-9aa7-56c153c9444e None None] oslo_messaging_notifications.driver = ['messagingv2'] {{(pid=106606) log_opt_values /opt/stack/data/venv/lib/python3.12/site-packages/oslo_config/cfg.py:3253}}
Jul 18 22:24:52.437700 np0000185856 devstack@n-api-meta.service[106606]: DEBUG nova.api.openstack.wsgi_app [None req-e8dddb04-e5ab-465e-9aa7-56c153c9444e None None] oslo_messaging_notifications.retry = -1 {{(pid=106606) log_opt_values /opt/stack/data/venv/lib/python3.12/site-packages/oslo_config/cfg.py:3253}}
Jul 18 22:24:52.437839 np0000185856 devstack@n-api-meta.service[106606]: DEBUG nova.api.openstack.wsgi_app [None req-e8dddb04-e5ab-465e-9aa7-56c153c9444e None None] oslo_messaging_notifications.topics = ['notifications'] {{(pid=106606) log_opt_values /opt/stack/data/venv/lib/python3.12/site-packages/oslo_config/cfg.py:3253}}
Jul 18 22:24:52.437973 np0000185856 devstack@n-api-meta.service[106606]: DEBUG nova.api.openstack.wsgi_app [None req-e8dddb04-e5ab-465e-9aa7-56c153c9444e None None] oslo_messaging_notifications.transport_url = **** {{(pid=106606) log_opt_values /opt/stack/data/venv/lib/python3.12/site-packages/oslo_config/cfg.py:3253}}
Jul 18 22:24:52.438119 np0000185856 devstack@n-api-meta.service[106606]: DEBUG nova.api.openstack.wsgi_app [None req-e8dddb04-e5ab-465e-9aa7-56c153c9444e None None] oslo_reports.file_event_handler = None {{(pid=106606) log_opt_values /opt/stack/data/venv/lib/python3.12/site-packages/oslo_config/cfg.py:3253}}
Jul 18 22:24:52.438246 np0000185856 devstack@n-api-meta.service[106606]: DEBUG nova.api.openstack.wsgi_app [None req-e8dddb04-e5ab-465e-9aa7-56c153c9444e None None] oslo_reports.file_event_handler_interval = 1 {{(pid=106606) log_opt_values /opt/stack/data/venv/lib/python3.12/site-packages/oslo_config/cfg.py:3253}}
Jul 18 22:24:52.438370 np0000185856 devstack@n-api-meta.service[106606]: DEBUG nova.api.openstack.wsgi_app [None req-e8dddb04-e5ab-465e-9aa7-56c153c9444e None None] oslo_reports.log_dir = None {{(pid=106606) log_opt_values /opt/stack/data/venv/lib/python3.12/site-packages/oslo_config/cfg.py:3253}}
Jul 18 22:24:52.438471 np0000185856 devstack@n-api-meta.service[106606]: DEBUG nova.api.openstack.wsgi_app [None req-e8dddb04-e5ab-465e-9aa7-56c153c9444e None None] ******************************************************************************** {{(pid=106606) log_opt_values /opt/stack/data/venv/lib/python3.12/site-packages/oslo_config/cfg.py:3260}}
Jul 18 22:24:52.438579 np0000185856 devstack@n-api-meta.service[106606]: WSGI app 0 (mountpoint='') ready in 2 seconds on interpreter 0x7cb8728a4668 pid: 106606 (default app)
Jul 18 22:25:01.804669 np0000185856 devstack@n-api-meta.service[106605]: DEBUG dbcounter [-] [106605] Writing DB stats nova_api:SELECT=1 {{(pid=106605) stat_writer /opt/stack/data/venv/lib/python3.12/site-packages/dbcounter.py:115}}
Jul 18 22:25:01.811952 np0000185856 devstack@n-api-meta.service[106604]: DEBUG dbcounter [-] [106604] Writing DB stats nova_api:SELECT=1 {{(pid=106604) stat_writer /opt/stack/data/venv/lib/python3.12/site-packages/dbcounter.py:115}}
Jul 18 22:25:01.829901 np0000185856 devstack@n-api-meta.service[106603]: DEBUG dbcounter [-] [106603] Writing DB stats nova_api:SELECT=1 {{(pid=106603) stat_writer /opt/stack/data/venv/lib/python3.12/site-packages/dbcounter.py:115}}
Jul 18 22:25:01.975124 np0000185856 devstack@n-api-meta.service[106604]: DEBUG dbcounter [-] [106604] Writing DB stats nova_cell1:SELECT=1 {{(pid=106604) stat_writer /opt/stack/data/venv/lib/python3.12/site-packages/dbcounter.py:115}}
Jul 18 22:25:01.984067 np0000185856 devstack@n-api-meta.service[106605]: DEBUG dbcounter [-] [106605] Writing DB stats nova_cell1:SELECT=1 {{(pid=106605) stat_writer /opt/stack/data/venv/lib/python3.12/site-packages/dbcounter.py:115}}
Jul 18 22:25:01.984233 np0000185856 devstack@n-api-meta.service[106604]: DEBUG dbcounter [-] [106604] Writing DB stats nova_cell0:SELECT=1 {{(pid=106604) stat_writer /opt/stack/data/venv/lib/python3.12/site-packages/dbcounter.py:115}}
Jul 18 22:25:01.985262 np0000185856 devstack@n-api-meta.service[106605]: DEBUG dbcounter [-] [106605] Writing DB stats nova_cell0:SELECT=1 {{(pid=106605) stat_writer /opt/stack/data/venv/lib/python3.12/site-packages/dbcounter.py:115}}
Jul 18 22:25:02.005788 np0000185856 devstack@n-api-meta.service[106603]: DEBUG dbcounter [-] [106603] Writing DB stats nova_cell1:SELECT=1 {{(pid=106603) stat_writer /opt/stack/data/venv/lib/python3.12/site-packages/dbcounter.py:115}}
Jul 18 22:25:02.014571 np0000185856 devstack@n-api-meta.service[106603]: DEBUG dbcounter [-] [106603] Writing DB stats nova_cell0:SELECT=1 {{(pid=106603) stat_writer /opt/stack/data/venv/lib/python3.12/site-packages/dbcounter.py:115}}
Jul 18 22:25:02.037436 np0000185856 devstack@n-api-meta.service[106606]: DEBUG dbcounter [-] [106606] Writing DB stats nova_api:SELECT=1 {{(pid=106606) stat_writer /opt/stack/data/venv/lib/python3.12/site-packages/dbcounter.py:115}}
Jul 18 22:25:02.048158 np0000185856 devstack@n-api-meta.service[106604]: DEBUG dbcounter [-] [106604] Writing DB stats nova_cell0:SELECT=2,nova_cell0:INSERT=1 {{(pid=106604) stat_writer /opt/stack/data/venv/lib/python3.12/site-packages/dbcounter.py:115}}
Jul 18 22:25:02.052057 np0000185856 devstack@n-api-meta.service[106605]: DEBUG dbcounter [-] [106605] Writing DB stats nova_cell0:SELECT=2,nova_cell0:INSERT=1 {{(pid=106605) stat_writer /opt/stack/data/venv/lib/python3.12/site-packages/dbcounter.py:115}}
Jul 18 22:25:02.088772 np0000185856 devstack@n-api-meta.service[106603]: DEBUG dbcounter [-] [106603] Writing DB stats nova_cell0:SELECT=1 {{(pid=106603) stat_writer /opt/stack/data/venv/lib/python3.12/site-packages/dbcounter.py:115}}
Jul 18 22:25:02.235065 np0000185856 devstack@n-api-meta.service[106606]: DEBUG dbcounter [-] [106606] Writing DB stats nova_cell0:SELECT=1 {{(pid=106606) stat_writer /opt/stack/data/venv/lib/python3.12/site-packages/dbcounter.py:115}}
Jul 18 22:25:02.235876 np0000185856 devstack@n-api-meta.service[106606]: DEBUG dbcounter [-] [106606] Writing DB stats nova_cell1:SELECT=1 {{(pid=106606) stat_writer /opt/stack/data/venv/lib/python3.12/site-packages/dbcounter.py:115}}
Jul 18 22:25:02.291144 np0000185856 devstack@n-api-meta.service[106606]: DEBUG dbcounter [-] [106606] Writing DB stats nova_cell0:SELECT=1 {{(pid=106606) stat_writer /opt/stack/data/venv/lib/python3.12/site-packages/dbcounter.py:115}}
Jul 18 22:29:51.843088 np0000185856 devstack@n-api-meta.service[106605]: DEBUG nova.api.metadata.handler [None req-27c0fc15-fcfa-4b7f-ae80-abee8593f7b7 None None] Metadata request headers: {'Host': '199.204.45.74:8775', 'User-Agent': 'python-requests/2.34.2', 'Accept-Encoding': 'gzip, deflate', 'Accept': '*/*', 'Connection': 'keep-alive', 'X-Forwarded-For': '192.168.24.69', 'X-Instance-Id': 'f04f5014-04d6-458e-b91c-4e04b7f07019', 'X-Tenant-Id': '17339cb01d054dab9584a80eaa68e52c', 'X-Instance-Id-Signature': 'fb386cb9821e4137af6ccabe7ef41c09a92001725d4328040dad0c068b4c6da5'} {{(pid=106605) __call__ /opt/stack/nova/nova/api/metadata/handler.py:109}}
Jul 18 22:29:51.855222 np0000185856 devstack@n-api-meta.service[106605]: DEBUG oslo_concurrency.lockutils [None req-84a208be-b896-4703-adab-ae24e8aa152a None None] Acquiring lock "52369ac6-4769-4dd1-aa9c-03ecef481335" by "nova.context.set_target_cell..get_or_set_cached_cell_and_set_connections" {{(pid=106605) inner /opt/stack/data/venv/lib/python3.12/site-packages/oslo_concurrency/lockutils.py:512}}
Jul 18 22:29:51.855425 np0000185856 devstack@n-api-meta.service[106605]: DEBUG oslo_concurrency.lockutils [None req-84a208be-b896-4703-adab-ae24e8aa152a None None] Lock "52369ac6-4769-4dd1-aa9c-03ecef481335" acquired by "nova.context.set_target_cell..get_or_set_cached_cell_and_set_connections" :: waited 0.000s {{(pid=106605) inner /opt/stack/data/venv/lib/python3.12/site-packages/oslo_concurrency/lockutils.py:525}}
Jul 18 22:29:51.855564 np0000185856 devstack@n-api-meta.service[106605]: DEBUG oslo_concurrency.lockutils [None req-84a208be-b896-4703-adab-ae24e8aa152a None None] Lock "52369ac6-4769-4dd1-aa9c-03ecef481335" "released" by "nova.context.set_target_cell..get_or_set_cached_cell_and_set_connections" :: held 0.000s {{(pid=106605) inner /opt/stack/data/venv/lib/python3.12/site-packages/oslo_concurrency/lockutils.py:544}}
Jul 18 22:29:51.920352 np0000185856 devstack@n-api-meta.service[106605]: WARNING neutronclient.v2_0.client [None req-84a208be-b896-4703-adab-ae24e8aa152a None None] The python binding code in neutronclient is deprecated in favor of OpenstackSDK, please use that as this will be removed in a future release.
Jul 18 22:29:52.322938 np0000185856 devstack@n-api-meta.service[106605]: [pid: 106605|app: 0|req: 1/1] 199.204.45.74 () {40 vars in 640 bytes} [Sat Jul 18 22:29:51 2026] GET /openstack => generated 116 bytes in 481 msecs (HTTP/1.1 200) 3 headers in 100 bytes (1 switches on core 0)
Jul 18 22:29:52.337177 np0000185856 devstack@n-api-meta.service[106604]: DEBUG nova.api.metadata.handler [None req-f6a27dab-338b-4374-87df-785c8b92b186 None None] Metadata request headers: {'Host': '199.204.45.74:8775', 'User-Agent': 'python-requests/2.34.2', 'Accept-Encoding': 'gzip, deflate', 'Accept': '*/*', 'Connection': 'keep-alive', 'X-Forwarded-For': '192.168.24.69', 'X-Instance-Id': 'f04f5014-04d6-458e-b91c-4e04b7f07019', 'X-Tenant-Id': '17339cb01d054dab9584a80eaa68e52c', 'X-Instance-Id-Signature': 'fb386cb9821e4137af6ccabe7ef41c09a92001725d4328040dad0c068b4c6da5'} {{(pid=106604) __call__ /opt/stack/nova/nova/api/metadata/handler.py:109}}
Jul 18 22:29:52.342906 np0000185856 devstack@n-api-meta.service[106604]: DEBUG nova.api.metadata.handler [None req-f6a27dab-338b-4374-87df-785c8b92b186 None None] Using cached metadata for instance f04f5014-04d6-458e-b91c-4e04b7f07019 {{(pid=106604) get_metadata_by_instance_id /opt/stack/nova/nova/api/metadata/handler.py:84}}
Jul 18 22:29:52.343429 np0000185856 devstack@n-api-meta.service[106604]: [pid: 106604|app: 0|req: 1/2] 199.204.45.74 () {40 vars in 640 bytes} [Sat Jul 18 22:29:52 2026] GET /openstack => generated 116 bytes in 7 msecs (HTTP/1.1 200) 3 headers in 100 bytes (1 switches on core 0)
Jul 18 22:29:52.353426 np0000185856 devstack@n-api-meta.service[106603]: DEBUG nova.api.metadata.handler [None req-0800f77f-83d2-46f9-9129-0bf202a026db None None] Metadata request headers: {'Host': '199.204.45.74:8775', 'User-Agent': 'python-requests/2.34.2', 'Accept-Encoding': 'gzip, deflate', 'Accept': '*/*', 'Connection': 'keep-alive', 'X-Forwarded-For': '192.168.24.69', 'X-Instance-Id': 'f04f5014-04d6-458e-b91c-4e04b7f07019', 'X-Tenant-Id': '17339cb01d054dab9584a80eaa68e52c', 'X-Instance-Id-Signature': 'fb386cb9821e4137af6ccabe7ef41c09a92001725d4328040dad0c068b4c6da5'} {{(pid=106603) __call__ /opt/stack/nova/nova/api/metadata/handler.py:109}}
Jul 18 22:29:52.357856 np0000185856 devstack@n-api-meta.service[106603]: DEBUG nova.api.metadata.handler [None req-0800f77f-83d2-46f9-9129-0bf202a026db None None] Using cached metadata for instance f04f5014-04d6-458e-b91c-4e04b7f07019 {{(pid=106603) get_metadata_by_instance_id /opt/stack/nova/nova/api/metadata/handler.py:84}}
Jul 18 22:29:52.358496 np0000185856 devstack@n-api-meta.service[106603]: [pid: 106603|app: 0|req: 1/3] 199.204.45.74 () {40 vars in 692 bytes} [Sat Jul 18 22:29:52 2026] GET /openstack/2018-08-27/meta_data.json => generated 946 bytes in 6 msecs (HTTP/1.1 200) 3 headers in 91 bytes (1 switches on core 0)
Jul 18 22:29:52.366942 np0000185856 devstack@n-api-meta.service[106606]: DEBUG nova.api.metadata.handler [None req-e8dddb04-e5ab-465e-9aa7-56c153c9444e None None] Metadata request headers: {'Host': '199.204.45.74:8775', 'User-Agent': 'python-requests/2.34.2', 'Accept-Encoding': 'gzip, deflate', 'Accept': '*/*', 'Connection': 'keep-alive', 'X-Forwarded-For': '192.168.24.69', 'X-Instance-Id': 'f04f5014-04d6-458e-b91c-4e04b7f07019', 'X-Tenant-Id': '17339cb01d054dab9584a80eaa68e52c', 'X-Instance-Id-Signature': 'fb386cb9821e4137af6ccabe7ef41c09a92001725d4328040dad0c068b4c6da5'} {{(pid=106606) __call__ /opt/stack/nova/nova/api/metadata/handler.py:109}}
Jul 18 22:29:52.373088 np0000185856 devstack@n-api-meta.service[106606]: DEBUG nova.api.metadata.handler [None req-e8dddb04-e5ab-465e-9aa7-56c153c9444e None None] Using cached metadata for instance f04f5014-04d6-458e-b91c-4e04b7f07019 {{(pid=106606) get_metadata_by_instance_id /opt/stack/nova/nova/api/metadata/handler.py:84}}
Jul 18 22:29:52.373792 np0000185856 devstack@n-api-meta.service[106606]: [pid: 106606|app: 0|req: 1/4] 199.204.45.74 () {40 vars in 682 bytes} [Sat Jul 18 22:29:52 2026] GET /openstack/2018-08-27/user_data => generated 26374 bytes in 8 msecs (HTTP/1.1 200) 3 headers in 102 bytes (1 switches on core 0)
Jul 18 22:29:52.383464 np0000185856 devstack@n-api-meta.service[106605]: DEBUG nova.api.metadata.handler [None req-84a208be-b896-4703-adab-ae24e8aa152a None None] Metadata request headers: {'Host': '199.204.45.74:8775', 'User-Agent': 'python-requests/2.34.2', 'Accept-Encoding': 'gzip, deflate', 'Accept': '*/*', 'Connection': 'keep-alive', 'X-Forwarded-For': '192.168.24.69', 'X-Instance-Id': 'f04f5014-04d6-458e-b91c-4e04b7f07019', 'X-Tenant-Id': '17339cb01d054dab9584a80eaa68e52c', 'X-Instance-Id-Signature': 'fb386cb9821e4137af6ccabe7ef41c09a92001725d4328040dad0c068b4c6da5'} {{(pid=106605) __call__ /opt/stack/nova/nova/api/metadata/handler.py:109}}
Jul 18 22:29:52.386449 np0000185856 devstack@n-api-meta.service[106605]: DEBUG nova.api.metadata.handler [None req-84a208be-b896-4703-adab-ae24e8aa152a None None] Using cached metadata for instance f04f5014-04d6-458e-b91c-4e04b7f07019 {{(pid=106605) get_metadata_by_instance_id /opt/stack/nova/nova/api/metadata/handler.py:84}}
Jul 18 22:29:52.387194 np0000185856 devstack@n-api-meta.service[106605]: [pid: 106605|app: 0|req: 2/5] 199.204.45.74 () {40 vars in 696 bytes} [Sat Jul 18 22:29:52 2026] GET /openstack/2018-08-27/vendor_data.json => generated 2 bytes in 5 msecs (HTTP/1.1 200) 3 headers in 89 bytes (1 switches on core 0)
Jul 18 22:29:52.394141 np0000185856 devstack@n-api-meta.service[106604]: DEBUG nova.api.metadata.handler [None req-f6a27dab-338b-4374-87df-785c8b92b186 None None] Metadata request headers: {'Host': '199.204.45.74:8775', 'User-Agent': 'python-requests/2.34.2', 'Accept-Encoding': 'gzip, deflate', 'Accept': '*/*', 'Connection': 'keep-alive', 'X-Forwarded-For': '192.168.24.69', 'X-Instance-Id': 'f04f5014-04d6-458e-b91c-4e04b7f07019', 'X-Tenant-Id': '17339cb01d054dab9584a80eaa68e52c', 'X-Instance-Id-Signature': 'fb386cb9821e4137af6ccabe7ef41c09a92001725d4328040dad0c068b4c6da5'} {{(pid=106604) __call__ /opt/stack/nova/nova/api/metadata/handler.py:109}}
Jul 18 22:29:52.397142 np0000185856 devstack@n-api-meta.service[106604]: DEBUG nova.api.metadata.handler [None req-f6a27dab-338b-4374-87df-785c8b92b186 None None] Using cached metadata for instance f04f5014-04d6-458e-b91c-4e04b7f07019 {{(pid=106604) get_metadata_by_instance_id /opt/stack/nova/nova/api/metadata/handler.py:84}}
Jul 18 22:29:52.398794 np0000185856 devstack@n-api-meta.service[106604]: [pid: 106604|app: 0|req: 2/6] 199.204.45.74 () {40 vars in 698 bytes} [Sat Jul 18 22:29:52 2026] GET /openstack/2018-08-27/vendor_data2.json => generated 14 bytes in 5 msecs (HTTP/1.1 200) 3 headers in 90 bytes (1 switches on core 0)
Jul 18 22:29:52.406331 np0000185856 devstack@n-api-meta.service[106603]: DEBUG nova.api.metadata.handler [None req-0800f77f-83d2-46f9-9129-0bf202a026db None None] Metadata request headers: {'Host': '199.204.45.74:8775', 'User-Agent': 'python-requests/2.34.2', 'Accept-Encoding': 'gzip, deflate', 'Accept': '*/*', 'Connection': 'keep-alive', 'X-Forwarded-For': '192.168.24.69', 'X-Instance-Id': 'f04f5014-04d6-458e-b91c-4e04b7f07019', 'X-Tenant-Id': '17339cb01d054dab9584a80eaa68e52c', 'X-Instance-Id-Signature': 'fb386cb9821e4137af6ccabe7ef41c09a92001725d4328040dad0c068b4c6da5'} {{(pid=106603) __call__ /opt/stack/nova/nova/api/metadata/handler.py:109}}
Jul 18 22:29:52.408299 np0000185856 devstack@n-api-meta.service[106603]: DEBUG nova.api.metadata.handler [None req-0800f77f-83d2-46f9-9129-0bf202a026db None None] Using cached metadata for instance f04f5014-04d6-458e-b91c-4e04b7f07019 {{(pid=106603) get_metadata_by_instance_id /opt/stack/nova/nova/api/metadata/handler.py:84}}
Jul 18 22:29:52.408704 np0000185856 devstack@n-api-meta.service[106603]: [pid: 106603|app: 0|req: 2/7] 199.204.45.74 () {40 vars in 698 bytes} [Sat Jul 18 22:29:52 2026] GET /openstack/2018-08-27/network_data.json => generated 348 bytes in 3 msecs (HTTP/1.1 200) 3 headers in 100 bytes (1 switches on core 0)
Jul 18 22:29:52.416363 np0000185856 devstack@n-api-meta.service[106606]: DEBUG nova.api.metadata.handler [None req-e8dddb04-e5ab-465e-9aa7-56c153c9444e None None] Metadata request headers: {'Host': '199.204.45.74:8775', 'User-Agent': 'python-requests/2.34.2', 'Accept-Encoding': 'gzip, deflate', 'Accept': '*/*', 'Connection': 'keep-alive', 'X-Forwarded-For': '192.168.24.69', 'X-Instance-Id': 'f04f5014-04d6-458e-b91c-4e04b7f07019', 'X-Tenant-Id': '17339cb01d054dab9584a80eaa68e52c', 'X-Instance-Id-Signature': 'fb386cb9821e4137af6ccabe7ef41c09a92001725d4328040dad0c068b4c6da5'} {{(pid=106606) __call__ /opt/stack/nova/nova/api/metadata/handler.py:109}}
Jul 18 22:29:52.419556 np0000185856 devstack@n-api-meta.service[106606]: DEBUG nova.api.metadata.handler [None req-e8dddb04-e5ab-465e-9aa7-56c153c9444e None None] Using cached metadata for instance f04f5014-04d6-458e-b91c-4e04b7f07019 {{(pid=106606) get_metadata_by_instance_id /opt/stack/nova/nova/api/metadata/handler.py:84}}
Jul 18 22:29:52.420491 np0000185856 devstack@n-api-meta.service[106606]: [pid: 106606|app: 0|req: 2/8] 199.204.45.74 () {40 vars in 656 bytes} [Sat Jul 18 22:29:52 2026] GET /latest/meta-data/ => generated 210 bytes in 5 msecs (HTTP/1.1 200) 3 headers in 100 bytes (1 switches on core 0)
Jul 18 22:29:52.426773 np0000185856 devstack@n-api-meta.service[106605]: DEBUG nova.api.metadata.handler [None req-84a208be-b896-4703-adab-ae24e8aa152a None None] Metadata request headers: {'Host': '199.204.45.74:8775', 'User-Agent': 'python-requests/2.34.2', 'Accept-Encoding': 'gzip, deflate', 'Accept': '*/*', 'Connection': 'keep-alive', 'X-Forwarded-For': '192.168.24.69', 'X-Instance-Id': 'f04f5014-04d6-458e-b91c-4e04b7f07019', 'X-Tenant-Id': '17339cb01d054dab9584a80eaa68e52c', 'X-Instance-Id-Signature': 'fb386cb9821e4137af6ccabe7ef41c09a92001725d4328040dad0c068b4c6da5'} {{(pid=106605) __call__ /opt/stack/nova/nova/api/metadata/handler.py:109}}
Jul 18 22:29:52.429239 np0000185856 devstack@n-api-meta.service[106605]: DEBUG nova.api.metadata.handler [None req-84a208be-b896-4703-adab-ae24e8aa152a None None] Using cached metadata for instance f04f5014-04d6-458e-b91c-4e04b7f07019 {{(pid=106605) get_metadata_by_instance_id /opt/stack/nova/nova/api/metadata/handler.py:84}}
Jul 18 22:29:52.429794 np0000185856 devstack@n-api-meta.service[106605]: [pid: 106605|app: 0|req: 3/9] 199.204.45.74 () {40 vars in 698 bytes} [Sat Jul 18 22:29:52 2026] GET /latest/meta-data/block-device-mapping/ => generated 8 bytes in 4 msecs (HTTP/1.1 200) 3 headers in 98 bytes (1 switches on core 0)
Jul 18 22:29:52.438288 np0000185856 devstack@n-api-meta.service[106604]: DEBUG nova.api.metadata.handler [None req-f6a27dab-338b-4374-87df-785c8b92b186 None None] Metadata request headers: {'Host': '199.204.45.74:8775', 'User-Agent': 'python-requests/2.34.2', 'Accept-Encoding': 'gzip, deflate', 'Accept': '*/*', 'Connection': 'keep-alive', 'X-Forwarded-For': '192.168.24.69', 'X-Instance-Id': 'f04f5014-04d6-458e-b91c-4e04b7f07019', 'X-Tenant-Id': '17339cb01d054dab9584a80eaa68e52c', 'X-Instance-Id-Signature': 'fb386cb9821e4137af6ccabe7ef41c09a92001725d4328040dad0c068b4c6da5'} {{(pid=106604) __call__ /opt/stack/nova/nova/api/metadata/handler.py:109}}
Jul 18 22:29:52.441673 np0000185856 devstack@n-api-meta.service[106604]: DEBUG nova.api.metadata.handler [None req-f6a27dab-338b-4374-87df-785c8b92b186 None None] Using cached metadata for instance f04f5014-04d6-458e-b91c-4e04b7f07019 {{(pid=106604) get_metadata_by_instance_id /opt/stack/nova/nova/api/metadata/handler.py:84}}
Jul 18 22:29:52.442796 np0000185856 devstack@n-api-meta.service[106604]: [pid: 106604|app: 0|req: 3/10] 199.204.45.74 () {40 vars in 704 bytes} [Sat Jul 18 22:29:52 2026] GET /latest/meta-data/block-device-mapping/ami => generated 3 bytes in 5 msecs (HTTP/1.1 200) 3 headers in 98 bytes (1 switches on core 0)
Jul 18 22:29:52.450629 np0000185856 devstack@n-api-meta.service[106603]: DEBUG nova.api.metadata.handler [None req-0800f77f-83d2-46f9-9129-0bf202a026db None None] Metadata request headers: {'Host': '199.204.45.74:8775', 'User-Agent': 'python-requests/2.34.2', 'Accept-Encoding': 'gzip, deflate', 'Accept': '*/*', 'Connection': 'keep-alive', 'X-Forwarded-For': '192.168.24.69', 'X-Instance-Id': 'f04f5014-04d6-458e-b91c-4e04b7f07019', 'X-Tenant-Id': '17339cb01d054dab9584a80eaa68e52c', 'X-Instance-Id-Signature': 'fb386cb9821e4137af6ccabe7ef41c09a92001725d4328040dad0c068b4c6da5'} {{(pid=106603) __call__ /opt/stack/nova/nova/api/metadata/handler.py:109}}
Jul 18 22:29:52.453531 np0000185856 devstack@n-api-meta.service[106603]: DEBUG nova.api.metadata.handler [None req-0800f77f-83d2-46f9-9129-0bf202a026db None None] Using cached metadata for instance f04f5014-04d6-458e-b91c-4e04b7f07019 {{(pid=106603) get_metadata_by_instance_id /opt/stack/nova/nova/api/metadata/handler.py:84}}
Jul 18 22:29:52.454954 np0000185856 devstack@n-api-meta.service[106603]: [pid: 106603|app: 0|req: 3/11] 199.204.45.74 () {40 vars in 706 bytes} [Sat Jul 18 22:29:52 2026] GET /latest/meta-data/block-device-mapping/root => generated 8 bytes in 4 msecs (HTTP/1.1 200) 3 headers in 98 bytes (1 switches on core 0)
Jul 18 22:29:52.462728 np0000185856 devstack@n-api-meta.service[106606]: DEBUG nova.api.metadata.handler [None req-e8dddb04-e5ab-465e-9aa7-56c153c9444e None None] Metadata request headers: {'Host': '199.204.45.74:8775', 'User-Agent': 'python-requests/2.34.2', 'Accept-Encoding': 'gzip, deflate', 'Accept': '*/*', 'Connection': 'keep-alive', 'X-Forwarded-For': '192.168.24.69', 'X-Instance-Id': 'f04f5014-04d6-458e-b91c-4e04b7f07019', 'X-Tenant-Id': '17339cb01d054dab9584a80eaa68e52c', 'X-Instance-Id-Signature': 'fb386cb9821e4137af6ccabe7ef41c09a92001725d4328040dad0c068b4c6da5'} {{(pid=106606) __call__ /opt/stack/nova/nova/api/metadata/handler.py:109}}
Jul 18 22:29:52.464621 np0000185856 devstack@n-api-meta.service[106606]: DEBUG nova.api.metadata.handler [None req-e8dddb04-e5ab-465e-9aa7-56c153c9444e None None] Using cached metadata for instance f04f5014-04d6-458e-b91c-4e04b7f07019 {{(pid=106606) get_metadata_by_instance_id /opt/stack/nova/nova/api/metadata/handler.py:84}}
Jul 18 22:29:52.465100 np0000185856 devstack@n-api-meta.service[106606]: [pid: 106606|app: 0|req: 3/12] 199.204.45.74 () {40 vars in 676 bytes} [Sat Jul 18 22:29:52 2026] GET /latest/meta-data/placement/ => generated 17 bytes in 3 msecs (HTTP/1.1 200) 3 headers in 99 bytes (1 switches on core 0)
Jul 18 22:29:52.474702 np0000185856 devstack@n-api-meta.service[106605]: DEBUG nova.api.metadata.handler [None req-84a208be-b896-4703-adab-ae24e8aa152a None None] Metadata request headers: {'Host': '199.204.45.74:8775', 'User-Agent': 'python-requests/2.34.2', 'Accept-Encoding': 'gzip, deflate', 'Accept': '*/*', 'Connection': 'keep-alive', 'X-Forwarded-For': '192.168.24.69', 'X-Instance-Id': 'f04f5014-04d6-458e-b91c-4e04b7f07019', 'X-Tenant-Id': '17339cb01d054dab9584a80eaa68e52c', 'X-Instance-Id-Signature': 'fb386cb9821e4137af6ccabe7ef41c09a92001725d4328040dad0c068b4c6da5'} {{(pid=106605) __call__ /opt/stack/nova/nova/api/metadata/handler.py:109}}
Jul 18 22:29:52.477392 np0000185856 devstack@n-api-meta.service[106605]: DEBUG nova.api.metadata.handler [None req-84a208be-b896-4703-adab-ae24e8aa152a None None] Using cached metadata for instance f04f5014-04d6-458e-b91c-4e04b7f07019 {{(pid=106605) get_metadata_by_instance_id /opt/stack/nova/nova/api/metadata/handler.py:84}}
Jul 18 22:29:52.478029 np0000185856 devstack@n-api-meta.service[106605]: [pid: 106605|app: 0|req: 4/13] 199.204.45.74 () {40 vars in 710 bytes} [Sat Jul 18 22:29:52 2026] GET /latest/meta-data/placement/availability-zone => generated 4 bytes in 4 msecs (HTTP/1.1 200) 3 headers in 98 bytes (1 switches on core 0)
Jul 18 22:29:52.487172 np0000185856 devstack@n-api-meta.service[106604]: DEBUG nova.api.metadata.handler [None req-f6a27dab-338b-4374-87df-785c8b92b186 None None] Metadata request headers: {'Host': '199.204.45.74:8775', 'User-Agent': 'python-requests/2.34.2', 'Accept-Encoding': 'gzip, deflate', 'Accept': '*/*', 'Connection': 'keep-alive', 'X-Forwarded-For': '192.168.24.69', 'X-Instance-Id': 'f04f5014-04d6-458e-b91c-4e04b7f07019', 'X-Tenant-Id': '17339cb01d054dab9584a80eaa68e52c', 'X-Instance-Id-Signature': 'fb386cb9821e4137af6ccabe7ef41c09a92001725d4328040dad0c068b4c6da5'} {{(pid=106604) __call__ /opt/stack/nova/nova/api/metadata/handler.py:109}}
Jul 18 22:29:52.490608 np0000185856 devstack@n-api-meta.service[106604]: DEBUG nova.api.metadata.handler [None req-f6a27dab-338b-4374-87df-785c8b92b186 None None] Using cached metadata for instance f04f5014-04d6-458e-b91c-4e04b7f07019 {{(pid=106604) get_metadata_by_instance_id /opt/stack/nova/nova/api/metadata/handler.py:84}}
Jul 18 22:29:52.490990 np0000185856 devstack@n-api-meta.service[106604]: [pid: 106604|app: 0|req: 4/14] 199.204.45.74 () {40 vars in 668 bytes} [Sat Jul 18 22:29:52 2026] GET /latest/meta-data/ami-id => generated 12 bytes in 4 msecs (HTTP/1.1 200) 3 headers in 99 bytes (1 switches on core 0)
Jul 18 22:29:52.499716 np0000185856 devstack@n-api-meta.service[106603]: DEBUG nova.api.metadata.handler [None req-0800f77f-83d2-46f9-9129-0bf202a026db None None] Metadata request headers: {'Host': '199.204.45.74:8775', 'User-Agent': 'python-requests/2.34.2', 'Accept-Encoding': 'gzip, deflate', 'Accept': '*/*', 'Connection': 'keep-alive', 'X-Forwarded-For': '192.168.24.69', 'X-Instance-Id': 'f04f5014-04d6-458e-b91c-4e04b7f07019', 'X-Tenant-Id': '17339cb01d054dab9584a80eaa68e52c', 'X-Instance-Id-Signature': 'fb386cb9821e4137af6ccabe7ef41c09a92001725d4328040dad0c068b4c6da5'} {{(pid=106603) __call__ /opt/stack/nova/nova/api/metadata/handler.py:109}}
Jul 18 22:29:52.502797 np0000185856 devstack@n-api-meta.service[106603]: DEBUG nova.api.metadata.handler [None req-0800f77f-83d2-46f9-9129-0bf202a026db None None] Using cached metadata for instance f04f5014-04d6-458e-b91c-4e04b7f07019 {{(pid=106603) get_metadata_by_instance_id /opt/stack/nova/nova/api/metadata/handler.py:84}}
Jul 18 22:29:52.503563 np0000185856 devstack@n-api-meta.service[106603]: [pid: 106603|app: 0|req: 4/15] 199.204.45.74 () {40 vars in 688 bytes} [Sat Jul 18 22:29:52 2026] GET /latest/meta-data/ami-launch-index => generated 1 bytes in 4 msecs (HTTP/1.1 200) 3 headers in 98 bytes (1 switches on core 0)
Jul 18 22:29:52.510441 np0000185856 devstack@n-api-meta.service[106606]: DEBUG nova.api.metadata.handler [None req-e8dddb04-e5ab-465e-9aa7-56c153c9444e None None] Metadata request headers: {'Host': '199.204.45.74:8775', 'User-Agent': 'python-requests/2.34.2', 'Accept-Encoding': 'gzip, deflate', 'Accept': '*/*', 'Connection': 'keep-alive', 'X-Forwarded-For': '192.168.24.69', 'X-Instance-Id': 'f04f5014-04d6-458e-b91c-4e04b7f07019', 'X-Tenant-Id': '17339cb01d054dab9584a80eaa68e52c', 'X-Instance-Id-Signature': 'fb386cb9821e4137af6ccabe7ef41c09a92001725d4328040dad0c068b4c6da5'} {{(pid=106606) __call__ /opt/stack/nova/nova/api/metadata/handler.py:109}}
Jul 18 22:29:52.513409 np0000185856 devstack@n-api-meta.service[106606]: DEBUG nova.api.metadata.handler [None req-e8dddb04-e5ab-465e-9aa7-56c153c9444e None None] Using cached metadata for instance f04f5014-04d6-458e-b91c-4e04b7f07019 {{(pid=106606) get_metadata_by_instance_id /opt/stack/nova/nova/api/metadata/handler.py:84}}
Jul 18 22:29:52.514117 np0000185856 devstack@n-api-meta.service[106606]: [pid: 106606|app: 0|req: 4/16] 199.204.45.74 () {40 vars in 690 bytes} [Sat Jul 18 22:29:52 2026] GET /latest/meta-data/ami-manifest-path => generated 5 bytes in 4 msecs (HTTP/1.1 200) 3 headers in 98 bytes (1 switches on core 0)
Jul 18 22:29:52.523116 np0000185856 devstack@n-api-meta.service[106605]: DEBUG nova.api.metadata.handler [None req-84a208be-b896-4703-adab-ae24e8aa152a None None] Metadata request headers: {'Host': '199.204.45.74:8775', 'User-Agent': 'python-requests/2.34.2', 'Accept-Encoding': 'gzip, deflate', 'Accept': '*/*', 'Connection': 'keep-alive', 'X-Forwarded-For': '192.168.24.69', 'X-Instance-Id': 'f04f5014-04d6-458e-b91c-4e04b7f07019', 'X-Tenant-Id': '17339cb01d054dab9584a80eaa68e52c', 'X-Instance-Id-Signature': 'fb386cb9821e4137af6ccabe7ef41c09a92001725d4328040dad0c068b4c6da5'} {{(pid=106605) __call__ /opt/stack/nova/nova/api/metadata/handler.py:109}}
Jul 18 22:29:52.526711 np0000185856 devstack@n-api-meta.service[106605]: DEBUG nova.api.metadata.handler [None req-84a208be-b896-4703-adab-ae24e8aa152a None None] Using cached metadata for instance f04f5014-04d6-458e-b91c-4e04b7f07019 {{(pid=106605) get_metadata_by_instance_id /opt/stack/nova/nova/api/metadata/handler.py:84}}
Jul 18 22:29:52.527330 np0000185856 devstack@n-api-meta.service[106605]: [pid: 106605|app: 0|req: 5/17] 199.204.45.74 () {40 vars in 672 bytes} [Sat Jul 18 22:29:52 2026] GET /latest/meta-data/hostname => generated 32 bytes in 5 msecs (HTTP/1.1 200) 3 headers in 99 bytes (1 switches on core 0)
Jul 18 22:29:52.535168 np0000185856 devstack@n-api-meta.service[106604]: DEBUG nova.api.metadata.handler [None req-f6a27dab-338b-4374-87df-785c8b92b186 None None] Metadata request headers: {'Host': '199.204.45.74:8775', 'User-Agent': 'python-requests/2.34.2', 'Accept-Encoding': 'gzip, deflate', 'Accept': '*/*', 'Connection': 'keep-alive', 'X-Forwarded-For': '192.168.24.69', 'X-Instance-Id': 'f04f5014-04d6-458e-b91c-4e04b7f07019', 'X-Tenant-Id': '17339cb01d054dab9584a80eaa68e52c', 'X-Instance-Id-Signature': 'fb386cb9821e4137af6ccabe7ef41c09a92001725d4328040dad0c068b4c6da5'} {{(pid=106604) __call__ /opt/stack/nova/nova/api/metadata/handler.py:109}}
Jul 18 22:29:52.538041 np0000185856 devstack@n-api-meta.service[106604]: DEBUG nova.api.metadata.handler [None req-f6a27dab-338b-4374-87df-785c8b92b186 None None] Using cached metadata for instance f04f5014-04d6-458e-b91c-4e04b7f07019 {{(pid=106604) get_metadata_by_instance_id /opt/stack/nova/nova/api/metadata/handler.py:84}}
