Jun 12 10:20:05.079905 np0000179803 devstack@neutron-api.service[103214]: DEBUG oslo_concurrency.processutils [None req-6fe7c8f9-5958-48b4-ac3a-758bf4ee64e5 None None] Running cmd (subprocess): ovsdb-client transact ssl:199.19.213.105:6641 --timeout 180 -p /opt/stack/data/CA/int-ca/private/devstack-cert.key -c /opt/stack/data/CA/int-ca/devstack-cert.crt -C /opt/stack/data/CA/int-ca/ca-chain.pem ["OVN_Northbound", {"op": "wait", "timeout": 0, "table": "Port_Group", "where": [["name", "==", "pvlan_pg_drop"]], "until": "==", "rows": []}, {"op": "insert", "table": "ACL", "row": {"action": "drop", "direction": "to-lport", "match": "outport == @pvlan_pg_drop && ip", "priority": 1010}, "uuid-name": "pvlandroptoport"}, {"op": "insert", "table": "ACL", "row": {"action": "drop", "direction": "from-lport", "match": "inport == @pvlan_pg_drop && ip", "priority": 1010}, "uuid-name": "pvlandropfromport"}, {"op": "insert", "table": "Port_Group", "row": {"name": "pvlan_pg_drop", "acls": ["set", [["named-uuid", "pvlandroptoport"], ["named-uuid", "pvlandropfromport"]]]}}] {{(pid=103214) execute /opt/stack/data/venv/lib/python3.12/site-packages/oslo_concurrency/processutils.py:440}}
Jun 12 10:20:05.124349 np0000179803 devstack@neutron-api.service[103214]: DEBUG oslo_concurrency.processutils [None req-6fe7c8f9-5958-48b4-ac3a-758bf4ee64e5 None None] CMD "ovsdb-client transact ssl:199.19.213.105:6641 --timeout 180 -p /opt/stack/data/CA/int-ca/private/devstack-cert.key -c /opt/stack/data/CA/int-ca/devstack-cert.crt -C /opt/stack/data/CA/int-ca/ca-chain.pem ["OVN_Northbound", {"op": "wait", "timeout": 0, "table": "Port_Group", "where": [["name", "==", "pvlan_pg_drop"]], "until": "==", "rows": []}, {"op": "insert", "table": "ACL", "row": {"action": "drop", "direction": "to-lport", "match": "outport == @pvlan_pg_drop && ip", "priority": 1010}, "uuid-name": "pvlandroptoport"}, {"op": "insert", "table": "ACL", "row": {"action": "drop", "direction": "from-lport", "match": "inport == @pvlan_pg_drop && ip", "priority": 1010}, "uuid-name": "pvlandropfromport"}, {"op": "insert", "table": "Port_Group", "row": {"name": "pvlan_pg_drop", "acls": ["set", [["named-uuid", "pvlandroptoport"], ["named-uuid", "pvlandropfromport"]]]}}]" returned: 0 in 0.043s {{(pid=103214) execute /opt/stack/data/venv/lib/python3.12/site-packages/oslo_concurrency/processutils.py:468}}
Jun 12 10:20:05.129177 np0000179803 devstack@neutron-api.service[103214]: WSGI app 0 (mountpoint='') ready in 8 seconds on interpreter 0x7d40a82a3668 pid: 103214 (default app)
Jun 12 10:20:06.766068 np0000179803 devstack@neutron-api.service[103213]: DEBUG neutron.common.ovn.hash_ring_manager [-] Allow caching, nodes 4>=4 {{(pid=103213) _wait_startup_before_caching /opt/stack/neutron/neutron/common/ovn/hash_ring_manager.py:65}}
Jun 12 10:20:06.766611 np0000179803 devstack@neutron-api.service[103213]: DEBUG neutron.plugins.ml2.drivers.ovn.mech_driver.ovsdb.ovsdb_monitor [-] Hash Ring: Node 92bfe6d6ca4254bdbb906ed218e26003 (host: np0000179803) handling event "update" for row 87bc7077-796b-4c06-b9b3-895e9881a414 (table: Connection) {{(pid=103213) notify /opt/stack/neutron/neutron/plugins/ml2/drivers/ovn/mech_driver/ovsdb/ovsdb_monitor.py:1015}}
Jun 12 10:20:06.768265 np0000179803 devstack@neutron-api.service[103216]: DEBUG neutron.common.ovn.hash_ring_manager [-] Allow caching, nodes 4>=4 {{(pid=103216) _wait_startup_before_caching /opt/stack/neutron/neutron/common/ovn/hash_ring_manager.py:65}}
Jun 12 10:20:06.768509 np0000179803 devstack@neutron-api.service[103216]: DEBUG neutron.plugins.ml2.drivers.ovn.mech_driver.ovsdb.ovsdb_monitor [-] Hash Ring: Node b2e1f565babc5e849c5ef842ea44c815 (host: np0000179803) handling event "update" for row 87bc7077-796b-4c06-b9b3-895e9881a414 (table: Connection) {{(pid=103216) notify /opt/stack/neutron/neutron/plugins/ml2/drivers/ovn/mech_driver/ovsdb/ovsdb_monitor.py:1015}}
Jun 12 10:20:06.769072 np0000179803 devstack@neutron-api.service[103215]: DEBUG neutron.common.ovn.hash_ring_manager [-] Allow caching, nodes 4>=4 {{(pid=103215) _wait_startup_before_caching /opt/stack/neutron/neutron/common/ovn/hash_ring_manager.py:65}}
Jun 12 10:20:09.261286 np0000179803 devstack@neutron-api.service[103213]: DEBUG neutron.plugins.ml2.drivers.ovn.mech_driver.ovsdb.ovsdb_monitor [-] Hash Ring: Node 92bfe6d6ca4254bdbb906ed218e26003 (host: np0000179803) handling event "update" for row 87bc7077-796b-4c06-b9b3-895e9881a414 (table: Connection) {{(pid=103213) notify /opt/stack/neutron/neutron/plugins/ml2/drivers/ovn/mech_driver/ovsdb/ovsdb_monitor.py:1015}}
Jun 12 10:20:09.261975 np0000179803 devstack@neutron-api.service[103216]: DEBUG neutron.plugins.ml2.drivers.ovn.mech_driver.ovsdb.ovsdb_monitor [-] Hash Ring: Node b2e1f565babc5e849c5ef842ea44c815 (host: np0000179803) handling event "update" for row 87bc7077-796b-4c06-b9b3-895e9881a414 (table: Connection) {{(pid=103216) notify /opt/stack/neutron/neutron/plugins/ml2/drivers/ovn/mech_driver/ovsdb/ovsdb_monitor.py:1015}}
Jun 12 10:20:10.794261 np0000179803 devstack@neutron-api.service[103213]: DEBUG neutron.api.wsgi [None req-452fe52b-c5d1-40a0-9a4f-d0addf65fe48 admin admin] Missing Content-Type {{(pid=103213) get_content_type /opt/stack/neutron/neutron/api/wsgi.py:80}}
Jun 12 10:20:10.794888 np0000179803 devstack@neutron-api.service[103213]: DEBUG neutron.api.wsgi [None req-452fe52b-c5d1-40a0-9a4f-d0addf65fe48 admin admin] https://199.19.213.105/networking/v2.0/extensions returned with HTTP 200 {{(pid=103213) __call__ /opt/stack/neutron/neutron/api/wsgi.py:540}}
Jun 12 10:20:10.794992 np0000179803 devstack@neutron-api.service[103213]: [pid: 103213|app: 0|req: 2/2] 199.19.213.105 () {64 vars in 1323 bytes} [Fri Jun 12 10:20:10 2026] GET /networking/v2.0/extensions => generated 15873 bytes in 463 msecs (HTTP/1.1 200) 4 headers in 159 bytes (1 switches on core 0)
Jun 12 10:20:11.185195 np0000179803 devstack@neutron-api.service[103216]: DEBUG neutron.api.v2.base [None req-bf22f4e6-5f41-453e-a13d-d05cc47c75f8 admin admin] Request body: {'subnetpool': {'default_prefixlen': 26, 'prefixes': ['10.1.0.0/20'], 'name': 'shared-default-subnetpool-v4', 'shared': True, 'is_default': True}} {{(pid=103216) prepare_request_body /opt/stack/neutron/neutron/api/v2/base.py:727}}
Jun 12 10:20:11.388995 np0000179803 devstack@neutron-api.service[103216]: DEBUG neutron.policy [None req-bf22f4e6-5f41-453e-a13d-d05cc47c75f8 admin admin] Loaded default policies from ['neutron'] under neutron.policies entry points {{(pid=103216) register_rules /opt/stack/neutron/neutron/policy.py:65}}
Jun 12 10:20:11.547009 np0000179803 devstack@neutron-api.service[103216]: DEBUG neutron_lib.callbacks.manager [None req-bf22f4e6-5f41-453e-a13d-d05cc47c75f8 admin admin] Publish callbacks ['neutron.objects.securitygroup.RbacNeutronDbObjectMixin.validate_rbac_policy_change-2256515038334', 'neutron.objects.address_group.RbacNeutronDbObjectMixin.validate_rbac_policy_change-2256515007679', 'neutron.objects.network.RbacNeutronDbObjectMixin.validate_rbac_policy_change-2256514993439', 'neutron.objects.qos.policy.RbacNeutronDbObjectMixin.validate_rbac_policy_change-2256514997994', 'neutron.objects.subnetpool.RbacNeutronDbObjectMixin.validate_rbac_policy_change-2256514978802', 'neutron.objects.address_scope.RbacNeutronDbObjectMixin.validate_rbac_policy_change-2256514978127', 'neutron.plugins.ml2.plugin.External_net_db_mixin._process_ext_policy_create-1141', 'neutron.plugins.ml2.plugin.NeutronDbPluginV2.validate_network_rbac_policy_change-29891'] for rbac-policy (None), before_create {{(pid=103216) _notify_loop /opt/stack/data/venv/lib/python3.12/site-packages/neutron_lib/callbacks/manager.py:184}}
Jun 12 10:20:11.600136 np0000179803 devstack@neutron-api.service[103216]: DEBUG neutron_lib.callbacks.manager [None req-bf22f4e6-5f41-453e-a13d-d05cc47c75f8 admin admin] Publish callbacks [] for subnetpool (None), before_response {{(pid=103216) _notify_loop /opt/stack/data/venv/lib/python3.12/site-packages/neutron_lib/callbacks/manager.py:184}}
Jun 12 10:20:11.600936 np0000179803 devstack@neutron-api.service[103216]: [pid: 103216|app: 0|req: 1/3] 199.19.213.105 () {68 vars in 1367 bytes} [Fri Jun 12 10:20:11 2026] POST /networking/v2.0/subnetpools => generated 533 bytes in 534 msecs (HTTP/1.1 201) 4 headers in 162 bytes (1 switches on core 0)
Jun 12 10:20:11.947450 np0000179803 devstack@neutron-api.service[103215]: DEBUG neutron.api.v2.base [None req-5871a383-8a58-44bd-912d-45da03357f79 admin admin] Request body: {'subnetpool': {'default_prefixlen': 64, 'prefixes': ['fd8f:bdf1:38fc::/56'], 'name': 'shared-default-subnetpool-v6', 'shared': True, 'is_default': True}} {{(pid=103215) prepare_request_body /opt/stack/neutron/neutron/api/v2/base.py:727}}
Jun 12 10:20:12.133796 np0000179803 devstack@neutron-api.service[103215]: DEBUG neutron.policy [None req-5871a383-8a58-44bd-912d-45da03357f79 admin admin] Loaded default policies from ['neutron'] under neutron.policies entry points {{(pid=103215) register_rules /opt/stack/neutron/neutron/policy.py:65}}
Jun 12 10:20:12.283499 np0000179803 devstack@neutron-api.service[103215]: DEBUG neutron_lib.callbacks.manager [None req-5871a383-8a58-44bd-912d-45da03357f79 admin admin] Publish callbacks ['neutron.objects.securitygroup.RbacNeutronDbObjectMixin.validate_rbac_policy_change-2256514851168', 'neutron.objects.address_group.RbacNeutronDbObjectMixin.validate_rbac_policy_change-2256514894297', 'neutron.objects.network.RbacNeutronDbObjectMixin.validate_rbac_policy_change-2256515029119', 'neutron.objects.qos.policy.RbacNeutronDbObjectMixin.validate_rbac_policy_change-2256515017527', 'neutron.objects.subnetpool.RbacNeutronDbObjectMixin.validate_rbac_policy_change-2256515065568', 'neutron.objects.address_scope.RbacNeutronDbObjectMixin.validate_rbac_policy_change-2256515065261', 'neutron.plugins.ml2.plugin.External_net_db_mixin._process_ext_policy_create-3401238', 'neutron.plugins.ml2.plugin.NeutronDbPluginV2.validate_network_rbac_policy_change-3398086'] for rbac-policy (None), before_create {{(pid=103215) _notify_loop /opt/stack/data/venv/lib/python3.12/site-packages/neutron_lib/callbacks/manager.py:184}}
Jun 12 10:20:12.335697 np0000179803 devstack@neutron-api.service[103215]: DEBUG neutron_lib.callbacks.manager [None req-5871a383-8a58-44bd-912d-45da03357f79 admin admin] Publish callbacks [] for subnetpool (None), before_response {{(pid=103215) _notify_loop /opt/stack/data/venv/lib/python3.12/site-packages/neutron_lib/callbacks/manager.py:184}}
Jun 12 10:20:12.336386 np0000179803 devstack@neutron-api.service[103215]: [pid: 103215|app: 0|req: 1/4] 199.19.213.105 () {68 vars in 1367 bytes} [Fri Jun 12 10:20:11 2026] POST /networking/v2.0/subnetpools => generated 543 bytes in 511 msecs (HTTP/1.1 201) 4 headers in 162 bytes (1 switches on core 0)
Jun 12 10:20:12.755442 np0000179803 devstack@neutron-api.service[103214]: DEBUG neutron.api.v2.base [None req-439290d3-5917-4378-95cf-195b71ba1c08 admin admin] Request body: {'network': {'admin_state_up': True, 'name': 'private'}} {{(pid=103214) prepare_request_body /opt/stack/neutron/neutron/api/v2/base.py:727}}
Jun 12 10:20:12.789279 np0000179803 devstack@neutron-api.service[103214]: DEBUG neutron.pecan_wsgi.hooks.quota_enforcement [None req-439290d3-5917-4378-95cf-195b71ba1c08 admin admin] Made reservation on behalf of 0f7cd3f4838d46cd90d69dfc579edf3e for: {'network': 1} {{(pid=103214) before /opt/stack/neutron/neutron/pecan_wsgi/hooks/quota_enforcement.py:66}}
Jun 12 10:20:12.961166 np0000179803 devstack@neutron-api.service[103214]: DEBUG neutron.policy [None req-439290d3-5917-4378-95cf-195b71ba1c08 admin admin] Loaded default policies from ['neutron'] under neutron.policies entry points {{(pid=103214) register_rules /opt/stack/neutron/neutron/policy.py:65}}
Jun 12 10:20:13.066167 np0000179803 devstack@neutron-api.service[103214]: DEBUG neutron_lib.callbacks.manager [None req-439290d3-5917-4378-95cf-195b71ba1c08 admin admin] Publish callbacks ['neutron.plugins.ml2.plugin.SecurityGroupDbMixin._ensure_default_security_group_handler-3279933'] for network (None), before_create {{(pid=103214) _notify_loop /opt/stack/data/venv/lib/python3.12/site-packages/neutron_lib/callbacks/manager.py:184}}
Jun 12 10:20:13.085666 np0000179803 devstack@neutron-api.service[103214]: DEBUG neutron_lib.callbacks.manager [None req-439290d3-5917-4378-95cf-195b71ba1c08 admin admin] Publish callbacks [] for security_group (None), before_create {{(pid=103214) _notify_loop /opt/stack/data/venv/lib/python3.12/site-packages/neutron_lib/callbacks/manager.py:184}}
Jun 12 10:20:13.209966 np0000179803 devstack@neutron-api.service[103214]: DEBUG neutron_lib.callbacks.manager [None req-439290d3-5917-4378-95cf-195b71ba1c08 admin admin] Publish callbacks ['neutron.plugins.ml2.drivers.ovn.mech_driver.mech_driver.OVNMechanismDriver._create_security_group_precommit-2769901'] for security_group (b0855ee1-12de-4419-a7d3-c29d60646bfd), precommit_create {{(pid=103214) _notify_loop /opt/stack/data/venv/lib/python3.12/site-packages/neutron_lib/callbacks/manager.py:184}}
Jun 12 10:20:13.210316 np0000179803 devstack@neutron-api.service[103214]: DEBUG neutron.db.ovn_revision_numbers_db [None req-439290d3-5917-4378-95cf-195b71ba1c08 admin admin] create_initial_revision uuid=b0855ee1-12de-4419-a7d3-c29d60646bfd, type=security_groups, rev=-1 {{(pid=103214) create_initial_revision /opt/stack/neutron/neutron/db/ovn_revision_numbers_db.py:98}}
Jun 12 10:20:13.213311 np0000179803 devstack@neutron-api.service[103214]: DEBUG neutron.db.ovn_revision_numbers_db [None req-439290d3-5917-4378-95cf-195b71ba1c08 admin admin] create_initial_revision uuid=5c9011cb-d9c4-4611-952a-fd3137132ef2, type=security_group_rules, rev=-1 {{(pid=103214) create_initial_revision /opt/stack/neutron/neutron/db/ovn_revision_numbers_db.py:98}}
Jun 12 10:20:13.214608 np0000179803 devstack@neutron-api.service[103214]: DEBUG neutron.db.ovn_revision_numbers_db [None req-439290d3-5917-4378-95cf-195b71ba1c08 admin admin] create_initial_revision uuid=be024aa4-ab9a-4240-858d-abb18fdf3ec3, type=security_group_rules, rev=-1 {{(pid=103214) create_initial_revision /opt/stack/neutron/neutron/db/ovn_revision_numbers_db.py:98}}
Jun 12 10:20:13.215893 np0000179803 devstack@neutron-api.service[103214]: DEBUG neutron.db.ovn_revision_numbers_db [None req-439290d3-5917-4378-95cf-195b71ba1c08 admin admin] create_initial_revision uuid=e58e7c32-415d-4e52-8fda-a6d2291ae577, type=security_group_rules, rev=-1 {{(pid=103214) create_initial_revision /opt/stack/neutron/neutron/db/ovn_revision_numbers_db.py:98}}
Jun 12 10:20:13.216854 np0000179803 devstack@neutron-api.service[103214]: DEBUG neutron.db.ovn_revision_numbers_db [None req-439290d3-5917-4378-95cf-195b71ba1c08 admin admin] create_initial_revision uuid=f56b4cd0-75a9-409f-872a-aa9922379347, type=security_group_rules, rev=-1 {{(pid=103214) create_initial_revision /opt/stack/neutron/neutron/db/ovn_revision_numbers_db.py:98}}
Jun 12 10:20:13.230214 np0000179803 devstack@neutron-api.service[103214]: DEBUG neutron_lib.callbacks.manager [None req-439290d3-5917-4378-95cf-195b71ba1c08 admin admin] Publish callbacks ['neutron.plugins.ml2.drivers.ovn.mech_driver.mech_driver.OVNMechanismDriver._create_security_group-2769911', 'neutron.plugins.ml2.ovo_rpc._ObjectChangeHandler.handle_event-66057352'] for security_group (b0855ee1-12de-4419-a7d3-c29d60646bfd), after_create {{(pid=103214) _notify_loop /opt/stack/data/venv/lib/python3.12/site-packages/neutron_lib/callbacks/manager.py:184}}
Jun 12 10:20:13.230541 np0000179803 devstack@neutron-api.service[103214]: INFO neutron.plugins.ml2.drivers.ovn.mech_driver.ovsdb.extensions.qos [None req-439290d3-5917-4378-95cf-195b71ba1c08 admin admin] Starting OVNClientQosExtension
Jun 12 10:20:13.230849 np0000179803 devstack@neutron-api.service[103214]: INFO neutron.plugins.ml2.drivers.ovn.mech_driver.ovsdb.extensions.placement [None req-439290d3-5917-4378-95cf-195b71ba1c08 admin admin] Starting OVNClientPlacementExtension
Jun 12 10:20:13.232286 np0000179803 devstack@neutron-api.service[103214]: DEBUG ovsdbapp.backend.ovs_idl.transaction [-] Running txn n=1 command(idx=0): PgAddCommand(_result=None, name=pg_b0855ee1_12de_4419_a7d3_c29d60646bfd, may_exist=False, columns={'acls': [], 'external_ids': {'neutron:security_group_id': 'b0855ee1-12de-4419-a7d3-c29d60646bfd'}}) {{(pid=103214) do_commit /opt/stack/data/venv/lib/python3.12/site-packages/ovsdbapp/backend/ovs_idl/transaction.py:89}}
Jun 12 10:20:13.233878 np0000179803 devstack@neutron-api.service[103214]: DEBUG ovsdbapp.backend.ovs_idl.transaction [-] Running txn n=1 command(idx=1): PgAclAddCommand(_result=None, entity=pg_b0855ee1_12de_4419_a7d3_c29d60646bfd, direction=to-lport, priority=1002, match=outport == @pg_b0855ee1_12de_4419_a7d3_c29d60646bfd && ip6 && ip6.src == $pg_b0855ee1_12de_4419_a7d3_c29d60646bfd_ip6, action=allow-related, log=False, may_exist=True, severity=[], name=[], meter=[], external_ids={'neutron:security_group_rule_id': '5c9011cb-d9c4-4611-952a-fd3137132ef2'}) {{(pid=103214) do_commit /opt/stack/data/venv/lib/python3.12/site-packages/ovsdbapp/backend/ovs_idl/transaction.py:89}}
Jun 12 10:20:13.234418 np0000179803 devstack@neutron-api.service[103214]: DEBUG ovsdbapp.backend.ovs_idl.transaction [-] Running txn n=1 command(idx=2): PgAclAddCommand(_result=None, entity=pg_b0855ee1_12de_4419_a7d3_c29d60646bfd, direction=from-lport, priority=1002, match=inport == @pg_b0855ee1_12de_4419_a7d3_c29d60646bfd && ip4, action=allow-related, log=False, may_exist=True, severity=[], name=[], meter=[], external_ids={'neutron:security_group_rule_id': 'be024aa4-ab9a-4240-858d-abb18fdf3ec3'}) {{(pid=103214) do_commit /opt/stack/data/venv/lib/python3.12/site-packages/ovsdbapp/backend/ovs_idl/transaction.py:89}}
Jun 12 10:20:13.234823 np0000179803 devstack@neutron-api.service[103214]: DEBUG ovsdbapp.backend.ovs_idl.transaction [-] Running txn n=1 command(idx=3): PgAclAddCommand(_result=None, entity=pg_b0855ee1_12de_4419_a7d3_c29d60646bfd, direction=from-lport, priority=1002, match=inport == @pg_b0855ee1_12de_4419_a7d3_c29d60646bfd && ip6, action=allow-related, log=False, may_exist=True, severity=[], name=[], meter=[], external_ids={'neutron:security_group_rule_id': 'e58e7c32-415d-4e52-8fda-a6d2291ae577'}) {{(pid=103214) do_commit /opt/stack/data/venv/lib/python3.12/site-packages/ovsdbapp/backend/ovs_idl/transaction.py:89}}
Jun 12 10:20:13.235461 np0000179803 devstack@neutron-api.service[103214]: DEBUG ovsdbapp.backend.ovs_idl.transaction [-] Running txn n=1 command(idx=4): PgAclAddCommand(_result=None, entity=pg_b0855ee1_12de_4419_a7d3_c29d60646bfd, direction=to-lport, priority=1002, match=outport == @pg_b0855ee1_12de_4419_a7d3_c29d60646bfd && ip4 && ip4.src == $pg_b0855ee1_12de_4419_a7d3_c29d60646bfd_ip4, action=allow-related, log=False, may_exist=True, severity=[], name=[], meter=[], external_ids={'neutron:security_group_rule_id': 'f56b4cd0-75a9-409f-872a-aa9922379347'}) {{(pid=103214) do_commit /opt/stack/data/venv/lib/python3.12/site-packages/ovsdbapp/backend/ovs_idl/transaction.py:89}}
Jun 12 10:20:13.276324 np0000179803 devstack@neutron-api.service[103213]: DEBUG neutron.plugins.ml2.drivers.ovn.mech_driver.ovsdb.ovsdb_monitor [-] Hash Ring: Node 92bfe6d6ca4254bdbb906ed218e26003 (host: np0000179803) handling event "create" for row 36cf594f-4deb-4443-bebe-b304e99ffc4b (table: ACL) {{(pid=103213) notify /opt/stack/neutron/neutron/plugins/ml2/drivers/ovn/mech_driver/ovsdb/ovsdb_monitor.py:1015}}
Jun 12 10:20:13.276324 np0000179803 devstack@neutron-api.service[103213]: DEBUG neutron.plugins.ml2.drivers.ovn.mech_driver.ovsdb.ovsdb_monitor [-] Hash Ring: Node 92bfe6d6ca4254bdbb906ed218e26003 (host: np0000179803) handling event "create" for row 3a1b3810-c2d9-4923-8dd8-3284fb5b9f9f (table: ACL) {{(pid=103213) notify /opt/stack/neutron/neutron/plugins/ml2/drivers/ovn/mech_driver/ovsdb/ovsdb_monitor.py:1015}}
Jun 12 10:20:13.277082 np0000179803 devstack@neutron-api.service[103213]: DEBUG neutron.plugins.ml2.drivers.ovn.mech_driver.ovsdb.ovsdb_monitor [-] Hash Ring: Node 92bfe6d6ca4254bdbb906ed218e26003 (host: np0000179803) handling event "create" for row 84ab2a43-4c62-4056-af61-0973a1c13ce9 (table: ACL) {{(pid=103213) notify /opt/stack/neutron/neutron/plugins/ml2/drivers/ovn/mech_driver/ovsdb/ovsdb_monitor.py:1015}}
Jun 12 10:20:13.277082 np0000179803 devstack@neutron-api.service[103213]: DEBUG neutron.plugins.ml2.drivers.ovn.mech_driver.ovsdb.ovsdb_monitor [-] Hash Ring: Node 92bfe6d6ca4254bdbb906ed218e26003 (host: np0000179803) handling event "create" for row a1a01f2c-3810-44fa-bab1-4dc18588e00f (table: ACL) {{(pid=103213) notify /opt/stack/neutron/neutron/plugins/ml2/drivers/ovn/mech_driver/ovsdb/ovsdb_monitor.py:1015}}
Jun 12 10:20:13.277082 np0000179803 devstack@neutron-api.service[103213]: DEBUG neutron.plugins.ml2.drivers.ovn.mech_driver.ovsdb.ovsdb_monitor [-] Hash Ring: Node 92bfe6d6ca4254bdbb906ed218e26003 (host: np0000179803) handling event "create" for row 52c65c50-a1a5-4680-8e96-4f86025d289f (table: Port_Group) {{(pid=103213) notify /opt/stack/neutron/neutron/plugins/ml2/drivers/ovn/mech_driver/ovsdb/ovsdb_monitor.py:1015}}
Jun 12 10:20:13.277972 np0000179803 devstack@neutron-api.service[103214]: DEBUG neutron.plugins.ml2.drivers.ovn.mech_driver.ovsdb.ovsdb_monitor [-] Hash Ring: Node 2172ba3245cc551483b25bf76989ac1d (host: np0000179803) handling event "create" for row 84ab2a43-4c62-4056-af61-0973a1c13ce9 (table: ACL) {{(pid=103214) notify /opt/stack/neutron/neutron/plugins/ml2/drivers/ovn/mech_driver/ovsdb/ovsdb_monitor.py:1015}}
Jun 12 10:20:13.278789 np0000179803 devstack@neutron-api.service[103216]: DEBUG neutron.plugins.ml2.drivers.ovn.mech_driver.ovsdb.ovsdb_monitor [-] Hash Ring: Node b2e1f565babc5e849c5ef842ea44c815 (host: np0000179803) handling event "create" for row 84ab2a43-4c62-4056-af61-0973a1c13ce9 (table: ACL) {{(pid=103216) notify /opt/stack/neutron/neutron/plugins/ml2/drivers/ovn/mech_driver/ovsdb/ovsdb_monitor.py:1015}}
Jun 12 10:20:13.279102 np0000179803 devstack@neutron-api.service[103216]: DEBUG neutron.plugins.ml2.drivers.ovn.mech_driver.ovsdb.ovsdb_monitor [-] Hash Ring: Node b2e1f565babc5e849c5ef842ea44c815 (host: np0000179803) handling event "create" for row a1a01f2c-3810-44fa-bab1-4dc18588e00f (table: ACL) {{(pid=103216) notify /opt/stack/neutron/neutron/plugins/ml2/drivers/ovn/mech_driver/ovsdb/ovsdb_monitor.py:1015}}
Jun 12 10:20:13.279379 np0000179803 devstack@neutron-api.service[103216]: DEBUG neutron.plugins.ml2.drivers.ovn.mech_driver.ovsdb.ovsdb_monitor [-] Hash Ring: Node b2e1f565babc5e849c5ef842ea44c815 (host: np0000179803) handling event "create" for row 52c65c50-a1a5-4680-8e96-4f86025d289f (table: Port_Group) {{(pid=103216) notify /opt/stack/neutron/neutron/plugins/ml2/drivers/ovn/mech_driver/ovsdb/ovsdb_monitor.py:1015}}
Jun 12 10:20:13.279706 np0000179803 devstack@neutron-api.service[103215]: DEBUG neutron.plugins.ml2.drivers.ovn.mech_driver.ovsdb.ovsdb_monitor [-] Hash Ring: Node 7e2b3efcdf1052d1948034dc2ee8a5d0 (host: np0000179803) handling event "create" for row 3a1b3810-c2d9-4923-8dd8-3284fb5b9f9f (table: ACL) {{(pid=103215) notify /opt/stack/neutron/neutron/plugins/ml2/drivers/ovn/mech_driver/ovsdb/ovsdb_monitor.py:1015}}
Jun 12 10:20:13.311767 np0000179803 devstack@neutron-api.service[103214]: INFO neutron.db.ovn_revision_numbers_db [None req-439290d3-5917-4378-95cf-195b71ba1c08 admin admin] Successfully bumped revision number for resource b0855ee1-12de-4419-a7d3-c29d60646bfd (type: security_groups) to 1
Jun 12 10:20:13.329966 np0000179803 devstack@neutron-api.service[103214]: INFO neutron.db.ovn_revision_numbers_db [None req-439290d3-5917-4378-95cf-195b71ba1c08 admin admin] Successfully bumped revision number for resource 5c9011cb-d9c4-4611-952a-fd3137132ef2 (type: security_group_rules) to 0
Jun 12 10:20:13.344621 np0000179803 devstack@neutron-api.service[103214]: INFO neutron.db.ovn_revision_numbers_db [None req-439290d3-5917-4378-95cf-195b71ba1c08 admin admin] Successfully bumped revision number for resource be024aa4-ab9a-4240-858d-abb18fdf3ec3 (type: security_group_rules) to 0
Jun 12 10:20:13.358522 np0000179803 devstack@neutron-api.service[103214]: INFO neutron.db.ovn_revision_numbers_db [None req-439290d3-5917-4378-95cf-195b71ba1c08 admin admin] Successfully bumped revision number for resource e58e7c32-415d-4e52-8fda-a6d2291ae577 (type: security_group_rules) to 0
Jun 12 10:20:13.378595 np0000179803 devstack@neutron-api.service[103214]: INFO neutron.db.ovn_revision_numbers_db [None req-439290d3-5917-4378-95cf-195b71ba1c08 admin admin] Successfully bumped revision number for resource f56b4cd0-75a9-409f-872a-aa9922379347 (type: security_group_rules) to 0
Jun 12 10:20:13.408142 np0000179803 devstack@neutron-api.service[103214]: DEBUG neutron.api.rpc.handlers.resources_rpc [None req-439290d3-5917-4378-95cf-195b71ba1c08 admin admin] Pushing event updated for resources: {'SecurityGroup': ['ID=b0855ee1-12de-4419-a7d3-c29d60646bfd,revision_number=1']} {{(pid=103214) push /opt/stack/neutron/neutron/api/rpc/handlers/resources_rpc.py:237}}
Jun 12 10:20:13.416985 np0000179803 devstack@neutron-api.service[103214]: DEBUG ovsdbapp.backend.ovs_idl.transaction [-] Running txn n=1 command(idx=0): CheckLivenessCommand(_result=None) {{(pid=103214) do_commit /opt/stack/data/venv/lib/python3.12/site-packages/ovsdbapp/backend/ovs_idl/transaction.py:89}}
Jun 12 10:20:13.420835 np0000179803 devstack@neutron-api.service[103213]: DEBUG neutron.plugins.ml2.drivers.ovn.mech_driver.ovsdb.ovsdb_monitor [-] Hash Ring: Node 92bfe6d6ca4254bdbb906ed218e26003 (host: np0000179803) handling event "update" for row d4df65bb-9647-4c1f-a27c-49a615f2e85d (table: NB_Global) {{(pid=103213) notify /opt/stack/neutron/neutron/plugins/ml2/drivers/ovn/mech_driver/ovsdb/ovsdb_monitor.py:1015}}
Jun 12 10:20:13.421709 np0000179803 devstack@neutron-api.service[103213]: DEBUG neutron.plugins.ml2.drivers.ovn.mech_driver.ovsdb.ovsdb_monitor [-] Hash Ring: Node 92bfe6d6ca4254bdbb906ed218e26003 (host: np0000179803) handling event "update" for row d4df65bb-9647-4c1f-a27c-49a615f2e85d (table: NB_Global) {{(pid=103213) notify /opt/stack/neutron/neutron/plugins/ml2/drivers/ovn/mech_driver/ovsdb/ovsdb_monitor.py:1015}}
Jun 12 10:20:13.423386 np0000179803 devstack@neutron-api.service[103213]: DEBUG neutron.plugins.ml2.drivers.ovn.mech_driver.ovsdb.ovsdb_monitor [-] Hash Ring: Node 92bfe6d6ca4254bdbb906ed218e26003 (host: np0000179803) handling event "update" for row d4df65bb-9647-4c1f-a27c-49a615f2e85d (table: NB_Global) {{(pid=103213) notify /opt/stack/neutron/neutron/plugins/ml2/drivers/ovn/mech_driver/ovsdb/ovsdb_monitor.py:1015}}
Jun 12 10:20:13.426874 np0000179803 devstack@neutron-api.service[103214]: DEBUG neutron.api.rpc.callbacks.version_manager [None req-439290d3-5917-4378-95cf-195b71ba1c08 admin admin] Tracked resource versions report:
Jun 12 10:20:13.426874 np0000179803 devstack@neutron-api.service[103214]: pushed versions:
Jun 12 10:20:13.426874 np0000179803 devstack@neutron-api.service[103214]: { 'AddressGroup': {'1.2'},
Jun 12 10:20:13.426874 np0000179803 devstack@neutron-api.service[103214]: 'Agent': {'1.1'},
Jun 12 10:20:13.426874 np0000179803 devstack@neutron-api.service[103214]: 'ConntrackHelper': {'1.0'},
Jun 12 10:20:13.426874 np0000179803 devstack@neutron-api.service[103214]: 'LocalIPAssociation': {'1.0'},
Jun 12 10:20:13.426874 np0000179803 devstack@neutron-api.service[103214]: 'Log': {'1.0'},
Jun 12 10:20:13.426874 np0000179803 devstack@neutron-api.service[103214]: 'NDPProxy': {'1.0'},
Jun 12 10:20:13.426874 np0000179803 devstack@neutron-api.service[103214]: 'Network': {'1.3'},
Jun 12 10:20:13.426874 np0000179803 devstack@neutron-api.service[103214]: 'Port': {'1.11'},
Jun 12 10:20:13.426874 np0000179803 devstack@neutron-api.service[103214]: 'PortForwarding': {'1.3'},
Jun 12 10:20:13.426874 np0000179803 devstack@neutron-api.service[103214]: 'QosPolicy': {'1.10'},
Jun 12 10:20:13.426874 np0000179803 devstack@neutron-api.service[103214]: 'SecurityGroup': {'1.6'},
Jun 12 10:20:13.426874 np0000179803 devstack@neutron-api.service[103214]: 'SecurityGroupRule': {'1.3'},
Jun 12 10:20:13.426874 np0000179803 devstack@neutron-api.service[103214]: 'SubPort': {'1.0'},
Jun 12 10:20:13.426874 np0000179803 devstack@neutron-api.service[103214]: 'Subnet': {'1.2'},
Jun 12 10:20:13.426874 np0000179803 devstack@neutron-api.service[103214]: 'Trunk': {'1.1'}}
Jun 12 10:20:13.426874 np0000179803 devstack@neutron-api.service[103214]: consumer versions:
Jun 12 10:20:13.426874 np0000179803 devstack@neutron-api.service[103214]: {}
Jun 12 10:20:13.426874 np0000179803 devstack@neutron-api.service[103214]: {{(pid=103214) report /opt/stack/neutron/neutron/api/rpc/callbacks/version_manager.py:183}}
Jun 12 10:20:13.429405 np0000179803 devstack@neutron-api.service[103215]: DEBUG neutron.plugins.ml2.drivers.ovn.mech_driver.ovsdb.ovsdb_monitor [-] ChassisAgentWriteEvent : Matched Chassis_Private, update, None None {{(pid=103215) matches /opt/stack/neutron/neutron/plugins/ml2/drivers/ovn/mech_driver/ovsdb/ovsdb_monitor.py:64}}
Jun 12 10:20:13.429700 np0000179803 devstack@neutron-api.service[103216]: DEBUG neutron.plugins.ml2.drivers.ovn.mech_driver.ovsdb.ovsdb_monitor [-] ChassisAgentWriteEvent : Matched Chassis_Private, update, None None {{(pid=103216) matches /opt/stack/neutron/neutron/plugins/ml2/drivers/ovn/mech_driver/ovsdb/ovsdb_monitor.py:64}}
Jun 12 10:20:13.429951 np0000179803 devstack@neutron-api.service[103213]: DEBUG neutron.plugins.ml2.drivers.ovn.mech_driver.ovsdb.ovsdb_monitor [-] Hash Ring: Node 92bfe6d6ca4254bdbb906ed218e26003 (host: np0000179803) handling event "update" for row d4df65bb-9647-4c1f-a27c-49a615f2e85d (table: NB_Global) {{(pid=103213) notify /opt/stack/neutron/neutron/plugins/ml2/drivers/ovn/mech_driver/ovsdb/ovsdb_monitor.py:1015}}
Jun 12 10:20:13.430101 np0000179803 devstack@neutron-api.service[103215]: DEBUG neutron.plugins.ml2.drivers.ovn.mech_driver.ovsdb.ovsdb_monitor [-] Hash Ring: Node 7e2b3efcdf1052d1948034dc2ee8a5d0 (host: np0000179803) handling event "update" for row 9086bb01-bac9-4c5d-aa94-a5058547f5b1 (table: Chassis_Private) {{(pid=103215) notify /opt/stack/neutron/neutron/plugins/ml2/drivers/ovn/mech_driver/ovsdb/ovsdb_monitor.py:1015}}
Jun 12 10:20:13.430426 np0000179803 devstack@neutron-api.service[103213]: DEBUG neutron.plugins.ml2.drivers.ovn.mech_driver.ovsdb.ovsdb_monitor [-] ChassisAgentWriteEvent : Matched Chassis_Private, update, None None {{(pid=103213) matches /opt/stack/neutron/neutron/plugins/ml2/drivers/ovn/mech_driver/ovsdb/ovsdb_monitor.py:64}}
Jun 12 10:20:13.432432 np0000179803 devstack@neutron-api.service[103215]: DEBUG neutron.plugins.ml2.drivers.ovn.mech_driver.ovsdb.ovsdb_monitor [-] ChassisOVNAgentWriteEvent : Matched Chassis_Private, update, None None {{(pid=103215) matches /opt/stack/neutron/neutron/plugins/ml2/drivers/ovn/mech_driver/ovsdb/ovsdb_monitor.py:64}}
Jun 12 10:20:13.432799 np0000179803 devstack@neutron-api.service[103214]: DEBUG neutron.plugins.ml2.drivers.ovn.mech_driver.ovsdb.ovsdb_monitor [-] ChassisAgentWriteEvent : Matched Chassis_Private, update, None None {{(pid=103214) matches /opt/stack/neutron/neutron/plugins/ml2/drivers/ovn/mech_driver/ovsdb/ovsdb_monitor.py:64}}
Jun 12 10:20:13.433119 np0000179803 devstack@neutron-api.service[103215]: DEBUG neutron.plugins.ml2.drivers.ovn.mech_driver.ovsdb.ovsdb_monitor [-] Hash Ring: Node 7e2b3efcdf1052d1948034dc2ee8a5d0 (host: np0000179803) handling event "update" for row 9086bb01-bac9-4c5d-aa94-a5058547f5b1 (table: Chassis_Private) {{(pid=103215) notify /opt/stack/neutron/neutron/plugins/ml2/drivers/ovn/mech_driver/ovsdb/ovsdb_monitor.py:1015}}
Jun 12 10:20:13.433288 np0000179803 devstack@neutron-api.service[103216]: DEBUG neutron.common.ovn.hash_ring_manager [-] Allow caching, nodes 4>=4 {{(pid=103216) _wait_startup_before_caching /opt/stack/neutron/neutron/common/ovn/hash_ring_manager.py:65}}
Jun 12 10:20:13.433803 np0000179803 devstack@neutron-api.service[103216]: DEBUG neutron.plugins.ml2.drivers.ovn.mech_driver.ovsdb.ovsdb_monitor [-] ChassisOVNAgentWriteEvent : Matched Chassis_Private, update, None None {{(pid=103216) matches /opt/stack/neutron/neutron/plugins/ml2/drivers/ovn/mech_driver/ovsdb/ovsdb_monitor.py:64}}
Jun 12 10:20:13.435168 np0000179803 devstack@neutron-api.service[103213]: DEBUG neutron.common.ovn.hash_ring_manager [-] Allow caching, nodes 4>=4 {{(pid=103213) _wait_startup_before_caching /opt/stack/neutron/neutron/common/ovn/hash_ring_manager.py:65}}
Jun 12 10:20:13.435331 np0000179803 devstack@neutron-api.service[103213]: DEBUG neutron.plugins.ml2.drivers.ovn.mech_driver.ovsdb.ovsdb_monitor [-] Hash Ring: Node 92bfe6d6ca4254bdbb906ed218e26003 (host: np0000179803) handling event "update" for row 9086bb01-bac9-4c5d-aa94-a5058547f5b1 (table: Chassis_Private) {{(pid=103213) notify /opt/stack/neutron/neutron/plugins/ml2/drivers/ovn/mech_driver/ovsdb/ovsdb_monitor.py:1015}}
Jun 12 10:20:13.436164 np0000179803 devstack@neutron-api.service[103213]: DEBUG neutron.plugins.ml2.drivers.ovn.mech_driver.ovsdb.ovsdb_monitor [-] ChassisOVNAgentWriteEvent : Matched Chassis_Private, update, None None {{(pid=103213) matches /opt/stack/neutron/neutron/plugins/ml2/drivers/ovn/mech_driver/ovsdb/ovsdb_monitor.py:64}}
Jun 12 10:20:13.436450 np0000179803 devstack@neutron-api.service[103213]: DEBUG neutron.plugins.ml2.drivers.ovn.mech_driver.ovsdb.ovsdb_monitor [-] Hash Ring: Node 92bfe6d6ca4254bdbb906ed218e26003 (host: np0000179803) handling event "update" for row 9086bb01-bac9-4c5d-aa94-a5058547f5b1 (table: Chassis_Private) {{(pid=103213) notify /opt/stack/neutron/neutron/plugins/ml2/drivers/ovn/mech_driver/ovsdb/ovsdb_monitor.py:1015}}
Jun 12 10:20:13.436776 np0000179803 devstack@neutron-api.service[103214]: DEBUG neutron.plugins.ml2.drivers.ovn.mech_driver.ovsdb.ovsdb_monitor [-] ChassisOVNAgentWriteEvent : Matched Chassis_Private, update, None None {{(pid=103214) matches /opt/stack/neutron/neutron/plugins/ml2/drivers/ovn/mech_driver/ovsdb/ovsdb_monitor.py:64}}
Jun 12 10:20:13.494914 np0000179803 devstack@neutron-api.service[103214]: DEBUG neutron.plugins.ml2.drivers.helpers [None req-439290d3-5917-4378-95cf-195b71ba1c08 admin admin] geneve segment allocate from pool success with {'geneve_vni': 60079} {{(pid=103214) allocate_partially_specified_segment /opt/stack/neutron/neutron/plugins/ml2/drivers/helpers.py:142}}
Jun 12 10:20:13.507356 np0000179803 devstack@neutron-api.service[103214]: DEBUG neutron_lib.callbacks.manager [None req-439290d3-5917-4378-95cf-195b71ba1c08 admin admin] Publish callbacks ['neutron.services.segments.db._add_segment_host_mapping_for_segment-8607283602506', 'neutron.plugins.ml2.plugin.Ml2Plugin._handle_segment_change-3469589'] for segment (c116bd30-a0c7-425f-bc77-4a4b7b5a4726), precommit_create {{(pid=103214) _notify_loop /opt/stack/data/venv/lib/python3.12/site-packages/neutron_lib/callbacks/manager.py:184}}
Jun 12 10:20:13.507550 np0000179803 devstack@neutron-api.service[103214]: INFO neutron.db.segments_db [None req-439290d3-5917-4378-95cf-195b71ba1c08 admin admin] Added segment c116bd30-a0c7-425f-bc77-4a4b7b5a4726 of type geneve for network 37e7bd0d-1f0e-463b-a04e-2ad09537d1b4
Jun 12 10:20:13.558293 np0000179803 devstack@neutron-api.service[103214]: DEBUG neutron_lib.callbacks.manager [None req-439290d3-5917-4378-95cf-195b71ba1c08 admin admin] Publish callbacks ['neutron.services.auto_allocate.db._ensure_external_network_default_value_callback-8607282532162'] for network (37e7bd0d-1f0e-463b-a04e-2ad09537d1b4), precommit_create {{(pid=103214) _notify_loop /opt/stack/data/venv/lib/python3.12/site-packages/neutron_lib/callbacks/manager.py:184}}
Jun 12 10:20:13.576961 np0000179803 devstack@neutron-api.service[103214]: DEBUG neutron.plugins.ml2.drivers.ovn.mech_driver.mech_driver [None req-439290d3-5917-4378-95cf-195b71ba1c08 admin admin] Validating network segment with type geneve, segmentation ID 60079, physical network None {{(pid=103214) _validate_network_segments /opt/stack/neutron/neutron/plugins/ml2/drivers/ovn/mech_driver/mech_driver.py:643}}
Jun 12 10:20:13.577119 np0000179803 devstack@neutron-api.service[103214]: DEBUG neutron.db.ovn_revision_numbers_db [None req-439290d3-5917-4378-95cf-195b71ba1c08 admin admin] create_initial_revision uuid=37e7bd0d-1f0e-463b-a04e-2ad09537d1b4, type=networks, rev=-1 {{(pid=103214) create_initial_revision /opt/stack/neutron/neutron/db/ovn_revision_numbers_db.py:98}}
Jun 12 10:20:13.595779 np0000179803 devstack@neutron-api.service[103214]: DEBUG neutron_lib.callbacks.manager [None req-439290d3-5917-4378-95cf-195b71ba1c08 admin admin] Publish callbacks ['neutron.plugins.ml2.ovo_rpc._ObjectChangeHandler.handle_event-66057357'] for network (37e7bd0d-1f0e-463b-a04e-2ad09537d1b4), after_create {{(pid=103214) _notify_loop /opt/stack/data/venv/lib/python3.12/site-packages/neutron_lib/callbacks/manager.py:184}}
Jun 12 10:20:13.642598 np0000179803 devstack@neutron-api.service[103214]: DEBUG neutron.api.rpc.handlers.resources_rpc [None req-439290d3-5917-4378-95cf-195b71ba1c08 admin admin] Pushing event updated for resources: {'Network': ['ID=37e7bd0d-1f0e-463b-a04e-2ad09537d1b4,revision_number=1']} {{(pid=103214) push /opt/stack/neutron/neutron/api/rpc/handlers/resources_rpc.py:237}}
Jun 12 10:20:13.653293 np0000179803 devstack@neutron-api.service[103214]: DEBUG ovsdbapp.backend.ovs_idl.transaction [-] Running txn n=1 command(idx=0): AddNetworkCommand(_result=None, network_uuid=37e7bd0d-1f0e-463b-a04e-2ad09537d1b4, may_exist=True, columns={'external_ids': {'neutron:network_name': 'private', 'neutron:mtu': '1372', 'neutron:revision_number': '1', 'neutron:availability_zone_hints': '', 'neutron:provnet-network-type': 'geneve'}, 'other_config': {'mcast_snoop': 'false', 'mcast_flood_unregistered': 'false', 'vlan-passthru': 'false'}}) {{(pid=103214) do_commit /opt/stack/data/venv/lib/python3.12/site-packages/ovsdbapp/backend/ovs_idl/transaction.py:89}}
Jun 12 10:20:13.654114 np0000179803 devstack@neutron-api.service[103214]: DEBUG neutron.common.ovn.utils [-] OVS persist_uuid supported=True {{(pid=103214) ovs_persist_uuid_supported /opt/stack/neutron/neutron/common/ovn/utils.py:1544}}
Jun 12 10:20:13.658053 np0000179803 devstack@neutron-api.service[103213]: DEBUG neutron.plugins.ml2.drivers.ovn.mech_driver.ovsdb.ovsdb_monitor [-] Hash Ring: Node 92bfe6d6ca4254bdbb906ed218e26003 (host: np0000179803) handling event "create" for row 37e7bd0d-1f0e-463b-a04e-2ad09537d1b4 (table: Logical_Switch) {{(pid=103213) notify /opt/stack/neutron/neutron/plugins/ml2/drivers/ovn/mech_driver/ovsdb/ovsdb_monitor.py:1015}}
Jun 12 10:20:13.660789 np0000179803 devstack@neutron-api.service[103215]: DEBUG neutron.plugins.ml2.drivers.ovn.mech_driver.ovsdb.ovsdb_monitor [-] Hash Ring: Node 7e2b3efcdf1052d1948034dc2ee8a5d0 (host: np0000179803) handling event "create" for row 37e7bd0d-1f0e-463b-a04e-2ad09537d1b4 (table: Logical_Switch) {{(pid=103215) notify /opt/stack/neutron/neutron/plugins/ml2/drivers/ovn/mech_driver/ovsdb/ovsdb_monitor.py:1015}}
Jun 12 10:20:13.667946 np0000179803 devstack@neutron-api.service[103216]: DEBUG neutron.plugins.ml2.drivers.ovn.mech_driver.ovsdb.ovsdb_monitor [-] Hash Ring: Node b2e1f565babc5e849c5ef842ea44c815 (host: np0000179803) handling event "create" for row 8ced5cb1-fd47-40b4-888e-83f5f562c684 (table: Datapath_Binding) {{(pid=103216) notify /opt/stack/neutron/neutron/plugins/ml2/drivers/ovn/mech_driver/ovsdb/ovsdb_monitor.py:1015}}
Jun 12 10:20:13.669307 np0000179803 devstack@neutron-api.service[103213]: DEBUG neutron.plugins.ml2.drivers.ovn.mech_driver.ovsdb.ovsdb_monitor [-] Hash Ring: Node 92bfe6d6ca4254bdbb906ed218e26003 (host: np0000179803) handling event "create" for row 8ced5cb1-fd47-40b4-888e-83f5f562c684 (table: Datapath_Binding) {{(pid=103213) notify /opt/stack/neutron/neutron/plugins/ml2/drivers/ovn/mech_driver/ovsdb/ovsdb_monitor.py:1015}}
Jun 12 10:20:13.696344 np0000179803 devstack@neutron-api.service[103214]: INFO neutron.db.ovn_revision_numbers_db [None req-439290d3-5917-4378-95cf-195b71ba1c08 admin admin] Successfully bumped revision number for resource 37e7bd0d-1f0e-463b-a04e-2ad09537d1b4 (type: networks) to 1
Jun 12 10:20:13.779460 np0000179803 devstack@neutron-api.service[103214]: DEBUG neutron_lib.callbacks.manager [None req-439290d3-5917-4378-95cf-195b71ba1c08 admin admin] Publish callbacks ['neutron.plugins.ml2.plugin.SecurityGroupDbMixin._ensure_default_security_group_handler-3279933'] for port (None), before_create {{(pid=103214) _notify_loop /opt/stack/data/venv/lib/python3.12/site-packages/neutron_lib/callbacks/manager.py:184}}
Jun 12 10:20:13.897007 np0000179803 devstack@neutron-api.service[103214]: DEBUG neutron_lib.callbacks.manager [None req-439290d3-5917-4378-95cf-195b71ba1c08 admin admin] Publish callbacks ['neutron.plugins.ml2.drivers.ovn.mech_driver.mech_driver.OVNMechanismDriver._validate_allowed_address_pairs-2769765'] for allowed_address_pair (b8eec2fa-43fd-4caf-9786-54a0cfa8762e), before_create {{(pid=103214) _notify_loop /opt/stack/data/venv/lib/python3.12/site-packages/neutron_lib/callbacks/manager.py:184}}
Jun 12 10:20:13.897676 np0000179803 devstack@neutron-api.service[103214]: DEBUG neutron_lib.callbacks.manager [None req-439290d3-5917-4378-95cf-195b71ba1c08 admin admin] Publish callbacks [] for port (b8eec2fa-43fd-4caf-9786-54a0cfa8762e), precommit_create {{(pid=103214) _notify_loop /opt/stack/data/venv/lib/python3.12/site-packages/neutron_lib/callbacks/manager.py:184}}
Jun 12 10:20:13.897941 np0000179803 devstack@neutron-api.service[103214]: DEBUG neutron.plugins.ml2.drivers.ovn.mech_driver.mech_driver [None req-439290d3-5917-4378-95cf-195b71ba1c08 admin admin] No provisioning block for port b8eec2fa-43fd-4caf-9786-54a0cfa8762e since it does not have a host {{(pid=103214) _is_port_provisioning_required /opt/stack/neutron/neutron/plugins/ml2/drivers/ovn/mech_driver/mech_driver.py:896}}
Jun 12 10:20:13.898101 np0000179803 devstack@neutron-api.service[103214]: DEBUG neutron.db.ovn_revision_numbers_db [None req-439290d3-5917-4378-95cf-195b71ba1c08 admin admin] create_initial_revision uuid=b8eec2fa-43fd-4caf-9786-54a0cfa8762e, type=ports, rev=-1 {{(pid=103214) create_initial_revision /opt/stack/neutron/neutron/db/ovn_revision_numbers_db.py:98}}
Jun 12 10:20:14.184225 np0000179803 devstack@neutron-api.service[103214]: DEBUG neutron_lib.callbacks.manager [None req-439290d3-5917-4378-95cf-195b71ba1c08 admin admin] Publish callbacks ['neutron.plugins.ml2.ovo_rpc._ObjectChangeHandler.handle_event-66057404'] for port (b8eec2fa-43fd-4caf-9786-54a0cfa8762e), after_create {{(pid=103214) _notify_loop /opt/stack/data/venv/lib/python3.12/site-packages/neutron_lib/callbacks/manager.py:184}}
Jun 12 10:20:14.259788 np0000179803 devstack@neutron-api.service[103214]: DEBUG neutron.api.rpc.handlers.resources_rpc [None req-439290d3-5917-4378-95cf-195b71ba1c08 admin admin] Pushing event updated for resources: {'Port': ['ID=b8eec2fa-43fd-4caf-9786-54a0cfa8762e,revision_number=1']} {{(pid=103214) push /opt/stack/neutron/neutron/api/rpc/handlers/resources_rpc.py:237}}
Jun 12 10:20:14.290337 np0000179803 devstack@neutron-api.service[103213]: DEBUG neutron.plugins.ml2.drivers.ovn.mech_driver.ovsdb.ovsdb_monitor [-] Hash Ring: Node 92bfe6d6ca4254bdbb906ed218e26003 (host: np0000179803) handling event "update" for row 87bc7077-796b-4c06-b9b3-895e9881a414 (table: Connection) {{(pid=103213) notify /opt/stack/neutron/neutron/plugins/ml2/drivers/ovn/mech_driver/ovsdb/ovsdb_monitor.py:1015}}
Jun 12 10:20:14.291024 np0000179803 devstack@neutron-api.service[103216]: DEBUG neutron.plugins.ml2.drivers.ovn.mech_driver.ovsdb.ovsdb_monitor [-] Hash Ring: Node b2e1f565babc5e849c5ef842ea44c815 (host: np0000179803) handling event "update" for row 87bc7077-796b-4c06-b9b3-895e9881a414 (table: Connection) {{(pid=103216) notify /opt/stack/neutron/neutron/plugins/ml2/drivers/ovn/mech_driver/ovsdb/ovsdb_monitor.py:1015}}
Jun 12 10:20:14.304980 np0000179803 devstack@neutron-api.service[103214]: DEBUG neutron.plugins.ml2.drivers.ovn.mech_driver.ovsdb.commands [None req-439290d3-5917-4378-95cf-195b71ba1c08 admin admin] Converting tag [] to a tag_request {{(pid=103214) _tag_column_to_tag_request /opt/stack/neutron/neutron/plugins/ml2/drivers/ovn/mech_driver/ovsdb/commands.py:205}}
Jun 12 10:20:14.305780 np0000179803 devstack@neutron-api.service[103214]: DEBUG ovsdbapp.backend.ovs_idl.transaction [-] Running txn n=1 command(idx=0): AddLSwitchPortCommand(_result=None, lport=b8eec2fa-43fd-4caf-9786-54a0cfa8762e, lswitch=neutron-37e7bd0d-1f0e-463b-a04e-2ad09537d1b4, may_exist=True, network_uuid=37e7bd0d-1f0e-463b-a04e-2ad09537d1b4, columns={'addresses': ['fa:16:3e:79:3d:14'], 'external_ids': {'neutron:port_name': '', 'neutron:device_id': 'ovnmeta-37e7bd0d-1f0e-463b-a04e-2ad09537d1b4', 'neutron:project_id': '0f7cd3f4838d46cd90d69dfc579edf3e', 'neutron:cidrs': '', 'neutron:device_owner': 'network:distributed', 'neutron:subnet_pool_addr_scope4': '', 'neutron:subnet_pool_addr_scope6': '', 'neutron:network_name': 'neutron-37e7bd0d-1f0e-463b-a04e-2ad09537d1b4', 'neutron:security_group_ids': '', 'neutron:revision_number': '1', 'neutron:vnic_type': 'normal', 'neutron:port_capabilities': '', 'neutron:mtu': '1372'}, 'parent_name': [], 'enabled': True, 'options': {}, 'type': 'localport', 'port_security': [], 'dhcpv4_options': [], 'dhcpv6_options': [], 'tag_request': []}) {{(pid=103214) do_commit /opt/stack/data/venv/lib/python3.12/site-packages/ovsdbapp/backend/ovs_idl/transaction.py:89}}
Jun 12 10:20:14.306678 np0000179803 devstack@neutron-api.service[103214]: DEBUG ovsdbapp.backend.ovs_idl.transaction [-] Running txn n=1 command(idx=1): QoSDelCommand(_result=None, switch=neutron-37e7bd0d-1f0e-463b-a04e-2ad09537d1b4, conditions=[('direction', '=', 'to-lport'), ('priority', '=', 2002), ('match', '=', 'outport == "b8eec2fa-43fd-4caf-9786-54a0cfa8762e"')], if_exists=True) {{(pid=103214) do_commit /opt/stack/data/venv/lib/python3.12/site-packages/ovsdbapp/backend/ovs_idl/transaction.py:89}}
Jun 12 10:20:14.307018 np0000179803 devstack@neutron-api.service[103214]: DEBUG ovsdbapp.backend.ovs_idl.transaction [-] Running txn n=1 command(idx=2): QoSDelCommand(_result=None, switch=neutron-37e7bd0d-1f0e-463b-a04e-2ad09537d1b4, conditions=[('direction', '=', 'from-lport'), ('priority', '=', 2002), ('match', '=', 'inport == "b8eec2fa-43fd-4caf-9786-54a0cfa8762e"')], if_exists=True) {{(pid=103214) do_commit /opt/stack/data/venv/lib/python3.12/site-packages/ovsdbapp/backend/ovs_idl/transaction.py:89}}
Jun 12 10:20:14.311823 np0000179803 devstack@neutron-api.service[103213]: DEBUG neutron.plugins.ml2.drivers.ovn.mech_driver.ovsdb.ovsdb_monitor [-] Hash Ring: Node 92bfe6d6ca4254bdbb906ed218e26003 (host: np0000179803) handling event "update" for row 37e7bd0d-1f0e-463b-a04e-2ad09537d1b4 (table: Logical_Switch) {{(pid=103213) notify /opt/stack/neutron/neutron/plugins/ml2/drivers/ovn/mech_driver/ovsdb/ovsdb_monitor.py:1015}}
Jun 12 10:20:14.312188 np0000179803 devstack@neutron-api.service[103213]: DEBUG neutron.plugins.ml2.drivers.ovn.mech_driver.ovsdb.ovsdb_monitor [-] Hash Ring: Node 92bfe6d6ca4254bdbb906ed218e26003 (host: np0000179803) handling event "create" for row 8c198433-c8a5-4d41-8846-f8e6056e2510 (table: Logical_Switch_Port) {{(pid=103213) notify /opt/stack/neutron/neutron/plugins/ml2/drivers/ovn/mech_driver/ovsdb/ovsdb_monitor.py:1015}}
Jun 12 10:20:14.313009 np0000179803 devstack@neutron-api.service[103215]: DEBUG neutron.plugins.ml2.drivers.ovn.mech_driver.ovsdb.ovsdb_monitor [-] Hash Ring: Node 7e2b3efcdf1052d1948034dc2ee8a5d0 (host: np0000179803) handling event "update" for row 37e7bd0d-1f0e-463b-a04e-2ad09537d1b4 (table: Logical_Switch) {{(pid=103215) notify /opt/stack/neutron/neutron/plugins/ml2/drivers/ovn/mech_driver/ovsdb/ovsdb_monitor.py:1015}}
Jun 12 10:20:14.314419 np0000179803 devstack@neutron-api.service[103213]: DEBUG ovsdbapp.backend.ovs_idl.event [-] Matched CREATE: LogicalSwitchPortCreateEvent(events=('create',), table='Logical_Switch_Port', conditions=[], old_conditions=None), priority=20 to row=Logical_Switch_Port(uuid=8c198433-c8a5-4d41-8846-f8e6056e2510, addresses=['fa:16:3e:79:3d:14'], dhcpv4_options=[], dhcpv6_options=[], dynamic_addresses=[], enabled=True, external_ids={'neutron:cidrs': '', 'neutron:device_id': 'ovnmeta-37e7bd0d-1f0e-463b-a04e-2ad09537d1b4', 'neutron:device_owner': 'network:distributed', 'neutron:mtu': '1372', 'neutron:network_name': 'neutron-37e7bd0d-1f0e-463b-a04e-2ad09537d1b4', 'neutron:port_capabilities': '', 'neutron:port_name': '', 'neutron:project_id': '0f7cd3f4838d46cd90d69dfc579edf3e', 'neutron:revision_number': '1', 'neutron:security_group_ids': '', 'neutron:subnet_pool_addr_scope4': '', 'neutron:subnet_pool_addr_scope6': '', 'neutron:vnic_type': 'normal'}, ha_chassis_group=[], mirror_rules=[], name='b8eec2fa-43fd-4caf-9786-54a0cfa8762e', options={}, parent_name=[], port_security=[], tag=[], tag_request=[], type='localport', up=[]) old= {{(pid=103213) matches /opt/stack/data/venv/lib/python3.12/site-packages/ovsdbapp/backend/ovs_idl/event.py:55}}
Jun 12 10:20:14.314824 np0000179803 devstack@neutron-api.service[103215]: DEBUG neutron.plugins.ml2.drivers.ovn.mech_driver.ovsdb.ovsdb_monitor [-] Hash Ring: Node 7e2b3efcdf1052d1948034dc2ee8a5d0 (host: np0000179803) handling event "create" for row 8c198433-c8a5-4d41-8846-f8e6056e2510 (table: Logical_Switch_Port) {{(pid=103215) notify /opt/stack/neutron/neutron/plugins/ml2/drivers/ovn/mech_driver/ovsdb/ovsdb_monitor.py:1015}}
