2026-08-06 15:21:34.129 13 INFO neutron.plugins.ml2.plugin [None req-7faef921-2212-4488-a306-bc9db0a7a61f - - - - - -] Attempt 1 to provision port 2ac9fa8e-8482-4e74-bb35-f540bf8b4ac1
2026-08-06 15:23:49.638 13 INFO neutron_taas.services.taas.taas_plugin [None req-817f098e-292f-4a63-aac5-5d3a6c2706a6 - - - - - -] TaaS: Handle Delete Port: 2511b68a-9de6-4afa-88ac-44da7c78950a
2026-08-06 15:23:49.644 13 INFO neutron_taas.services.taas.tap_mirror_plugin [None req-817f098e-292f-4a63-aac5-5d3a6c2706a6 - - - - - -] Tap Mirror: Handle Delete Port: 2511b68a-9de6-4afa-88ac-44da7c78950a
2026-08-06 15:23:55.934 13 INFO neutron.plugins.ml2.plugin [None req-7faef921-2212-4488-a306-bc9db0a7a61f - - - - - -] Attempt 1 to provision port 0ed3f0d5-a597-4971-9041-15c6f5b3b0ca
2026-08-06 15:23:57.979 16 INFO neutron.plugins.ml2.plugin [None req-7faef921-2212-4488-a306-bc9db0a7a61f - - - - - -] Attempt 1 to provision port 3b39e24f-6908-4423-b902-204090a0b9f8
2026-08-06 15:23:58.348 16 INFO neutron.plugins.ml2.plugin [None req-7faef921-2212-4488-a306-bc9db0a7a61f - - - - - -] Attempt 1 to provision port 0ed3f0d5-a597-4971-9041-15c6f5b3b0ca
2026-08-06 15:23:59.202 13 INFO neutron.plugins.ml2.plugin [None req-918c7a57-c112-439a-a1d7-61156118703c - - - - - -] Attempt 1 to provision port 79a6d33a-1758-4843-a27b-a0f72229c510
2026-08-06 15:23:59.230 13 INFO neutron.plugins.ml2.plugin [None req-918c7a57-c112-439a-a1d7-61156118703c - - - - - -] Attempt 1 to provision port 0ed3f0d5-a597-4971-9041-15c6f5b3b0ca
2026-08-06 15:23:59.276 13 INFO neutron.plugins.ml2.plugin [None req-918c7a57-c112-439a-a1d7-61156118703c - - - - - -] Attempt 1 to provision port 4cef6718-3130-4aae-9663-7c53b33b5594
2026-08-06 15:23:59.983 13 INFO neutron.plugins.ml2.plugin [None req-7faef921-2212-4488-a306-bc9db0a7a61f - - - - - -] Attempt 1 to provision port 3b39e24f-6908-4423-b902-204090a0b9f8
2026-08-06 15:24:01.966 16 INFO neutron.plugins.ml2.plugin [None req-7faef921-2212-4488-a306-bc9db0a7a61f - - - - - -] Attempt 1 to provision port 699fcfcf-f4b1-4595-a7d4-3dc1894b12f6
2026-08-06 15:24:02.338 16 INFO neutron.plugins.ml2.plugin [None req-7faef921-2212-4488-a306-bc9db0a7a61f - - - - - -] Attempt 1 to provision port 8be301e2-cd52-48b3-9f8d-a383fbb1f530
2026-08-06 15:24:03.920 13 INFO neutron.plugins.ml2.plugin [None req-7faef921-2212-4488-a306-bc9db0a7a61f - - - - - -] Attempt 1 to provision port 8be301e2-cd52-48b3-9f8d-a383fbb1f530
2026-08-06 15:24:04.108 13 INFO neutron.plugins.ml2.plugin [None req-7faef921-2212-4488-a306-bc9db0a7a61f - - - - - -] Attempt 1 to provision port 699fcfcf-f4b1-4595-a7d4-3dc1894b12f6
2026-08-06 15:24:05.092 13 INFO neutron.plugins.ml2.plugin [None req-02545ba5-bb77-4548-beb6-0a2bee11cc38 - - - - - -] Attempt 1 to provision port 7e71bf1f-b028-4bd4-9698-ec6b63221e03
2026-08-06 15:24:05.130 13 INFO neutron.plugins.ml2.plugin [None req-02545ba5-bb77-4548-beb6-0a2bee11cc38 - - - - - -] Attempt 1 to provision port 699fcfcf-f4b1-4595-a7d4-3dc1894b12f6
2026-08-06 15:24:05.183 13 INFO neutron.plugins.ml2.plugin [None req-02545ba5-bb77-4548-beb6-0a2bee11cc38 - - - - - -] Attempt 1 to provision port 4cef6718-3130-4aae-9663-7c53b33b5594
2026-08-06 15:24:05.205 13 INFO neutron.plugins.ml2.plugin [None req-02545ba5-bb77-4548-beb6-0a2bee11cc38 - - - - - -] Attempt 1 to provision port 0792ba98-a19a-49d4-b374-b9acb7a7f881
2026-08-06 15:24:07.839 16 INFO neutron.plugins.ml2.plugin [None req-964f6cf4-5efa-4ca2-a4e5-5a8b97e9d42c - - - - - -] Attempt 1 to provision port 699fcfcf-f4b1-4595-a7d4-3dc1894b12f6
2026-08-06 15:24:07.906 16 INFO neutron.plugins.ml2.plugin [None req-964f6cf4-5efa-4ca2-a4e5-5a8b97e9d42c - - - - - -] Attempt 1 to provision port 0792ba98-a19a-49d4-b374-b9acb7a7f881
2026-08-06 15:24:09.072 16 INFO neutron.plugins.ml2.plugin [None req-ba3ddd9a-acc2-4315-92ff-886d6545f9a0 - - - - - -] Attempt 1 to provision port 0792ba98-a19a-49d4-b374-b9acb7a7f881
2026-08-06 15:24:11.082 13 INFO neutron.plugins.ml2.plugin [None req-09a59d3c-a7e6-4983-ae5f-ecd7b349046a - - - - - -] Attempt 1 to provision port 0792ba98-a19a-49d4-b374-b9acb7a7f881
2026-08-06 15:24:14.955 16 INFO neutron.plugins.ml2.plugin [None req-7faef921-2212-4488-a306-bc9db0a7a61f - - - - - -] Attempt 1 to provision port 81a6691b-5e23-4948-8111-18d6efc7737f
2026-08-06 15:24:15.058 16 INFO neutron.notifiers.nova [-] Nova event matching ['req-cb3dcca8-037f-4ece-abca-1ad31d030be4'] response: {'server_uuid': '7f869a02-1a31-4777-9733-6071750b0f3f', 'name': 'network-vif-plugged', 'status': 'completed', 'tag': '81a6691b-5e23-4948-8111-18d6efc7737f', 'code': 200}
2026-08-06 15:24:15.935 13 INFO neutron.plugins.ml2.plugin [None req-7faef921-2212-4488-a306-bc9db0a7a61f - - - - - -] Attempt 1 to provision port 81a6691b-5e23-4948-8111-18d6efc7737f
2026-08-06 15:24:54.168 16 INFO neutron.notifiers.nova [-] Nova event matching ['req-88cdac6a-2fca-47cb-84c2-3454f8dd0356'] response: {'server_uuid': '25d9e901-9b4a-469d-8c52-052e0083f094', 'name': 'network-vif-unplugged', 'status': 'completed', 'tag': '1052fb5f-5a11-4da9-9ada-cc857286d128', 'code': 200}
2026-08-06 15:25:16.070 13 INFO neutron.plugins.ml2.plugin [None req-7faef921-2212-4488-a306-bc9db0a7a61f - - - - - -] Attempt 1 to provision port f34b10dc-4ffe-4839-a245-6909fb8ff2d4
2026-08-06 15:25:16.506 13 INFO neutron.plugins.ml2.plugin [None req-7faef921-2212-4488-a306-bc9db0a7a61f - - - - - -] Attempt 1 to provision port ad487753-30a9-4f0c-b05c-4e12d710f687
2026-08-06 15:25:17.995 16 INFO neutron.plugins.ml2.plugin [None req-7faef921-2212-4488-a306-bc9db0a7a61f - - - - - -] Attempt 1 to provision port f34b10dc-4ffe-4839-a245-6909fb8ff2d4
2026-08-06 15:25:18.235 16 INFO neutron.plugins.ml2.plugin [None req-7faef921-2212-4488-a306-bc9db0a7a61f - - - - - -] Attempt 1 to provision port ad487753-30a9-4f0c-b05c-4e12d710f687
2026-08-06 15:25:18.852 16 INFO neutron.plugins.ml2.plugin [None req-c5b86442-0da2-4b03-9c27-19821da459b8 - - - - - -] Attempt 1 to provision port f34b10dc-4ffe-4839-a245-6909fb8ff2d4
2026-08-06 15:25:18.916 16 INFO neutron.plugins.ml2.plugin [None req-c5b86442-0da2-4b03-9c27-19821da459b8 - - - - - -] Attempt 1 to provision port 61d92f4d-62e7-4ed9-aa4e-3ff290878821
2026-08-06 15:25:18.939 16 INFO neutron.plugins.ml2.plugin [None req-c5b86442-0da2-4b03-9c27-19821da459b8 - - - - - -] Attempt 1 to provision port 8747fd60-91b4-46db-b0e4-a2256f0edc36
2026-08-06 15:25:23.964 13 INFO neutron.plugins.ml2.plugin [None req-7faef921-2212-4488-a306-bc9db0a7a61f - - - - - -] Attempt 1 to provision port 8cb1a59f-c0c4-4359-b5a5-0505e4d5b171
2026-08-06 15:25:26.151 13 INFO neutron.plugins.ml2.plugin [None req-cfd52c9f-9004-4f2b-aa04-2cdd314f095c - - - - - -] Attempt 1 to provision port 8747fd60-91b4-46db-b0e4-a2256f0edc36
2026-08-06 15:25:32.452 13 INFO neutron.plugins.ml2.plugin [None req-7faef921-2212-4488-a306-bc9db0a7a61f - - - - - -] Attempt 1 to provision port 79e0cb05-7d50-4589-89d3-346abd87fc3f
2026-08-06 15:25:32.640 13 INFO neutron.notifiers.nova [-] Nova event matching ['req-d1d80fba-477f-4c6d-a24d-0782509b9bd8'] response: {'server_uuid': '1b62f28b-3fd9-489c-b87d-e46510dddca6', 'name': 'network-vif-plugged', 'status': 'completed', 'tag': '79e0cb05-7d50-4589-89d3-346abd87fc3f', 'code': 200}
2026-08-06 15:25:33.411 13 ERROR oslo_messaging.rpc.server [None req-8b3f14e9-3015-429e-b903-31261cf2b972 - - - - - -] Exception during message handling: neutron_lib.exceptions.PortNotFound: Port 0f3cfe1f-93e5-49a2-a43c-3df99a2d3492 could not be found.
2026-08-06 15:25:33.411 13 ERROR oslo_messaging.rpc.server
Traceback (most recent call last):
2026-08-06 15:25:33.411 13 ERROR oslo_messaging.rpc.server
File "/var/lib/openstack/lib/python3.12/site-packages/neutron/db/db_base_plugin_common.py", line 298, in _get_port
2026-08-06 15:25:33.411 13 ERROR oslo_messaging.rpc.server port = model_query.get_by_id(context, models_v2.Port, id,
2026-08-06 15:25:33.411 13 ERROR oslo_messaging.rpc.server ^^^^^^^^^^^^^^^^^^^^^^^^^^^^^^^^^^^^^^^^^^^^^^^^^^
2026-08-06 15:25:33.411 13 ERROR oslo_messaging.rpc.server
File "/var/lib/openstack/lib/python3.12/site-packages/neutron_lib/db/model_query.py", line 209, in get_by_id
2026-08-06 15:25:33.411 13 ERROR oslo_messaging.rpc.server return query.filter(model.id == object_id).one()
2026-08-06 15:25:33.411 13 ERROR oslo_messaging.rpc.server ^^^^^^^^^^^^^^^^^^^^^^^^^^^^^^^^^^^^^^^^^
2026-08-06 15:25:33.411 13 ERROR oslo_messaging.rpc.server
File "/var/lib/openstack/lib/python3.12/site-packages/sqlalchemy/orm/query.py", line 2815, in one
2026-08-06 15:25:33.411 13 ERROR oslo_messaging.rpc.server return self._iter().one() # type: ignore
2026-08-06 15:25:33.411 13 ERROR oslo_messaging.rpc.server ^^^^^^^^^^^^^^^^^^
2026-08-06 15:25:33.411 13 ERROR oslo_messaging.rpc.server
File "/var/lib/openstack/lib/python3.12/site-packages/sqlalchemy/engine/result.py", line 1867, in one
2026-08-06 15:25:33.411 13 ERROR oslo_messaging.rpc.server return self._only_one_row(
2026-08-06 15:25:33.411 13 ERROR oslo_messaging.rpc.server ^^^^^^^^^^^^^^^^^^^
2026-08-06 15:25:33.411 13 ERROR oslo_messaging.rpc.server
File "/var/lib/openstack/lib/python3.12/site-packages/sqlalchemy/engine/result.py", line 799, in _only_one_row
2026-08-06 15:25:33.411 13 ERROR oslo_messaging.rpc.server raise exc.NoResultFound(
2026-08-06 15:25:33.411 13 ERROR oslo_messaging.rpc.server sqlalchemy.exc.NoResultFound: No row was found when one was required
2026-08-06 15:25:33.411 13 ERROR oslo_messaging.rpc.server
2026-08-06 15:25:33.411 13 ERROR oslo_messaging.rpc.server During handling of the above exception, another exception occurred:
2026-08-06 15:25:33.411 13 ERROR oslo_messaging.rpc.server
2026-08-06 15:25:33.411 13 ERROR oslo_messaging.rpc.server
Traceback (most recent call last):
2026-08-06 15:25:33.411 13 ERROR oslo_messaging.rpc.server
File "/var/lib/openstack/lib/python3.12/site-packages/oslo_messaging/rpc/server.py", line 174, in _process_incoming
2026-08-06 15:25:33.411 13 ERROR oslo_messaging.rpc.server res = self.dispatcher.dispatch(message)
2026-08-06 15:25:33.411 13 ERROR oslo_messaging.rpc.server ^^^^^^^^^^^^^^^^^^^^^^^^^^^^^^^^^
2026-08-06 15:25:33.411 13 ERROR oslo_messaging.rpc.server
File "/var/lib/openstack/lib/python3.12/site-packages/oslo_messaging/rpc/dispatcher.py", line 309, in dispatch
2026-08-06 15:25:33.411 13 ERROR oslo_messaging.rpc.server return self._do_dispatch(endpoint, method, ctxt, args)
2026-08-06 15:25:33.411 13 ERROR oslo_messaging.rpc.server ^^^^^^^^^^^^^^^^^^^^^^^^^^^^^^^^^^^^^^^^^^^^^^^
2026-08-06 15:25:33.411 13 ERROR oslo_messaging.rpc.server
File "/var/lib/openstack/lib/python3.12/site-packages/oslo_messaging/rpc/dispatcher.py", line 229, in _do_dispatch
2026-08-06 15:25:33.411 13 ERROR oslo_messaging.rpc.server result = func(ctxt, **new_args)
2026-08-06 15:25:33.411 13 ERROR oslo_messaging.rpc.server ^^^^^^^^^^^^^^^^^^^^^^
2026-08-06 15:25:33.411 13 ERROR oslo_messaging.rpc.server
File "/var/lib/openstack/lib/python3.12/site-packages/neutron_lib/db/api.py", line 137, in wrapped
2026-08-06 15:25:33.411 13 ERROR oslo_messaging.rpc.server with excutils.save_and_reraise_exception():
2026-08-06 15:25:33.411 13 ERROR oslo_messaging.rpc.server
File "/var/lib/openstack/lib/python3.12/site-packages/oslo_utils/excutils.py", line 266, in __exit__
2026-08-06 15:25:33.411 13 ERROR oslo_messaging.rpc.server self.force_reraise()
2026-08-06 15:25:33.411 13 ERROR oslo_messaging.rpc.server
File "/var/lib/openstack/lib/python3.12/site-packages/oslo_utils/excutils.py", line 232, in force_reraise
2026-08-06 15:25:33.411 13 ERROR oslo_messaging.rpc.server raise self.value
2026-08-06 15:25:33.411 13 ERROR oslo_messaging.rpc.server
File "/var/lib/openstack/lib/python3.12/site-packages/neutron_lib/db/api.py", line 135, in wrapped
2026-08-06 15:25:33.411 13 ERROR oslo_messaging.rpc.server return f(*args, **kwargs)
2026-08-06 15:25:33.411 13 ERROR oslo_messaging.rpc.server ^^^^^^^^^^^^^^^^^^
2026-08-06 15:25:33.411 13 ERROR oslo_messaging.rpc.server
File "/var/lib/openstack/lib/python3.12/site-packages/oslo_db/api.py", line 144, in wrapper
2026-08-06 15:25:33.411 13 ERROR oslo_messaging.rpc.server with excutils.save_and_reraise_exception() as ectxt:
2026-08-06 15:25:33.411 13 ERROR oslo_messaging.rpc.server
File "/var/lib/openstack/lib/python3.12/site-packages/oslo_utils/excutils.py", line 266, in __exit__
2026-08-06 15:25:33.411 13 ERROR oslo_messaging.rpc.server self.force_reraise()
2026-08-06 15:25:33.411 13 ERROR oslo_messaging.rpc.server
File "/var/lib/openstack/lib/python3.12/site-packages/oslo_utils/excutils.py", line 232, in force_reraise
2026-08-06 15:25:33.411 13 ERROR oslo_messaging.rpc.server raise self.value
2026-08-06 15:25:33.411 13 ERROR oslo_messaging.rpc.server
File "/var/lib/openstack/lib/python3.12/site-packages/oslo_db/api.py", line 142, in wrapper
2026-08-06 15:25:33.411 13 ERROR oslo_messaging.rpc.server return f(*args, **kwargs)
2026-08-06 15:25:33.411 13 ERROR oslo_messaging.rpc.server ^^^^^^^^^^^^^^^^^^
2026-08-06 15:25:33.411 13 ERROR oslo_messaging.rpc.server
File "/var/lib/openstack/lib/python3.12/site-packages/neutron_lib/db/api.py", line 183, in wrapped
2026-08-06 15:25:33.411 13 ERROR oslo_messaging.rpc.server with excutils.save_and_reraise_exception():
2026-08-06 15:25:33.411 13 ERROR oslo_messaging.rpc.server
File "/var/lib/openstack/lib/python3.12/site-packages/oslo_utils/excutils.py", line 266, in __exit__
2026-08-06 15:25:33.411 13 ERROR oslo_messaging.rpc.server self.force_reraise()
2026-08-06 15:25:33.411 13 ERROR oslo_messaging.rpc.server
File "/var/lib/openstack/lib/python3.12/site-packages/oslo_utils/excutils.py", line 232, in force_reraise
2026-08-06 15:25:33.411 13 ERROR oslo_messaging.rpc.server raise self.value
2026-08-06 15:25:33.411 13 ERROR oslo_messaging.rpc.server
File "/var/lib/openstack/lib/python3.12/site-packages/neutron_lib/db/api.py", line 181, in wrapped
2026-08-06 15:25:33.411 13 ERROR oslo_messaging.rpc.server return f(*dup_args, **dup_kwargs)
2026-08-06 15:25:33.411 13 ERROR oslo_messaging.rpc.server ^^^^^^^^^^^^^^^^^^^^^^^^^^
2026-08-06 15:25:33.411 13 ERROR oslo_messaging.rpc.server
File "/var/lib/openstack/lib/python3.12/site-packages/neutron/api/rpc/handlers/dhcp_rpc.py", line 337, in get_dhcp_port
2026-08-06 15:25:33.411 13 ERROR oslo_messaging.rpc.server return plugin.get_port(context, port_id)
2026-08-06 15:25:33.411 13 ERROR oslo_messaging.rpc.server ^^^^^^^^^^^^^^^^^^^^^^^^^^^^^^^^^
2026-08-06 15:25:33.411 13 ERROR oslo_messaging.rpc.server
File "/var/lib/openstack/lib/python3.12/site-packages/neutron_lib/db/api.py", line 223, in wrapped
2026-08-06 15:25:33.411 13 ERROR oslo_messaging.rpc.server return f_with_retry(*args, **kwargs,
2026-08-06 15:25:33.411 13 ERROR oslo_messaging.rpc.server ^^^^^^^^^^^^^^^^^^^^^^^^^^^^^
2026-08-06 15:25:33.411 13 ERROR oslo_messaging.rpc.server
File "/var/lib/openstack/lib/python3.12/site-packages/neutron_lib/db/api.py", line 137, in wrapped
2026-08-06 15:25:33.411 13 ERROR oslo_messaging.rpc.server with excutils.save_and_reraise_exception():
2026-08-06 15:25:33.411 13 ERROR oslo_messaging.rpc.server
File "/var/lib/openstack/lib/python3.12/site-packages/oslo_utils/excutils.py", line 266, in __exit__
2026-08-06 15:25:33.411 13 ERROR oslo_messaging.rpc.server self.force_reraise()
2026-08-06 15:25:33.411 13 ERROR oslo_messaging.rpc.server
File "/var/lib/openstack/lib/python3.12/site-packages/oslo_utils/excutils.py", line 232, in force_reraise
2026-08-06 15:25:33.411 13 ERROR oslo_messaging.rpc.server raise self.value
2026-08-06 15:25:33.411 13 ERROR oslo_messaging.rpc.server
File "/var/lib/openstack/lib/python3.12/site-packages/neutron_lib/db/api.py", line 135, in wrapped
2026-08-06 15:25:33.411 13 ERROR oslo_messaging.rpc.server return f(*args, **kwargs)
2026-08-06 15:25:33.411 13 ERROR oslo_messaging.rpc.server ^^^^^^^^^^^^^^^^^^
2026-08-06 15:25:33.411 13 ERROR oslo_messaging.rpc.server
File "/var/lib/openstack/lib/python3.12/site-packages/oslo_db/api.py", line 144, in wrapper
2026-08-06 15:25:33.411 13 ERROR oslo_messaging.rpc.server with excutils.save_and_reraise_exception() as ectxt:
2026-08-06 15:25:33.411 13 ERROR oslo_messaging.rpc.server
File "/var/lib/openstack/lib/python3.12/site-packages/oslo_utils/excutils.py", line 266, in __exit__
2026-08-06 15:25:33.411 13 ERROR oslo_messaging.rpc.server self.force_reraise()
2026-08-06 15:25:33.411 13 ERROR oslo_messaging.rpc.server
File "/var/lib/openstack/lib/python3.12/site-packages/oslo_utils/excutils.py", line 232, in force_reraise
2026-08-06 15:25:33.411 13 ERROR oslo_messaging.rpc.server raise self.value
2026-08-06 15:25:33.411 13 ERROR oslo_messaging.rpc.server
File "/var/lib/openstack/lib/python3.12/site-packages/oslo_db/api.py", line 142, in wrapper
2026-08-06 15:25:33.411 13 ERROR oslo_messaging.rpc.server return f(*args, **kwargs)
2026-08-06 15:25:33.411 13 ERROR oslo_messaging.rpc.server ^^^^^^^^^^^^^^^^^^
2026-08-06 15:25:33.411 13 ERROR oslo_messaging.rpc.server
File "/var/lib/openstack/lib/python3.12/site-packages/neutron_lib/db/api.py", line 183, in wrapped
2026-08-06 15:25:33.411 13 ERROR oslo_messaging.rpc.server with excutils.save_and_reraise_exception():
2026-08-06 15:25:33.411 13 ERROR oslo_messaging.rpc.server
File "/var/lib/openstack/lib/python3.12/site-packages/oslo_utils/excutils.py", line 266, in __exit__
2026-08-06 15:25:33.411 13 ERROR oslo_messaging.rpc.server self.force_reraise()
2026-08-06 15:25:33.411 13 ERROR oslo_messaging.rpc.server
File "/var/lib/openstack/lib/python3.12/site-packages/oslo_utils/excutils.py", line 232, in force_reraise
2026-08-06 15:25:33.411 13 ERROR oslo_messaging.rpc.server raise self.value
2026-08-06 15:25:33.411 13 ERROR oslo_messaging.rpc.server
File "/var/lib/openstack/lib/python3.12/site-packages/neutron_lib/db/api.py", line 181, in wrapped
2026-08-06 15:25:33.411 13 ERROR oslo_messaging.rpc.server return f(*dup_args, **dup_kwargs)
2026-08-06 15:25:33.411 13 ERROR oslo_messaging.rpc.server ^^^^^^^^^^^^^^^^^^^^^^^^^^
2026-08-06 15:25:33.411 13 ERROR oslo_messaging.rpc.server
File "/var/lib/openstack/lib/python3.12/site-packages/oslo_db/sqlalchemy/enginefacade.py", line 1159, in wrapper
2026-08-06 15:25:33.411 13 ERROR oslo_messaging.rpc.server return fn(*args, **kwargs)
2026-08-06 15:25:33.411 13 ERROR oslo_messaging.rpc.server ^^^^^^^^^^^^^^^^^^^
2026-08-06 15:25:33.411 13 ERROR oslo_messaging.rpc.server
File "/var/lib/openstack/lib/python3.12/site-packages/neutron/db/db_base_plugin_v2.py", line 1683, in get_port
2026-08-06 15:25:33.411 13 ERROR oslo_messaging.rpc.server port = self._get_port(context, id, lazy_fields=lazy_fields)
2026-08-06 15:25:33.411 13 ERROR oslo_messaging.rpc.server ^^^^^^^^^^^^^^^^^^^^^^^^^^^^^^^^^^^^^^^^^^^^^^^^^^^^
2026-08-06 15:25:33.411 13 ERROR oslo_messaging.rpc.server
File "/var/lib/openstack/lib/python3.12/site-packages/oslo_db/sqlalchemy/enginefacade.py", line 1159, in wrapper
2026-08-06 15:25:33.411 13 ERROR oslo_messaging.rpc.server return fn(*args, **kwargs)
2026-08-06 15:25:33.411 13 ERROR oslo_messaging.rpc.server ^^^^^^^^^^^^^^^^^^^
2026-08-06 15:25:33.411 13 ERROR oslo_messaging.rpc.server
File "/var/lib/openstack/lib/python3.12/site-packages/neutron/db/db_base_plugin_common.py", line 301, in _get_port
2026-08-06 15:25:33.411 13 ERROR oslo_messaging.rpc.server raise exceptions.PortNotFound(port_id=id)
2026-08-06 15:25:33.411 13 ERROR oslo_messaging.rpc.server neutron_lib.exceptions.PortNotFound: Port 0f3cfe1f-93e5-49a2-a43c-3df99a2d3492 could not be found.
2026-08-06 15:25:33.411 13 ERROR oslo_messaging.rpc.server
2026-08-06 15:25:33.982 16 INFO neutron.plugins.ml2.plugin [None req-7faef921-2212-4488-a306-bc9db0a7a61f - - - - - -] Attempt 1 to provision port 79e0cb05-7d50-4589-89d3-346abd87fc3f
2026-08-06 15:25:51.944 16 INFO neutron.plugins.ml2.plugin [None req-7faef921-2212-4488-a306-bc9db0a7a61f - - - - - -] Attempt 1 to provision port ac553998-f3d4-44e0-ba2a-b8a9c8d7581f
2026-08-06 15:25:53.391 13 INFO neutron.plugins.ml2.plugin [None req-93f29b91-061b-42bc-9031-7ebe1fc81b12 - - - - - -] Attempt 1 to provision port ac553998-f3d4-44e0-ba2a-b8a9c8d7581f
2026-08-06 15:25:53.454 13 INFO neutron.plugins.ml2.plugin [None req-93f29b91-061b-42bc-9031-7ebe1fc81b12 - - - - - -] Attempt 1 to provision port 84b5993c-4f58-44a7-b816-16210eef9cbc
2026-08-06 15:25:54.077 13 INFO neutron.plugins.ml2.plugin [None req-7faef921-2212-4488-a306-bc9db0a7a61f - - - - - -] Attempt 1 to provision port ac553998-f3d4-44e0-ba2a-b8a9c8d7581f
2026-08-06 15:25:54.300 13 INFO neutron.plugins.ml2.plugin [None req-7faef921-2212-4488-a306-bc9db0a7a61f - - - - - -] Attempt 1 to provision port 6f4543f6-c4ff-4b57-8d05-6bdb4d336920
2026-08-06 15:25:55.993 16 INFO neutron.plugins.ml2.plugin [None req-7faef921-2212-4488-a306-bc9db0a7a61f - - - - - -] Attempt 1 to provision port 6f4543f6-c4ff-4b57-8d05-6bdb4d336920
2026-08-06 15:25:56.396 13 INFO neutron.plugins.ml2.plugin [None req-420bfcf3-52b1-41e4-95d2-3a87f642837a - - - - - -] Attempt 1 to provision port ac553998-f3d4-44e0-ba2a-b8a9c8d7581f
2026-08-06 15:25:56.444 13 INFO neutron.plugins.ml2.plugin [None req-420bfcf3-52b1-41e4-95d2-3a87f642837a - - - - - -] Attempt 1 to provision port 84b5993c-4f58-44a7-b816-16210eef9cbc
2026-08-06 15:25:56.478 13 INFO neutron.plugins.ml2.plugin [None req-420bfcf3-52b1-41e4-95d2-3a87f642837a - - - - - -] Attempt 1 to provision port fbeadbfe-4952-4255-9f02-e93ee350dea2
2026-08-06 15:25:59.625 13 INFO neutron.plugins.ml2.plugin [None req-dd9e0ce3-fbab-4437-a763-ad55ebb808e2 - - - - - -] Attempt 1 to provision port 84b5993c-4f58-44a7-b816-16210eef9cbc
2026-08-06 15:26:02.392 16 INFO neutron.plugins.ml2.plugin [None req-f6f51c87-301b-486d-a500-d8aa39df7ee2 - - - - - -] Attempt 1 to provision port 84b5993c-4f58-44a7-b816-16210eef9cbc
2026-08-06 15:26:06.454 13 INFO neutron.plugins.ml2.plugin [None req-7faef921-2212-4488-a306-bc9db0a7a61f - - - - - -] Attempt 1 to provision port 16539ee8-17d7-422e-91f4-f34dce88ab00
2026-08-06 15:26:06.550 13 INFO neutron.notifiers.nova [-] Nova event matching ['req-ca41509f-d7ac-470f-92a4-b3919eda3507'] response: {'server_uuid': '509b2c47-24c7-4f14-aec0-898fe90ff8cb', 'name': 'network-vif-plugged', 'status': 'completed', 'tag': '16539ee8-17d7-422e-91f4-f34dce88ab00', 'code': 200}
2026-08-06 15:26:07.929 16 INFO neutron.plugins.ml2.plugin [None req-7faef921-2212-4488-a306-bc9db0a7a61f - - - - - -] Attempt 1 to provision port 16539ee8-17d7-422e-91f4-f34dce88ab00
2026-08-06 15:26:12.122 13 INFO neutron.notifiers.nova [-] Nova event matching ['req-11a4f525-3049-4c44-b8fd-04bb4276c3d2'] response: {'server_uuid': '509b2c47-24c7-4f14-aec0-898fe90ff8cb', 'name': 'network-vif-unplugged', 'status': 'completed', 'tag': '16539ee8-17d7-422e-91f4-f34dce88ab00', 'code': 200}
2026-08-06 15:26:49.944 16 INFO neutron.plugins.ml2.plugin [None req-7faef921-2212-4488-a306-bc9db0a7a61f - - - - - -] Attempt 1 to provision port 40b95bf3-1636-4783-89ed-64d4297212d3
2026-08-06 15:26:50.936 16 INFO neutron.plugins.ml2.plugin [None req-81105338-64dc-4433-9b03-1c6c78791bcf - - - - - -] Attempt 1 to provision port ddd56a0f-ebf2-4110-99d0-6b70f87477e6
2026-08-06 15:26:50.959 16 INFO neutron.plugins.ml2.plugin [None req-81105338-64dc-4433-9b03-1c6c78791bcf - - - - - -] Attempt 1 to provision port 40b95bf3-1636-4783-89ed-64d4297212d3
2026-08-06 15:26:51.926 16 INFO neutron.plugins.ml2.plugin [None req-7faef921-2212-4488-a306-bc9db0a7a61f - - - - - -] Attempt 1 to provision port 40b95bf3-1636-4783-89ed-64d4297212d3
2026-08-06 15:26:54.019 16 INFO neutron.plugins.ml2.plugin [None req-7faef921-2212-4488-a306-bc9db0a7a61f - - - - - -] Attempt 1 to provision port be569cfb-6259-41de-a9fd-bf70a6978d6a
2026-08-06 15:27:23.957 16 INFO neutron.plugins.ml2.plugin [None req-7faef921-2212-4488-a306-bc9db0a7a61f - - - - - -] Attempt 1 to provision port 36692c8f-3584-4836-b98d-d0441cdb4e8c
2026-08-06 15:27:24.843 16 INFO neutron.plugins.ml2.plugin [None req-2cc1007c-6cb9-4a55-9038-9888a10a577d - - - - - -] Attempt 1 to provision port 443f432d-3931-4edb-bbdb-91b90a877815
2026-08-06 15:27:24.873 16 INFO neutron.plugins.ml2.plugin [None req-2cc1007c-6cb9-4a55-9038-9888a10a577d - - - - - -] Attempt 1 to provision port 36692c8f-3584-4836-b98d-d0441cdb4e8c
2026-08-06 15:27:26.016 13 INFO neutron.plugins.ml2.plugin [None req-7faef921-2212-4488-a306-bc9db0a7a61f - - - - - -] Attempt 1 to provision port 05622ead-7c56-4682-bb7a-aa461049be38
2026-08-06 15:27:26.669 13 INFO neutron.plugins.ml2.plugin [None req-7faef921-2212-4488-a306-bc9db0a7a61f - - - - - -] Attempt 1 to provision port 36692c8f-3584-4836-b98d-d0441cdb4e8c
2026-08-06 15:27:27.814 16 INFO neutron.plugins.ml2.plugin [None req-de1ac463-e515-4fb1-9260-cbeecdb7b7f1 - - - - - -] Attempt 1 to provision port 443f432d-3931-4edb-bbdb-91b90a877815
2026-08-06 15:27:27.840 16 INFO neutron.plugins.ml2.plugin [None req-de1ac463-e515-4fb1-9260-cbeecdb7b7f1 - - - - - -] Attempt 1 to provision port 98e73b4d-659d-4cad-9737-9eb78446f8af
2026-08-06 15:27:27.864 16 INFO neutron.plugins.ml2.plugin [None req-de1ac463-e515-4fb1-9260-cbeecdb7b7f1 - - - - - -] Attempt 1 to provision port 36692c8f-3584-4836-b98d-d0441cdb4e8c
2026-08-06 15:27:28.030 13 INFO neutron.plugins.ml2.plugin [None req-7faef921-2212-4488-a306-bc9db0a7a61f - - - - - -] Attempt 1 to provision port 05622ead-7c56-4682-bb7a-aa461049be38
2026-08-06 15:27:30.263 13 INFO neutron.plugins.ml2.plugin [None req-b4c62272-5005-454a-8b72-035b77725840 - - - - - -] Attempt 1 to provision port 443f432d-3931-4edb-bbdb-91b90a877815
2026-08-06 15:27:37.024 16 INFO neutron.plugins.ml2.plugin [None req-7faef921-2212-4488-a306-bc9db0a7a61f - - - - - -] Attempt 1 to provision port 68fadad5-a5f3-4b69-a59e-91b158ea04bb
2026-08-06 15:27:37.132 16 INFO neutron.notifiers.nova [-] Nova event matching ['req-d1a06479-31f8-412d-a1a8-3938d596562e'] response: {'server_uuid': '4b0b7ccd-dbed-493d-8dc8-41ad90e9cd95', 'name': 'network-vif-plugged', 'status': 'completed', 'tag': '68fadad5-a5f3-4b69-a59e-91b158ea04bb', 'code': 200}
2026-08-06 15:27:37.958 13 INFO neutron.plugins.ml2.plugin [None req-7faef921-2212-4488-a306-bc9db0a7a61f - - - - - -] Attempt 1 to provision port 68fadad5-a5f3-4b69-a59e-91b158ea04bb
2026-08-06 15:29:47.992 13 INFO neutron.plugins.ml2.plugin [None req-7faef921-2212-4488-a306-bc9db0a7a61f - - - - - -] Attempt 1 to provision port 01399f13-e507-4ceb-9747-c9dbabd29cc7
2026-08-06 15:29:50.247 16 INFO neutron.plugins.ml2.plugin [None req-7faef921-2212-4488-a306-bc9db0a7a61f - - - - - -] Attempt 1 to provision port 835846ba-1ca9-4fd2-9986-03bd2c4a9518
2026-08-06 15:29:50.609 16 INFO neutron.plugins.ml2.plugin [None req-7faef921-2212-4488-a306-bc9db0a7a61f - - - - - -] Attempt 1 to provision port 01399f13-e507-4ceb-9747-c9dbabd29cc7
2026-08-06 15:29:52.072 13 INFO neutron.plugins.ml2.plugin [None req-7faef921-2212-4488-a306-bc9db0a7a61f - - - - - -] Attempt 1 to provision port c93dba95-b449-4820-9149-4b0dbb3bf3be
2026-08-06 15:29:52.429 13 INFO neutron.plugins.ml2.plugin [None req-7faef921-2212-4488-a306-bc9db0a7a61f - - - - - -] Attempt 1 to provision port 835846ba-1ca9-4fd2-9986-03bd2c4a9518
2026-08-06 15:29:54.169 16 INFO neutron.plugins.ml2.plugin [None req-7faef921-2212-4488-a306-bc9db0a7a61f - - - - - -] Attempt 1 to provision port c93dba95-b449-4820-9149-4b0dbb3bf3be
2026-08-06 15:29:54.352 16 INFO neutron.plugins.ml2.plugin [None req-7faef921-2212-4488-a306-bc9db0a7a61f - - - - - -] Attempt 1 to provision port 8548b76e-4d09-40a8-8bc0-0499fb25ab0c
2026-08-06 15:29:55.980 13 INFO neutron.plugins.ml2.plugin [None req-7faef921-2212-4488-a306-bc9db0a7a61f - - - - - -] Attempt 1 to provision port 8548b76e-4d09-40a8-8bc0-0499fb25ab0c
2026-08-06 15:29:57.604 16 INFO neutron.plugins.ml2.plugin [None req-22d127f0-359a-44b9-b4e3-eb1bce20263e - - - - - -] Attempt 1 to provision port ffc3f499-c17d-4098-9a15-84a0c2c35ea2
2026-08-06 15:29:57.630 16 INFO neutron.plugins.ml2.plugin [None req-22d127f0-359a-44b9-b4e3-eb1bce20263e - - - - - -] Attempt 1 to provision port 8fa43ee9-5b24-4a93-914c-b959c474fed7
2026-08-06 15:29:57.651 16 INFO neutron.plugins.ml2.plugin [None req-22d127f0-359a-44b9-b4e3-eb1bce20263e - - - - - -] Attempt 1 to provision port aab34d32-c113-448a-9738-b2a9131749a2
2026-08-06 15:29:57.672 16 INFO neutron.plugins.ml2.plugin [None req-22d127f0-359a-44b9-b4e3-eb1bce20263e - - - - - -] Attempt 1 to provision port 8548b76e-4d09-40a8-8bc0-0499fb25ab0c
2026-08-06 15:29:57.722 16 INFO neutron.plugins.ml2.plugin [None req-22d127f0-359a-44b9-b4e3-eb1bce20263e - - - - - -] Attempt 1 to provision port c93dba95-b449-4820-9149-4b0dbb3bf3be
2026-08-06 15:30:01.308 16 INFO neutron.plugins.ml2.plugin [None req-550f110e-b3a1-4642-a126-93b0e054e027 - - - - - -] Attempt 1 to provision port ffc3f499-c17d-4098-9a15-84a0c2c35ea2
2026-08-06 15:30:01.343 16 INFO neutron.plugins.ml2.plugin [None req-550f110e-b3a1-4642-a126-93b0e054e027 - - - - - -] Attempt 1 to provision port aab34d32-c113-448a-9738-b2a9131749a2
2026-08-06 15:30:01.379 16 INFO neutron.plugins.ml2.plugin [None req-550f110e-b3a1-4642-a126-93b0e054e027 - - - - - -] Attempt 1 to provision port 8548b76e-4d09-40a8-8bc0-0499fb25ab0c
2026-08-06 15:30:01.425 16 INFO neutron.plugins.ml2.plugin [None req-550f110e-b3a1-4642-a126-93b0e054e027 - - - - - -] Attempt 1 to provision port c93dba95-b449-4820-9149-4b0dbb3bf3be
2026-08-06 15:30:04.566 16 INFO neutron.plugins.ml2.plugin [None req-7faef921-2212-4488-a306-bc9db0a7a61f - - - - - -] Attempt 1 to provision port cab5532a-76e2-4c46-951b-31fe7ea70546
2026-08-06 15:30:04.701 16 INFO neutron.notifiers.nova [-] Nova event matching ['req-7b86fb49-cc92-4900-a9e1-9f091b2d4219'] response: {'server_uuid': 'c2d2091b-6c5c-4cec-bd9d-88462464287c', 'name': 'network-vif-plugged', 'status': 'completed', 'tag': 'cab5532a-76e2-4c46-951b-31fe7ea70546', 'code': 200}
2026-08-06 15:30:06.008 13 INFO neutron.plugins.ml2.plugin [None req-7faef921-2212-4488-a306-bc9db0a7a61f - - - - - -] Attempt 1 to provision port cab5532a-76e2-4c46-951b-31fe7ea70546
2026-08-06 15:30:06.231 16 INFO neutron.plugins.ml2.plugin [None req-15dfbc20-8b2b-4fbf-96d5-51361faad940 - - - - - -] Attempt 1 to provision port ffc3f499-c17d-4098-9a15-84a0c2c35ea2
2026-08-06 15:30:06.263 16 INFO neutron.plugins.ml2.plugin [None req-15dfbc20-8b2b-4fbf-96d5-51361faad940 - - - - - -] Attempt 1 to provision port aab34d32-c113-448a-9738-b2a9131749a2
2026-08-06 15:30:06.282 16 INFO neutron.plugins.ml2.plugin [None req-15dfbc20-8b2b-4fbf-96d5-51361faad940 - - - - - -] Attempt 1 to provision port cab5532a-76e2-4c46-951b-31fe7ea70546
2026-08-06 15:30:06.322 16 INFO neutron.plugins.ml2.plugin [None req-15dfbc20-8b2b-4fbf-96d5-51361faad940 - - - - - -] Attempt 1 to provision port 8548b76e-4d09-40a8-8bc0-0499fb25ab0c
2026-08-06 15:30:06.372 16 INFO neutron.plugins.ml2.plugin [None req-15dfbc20-8b2b-4fbf-96d5-51361faad940 - - - - - -] Attempt 1 to provision port c93dba95-b449-4820-9149-4b0dbb3bf3be
2026-08-06 15:30:07.553 16 INFO neutron.plugins.ml2.plugin [None req-ad63d78b-1cc8-42ba-a114-881dea00f382 - - - - - -] Attempt 1 to provision port aab34d32-c113-448a-9738-b2a9131749a2
2026-08-06 15:30:09.714 13 INFO neutron.plugins.ml2.plugin [None req-263c2018-7e06-4367-8059-84876d4a0e85 - - - - - -] Attempt 1 to provision port aab34d32-c113-448a-9738-b2a9131749a2
2026-08-06 15:30:09.739 13 INFO neutron.plugins.ml2.plugin [None req-263c2018-7e06-4367-8059-84876d4a0e85 - - - - - -] Attempt 1 to provision port cab5532a-76e2-4c46-951b-31fe7ea70546
2026-08-06 15:30:22.015 16 INFO neutron.plugins.ml2.plugin [None req-7faef921-2212-4488-a306-bc9db0a7a61f - - - - - -] Attempt 1 to provision port 47abe244-c2e9-4256-9088-6b42ee8c26b9
2026-08-06 15:30:22.127 16 INFO neutron.notifiers.nova [-] Nova event matching ['req-b8791aff-42c2-4e13-ba9c-781f976123c1'] response: {'server_uuid': '41d75bad-1a6b-4ef2-871d-5f06d2fc6f2f', 'name': 'network-vif-plugged', 'status': 'completed', 'tag': '47abe244-c2e9-4256-9088-6b42ee8c26b9', 'code': 200}
2026-08-06 15:30:23.974 13 INFO neutron.plugins.ml2.plugin [None req-7faef921-2212-4488-a306-bc9db0a7a61f - - - - - -] Attempt 1 to provision port 47abe244-c2e9-4256-9088-6b42ee8c26b9