Feb 19 02:34:11.366013 np0000156485 devstack@m-api.service[40392]: DEBUG manila.api.openstack.wsgi [None req-76190eb4-3cd9-4958-ac6a-9f5009f97078 tempest-TestProjectAdminTestsCIFS-1688372039 tempest-TestProjectAdminTestsCIFS-1688372039-project-member] Empty body provided in request {{(pid=40392) get_body /opt/stack/manila/manila/api/openstack/wsgi.py:652}}
Feb 19 02:34:11.366412 np0000156485 devstack@m-api.service[40392]: DEBUG manila.api.openstack.wsgi [None req-76190eb4-3cd9-4958-ac6a-9f5009f97078 tempest-TestProjectAdminTestsCIFS-1688372039 tempest-TestProjectAdminTestsCIFS-1688372039-project-member] Calling method 'ShareMixin.delete' {{(pid=40392) _process_stack /opt/stack/manila/manila/api/openstack/wsgi.py:798}}
Feb 19 02:34:11.368081 np0000156485 devstack@m-api.service[40392]: INFO manila.api.v2.shares [None req-76190eb4-3cd9-4958-ac6a-9f5009f97078 tempest-TestProjectAdminTestsCIFS-1688372039 tempest-TestProjectAdminTestsCIFS-1688372039-project-member] Delete share with id: 991abdc8-218f-4279-b3fa-1283b0369e48
Feb 19 02:34:11.446629 np0000156485 devstack@m-api.service[40391]: INFO manila.api.openstack.wsgi [None req-8eaf51da-fcf0-4547-b6f6-702b56cc6501 tempest-TestProjectReaderTestsNFS-1412388100 tempest-TestProjectReaderTestsNFS-1412388100-project-member] GET https://199.19.213.206/share/v2/329935e03cde4a53bed795a94c39b286/shares/bb31ac88-9dcd-4939-afd6-3b00c82f78a0
Feb 19 02:34:11.447099 np0000156485 devstack@m-api.service[40391]: DEBUG manila.api.openstack.wsgi [None req-8eaf51da-fcf0-4547-b6f6-702b56cc6501 tempest-TestProjectReaderTestsNFS-1412388100 tempest-TestProjectReaderTestsNFS-1412388100-project-member] Empty body provided in request {{(pid=40391) get_body /opt/stack/manila/manila/api/openstack/wsgi.py:652}}
Feb 19 02:34:11.447540 np0000156485 devstack@m-api.service[40391]: DEBUG manila.api.openstack.wsgi [None req-8eaf51da-fcf0-4547-b6f6-702b56cc6501 tempest-TestProjectReaderTestsNFS-1412388100 tempest-TestProjectReaderTestsNFS-1412388100-project-member] Calling method 'ShareMixin.show' {{(pid=40391) _process_stack /opt/stack/manila/manila/api/openstack/wsgi.py:798}}
Feb 19 02:34:11.467174 np0000156485 devstack@m-api.service[40391]: INFO manila.api.openstack.wsgi [None req-8eaf51da-fcf0-4547-b6f6-702b56cc6501 tempest-TestProjectReaderTestsNFS-1412388100 tempest-TestProjectReaderTestsNFS-1412388100-project-member] https://199.19.213.206/share/v2/329935e03cde4a53bed795a94c39b286/shares/bb31ac88-9dcd-4939-afd6-3b00c82f78a0 returned with HTTP 200
Feb 19 02:34:11.467583 np0000156485 devstack@m-api.service[40391]: [pid: 40391|app: 0|req: 146/283] 199.19.213.206 () {66 vars in 1496 bytes} [Thu Feb 19 02:34:11 2026] GET /share/v2/329935e03cde4a53bed795a94c39b286/shares/bb31ac88-9dcd-4939-afd6-3b00c82f78a0 => generated 1314 bytes in 25 msecs (HTTP/1.1 200) 7 headers in 298 bytes (1 switches on core 0)
Feb 19 02:34:11.469711 np0000156485 devstack@m-api.service[40391]: INFO manila.api.openstack.wsgi [None req-dafdd906-620c-4ea9-adac-25a3f67089ff tempest-TestProjectAdminTestsCIFS-2337882 tempest-TestProjectAdminTestsCIFS-2337882-project-member] GET https://199.19.213.206/share/v2/d6dd657a838e4253b4d7d4ec3b46ded3/shares/7022b429-d007-43b7-8944-ad3619a07e59
Feb 19 02:34:11.469776 np0000156485 devstack@m-api.service[40391]: DEBUG manila.api.openstack.wsgi [None req-dafdd906-620c-4ea9-adac-25a3f67089ff tempest-TestProjectAdminTestsCIFS-2337882 tempest-TestProjectAdminTestsCIFS-2337882-project-member] Empty body provided in request {{(pid=40391) get_body /opt/stack/manila/manila/api/openstack/wsgi.py:652}}
Feb 19 02:34:11.469985 np0000156485 devstack@m-api.service[40391]: DEBUG manila.api.openstack.wsgi [None req-dafdd906-620c-4ea9-adac-25a3f67089ff tempest-TestProjectAdminTestsCIFS-2337882 tempest-TestProjectAdminTestsCIFS-2337882-project-member] Calling method 'ShareMixin.show' {{(pid=40391) _process_stack /opt/stack/manila/manila/api/openstack/wsgi.py:798}}
Feb 19 02:34:11.472065 np0000156485 devstack@m-api.service[40392]: INFO manila.api.openstack.wsgi [None req-76190eb4-3cd9-4958-ac6a-9f5009f97078 tempest-TestProjectAdminTestsCIFS-1688372039 tempest-TestProjectAdminTestsCIFS-1688372039-project-member] https://199.19.213.206/share/v2/49bb9cf43e1a4007ae347403c75eb40a/shares/991abdc8-218f-4279-b3fa-1283b0369e48 returned with HTTP 202
Feb 19 02:34:11.472610 np0000156485 devstack@m-api.service[40392]: [pid: 40392|app: 0|req: 138/284] 199.19.213.206 () {66 vars in 1499 bytes} [Thu Feb 19 02:34:11 2026] DELETE /share/v2/49bb9cf43e1a4007ae347403c75eb40a/shares/991abdc8-218f-4279-b3fa-1283b0369e48 => generated 0 bytes in 112 msecs (HTTP/1.1 202) 7 headers in 309 bytes (1 switches on core 0)
Feb 19 02:34:11.483853 np0000156485 devstack@m-api.service[40391]: INFO manila.api.openstack.wsgi [None req-dafdd906-620c-4ea9-adac-25a3f67089ff tempest-TestProjectAdminTestsCIFS-2337882 tempest-TestProjectAdminTestsCIFS-2337882-project-member] https://199.19.213.206/share/v2/d6dd657a838e4253b4d7d4ec3b46ded3/shares/7022b429-d007-43b7-8944-ad3619a07e59 returned with HTTP 200
Feb 19 02:34:11.484360 np0000156485 devstack@m-api.service[40391]: [pid: 40391|app: 0|req: 147/285] 199.19.213.206 () {66 vars in 1496 bytes} [Thu Feb 19 02:34:11 2026] GET /share/v2/d6dd657a838e4253b4d7d4ec3b46ded3/shares/7022b429-d007-43b7-8944-ad3619a07e59 => generated 1317 bytes in 16 msecs (HTTP/1.1 200) 7 headers in 298 bytes (1 switches on core 0)
Feb 19 02:34:11.491649 np0000156485 devstack@m-api.service[40392]: INFO manila.api.openstack.wsgi [None req-26f67aaa-c9bf-4b8e-81ed-24604418601d tempest-TestProjectAdminTestsCIFS-1688372039 tempest-TestProjectAdminTestsCIFS-1688372039-project-member] GET https://199.19.213.206/share/v2/49bb9cf43e1a4007ae347403c75eb40a/shares/991abdc8-218f-4279-b3fa-1283b0369e48
Feb 19 02:34:11.492020 np0000156485 devstack@m-api.service[40392]: DEBUG manila.api.openstack.wsgi [None req-26f67aaa-c9bf-4b8e-81ed-24604418601d tempest-TestProjectAdminTestsCIFS-1688372039 tempest-TestProjectAdminTestsCIFS-1688372039-project-member] Empty body provided in request {{(pid=40392) get_body /opt/stack/manila/manila/api/openstack/wsgi.py:652}}
Feb 19 02:34:11.492323 np0000156485 devstack@m-api.service[40392]: DEBUG manila.api.openstack.wsgi [None req-26f67aaa-c9bf-4b8e-81ed-24604418601d tempest-TestProjectAdminTestsCIFS-1688372039 tempest-TestProjectAdminTestsCIFS-1688372039-project-member] Calling method 'ShareMixin.show' {{(pid=40392) _process_stack /opt/stack/manila/manila/api/openstack/wsgi.py:798}}
Feb 19 02:34:11.508524 np0000156485 devstack@m-api.service[40392]: INFO manila.api.openstack.wsgi [None req-26f67aaa-c9bf-4b8e-81ed-24604418601d tempest-TestProjectAdminTestsCIFS-1688372039 tempest-TestProjectAdminTestsCIFS-1688372039-project-member] https://199.19.213.206/share/v2/49bb9cf43e1a4007ae347403c75eb40a/shares/991abdc8-218f-4279-b3fa-1283b0369e48 returned with HTTP 200
Feb 19 02:34:11.508836 np0000156485 devstack@m-api.service[40392]: [pid: 40392|app: 0|req: 139/286] 199.19.213.206 () {66 vars in 1496 bytes} [Thu Feb 19 02:34:11 2026] GET /share/v2/49bb9cf43e1a4007ae347403c75eb40a/shares/991abdc8-218f-4279-b3fa-1283b0369e48 => generated 1317 bytes in 24 msecs (HTTP/1.1 200) 7 headers in 298 bytes (1 switches on core 0)
Feb 19 02:34:11.631787 np0000156485 devstack@m-api.service[40391]: INFO manila.api.openstack.wsgi [None req-771e088a-0ac7-40c1-a881-fcbd1928839b tempest-TestProjectAdminTestsCIFS-92231781 tempest-user-1614969658] POST https://199.19.213.206/share/v2/1ea50be6be194b9bb2815d78e3e8047d/shares/1b89f032-64fa-4573-bb03-af86b756dd28/action
Feb 19 02:34:11.632391 np0000156485 devstack@m-api.service[40391]: DEBUG manila.api.openstack.wsgi [None req-771e088a-0ac7-40c1-a881-fcbd1928839b tempest-TestProjectAdminTestsCIFS-92231781 tempest-user-1614969658] Action body: b'{"allow_access": {"access_type": "user", "access_to": "Administrator", "access_level": "rw"}}' {{(pid=40391) get_method /opt/stack/manila/manila/api/openstack/wsgi.py:912}}
Feb 19 02:34:11.632643 np0000156485 devstack@m-api.service[40391]: DEBUG manila.api.openstack.wsgi [None req-771e088a-0ac7-40c1-a881-fcbd1928839b tempest-TestProjectAdminTestsCIFS-92231781 tempest-user-1614969658] Action: 'action', calling method: Controller.__getattribute__..version_select, body: {"allow_access": {"access_type": "user", "access_to": "Administrator", "access_level": "rw"}} {{(pid=40391) _process_stack /opt/stack/manila/manila/api/openstack/wsgi.py:796}}
Feb 19 02:34:11.684702 np0000156485 devstack@m-api.service[40391]: DEBUG oslo_concurrency.lockutils [None req-771e088a-0ac7-40c1-a881-fcbd1928839b tempest-TestProjectAdminTestsCIFS-92231781 tempest-user-1614969658] Acquiring lock "locked_access_rules_operation_by_share_instance_37da5721-3ff7-4ead-b53f-09bb5c0ac764" by "manila.share.access.locked_access_rules_operation..wrapped..locked_operation" {{(pid=40391) inner /opt/stack/data/venv/lib/python3.12/site-packages/oslo_concurrency/lockutils.py:506}}
Feb 19 02:34:11.685167 np0000156485 devstack@m-api.service[40391]: DEBUG oslo_concurrency.lockutils [None req-771e088a-0ac7-40c1-a881-fcbd1928839b tempest-TestProjectAdminTestsCIFS-92231781 tempest-user-1614969658] Lock "locked_access_rules_operation_by_share_instance_37da5721-3ff7-4ead-b53f-09bb5c0ac764" acquired by "manila.share.access.locked_access_rules_operation..wrapped..locked_operation" :: waited 0.001s {{(pid=40391) inner /opt/stack/data/venv/lib/python3.12/site-packages/oslo_concurrency/lockutils.py:519}}
Feb 19 02:34:11.764544 np0000156485 devstack@m-api.service[40391]: DEBUG oslo_concurrency.lockutils [None req-771e088a-0ac7-40c1-a881-fcbd1928839b tempest-TestProjectAdminTestsCIFS-92231781 tempest-user-1614969658] Lock "locked_access_rules_operation_by_share_instance_37da5721-3ff7-4ead-b53f-09bb5c0ac764" "released" by "manila.share.access.locked_access_rules_operation..wrapped..locked_operation" :: held 0.079s {{(pid=40391) inner /opt/stack/data/venv/lib/python3.12/site-packages/oslo_concurrency/lockutils.py:538}}
Feb 19 02:34:11.766214 np0000156485 devstack@m-api.service[40391]: INFO manila.api.openstack.wsgi [None req-771e088a-0ac7-40c1-a881-fcbd1928839b tempest-TestProjectAdminTestsCIFS-92231781 tempest-user-1614969658] https://199.19.213.206/share/v2/1ea50be6be194b9bb2815d78e3e8047d/shares/1b89f032-64fa-4573-bb03-af86b756dd28/action returned with HTTP 200
Feb 19 02:34:11.766634 np0000156485 devstack@m-api.service[40391]: [pid: 40391|app: 0|req: 148/287] 199.19.213.206 () {68 vars in 1538 bytes} [Thu Feb 19 02:34:11 2026] POST /share/v2/1ea50be6be194b9bb2815d78e3e8047d/shares/1b89f032-64fa-4573-bb03-af86b756dd28/action => generated 313 bytes in 173 msecs (HTTP/1.1 200) 7 headers in 297 bytes (1 switches on core 0)
Feb 19 02:34:11.784115 np0000156485 devstack@m-api.service[40392]: INFO manila.api.openstack.wsgi [None req-b3a86ed7-c57d-4ce7-b0f4-dc39734c0995 tempest-TestProjectAdminTestsCIFS-92231781 tempest-user-1614969658] GET https://199.19.213.206/share/v2/1ea50be6be194b9bb2815d78e3e8047d/share-access-rules?share_id=1b89f032-64fa-4573-bb03-af86b756dd28
Feb 19 02:34:11.784278 np0000156485 devstack@m-api.service[40392]: DEBUG manila.api.openstack.wsgi [None req-b3a86ed7-c57d-4ce7-b0f4-dc39734c0995 tempest-TestProjectAdminTestsCIFS-92231781 tempest-user-1614969658] Empty body provided in request {{(pid=40392) get_body /opt/stack/manila/manila/api/openstack/wsgi.py:652}}
Feb 19 02:34:11.784523 np0000156485 devstack@m-api.service[40392]: DEBUG manila.api.openstack.wsgi [None req-b3a86ed7-c57d-4ce7-b0f4-dc39734c0995 tempest-TestProjectAdminTestsCIFS-92231781 tempest-user-1614969658] Calling method 'Controller.__getattribute__..version_select' {{(pid=40392) _process_stack /opt/stack/manila/manila/api/openstack/wsgi.py:798}}
Feb 19 02:34:11.830449 np0000156485 devstack@m-api.service[40392]: DEBUG manila.lock.api [None req-b3a86ed7-c57d-4ce7-b0f4-dc39734c0995 tempest-TestProjectAdminTestsCIFS-92231781 tempest-user-1614969658] Searching for locks by: {'resource_id': 'c15e3d15-df49-4009-a464-5298201f48e1', 'resource_action': 'show', 'resource_type': 'access_rule', 'all_projects': True} {{(pid=40392) get_all /opt/stack/manila/manila/lock/api.py:112}}
Feb 19 02:34:11.833511 np0000156485 devstack@m-api.service[40391]: INFO manila.api.openstack.wsgi [None req-5320efec-0066-41d7-b899-0b8584a5c2b0 tempest-TestProjectMemberTestsNFS-1443133647 tempest-TestProjectMemberTestsNFS-1443133647-project-member] GET https://199.19.213.206/share/v2/238da89948dd47dc83e7679e1278b023/shares/61e1139c-ffbc-4787-bb7b-3c7ac9f9c422
Feb 19 02:34:11.834121 np0000156485 devstack@m-api.service[40391]: DEBUG manila.api.openstack.wsgi [None req-5320efec-0066-41d7-b899-0b8584a5c2b0 tempest-TestProjectMemberTestsNFS-1443133647 tempest-TestProjectMemberTestsNFS-1443133647-project-member] Empty body provided in request {{(pid=40391) get_body /opt/stack/manila/manila/api/openstack/wsgi.py:652}}
Feb 19 02:34:11.834477 np0000156485 devstack@m-api.service[40391]: DEBUG manila.api.openstack.wsgi [None req-5320efec-0066-41d7-b899-0b8584a5c2b0 tempest-TestProjectMemberTestsNFS-1443133647 tempest-TestProjectMemberTestsNFS-1443133647-project-member] Calling method 'ShareMixin.show' {{(pid=40391) _process_stack /opt/stack/manila/manila/api/openstack/wsgi.py:798}}
Feb 19 02:34:11.837530 np0000156485 devstack@m-api.service[40392]: INFO manila.api.openstack.wsgi [None req-b3a86ed7-c57d-4ce7-b0f4-dc39734c0995 tempest-TestProjectAdminTestsCIFS-92231781 tempest-user-1614969658] https://199.19.213.206/share/v2/1ea50be6be194b9bb2815d78e3e8047d/share-access-rules?share_id=1b89f032-64fa-4573-bb03-af86b756dd28 returned with HTTP 200
Feb 19 02:34:11.838563 np0000156485 devstack@m-api.service[40392]: [pid: 40392|app: 0|req: 140/288] 199.19.213.206 () {66 vars in 1512 bytes} [Thu Feb 19 02:34:11 2026] GET /share/v2/1ea50be6be194b9bb2815d78e3e8047d/share-access-rules?share_id=1b89f032-64fa-4573-bb03-af86b756dd28 => generated 268 bytes in 59 msecs (HTTP/1.1 200) 7 headers in 297 bytes (1 switches on core 0)
Feb 19 02:34:11.849569 np0000156485 devstack@m-api.service[40391]: INFO manila.api.openstack.wsgi [None req-5320efec-0066-41d7-b899-0b8584a5c2b0 tempest-TestProjectMemberTestsNFS-1443133647 tempest-TestProjectMemberTestsNFS-1443133647-project-member] https://199.19.213.206/share/v2/238da89948dd47dc83e7679e1278b023/shares/61e1139c-ffbc-4787-bb7b-3c7ac9f9c422 returned with HTTP 200
Feb 19 02:34:11.849980 np0000156485 devstack@m-api.service[40391]: [pid: 40391|app: 0|req: 149/289] 199.19.213.206 () {66 vars in 1496 bytes} [Thu Feb 19 02:34:11 2026] GET /share/v2/238da89948dd47dc83e7679e1278b023/shares/61e1139c-ffbc-4787-bb7b-3c7ac9f9c422 => generated 1314 bytes in 20 msecs (HTTP/1.1 200) 7 headers in 298 bytes (1 switches on core 0)
Feb 19 02:34:11.904485 np0000156485 devstack@m-api.service[40392]: INFO manila.api.openstack.wsgi [None req-8f23b498-cf58-46c9-ab3d-cca7e35c5360 tempest-TestProjectReaderTestsNFS-2002973420 tempest-TestProjectReaderTestsNFS-2002973420-project-member] GET https://199.19.213.206/share/v2/b1bfde85f1af44dfaca3b7bc336ac6a8/shares/77d1c792-593f-487d-a730-2a6fde81addc
Feb 19 02:34:11.904832 np0000156485 devstack@m-api.service[40392]: DEBUG manila.api.openstack.wsgi [None req-8f23b498-cf58-46c9-ab3d-cca7e35c5360 tempest-TestProjectReaderTestsNFS-2002973420 tempest-TestProjectReaderTestsNFS-2002973420-project-member] Empty body provided in request {{(pid=40392) get_body /opt/stack/manila/manila/api/openstack/wsgi.py:652}}
Feb 19 02:34:11.905084 np0000156485 devstack@m-api.service[40392]: DEBUG manila.api.openstack.wsgi [None req-8f23b498-cf58-46c9-ab3d-cca7e35c5360 tempest-TestProjectReaderTestsNFS-2002973420 tempest-TestProjectReaderTestsNFS-2002973420-project-member] Calling method 'ShareMixin.show' {{(pid=40392) _process_stack /opt/stack/manila/manila/api/openstack/wsgi.py:798}}
Feb 19 02:34:11.911568 np0000156485 devstack@m-api.service[40391]: INFO manila.api.openstack.wsgi [None req-c8784728-4481-4bfe-b297-112ffc39dbf5 tempest-TestProjectAdminTestsNFS-1367498682 tempest-TestProjectAdminTestsNFS-1367498682-project-admin] GET https://199.19.213.206/share/v2/c9bab725cade48dbb72cd49a3184c794/share-groups/357cefbc-8dcf-47fe-b0ff-702a3c738e88
Feb 19 02:34:11.911824 np0000156485 devstack@m-api.service[40391]: DEBUG manila.api.openstack.wsgi [None req-c8784728-4481-4bfe-b297-112ffc39dbf5 tempest-TestProjectAdminTestsNFS-1367498682 tempest-TestProjectAdminTestsNFS-1367498682-project-admin] Empty body provided in request {{(pid=40391) get_body /opt/stack/manila/manila/api/openstack/wsgi.py:652}}
Feb 19 02:34:11.912033 np0000156485 devstack@m-api.service[40391]: DEBUG manila.api.openstack.wsgi [None req-c8784728-4481-4bfe-b297-112ffc39dbf5 tempest-TestProjectAdminTestsNFS-1367498682 tempest-TestProjectAdminTestsNFS-1367498682-project-admin] Calling method 'Controller.__getattribute__..version_select' {{(pid=40391) _process_stack /opt/stack/manila/manila/api/openstack/wsgi.py:798}}
Feb 19 02:34:11.917545 np0000156485 devstack@m-api.service[40391]: INFO manila.api.openstack.wsgi [None req-c8784728-4481-4bfe-b297-112ffc39dbf5 tempest-TestProjectAdminTestsNFS-1367498682 tempest-TestProjectAdminTestsNFS-1367498682-project-admin] HTTP exception thrown: Share group 357cefbc-8dcf-47fe-b0ff-702a3c738e88 not found.
Feb 19 02:34:11.917897 np0000156485 devstack@m-api.service[40391]: INFO manila.api.openstack.wsgi [None req-c8784728-4481-4bfe-b297-112ffc39dbf5 tempest-TestProjectAdminTestsNFS-1367498682 tempest-TestProjectAdminTestsNFS-1367498682-project-admin] https://199.19.213.206/share/v2/c9bab725cade48dbb72cd49a3184c794/share-groups/357cefbc-8dcf-47fe-b0ff-702a3c738e88 returned with HTTP 404
Feb 19 02:34:11.918738 np0000156485 devstack@m-api.service[40391]: [pid: 40391|app: 0|req: 150/290] 199.19.213.206 () {66 vars in 1514 bytes} [Thu Feb 19 02:34:11 2026] GET /share/v2/c9bab725cade48dbb72cd49a3184c794/share-groups/357cefbc-8dcf-47fe-b0ff-702a3c738e88 => generated 105 bytes in 10 msecs (HTTP/1.1 404) 7 headers in 304 bytes (1 switches on core 0)
Feb 19 02:34:11.926132 np0000156485 devstack@m-api.service[40392]: INFO manila.api.openstack.wsgi [None req-8f23b498-cf58-46c9-ab3d-cca7e35c5360 tempest-TestProjectReaderTestsNFS-2002973420 tempest-TestProjectReaderTestsNFS-2002973420-project-member] https://199.19.213.206/share/v2/b1bfde85f1af44dfaca3b7bc336ac6a8/shares/77d1c792-593f-487d-a730-2a6fde81addc returned with HTTP 200
Feb 19 02:34:11.926557 np0000156485 devstack@m-api.service[40392]: [pid: 40392|app: 0|req: 141/291] 199.19.213.206 () {66 vars in 1496 bytes} [Thu Feb 19 02:34:11 2026] GET /share/v2/b1bfde85f1af44dfaca3b7bc336ac6a8/shares/77d1c792-593f-487d-a730-2a6fde81addc => generated 1314 bytes in 26 msecs (HTTP/1.1 200) 7 headers in 298 bytes (1 switches on core 0)
Feb 19 02:34:12.049199 np0000156485 devstack@m-api.service[40391]: INFO manila.api.openstack.wsgi [None req-172d4f1b-5f43-4559-b33a-37b9ab6a6721 tempest-TestProjectAdminTestsNFS-1367498682 tempest-user-544061260] POST https://199.19.213.206/share/v2/c9bab725cade48dbb72cd49a3184c794/share-groups
Feb 19 02:34:12.049497 np0000156485 devstack@m-api.service[40391]: DEBUG manila.api.openstack.wsgi [None req-172d4f1b-5f43-4559-b33a-37b9ab6a6721 tempest-TestProjectAdminTestsNFS-1367498682 tempest-user-544061260] Action: 'create', calling method: Controller.__getattribute__..version_select, body: {"share_group": {"name": "tempest-share-group-906217702", "share_group_type_id": "9f38027c-4ef0-4a1e-abf5-1fadd66940a3", "share_types": ["4c074b27-7cad-4bb2-92c4-fe34b0ed7536"]}} {{(pid=40391) _process_stack /opt/stack/manila/manila/api/openstack/wsgi.py:796}}
Feb 19 02:34:12.078555 np0000156485 devstack@m-api.service[40391]: DEBUG manila.quota [None req-172d4f1b-5f43-4559-b33a-37b9ab6a6721 tempest-TestProjectAdminTestsNFS-1367498682 tempest-user-544061260] Created reservations ['c20281ab-32ab-45a8-8ccb-290478a2f592'] {{(pid=40391) reserve /opt/stack/manila/manila/quota.py:1038}}
Feb 19 02:34:12.098208 np0000156485 devstack@m-api.service[40391]: DEBUG manila.quota [None req-172d4f1b-5f43-4559-b33a-37b9ab6a6721 tempest-TestProjectAdminTestsNFS-1367498682 tempest-user-544061260] Committed reservations ['c20281ab-32ab-45a8-8ccb-290478a2f592'] {{(pid=40391) commit /opt/stack/manila/manila/quota.py:1066}}
Feb 19 02:34:12.100571 np0000156485 devstack@m-api.service[40391]: INFO manila.api.openstack.wsgi [None req-172d4f1b-5f43-4559-b33a-37b9ab6a6721 tempest-TestProjectAdminTestsNFS-1367498682 tempest-user-544061260] https://199.19.213.206/share/v2/c9bab725cade48dbb72cd49a3184c794/share-groups returned with HTTP 202
Feb 19 02:34:12.101079 np0000156485 devstack@m-api.service[40391]: [pid: 40391|app: 0|req: 151/292] 199.19.213.206 () {68 vars in 1425 bytes} [Thu Feb 19 02:34:12 2026] POST /share/v2/c9bab725cade48dbb72cd49a3184c794/share-groups => generated 803 bytes in 77 msecs (HTTP/1.1 202) 7 headers in 303 bytes (1 switches on core 0)
Feb 19 02:34:12.114690 np0000156485 devstack@m-api.service[40392]: INFO manila.api.openstack.wsgi [None req-f789e6e3-5d9f-42fa-9cbe-3005f7a298b3 tempest-TestProjectAdminTestsNFS-1367498682 tempest-user-544061260] GET https://199.19.213.206/share/v2/c9bab725cade48dbb72cd49a3184c794/share-groups/dcb3756b-dddd-445c-aa62-b4b2c3c7404a
Feb 19 02:34:12.115145 np0000156485 devstack@m-api.service[40392]: DEBUG manila.api.openstack.wsgi [None req-f789e6e3-5d9f-42fa-9cbe-3005f7a298b3 tempest-TestProjectAdminTestsNFS-1367498682 tempest-user-544061260] Empty body provided in request {{(pid=40392) get_body /opt/stack/manila/manila/api/openstack/wsgi.py:652}}
Feb 19 02:34:12.115484 np0000156485 devstack@m-api.service[40392]: DEBUG manila.api.openstack.wsgi [None req-f789e6e3-5d9f-42fa-9cbe-3005f7a298b3 tempest-TestProjectAdminTestsNFS-1367498682 tempest-user-544061260] Calling method 'Controller.__getattribute__..version_select' {{(pid=40392) _process_stack /opt/stack/manila/manila/api/openstack/wsgi.py:798}}
Feb 19 02:34:12.122393 np0000156485 devstack@m-api.service[40392]: INFO manila.api.openstack.wsgi [None req-f789e6e3-5d9f-42fa-9cbe-3005f7a298b3 tempest-TestProjectAdminTestsNFS-1367498682 tempest-user-544061260] https://199.19.213.206/share/v2/c9bab725cade48dbb72cd49a3184c794/share-groups/dcb3756b-dddd-445c-aa62-b4b2c3c7404a returned with HTTP 200
Feb 19 02:34:12.122813 np0000156485 devstack@m-api.service[40392]: [pid: 40392|app: 0|req: 142/293] 199.19.213.206 () {66 vars in 1514 bytes} [Thu Feb 19 02:34:12 2026] GET /share/v2/c9bab725cade48dbb72cd49a3184c794/share-groups/dcb3756b-dddd-445c-aa62-b4b2c3c7404a => generated 803 bytes in 13 msecs (HTTP/1.1 200) 7 headers in 297 bytes (1 switches on core 0)
Feb 19 02:34:12.199678 np0000156485 devstack@m-api.service[40391]: INFO manila.api.openstack.wsgi [None req-ffda75c1-42b5-4b2f-bd1c-92a769918bbb tempest-TestProjectMemberTestsNFS-1054437639 tempest-TestProjectMemberTestsNFS-1054437639-project-member] GET https://199.19.213.206/share/v2/b03956a99b5c491cae7907ac7f735df9/shares/c2b8d2b3-e652-4af3-b613-ab42a2e29025
Feb 19 02:34:12.200115 np0000156485 devstack@m-api.service[40391]: DEBUG manila.api.openstack.wsgi [None req-ffda75c1-42b5-4b2f-bd1c-92a769918bbb tempest-TestProjectMemberTestsNFS-1054437639 tempest-TestProjectMemberTestsNFS-1054437639-project-member] Empty body provided in request {{(pid=40391) get_body /opt/stack/manila/manila/api/openstack/wsgi.py:652}}
Feb 19 02:34:12.200460 np0000156485 devstack@m-api.service[40391]: DEBUG manila.api.openstack.wsgi [None req-ffda75c1-42b5-4b2f-bd1c-92a769918bbb tempest-TestProjectMemberTestsNFS-1054437639 tempest-TestProjectMemberTestsNFS-1054437639-project-member] Calling method 'ShareMixin.show' {{(pid=40391) _process_stack /opt/stack/manila/manila/api/openstack/wsgi.py:798}}
Feb 19 02:34:12.206033 np0000156485 devstack@m-api.service[40391]: INFO manila.api.openstack.wsgi [None req-ffda75c1-42b5-4b2f-bd1c-92a769918bbb tempest-TestProjectMemberTestsNFS-1054437639 tempest-TestProjectMemberTestsNFS-1054437639-project-member] HTTP exception thrown: The resource could not be found.
Feb 19 02:34:12.206169 np0000156485 devstack@m-api.service[40391]: INFO manila.api.openstack.wsgi [None req-ffda75c1-42b5-4b2f-bd1c-92a769918bbb tempest-TestProjectMemberTestsNFS-1054437639 tempest-TestProjectMemberTestsNFS-1054437639-project-member] https://199.19.213.206/share/v2/b03956a99b5c491cae7907ac7f735df9/shares/c2b8d2b3-e652-4af3-b613-ab42a2e29025 returned with HTTP 404
Feb 19 02:34:12.206565 np0000156485 devstack@m-api.service[40391]: [pid: 40391|app: 0|req: 152/294] 199.19.213.206 () {66 vars in 1496 bytes} [Thu Feb 19 02:34:12 2026] GET /share/v2/b03956a99b5c491cae7907ac7f735df9/shares/c2b8d2b3-e652-4af3-b613-ab42a2e29025 => generated 78 bytes in 11 msecs (HTTP/1.1 404) 7 headers in 303 bytes (1 switches on core 0)
Feb 19 02:34:12.213851 np0000156485 devstack@m-api.service[40392]: INFO manila.api.openstack.wsgi [None req-71e77998-d4df-438f-9f32-6d23375bb5c4 tempest-TestProjectAdminTestsCIFS-452152768 tempest-TestProjectAdminTestsCIFS-452152768-project-member] GET https://199.19.213.206/share/v2/4ffd8406aa594e58af84633999281018/share-groups/b2b6f5d8-ba13-4547-9c47-c6281d03e17e
Feb 19 02:34:12.214034 np0000156485 devstack@m-api.service[40392]: DEBUG manila.api.openstack.wsgi [None req-71e77998-d4df-438f-9f32-6d23375bb5c4 tempest-TestProjectAdminTestsCIFS-452152768 tempest-TestProjectAdminTestsCIFS-452152768-project-member] Empty body provided in request {{(pid=40392) get_body /opt/stack/manila/manila/api/openstack/wsgi.py:652}}
Feb 19 02:34:12.214263 np0000156485 devstack@m-api.service[40392]: DEBUG manila.api.openstack.wsgi [None req-71e77998-d4df-438f-9f32-6d23375bb5c4 tempest-TestProjectAdminTestsCIFS-452152768 tempest-TestProjectAdminTestsCIFS-452152768-project-member] Calling method 'Controller.__getattribute__..version_select' {{(pid=40392) _process_stack /opt/stack/manila/manila/api/openstack/wsgi.py:798}}
Feb 19 02:34:12.220142 np0000156485 devstack@m-api.service[40391]: INFO manila.api.openstack.wsgi [None req-479dff7d-fa5a-4568-b90b-600f9348ed41 tempest-TestProjectMemberTestsNFS-292383421 tempest-TestProjectMemberTestsNFS-292383421-project-member] DELETE https://199.19.213.206/share/v2/423987b059154fe0a85df730f3f4eca4/shares/a1068b26-4aea-400a-8654-abfee82afbc6
Feb 19 02:34:12.220283 np0000156485 devstack@m-api.service[40392]: INFO manila.api.openstack.wsgi [None req-71e77998-d4df-438f-9f32-6d23375bb5c4 tempest-TestProjectAdminTestsCIFS-452152768 tempest-TestProjectAdminTestsCIFS-452152768-project-member] https://199.19.213.206/share/v2/4ffd8406aa594e58af84633999281018/share-groups/b2b6f5d8-ba13-4547-9c47-c6281d03e17e returned with HTTP 200
Feb 19 02:34:12.220515 np0000156485 devstack@m-api.service[40391]: DEBUG manila.api.openstack.wsgi [None req-479dff7d-fa5a-4568-b90b-600f9348ed41 tempest-TestProjectMemberTestsNFS-292383421 tempest-TestProjectMemberTestsNFS-292383421-project-member] Empty body provided in request {{(pid=40391) get_body /opt/stack/manila/manila/api/openstack/wsgi.py:652}}
Feb 19 02:34:12.220641 np0000156485 devstack@m-api.service[40392]: [pid: 40392|app: 0|req: 143/295] 199.19.213.206 () {66 vars in 1514 bytes} [Thu Feb 19 02:34:12 2026] GET /share/v2/4ffd8406aa594e58af84633999281018/share-groups/b2b6f5d8-ba13-4547-9c47-c6281d03e17e => generated 853 bytes in 11 msecs (HTTP/1.1 200) 7 headers in 297 bytes (1 switches on core 0)
Feb 19 02:34:12.220815 np0000156485 devstack@m-api.service[40391]: DEBUG manila.api.openstack.wsgi [None req-479dff7d-fa5a-4568-b90b-600f9348ed41 tempest-TestProjectMemberTestsNFS-292383421 tempest-TestProjectMemberTestsNFS-292383421-project-member] Calling method 'ShareMixin.delete' {{(pid=40391) _process_stack /opt/stack/manila/manila/api/openstack/wsgi.py:798}}
Feb 19 02:34:12.222087 np0000156485 devstack@m-api.service[40391]: INFO manila.api.v2.shares [None req-479dff7d-fa5a-4568-b90b-600f9348ed41 tempest-TestProjectMemberTestsNFS-292383421 tempest-TestProjectMemberTestsNFS-292383421-project-member] Delete share with id: a1068b26-4aea-400a-8654-abfee82afbc6
Feb 19 02:34:12.222789 np0000156485 devstack@m-api.service[40392]: INFO manila.api.openstack.wsgi [None req-11ac01bd-004d-4e3b-be36-d003b6cb8984 tempest-TestProjectMemberTestsNFS-742780185 tempest-TestProjectMemberTestsNFS-742780185-project-member] GET https://199.19.213.206/share/v2/920e8d8d50d347e19b40823d0df5c1ec/shares/4bbf7b5f-1c10-4dc4-91dc-4448030f1f5c
Feb 19 02:34:12.222789 np0000156485 devstack@m-api.service[40392]: DEBUG manila.api.openstack.wsgi [None req-11ac01bd-004d-4e3b-be36-d003b6cb8984 tempest-TestProjectMemberTestsNFS-742780185 tempest-TestProjectMemberTestsNFS-742780185-project-member] Empty body provided in request {{(pid=40392) get_body /opt/stack/manila/manila/api/openstack/wsgi.py:652}}
Feb 19 02:34:12.222896 np0000156485 devstack@m-api.service[40392]: DEBUG manila.api.openstack.wsgi [None req-11ac01bd-004d-4e3b-be36-d003b6cb8984 tempest-TestProjectMemberTestsNFS-742780185 tempest-TestProjectMemberTestsNFS-742780185-project-member] Calling method 'ShareMixin.show' {{(pid=40392) _process_stack /opt/stack/manila/manila/api/openstack/wsgi.py:798}}
Feb 19 02:34:12.238338 np0000156485 devstack@m-api.service[40392]: INFO manila.api.openstack.wsgi [None req-11ac01bd-004d-4e3b-be36-d003b6cb8984 tempest-TestProjectMemberTestsNFS-742780185 tempest-TestProjectMemberTestsNFS-742780185-project-member] https://199.19.213.206/share/v2/920e8d8d50d347e19b40823d0df5c1ec/shares/4bbf7b5f-1c10-4dc4-91dc-4448030f1f5c returned with HTTP 200
Feb 19 02:34:12.238946 np0000156485 devstack@m-api.service[40392]: [pid: 40392|app: 0|req: 144/296] 199.19.213.206 () {66 vars in 1496 bytes} [Thu Feb 19 02:34:12 2026] GET /share/v2/920e8d8d50d347e19b40823d0df5c1ec/shares/4bbf7b5f-1c10-4dc4-91dc-4448030f1f5c => generated 1317 bytes in 18 msecs (HTTP/1.1 200) 7 headers in 298 bytes (1 switches on core 0)
Feb 19 02:34:12.243162 np0000156485 devstack@m-api.service[40392]: INFO manila.api.openstack.wsgi [None req-e5d01245-9441-4756-8991-49268985cc21 tempest-TestProjectAdminTestsCIFS-1212024206 tempest-TestProjectAdminTestsCIFS-1212024206-project-admin] DELETE https://199.19.213.206/share/v2/dc78276f13f849ae98ca7629cc367466/share-groups/b2b6f5d8-ba13-4547-9c47-c6281d03e17e
Feb 19 02:34:12.244106 np0000156485 devstack@m-api.service[40392]: DEBUG manila.api.openstack.wsgi [None req-e5d01245-9441-4756-8991-49268985cc21 tempest-TestProjectAdminTestsCIFS-1212024206 tempest-TestProjectAdminTestsCIFS-1212024206-project-admin] Empty body provided in request {{(pid=40392) get_body /opt/stack/manila/manila/api/openstack/wsgi.py:652}}
Feb 19 02:34:12.244106 np0000156485 devstack@m-api.service[40392]: DEBUG manila.api.openstack.wsgi [None req-e5d01245-9441-4756-8991-49268985cc21 tempest-TestProjectAdminTestsCIFS-1212024206 tempest-TestProjectAdminTestsCIFS-1212024206-project-admin] Calling method 'Controller.__getattribute__..version_select' {{(pid=40392) _process_stack /opt/stack/manila/manila/api/openstack/wsgi.py:798}}
Feb 19 02:34:12.244296 np0000156485 devstack@m-api.service[40392]: INFO manila.api.v2.share_groups [None req-e5d01245-9441-4756-8991-49268985cc21 tempest-TestProjectAdminTestsCIFS-1212024206 tempest-TestProjectAdminTestsCIFS-1212024206-project-admin] Delete share group with id: b2b6f5d8-ba13-4547-9c47-c6281d03e17e
Feb 19 02:34:12.318381 np0000156485 devstack@m-api.service[40392]: DEBUG manila.quota [None req-e5d01245-9441-4756-8991-49268985cc21 tempest-TestProjectAdminTestsCIFS-1212024206 tempest-TestProjectAdminTestsCIFS-1212024206-project-admin] Created reservations ['b49f971c-ec5a-4399-8838-e229ea58a4dd'] {{(pid=40392) reserve /opt/stack/manila/manila/quota.py:1038}}
Feb 19 02:34:12.339502 np0000156485 devstack@m-api.service[40392]: DEBUG manila.quota [None req-e5d01245-9441-4756-8991-49268985cc21 tempest-TestProjectAdminTestsCIFS-1212024206 tempest-TestProjectAdminTestsCIFS-1212024206-project-admin] Committed reservations ['b49f971c-ec5a-4399-8838-e229ea58a4dd'] {{(pid=40392) commit /opt/stack/manila/manila/quota.py:1066}}
Feb 19 02:34:12.339759 np0000156485 devstack@m-api.service[40392]: INFO manila.api.openstack.wsgi [None req-e5d01245-9441-4756-8991-49268985cc21 tempest-TestProjectAdminTestsCIFS-1212024206 tempest-TestProjectAdminTestsCIFS-1212024206-project-admin] https://199.19.213.206/share/v2/dc78276f13f849ae98ca7629cc367466/share-groups/b2b6f5d8-ba13-4547-9c47-c6281d03e17e returned with HTTP 202
Feb 19 02:34:12.340351 np0000156485 devstack@m-api.service[40392]: [pid: 40392|app: 0|req: 145/297] 199.19.213.206 () {66 vars in 1517 bytes} [Thu Feb 19 02:34:12 2026] DELETE /share/v2/dc78276f13f849ae98ca7629cc367466/share-groups/b2b6f5d8-ba13-4547-9c47-c6281d03e17e => generated 0 bytes in 101 msecs (HTTP/1.1 202) 7 headers in 309 bytes (1 switches on core 0)
Feb 19 02:34:12.341306 np0000156485 devstack@m-api.service[40391]: INFO manila.api.openstack.wsgi [None req-479dff7d-fa5a-4568-b90b-600f9348ed41 tempest-TestProjectMemberTestsNFS-292383421 tempest-TestProjectMemberTestsNFS-292383421-project-member] https://199.19.213.206/share/v2/423987b059154fe0a85df730f3f4eca4/shares/a1068b26-4aea-400a-8654-abfee82afbc6 returned with HTTP 202
Feb 19 02:34:12.341411 np0000156485 devstack@m-api.service[40391]: [pid: 40391|app: 0|req: 153/298] 199.19.213.206 () {66 vars in 1499 bytes} [Thu Feb 19 02:34:12 2026] DELETE /share/v2/423987b059154fe0a85df730f3f4eca4/shares/a1068b26-4aea-400a-8654-abfee82afbc6 => generated 0 bytes in 125 msecs (HTTP/1.1 202) 7 headers in 309 bytes (1 switches on core 0)
Feb 19 02:34:12.344830 np0000156485 devstack@m-api.service[40391]: INFO manila.api.openstack.wsgi [None req-8512e38d-af03-4482-b5c7-33d4e3da2365 tempest-TestProjectMemberTestsCIFS-82643857 tempest-TestProjectMemberTestsCIFS-82643857-project-member] GET https://199.19.213.206/share/v2/db11711dac4c4894a35d5895ef362803/share-groups/2cff97cc-07cc-48d1-8d55-425963b24415
Feb 19 02:34:12.345151 np0000156485 devstack@m-api.service[40391]: DEBUG manila.api.openstack.wsgi [None req-8512e38d-af03-4482-b5c7-33d4e3da2365 tempest-TestProjectMemberTestsCIFS-82643857 tempest-TestProjectMemberTestsCIFS-82643857-project-member] Empty body provided in request {{(pid=40391) get_body /opt/stack/manila/manila/api/openstack/wsgi.py:652}}
Feb 19 02:34:12.345421 np0000156485 devstack@m-api.service[40391]: DEBUG manila.api.openstack.wsgi [None req-8512e38d-af03-4482-b5c7-33d4e3da2365 tempest-TestProjectMemberTestsCIFS-82643857 tempest-TestProjectMemberTestsCIFS-82643857-project-member] Calling method 'Controller.__getattribute__..version_select' {{(pid=40391) _process_stack /opt/stack/manila/manila/api/openstack/wsgi.py:798}}
Feb 19 02:34:12.355113 np0000156485 devstack@m-api.service[40391]: INFO manila.api.openstack.wsgi [None req-8512e38d-af03-4482-b5c7-33d4e3da2365 tempest-TestProjectMemberTestsCIFS-82643857 tempest-TestProjectMemberTestsCIFS-82643857-project-member] https://199.19.213.206/share/v2/db11711dac4c4894a35d5895ef362803/share-groups/2cff97cc-07cc-48d1-8d55-425963b24415 returned with HTTP 200
Feb 19 02:34:12.355113 np0000156485 devstack@m-api.service[40391]: [pid: 40391|app: 0|req: 154/299] 199.19.213.206 () {66 vars in 1514 bytes} [Thu Feb 19 02:34:12 2026] GET /share/v2/db11711dac4c4894a35d5895ef362803/share-groups/2cff97cc-07cc-48d1-8d55-425963b24415 => generated 853 bytes in 13 msecs (HTTP/1.1 200) 7 headers in 297 bytes (1 switches on core 0)
Feb 19 02:34:12.357428 np0000156485 devstack@m-api.service[40391]: INFO manila.api.openstack.wsgi [None req-718d06e5-9d0c-4efe-a6a5-bf36a136984a tempest-TestProjectAdminTestsCIFS-1212024206 tempest-TestProjectAdminTestsCIFS-1212024206-project-admin] GET https://199.19.213.206/share/v2/dc78276f13f849ae98ca7629cc367466/share-groups/b2b6f5d8-ba13-4547-9c47-c6281d03e17e
Feb 19 02:34:12.357820 np0000156485 devstack@m-api.service[40391]: DEBUG manila.api.openstack.wsgi [None req-718d06e5-9d0c-4efe-a6a5-bf36a136984a tempest-TestProjectAdminTestsCIFS-1212024206 tempest-TestProjectAdminTestsCIFS-1212024206-project-admin] Empty body provided in request {{(pid=40391) get_body /opt/stack/manila/manila/api/openstack/wsgi.py:652}}
Feb 19 02:34:12.357820 np0000156485 devstack@m-api.service[40391]: DEBUG manila.api.openstack.wsgi [None req-718d06e5-9d0c-4efe-a6a5-bf36a136984a tempest-TestProjectAdminTestsCIFS-1212024206 tempest-TestProjectAdminTestsCIFS-1212024206-project-admin] Calling method 'Controller.__getattribute__..version_select' {{(pid=40391) _process_stack /opt/stack/manila/manila/api/openstack/wsgi.py:798}}
Feb 19 02:34:12.361525 np0000156485 devstack@m-api.service[40391]: INFO manila.api.openstack.wsgi [None req-718d06e5-9d0c-4efe-a6a5-bf36a136984a tempest-TestProjectAdminTestsCIFS-1212024206 tempest-TestProjectAdminTestsCIFS-1212024206-project-admin] HTTP exception thrown: Share group b2b6f5d8-ba13-4547-9c47-c6281d03e17e not found.
Feb 19 02:34:12.361663 np0000156485 devstack@m-api.service[40391]: INFO manila.api.openstack.wsgi [None req-718d06e5-9d0c-4efe-a6a5-bf36a136984a tempest-TestProjectAdminTestsCIFS-1212024206 tempest-TestProjectAdminTestsCIFS-1212024206-project-admin] https://199.19.213.206/share/v2/dc78276f13f849ae98ca7629cc367466/share-groups/b2b6f5d8-ba13-4547-9c47-c6281d03e17e returned with HTTP 404
Feb 19 02:34:12.362021 np0000156485 devstack@m-api.service[40391]: [pid: 40391|app: 0|req: 155/300] 199.19.213.206 () {66 vars in 1514 bytes} [Thu Feb 19 02:34:12 2026] GET /share/v2/dc78276f13f849ae98ca7629cc367466/share-groups/b2b6f5d8-ba13-4547-9c47-c6281d03e17e => generated 105 bytes in 7 msecs (HTTP/1.1 404) 7 headers in 304 bytes (1 switches on core 0)
Feb 19 02:34:12.366268 np0000156485 devstack@m-api.service[40391]: INFO manila.api.openstack.wsgi [None req-bccf7948-6a5c-469a-b2a0-8d5926db3c0a tempest-TestProjectMemberTestsNFS-292383421 tempest-TestProjectMemberTestsNFS-292383421-project-member] GET https://199.19.213.206/share/v2/423987b059154fe0a85df730f3f4eca4/shares/a1068b26-4aea-400a-8654-abfee82afbc6
Feb 19 02:34:12.366527 np0000156485 devstack@m-api.service[40391]: DEBUG manila.api.openstack.wsgi [None req-bccf7948-6a5c-469a-b2a0-8d5926db3c0a tempest-TestProjectMemberTestsNFS-292383421 tempest-TestProjectMemberTestsNFS-292383421-project-member] Empty body provided in request {{(pid=40391) get_body /opt/stack/manila/manila/api/openstack/wsgi.py:652}}
Feb 19 02:34:12.366783 np0000156485 devstack@m-api.service[40391]: DEBUG manila.api.openstack.wsgi [None req-bccf7948-6a5c-469a-b2a0-8d5926db3c0a tempest-TestProjectMemberTestsNFS-292383421 tempest-TestProjectMemberTestsNFS-292383421-project-member] Calling method 'ShareMixin.show' {{(pid=40391) _process_stack /opt/stack/manila/manila/api/openstack/wsgi.py:798}}
Feb 19 02:34:12.379792 np0000156485 devstack@m-api.service[40392]: INFO manila.api.openstack.wsgi [None req-6c66d84f-1494-4c8e-bd4b-5865ee4b8b01 tempest-TestProjectMemberTestsNFS-46172589 tempest-TestProjectMemberTestsNFS-46172589-project-member] POST https://199.19.213.206/share/v2/c0c0f717c8e840bebaeabf5d4e326ad0/shares
Feb 19 02:34:12.380288 np0000156485 devstack@m-api.service[40392]: DEBUG manila.api.openstack.wsgi [None req-6c66d84f-1494-4c8e-bd4b-5865ee4b8b01 tempest-TestProjectMemberTestsNFS-46172589 tempest-TestProjectMemberTestsNFS-46172589-project-member] Action: 'create', calling method: Controller.__getattribute__..version_select, body: {"share": {"share_proto": "nfs", "description": "tempest-tempest-created-share-desc-1771070010", "snapshot_id": null, "name": "tempest-share-655566764", "size": 1, "metadata": {}, "is_public": false, "share_type": "dae8ce21-19c5-4257-932b-c83c161de6fb"}} {{(pid=40392) _process_stack /opt/stack/manila/manila/api/openstack/wsgi.py:796}}
Feb 19 02:34:12.381697 np0000156485 devstack@m-api.service[40392]: INFO manila.api.v2.shares [None req-6c66d84f-1494-4c8e-bd4b-5865ee4b8b01 tempest-TestProjectMemberTestsNFS-46172589 tempest-TestProjectMemberTestsNFS-46172589-project-member] Create NFS share of 1 GB
Feb 19 02:34:12.385961 np0000156485 devstack@m-api.service[40391]: INFO manila.api.openstack.wsgi [None req-bccf7948-6a5c-469a-b2a0-8d5926db3c0a tempest-TestProjectMemberTestsNFS-292383421 tempest-TestProjectMemberTestsNFS-292383421-project-member] https://199.19.213.206/share/v2/423987b059154fe0a85df730f3f4eca4/shares/a1068b26-4aea-400a-8654-abfee82afbc6 returned with HTTP 200
Feb 19 02:34:12.386503 np0000156485 devstack@m-api.service[40391]: [pid: 40391|app: 0|req: 156/301] 199.19.213.206 () {66 vars in 1496 bytes} [Thu Feb 19 02:34:12 2026] GET /share/v2/423987b059154fe0a85df730f3f4eca4/shares/a1068b26-4aea-400a-8654-abfee82afbc6 => generated 1317 bytes in 24 msecs (HTTP/1.1 200) 7 headers in 298 bytes (1 switches on core 0)
Feb 19 02:34:12.390791 np0000156485 devstack@m-api.service[40391]: INFO manila.api.openstack.wsgi [None req-4b8bfd1d-6dce-4d9e-8077-7e2077229a6c tempest-TestProjectMemberTestsCIFS-82643857 tempest-TestProjectMemberTestsCIFS-82643857-project-member] POST https://199.19.213.206/share/v2/db11711dac4c4894a35d5895ef362803/share-groups/2cff97cc-07cc-48d1-8d55-425963b24415/action
Feb 19 02:34:12.391280 np0000156485 devstack@m-api.service[40391]: DEBUG manila.api.openstack.wsgi [None req-4b8bfd1d-6dce-4d9e-8077-7e2077229a6c tempest-TestProjectMemberTestsCIFS-82643857 tempest-TestProjectMemberTestsCIFS-82643857-project-member] Action body: b'{"force_delete": null}' {{(pid=40391) get_method /opt/stack/manila/manila/api/openstack/wsgi.py:912}}
Feb 19 02:34:12.391461 np0000156485 devstack@m-api.service[40391]: DEBUG manila.api.openstack.wsgi [None req-4b8bfd1d-6dce-4d9e-8077-7e2077229a6c tempest-TestProjectMemberTestsCIFS-82643857 tempest-TestProjectMemberTestsCIFS-82643857-project-member] Action: 'action', calling method: Controller.__getattribute__..version_select, body: {"force_delete": null} {{(pid=40391) _process_stack /opt/stack/manila/manila/api/openstack/wsgi.py:796}}
Feb 19 02:34:12.392160 np0000156485 devstack@m-api.service[40391]: DEBUG manila.policy [None req-4b8bfd1d-6dce-4d9e-8077-7e2077229a6c tempest-TestProjectMemberTestsCIFS-82643857 tempest-TestProjectMemberTestsCIFS-82643857-project-member] Policy check for share_group:force_delete failed with credentials {'is_admin': False, 'user_id': '1cb6071737294d94a7f65137ea32dfab', 'user_domain_id': 'default', 'system_scope': None, 'domain_id': None, 'project_id': 'db11711dac4c4894a35d5895ef362803', 'project_domain_id': 'default', 'roles': ['reader', 'member'], 'is_admin_project': True, 'service_user_id': None, 'service_user_domain_id': None, 'service_project_id': None, 'service_project_domain_id': None, 'service_roles': []} {{(pid=40391) authorize /opt/stack/manila/manila/policy.py:200}}
Feb 19 02:34:12.392344 np0000156485 devstack@m-api.service[40391]: INFO manila.api.openstack.wsgi [None req-4b8bfd1d-6dce-4d9e-8077-7e2077229a6c tempest-TestProjectMemberTestsCIFS-82643857 tempest-TestProjectMemberTestsCIFS-82643857-project-member] HTTP exception thrown: Access was denied to this resource.
Feb 19 02:34:12.392546 np0000156485 devstack@m-api.service[40391]: INFO manila.api.openstack.wsgi [None req-4b8bfd1d-6dce-4d9e-8077-7e2077229a6c tempest-TestProjectMemberTestsCIFS-82643857 tempest-TestProjectMemberTestsCIFS-82643857-project-member] https://199.19.213.206/share/v2/db11711dac4c4894a35d5895ef362803/share-groups/2cff97cc-07cc-48d1-8d55-425963b24415/action returned with HTTP 403
Feb 19 02:34:12.393105 np0000156485 devstack@m-api.service[40391]: [pid: 40391|app: 0|req: 157/302] 199.19.213.206 () {68 vars in 1556 bytes} [Thu Feb 19 02:34:12 2026] POST /share/v2/db11711dac4c4894a35d5895ef362803/share-groups/2cff97cc-07cc-48d1-8d55-425963b24415/action => generated 78 bytes in 6 msecs (HTTP/1.1 403) 7 headers in 303 bytes (1 switches on core 0)
Feb 19 02:34:12.395735 np0000156485 devstack@m-api.service[40391]: INFO manila.api.openstack.wsgi [None req-564ae8ad-90c4-4ad7-9137-452c5b71fd7c tempest-TestProjectAdminTestsCIFS-1212024206 tempest-user-1902498005] POST https://199.19.213.206/share/v2/dc78276f13f849ae98ca7629cc367466/share-groups
Feb 19 02:34:12.396132 np0000156485 devstack@m-api.service[40391]: DEBUG manila.api.openstack.wsgi [None req-564ae8ad-90c4-4ad7-9137-452c5b71fd7c tempest-TestProjectAdminTestsCIFS-1212024206 tempest-user-1902498005] Action: 'create', calling method: Controller.__getattribute__..version_select, body: {"share_group": {"name": "tempest-share-group-900768626", "share_group_type_id": "ad1e6628-a422-4c70-bd5c-385658e31294", "share_types": ["2cfc5e47-42ba-4d97-97f0-128ee20e5406"]}} {{(pid=40391) _process_stack /opt/stack/manila/manila/api/openstack/wsgi.py:796}}
Feb 19 02:34:12.430147 np0000156485 devstack@m-api.service[40391]: DEBUG manila.quota [None req-564ae8ad-90c4-4ad7-9137-452c5b71fd7c tempest-TestProjectAdminTestsCIFS-1212024206 tempest-user-1902498005] Created reservations ['96bc3edb-afa9-4911-af6e-f39e03a912be'] {{(pid=40391) reserve /opt/stack/manila/manila/quota.py:1038}}
Feb 19 02:34:12.432820 np0000156485 devstack@m-api.service[40392]: DEBUG manila.quota [None req-6c66d84f-1494-4c8e-bd4b-5865ee4b8b01 tempest-TestProjectMemberTestsNFS-46172589 tempest-TestProjectMemberTestsNFS-46172589-project-member] Created reservations ['b0149fff-e9ae-41e2-974a-bdcf70c3eb25', 'fbfc1897-ac44-4ff5-b401-fc554fd5fd6b', '9264188d-1006-4d22-8b6c-03986d9ad8fa', '2bf2b7f4-37a7-4cff-9a39-1bd2934b6916'] {{(pid=40392) reserve /opt/stack/manila/manila/quota.py:1038}}
Feb 19 02:34:12.521098 np0000156485 devstack@m-api.service[40391]: DEBUG manila.quota [None req-564ae8ad-90c4-4ad7-9137-452c5b71fd7c tempest-TestProjectAdminTestsCIFS-1212024206 tempest-user-1902498005] Committed reservations ['96bc3edb-afa9-4911-af6e-f39e03a912be'] {{(pid=40391) commit /opt/stack/manila/manila/quota.py:1066}}
Feb 19 02:34:12.524739 np0000156485 devstack@m-api.service[40391]: INFO manila.api.openstack.wsgi [None req-564ae8ad-90c4-4ad7-9137-452c5b71fd7c tempest-TestProjectAdminTestsCIFS-1212024206 tempest-user-1902498005] https://199.19.213.206/share/v2/dc78276f13f849ae98ca7629cc367466/share-groups returned with HTTP 202
Feb 19 02:34:12.525243 np0000156485 devstack@m-api.service[40391]: [pid: 40391|app: 0|req: 158/303] 199.19.213.206 () {68 vars in 1425 bytes} [Thu Feb 19 02:34:12 2026] POST /share/v2/dc78276f13f849ae98ca7629cc367466/share-groups => generated 803 bytes in 132 msecs (HTTP/1.1 202) 7 headers in 303 bytes (1 switches on core 0)
Feb 19 02:34:12.529132 np0000156485 devstack@m-api.service[40391]: INFO manila.api.openstack.wsgi [None req-ac507257-45cc-431c-91b4-1c6d38928128 tempest-TestProjectMemberTestsCIFS-76720649 tempest-TestProjectMemberTestsCIFS-76720649-project-member] POST https://199.19.213.206/share/v2/d2b5a02e375c4f86b6444e669d591c79/share-groups
Feb 19 02:34:12.529415 np0000156485 devstack@m-api.service[40391]: DEBUG manila.api.openstack.wsgi [None req-ac507257-45cc-431c-91b4-1c6d38928128 tempest-TestProjectMemberTestsCIFS-76720649 tempest-TestProjectMemberTestsCIFS-76720649-project-member] Action: 'create', calling method: Controller.__getattribute__..version_select, body: {"share_group": {"name": "tempest-share-group-659221984", "share_group_type_id": "1e67fad4-56db-412d-a101-ef68b55f2156", "share_types": ["a92a2154-0e9b-49e6-8fcb-46b55695f89e"]}} {{(pid=40391) _process_stack /opt/stack/manila/manila/api/openstack/wsgi.py:796}}
Feb 19 02:34:12.534705 np0000156485 devstack@m-api.service[40392]: DEBUG manila.quota [None req-6c66d84f-1494-4c8e-bd4b-5865ee4b8b01 tempest-TestProjectMemberTestsNFS-46172589 tempest-TestProjectMemberTestsNFS-46172589-project-member] Committed reservations ['b0149fff-e9ae-41e2-974a-bdcf70c3eb25', 'fbfc1897-ac44-4ff5-b401-fc554fd5fd6b', '9264188d-1006-4d22-8b6c-03986d9ad8fa', '2bf2b7f4-37a7-4cff-9a39-1bd2934b6916'] {{(pid=40392) commit /opt/stack/manila/manila/quota.py:1066}}
Feb 19 02:34:12.559295 np0000156485 devstack@m-api.service[40391]: DEBUG manila.quota [None req-ac507257-45cc-431c-91b4-1c6d38928128 tempest-TestProjectMemberTestsCIFS-76720649 tempest-TestProjectMemberTestsCIFS-76720649-project-member] Created reservations ['d659f627-fa88-47db-bfaa-ac2b51e14ae4'] {{(pid=40391) reserve /opt/stack/manila/manila/quota.py:1038}}
Feb 19 02:34:12.596410 np0000156485 devstack@m-api.service[40392]: INFO manila.api.openstack.wsgi [None req-6c66d84f-1494-4c8e-bd4b-5865ee4b8b01 tempest-TestProjectMemberTestsNFS-46172589 tempest-TestProjectMemberTestsNFS-46172589-project-member] https://199.19.213.206/share/v2/c0c0f717c8e840bebaeabf5d4e326ad0/shares returned with HTTP 200
Feb 19 02:34:12.596737 np0000156485 devstack@m-api.service[40392]: [pid: 40392|app: 0|req: 146/304] 199.19.213.206 () {68 vars in 1407 bytes} [Thu Feb 19 02:34:12 2026] POST /share/v2/c0c0f717c8e840bebaeabf5d4e326ad0/shares => generated 1303 bytes in 256 msecs (HTTP/1.1 200) 7 headers in 298 bytes (1 switches on core 0)
Feb 19 02:34:12.599002 np0000156485 devstack@m-api.service[40392]: INFO manila.api.openstack.wsgi [None req-c4917588-6245-4614-9add-12e15f0b6b58 tempest-TestProjectAdminTestsCIFS-1212024206 tempest-user-1902498005] GET https://199.19.213.206/share/v2/dc78276f13f849ae98ca7629cc367466/share-groups/d7ab1487-961a-4ccc-aa16-1abe405a2ab5
Feb 19 02:34:12.599235 np0000156485 devstack@m-api.service[40392]: DEBUG manila.api.openstack.wsgi [None req-c4917588-6245-4614-9add-12e15f0b6b58 tempest-TestProjectAdminTestsCIFS-1212024206 tempest-user-1902498005] Empty body provided in request {{(pid=40392) get_body /opt/stack/manila/manila/api/openstack/wsgi.py:652}}
Feb 19 02:34:12.599384 np0000156485 devstack@m-api.service[40392]: DEBUG manila.api.openstack.wsgi [None req-c4917588-6245-4614-9add-12e15f0b6b58 tempest-TestProjectAdminTestsCIFS-1212024206 tempest-user-1902498005] Calling method 'Controller.__getattribute__..version_select' {{(pid=40392) _process_stack /opt/stack/manila/manila/api/openstack/wsgi.py:798}}
