Feb 19 02:34:02.500394 np0000156485 devstack@m-api.service[40392]: INFO manila.api.openstack.wsgi [None req-10f456e9-e8c5-4593-bfda-55e5b222da49 tempest-ProjectAdminTests-1494374333 tempest-ProjectAdminTests-1494374333-project-admin] https://199.19.213.206/share/v2/1a439b207ae04d2dbb2f109f66a5b15e/share-group-types/85c27f89-a2f7-4e70-a6e5-14c1935a69d1 returned with HTTP 204
Feb 19 02:34:02.500928 np0000156485 devstack@m-api.service[40392]: [pid: 40392|app: 0|req: 52/114] 199.19.213.206 () {66 vars in 1532 bytes} [Thu Feb 19 02:34:02 2026] DELETE /share/v2/1a439b207ae04d2dbb2f109f66a5b15e/share-group-types/85c27f89-a2f7-4e70-a6e5-14c1935a69d1 => generated 0 bytes in 30 msecs (HTTP/1.1 204) 7 headers in 311 bytes (1 switches on core 0)
Feb 19 02:34:02.503235 np0000156485 devstack@m-api.service[40391]: INFO manila.api.openstack.wsgi [None req-41f3e251-20e6-4d20-af8f-66ce9ab67872 tempest-ProjectReaderTests-1664442626 tempest-ProjectReaderTests-1664442626-project-reader] DELETE https://199.19.213.206/share/v2/ed25535a758746e6ab0d6f328dafa932/share-group-types/c0c17c42-fb08-4bd5-a55a-71a29d8310db/group-specs/key2
Feb 19 02:34:02.503473 np0000156485 devstack@m-api.service[40391]: DEBUG manila.api.openstack.wsgi [None req-41f3e251-20e6-4d20-af8f-66ce9ab67872 tempest-ProjectReaderTests-1664442626 tempest-ProjectReaderTests-1664442626-project-reader] Empty body provided in request {{(pid=40391) get_body /opt/stack/manila/manila/api/openstack/wsgi.py:652}}
Feb 19 02:34:02.503661 np0000156485 devstack@m-api.service[40391]: DEBUG manila.api.openstack.wsgi [None req-41f3e251-20e6-4d20-af8f-66ce9ab67872 tempest-ProjectReaderTests-1664442626 tempest-ProjectReaderTests-1664442626-project-reader] Calling method 'Controller.__getattribute__..version_select' {{(pid=40391) _process_stack /opt/stack/manila/manila/api/openstack/wsgi.py:798}}
Feb 19 02:34:02.506115 np0000156485 devstack@m-api.service[40391]: DEBUG manila.policy [None req-41f3e251-20e6-4d20-af8f-66ce9ab67872 tempest-ProjectReaderTests-1664442626 tempest-ProjectReaderTests-1664442626-project-reader] Policy check for share_group_types_spec:delete failed with credentials {'is_admin': False, 'user_id': '71488e02c64142cf85faeed3b4392ca4', 'user_domain_id': 'default', 'system_scope': None, 'domain_id': None, 'project_id': 'ed25535a758746e6ab0d6f328dafa932', 'project_domain_id': 'default', 'roles': ['reader'], 'is_admin_project': True, 'service_user_id': None, 'service_user_domain_id': None, 'service_project_id': None, 'service_project_domain_id': None, 'service_roles': []} {{(pid=40391) authorize /opt/stack/manila/manila/policy.py:200}}
Feb 19 02:34:02.506321 np0000156485 devstack@m-api.service[40391]: INFO manila.api.openstack.wsgi [None req-41f3e251-20e6-4d20-af8f-66ce9ab67872 tempest-ProjectReaderTests-1664442626 tempest-ProjectReaderTests-1664442626-project-reader] HTTP exception thrown: Access was denied to this resource.
Feb 19 02:34:02.506487 np0000156485 devstack@m-api.service[40391]: INFO manila.api.openstack.wsgi [None req-41f3e251-20e6-4d20-af8f-66ce9ab67872 tempest-ProjectReaderTests-1664442626 tempest-ProjectReaderTests-1664442626-project-reader] https://199.19.213.206/share/v2/ed25535a758746e6ab0d6f328dafa932/share-group-types/c0c17c42-fb08-4bd5-a55a-71a29d8310db/group-specs/key2 returned with HTTP 403
Feb 19 02:34:02.507560 np0000156485 devstack@m-api.service[40391]: [pid: 40391|app: 0|req: 63/115] 199.19.213.206 () {66 vars in 1583 bytes} [Thu Feb 19 02:34:02 2026] DELETE /share/v2/ed25535a758746e6ab0d6f328dafa932/share-group-types/c0c17c42-fb08-4bd5-a55a-71a29d8310db/group-specs/key2 => generated 78 bytes in 6 msecs (HTTP/1.1 403) 7 headers in 303 bytes (1 switches on core 0)
Feb 19 02:34:02.512223 np0000156485 devstack@m-api.service[40392]: INFO manila.api.openstack.wsgi [None req-1998c395-d54a-45fa-a545-c733f8b81734 tempest-TestProjectReaderTests-1608392407 tempest-TestProjectReaderTests-1608392407-project-reader] GET https://199.19.213.206/share/v2/8b87ae5fc9d14604a2b88ff76121efd7/quota-sets/7b2300f86e7b405b97ec4261ffb66a19/detail
Feb 19 02:34:02.512342 np0000156485 devstack@m-api.service[40392]: DEBUG manila.api.openstack.wsgi [None req-1998c395-d54a-45fa-a545-c733f8b81734 tempest-TestProjectReaderTests-1608392407 tempest-TestProjectReaderTests-1608392407-project-reader] Empty body provided in request {{(pid=40392) get_body /opt/stack/manila/manila/api/openstack/wsgi.py:652}}
Feb 19 02:34:02.512503 np0000156485 devstack@m-api.service[40392]: DEBUG manila.api.openstack.wsgi [None req-1998c395-d54a-45fa-a545-c733f8b81734 tempest-TestProjectReaderTests-1608392407 tempest-TestProjectReaderTests-1608392407-project-reader] Calling method 'Controller.__getattribute__..version_select' {{(pid=40392) _process_stack /opt/stack/manila/manila/api/openstack/wsgi.py:798}}
Feb 19 02:34:02.513658 np0000156485 devstack@m-api.service[40392]: INFO manila.api.openstack.wsgi [None req-1998c395-d54a-45fa-a545-c733f8b81734 tempest-TestProjectReaderTests-1608392407 tempest-TestProjectReaderTests-1608392407-project-reader] HTTP exception thrown: Access was denied to this resource.
Feb 19 02:34:02.513839 np0000156485 devstack@m-api.service[40392]: INFO manila.api.openstack.wsgi [None req-1998c395-d54a-45fa-a545-c733f8b81734 tempest-TestProjectReaderTests-1608392407 tempest-TestProjectReaderTests-1608392407-project-reader] https://199.19.213.206/share/v2/8b87ae5fc9d14604a2b88ff76121efd7/quota-sets/7b2300f86e7b405b97ec4261ffb66a19/detail returned with HTTP 403
Feb 19 02:34:02.514327 np0000156485 devstack@m-api.service[40392]: [pid: 40392|app: 0|req: 53/116] 199.19.213.206 () {66 vars in 1517 bytes} [Thu Feb 19 02:34:02 2026] GET /share/v2/8b87ae5fc9d14604a2b88ff76121efd7/quota-sets/7b2300f86e7b405b97ec4261ffb66a19/detail => generated 78 bytes in 6 msecs (HTTP/1.1 403) 7 headers in 303 bytes (1 switches on core 0)
Feb 19 02:34:02.516307 np0000156485 devstack@m-api.service[40391]: INFO manila.api.openstack.wsgi [None req-9a52f2f8-c7c9-497a-811d-2726ac8e7615 tempest-ProjectAdminTests-1494374333 tempest-ProjectAdminTests-1494374333-project-admin] POST https://199.19.213.206/share/v2/1a439b207ae04d2dbb2f109f66a5b15e/share-group-types/fdf1e830-ce88-4251-a08f-dc7455465edc/group-specs
Feb 19 02:34:02.516985 np0000156485 devstack@m-api.service[40391]: DEBUG manila.api.openstack.wsgi [None req-9a52f2f8-c7c9-497a-811d-2726ac8e7615 tempest-ProjectAdminTests-1494374333 tempest-ProjectAdminTests-1494374333-project-admin] Action: 'create', calling method: Controller.__getattribute__..version_select, body: {"group_specs": {"key2": "value2"}} {{(pid=40391) _process_stack /opt/stack/manila/manila/api/openstack/wsgi.py:796}}
Feb 19 02:34:02.523394 np0000156485 devstack@m-api.service[40392]: INFO manila.api.openstack.wsgi [None req-60e329f6-2b07-4fea-bcdb-907d8d78f292 tempest-ProjectReaderTests-1664442626 tempest-ProjectReaderTests-1664442626-project-reader] GET https://199.19.213.206/share/v2/ed25535a758746e6ab0d6f328dafa932/share-group-types/c0c17c42-fb08-4bd5-a55a-71a29d8310db
Feb 19 02:34:02.523586 np0000156485 devstack@m-api.service[40392]: DEBUG manila.api.openstack.wsgi [None req-60e329f6-2b07-4fea-bcdb-907d8d78f292 tempest-ProjectReaderTests-1664442626 tempest-ProjectReaderTests-1664442626-project-reader] Empty body provided in request {{(pid=40392) get_body /opt/stack/manila/manila/api/openstack/wsgi.py:652}}
Feb 19 02:34:02.523764 np0000156485 devstack@m-api.service[40392]: DEBUG manila.api.openstack.wsgi [None req-60e329f6-2b07-4fea-bcdb-907d8d78f292 tempest-ProjectReaderTests-1664442626 tempest-ProjectReaderTests-1664442626-project-reader] Calling method 'Controller.__getattribute__..version_select' {{(pid=40392) _process_stack /opt/stack/manila/manila/api/openstack/wsgi.py:798}}
Feb 19 02:34:02.530263 np0000156485 devstack@m-api.service[40391]: INFO manila.api.openstack.wsgi [None req-9a52f2f8-c7c9-497a-811d-2726ac8e7615 tempest-ProjectAdminTests-1494374333 tempest-ProjectAdminTests-1494374333-project-admin] https://199.19.213.206/share/v2/1a439b207ae04d2dbb2f109f66a5b15e/share-group-types/fdf1e830-ce88-4251-a08f-dc7455465edc/group-specs returned with HTTP 200
Feb 19 02:34:02.530719 np0000156485 devstack@m-api.service[40391]: [pid: 40391|app: 0|req: 64/117] 199.19.213.206 () {68 vars in 1586 bytes} [Thu Feb 19 02:34:02 2026] POST /share/v2/1a439b207ae04d2dbb2f109f66a5b15e/share-group-types/fdf1e830-ce88-4251-a08f-dc7455465edc/group-specs => generated 35 bytes in 17 msecs (HTTP/1.1 200) 7 headers in 296 bytes (1 switches on core 0)
Feb 19 02:34:02.533144 np0000156485 devstack@m-api.service[40391]: INFO manila.api.openstack.wsgi [None req-cfaf858f-e690-483d-a929-c2f55ddb8d5a tempest-TestProjectReaderTests-1608392407 tempest-TestProjectReaderTests-1608392407-project-reader] DELETE https://199.19.213.206/share/v2/8b87ae5fc9d14604a2b88ff76121efd7/quota-sets/8b87ae5fc9d14604a2b88ff76121efd7
Feb 19 02:34:02.533390 np0000156485 devstack@m-api.service[40391]: DEBUG manila.api.openstack.wsgi [None req-cfaf858f-e690-483d-a929-c2f55ddb8d5a tempest-TestProjectReaderTests-1608392407 tempest-TestProjectReaderTests-1608392407-project-reader] Empty body provided in request {{(pid=40391) get_body /opt/stack/manila/manila/api/openstack/wsgi.py:652}}
Feb 19 02:34:02.533623 np0000156485 devstack@m-api.service[40391]: DEBUG manila.api.openstack.wsgi [None req-cfaf858f-e690-483d-a929-c2f55ddb8d5a tempest-TestProjectReaderTests-1608392407 tempest-TestProjectReaderTests-1608392407-project-reader] Calling method 'Controller.__getattribute__..version_select' {{(pid=40391) _process_stack /opt/stack/manila/manila/api/openstack/wsgi.py:798}}
Feb 19 02:34:02.534275 np0000156485 devstack@m-api.service[40391]: DEBUG manila.policy [None req-cfaf858f-e690-483d-a929-c2f55ddb8d5a tempest-TestProjectReaderTests-1608392407 tempest-TestProjectReaderTests-1608392407-project-reader] Policy check for quota_set:delete failed with credentials {'is_admin': False, 'user_id': 'ee26e59757d2442f94a07084a753f974', 'user_domain_id': 'default', 'system_scope': None, 'domain_id': None, 'project_id': '8b87ae5fc9d14604a2b88ff76121efd7', 'project_domain_id': 'default', 'roles': ['reader'], 'is_admin_project': True, 'service_user_id': None, 'service_user_domain_id': None, 'service_project_id': None, 'service_project_domain_id': None, 'service_roles': []} {{(pid=40391) authorize /opt/stack/manila/manila/policy.py:200}}
Feb 19 02:34:02.534462 np0000156485 devstack@m-api.service[40391]: INFO manila.api.openstack.wsgi [None req-cfaf858f-e690-483d-a929-c2f55ddb8d5a tempest-TestProjectReaderTests-1608392407 tempest-TestProjectReaderTests-1608392407-project-reader] HTTP exception thrown: Access was denied to this resource.
Feb 19 02:34:02.535178 np0000156485 devstack@m-api.service[40392]: INFO manila.api.openstack.wsgi [None req-60e329f6-2b07-4fea-bcdb-907d8d78f292 tempest-ProjectReaderTests-1664442626 tempest-ProjectReaderTests-1664442626-project-reader] https://199.19.213.206/share/v2/ed25535a758746e6ab0d6f328dafa932/share-group-types/c0c17c42-fb08-4bd5-a55a-71a29d8310db returned with HTTP 200
Feb 19 02:34:02.535619 np0000156485 devstack@m-api.service[40392]: [pid: 40392|app: 0|req: 54/118] 199.19.213.206 () {66 vars in 1529 bytes} [Thu Feb 19 02:34:02 2026] GET /share/v2/ed25535a758746e6ab0d6f328dafa932/share-group-types/c0c17c42-fb08-4bd5-a55a-71a29d8310db => generated 265 bytes in 16 msecs (HTTP/1.1 200) 7 headers in 297 bytes (1 switches on core 0)
Feb 19 02:34:02.536248 np0000156485 devstack@m-api.service[40391]: INFO manila.api.openstack.wsgi [None req-cfaf858f-e690-483d-a929-c2f55ddb8d5a tempest-TestProjectReaderTests-1608392407 tempest-TestProjectReaderTests-1608392407-project-reader] https://199.19.213.206/share/v2/8b87ae5fc9d14604a2b88ff76121efd7/quota-sets/8b87ae5fc9d14604a2b88ff76121efd7 returned with HTTP 403
Feb 19 02:34:02.537444 np0000156485 devstack@m-api.service[40391]: [pid: 40391|app: 0|req: 65/119] 199.19.213.206 () {66 vars in 1499 bytes} [Thu Feb 19 02:34:02 2026] DELETE /share/v2/8b87ae5fc9d14604a2b88ff76121efd7/quota-sets/8b87ae5fc9d14604a2b88ff76121efd7 => generated 78 bytes in 6 msecs (HTTP/1.1 403) 7 headers in 303 bytes (1 switches on core 0)
Feb 19 02:34:02.542024 np0000156485 devstack@m-api.service[40392]: INFO manila.api.openstack.wsgi [None req-4fc10f8d-a353-4104-a1fd-ab0f05b344e5 tempest-ProjectAdminTests-1494374333 tempest-ProjectAdminTests-1494374333-project-admin] DELETE https://199.19.213.206/share/v2/1a439b207ae04d2dbb2f109f66a5b15e/share-group-types/fdf1e830-ce88-4251-a08f-dc7455465edc/group-specs/key2
Feb 19 02:34:02.542339 np0000156485 devstack@m-api.service[40392]: DEBUG manila.api.openstack.wsgi [None req-4fc10f8d-a353-4104-a1fd-ab0f05b344e5 tempest-ProjectAdminTests-1494374333 tempest-ProjectAdminTests-1494374333-project-admin] Empty body provided in request {{(pid=40392) get_body /opt/stack/manila/manila/api/openstack/wsgi.py:652}}
Feb 19 02:34:02.542544 np0000156485 devstack@m-api.service[40392]: DEBUG manila.api.openstack.wsgi [None req-4fc10f8d-a353-4104-a1fd-ab0f05b344e5 tempest-ProjectAdminTests-1494374333 tempest-ProjectAdminTests-1494374333-project-admin] Calling method 'Controller.__getattribute__..version_select' {{(pid=40392) _process_stack /opt/stack/manila/manila/api/openstack/wsgi.py:798}}
Feb 19 02:34:02.549501 np0000156485 devstack@m-api.service[40391]: INFO manila.api.openstack.wsgi [None req-01aaa4fa-8932-4f88-adc9-623725060ad1 tempest-ProjectReaderTests-1664442626 tempest-ProjectReaderTests-1664442626-project-admin] POST https://199.19.213.206/share/v2/ed25535a758746e6ab0d6f328dafa932/share-group-types/2a61b93f-3679-42cd-9865-285357c9b074/action
Feb 19 02:34:02.549942 np0000156485 devstack@m-api.service[40391]: DEBUG manila.api.openstack.wsgi [None req-01aaa4fa-8932-4f88-adc9-623725060ad1 tempest-ProjectReaderTests-1664442626 tempest-ProjectReaderTests-1664442626-project-admin] Action body: b'{"addProjectAccess": {"project": "ed25535a758746e6ab0d6f328dafa932"}}' {{(pid=40391) get_method /opt/stack/manila/manila/api/openstack/wsgi.py:912}}
Feb 19 02:34:02.550129 np0000156485 devstack@m-api.service[40391]: DEBUG manila.api.openstack.wsgi [None req-01aaa4fa-8932-4f88-adc9-623725060ad1 tempest-ProjectReaderTests-1664442626 tempest-ProjectReaderTests-1664442626-project-admin] Action: 'action', calling method: ShareGroupTypesController.add_project_access, body: {"addProjectAccess": {"project": "ed25535a758746e6ab0d6f328dafa932"}} {{(pid=40391) _process_stack /opt/stack/manila/manila/api/openstack/wsgi.py:796}}
Feb 19 02:34:02.553662 np0000156485 devstack@m-api.service[40392]: INFO manila.api.openstack.wsgi [None req-4fc10f8d-a353-4104-a1fd-ab0f05b344e5 tempest-ProjectAdminTests-1494374333 tempest-ProjectAdminTests-1494374333-project-admin] https://199.19.213.206/share/v2/1a439b207ae04d2dbb2f109f66a5b15e/share-group-types/fdf1e830-ce88-4251-a08f-dc7455465edc/group-specs/key2 returned with HTTP 204
Feb 19 02:34:02.553912 np0000156485 devstack@m-api.service[40392]: [pid: 40392|app: 0|req: 55/120] 199.19.213.206 () {66 vars in 1583 bytes} [Thu Feb 19 02:34:02 2026] DELETE /share/v2/1a439b207ae04d2dbb2f109f66a5b15e/share-group-types/fdf1e830-ce88-4251-a08f-dc7455465edc/group-specs/key2 => generated 0 bytes in 14 msecs (HTTP/1.1 204) 7 headers in 311 bytes (1 switches on core 0)
Feb 19 02:34:02.555528 np0000156485 devstack@m-api.service[40392]: INFO manila.api.openstack.wsgi [None req-a24d7a5f-8d37-454e-a314-298aae0fe515 tempest-TestProjectReaderTests-1608392407 tempest-TestProjectReaderTests-1608392407-project-reader] DELETE https://199.19.213.206/share/v2/8b87ae5fc9d14604a2b88ff76121efd7/quota-sets/7b2300f86e7b405b97ec4261ffb66a19
Feb 19 02:34:02.555750 np0000156485 devstack@m-api.service[40392]: DEBUG manila.api.openstack.wsgi [None req-a24d7a5f-8d37-454e-a314-298aae0fe515 tempest-TestProjectReaderTests-1608392407 tempest-TestProjectReaderTests-1608392407-project-reader] Empty body provided in request {{(pid=40392) get_body /opt/stack/manila/manila/api/openstack/wsgi.py:652}}
Feb 19 02:34:02.555824 np0000156485 devstack@m-api.service[40392]: DEBUG manila.api.openstack.wsgi [None req-a24d7a5f-8d37-454e-a314-298aae0fe515 tempest-TestProjectReaderTests-1608392407 tempest-TestProjectReaderTests-1608392407-project-reader] Calling method 'Controller.__getattribute__..version_select' {{(pid=40392) _process_stack /opt/stack/manila/manila/api/openstack/wsgi.py:798}}
Feb 19 02:34:02.556382 np0000156485 devstack@m-api.service[40392]: DEBUG manila.policy [None req-a24d7a5f-8d37-454e-a314-298aae0fe515 tempest-TestProjectReaderTests-1608392407 tempest-TestProjectReaderTests-1608392407-project-reader] Policy check for quota_set:delete failed with credentials {'is_admin': False, 'user_id': 'ee26e59757d2442f94a07084a753f974', 'user_domain_id': 'default', 'system_scope': None, 'domain_id': None, 'project_id': '8b87ae5fc9d14604a2b88ff76121efd7', 'project_domain_id': 'default', 'roles': ['reader'], 'is_admin_project': True, 'service_user_id': None, 'service_user_domain_id': None, 'service_project_id': None, 'service_project_domain_id': None, 'service_roles': []} {{(pid=40392) authorize /opt/stack/manila/manila/policy.py:200}}
Feb 19 02:34:02.556522 np0000156485 devstack@m-api.service[40392]: INFO manila.api.openstack.wsgi [None req-a24d7a5f-8d37-454e-a314-298aae0fe515 tempest-TestProjectReaderTests-1608392407 tempest-TestProjectReaderTests-1608392407-project-reader] HTTP exception thrown: Access was denied to this resource.
Feb 19 02:34:02.556522 np0000156485 devstack@m-api.service[40392]: INFO manila.api.openstack.wsgi [None req-a24d7a5f-8d37-454e-a314-298aae0fe515 tempest-TestProjectReaderTests-1608392407 tempest-TestProjectReaderTests-1608392407-project-reader] https://199.19.213.206/share/v2/8b87ae5fc9d14604a2b88ff76121efd7/quota-sets/7b2300f86e7b405b97ec4261ffb66a19 returned with HTTP 403
Feb 19 02:34:02.556843 np0000156485 devstack@m-api.service[40392]: [pid: 40392|app: 0|req: 56/121] 199.19.213.206 () {66 vars in 1499 bytes} [Thu Feb 19 02:34:02 2026] DELETE /share/v2/8b87ae5fc9d14604a2b88ff76121efd7/quota-sets/7b2300f86e7b405b97ec4261ffb66a19 => generated 78 bytes in 2 msecs (HTTP/1.1 403) 7 headers in 303 bytes (1 switches on core 0)
Feb 19 02:34:02.566081 np0000156485 devstack@m-api.service[40392]: INFO manila.api.openstack.wsgi [None req-39d6bdc6-c4dc-47d4-94e0-59cdb4bed2f5 tempest-ProjectAdminTests-1494374333 tempest-ProjectAdminTests-1494374333-project-admin] GET https://199.19.213.206/share/v2/1a439b207ae04d2dbb2f109f66a5b15e/share-group-types/fdf1e830-ce88-4251-a08f-dc7455465edc
Feb 19 02:34:02.566314 np0000156485 devstack@m-api.service[40392]: DEBUG manila.api.openstack.wsgi [None req-39d6bdc6-c4dc-47d4-94e0-59cdb4bed2f5 tempest-ProjectAdminTests-1494374333 tempest-ProjectAdminTests-1494374333-project-admin] Empty body provided in request {{(pid=40392) get_body /opt/stack/manila/manila/api/openstack/wsgi.py:652}}
Feb 19 02:34:02.566354 np0000156485 devstack@m-api.service[40391]: INFO manila.api.openstack.wsgi [None req-01aaa4fa-8932-4f88-adc9-623725060ad1 tempest-ProjectReaderTests-1664442626 tempest-ProjectReaderTests-1664442626-project-admin] https://199.19.213.206/share/v2/ed25535a758746e6ab0d6f328dafa932/share-group-types/2a61b93f-3679-42cd-9865-285357c9b074/action returned with HTTP 202
Feb 19 02:34:02.566505 np0000156485 devstack@m-api.service[40392]: DEBUG manila.api.openstack.wsgi [None req-39d6bdc6-c4dc-47d4-94e0-59cdb4bed2f5 tempest-ProjectAdminTests-1494374333 tempest-ProjectAdminTests-1494374333-project-admin] Calling method 'Controller.__getattribute__..version_select' {{(pid=40392) _process_stack /opt/stack/manila/manila/api/openstack/wsgi.py:798}}
Feb 19 02:34:02.567069 np0000156485 devstack@m-api.service[40391]: [pid: 40391|app: 0|req: 66/122] 199.19.213.206 () {68 vars in 1571 bytes} [Thu Feb 19 02:34:02 2026] POST /share/v2/ed25535a758746e6ab0d6f328dafa932/share-group-types/2a61b93f-3679-42cd-9865-285357c9b074/action => generated 0 bytes in 21 msecs (HTTP/1.1 202) 7 headers in 309 bytes (1 switches on core 0)
Feb 19 02:34:02.570147 np0000156485 devstack@m-api.service[40391]: INFO manila.api.openstack.wsgi [None req-fd74abab-dee4-49ff-8c94-915e0b0c009e tempest-TestProjectReaderTests-1608392407 tempest-TestProjectReaderTests-1608392407-project-reader] GET https://199.19.213.206/share/v2/8b87ae5fc9d14604a2b88ff76121efd7/quota-sets/8b87ae5fc9d14604a2b88ff76121efd7
Feb 19 02:34:02.570417 np0000156485 devstack@m-api.service[40391]: DEBUG manila.api.openstack.wsgi [None req-fd74abab-dee4-49ff-8c94-915e0b0c009e tempest-TestProjectReaderTests-1608392407 tempest-TestProjectReaderTests-1608392407-project-reader] Empty body provided in request {{(pid=40391) get_body /opt/stack/manila/manila/api/openstack/wsgi.py:652}}
Feb 19 02:34:02.570585 np0000156485 devstack@m-api.service[40392]: INFO manila.api.openstack.wsgi [None req-39d6bdc6-c4dc-47d4-94e0-59cdb4bed2f5 tempest-ProjectAdminTests-1494374333 tempest-ProjectAdminTests-1494374333-project-admin] https://199.19.213.206/share/v2/1a439b207ae04d2dbb2f109f66a5b15e/share-group-types/fdf1e830-ce88-4251-a08f-dc7455465edc returned with HTTP 200
Feb 19 02:34:02.570636 np0000156485 devstack@m-api.service[40391]: DEBUG manila.api.openstack.wsgi [None req-fd74abab-dee4-49ff-8c94-915e0b0c009e tempest-TestProjectReaderTests-1608392407 tempest-TestProjectReaderTests-1608392407-project-reader] Calling method 'Controller.__getattribute__..version_select' {{(pid=40391) _process_stack /opt/stack/manila/manila/api/openstack/wsgi.py:798}}
Feb 19 02:34:02.570983 np0000156485 devstack@m-api.service[40392]: [pid: 40392|app: 0|req: 57/123] 199.19.213.206 () {66 vars in 1529 bytes} [Thu Feb 19 02:34:02 2026] GET /share/v2/1a439b207ae04d2dbb2f109f66a5b15e/share-group-types/fdf1e830-ce88-4251-a08f-dc7455465edc => generated 246 bytes in 7 msecs (HTTP/1.1 200) 7 headers in 297 bytes (2 switches on core 0)
Feb 19 02:34:02.576130 np0000156485 devstack@m-api.service[40391]: INFO manila.api.openstack.wsgi [None req-fd74abab-dee4-49ff-8c94-915e0b0c009e tempest-TestProjectReaderTests-1608392407 tempest-TestProjectReaderTests-1608392407-project-reader] https://199.19.213.206/share/v2/8b87ae5fc9d14604a2b88ff76121efd7/quota-sets/8b87ae5fc9d14604a2b88ff76121efd7 returned with HTTP 200
Feb 19 02:34:02.576385 np0000156485 devstack@m-api.service[40391]: [pid: 40391|app: 0|req: 67/124] 199.19.213.206 () {66 vars in 1496 bytes} [Thu Feb 19 02:34:02 2026] GET /share/v2/8b87ae5fc9d14604a2b88ff76121efd7/quota-sets/8b87ae5fc9d14604a2b88ff76121efd7 => generated 348 bytes in 9 msecs (HTTP/1.1 200) 7 headers in 297 bytes (1 switches on core 0)
Feb 19 02:34:02.582227 np0000156485 devstack@m-api.service[40392]: INFO manila.api.openstack.wsgi [None req-0e9af7b0-a97a-4384-9285-75daead0aaf9 tempest-ProjectReaderTests-1664442626 tempest-ProjectReaderTests-1664442626-project-reader] GET https://199.19.213.206/share/v2/ed25535a758746e6ab0d6f328dafa932/share-group-types/2a61b93f-3679-42cd-9865-285357c9b074/access
Feb 19 02:34:02.582599 np0000156485 devstack@m-api.service[40392]: DEBUG manila.api.openstack.wsgi [None req-0e9af7b0-a97a-4384-9285-75daead0aaf9 tempest-ProjectReaderTests-1664442626 tempest-ProjectReaderTests-1664442626-project-reader] Empty body provided in request {{(pid=40392) get_body /opt/stack/manila/manila/api/openstack/wsgi.py:652}}
Feb 19 02:34:02.582909 np0000156485 devstack@m-api.service[40392]: DEBUG manila.api.openstack.wsgi [None req-0e9af7b0-a97a-4384-9285-75daead0aaf9 tempest-ProjectReaderTests-1664442626 tempest-ProjectReaderTests-1664442626-project-reader] Calling method 'Controller.__getattribute__..version_select' {{(pid=40392) _process_stack /opt/stack/manila/manila/api/openstack/wsgi.py:798}}
Feb 19 02:34:02.583170 np0000156485 devstack@m-api.service[40391]: INFO manila.api.openstack.wsgi [None req-e5393925-e03f-4990-beaf-750bd40c5796 tempest-ProjectAdminTests-1494374333 tempest-ProjectAdminTests-1494374333-project-admin] POST https://199.19.213.206/share/v2/1a439b207ae04d2dbb2f109f66a5b15e/share-group-types/5e8d3ca9-16b8-43d2-afc3-32fced7941e4/action
Feb 19 02:34:02.583556 np0000156485 devstack@m-api.service[40391]: DEBUG manila.api.openstack.wsgi [None req-e5393925-e03f-4990-beaf-750bd40c5796 tempest-ProjectAdminTests-1494374333 tempest-ProjectAdminTests-1494374333-project-admin] Action body: b'{"addProjectAccess": {"project": "1a439b207ae04d2dbb2f109f66a5b15e"}}' {{(pid=40391) get_method /opt/stack/manila/manila/api/openstack/wsgi.py:912}}
Feb 19 02:34:02.583723 np0000156485 devstack@m-api.service[40391]: DEBUG manila.api.openstack.wsgi [None req-e5393925-e03f-4990-beaf-750bd40c5796 tempest-ProjectAdminTests-1494374333 tempest-ProjectAdminTests-1494374333-project-admin] Action: 'action', calling method: ShareGroupTypesController.add_project_access, body: {"addProjectAccess": {"project": "1a439b207ae04d2dbb2f109f66a5b15e"}} {{(pid=40391) _process_stack /opt/stack/manila/manila/api/openstack/wsgi.py:796}}
Feb 19 02:34:02.583908 np0000156485 devstack@m-api.service[40392]: DEBUG manila.policy [None req-0e9af7b0-a97a-4384-9285-75daead0aaf9 tempest-ProjectReaderTests-1664442626 tempest-ProjectReaderTests-1664442626-project-reader] Policy check for share_group_type:list_project_access failed with credentials {'is_admin': False, 'user_id': '71488e02c64142cf85faeed3b4392ca4', 'user_domain_id': 'default', 'system_scope': None, 'domain_id': None, 'project_id': 'ed25535a758746e6ab0d6f328dafa932', 'project_domain_id': 'default', 'roles': ['reader'], 'is_admin_project': True, 'service_user_id': None, 'service_user_domain_id': None, 'service_project_id': None, 'service_project_domain_id': None, 'service_roles': []} {{(pid=40392) authorize /opt/stack/manila/manila/policy.py:200}}
Feb 19 02:34:02.584215 np0000156485 devstack@m-api.service[40392]: INFO manila.api.openstack.wsgi [None req-0e9af7b0-a97a-4384-9285-75daead0aaf9 tempest-ProjectReaderTests-1664442626 tempest-ProjectReaderTests-1664442626-project-reader] HTTP exception thrown: Access was denied to this resource.
Feb 19 02:34:02.584473 np0000156485 devstack@m-api.service[40392]: INFO manila.api.openstack.wsgi [None req-0e9af7b0-a97a-4384-9285-75daead0aaf9 tempest-ProjectReaderTests-1664442626 tempest-ProjectReaderTests-1664442626-project-reader] https://199.19.213.206/share/v2/ed25535a758746e6ab0d6f328dafa932/share-group-types/2a61b93f-3679-42cd-9865-285357c9b074/access returned with HTTP 403
Feb 19 02:34:02.585922 np0000156485 devstack@m-api.service[40392]: [pid: 40392|app: 0|req: 58/125] 199.19.213.206 () {66 vars in 1550 bytes} [Thu Feb 19 02:34:02 2026] GET /share/v2/ed25535a758746e6ab0d6f328dafa932/share-group-types/2a61b93f-3679-42cd-9865-285357c9b074/access => generated 78 bytes in 8 msecs (HTTP/1.1 403) 7 headers in 303 bytes (1 switches on core 0)
Feb 19 02:34:02.588190 np0000156485 devstack@m-api.service[40392]: INFO manila.api.openstack.wsgi [None req-0a43696c-12d3-478a-ad3e-2381f53768b9 tempest-TestProjectReaderTests-1608392407 tempest-TestProjectReaderTests-1608392407-project-reader] GET https://199.19.213.206/share/v2/8b87ae5fc9d14604a2b88ff76121efd7/quota-sets/7b2300f86e7b405b97ec4261ffb66a19
Feb 19 02:34:02.588354 np0000156485 devstack@m-api.service[40392]: DEBUG manila.api.openstack.wsgi [None req-0a43696c-12d3-478a-ad3e-2381f53768b9 tempest-TestProjectReaderTests-1608392407 tempest-TestProjectReaderTests-1608392407-project-reader] Empty body provided in request {{(pid=40392) get_body /opt/stack/manila/manila/api/openstack/wsgi.py:652}}
Feb 19 02:34:02.588489 np0000156485 devstack@m-api.service[40392]: DEBUG manila.api.openstack.wsgi [None req-0a43696c-12d3-478a-ad3e-2381f53768b9 tempest-TestProjectReaderTests-1608392407 tempest-TestProjectReaderTests-1608392407-project-reader] Calling method 'Controller.__getattribute__..version_select' {{(pid=40392) _process_stack /opt/stack/manila/manila/api/openstack/wsgi.py:798}}
Feb 19 02:34:02.589173 np0000156485 devstack@m-api.service[40392]: INFO manila.api.openstack.wsgi [None req-0a43696c-12d3-478a-ad3e-2381f53768b9 tempest-TestProjectReaderTests-1608392407 tempest-TestProjectReaderTests-1608392407-project-reader] HTTP exception thrown: Access was denied to this resource.
Feb 19 02:34:02.589282 np0000156485 devstack@m-api.service[40392]: INFO manila.api.openstack.wsgi [None req-0a43696c-12d3-478a-ad3e-2381f53768b9 tempest-TestProjectReaderTests-1608392407 tempest-TestProjectReaderTests-1608392407-project-reader] https://199.19.213.206/share/v2/8b87ae5fc9d14604a2b88ff76121efd7/quota-sets/7b2300f86e7b405b97ec4261ffb66a19 returned with HTTP 403
Feb 19 02:34:02.589612 np0000156485 devstack@m-api.service[40392]: [pid: 40392|app: 0|req: 59/126] 199.19.213.206 () {66 vars in 1496 bytes} [Thu Feb 19 02:34:02 2026] GET /share/v2/8b87ae5fc9d14604a2b88ff76121efd7/quota-sets/7b2300f86e7b405b97ec4261ffb66a19 => generated 78 bytes in 3 msecs (HTTP/1.1 403) 7 headers in 303 bytes (1 switches on core 0)
Feb 19 02:34:02.594862 np0000156485 devstack@m-api.service[40391]: INFO manila.api.openstack.wsgi [None req-e5393925-e03f-4990-beaf-750bd40c5796 tempest-ProjectAdminTests-1494374333 tempest-ProjectAdminTests-1494374333-project-admin] https://199.19.213.206/share/v2/1a439b207ae04d2dbb2f109f66a5b15e/share-group-types/5e8d3ca9-16b8-43d2-afc3-32fced7941e4/action returned with HTTP 202
Feb 19 02:34:02.595194 np0000156485 devstack@m-api.service[40391]: [pid: 40391|app: 0|req: 68/127] 199.19.213.206 () {68 vars in 1571 bytes} [Thu Feb 19 02:34:02 2026] POST /share/v2/1a439b207ae04d2dbb2f109f66a5b15e/share-group-types/5e8d3ca9-16b8-43d2-afc3-32fced7941e4/action => generated 0 bytes in 14 msecs (HTTP/1.1 202) 7 headers in 309 bytes (1 switches on core 0)
Feb 19 02:34:02.598536 np0000156485 devstack@m-api.service[40392]: INFO manila.api.openstack.wsgi [None req-f058e514-fbb1-4bd2-a058-8c5765c35eba tempest-ProjectReaderTests-1664442626 tempest-ProjectReaderTests-1664442626-project-admin] POST https://199.19.213.206/share/v2/ed25535a758746e6ab0d6f328dafa932/share-group-types/2a61b93f-3679-42cd-9865-285357c9b074/action
Feb 19 02:34:02.598838 np0000156485 devstack@m-api.service[40392]: DEBUG manila.api.openstack.wsgi [None req-f058e514-fbb1-4bd2-a058-8c5765c35eba tempest-ProjectReaderTests-1664442626 tempest-ProjectReaderTests-1664442626-project-admin] Action body: b'{"removeProjectAccess": {"project": "ed25535a758746e6ab0d6f328dafa932"}}' {{(pid=40392) get_method /opt/stack/manila/manila/api/openstack/wsgi.py:912}}
Feb 19 02:34:02.598975 np0000156485 devstack@m-api.service[40392]: DEBUG manila.api.openstack.wsgi [None req-f058e514-fbb1-4bd2-a058-8c5765c35eba tempest-ProjectReaderTests-1664442626 tempest-ProjectReaderTests-1664442626-project-admin] Action: 'action', calling method: Controller.__getattribute__..version_select, body: {"removeProjectAccess": {"project": "ed25535a758746e6ab0d6f328dafa932"}} {{(pid=40392) _process_stack /opt/stack/manila/manila/api/openstack/wsgi.py:796}}
Feb 19 02:34:02.603161 np0000156485 devstack@m-api.service[40391]: INFO manila.api.openstack.wsgi [None req-96a952e2-68ae-4103-96ea-d15eb0430b23 tempest-TestProjectReaderTests-1608392407 tempest-TestProjectReaderTests-1608392407-project-reader] GET https://199.19.213.206/share/v2/8b87ae5fc9d14604a2b88ff76121efd7/quota-sets/8b87ae5fc9d14604a2b88ff76121efd7/detail
Feb 19 02:34:02.603590 np0000156485 devstack@m-api.service[40391]: DEBUG manila.api.openstack.wsgi [None req-96a952e2-68ae-4103-96ea-d15eb0430b23 tempest-TestProjectReaderTests-1608392407 tempest-TestProjectReaderTests-1608392407-project-reader] Empty body provided in request {{(pid=40391) get_body /opt/stack/manila/manila/api/openstack/wsgi.py:652}}
Feb 19 02:34:02.603905 np0000156485 devstack@m-api.service[40391]: DEBUG manila.api.openstack.wsgi [None req-96a952e2-68ae-4103-96ea-d15eb0430b23 tempest-TestProjectReaderTests-1608392407 tempest-TestProjectReaderTests-1608392407-project-reader] Calling method 'Controller.__getattribute__..version_select' {{(pid=40391) _process_stack /opt/stack/manila/manila/api/openstack/wsgi.py:798}}
Feb 19 02:34:02.608315 np0000156485 devstack@m-api.service[40392]: INFO manila.api.openstack.wsgi [None req-f058e514-fbb1-4bd2-a058-8c5765c35eba tempest-ProjectReaderTests-1664442626 tempest-ProjectReaderTests-1664442626-project-admin] https://199.19.213.206/share/v2/ed25535a758746e6ab0d6f328dafa932/share-group-types/2a61b93f-3679-42cd-9865-285357c9b074/action returned with HTTP 202
Feb 19 02:34:02.608648 np0000156485 devstack@m-api.service[40392]: [pid: 40392|app: 0|req: 60/128] 199.19.213.206 () {68 vars in 1571 bytes} [Thu Feb 19 02:34:02 2026] POST /share/v2/ed25535a758746e6ab0d6f328dafa932/share-group-types/2a61b93f-3679-42cd-9865-285357c9b074/action => generated 0 bytes in 12 msecs (HTTP/1.1 202) 7 headers in 309 bytes (1 switches on core 0)
Feb 19 02:34:02.610731 np0000156485 devstack@m-api.service[40392]: INFO manila.api.openstack.wsgi [None req-9cf28ea7-abd8-4d03-b260-fad838d51934 tempest-ProjectAdminTests-1494374333 tempest-ProjectAdminTests-1494374333-project-admin] GET https://199.19.213.206/share/v2/1a439b207ae04d2dbb2f109f66a5b15e/share-group-types/5e8d3ca9-16b8-43d2-afc3-32fced7941e4/access
Feb 19 02:34:02.610905 np0000156485 devstack@m-api.service[40392]: DEBUG manila.api.openstack.wsgi [None req-9cf28ea7-abd8-4d03-b260-fad838d51934 tempest-ProjectAdminTests-1494374333 tempest-ProjectAdminTests-1494374333-project-admin] Empty body provided in request {{(pid=40392) get_body /opt/stack/manila/manila/api/openstack/wsgi.py:652}}
Feb 19 02:34:02.611078 np0000156485 devstack@m-api.service[40392]: DEBUG manila.api.openstack.wsgi [None req-9cf28ea7-abd8-4d03-b260-fad838d51934 tempest-ProjectAdminTests-1494374333 tempest-ProjectAdminTests-1494374333-project-admin] Calling method 'Controller.__getattribute__..version_select' {{(pid=40392) _process_stack /opt/stack/manila/manila/api/openstack/wsgi.py:798}}
Feb 19 02:34:02.614924 np0000156485 devstack@m-api.service[40391]: INFO manila.api.openstack.wsgi [None req-96a952e2-68ae-4103-96ea-d15eb0430b23 tempest-TestProjectReaderTests-1608392407 tempest-TestProjectReaderTests-1608392407-project-reader] https://199.19.213.206/share/v2/8b87ae5fc9d14604a2b88ff76121efd7/quota-sets/8b87ae5fc9d14604a2b88ff76121efd7/detail returned with HTTP 200
Feb 19 02:34:02.615625 np0000156485 devstack@m-api.service[40391]: [pid: 40391|app: 0|req: 69/129] 199.19.213.206 () {66 vars in 1517 bytes} [Thu Feb 19 02:34:02 2026] GET /share/v2/8b87ae5fc9d14604a2b88ff76121efd7/quota-sets/8b87ae5fc9d14604a2b88ff76121efd7/detail => generated 855 bytes in 16 msecs (HTTP/1.1 200) 7 headers in 297 bytes (1 switches on core 0)
Feb 19 02:34:02.622687 np0000156485 devstack@m-api.service[40391]: INFO manila.api.openstack.wsgi [None req-c87bfeb9-6bc3-44fc-ae69-e51e8de2eb8d tempest-ProjectReaderTests-1664442626 tempest-ProjectReaderTests-1664442626-project-reader] GET https://199.19.213.206/share/v2/ed25535a758746e6ab0d6f328dafa932/share-group-types
Feb 19 02:34:02.622845 np0000156485 devstack@m-api.service[40391]: DEBUG manila.api.openstack.wsgi [None req-c87bfeb9-6bc3-44fc-ae69-e51e8de2eb8d tempest-ProjectReaderTests-1664442626 tempest-ProjectReaderTests-1664442626-project-reader] Empty body provided in request {{(pid=40391) get_body /opt/stack/manila/manila/api/openstack/wsgi.py:652}}
Feb 19 02:34:02.622996 np0000156485 devstack@m-api.service[40391]: DEBUG manila.api.openstack.wsgi [None req-c87bfeb9-6bc3-44fc-ae69-e51e8de2eb8d tempest-ProjectReaderTests-1664442626 tempest-ProjectReaderTests-1664442626-project-reader] Calling method 'Controller.__getattribute__..version_select' {{(pid=40391) _process_stack /opt/stack/manila/manila/api/openstack/wsgi.py:798}}
Feb 19 02:34:02.629383 np0000156485 devstack@m-api.service[40392]: INFO manila.api.openstack.wsgi [None req-9cf28ea7-abd8-4d03-b260-fad838d51934 tempest-ProjectAdminTests-1494374333 tempest-ProjectAdminTests-1494374333-project-admin] https://199.19.213.206/share/v2/1a439b207ae04d2dbb2f109f66a5b15e/share-group-types/5e8d3ca9-16b8-43d2-afc3-32fced7941e4/access returned with HTTP 200
Feb 19 02:34:02.629752 np0000156485 devstack@m-api.service[40392]: [pid: 40392|app: 0|req: 61/130] 199.19.213.206 () {66 vars in 1550 bytes} [Thu Feb 19 02:34:02 2026] GET /share/v2/1a439b207ae04d2dbb2f109f66a5b15e/share-group-types/5e8d3ca9-16b8-43d2-afc3-32fced7941e4/access => generated 144 bytes in 21 msecs (HTTP/1.1 200) 7 headers in 297 bytes (1 switches on core 0)
Feb 19 02:34:02.631611 np0000156485 devstack@m-api.service[40392]: INFO manila.api.openstack.wsgi [None req-ad349f74-0cf1-41da-90b9-25185c57345e tempest-TestProjectReaderTests-1608392407 tempest-TestProjectReaderTests-1608392407-project-reader] GET https://199.19.213.206/share/v2/8b87ae5fc9d14604a2b88ff76121efd7/quota-sets/7b2300f86e7b405b97ec4261ffb66a19/detail
Feb 19 02:34:02.631783 np0000156485 devstack@m-api.service[40392]: DEBUG manila.api.openstack.wsgi [None req-ad349f74-0cf1-41da-90b9-25185c57345e tempest-TestProjectReaderTests-1608392407 tempest-TestProjectReaderTests-1608392407-project-reader] Empty body provided in request {{(pid=40392) get_body /opt/stack/manila/manila/api/openstack/wsgi.py:652}}
Feb 19 02:34:02.631961 np0000156485 devstack@m-api.service[40392]: DEBUG manila.api.openstack.wsgi [None req-ad349f74-0cf1-41da-90b9-25185c57345e tempest-TestProjectReaderTests-1608392407 tempest-TestProjectReaderTests-1608392407-project-reader] Calling method 'Controller.__getattribute__..version_select' {{(pid=40392) _process_stack /opt/stack/manila/manila/api/openstack/wsgi.py:798}}
Feb 19 02:34:02.632661 np0000156485 devstack@m-api.service[40392]: INFO manila.api.openstack.wsgi [None req-ad349f74-0cf1-41da-90b9-25185c57345e tempest-TestProjectReaderTests-1608392407 tempest-TestProjectReaderTests-1608392407-project-reader] HTTP exception thrown: Access was denied to this resource.
Feb 19 02:34:02.632781 np0000156485 devstack@m-api.service[40392]: INFO manila.api.openstack.wsgi [None req-ad349f74-0cf1-41da-90b9-25185c57345e tempest-TestProjectReaderTests-1608392407 tempest-TestProjectReaderTests-1608392407-project-reader] https://199.19.213.206/share/v2/8b87ae5fc9d14604a2b88ff76121efd7/quota-sets/7b2300f86e7b405b97ec4261ffb66a19/detail returned with HTTP 403
Feb 19 02:34:02.633114 np0000156485 devstack@m-api.service[40392]: [pid: 40392|app: 0|req: 62/131] 199.19.213.206 () {66 vars in 1517 bytes} [Thu Feb 19 02:34:02 2026] GET /share/v2/8b87ae5fc9d14604a2b88ff76121efd7/quota-sets/7b2300f86e7b405b97ec4261ffb66a19/detail => generated 78 bytes in 3 msecs (HTTP/1.1 403) 7 headers in 303 bytes (1 switches on core 0)
Feb 19 02:34:02.637783 np0000156485 devstack@m-api.service[40391]: INFO manila.api.openstack.wsgi [None req-c87bfeb9-6bc3-44fc-ae69-e51e8de2eb8d tempest-ProjectReaderTests-1664442626 tempest-ProjectReaderTests-1664442626-project-reader] https://199.19.213.206/share/v2/ed25535a758746e6ab0d6f328dafa932/share-group-types returned with HTTP 200
Feb 19 02:34:02.638134 np0000156485 devstack@m-api.service[40391]: [pid: 40391|app: 0|req: 70/132] 199.19.213.206 () {66 vars in 1418 bytes} [Thu Feb 19 02:34:02 2026] GET /share/v2/ed25535a758746e6ab0d6f328dafa932/share-group-types => generated 1096 bytes in 17 msecs (HTTP/1.1 200) 7 headers in 298 bytes (1 switches on core 0)
Feb 19 02:34:02.644562 np0000156485 devstack@m-api.service[40391]: INFO manila.api.openstack.wsgi [None req-226a310f-dd64-4c72-bad6-01735ac366bb tempest-TestProjectReaderTests-1608392407 tempest-TestProjectReaderTests-1608392407-project-reader] PUT https://199.19.213.206/share/v2/8b87ae5fc9d14604a2b88ff76121efd7/quota-sets/8b87ae5fc9d14604a2b88ff76121efd7
Feb 19 02:34:02.644830 np0000156485 devstack@m-api.service[40391]: DEBUG manila.api.openstack.wsgi [None req-226a310f-dd64-4c72-bad6-01735ac366bb tempest-TestProjectReaderTests-1608392407 tempest-TestProjectReaderTests-1608392407-project-reader] Action: 'update', calling method: Controller.__getattribute__..version_select, body: {"quota_set": {"tenant_id": "8b87ae5fc9d14604a2b88ff76121efd7", "force": "true", "shares": 52}} {{(pid=40391) _process_stack /opt/stack/manila/manila/api/openstack/wsgi.py:796}}
Feb 19 02:34:02.645172 np0000156485 devstack@m-api.service[40392]: INFO manila.api.openstack.wsgi [None req-7a243cf5-91e8-41a0-987e-7f45053fe8f9 tempest-ProjectAdminTests-1494374333 tempest-ProjectAdminTests-1494374333-project-admin] POST https://199.19.213.206/share/v2/1a439b207ae04d2dbb2f109f66a5b15e/share-group-types/5e8d3ca9-16b8-43d2-afc3-32fced7941e4/action
Feb 19 02:34:02.645371 np0000156485 devstack@m-api.service[40391]: DEBUG manila.policy [None req-226a310f-dd64-4c72-bad6-01735ac366bb tempest-TestProjectReaderTests-1608392407 tempest-TestProjectReaderTests-1608392407-project-reader] Policy check for quota_set:update failed with credentials {'is_admin': False, 'user_id': 'ee26e59757d2442f94a07084a753f974', 'user_domain_id': 'default', 'system_scope': None, 'domain_id': None, 'project_id': '8b87ae5fc9d14604a2b88ff76121efd7', 'project_domain_id': 'default', 'roles': ['reader'], 'is_admin_project': True, 'service_user_id': None, 'service_user_domain_id': None, 'service_project_id': None, 'service_project_domain_id': None, 'service_roles': []} {{(pid=40391) authorize /opt/stack/manila/manila/policy.py:200}}
Feb 19 02:34:02.645516 np0000156485 devstack@m-api.service[40391]: INFO manila.api.openstack.wsgi [None req-226a310f-dd64-4c72-bad6-01735ac366bb tempest-TestProjectReaderTests-1608392407 tempest-TestProjectReaderTests-1608392407-project-reader] HTTP exception thrown: Access was denied to this resource.
Feb 19 02:34:02.645580 np0000156485 devstack@m-api.service[40392]: DEBUG manila.api.openstack.wsgi [None req-7a243cf5-91e8-41a0-987e-7f45053fe8f9 tempest-ProjectAdminTests-1494374333 tempest-ProjectAdminTests-1494374333-project-admin] Action body: b'{"removeProjectAccess": {"project": "1a439b207ae04d2dbb2f109f66a5b15e"}}' {{(pid=40392) get_method /opt/stack/manila/manila/api/openstack/wsgi.py:912}}
Feb 19 02:34:02.645621 np0000156485 devstack@m-api.service[40391]: INFO manila.api.openstack.wsgi [None req-226a310f-dd64-4c72-bad6-01735ac366bb tempest-TestProjectReaderTests-1608392407 tempest-TestProjectReaderTests-1608392407-project-reader] https://199.19.213.206/share/v2/8b87ae5fc9d14604a2b88ff76121efd7/quota-sets/8b87ae5fc9d14604a2b88ff76121efd7 returned with HTTP 403
Feb 19 02:34:02.645727 np0000156485 devstack@m-api.service[40392]: DEBUG manila.api.openstack.wsgi [None req-7a243cf5-91e8-41a0-987e-7f45053fe8f9 tempest-ProjectAdminTests-1494374333 tempest-ProjectAdminTests-1494374333-project-admin] Action: 'action', calling method: ShareGroupTypesController.remove_project_access, body: {"removeProjectAccess": {"project": "1a439b207ae04d2dbb2f109f66a5b15e"}} {{(pid=40392) _process_stack /opt/stack/manila/manila/api/openstack/wsgi.py:796}}
Feb 19 02:34:02.645954 np0000156485 devstack@m-api.service[40391]: [pid: 40391|app: 0|req: 71/133] 199.19.213.206 () {68 vars in 1516 bytes} [Thu Feb 19 02:34:02 2026] PUT /share/v2/8b87ae5fc9d14604a2b88ff76121efd7/quota-sets/8b87ae5fc9d14604a2b88ff76121efd7 => generated 78 bytes in 3 msecs (HTTP/1.1 403) 7 headers in 303 bytes (1 switches on core 0)
Feb 19 02:34:02.652215 np0000156485 devstack@m-api.service[40391]: INFO manila.api.openstack.wsgi [None req-20a7cb02-eba0-4c7f-b66a-ca5b421d2652 tempest-ProjectReaderTests-1664442626 tempest-ProjectReaderTests-1664442626-project-admin] POST https://199.19.213.206/share/v2/ed25535a758746e6ab0d6f328dafa932/share-group-types/2a61b93f-3679-42cd-9865-285357c9b074/action
Feb 19 02:34:02.652572 np0000156485 devstack@m-api.service[40391]: DEBUG manila.api.openstack.wsgi [None req-20a7cb02-eba0-4c7f-b66a-ca5b421d2652 tempest-ProjectReaderTests-1664442626 tempest-ProjectReaderTests-1664442626-project-admin] Action body: b'{"addProjectAccess": {"project": "ed25535a758746e6ab0d6f328dafa932"}}' {{(pid=40391) get_method /opt/stack/manila/manila/api/openstack/wsgi.py:912}}
Feb 19 02:34:02.652731 np0000156485 devstack@m-api.service[40391]: DEBUG manila.api.openstack.wsgi [None req-20a7cb02-eba0-4c7f-b66a-ca5b421d2652 tempest-ProjectReaderTests-1664442626 tempest-ProjectReaderTests-1664442626-project-admin] Action: 'action', calling method: ShareGroupTypesController.add_project_access, body: {"addProjectAccess": {"project": "ed25535a758746e6ab0d6f328dafa932"}} {{(pid=40391) _process_stack /opt/stack/manila/manila/api/openstack/wsgi.py:796}}
Feb 19 02:34:02.658319 np0000156485 devstack@m-api.service[40392]: INFO manila.api.openstack.wsgi [None req-7a243cf5-91e8-41a0-987e-7f45053fe8f9 tempest-ProjectAdminTests-1494374333 tempest-ProjectAdminTests-1494374333-project-admin] https://199.19.213.206/share/v2/1a439b207ae04d2dbb2f109f66a5b15e/share-group-types/5e8d3ca9-16b8-43d2-afc3-32fced7941e4/action returned with HTTP 202
Feb 19 02:34:02.658633 np0000156485 devstack@m-api.service[40392]: [pid: 40392|app: 0|req: 63/134] 199.19.213.206 () {68 vars in 1571 bytes} [Thu Feb 19 02:34:02 2026] POST /share/v2/1a439b207ae04d2dbb2f109f66a5b15e/share-group-types/5e8d3ca9-16b8-43d2-afc3-32fced7941e4/action => generated 0 bytes in 18 msecs (HTTP/1.1 202) 7 headers in 309 bytes (1 switches on core 0)
Feb 19 02:34:02.660132 np0000156485 devstack@m-api.service[40392]: INFO manila.api.openstack.wsgi [None req-d4204a40-39ab-4a0c-a18e-878198006ac6 tempest-TestProjectReaderTests-1608392407 tempest-TestProjectReaderTests-1608392407-project-reader] PUT https://199.19.213.206/share/v2/8b87ae5fc9d14604a2b88ff76121efd7/quota-sets/7b2300f86e7b405b97ec4261ffb66a19
Feb 19 02:34:02.660489 np0000156485 devstack@m-api.service[40392]: DEBUG manila.api.openstack.wsgi [None req-d4204a40-39ab-4a0c-a18e-878198006ac6 tempest-TestProjectReaderTests-1608392407 tempest-TestProjectReaderTests-1608392407-project-reader] Action: 'update', calling method: Controller.__getattribute__..version_select, body: {"quota_set": {"tenant_id": "7b2300f86e7b405b97ec4261ffb66a19", "force": "true", "shares": 52}} {{(pid=40392) _process_stack /opt/stack/manila/manila/api/openstack/wsgi.py:796}}
Feb 19 02:34:02.660863 np0000156485 devstack@m-api.service[40392]: DEBUG manila.policy [None req-d4204a40-39ab-4a0c-a18e-878198006ac6 tempest-TestProjectReaderTests-1608392407 tempest-TestProjectReaderTests-1608392407-project-reader] Policy check for quota_set:update failed with credentials {'is_admin': False, 'user_id': 'ee26e59757d2442f94a07084a753f974', 'user_domain_id': 'default', 'system_scope': None, 'domain_id': None, 'project_id': '8b87ae5fc9d14604a2b88ff76121efd7', 'project_domain_id': 'default', 'roles': ['reader'], 'is_admin_project': True, 'service_user_id': None, 'service_user_domain_id': None, 'service_project_id': None, 'service_project_domain_id': None, 'service_roles': []} {{(pid=40392) authorize /opt/stack/manila/manila/policy.py:200}}
Feb 19 02:34:02.661017 np0000156485 devstack@m-api.service[40392]: INFO manila.api.openstack.wsgi [None req-d4204a40-39ab-4a0c-a18e-878198006ac6 tempest-TestProjectReaderTests-1608392407 tempest-TestProjectReaderTests-1608392407-project-reader] HTTP exception thrown: Access was denied to this resource.
Feb 19 02:34:02.661157 np0000156485 devstack@m-api.service[40392]: INFO manila.api.openstack.wsgi [None req-d4204a40-39ab-4a0c-a18e-878198006ac6 tempest-TestProjectReaderTests-1608392407 tempest-TestProjectReaderTests-1608392407-project-reader] https://199.19.213.206/share/v2/8b87ae5fc9d14604a2b88ff76121efd7/quota-sets/7b2300f86e7b405b97ec4261ffb66a19 returned with HTTP 403
Feb 19 02:34:02.661487 np0000156485 devstack@m-api.service[40392]: [pid: 40392|app: 0|req: 64/135] 199.19.213.206 () {68 vars in 1516 bytes} [Thu Feb 19 02:34:02 2026] PUT /share/v2/8b87ae5fc9d14604a2b88ff76121efd7/quota-sets/7b2300f86e7b405b97ec4261ffb66a19 => generated 78 bytes in 2 msecs (HTTP/1.1 403) 7 headers in 303 bytes (1 switches on core 0)
Feb 19 02:34:02.672727 np0000156485 devstack@m-api.service[40391]: INFO manila.api.openstack.wsgi [None req-20a7cb02-eba0-4c7f-b66a-ca5b421d2652 tempest-ProjectReaderTests-1664442626 tempest-ProjectReaderTests-1664442626-project-admin] https://199.19.213.206/share/v2/ed25535a758746e6ab0d6f328dafa932/share-group-types/2a61b93f-3679-42cd-9865-285357c9b074/action returned with HTTP 202
Feb 19 02:34:02.673624 np0000156485 devstack@m-api.service[40391]: [pid: 40391|app: 0|req: 72/136] 199.19.213.206 () {68 vars in 1571 bytes} [Thu Feb 19 02:34:02 2026] POST /share/v2/ed25535a758746e6ab0d6f328dafa932/share-group-types/2a61b93f-3679-42cd-9865-285357c9b074/action => generated 0 bytes in 24 msecs (HTTP/1.1 202) 7 headers in 309 bytes (1 switches on core 0)
Feb 19 02:34:02.676688 np0000156485 devstack@m-api.service[40392]: INFO manila.api.openstack.wsgi [None req-0735d25f-ac92-4347-8b73-f1069fd6ab4d tempest-ProjectAdminTests-1494374333 tempest-ProjectAdminTests-1494374333-project-admin] GET https://199.19.213.206/share/v2/1a439b207ae04d2dbb2f109f66a5b15e/share-group-types
Feb 19 02:34:02.677074 np0000156485 devstack@m-api.service[40392]: DEBUG manila.api.openstack.wsgi [None req-0735d25f-ac92-4347-8b73-f1069fd6ab4d tempest-ProjectAdminTests-1494374333 tempest-ProjectAdminTests-1494374333-project-admin] Empty body provided in request {{(pid=40392) get_body /opt/stack/manila/manila/api/openstack/wsgi.py:652}}
Feb 19 02:34:02.677490 np0000156485 devstack@m-api.service[40392]: DEBUG manila.api.openstack.wsgi [None req-0735d25f-ac92-4347-8b73-f1069fd6ab4d tempest-ProjectAdminTests-1494374333 tempest-ProjectAdminTests-1494374333-project-admin] Calling method 'Controller.__getattribute__..version_select' {{(pid=40392) _process_stack /opt/stack/manila/manila/api/openstack/wsgi.py:798}}
Feb 19 02:34:02.687644 np0000156485 devstack@m-api.service[40391]: INFO manila.api.openstack.wsgi [None req-b0af4d15-f0ad-4f1e-b409-f7ae8dddb08b tempest-ProjectReaderTests-1664442626 tempest-ProjectReaderTests-1664442626-project-reader] POST https://199.19.213.206/share/v2/ed25535a758746e6ab0d6f328dafa932/share-group-types/2a61b93f-3679-42cd-9865-285357c9b074/action
