Feb 19 02:34:36.778040 np0000156485 devstack@m-api.service[40391]: DEBUG oslo_concurrency.lockutils [None req-0bb6b24a-124d-4e4c-b475-fbf2eb4fd403 tempest-TestProjectMemberTestsCIFS-1822241830 tempest-TestProjectMemberTestsCIFS-1822241830-project-member] Lock "locked_access_rules_operation_by_share_instance_83d0cf94-a3de-4281-9bf4-383d77918d76" "released" by "manila.share.access.locked_access_rules_operation..wrapped..locked_operation" :: held 0.043s {{(pid=40391) inner /opt/stack/data/venv/lib/python3.12/site-packages/oslo_concurrency/lockutils.py:538}}
Feb 19 02:34:36.779498 np0000156485 devstack@m-api.service[40391]: INFO manila.api.openstack.wsgi [None req-0bb6b24a-124d-4e4c-b475-fbf2eb4fd403 tempest-TestProjectMemberTestsCIFS-1822241830 tempest-TestProjectMemberTestsCIFS-1822241830-project-member] https://199.19.213.206/share/v2/c37c68ecee294de6bdffab2b04068a74/shares/cd49b916-44a6-4d1f-9fb3-5368e7688b7e/action returned with HTTP 202
Feb 19 02:34:36.779920 np0000156485 devstack@m-api.service[40391]: [pid: 40391|app: 0|req: 350/719] 199.19.213.206 () {68 vars in 1538 bytes} [Thu Feb 19 02:34:36 2026] POST /share/v2/c37c68ecee294de6bdffab2b04068a74/shares/cd49b916-44a6-4d1f-9fb3-5368e7688b7e/action => generated 0 bytes in 188 msecs (HTTP/1.1 202) 7 headers in 309 bytes (1 switches on core 0)
Feb 19 02:34:36.791681 np0000156485 devstack@m-api.service[40391]: INFO manila.api.openstack.wsgi [None req-a1943601-aa52-41d1-b5da-153d75904e57 tempest-TestProjectMemberTestsCIFS-1822241830 tempest-TestProjectMemberTestsCIFS-1822241830-project-member] GET https://199.19.213.206/share/v2/c37c68ecee294de6bdffab2b04068a74/share-access-rules?share_id=cd49b916-44a6-4d1f-9fb3-5368e7688b7e
Feb 19 02:34:36.791954 np0000156485 devstack@m-api.service[40391]: DEBUG manila.api.openstack.wsgi [None req-a1943601-aa52-41d1-b5da-153d75904e57 tempest-TestProjectMemberTestsCIFS-1822241830 tempest-TestProjectMemberTestsCIFS-1822241830-project-member] Empty body provided in request {{(pid=40391) get_body /opt/stack/manila/manila/api/openstack/wsgi.py:652}}
Feb 19 02:34:36.792221 np0000156485 devstack@m-api.service[40391]: DEBUG manila.api.openstack.wsgi [None req-a1943601-aa52-41d1-b5da-153d75904e57 tempest-TestProjectMemberTestsCIFS-1822241830 tempest-TestProjectMemberTestsCIFS-1822241830-project-member] Calling method 'Controller.__getattribute__..version_select' {{(pid=40391) _process_stack /opt/stack/manila/manila/api/openstack/wsgi.py:798}}
Feb 19 02:34:36.820401 np0000156485 devstack@m-api.service[40392]: DEBUG oslo_concurrency.lockutils [None req-3e425d8b-cf6f-4e2b-866c-46888ab16fe1 tempest-TestProjectReaderTestsCIFS-262747557 tempest-TestProjectReaderTestsCIFS-262747557-project-member] Acquiring lock "locked_access_rules_operation_by_share_instance_d691b81c-a137-4b81-93ae-c9c5042f2bd3" by "manila.share.access.locked_access_rules_operation..wrapped..locked_operation" {{(pid=40392) inner /opt/stack/data/venv/lib/python3.12/site-packages/oslo_concurrency/lockutils.py:506}}
Feb 19 02:34:36.820868 np0000156485 devstack@m-api.service[40392]: DEBUG oslo_concurrency.lockutils [None req-3e425d8b-cf6f-4e2b-866c-46888ab16fe1 tempest-TestProjectReaderTestsCIFS-262747557 tempest-TestProjectReaderTestsCIFS-262747557-project-member] Lock "locked_access_rules_operation_by_share_instance_d691b81c-a137-4b81-93ae-c9c5042f2bd3" acquired by "manila.share.access.locked_access_rules_operation..wrapped..locked_operation" :: waited 0.000s {{(pid=40392) inner /opt/stack/data/venv/lib/python3.12/site-packages/oslo_concurrency/lockutils.py:519}}
Feb 19 02:34:36.825928 np0000156485 devstack@m-api.service[40391]: DEBUG manila.lock.api [None req-a1943601-aa52-41d1-b5da-153d75904e57 tempest-TestProjectMemberTestsCIFS-1822241830 tempest-TestProjectMemberTestsCIFS-1822241830-project-member] Searching for locks by: {'resource_id': 'e020be0a-ce62-4529-b6aa-91a11e1b9cbf', 'resource_action': 'show', 'resource_type': 'access_rule', 'all_projects': True} {{(pid=40391) get_all /opt/stack/manila/manila/lock/api.py:112}}
Feb 19 02:34:36.829071 np0000156485 devstack@m-api.service[40391]: INFO manila.api.openstack.wsgi [None req-a1943601-aa52-41d1-b5da-153d75904e57 tempest-TestProjectMemberTestsCIFS-1822241830 tempest-TestProjectMemberTestsCIFS-1822241830-project-member] https://199.19.213.206/share/v2/c37c68ecee294de6bdffab2b04068a74/share-access-rules?share_id=cd49b916-44a6-4d1f-9fb3-5368e7688b7e returned with HTTP 200
Feb 19 02:34:36.829468 np0000156485 devstack@m-api.service[40391]: [pid: 40391|app: 0|req: 351/720] 199.19.213.206 () {66 vars in 1512 bytes} [Thu Feb 19 02:34:36 2026] GET /share/v2/c37c68ecee294de6bdffab2b04068a74/share-access-rules?share_id=cd49b916-44a6-4d1f-9fb3-5368e7688b7e => generated 291 bytes in 41 msecs (HTTP/1.1 200) 7 headers in 297 bytes (1 switches on core 0)
Feb 19 02:34:36.894660 np0000156485 devstack@m-api.service[40392]: DEBUG oslo_concurrency.lockutils [None req-3e425d8b-cf6f-4e2b-866c-46888ab16fe1 tempest-TestProjectReaderTestsCIFS-262747557 tempest-TestProjectReaderTestsCIFS-262747557-project-member] Lock "locked_access_rules_operation_by_share_instance_d691b81c-a137-4b81-93ae-c9c5042f2bd3" "released" by "manila.share.access.locked_access_rules_operation..wrapped..locked_operation" :: held 0.074s {{(pid=40392) inner /opt/stack/data/venv/lib/python3.12/site-packages/oslo_concurrency/lockutils.py:538}}
Feb 19 02:34:36.894860 np0000156485 devstack@m-api.service[40392]: DEBUG oslo_concurrency.lockutils [None req-3e425d8b-cf6f-4e2b-866c-46888ab16fe1 tempest-TestProjectReaderTestsCIFS-262747557 tempest-TestProjectReaderTestsCIFS-262747557-project-member] Acquiring lock "locked_access_rules_operation_by_share_instance_d691b81c-a137-4b81-93ae-c9c5042f2bd3" by "manila.share.access.locked_access_rules_operation..wrapped..locked_operation" {{(pid=40392) inner /opt/stack/data/venv/lib/python3.12/site-packages/oslo_concurrency/lockutils.py:506}}
Feb 19 02:34:36.895266 np0000156485 devstack@m-api.service[40392]: DEBUG oslo_concurrency.lockutils [None req-3e425d8b-cf6f-4e2b-866c-46888ab16fe1 tempest-TestProjectReaderTestsCIFS-262747557 tempest-TestProjectReaderTestsCIFS-262747557-project-member] Lock "locked_access_rules_operation_by_share_instance_d691b81c-a137-4b81-93ae-c9c5042f2bd3" acquired by "manila.share.access.locked_access_rules_operation..wrapped..locked_operation" :: waited 0.000s {{(pid=40392) inner /opt/stack/data/venv/lib/python3.12/site-packages/oslo_concurrency/lockutils.py:519}}
Feb 19 02:34:36.916279 np0000156485 devstack@m-api.service[40391]: INFO manila.api.openstack.wsgi [None req-a0081651-28c4-47b3-ac8e-190dbe3512e3 tempest-TestProjectMemberTestsNFS-705235389 tempest-TestProjectMemberTestsNFS-705235389-project-member] GET https://199.19.213.206/share/v2/aa779961cf1d4f02a30ab81f03df0749/shares/c4907bda-c123-47b3-9995-f87f5864e3b5
Feb 19 02:34:36.916631 np0000156485 devstack@m-api.service[40391]: DEBUG manila.api.openstack.wsgi [None req-a0081651-28c4-47b3-ac8e-190dbe3512e3 tempest-TestProjectMemberTestsNFS-705235389 tempest-TestProjectMemberTestsNFS-705235389-project-member] Empty body provided in request {{(pid=40391) get_body /opt/stack/manila/manila/api/openstack/wsgi.py:652}}
Feb 19 02:34:36.916957 np0000156485 devstack@m-api.service[40391]: DEBUG manila.api.openstack.wsgi [None req-a0081651-28c4-47b3-ac8e-190dbe3512e3 tempest-TestProjectMemberTestsNFS-705235389 tempest-TestProjectMemberTestsNFS-705235389-project-member] Calling method 'ShareMixin.show' {{(pid=40391) _process_stack /opt/stack/manila/manila/api/openstack/wsgi.py:798}}
Feb 19 02:34:36.937677 np0000156485 devstack@m-api.service[40392]: DEBUG oslo_concurrency.lockutils [None req-3e425d8b-cf6f-4e2b-866c-46888ab16fe1 tempest-TestProjectReaderTestsCIFS-262747557 tempest-TestProjectReaderTestsCIFS-262747557-project-member] Lock "locked_access_rules_operation_by_share_instance_d691b81c-a137-4b81-93ae-c9c5042f2bd3" "released" by "manila.share.access.locked_access_rules_operation..wrapped..locked_operation" :: held 0.042s {{(pid=40392) inner /opt/stack/data/venv/lib/python3.12/site-packages/oslo_concurrency/lockutils.py:538}}
Feb 19 02:34:36.938129 np0000156485 devstack@m-api.service[40391]: INFO manila.api.openstack.wsgi [None req-a0081651-28c4-47b3-ac8e-190dbe3512e3 tempest-TestProjectMemberTestsNFS-705235389 tempest-TestProjectMemberTestsNFS-705235389-project-member] https://199.19.213.206/share/v2/aa779961cf1d4f02a30ab81f03df0749/shares/c4907bda-c123-47b3-9995-f87f5864e3b5 returned with HTTP 200
Feb 19 02:34:36.938554 np0000156485 devstack@m-api.service[40391]: [pid: 40391|app: 0|req: 352/721] 199.19.213.206 () {66 vars in 1496 bytes} [Thu Feb 19 02:34:36 2026] GET /share/v2/aa779961cf1d4f02a30ab81f03df0749/shares/c4907bda-c123-47b3-9995-f87f5864e3b5 => generated 1314 bytes in 26 msecs (HTTP/1.1 200) 7 headers in 298 bytes (1 switches on core 0)
Feb 19 02:34:36.939582 np0000156485 devstack@m-api.service[40392]: INFO manila.api.openstack.wsgi [None req-3e425d8b-cf6f-4e2b-866c-46888ab16fe1 tempest-TestProjectReaderTestsCIFS-262747557 tempest-TestProjectReaderTestsCIFS-262747557-project-member] https://199.19.213.206/share/v2/02ed4318c933450f89ddbe9b7bf3ac60/shares/9745a38e-800f-42f2-bd5b-87ccbebd584e/action returned with HTTP 202
Feb 19 02:34:36.940119 np0000156485 devstack@m-api.service[40392]: [pid: 40392|app: 0|req: 370/722] 199.19.213.206 () {68 vars in 1538 bytes} [Thu Feb 19 02:34:36 2026] POST /share/v2/02ed4318c933450f89ddbe9b7bf3ac60/shares/9745a38e-800f-42f2-bd5b-87ccbebd584e/action => generated 0 bytes in 181 msecs (HTTP/1.1 202) 7 headers in 309 bytes (2 switches on core 0)
Feb 19 02:34:36.949688 np0000156485 devstack@m-api.service[40391]: INFO manila.api.openstack.wsgi [None req-887f469b-21b6-4cc4-b1ed-413ed0eda3fb tempest-TestProjectReaderTestsCIFS-262747557 tempest-TestProjectReaderTestsCIFS-262747557-project-member] GET https://199.19.213.206/share/v2/02ed4318c933450f89ddbe9b7bf3ac60/share-access-rules?share_id=9745a38e-800f-42f2-bd5b-87ccbebd584e
Feb 19 02:34:36.950150 np0000156485 devstack@m-api.service[40391]: DEBUG manila.api.openstack.wsgi [None req-887f469b-21b6-4cc4-b1ed-413ed0eda3fb tempest-TestProjectReaderTestsCIFS-262747557 tempest-TestProjectReaderTestsCIFS-262747557-project-member] Empty body provided in request {{(pid=40391) get_body /opt/stack/manila/manila/api/openstack/wsgi.py:652}}
Feb 19 02:34:36.950378 np0000156485 devstack@m-api.service[40391]: DEBUG manila.api.openstack.wsgi [None req-887f469b-21b6-4cc4-b1ed-413ed0eda3fb tempest-TestProjectReaderTestsCIFS-262747557 tempest-TestProjectReaderTestsCIFS-262747557-project-member] Calling method 'Controller.__getattribute__..version_select' {{(pid=40391) _process_stack /opt/stack/manila/manila/api/openstack/wsgi.py:798}}
Feb 19 02:34:36.977190 np0000156485 devstack@m-api.service[40391]: DEBUG manila.lock.api [None req-887f469b-21b6-4cc4-b1ed-413ed0eda3fb tempest-TestProjectReaderTestsCIFS-262747557 tempest-TestProjectReaderTestsCIFS-262747557-project-member] Searching for locks by: {'resource_id': '005c765c-b131-48f3-bc6c-c985db3a984e', 'resource_action': 'show', 'resource_type': 'access_rule', 'all_projects': True} {{(pid=40391) get_all /opt/stack/manila/manila/lock/api.py:112}}
Feb 19 02:34:36.981570 np0000156485 devstack@m-api.service[40391]: INFO manila.api.openstack.wsgi [None req-887f469b-21b6-4cc4-b1ed-413ed0eda3fb tempest-TestProjectReaderTestsCIFS-262747557 tempest-TestProjectReaderTestsCIFS-262747557-project-member] https://199.19.213.206/share/v2/02ed4318c933450f89ddbe9b7bf3ac60/share-access-rules?share_id=9745a38e-800f-42f2-bd5b-87ccbebd584e returned with HTTP 200
Feb 19 02:34:36.982409 np0000156485 devstack@m-api.service[40391]: [pid: 40391|app: 0|req: 353/723] 199.19.213.206 () {66 vars in 1512 bytes} [Thu Feb 19 02:34:36 2026] GET /share/v2/02ed4318c933450f89ddbe9b7bf3ac60/share-access-rules?share_id=9745a38e-800f-42f2-bd5b-87ccbebd584e => generated 291 bytes in 35 msecs (HTTP/1.1 200) 7 headers in 297 bytes (1 switches on core 0)
Feb 19 02:34:37.712266 np0000156485 devstack@m-api.service[40392]: INFO manila.api.openstack.wsgi [None req-78291764-f6f2-4267-989f-22ccbed5fada tempest-TestProjectReaderTestsNFS-1360786637 tempest-user-303130943] GET https://199.19.213.206/share/v2/9d23a0475f2c4c3b8927219237a0d1f5/shares/c3446755-97aa-40e3-bb67-7ed95e80c7a0
Feb 19 02:34:37.715120 np0000156485 devstack@m-api.service[40392]: DEBUG manila.api.openstack.wsgi [None req-78291764-f6f2-4267-989f-22ccbed5fada tempest-TestProjectReaderTestsNFS-1360786637 tempest-user-303130943] Empty body provided in request {{(pid=40392) get_body /opt/stack/manila/manila/api/openstack/wsgi.py:652}}
Feb 19 02:34:37.715120 np0000156485 devstack@m-api.service[40392]: DEBUG manila.api.openstack.wsgi [None req-78291764-f6f2-4267-989f-22ccbed5fada tempest-TestProjectReaderTestsNFS-1360786637 tempest-user-303130943] Calling method 'ShareMixin.show' {{(pid=40392) _process_stack /opt/stack/manila/manila/api/openstack/wsgi.py:798}}
Feb 19 02:34:37.732796 np0000156485 devstack@m-api.service[40392]: INFO manila.api.openstack.wsgi [None req-78291764-f6f2-4267-989f-22ccbed5fada tempest-TestProjectReaderTestsNFS-1360786637 tempest-user-303130943] https://199.19.213.206/share/v2/9d23a0475f2c4c3b8927219237a0d1f5/shares/c3446755-97aa-40e3-bb67-7ed95e80c7a0 returned with HTTP 200
Feb 19 02:34:37.733444 np0000156485 devstack@m-api.service[40392]: [pid: 40392|app: 0|req: 371/724] 199.19.213.206 () {66 vars in 1496 bytes} [Thu Feb 19 02:34:37 2026] GET /share/v2/9d23a0475f2c4c3b8927219237a0d1f5/shares/c3446755-97aa-40e3-bb67-7ed95e80c7a0 => generated 1314 bytes in 25 msecs (HTTP/1.1 200) 7 headers in 298 bytes (1 switches on core 0)
Feb 19 02:34:38.186784 np0000156485 devstack@m-api.service[40391]: INFO manila.api.openstack.wsgi [None req-b85b26a4-6ed9-44e2-977e-777dba68adb7 tempest-TestProjectReaderTestsCIFS-1003813371 tempest-TestProjectReaderTestsCIFS-1003813371-project-member] GET https://199.19.213.206/share/v2/b0f56f37bf1c46a5abd5fbec5dc0b950/shares/5f5fe296-eec6-4e5c-bfcc-ec6eb31a6e9a
Feb 19 02:34:38.187421 np0000156485 devstack@m-api.service[40391]: DEBUG manila.api.openstack.wsgi [None req-b85b26a4-6ed9-44e2-977e-777dba68adb7 tempest-TestProjectReaderTestsCIFS-1003813371 tempest-TestProjectReaderTestsCIFS-1003813371-project-member] Empty body provided in request {{(pid=40391) get_body /opt/stack/manila/manila/api/openstack/wsgi.py:652}}
Feb 19 02:34:38.187509 np0000156485 devstack@m-api.service[40391]: DEBUG manila.api.openstack.wsgi [None req-b85b26a4-6ed9-44e2-977e-777dba68adb7 tempest-TestProjectReaderTestsCIFS-1003813371 tempest-TestProjectReaderTestsCIFS-1003813371-project-member] Calling method 'ShareMixin.show' {{(pid=40391) _process_stack /opt/stack/manila/manila/api/openstack/wsgi.py:798}}
Feb 19 02:34:38.202345 np0000156485 devstack@m-api.service[40391]: INFO manila.api.openstack.wsgi [None req-b85b26a4-6ed9-44e2-977e-777dba68adb7 tempest-TestProjectReaderTestsCIFS-1003813371 tempest-TestProjectReaderTestsCIFS-1003813371-project-member] https://199.19.213.206/share/v2/b0f56f37bf1c46a5abd5fbec5dc0b950/shares/5f5fe296-eec6-4e5c-bfcc-ec6eb31a6e9a returned with HTTP 200
Feb 19 02:34:38.202926 np0000156485 devstack@m-api.service[40391]: [pid: 40391|app: 0|req: 354/725] 199.19.213.206 () {66 vars in 1496 bytes} [Thu Feb 19 02:34:38 2026] GET /share/v2/b0f56f37bf1c46a5abd5fbec5dc0b950/shares/5f5fe296-eec6-4e5c-bfcc-ec6eb31a6e9a => generated 1315 bytes in 20 msecs (HTTP/1.1 200) 7 headers in 298 bytes (1 switches on core 0)
Feb 19 02:34:38.249212 np0000156485 devstack@m-api.service[40392]: INFO manila.api.openstack.wsgi [None req-0871a672-40bf-4ccb-a145-995e2f43cfa4 tempest-TestProjectReaderTestsNFS-2002973420 tempest-TestProjectReaderTestsNFS-2002973420-project-member] GET https://199.19.213.206/share/v2/b1bfde85f1af44dfaca3b7bc336ac6a8/share-access-rules?share_id=77d1c792-593f-487d-a730-2a6fde81addc
Feb 19 02:34:38.249680 np0000156485 devstack@m-api.service[40392]: DEBUG manila.api.openstack.wsgi [None req-0871a672-40bf-4ccb-a145-995e2f43cfa4 tempest-TestProjectReaderTestsNFS-2002973420 tempest-TestProjectReaderTestsNFS-2002973420-project-member] Empty body provided in request {{(pid=40392) get_body /opt/stack/manila/manila/api/openstack/wsgi.py:652}}
Feb 19 02:34:38.249897 np0000156485 devstack@m-api.service[40392]: DEBUG manila.api.openstack.wsgi [None req-0871a672-40bf-4ccb-a145-995e2f43cfa4 tempest-TestProjectReaderTestsNFS-2002973420 tempest-TestProjectReaderTestsNFS-2002973420-project-member] Calling method 'Controller.__getattribute__..version_select' {{(pid=40392) _process_stack /opt/stack/manila/manila/api/openstack/wsgi.py:798}}
Feb 19 02:34:38.269495 np0000156485 devstack@m-api.service[40392]: INFO manila.api.openstack.wsgi [None req-0871a672-40bf-4ccb-a145-995e2f43cfa4 tempest-TestProjectReaderTestsNFS-2002973420 tempest-TestProjectReaderTestsNFS-2002973420-project-member] https://199.19.213.206/share/v2/b1bfde85f1af44dfaca3b7bc336ac6a8/share-access-rules?share_id=77d1c792-593f-487d-a730-2a6fde81addc returned with HTTP 200
Feb 19 02:34:38.269711 np0000156485 devstack@m-api.service[40392]: [pid: 40392|app: 0|req: 372/726] 199.19.213.206 () {66 vars in 1512 bytes} [Thu Feb 19 02:34:38 2026] GET /share/v2/b1bfde85f1af44dfaca3b7bc336ac6a8/share-access-rules?share_id=77d1c792-593f-487d-a730-2a6fde81addc => generated 19 bytes in 26 msecs (HTTP/1.1 200) 7 headers in 296 bytes (1 switches on core 0)
Feb 19 02:34:38.278851 np0000156485 devstack@m-api.service[40391]: INFO manila.api.openstack.wsgi [None req-6487529c-e358-4425-89f3-e3b7901f65c1 tempest-TestProjectAdminTestsCIFS-92231781 tempest-user-1614969658] GET https://199.19.213.206/share/v2/1ea50be6be194b9bb2815d78e3e8047d/share-access-rules?share_id=1b89f032-64fa-4573-bb03-af86b756dd28
Feb 19 02:34:38.279255 np0000156485 devstack@m-api.service[40391]: DEBUG manila.api.openstack.wsgi [None req-6487529c-e358-4425-89f3-e3b7901f65c1 tempest-TestProjectAdminTestsCIFS-92231781 tempest-user-1614969658] Empty body provided in request {{(pid=40391) get_body /opt/stack/manila/manila/api/openstack/wsgi.py:652}}
Feb 19 02:34:38.279604 np0000156485 devstack@m-api.service[40391]: DEBUG manila.api.openstack.wsgi [None req-6487529c-e358-4425-89f3-e3b7901f65c1 tempest-TestProjectAdminTestsCIFS-92231781 tempest-user-1614969658] Calling method 'Controller.__getattribute__..version_select' {{(pid=40391) _process_stack /opt/stack/manila/manila/api/openstack/wsgi.py:798}}
Feb 19 02:34:38.280536 np0000156485 devstack@m-api.service[40392]: INFO manila.api.openstack.wsgi [None req-ffeafc86-7342-4eb9-9989-2289c4509e06 tempest-TestProjectReaderTestsNFS-659480073 tempest-user-1748553885] POST https://199.19.213.206/share/v2/00adc123e241401b98327a6a231e2352/shares/e940bf62-5f72-4004-9be5-b8981bce17df/action
Feb 19 02:34:38.280934 np0000156485 devstack@m-api.service[40392]: DEBUG manila.api.openstack.wsgi [None req-ffeafc86-7342-4eb9-9989-2289c4509e06 tempest-TestProjectReaderTestsNFS-659480073 tempest-user-1748553885] Action body: b'{"deny_access": {"access_id": "3694ba0b-7691-4184-aeec-0bd2bae48ae9"}}' {{(pid=40392) get_method /opt/stack/manila/manila/api/openstack/wsgi.py:912}}
Feb 19 02:34:38.281217 np0000156485 devstack@m-api.service[40392]: DEBUG manila.api.openstack.wsgi [None req-ffeafc86-7342-4eb9-9989-2289c4509e06 tempest-TestProjectReaderTestsNFS-659480073 tempest-user-1748553885] Action: 'action', calling method: ShareController.deny_access, body: {"deny_access": {"access_id": "3694ba0b-7691-4184-aeec-0bd2bae48ae9"}} {{(pid=40392) _process_stack /opt/stack/manila/manila/api/openstack/wsgi.py:796}}
Feb 19 02:34:38.282205 np0000156485 devstack@m-api.service[40392]: DEBUG manila.lock.api [None req-ffeafc86-7342-4eb9-9989-2289c4509e06 tempest-TestProjectReaderTestsNFS-659480073 tempest-user-1748553885] Searching for locks by: {'resource_id': '3694ba0b-7691-4184-aeec-0bd2bae48ae9', 'resource_action': 'delete', 'all_projects': True} {{(pid=40392) get_all /opt/stack/manila/manila/lock/api.py:112}}
Feb 19 02:34:38.296605 np0000156485 devstack@m-api.service[40391]: INFO manila.api.openstack.wsgi [None req-6487529c-e358-4425-89f3-e3b7901f65c1 tempest-TestProjectAdminTestsCIFS-92231781 tempest-user-1614969658] https://199.19.213.206/share/v2/1ea50be6be194b9bb2815d78e3e8047d/share-access-rules?share_id=1b89f032-64fa-4573-bb03-af86b756dd28 returned with HTTP 200
Feb 19 02:34:38.296978 np0000156485 devstack@m-api.service[40391]: [pid: 40391|app: 0|req: 355/727] 199.19.213.206 () {66 vars in 1512 bytes} [Thu Feb 19 02:34:38 2026] GET /share/v2/1ea50be6be194b9bb2815d78e3e8047d/share-access-rules?share_id=1b89f032-64fa-4573-bb03-af86b756dd28 => generated 19 bytes in 23 msecs (HTTP/1.1 200) 7 headers in 296 bytes (1 switches on core 0)
Feb 19 02:34:38.299239 np0000156485 devstack@m-api.service[40391]: INFO manila.api.openstack.wsgi [None req-5632d327-d1c9-4cd2-bff8-18dfba75f22c tempest-TestProjectAdminTestsNFS-1875335141 tempest-TestProjectAdminTestsNFS-1875335141-project-member] GET https://199.19.213.206/share/v2/8ac34147f0f64069888fc9af8eafb99c/share-groups/bcad1be9-f48f-4de5-a12a-ac4284e2d512
Feb 19 02:34:38.299419 np0000156485 devstack@m-api.service[40391]: DEBUG manila.api.openstack.wsgi [None req-5632d327-d1c9-4cd2-bff8-18dfba75f22c tempest-TestProjectAdminTestsNFS-1875335141 tempest-TestProjectAdminTestsNFS-1875335141-project-member] Empty body provided in request {{(pid=40391) get_body /opt/stack/manila/manila/api/openstack/wsgi.py:652}}
Feb 19 02:34:38.299575 np0000156485 devstack@m-api.service[40391]: DEBUG manila.api.openstack.wsgi [None req-5632d327-d1c9-4cd2-bff8-18dfba75f22c tempest-TestProjectAdminTestsNFS-1875335141 tempest-TestProjectAdminTestsNFS-1875335141-project-member] Calling method 'Controller.__getattribute__..version_select' {{(pid=40391) _process_stack /opt/stack/manila/manila/api/openstack/wsgi.py:798}}
Feb 19 02:34:38.303965 np0000156485 devstack@m-api.service[40391]: INFO manila.api.openstack.wsgi [None req-5632d327-d1c9-4cd2-bff8-18dfba75f22c tempest-TestProjectAdminTestsNFS-1875335141 tempest-TestProjectAdminTestsNFS-1875335141-project-member] https://199.19.213.206/share/v2/8ac34147f0f64069888fc9af8eafb99c/share-groups/bcad1be9-f48f-4de5-a12a-ac4284e2d512 returned with HTTP 200
Feb 19 02:34:38.304304 np0000156485 devstack@m-api.service[40391]: [pid: 40391|app: 0|req: 356/728] 199.19.213.206 () {66 vars in 1514 bytes} [Thu Feb 19 02:34:38 2026] GET /share/v2/8ac34147f0f64069888fc9af8eafb99c/share-groups/bcad1be9-f48f-4de5-a12a-ac4284e2d512 => generated 853 bytes in 7 msecs (HTTP/1.1 200) 7 headers in 297 bytes (1 switches on core 0)
Feb 19 02:34:38.307971 np0000156485 devstack@m-api.service[40391]: INFO manila.api.openstack.wsgi [None req-c060df4d-a2df-43e0-96d9-7b6fd00e2f92 tempest-TestProjectAdminTestsCIFS-92231781 tempest-user-1614969658] POST https://199.19.213.206/share/v2/1ea50be6be194b9bb2815d78e3e8047d/shares/1b89f032-64fa-4573-bb03-af86b756dd28/action
Feb 19 02:34:38.308252 np0000156485 devstack@m-api.service[40391]: DEBUG manila.api.openstack.wsgi [None req-c060df4d-a2df-43e0-96d9-7b6fd00e2f92 tempest-TestProjectAdminTestsCIFS-92231781 tempest-user-1614969658] Action body: b'{"allow_access": {"access_type": "user", "access_to": "Administrator", "access_level": "rw"}}' {{(pid=40391) get_method /opt/stack/manila/manila/api/openstack/wsgi.py:912}}
Feb 19 02:34:38.308364 np0000156485 devstack@m-api.service[40391]: DEBUG manila.api.openstack.wsgi [None req-c060df4d-a2df-43e0-96d9-7b6fd00e2f92 tempest-TestProjectAdminTestsCIFS-92231781 tempest-user-1614969658] Action: 'action', calling method: ShareController.allow_access, body: {"allow_access": {"access_type": "user", "access_to": "Administrator", "access_level": "rw"}} {{(pid=40391) _process_stack /opt/stack/manila/manila/api/openstack/wsgi.py:796}}
Feb 19 02:34:38.344370 np0000156485 devstack@m-api.service[40392]: DEBUG oslo_concurrency.lockutils [None req-ffeafc86-7342-4eb9-9989-2289c4509e06 tempest-TestProjectReaderTestsNFS-659480073 tempest-user-1748553885] Acquiring lock "locked_access_rules_operation_by_share_instance_b4d4a563-2457-47fc-8471-825059ba8959" by "manila.share.access.locked_access_rules_operation..wrapped..locked_operation" {{(pid=40392) inner /opt/stack/data/venv/lib/python3.12/site-packages/oslo_concurrency/lockutils.py:506}}
Feb 19 02:34:38.344672 np0000156485 devstack@m-api.service[40392]: DEBUG oslo_concurrency.lockutils [None req-ffeafc86-7342-4eb9-9989-2289c4509e06 tempest-TestProjectReaderTestsNFS-659480073 tempest-user-1748553885] Lock "locked_access_rules_operation_by_share_instance_b4d4a563-2457-47fc-8471-825059ba8959" acquired by "manila.share.access.locked_access_rules_operation..wrapped..locked_operation" :: waited 0.000s {{(pid=40392) inner /opt/stack/data/venv/lib/python3.12/site-packages/oslo_concurrency/lockutils.py:519}}
Feb 19 02:34:38.354123 np0000156485 devstack@m-api.service[40391]: DEBUG oslo_concurrency.lockutils [None req-c060df4d-a2df-43e0-96d9-7b6fd00e2f92 tempest-TestProjectAdminTestsCIFS-92231781 tempest-user-1614969658] Acquiring lock "locked_access_rules_operation_by_share_instance_37da5721-3ff7-4ead-b53f-09bb5c0ac764" by "manila.share.access.locked_access_rules_operation..wrapped..locked_operation" {{(pid=40391) inner /opt/stack/data/venv/lib/python3.12/site-packages/oslo_concurrency/lockutils.py:506}}
Feb 19 02:34:38.354496 np0000156485 devstack@m-api.service[40391]: DEBUG oslo_concurrency.lockutils [None req-c060df4d-a2df-43e0-96d9-7b6fd00e2f92 tempest-TestProjectAdminTestsCIFS-92231781 tempest-user-1614969658] Lock "locked_access_rules_operation_by_share_instance_37da5721-3ff7-4ead-b53f-09bb5c0ac764" acquired by "manila.share.access.locked_access_rules_operation..wrapped..locked_operation" :: waited 0.000s {{(pid=40391) inner /opt/stack/data/venv/lib/python3.12/site-packages/oslo_concurrency/lockutils.py:519}}
Feb 19 02:34:38.421155 np0000156485 devstack@m-api.service[40392]: DEBUG oslo_concurrency.lockutils [None req-ffeafc86-7342-4eb9-9989-2289c4509e06 tempest-TestProjectReaderTestsNFS-659480073 tempest-user-1748553885] Lock "locked_access_rules_operation_by_share_instance_b4d4a563-2457-47fc-8471-825059ba8959" "released" by "manila.share.access.locked_access_rules_operation..wrapped..locked_operation" :: held 0.076s {{(pid=40392) inner /opt/stack/data/venv/lib/python3.12/site-packages/oslo_concurrency/lockutils.py:538}}
Feb 19 02:34:38.421310 np0000156485 devstack@m-api.service[40392]: DEBUG oslo_concurrency.lockutils [None req-ffeafc86-7342-4eb9-9989-2289c4509e06 tempest-TestProjectReaderTestsNFS-659480073 tempest-user-1748553885] Acquiring lock "locked_access_rules_operation_by_share_instance_b4d4a563-2457-47fc-8471-825059ba8959" by "manila.share.access.locked_access_rules_operation..wrapped..locked_operation" {{(pid=40392) inner /opt/stack/data/venv/lib/python3.12/site-packages/oslo_concurrency/lockutils.py:506}}
Feb 19 02:34:38.421561 np0000156485 devstack@m-api.service[40392]: DEBUG oslo_concurrency.lockutils [None req-ffeafc86-7342-4eb9-9989-2289c4509e06 tempest-TestProjectReaderTestsNFS-659480073 tempest-user-1748553885] Lock "locked_access_rules_operation_by_share_instance_b4d4a563-2457-47fc-8471-825059ba8959" acquired by "manila.share.access.locked_access_rules_operation..wrapped..locked_operation" :: waited 0.000s {{(pid=40392) inner /opt/stack/data/venv/lib/python3.12/site-packages/oslo_concurrency/lockutils.py:519}}
Feb 19 02:34:38.427154 np0000156485 devstack@m-api.service[40391]: DEBUG oslo_concurrency.lockutils [None req-c060df4d-a2df-43e0-96d9-7b6fd00e2f92 tempest-TestProjectAdminTestsCIFS-92231781 tempest-user-1614969658] Lock "locked_access_rules_operation_by_share_instance_37da5721-3ff7-4ead-b53f-09bb5c0ac764" "released" by "manila.share.access.locked_access_rules_operation..wrapped..locked_operation" :: held 0.073s {{(pid=40391) inner /opt/stack/data/venv/lib/python3.12/site-packages/oslo_concurrency/lockutils.py:538}}
Feb 19 02:34:38.429865 np0000156485 devstack@m-api.service[40391]: INFO manila.api.openstack.wsgi [None req-c060df4d-a2df-43e0-96d9-7b6fd00e2f92 tempest-TestProjectAdminTestsCIFS-92231781 tempest-user-1614969658] https://199.19.213.206/share/v2/1ea50be6be194b9bb2815d78e3e8047d/shares/1b89f032-64fa-4573-bb03-af86b756dd28/action returned with HTTP 200
Feb 19 02:34:38.430650 np0000156485 devstack@m-api.service[40391]: [pid: 40391|app: 0|req: 357/729] 199.19.213.206 () {68 vars in 1538 bytes} [Thu Feb 19 02:34:38 2026] POST /share/v2/1ea50be6be194b9bb2815d78e3e8047d/shares/1b89f032-64fa-4573-bb03-af86b756dd28/action => generated 313 bytes in 124 msecs (HTTP/1.1 200) 7 headers in 297 bytes (2 switches on core 0)
Feb 19 02:34:38.435741 np0000156485 devstack@m-api.service[40391]: INFO manila.api.openstack.wsgi [None req-c710554c-e31c-4855-bb68-80364850f80a tempest-TestProjectAdminTestsNFS-1367498682 tempest-TestProjectAdminTestsNFS-1367498682-project-admin] GET https://199.19.213.206/share/v2/c9bab725cade48dbb72cd49a3184c794/share-groups?all_tenants=1
Feb 19 02:34:38.436396 np0000156485 devstack@m-api.service[40391]: DEBUG manila.api.openstack.wsgi [None req-c710554c-e31c-4855-bb68-80364850f80a tempest-TestProjectAdminTestsNFS-1367498682 tempest-TestProjectAdminTestsNFS-1367498682-project-admin] Empty body provided in request {{(pid=40391) get_body /opt/stack/manila/manila/api/openstack/wsgi.py:652}}
Feb 19 02:34:38.436537 np0000156485 devstack@m-api.service[40391]: DEBUG manila.api.openstack.wsgi [None req-c710554c-e31c-4855-bb68-80364850f80a tempest-TestProjectAdminTestsNFS-1367498682 tempest-TestProjectAdminTestsNFS-1367498682-project-admin] Calling method 'Controller.__getattribute__..version_select' {{(pid=40391) _process_stack /opt/stack/manila/manila/api/openstack/wsgi.py:798}}
Feb 19 02:34:38.437368 np0000156485 devstack@m-api.service[40391]: DEBUG manila.share_group.api [None req-c710554c-e31c-4855-bb68-80364850f80a tempest-TestProjectAdminTestsNFS-1367498682 tempest-TestProjectAdminTestsNFS-1367498682-project-admin] Searching for share_groups by: {'all_tenants': '1'} {{(pid=40391) get_all /opt/stack/manila/manila/share_group/api.py:335}}
Feb 19 02:34:38.446622 np0000156485 devstack@m-api.service[40391]: INFO manila.api.openstack.wsgi [None req-c710554c-e31c-4855-bb68-80364850f80a tempest-TestProjectAdminTestsNFS-1367498682 tempest-TestProjectAdminTestsNFS-1367498682-project-admin] https://199.19.213.206/share/v2/c9bab725cade48dbb72cd49a3184c794/share-groups?all_tenants=1 returned with HTTP 200
Feb 19 02:34:38.447480 np0000156485 devstack@m-api.service[40391]: [pid: 40391|app: 0|req: 358/730] 199.19.213.206 () {66 vars in 1430 bytes} [Thu Feb 19 02:34:38 2026] GET /share/v2/c9bab725cade48dbb72cd49a3184c794/share-groups?all_tenants=1 => generated 9702 bytes in 16 msecs (HTTP/1.1 200) 7 headers in 298 bytes (1 switches on core 0)
Feb 19 02:34:38.452749 np0000156485 devstack@m-api.service[40391]: INFO manila.api.openstack.wsgi [None req-89027390-8a68-46e0-a12f-4d1882ffa194 tempest-TestProjectMemberTestsCIFS-76720649 tempest-TestProjectMemberTestsCIFS-76720649-project-member] GET https://199.19.213.206/share/v2/d2b5a02e375c4f86b6444e669d591c79/share-groups/f29c22df-395a-4545-bb55-a93cb088f912
Feb 19 02:34:38.452948 np0000156485 devstack@m-api.service[40391]: DEBUG manila.api.openstack.wsgi [None req-89027390-8a68-46e0-a12f-4d1882ffa194 tempest-TestProjectMemberTestsCIFS-76720649 tempest-TestProjectMemberTestsCIFS-76720649-project-member] Empty body provided in request {{(pid=40391) get_body /opt/stack/manila/manila/api/openstack/wsgi.py:652}}
Feb 19 02:34:38.453118 np0000156485 devstack@m-api.service[40391]: DEBUG manila.api.openstack.wsgi [None req-89027390-8a68-46e0-a12f-4d1882ffa194 tempest-TestProjectMemberTestsCIFS-76720649 tempest-TestProjectMemberTestsCIFS-76720649-project-member] Calling method 'Controller.__getattribute__..version_select' {{(pid=40391) _process_stack /opt/stack/manila/manila/api/openstack/wsgi.py:798}}
Feb 19 02:34:38.458638 np0000156485 devstack@m-api.service[40391]: INFO manila.api.openstack.wsgi [None req-89027390-8a68-46e0-a12f-4d1882ffa194 tempest-TestProjectMemberTestsCIFS-76720649 tempest-TestProjectMemberTestsCIFS-76720649-project-member] https://199.19.213.206/share/v2/d2b5a02e375c4f86b6444e669d591c79/share-groups/f29c22df-395a-4545-bb55-a93cb088f912 returned with HTTP 200
Feb 19 02:34:38.459019 np0000156485 devstack@m-api.service[40391]: [pid: 40391|app: 0|req: 359/731] 199.19.213.206 () {66 vars in 1514 bytes} [Thu Feb 19 02:34:38 2026] GET /share/v2/d2b5a02e375c4f86b6444e669d591c79/share-groups/f29c22df-395a-4545-bb55-a93cb088f912 => generated 853 bytes in 11 msecs (HTTP/1.1 200) 7 headers in 297 bytes (1 switches on core 0)
Feb 19 02:34:38.461507 np0000156485 devstack@m-api.service[40391]: INFO manila.api.openstack.wsgi [None req-f6a9e45b-6a36-428e-ad10-ba250274821a tempest-TestProjectAdminTestsCIFS-92231781 tempest-user-1614969658] GET https://199.19.213.206/share/v2/1ea50be6be194b9bb2815d78e3e8047d/share-access-rules?share_id=1b89f032-64fa-4573-bb03-af86b756dd28
Feb 19 02:34:38.461686 np0000156485 devstack@m-api.service[40391]: DEBUG manila.api.openstack.wsgi [None req-f6a9e45b-6a36-428e-ad10-ba250274821a tempest-TestProjectAdminTestsCIFS-92231781 tempest-user-1614969658] Empty body provided in request {{(pid=40391) get_body /opt/stack/manila/manila/api/openstack/wsgi.py:652}}
Feb 19 02:34:38.461829 np0000156485 devstack@m-api.service[40391]: DEBUG manila.api.openstack.wsgi [None req-f6a9e45b-6a36-428e-ad10-ba250274821a tempest-TestProjectAdminTestsCIFS-92231781 tempest-user-1614969658] Calling method 'Controller.__getattribute__..version_select' {{(pid=40391) _process_stack /opt/stack/manila/manila/api/openstack/wsgi.py:798}}
Feb 19 02:34:38.480914 np0000156485 devstack@m-api.service[40392]: DEBUG oslo_concurrency.lockutils [None req-ffeafc86-7342-4eb9-9989-2289c4509e06 tempest-TestProjectReaderTestsNFS-659480073 tempest-user-1748553885] Lock "locked_access_rules_operation_by_share_instance_b4d4a563-2457-47fc-8471-825059ba8959" "released" by "manila.share.access.locked_access_rules_operation..wrapped..locked_operation" :: held 0.059s {{(pid=40392) inner /opt/stack/data/venv/lib/python3.12/site-packages/oslo_concurrency/lockutils.py:538}}
Feb 19 02:34:38.482191 np0000156485 devstack@m-api.service[40392]: INFO manila.api.openstack.wsgi [None req-ffeafc86-7342-4eb9-9989-2289c4509e06 tempest-TestProjectReaderTestsNFS-659480073 tempest-user-1748553885] https://199.19.213.206/share/v2/00adc123e241401b98327a6a231e2352/shares/e940bf62-5f72-4004-9be5-b8981bce17df/action returned with HTTP 202
Feb 19 02:34:38.482598 np0000156485 devstack@m-api.service[40392]: [pid: 40392|app: 0|req: 373/732] 199.19.213.206 () {68 vars in 1538 bytes} [Thu Feb 19 02:34:38 2026] POST /share/v2/00adc123e241401b98327a6a231e2352/shares/e940bf62-5f72-4004-9be5-b8981bce17df/action => generated 0 bytes in 204 msecs (HTTP/1.1 202) 7 headers in 309 bytes (1 switches on core 0)
Feb 19 02:34:38.487190 np0000156485 devstack@m-api.service[40392]: INFO manila.api.openstack.wsgi [None req-7e9f7eca-3d76-488c-b919-e0d640769abf tempest-TestProjectAdminTestsNFS-1367498682 tempest-user-544061260] POST https://199.19.213.206/share/v2/c9bab725cade48dbb72cd49a3184c794/share-groups
Feb 19 02:34:38.487911 np0000156485 devstack@m-api.service[40392]: DEBUG manila.api.openstack.wsgi [None req-7e9f7eca-3d76-488c-b919-e0d640769abf tempest-TestProjectAdminTestsNFS-1367498682 tempest-user-544061260] Action: 'create', calling method: Controller.__getattribute__..version_select, body: {"share_group": {"name": "tempest-share-group-1041231217", "share_group_type_id": "9f38027c-4ef0-4a1e-abf5-1fadd66940a3", "share_types": ["4c074b27-7cad-4bb2-92c4-fe34b0ed7536"]}} {{(pid=40392) _process_stack /opt/stack/manila/manila/api/openstack/wsgi.py:796}}
Feb 19 02:34:38.490702 np0000156485 devstack@m-api.service[40391]: DEBUG manila.lock.api [None req-f6a9e45b-6a36-428e-ad10-ba250274821a tempest-TestProjectAdminTestsCIFS-92231781 tempest-user-1614969658] Searching for locks by: {'resource_id': 'f6715e0f-87b5-4443-8e43-573906dcf6cd', 'resource_action': 'show', 'resource_type': 'access_rule', 'all_projects': True} {{(pid=40391) get_all /opt/stack/manila/manila/lock/api.py:112}}
Feb 19 02:34:38.495802 np0000156485 devstack@m-api.service[40391]: INFO manila.api.openstack.wsgi [None req-f6a9e45b-6a36-428e-ad10-ba250274821a tempest-TestProjectAdminTestsCIFS-92231781 tempest-user-1614969658] https://199.19.213.206/share/v2/1ea50be6be194b9bb2815d78e3e8047d/share-access-rules?share_id=1b89f032-64fa-4573-bb03-af86b756dd28 returned with HTTP 200
Feb 19 02:34:38.495802 np0000156485 devstack@m-api.service[40391]: [pid: 40391|app: 0|req: 360/733] 199.19.213.206 () {66 vars in 1512 bytes} [Thu Feb 19 02:34:38 2026] GET /share/v2/1ea50be6be194b9bb2815d78e3e8047d/share-access-rules?share_id=1b89f032-64fa-4573-bb03-af86b756dd28 => generated 268 bytes in 36 msecs (HTTP/1.1 200) 7 headers in 297 bytes (1 switches on core 0)
Feb 19 02:34:38.497929 np0000156485 devstack@m-api.service[40391]: INFO manila.api.openstack.wsgi [None req-61fda1d8-2d0d-4821-aecc-22a553d2f7c3 tempest-TestProjectMemberTestsCIFS-82643857 tempest-TestProjectMemberTestsCIFS-82643857-project-member] PUT https://199.19.213.206/share/v2/db11711dac4c4894a35d5895ef362803/share-groups/f29c22df-395a-4545-bb55-a93cb088f912
Feb 19 02:34:38.498321 np0000156485 devstack@m-api.service[40391]: DEBUG manila.api.openstack.wsgi [None req-61fda1d8-2d0d-4821-aecc-22a553d2f7c3 tempest-TestProjectMemberTestsCIFS-82643857 tempest-TestProjectMemberTestsCIFS-82643857-project-member] Action: 'update', calling method: Controller.__getattribute__..version_select, body: {"share_group": {"name": "tempest-rename_share-1440200498"}} {{(pid=40391) _process_stack /opt/stack/manila/manila/api/openstack/wsgi.py:796}}
Feb 19 02:34:38.501923 np0000156485 devstack@m-api.service[40391]: INFO manila.api.openstack.wsgi [None req-61fda1d8-2d0d-4821-aecc-22a553d2f7c3 tempest-TestProjectMemberTestsCIFS-82643857 tempest-TestProjectMemberTestsCIFS-82643857-project-member] HTTP exception thrown: Share group f29c22df-395a-4545-bb55-a93cb088f912 not found.
Feb 19 02:34:38.502080 np0000156485 devstack@m-api.service[40391]: INFO manila.api.openstack.wsgi [None req-61fda1d8-2d0d-4821-aecc-22a553d2f7c3 tempest-TestProjectMemberTestsCIFS-82643857 tempest-TestProjectMemberTestsCIFS-82643857-project-member] https://199.19.213.206/share/v2/db11711dac4c4894a35d5895ef362803/share-groups/f29c22df-395a-4545-bb55-a93cb088f912 returned with HTTP 404
Feb 19 02:34:38.502434 np0000156485 devstack@m-api.service[40391]: [pid: 40391|app: 0|req: 361/734] 199.19.213.206 () {68 vars in 1534 bytes} [Thu Feb 19 02:34:38 2026] PUT /share/v2/db11711dac4c4894a35d5895ef362803/share-groups/f29c22df-395a-4545-bb55-a93cb088f912 => generated 105 bytes in 6 msecs (HTTP/1.1 404) 7 headers in 304 bytes (1 switches on core 0)
Feb 19 02:34:38.504515 np0000156485 devstack@m-api.service[40391]: INFO manila.api.openstack.wsgi [None req-274e1218-c149-43f3-beb7-8da43969561d tempest-TestProjectReaderTestsNFS-659480073 tempest-user-1748553885] GET https://199.19.213.206/share/v2/00adc123e241401b98327a6a231e2352/share-access-rules?share_id=e940bf62-5f72-4004-9be5-b8981bce17df
Feb 19 02:34:38.504701 np0000156485 devstack@m-api.service[40391]: DEBUG manila.api.openstack.wsgi [None req-274e1218-c149-43f3-beb7-8da43969561d tempest-TestProjectReaderTestsNFS-659480073 tempest-user-1748553885] Empty body provided in request {{(pid=40391) get_body /opt/stack/manila/manila/api/openstack/wsgi.py:652}}
Feb 19 02:34:38.504800 np0000156485 devstack@m-api.service[40391]: DEBUG manila.api.openstack.wsgi [None req-274e1218-c149-43f3-beb7-8da43969561d tempest-TestProjectReaderTestsNFS-659480073 tempest-user-1748553885] Calling method 'Controller.__getattribute__..version_select' {{(pid=40391) _process_stack /opt/stack/manila/manila/api/openstack/wsgi.py:798}}
Feb 19 02:34:38.526771 np0000156485 devstack@m-api.service[40392]: DEBUG manila.quota [None req-7e9f7eca-3d76-488c-b919-e0d640769abf tempest-TestProjectAdminTestsNFS-1367498682 tempest-user-544061260] Created reservations ['249c12dd-c84d-4d1d-afff-7540da7ba47c'] {{(pid=40392) reserve /opt/stack/manila/manila/quota.py:1038}}
Feb 19 02:34:38.531447 np0000156485 devstack@m-api.service[40391]: DEBUG manila.lock.api [None req-274e1218-c149-43f3-beb7-8da43969561d tempest-TestProjectReaderTestsNFS-659480073 tempest-user-1748553885] Searching for locks by: {'resource_id': '3694ba0b-7691-4184-aeec-0bd2bae48ae9', 'resource_action': 'show', 'resource_type': 'access_rule', 'all_projects': True} {{(pid=40391) get_all /opt/stack/manila/manila/lock/api.py:112}}
Feb 19 02:34:38.535373 np0000156485 devstack@m-api.service[40391]: INFO manila.api.openstack.wsgi [None req-274e1218-c149-43f3-beb7-8da43969561d tempest-TestProjectReaderTestsNFS-659480073 tempest-user-1748553885] https://199.19.213.206/share/v2/00adc123e241401b98327a6a231e2352/share-access-rules?share_id=e940bf62-5f72-4004-9be5-b8981bce17df returned with HTTP 200
Feb 19 02:34:38.535839 np0000156485 devstack@m-api.service[40391]: [pid: 40391|app: 0|req: 362/735] 199.19.213.206 () {66 vars in 1512 bytes} [Thu Feb 19 02:34:38 2026] GET /share/v2/00adc123e241401b98327a6a231e2352/share-access-rules?share_id=e940bf62-5f72-4004-9be5-b8981bce17df => generated 302 bytes in 33 msecs (HTTP/1.1 200) 7 headers in 297 bytes (1 switches on core 0)
Feb 19 02:34:38.538425 np0000156485 devstack@m-api.service[40391]: INFO manila.api.openstack.wsgi [None req-e5040ace-71b4-4091-bd86-83c2143def20 tempest-TestProjectMemberTestsCIFS-76720649 tempest-TestProjectMemberTestsCIFS-76720649-project-member] DELETE https://199.19.213.206/share/v2/d2b5a02e375c4f86b6444e669d591c79/share-groups/f29c22df-395a-4545-bb55-a93cb088f912
Feb 19 02:34:38.538615 np0000156485 devstack@m-api.service[40391]: DEBUG manila.api.openstack.wsgi [None req-e5040ace-71b4-4091-bd86-83c2143def20 tempest-TestProjectMemberTestsCIFS-76720649 tempest-TestProjectMemberTestsCIFS-76720649-project-member] Empty body provided in request {{(pid=40391) get_body /opt/stack/manila/manila/api/openstack/wsgi.py:652}}
Feb 19 02:34:38.538773 np0000156485 devstack@m-api.service[40391]: DEBUG manila.api.openstack.wsgi [None req-e5040ace-71b4-4091-bd86-83c2143def20 tempest-TestProjectMemberTestsCIFS-76720649 tempest-TestProjectMemberTestsCIFS-76720649-project-member] Calling method 'Controller.__getattribute__..version_select' {{(pid=40391) _process_stack /opt/stack/manila/manila/api/openstack/wsgi.py:798}}
Feb 19 02:34:38.539696 np0000156485 devstack@m-api.service[40391]: INFO manila.api.v2.share_groups [None req-e5040ace-71b4-4091-bd86-83c2143def20 tempest-TestProjectMemberTestsCIFS-76720649 tempest-TestProjectMemberTestsCIFS-76720649-project-member] Delete share group with id: f29c22df-395a-4545-bb55-a93cb088f912
Feb 19 02:34:38.555788 np0000156485 devstack@m-api.service[40392]: DEBUG manila.quota [None req-7e9f7eca-3d76-488c-b919-e0d640769abf tempest-TestProjectAdminTestsNFS-1367498682 tempest-user-544061260] Committed reservations ['249c12dd-c84d-4d1d-afff-7540da7ba47c'] {{(pid=40392) commit /opt/stack/manila/manila/quota.py:1066}}
Feb 19 02:34:38.558642 np0000156485 devstack@m-api.service[40392]: INFO manila.api.openstack.wsgi [None req-7e9f7eca-3d76-488c-b919-e0d640769abf tempest-TestProjectAdminTestsNFS-1367498682 tempest-user-544061260] https://199.19.213.206/share/v2/c9bab725cade48dbb72cd49a3184c794/share-groups returned with HTTP 202
Feb 19 02:34:38.559831 np0000156485 devstack@m-api.service[40392]: [pid: 40392|app: 0|req: 374/736] 199.19.213.206 () {68 vars in 1425 bytes} [Thu Feb 19 02:34:38 2026] POST /share/v2/c9bab725cade48dbb72cd49a3184c794/share-groups => generated 804 bytes in 76 msecs (HTTP/1.1 202) 7 headers in 303 bytes (1 switches on core 0)
Feb 19 02:34:38.564670 np0000156485 devstack@m-api.service[40392]: INFO manila.api.openstack.wsgi [None req-faf8d70c-6e13-4508-b873-f97257b141e4 tempest-TestProjectAdminTestsCIFS-1212024206 tempest-user-1902498005] GET https://199.19.213.206/share/v2/dc78276f13f849ae98ca7629cc367466/share-groups/b40d80ea-8b96-40ed-b7bb-476c4c365e9e
Feb 19 02:34:38.564670 np0000156485 devstack@m-api.service[40392]: DEBUG manila.api.openstack.wsgi [None req-faf8d70c-6e13-4508-b873-f97257b141e4 tempest-TestProjectAdminTestsCIFS-1212024206 tempest-user-1902498005] Empty body provided in request {{(pid=40392) get_body /opt/stack/manila/manila/api/openstack/wsgi.py:652}}
Feb 19 02:34:38.564670 np0000156485 devstack@m-api.service[40392]: DEBUG manila.api.openstack.wsgi [None req-faf8d70c-6e13-4508-b873-f97257b141e4 tempest-TestProjectAdminTestsCIFS-1212024206 tempest-user-1902498005] Calling method 'Controller.__getattribute__..version_select' {{(pid=40392) _process_stack /opt/stack/manila/manila/api/openstack/wsgi.py:798}}
Feb 19 02:34:38.570901 np0000156485 devstack@m-api.service[40392]: INFO manila.api.openstack.wsgi [None req-faf8d70c-6e13-4508-b873-f97257b141e4 tempest-TestProjectAdminTestsCIFS-1212024206 tempest-user-1902498005] https://199.19.213.206/share/v2/dc78276f13f849ae98ca7629cc367466/share-groups/b40d80ea-8b96-40ed-b7bb-476c4c365e9e returned with HTTP 200
Feb 19 02:34:38.571679 np0000156485 devstack@m-api.service[40392]: [pid: 40392|app: 0|req: 375/737] 199.19.213.206 () {66 vars in 1514 bytes} [Thu Feb 19 02:34:38 2026] GET /share/v2/dc78276f13f849ae98ca7629cc367466/share-groups/b40d80ea-8b96-40ed-b7bb-476c4c365e9e => generated 853 bytes in 12 msecs (HTTP/1.1 200) 7 headers in 297 bytes (1 switches on core 0)
Feb 19 02:34:38.575802 np0000156485 devstack@m-api.service[40392]: INFO manila.api.openstack.wsgi [None req-c904a63e-0a09-40f5-9dba-403113750701 tempest-TestProjectAdminTestsNFS-1367498682 tempest-user-544061260] GET https://199.19.213.206/share/v2/c9bab725cade48dbb72cd49a3184c794/share-groups/be658294-f59e-426d-9628-ee707ffa8dea
Feb 19 02:34:38.576011 np0000156485 devstack@m-api.service[40392]: DEBUG manila.api.openstack.wsgi [None req-c904a63e-0a09-40f5-9dba-403113750701 tempest-TestProjectAdminTestsNFS-1367498682 tempest-user-544061260] Empty body provided in request {{(pid=40392) get_body /opt/stack/manila/manila/api/openstack/wsgi.py:652}}
Feb 19 02:34:38.576256 np0000156485 devstack@m-api.service[40392]: DEBUG manila.api.openstack.wsgi [None req-c904a63e-0a09-40f5-9dba-403113750701 tempest-TestProjectAdminTestsNFS-1367498682 tempest-user-544061260] Calling method 'Controller.__getattribute__..version_select' {{(pid=40392) _process_stack /opt/stack/manila/manila/api/openstack/wsgi.py:798}}
Feb 19 02:34:38.582246 np0000156485 devstack@m-api.service[40392]: INFO manila.api.openstack.wsgi [None req-c904a63e-0a09-40f5-9dba-403113750701 tempest-TestProjectAdminTestsNFS-1367498682 tempest-user-544061260] https://199.19.213.206/share/v2/c9bab725cade48dbb72cd49a3184c794/share-groups/be658294-f59e-426d-9628-ee707ffa8dea returned with HTTP 200
Feb 19 02:34:38.582246 np0000156485 devstack@m-api.service[40392]: [pid: 40392|app: 0|req: 376/738] 199.19.213.206 () {66 vars in 1514 bytes} [Thu Feb 19 02:34:38 2026] GET /share/v2/c9bab725cade48dbb72cd49a3184c794/share-groups/be658294-f59e-426d-9628-ee707ffa8dea => generated 804 bytes in 9 msecs (HTTP/1.1 200) 7 headers in 297 bytes (1 switches on core 0)
Feb 19 02:34:38.586349 np0000156485 devstack@m-api.service[40392]: INFO manila.api.openstack.wsgi [None req-db6d33fb-6812-42a3-9a19-716f4860a5c3 tempest-TestProjectAdminTestsCIFS-1212024206 tempest-TestProjectAdminTestsCIFS-1212024206-project-admin] PUT https://199.19.213.206/share/v2/dc78276f13f849ae98ca7629cc367466/share-groups/b40d80ea-8b96-40ed-b7bb-476c4c365e9e
Feb 19 02:34:38.586724 np0000156485 devstack@m-api.service[40392]: DEBUG manila.api.openstack.wsgi [None req-db6d33fb-6812-42a3-9a19-716f4860a5c3 tempest-TestProjectAdminTestsCIFS-1212024206 tempest-TestProjectAdminTestsCIFS-1212024206-project-admin] Action: 'update', calling method: Controller.__getattribute__..version_select, body: {"share_group": {"name": "tempest-rename_share-1309368521"}} {{(pid=40392) _process_stack /opt/stack/manila/manila/api/openstack/wsgi.py:796}}
Feb 19 02:34:38.590763 np0000156485 devstack@m-api.service[40391]: DEBUG manila.quota [None req-e5040ace-71b4-4091-bd86-83c2143def20 tempest-TestProjectMemberTestsCIFS-76720649 tempest-TestProjectMemberTestsCIFS-76720649-project-member] Created reservations ['3b49e69c-dd00-408a-9d98-e399274fb7d6'] {{(pid=40391) reserve /opt/stack/manila/manila/quota.py:1038}}
Feb 19 02:34:38.605610 np0000156485 devstack@m-api.service[40392]: INFO manila.api.openstack.wsgi [None req-db6d33fb-6812-42a3-9a19-716f4860a5c3 tempest-TestProjectAdminTestsCIFS-1212024206 tempest-TestProjectAdminTestsCIFS-1212024206-project-admin] https://199.19.213.206/share/v2/dc78276f13f849ae98ca7629cc367466/share-groups/b40d80ea-8b96-40ed-b7bb-476c4c365e9e returned with HTTP 200
Feb 19 02:34:38.606340 np0000156485 devstack@m-api.service[40392]: [pid: 40392|app: 0|req: 377/739] 199.19.213.206 () {68 vars in 1534 bytes} [Thu Feb 19 02:34:38 2026] PUT /share/v2/dc78276f13f849ae98ca7629cc367466/share-groups/b40d80ea-8b96-40ed-b7bb-476c4c365e9e => generated 880 bytes in 22 msecs (HTTP/1.1 200) 7 headers in 297 bytes (2 switches on core 0)
Feb 19 02:34:38.607260 np0000156485 devstack@m-api.service[40391]: DEBUG manila.quota [None req-e5040ace-71b4-4091-bd86-83c2143def20 tempest-TestProjectMemberTestsCIFS-76720649 tempest-TestProjectMemberTestsCIFS-76720649-project-member] Committed reservations ['3b49e69c-dd00-408a-9d98-e399274fb7d6'] {{(pid=40391) commit /opt/stack/manila/manila/quota.py:1066}}
