Feb 19 02:34:31.956300 np0000156485 devstack@m-api.service[40392]: [pid: 40392|app: 0|req: 330/636] 199.19.213.206 () {66 vars in 1514 bytes} [Thu Feb 19 02:34:31 2026] GET /share/v2/c9bab725cade48dbb72cd49a3184c794/share-groups/2242c38d-0305-416a-bb45-0fc00547cd79 => generated 804 bytes in 12 msecs (HTTP/1.1 200) 7 headers in 297 bytes (2 switches on core 0)
Feb 19 02:34:32.004477 np0000156485 devstack@m-api.service[40391]: DEBUG oslo_concurrency.lockutils [None req-56e06a04-1f34-438b-83b1-1a227a515bc5 tempest-TestProjectMemberTestsNFS-1443133647 tempest-TestProjectMemberTestsNFS-1443133647-project-member] Acquiring lock "locked_access_rules_operation_by_share_instance_4229f477-eb4f-4812-b222-8cf3cc967f6e" by "manila.share.access.locked_access_rules_operation..wrapped..locked_operation" {{(pid=40391) inner /opt/stack/data/venv/lib/python3.12/site-packages/oslo_concurrency/lockutils.py:506}}
Feb 19 02:34:32.004759 np0000156485 devstack@m-api.service[40391]: DEBUG oslo_concurrency.lockutils [None req-56e06a04-1f34-438b-83b1-1a227a515bc5 tempest-TestProjectMemberTestsNFS-1443133647 tempest-TestProjectMemberTestsNFS-1443133647-project-member] Lock "locked_access_rules_operation_by_share_instance_4229f477-eb4f-4812-b222-8cf3cc967f6e" acquired by "manila.share.access.locked_access_rules_operation..wrapped..locked_operation" :: waited 0.000s {{(pid=40391) inner /opt/stack/data/venv/lib/python3.12/site-packages/oslo_concurrency/lockutils.py:519}}
Feb 19 02:34:32.052698 np0000156485 devstack@m-api.service[40392]: INFO manila.api.openstack.wsgi [None req-e3c82138-2480-453e-9a41-8f6433a1dd81 tempest-TestProjectAdminTestsNFS-914232511 tempest-TestProjectAdminTestsNFS-914232511-project-member] GET https://199.19.213.206/share/v2/9d0f226481564bbea0e45092ece5c3d2/shares/1d21ee04-cc5b-41e8-b438-adf35b12abdb
Feb 19 02:34:32.053124 np0000156485 devstack@m-api.service[40392]: DEBUG manila.api.openstack.wsgi [None req-e3c82138-2480-453e-9a41-8f6433a1dd81 tempest-TestProjectAdminTestsNFS-914232511 tempest-TestProjectAdminTestsNFS-914232511-project-member] Empty body provided in request {{(pid=40392) get_body /opt/stack/manila/manila/api/openstack/wsgi.py:652}}
Feb 19 02:34:32.053463 np0000156485 devstack@m-api.service[40392]: DEBUG manila.api.openstack.wsgi [None req-e3c82138-2480-453e-9a41-8f6433a1dd81 tempest-TestProjectAdminTestsNFS-914232511 tempest-TestProjectAdminTestsNFS-914232511-project-member] Calling method 'ShareMixin.show' {{(pid=40392) _process_stack /opt/stack/manila/manila/api/openstack/wsgi.py:798}}
Feb 19 02:34:32.071480 np0000156485 devstack@m-api.service[40392]: INFO manila.api.openstack.wsgi [None req-e3c82138-2480-453e-9a41-8f6433a1dd81 tempest-TestProjectAdminTestsNFS-914232511 tempest-TestProjectAdminTestsNFS-914232511-project-member] https://199.19.213.206/share/v2/9d0f226481564bbea0e45092ece5c3d2/shares/1d21ee04-cc5b-41e8-b438-adf35b12abdb returned with HTTP 200
Feb 19 02:34:32.071932 np0000156485 devstack@m-api.service[40392]: [pid: 40392|app: 0|req: 331/637] 199.19.213.206 () {66 vars in 1496 bytes} [Thu Feb 19 02:34:32 2026] GET /share/v2/9d0f226481564bbea0e45092ece5c3d2/shares/1d21ee04-cc5b-41e8-b438-adf35b12abdb => generated 1315 bytes in 23 msecs (HTTP/1.1 200) 7 headers in 298 bytes (1 switches on core 0)
Feb 19 02:34:32.079449 np0000156485 devstack@m-api.service[40391]: DEBUG oslo_concurrency.lockutils [None req-56e06a04-1f34-438b-83b1-1a227a515bc5 tempest-TestProjectMemberTestsNFS-1443133647 tempest-TestProjectMemberTestsNFS-1443133647-project-member] Lock "locked_access_rules_operation_by_share_instance_4229f477-eb4f-4812-b222-8cf3cc967f6e" "released" by "manila.share.access.locked_access_rules_operation..wrapped..locked_operation" :: held 0.075s {{(pid=40391) inner /opt/stack/data/venv/lib/python3.12/site-packages/oslo_concurrency/lockutils.py:538}}
Feb 19 02:34:32.081982 np0000156485 devstack@m-api.service[40391]: INFO manila.api.openstack.wsgi [None req-56e06a04-1f34-438b-83b1-1a227a515bc5 tempest-TestProjectMemberTestsNFS-1443133647 tempest-TestProjectMemberTestsNFS-1443133647-project-member] https://199.19.213.206/share/v2/238da89948dd47dc83e7679e1278b023/shares/61e1139c-ffbc-4787-bb7b-3c7ac9f9c422/action returned with HTTP 200
Feb 19 02:34:32.082523 np0000156485 devstack@m-api.service[40391]: [pid: 40391|app: 0|req: 307/638] 199.19.213.206 () {68 vars in 1539 bytes} [Thu Feb 19 02:34:31 2026] POST /share/v2/238da89948dd47dc83e7679e1278b023/shares/61e1139c-ffbc-4787-bb7b-3c7ac9f9c422/action => generated 325 bytes in 134 msecs (HTTP/1.1 200) 7 headers in 297 bytes (1 switches on core 0)
Feb 19 02:34:32.085388 np0000156485 devstack@m-api.service[40392]: INFO manila.api.openstack.wsgi [None req-e8228dfc-9a2b-45cf-8bae-dc16fca2c24b tempest-TestProjectAdminTestsNFS-1793183904 tempest-TestProjectAdminTestsNFS-1793183904-project-admin] GET https://199.19.213.206/share/v2/9bfffc4309b74d3097408355a9bc66f4/shares/9af65012-79f7-4a16-91b3-588e2469aee5/instances
Feb 19 02:34:32.085759 np0000156485 devstack@m-api.service[40392]: DEBUG manila.api.openstack.wsgi [None req-e8228dfc-9a2b-45cf-8bae-dc16fca2c24b tempest-TestProjectAdminTestsNFS-1793183904 tempest-TestProjectAdminTestsNFS-1793183904-project-admin] Empty body provided in request {{(pid=40392) get_body /opt/stack/manila/manila/api/openstack/wsgi.py:652}}
Feb 19 02:34:32.086173 np0000156485 devstack@m-api.service[40392]: DEBUG manila.api.openstack.wsgi [None req-e8228dfc-9a2b-45cf-8bae-dc16fca2c24b tempest-TestProjectAdminTestsNFS-1793183904 tempest-TestProjectAdminTestsNFS-1793183904-project-admin] Calling method 'Controller.__getattribute__..version_select' {{(pid=40392) _process_stack /opt/stack/manila/manila/api/openstack/wsgi.py:798}}
Feb 19 02:34:32.088418 np0000156485 devstack@m-api.service[40391]: INFO manila.api.openstack.wsgi [None req-c92cfd4a-dbc3-4173-aff0-6224b365ad42 tempest-TestProjectMemberTestsCIFS-76720649 tempest-TestProjectMemberTestsCIFS-76720649-project-member] GET https://199.19.213.206/share/v2/d2b5a02e375c4f86b6444e669d591c79/share-groups/01461da9-b73d-4390-bda9-9129a9c58de0
Feb 19 02:34:32.088723 np0000156485 devstack@m-api.service[40391]: DEBUG manila.api.openstack.wsgi [None req-c92cfd4a-dbc3-4173-aff0-6224b365ad42 tempest-TestProjectMemberTestsCIFS-76720649 tempest-TestProjectMemberTestsCIFS-76720649-project-member] Empty body provided in request {{(pid=40391) get_body /opt/stack/manila/manila/api/openstack/wsgi.py:652}}
Feb 19 02:34:32.088929 np0000156485 devstack@m-api.service[40391]: DEBUG manila.api.openstack.wsgi [None req-c92cfd4a-dbc3-4173-aff0-6224b365ad42 tempest-TestProjectMemberTestsCIFS-76720649 tempest-TestProjectMemberTestsCIFS-76720649-project-member] Calling method 'Controller.__getattribute__..version_select' {{(pid=40391) _process_stack /opt/stack/manila/manila/api/openstack/wsgi.py:798}}
Feb 19 02:34:32.094665 np0000156485 devstack@m-api.service[40391]: INFO manila.api.openstack.wsgi [None req-c92cfd4a-dbc3-4173-aff0-6224b365ad42 tempest-TestProjectMemberTestsCIFS-76720649 tempest-TestProjectMemberTestsCIFS-76720649-project-member] https://199.19.213.206/share/v2/d2b5a02e375c4f86b6444e669d591c79/share-groups/01461da9-b73d-4390-bda9-9129a9c58de0 returned with HTTP 200
Feb 19 02:34:32.095251 np0000156485 devstack@m-api.service[40391]: [pid: 40391|app: 0|req: 308/639] 199.19.213.206 () {66 vars in 1514 bytes} [Thu Feb 19 02:34:32 2026] GET /share/v2/d2b5a02e375c4f86b6444e669d591c79/share-groups/01461da9-b73d-4390-bda9-9129a9c58de0 => generated 853 bytes in 9 msecs (HTTP/1.1 200) 7 headers in 297 bytes (1 switches on core 0)
Feb 19 02:34:32.097813 np0000156485 devstack@m-api.service[40391]: INFO manila.api.openstack.wsgi [None req-83f3af21-7fd5-4356-9ab3-1429fb83c5ec tempest-TestProjectMemberTestsNFS-1443133647 tempest-TestProjectMemberTestsNFS-1443133647-project-member] GET https://199.19.213.206/share/v2/238da89948dd47dc83e7679e1278b023/share-access-rules?share_id=61e1139c-ffbc-4787-bb7b-3c7ac9f9c422
Feb 19 02:34:32.097813 np0000156485 devstack@m-api.service[40391]: DEBUG manila.api.openstack.wsgi [None req-83f3af21-7fd5-4356-9ab3-1429fb83c5ec tempest-TestProjectMemberTestsNFS-1443133647 tempest-TestProjectMemberTestsNFS-1443133647-project-member] Empty body provided in request {{(pid=40391) get_body /opt/stack/manila/manila/api/openstack/wsgi.py:652}}
Feb 19 02:34:32.097813 np0000156485 devstack@m-api.service[40391]: DEBUG manila.api.openstack.wsgi [None req-83f3af21-7fd5-4356-9ab3-1429fb83c5ec tempest-TestProjectMemberTestsNFS-1443133647 tempest-TestProjectMemberTestsNFS-1443133647-project-member] Calling method 'Controller.__getattribute__..version_select' {{(pid=40391) _process_stack /opt/stack/manila/manila/api/openstack/wsgi.py:798}}
Feb 19 02:34:32.101412 np0000156485 devstack@m-api.service[40392]: INFO manila.api.openstack.wsgi [None req-e8228dfc-9a2b-45cf-8bae-dc16fca2c24b tempest-TestProjectAdminTestsNFS-1793183904 tempest-TestProjectAdminTestsNFS-1793183904-project-admin] https://199.19.213.206/share/v2/9bfffc4309b74d3097408355a9bc66f4/shares/9af65012-79f7-4a16-91b3-588e2469aee5/instances returned with HTTP 200
Feb 19 02:34:32.101746 np0000156485 devstack@m-api.service[40392]: [pid: 40392|app: 0|req: 332/640] 199.19.213.206 () {66 vars in 1526 bytes} [Thu Feb 19 02:34:32 2026] GET /share/v2/9bfffc4309b74d3097408355a9bc66f4/shares/9af65012-79f7-4a16-91b3-588e2469aee5/instances => generated 535 bytes in 20 msecs (HTTP/1.1 200) 7 headers in 297 bytes (1 switches on core 0)
Feb 19 02:34:32.107315 np0000156485 devstack@m-api.service[40392]: INFO manila.api.openstack.wsgi [None req-f3780763-10f0-4e74-a88c-324ea75c04e7 tempest-TestProjectMemberTestsCIFS-82643857 tempest-TestProjectMemberTestsCIFS-82643857-project-member] POST https://199.19.213.206/share/v2/db11711dac4c4894a35d5895ef362803/share-groups/01461da9-b73d-4390-bda9-9129a9c58de0/action
Feb 19 02:34:32.107642 np0000156485 devstack@m-api.service[40392]: DEBUG manila.api.openstack.wsgi [None req-f3780763-10f0-4e74-a88c-324ea75c04e7 tempest-TestProjectMemberTestsCIFS-82643857 tempest-TestProjectMemberTestsCIFS-82643857-project-member] Action body: b'{"reset_status": {"status": "error"}}' {{(pid=40392) get_method /opt/stack/manila/manila/api/openstack/wsgi.py:912}}
Feb 19 02:34:32.107762 np0000156485 devstack@m-api.service[40392]: DEBUG manila.api.openstack.wsgi [None req-f3780763-10f0-4e74-a88c-324ea75c04e7 tempest-TestProjectMemberTestsCIFS-82643857 tempest-TestProjectMemberTestsCIFS-82643857-project-member] Action: 'action', calling method: ShareGroupController.share_group_reset_status, body: {"reset_status": {"status": "error"}} {{(pid=40392) _process_stack /opt/stack/manila/manila/api/openstack/wsgi.py:796}}
Feb 19 02:34:32.108217 np0000156485 devstack@m-api.service[40392]: DEBUG manila.policy [None req-f3780763-10f0-4e74-a88c-324ea75c04e7 tempest-TestProjectMemberTestsCIFS-82643857 tempest-TestProjectMemberTestsCIFS-82643857-project-member] Policy check for share_group:reset_status failed with credentials {'is_admin': False, 'user_id': '1cb6071737294d94a7f65137ea32dfab', 'user_domain_id': 'default', 'system_scope': None, 'domain_id': None, 'project_id': 'db11711dac4c4894a35d5895ef362803', 'project_domain_id': 'default', 'roles': ['reader', 'member'], 'is_admin_project': True, 'service_user_id': None, 'service_user_domain_id': None, 'service_project_id': None, 'service_project_domain_id': None, 'service_roles': []} {{(pid=40392) authorize /opt/stack/manila/manila/policy.py:200}}
Feb 19 02:34:32.108391 np0000156485 devstack@m-api.service[40392]: INFO manila.api.openstack.wsgi [None req-f3780763-10f0-4e74-a88c-324ea75c04e7 tempest-TestProjectMemberTestsCIFS-82643857 tempest-TestProjectMemberTestsCIFS-82643857-project-member] HTTP exception thrown: Access was denied to this resource.
Feb 19 02:34:32.108474 np0000156485 devstack@m-api.service[40392]: INFO manila.api.openstack.wsgi [None req-f3780763-10f0-4e74-a88c-324ea75c04e7 tempest-TestProjectMemberTestsCIFS-82643857 tempest-TestProjectMemberTestsCIFS-82643857-project-member] https://199.19.213.206/share/v2/db11711dac4c4894a35d5895ef362803/share-groups/01461da9-b73d-4390-bda9-9129a9c58de0/action returned with HTTP 403
Feb 19 02:34:32.108928 np0000156485 devstack@m-api.service[40392]: [pid: 40392|app: 0|req: 333/641] 199.19.213.206 () {68 vars in 1556 bytes} [Thu Feb 19 02:34:32 2026] POST /share/v2/db11711dac4c4894a35d5895ef362803/share-groups/01461da9-b73d-4390-bda9-9129a9c58de0/action => generated 78 bytes in 3 msecs (HTTP/1.1 403) 7 headers in 303 bytes (2 switches on core 0)
Feb 19 02:34:32.116408 np0000156485 devstack@m-api.service[40392]: INFO manila.api.openstack.wsgi [None req-45ca9ec4-f9db-4bcd-8ce7-1a87aa0d3c63 tempest-TestProjectAdminTestsNFS-1793183904 tempest-TestProjectAdminTestsNFS-1793183904-project-admin] GET https://199.19.213.206/share/v2/9bfffc4309b74d3097408355a9bc66f4/shares/1d21ee04-cc5b-41e8-b438-adf35b12abdb/instances
Feb 19 02:34:32.116682 np0000156485 devstack@m-api.service[40392]: DEBUG manila.api.openstack.wsgi [None req-45ca9ec4-f9db-4bcd-8ce7-1a87aa0d3c63 tempest-TestProjectAdminTestsNFS-1793183904 tempest-TestProjectAdminTestsNFS-1793183904-project-admin] Empty body provided in request {{(pid=40392) get_body /opt/stack/manila/manila/api/openstack/wsgi.py:652}}
Feb 19 02:34:32.116887 np0000156485 devstack@m-api.service[40392]: DEBUG manila.api.openstack.wsgi [None req-45ca9ec4-f9db-4bcd-8ce7-1a87aa0d3c63 tempest-TestProjectAdminTestsNFS-1793183904 tempest-TestProjectAdminTestsNFS-1793183904-project-admin] Calling method 'Controller.__getattribute__..version_select' {{(pid=40392) _process_stack /opt/stack/manila/manila/api/openstack/wsgi.py:798}}
Feb 19 02:34:32.129994 np0000156485 devstack@m-api.service[40391]: DEBUG manila.lock.api [None req-83f3af21-7fd5-4356-9ab3-1429fb83c5ec tempest-TestProjectMemberTestsNFS-1443133647 tempest-TestProjectMemberTestsNFS-1443133647-project-member] Searching for locks by: {'resource_id': '852e33fa-5cbc-4b7c-9870-ee68c43751f1', 'resource_action': 'show', 'resource_type': 'access_rule', 'all_projects': True} {{(pid=40391) get_all /opt/stack/manila/manila/lock/api.py:112}}
Feb 19 02:34:32.132869 np0000156485 devstack@m-api.service[40392]: INFO manila.api.openstack.wsgi [None req-45ca9ec4-f9db-4bcd-8ce7-1a87aa0d3c63 tempest-TestProjectAdminTestsNFS-1793183904 tempest-TestProjectAdminTestsNFS-1793183904-project-admin] https://199.19.213.206/share/v2/9bfffc4309b74d3097408355a9bc66f4/shares/1d21ee04-cc5b-41e8-b438-adf35b12abdb/instances returned with HTTP 200
Feb 19 02:34:32.133476 np0000156485 devstack@m-api.service[40392]: [pid: 40392|app: 0|req: 334/642] 199.19.213.206 () {66 vars in 1526 bytes} [Thu Feb 19 02:34:32 2026] GET /share/v2/9bfffc4309b74d3097408355a9bc66f4/shares/1d21ee04-cc5b-41e8-b438-adf35b12abdb/instances => generated 535 bytes in 19 msecs (HTTP/1.1 200) 7 headers in 297 bytes (1 switches on core 0)
Feb 19 02:34:32.133585 np0000156485 devstack@m-api.service[40391]: INFO manila.api.openstack.wsgi [None req-83f3af21-7fd5-4356-9ab3-1429fb83c5ec tempest-TestProjectMemberTestsNFS-1443133647 tempest-TestProjectMemberTestsNFS-1443133647-project-member] https://199.19.213.206/share/v2/238da89948dd47dc83e7679e1278b023/share-access-rules?share_id=61e1139c-ffbc-4787-bb7b-3c7ac9f9c422 returned with HTTP 200
Feb 19 02:34:32.133957 np0000156485 devstack@m-api.service[40391]: [pid: 40391|app: 0|req: 309/643] 199.19.213.206 () {66 vars in 1512 bytes} [Thu Feb 19 02:34:32 2026] GET /share/v2/238da89948dd47dc83e7679e1278b023/share-access-rules?share_id=61e1139c-ffbc-4787-bb7b-3c7ac9f9c422 => generated 280 bytes in 38 msecs (HTTP/1.1 200) 7 headers in 297 bytes (1 switches on core 0)
Feb 19 02:34:32.135423 np0000156485 devstack@m-api.service[40392]: INFO manila.api.openstack.wsgi [None req-5ec29853-b187-42bf-a863-d93a5c4babb2 tempest-TestProjectMemberTestsCIFS-82643857 tempest-TestProjectMemberTestsCIFS-82643857-project-member] POST https://199.19.213.206/share/v2/db11711dac4c4894a35d5895ef362803/share-groups
Feb 19 02:34:32.137091 np0000156485 devstack@m-api.service[40392]: DEBUG manila.api.openstack.wsgi [None req-5ec29853-b187-42bf-a863-d93a5c4babb2 tempest-TestProjectMemberTestsCIFS-82643857 tempest-TestProjectMemberTestsCIFS-82643857-project-member] Action: 'create', calling method: Controller.__getattribute__..version_select, body: {"share_group": {"name": "tempest-share-group-1340708806", "share_group_type_id": "1e67fad4-56db-412d-a101-ef68b55f2156", "share_types": ["a92a2154-0e9b-49e6-8fcb-46b55695f89e"]}} {{(pid=40392) _process_stack /opt/stack/manila/manila/api/openstack/wsgi.py:796}}
Feb 19 02:34:32.146271 np0000156485 devstack@m-api.service[40391]: INFO manila.api.openstack.wsgi [None req-4e51ee65-dcaf-4af1-83c8-a690733590c3 tempest-TestProjectAdminTestsNFS-1793183904 tempest-TestProjectAdminTestsNFS-1793183904-project-admin] GET https://199.19.213.206/share/v2/9bfffc4309b74d3097408355a9bc66f4/share_instances/076fe664-6a64-4330-b988-9effdd0441a9/export_locations
Feb 19 02:34:32.146487 np0000156485 devstack@m-api.service[40391]: DEBUG manila.api.openstack.wsgi [None req-4e51ee65-dcaf-4af1-83c8-a690733590c3 tempest-TestProjectAdminTestsNFS-1793183904 tempest-TestProjectAdminTestsNFS-1793183904-project-admin] Empty body provided in request {{(pid=40391) get_body /opt/stack/manila/manila/api/openstack/wsgi.py:652}}
Feb 19 02:34:32.146700 np0000156485 devstack@m-api.service[40391]: DEBUG manila.api.openstack.wsgi [None req-4e51ee65-dcaf-4af1-83c8-a690733590c3 tempest-TestProjectAdminTestsNFS-1793183904 tempest-TestProjectAdminTestsNFS-1793183904-project-admin] Calling method 'Controller.__getattribute__..version_select' {{(pid=40391) _process_stack /opt/stack/manila/manila/api/openstack/wsgi.py:798}}
Feb 19 02:34:32.160908 np0000156485 devstack@m-api.service[40392]: DEBUG manila.quota [None req-5ec29853-b187-42bf-a863-d93a5c4babb2 tempest-TestProjectMemberTestsCIFS-82643857 tempest-TestProjectMemberTestsCIFS-82643857-project-member] Created reservations ['d03c62b9-7097-41e7-a55e-208e38112fc8'] {{(pid=40392) reserve /opt/stack/manila/manila/quota.py:1038}}
Feb 19 02:34:32.180723 np0000156485 devstack@m-api.service[40392]: DEBUG manila.quota [None req-5ec29853-b187-42bf-a863-d93a5c4babb2 tempest-TestProjectMemberTestsCIFS-82643857 tempest-TestProjectMemberTestsCIFS-82643857-project-member] Committed reservations ['d03c62b9-7097-41e7-a55e-208e38112fc8'] {{(pid=40392) commit /opt/stack/manila/manila/quota.py:1066}}
Feb 19 02:34:32.182670 np0000156485 devstack@m-api.service[40392]: INFO manila.api.openstack.wsgi [None req-5ec29853-b187-42bf-a863-d93a5c4babb2 tempest-TestProjectMemberTestsCIFS-82643857 tempest-TestProjectMemberTestsCIFS-82643857-project-member] https://199.19.213.206/share/v2/db11711dac4c4894a35d5895ef362803/share-groups returned with HTTP 202
Feb 19 02:34:32.183157 np0000156485 devstack@m-api.service[40392]: [pid: 40392|app: 0|req: 335/644] 199.19.213.206 () {68 vars in 1425 bytes} [Thu Feb 19 02:34:32 2026] POST /share/v2/db11711dac4c4894a35d5895ef362803/share-groups => generated 804 bytes in 49 msecs (HTTP/1.1 202) 7 headers in 303 bytes (1 switches on core 0)
Feb 19 02:34:32.186818 np0000156485 devstack@m-api.service[40392]: INFO manila.api.openstack.wsgi [None req-a33276ac-4f79-4d7c-a1d1-13abddf4bb22 tempest-TestProjectAdminTestsCIFS-1212024206 tempest-user-1902498005] GET https://199.19.213.206/share/v2/dc78276f13f849ae98ca7629cc367466/share-groups/e7667c13-8de5-4bbf-b487-7c6e1c143cee
Feb 19 02:34:32.186818 np0000156485 devstack@m-api.service[40392]: DEBUG manila.api.openstack.wsgi [None req-a33276ac-4f79-4d7c-a1d1-13abddf4bb22 tempest-TestProjectAdminTestsCIFS-1212024206 tempest-user-1902498005] Empty body provided in request {{(pid=40392) get_body /opt/stack/manila/manila/api/openstack/wsgi.py:652}}
Feb 19 02:34:32.186818 np0000156485 devstack@m-api.service[40392]: DEBUG manila.api.openstack.wsgi [None req-a33276ac-4f79-4d7c-a1d1-13abddf4bb22 tempest-TestProjectAdminTestsCIFS-1212024206 tempest-user-1902498005] Calling method 'Controller.__getattribute__..version_select' {{(pid=40392) _process_stack /opt/stack/manila/manila/api/openstack/wsgi.py:798}}
Feb 19 02:34:32.192557 np0000156485 devstack@m-api.service[40392]: INFO manila.api.openstack.wsgi [None req-a33276ac-4f79-4d7c-a1d1-13abddf4bb22 tempest-TestProjectAdminTestsCIFS-1212024206 tempest-user-1902498005] https://199.19.213.206/share/v2/dc78276f13f849ae98ca7629cc367466/share-groups/e7667c13-8de5-4bbf-b487-7c6e1c143cee returned with HTTP 200
Feb 19 02:34:32.193027 np0000156485 devstack@m-api.service[40392]: [pid: 40392|app: 0|req: 336/645] 199.19.213.206 () {66 vars in 1514 bytes} [Thu Feb 19 02:34:32 2026] GET /share/v2/dc78276f13f849ae98ca7629cc367466/share-groups/e7667c13-8de5-4bbf-b487-7c6e1c143cee => generated 854 bytes in 9 msecs (HTTP/1.1 200) 7 headers in 297 bytes (1 switches on core 0)
Feb 19 02:34:32.195882 np0000156485 devstack@m-api.service[40392]: INFO manila.api.openstack.wsgi [None req-45903160-efd2-4fe7-969c-dc4d828a51bf tempest-TestProjectMemberTestsCIFS-82643857 tempest-TestProjectMemberTestsCIFS-82643857-project-member] GET https://199.19.213.206/share/v2/db11711dac4c4894a35d5895ef362803/share-groups/c20e09ea-9610-4071-b7ac-9ed9e55d882a
Feb 19 02:34:32.196165 np0000156485 devstack@m-api.service[40392]: DEBUG manila.api.openstack.wsgi [None req-45903160-efd2-4fe7-969c-dc4d828a51bf tempest-TestProjectMemberTestsCIFS-82643857 tempest-TestProjectMemberTestsCIFS-82643857-project-member] Empty body provided in request {{(pid=40392) get_body /opt/stack/manila/manila/api/openstack/wsgi.py:652}}
Feb 19 02:34:32.196433 np0000156485 devstack@m-api.service[40392]: DEBUG manila.api.openstack.wsgi [None req-45903160-efd2-4fe7-969c-dc4d828a51bf tempest-TestProjectMemberTestsCIFS-82643857 tempest-TestProjectMemberTestsCIFS-82643857-project-member] Calling method 'Controller.__getattribute__..version_select' {{(pid=40392) _process_stack /opt/stack/manila/manila/api/openstack/wsgi.py:798}}
Feb 19 02:34:32.201401 np0000156485 devstack@m-api.service[40392]: INFO manila.api.openstack.wsgi [None req-45903160-efd2-4fe7-969c-dc4d828a51bf tempest-TestProjectMemberTestsCIFS-82643857 tempest-TestProjectMemberTestsCIFS-82643857-project-member] https://199.19.213.206/share/v2/db11711dac4c4894a35d5895ef362803/share-groups/c20e09ea-9610-4071-b7ac-9ed9e55d882a returned with HTTP 200
Feb 19 02:34:32.201891 np0000156485 devstack@m-api.service[40392]: [pid: 40392|app: 0|req: 337/646] 199.19.213.206 () {66 vars in 1514 bytes} [Thu Feb 19 02:34:32 2026] GET /share/v2/db11711dac4c4894a35d5895ef362803/share-groups/c20e09ea-9610-4071-b7ac-9ed9e55d882a => generated 804 bytes in 8 msecs (HTTP/1.1 200) 7 headers in 297 bytes (2 switches on core 0)
Feb 19 02:34:32.205121 np0000156485 devstack@m-api.service[40392]: INFO manila.api.openstack.wsgi [None req-cb65ceee-aad4-476c-856e-4e6fc64f06fe tempest-TestProjectAdminTestsCIFS-1212024206 tempest-TestProjectAdminTestsCIFS-1212024206-project-admin] POST https://199.19.213.206/share/v2/dc78276f13f849ae98ca7629cc367466/share-groups/e7667c13-8de5-4bbf-b487-7c6e1c143cee/action
Feb 19 02:34:32.205393 np0000156485 devstack@m-api.service[40392]: DEBUG manila.api.openstack.wsgi [None req-cb65ceee-aad4-476c-856e-4e6fc64f06fe tempest-TestProjectAdminTestsCIFS-1212024206 tempest-TestProjectAdminTestsCIFS-1212024206-project-admin] Action body: b'{"reset_status": {"status": "error"}}' {{(pid=40392) get_method /opt/stack/manila/manila/api/openstack/wsgi.py:912}}
Feb 19 02:34:32.205512 np0000156485 devstack@m-api.service[40392]: DEBUG manila.api.openstack.wsgi [None req-cb65ceee-aad4-476c-856e-4e6fc64f06fe tempest-TestProjectAdminTestsCIFS-1212024206 tempest-TestProjectAdminTestsCIFS-1212024206-project-admin] Action: 'action', calling method: ShareGroupController.share_group_reset_status, body: {"reset_status": {"status": "error"}} {{(pid=40392) _process_stack /opt/stack/manila/manila/api/openstack/wsgi.py:796}}
Feb 19 02:34:32.206015 np0000156485 devstack@m-api.service[40392]: DEBUG manila.api.openstack.wsgi [None req-cb65ceee-aad4-476c-856e-4e6fc64f06fe tempest-TestProjectAdminTestsCIFS-1212024206 tempest-TestProjectAdminTestsCIFS-1212024206-project-admin] Updating share_group 'e7667c13-8de5-4bbf-b487-7c6e1c143cee' with '{'status': 'error'}' {{(pid=40392) _reset_status /opt/stack/manila/manila/api/openstack/wsgi.py:1257}}
Feb 19 02:34:32.219224 np0000156485 devstack@m-api.service[40392]: INFO manila.api.openstack.wsgi [None req-cb65ceee-aad4-476c-856e-4e6fc64f06fe tempest-TestProjectAdminTestsCIFS-1212024206 tempest-TestProjectAdminTestsCIFS-1212024206-project-admin] https://199.19.213.206/share/v2/dc78276f13f849ae98ca7629cc367466/share-groups/e7667c13-8de5-4bbf-b487-7c6e1c143cee/action returned with HTTP 202
Feb 19 02:34:32.219664 np0000156485 devstack@m-api.service[40392]: [pid: 40392|app: 0|req: 338/647] 199.19.213.206 () {68 vars in 1556 bytes} [Thu Feb 19 02:34:32 2026] POST /share/v2/dc78276f13f849ae98ca7629cc367466/share-groups/e7667c13-8de5-4bbf-b487-7c6e1c143cee/action => generated 0 bytes in 17 msecs (HTTP/1.1 202) 7 headers in 309 bytes (1 switches on core 0)
Feb 19 02:34:32.233248 np0000156485 devstack@m-api.service[40392]: INFO manila.api.openstack.wsgi [None req-214ed520-1f07-498f-8ba8-6eefa637f390 tempest-TestProjectAdminTestsCIFS-1212024206 tempest-user-1902498005] POST https://199.19.213.206/share/v2/dc78276f13f849ae98ca7629cc367466/share-groups
Feb 19 02:34:32.234084 np0000156485 devstack@m-api.service[40392]: DEBUG manila.api.openstack.wsgi [None req-214ed520-1f07-498f-8ba8-6eefa637f390 tempest-TestProjectAdminTestsCIFS-1212024206 tempest-user-1902498005] Action: 'create', calling method: Controller.__getattribute__..version_select, body: {"share_group": {"name": "tempest-share-group-1764639230", "share_group_type_id": "ad1e6628-a422-4c70-bd5c-385658e31294", "share_types": ["2cfc5e47-42ba-4d97-97f0-128ee20e5406"]}} {{(pid=40392) _process_stack /opt/stack/manila/manila/api/openstack/wsgi.py:796}}
Feb 19 02:34:32.246448 np0000156485 devstack@m-api.service[40391]: INFO manila.api.openstack.wsgi [None req-4e51ee65-dcaf-4af1-83c8-a690733590c3 tempest-TestProjectAdminTestsNFS-1793183904 tempest-TestProjectAdminTestsNFS-1793183904-project-admin] https://199.19.213.206/share/v2/9bfffc4309b74d3097408355a9bc66f4/share_instances/076fe664-6a64-4330-b988-9effdd0441a9/export_locations returned with HTTP 200
Feb 19 02:34:32.246815 np0000156485 devstack@m-api.service[40391]: [pid: 40391|app: 0|req: 310/648] 199.19.213.206 () {66 vars in 1574 bytes} [Thu Feb 19 02:34:32 2026] GET /share/v2/9bfffc4309b74d3097408355a9bc66f4/share_instances/076fe664-6a64-4330-b988-9effdd0441a9/export_locations => generated 890 bytes in 103 msecs (HTTP/1.1 200) 7 headers in 297 bytes (1 switches on core 0)
Feb 19 02:34:32.259638 np0000156485 devstack@m-api.service[40391]: INFO manila.api.openstack.wsgi [None req-b526e746-9435-4576-ba0d-abccfeff9147 tempest-TestProjectAdminTestsNFS-1793183904 tempest-TestProjectAdminTestsNFS-1793183904-project-admin] GET https://199.19.213.206/share/v2/9bfffc4309b74d3097408355a9bc66f4/share_instances/02386ee7-604f-47fe-b666-836e6a214b97/export_locations
Feb 19 02:34:32.259891 np0000156485 devstack@m-api.service[40391]: DEBUG manila.api.openstack.wsgi [None req-b526e746-9435-4576-ba0d-abccfeff9147 tempest-TestProjectAdminTestsNFS-1793183904 tempest-TestProjectAdminTestsNFS-1793183904-project-admin] Empty body provided in request {{(pid=40391) get_body /opt/stack/manila/manila/api/openstack/wsgi.py:652}}
Feb 19 02:34:32.260154 np0000156485 devstack@m-api.service[40391]: DEBUG manila.api.openstack.wsgi [None req-b526e746-9435-4576-ba0d-abccfeff9147 tempest-TestProjectAdminTestsNFS-1793183904 tempest-TestProjectAdminTestsNFS-1793183904-project-admin] Calling method 'Controller.__getattribute__..version_select' {{(pid=40391) _process_stack /opt/stack/manila/manila/api/openstack/wsgi.py:798}}
Feb 19 02:34:32.261997 np0000156485 devstack@m-api.service[40392]: DEBUG manila.quota [None req-214ed520-1f07-498f-8ba8-6eefa637f390 tempest-TestProjectAdminTestsCIFS-1212024206 tempest-user-1902498005] Created reservations ['ff8b9540-0bc2-409e-a550-fdb640105d2a'] {{(pid=40392) reserve /opt/stack/manila/manila/quota.py:1038}}
Feb 19 02:34:32.282611 np0000156485 devstack@m-api.service[40392]: DEBUG manila.quota [None req-214ed520-1f07-498f-8ba8-6eefa637f390 tempest-TestProjectAdminTestsCIFS-1212024206 tempest-user-1902498005] Committed reservations ['ff8b9540-0bc2-409e-a550-fdb640105d2a'] {{(pid=40392) commit /opt/stack/manila/manila/quota.py:1066}}
Feb 19 02:34:32.284532 np0000156485 devstack@m-api.service[40392]: INFO manila.api.openstack.wsgi [None req-214ed520-1f07-498f-8ba8-6eefa637f390 tempest-TestProjectAdminTestsCIFS-1212024206 tempest-user-1902498005] https://199.19.213.206/share/v2/dc78276f13f849ae98ca7629cc367466/share-groups returned with HTTP 202
Feb 19 02:34:32.284997 np0000156485 devstack@m-api.service[40392]: [pid: 40392|app: 0|req: 339/649] 199.19.213.206 () {68 vars in 1425 bytes} [Thu Feb 19 02:34:32 2026] POST /share/v2/dc78276f13f849ae98ca7629cc367466/share-groups => generated 804 bytes in 57 msecs (HTTP/1.1 202) 7 headers in 303 bytes (1 switches on core 0)
Feb 19 02:34:32.298409 np0000156485 devstack@m-api.service[40392]: INFO manila.api.openstack.wsgi [None req-e0fb1f55-fb49-4630-a4da-7151ba4c30c7 tempest-TestProjectAdminTestsCIFS-1212024206 tempest-user-1902498005] GET https://199.19.213.206/share/v2/dc78276f13f849ae98ca7629cc367466/share-groups/b11c317f-5890-4c26-81e4-de29ac78a02b
Feb 19 02:34:32.298797 np0000156485 devstack@m-api.service[40392]: DEBUG manila.api.openstack.wsgi [None req-e0fb1f55-fb49-4630-a4da-7151ba4c30c7 tempest-TestProjectAdminTestsCIFS-1212024206 tempest-user-1902498005] Empty body provided in request {{(pid=40392) get_body /opt/stack/manila/manila/api/openstack/wsgi.py:652}}
Feb 19 02:34:32.298921 np0000156485 devstack@m-api.service[40392]: DEBUG manila.api.openstack.wsgi [None req-e0fb1f55-fb49-4630-a4da-7151ba4c30c7 tempest-TestProjectAdminTestsCIFS-1212024206 tempest-user-1902498005] Calling method 'Controller.__getattribute__..version_select' {{(pid=40392) _process_stack /opt/stack/manila/manila/api/openstack/wsgi.py:798}}
Feb 19 02:34:32.305573 np0000156485 devstack@m-api.service[40392]: INFO manila.api.openstack.wsgi [None req-e0fb1f55-fb49-4630-a4da-7151ba4c30c7 tempest-TestProjectAdminTestsCIFS-1212024206 tempest-user-1902498005] https://199.19.213.206/share/v2/dc78276f13f849ae98ca7629cc367466/share-groups/b11c317f-5890-4c26-81e4-de29ac78a02b returned with HTTP 200
Feb 19 02:34:32.305969 np0000156485 devstack@m-api.service[40392]: [pid: 40392|app: 0|req: 340/650] 199.19.213.206 () {66 vars in 1514 bytes} [Thu Feb 19 02:34:32 2026] GET /share/v2/dc78276f13f849ae98ca7629cc367466/share-groups/b11c317f-5890-4c26-81e4-de29ac78a02b => generated 804 bytes in 11 msecs (HTTP/1.1 200) 7 headers in 297 bytes (1 switches on core 0)
Feb 19 02:34:32.368971 np0000156485 devstack@m-api.service[40391]: INFO manila.api.openstack.wsgi [None req-b526e746-9435-4576-ba0d-abccfeff9147 tempest-TestProjectAdminTestsNFS-1793183904 tempest-TestProjectAdminTestsNFS-1793183904-project-admin] https://199.19.213.206/share/v2/9bfffc4309b74d3097408355a9bc66f4/share_instances/02386ee7-604f-47fe-b666-836e6a214b97/export_locations returned with HTTP 200
Feb 19 02:34:32.369351 np0000156485 devstack@m-api.service[40391]: [pid: 40391|app: 0|req: 311/651] 199.19.213.206 () {66 vars in 1574 bytes} [Thu Feb 19 02:34:32 2026] GET /share/v2/9bfffc4309b74d3097408355a9bc66f4/share_instances/02386ee7-604f-47fe-b666-836e6a214b97/export_locations => generated 890 bytes in 112 msecs (HTTP/1.1 200) 7 headers in 297 bytes (2 switches on core 0)
Feb 19 02:34:32.386158 np0000156485 devstack@m-api.service[40392]: INFO manila.api.openstack.wsgi [None req-3360a605-86df-4cc4-a352-a815ea6a4790 tempest-TestProjectAdminTestsNFS-1793183904 tempest-TestProjectAdminTestsNFS-1793183904-project-admin] GET https://199.19.213.206/share/v2/9bfffc4309b74d3097408355a9bc66f4/share_instances/076fe664-6a64-4330-b988-9effdd0441a9/export_locations
Feb 19 02:34:32.386580 np0000156485 devstack@m-api.service[40392]: DEBUG manila.api.openstack.wsgi [None req-3360a605-86df-4cc4-a352-a815ea6a4790 tempest-TestProjectAdminTestsNFS-1793183904 tempest-TestProjectAdminTestsNFS-1793183904-project-admin] Empty body provided in request {{(pid=40392) get_body /opt/stack/manila/manila/api/openstack/wsgi.py:652}}
Feb 19 02:34:32.386911 np0000156485 devstack@m-api.service[40392]: DEBUG manila.api.openstack.wsgi [None req-3360a605-86df-4cc4-a352-a815ea6a4790 tempest-TestProjectAdminTestsNFS-1793183904 tempest-TestProjectAdminTestsNFS-1793183904-project-admin] Calling method 'Controller.__getattribute__..version_select' {{(pid=40392) _process_stack /opt/stack/manila/manila/api/openstack/wsgi.py:798}}
Feb 19 02:34:32.491301 np0000156485 devstack@m-api.service[40392]: INFO manila.api.openstack.wsgi [None req-3360a605-86df-4cc4-a352-a815ea6a4790 tempest-TestProjectAdminTestsNFS-1793183904 tempest-TestProjectAdminTestsNFS-1793183904-project-admin] https://199.19.213.206/share/v2/9bfffc4309b74d3097408355a9bc66f4/share_instances/076fe664-6a64-4330-b988-9effdd0441a9/export_locations returned with HTTP 200
Feb 19 02:34:32.491906 np0000156485 devstack@m-api.service[40392]: [pid: 40392|app: 0|req: 341/652] 199.19.213.206 () {66 vars in 1574 bytes} [Thu Feb 19 02:34:32 2026] GET /share/v2/9bfffc4309b74d3097408355a9bc66f4/share_instances/076fe664-6a64-4330-b988-9effdd0441a9/export_locations => generated 890 bytes in 110 msecs (HTTP/1.1 200) 7 headers in 297 bytes (1 switches on core 0)
Feb 19 02:34:32.506712 np0000156485 devstack@m-api.service[40391]: INFO manila.api.openstack.wsgi [None req-c7f5b96d-f67f-4b1b-95ad-e71d90e41289 tempest-TestProjectAdminTestsNFS-1793183904 tempest-TestProjectAdminTestsNFS-1793183904-project-admin] GET https://199.19.213.206/share/v2/9bfffc4309b74d3097408355a9bc66f4/share_instances/076fe664-6a64-4330-b988-9effdd0441a9/export_locations/5a17faca-9f70-4735-9a60-e9c7a104715c
Feb 19 02:34:32.507114 np0000156485 devstack@m-api.service[40391]: DEBUG manila.api.openstack.wsgi [None req-c7f5b96d-f67f-4b1b-95ad-e71d90e41289 tempest-TestProjectAdminTestsNFS-1793183904 tempest-TestProjectAdminTestsNFS-1793183904-project-admin] Empty body provided in request {{(pid=40391) get_body /opt/stack/manila/manila/api/openstack/wsgi.py:652}}
Feb 19 02:34:32.507213 np0000156485 devstack@m-api.service[40391]: DEBUG manila.api.openstack.wsgi [None req-c7f5b96d-f67f-4b1b-95ad-e71d90e41289 tempest-TestProjectAdminTestsNFS-1793183904 tempest-TestProjectAdminTestsNFS-1793183904-project-admin] Calling method 'Controller.__getattribute__..version_select' {{(pid=40391) _process_stack /opt/stack/manila/manila/api/openstack/wsgi.py:798}}
Feb 19 02:34:32.580127 np0000156485 devstack@m-api.service[40391]: INFO manila.api.openstack.wsgi [None req-c7f5b96d-f67f-4b1b-95ad-e71d90e41289 tempest-TestProjectAdminTestsNFS-1793183904 tempest-TestProjectAdminTestsNFS-1793183904-project-admin] https://199.19.213.206/share/v2/9bfffc4309b74d3097408355a9bc66f4/share_instances/076fe664-6a64-4330-b988-9effdd0441a9/export_locations/5a17faca-9f70-4735-9a60-e9c7a104715c returned with HTTP 200
Feb 19 02:34:32.580508 np0000156485 devstack@m-api.service[40391]: [pid: 40391|app: 0|req: 312/653] 199.19.213.206 () {66 vars in 1685 bytes} [Thu Feb 19 02:34:32 2026] GET /share/v2/9bfffc4309b74d3097408355a9bc66f4/share_instances/076fe664-6a64-4330-b988-9effdd0441a9/export_locations/5a17faca-9f70-4735-9a60-e9c7a104715c => generated 396 bytes in 78 msecs (HTTP/1.1 200) 7 headers in 297 bytes (1 switches on core 0)
Feb 19 02:34:32.594583 np0000156485 devstack@m-api.service[40392]: INFO manila.api.openstack.wsgi [None req-278bbfb5-cbba-4e0b-9cd3-76a75ef68a9b tempest-TestProjectAdminTestsNFS-1793183904 tempest-TestProjectAdminTestsNFS-1793183904-project-admin] GET https://199.19.213.206/share/v2/9bfffc4309b74d3097408355a9bc66f4/share_instances/02386ee7-604f-47fe-b666-836e6a214b97/export_locations
Feb 19 02:34:32.594960 np0000156485 devstack@m-api.service[40392]: DEBUG manila.api.openstack.wsgi [None req-278bbfb5-cbba-4e0b-9cd3-76a75ef68a9b tempest-TestProjectAdminTestsNFS-1793183904 tempest-TestProjectAdminTestsNFS-1793183904-project-admin] Empty body provided in request {{(pid=40392) get_body /opt/stack/manila/manila/api/openstack/wsgi.py:652}}
Feb 19 02:34:32.595308 np0000156485 devstack@m-api.service[40392]: DEBUG manila.api.openstack.wsgi [None req-278bbfb5-cbba-4e0b-9cd3-76a75ef68a9b tempest-TestProjectAdminTestsNFS-1793183904 tempest-TestProjectAdminTestsNFS-1793183904-project-admin] Calling method 'Controller.__getattribute__..version_select' {{(pid=40392) _process_stack /opt/stack/manila/manila/api/openstack/wsgi.py:798}}
Feb 19 02:34:32.695016 np0000156485 devstack@m-api.service[40392]: INFO manila.api.openstack.wsgi [None req-278bbfb5-cbba-4e0b-9cd3-76a75ef68a9b tempest-TestProjectAdminTestsNFS-1793183904 tempest-TestProjectAdminTestsNFS-1793183904-project-admin] https://199.19.213.206/share/v2/9bfffc4309b74d3097408355a9bc66f4/share_instances/02386ee7-604f-47fe-b666-836e6a214b97/export_locations returned with HTTP 200
Feb 19 02:34:32.695653 np0000156485 devstack@m-api.service[40392]: [pid: 40392|app: 0|req: 342/654] 199.19.213.206 () {66 vars in 1574 bytes} [Thu Feb 19 02:34:32 2026] GET /share/v2/9bfffc4309b74d3097408355a9bc66f4/share_instances/02386ee7-604f-47fe-b666-836e6a214b97/export_locations => generated 890 bytes in 105 msecs (HTTP/1.1 200) 7 headers in 297 bytes (1 switches on core 0)
Feb 19 02:34:32.711467 np0000156485 devstack@m-api.service[40391]: INFO manila.api.openstack.wsgi [None req-e70f4389-1731-43cb-b3df-0c65532ca928 tempest-TestProjectAdminTestsNFS-1793183904 tempest-TestProjectAdminTestsNFS-1793183904-project-admin] GET https://199.19.213.206/share/v2/9bfffc4309b74d3097408355a9bc66f4/share_instances/02386ee7-604f-47fe-b666-836e6a214b97/export_locations/364b59ae-9a30-4c63-9905-9a99ed9fa4a2
Feb 19 02:34:32.711864 np0000156485 devstack@m-api.service[40391]: DEBUG manila.api.openstack.wsgi [None req-e70f4389-1731-43cb-b3df-0c65532ca928 tempest-TestProjectAdminTestsNFS-1793183904 tempest-TestProjectAdminTestsNFS-1793183904-project-admin] Empty body provided in request {{(pid=40391) get_body /opt/stack/manila/manila/api/openstack/wsgi.py:652}}
Feb 19 02:34:32.712210 np0000156485 devstack@m-api.service[40391]: DEBUG manila.api.openstack.wsgi [None req-e70f4389-1731-43cb-b3df-0c65532ca928 tempest-TestProjectAdminTestsNFS-1793183904 tempest-TestProjectAdminTestsNFS-1793183904-project-admin] Calling method 'Controller.__getattribute__..version_select' {{(pid=40391) _process_stack /opt/stack/manila/manila/api/openstack/wsgi.py:798}}
Feb 19 02:34:32.774939 np0000156485 devstack@m-api.service[40391]: INFO manila.api.openstack.wsgi [None req-e70f4389-1731-43cb-b3df-0c65532ca928 tempest-TestProjectAdminTestsNFS-1793183904 tempest-TestProjectAdminTestsNFS-1793183904-project-admin] https://199.19.213.206/share/v2/9bfffc4309b74d3097408355a9bc66f4/share_instances/02386ee7-604f-47fe-b666-836e6a214b97/export_locations/364b59ae-9a30-4c63-9905-9a99ed9fa4a2 returned with HTTP 200
Feb 19 02:34:32.775766 np0000156485 devstack@m-api.service[40391]: [pid: 40391|app: 0|req: 313/655] 199.19.213.206 () {66 vars in 1685 bytes} [Thu Feb 19 02:34:32 2026] GET /share/v2/9bfffc4309b74d3097408355a9bc66f4/share_instances/02386ee7-604f-47fe-b666-836e6a214b97/export_locations/364b59ae-9a30-4c63-9905-9a99ed9fa4a2 => generated 396 bytes in 68 msecs (HTTP/1.1 200) 7 headers in 297 bytes (1 switches on core 0)
Feb 19 02:34:32.788346 np0000156485 devstack@m-api.service[40392]: INFO manila.api.openstack.wsgi [None req-a425a6a4-1468-461e-b87e-c07f35a625e1 tempest-TestProjectAdminTestsNFS-914232511 tempest-TestProjectAdminTestsNFS-914232511-project-member] DELETE https://199.19.213.206/share/v2/9d0f226481564bbea0e45092ece5c3d2/shares/1d21ee04-cc5b-41e8-b438-adf35b12abdb
Feb 19 02:34:32.788795 np0000156485 devstack@m-api.service[40392]: DEBUG manila.api.openstack.wsgi [None req-a425a6a4-1468-461e-b87e-c07f35a625e1 tempest-TestProjectAdminTestsNFS-914232511 tempest-TestProjectAdminTestsNFS-914232511-project-member] Empty body provided in request {{(pid=40392) get_body /opt/stack/manila/manila/api/openstack/wsgi.py:652}}
Feb 19 02:34:32.789094 np0000156485 devstack@m-api.service[40392]: DEBUG manila.api.openstack.wsgi [None req-a425a6a4-1468-461e-b87e-c07f35a625e1 tempest-TestProjectAdminTestsNFS-914232511 tempest-TestProjectAdminTestsNFS-914232511-project-member] Calling method 'ShareMixin.delete' {{(pid=40392) _process_stack /opt/stack/manila/manila/api/openstack/wsgi.py:798}}
Feb 19 02:34:32.790477 np0000156485 devstack@m-api.service[40392]: INFO manila.api.v2.shares [None req-a425a6a4-1468-461e-b87e-c07f35a625e1 tempest-TestProjectAdminTestsNFS-914232511 tempest-TestProjectAdminTestsNFS-914232511-project-member] Delete share with id: 1d21ee04-cc5b-41e8-b438-adf35b12abdb
Feb 19 02:34:32.897510 np0000156485 devstack@m-api.service[40392]: INFO manila.api.openstack.wsgi [None req-a425a6a4-1468-461e-b87e-c07f35a625e1 tempest-TestProjectAdminTestsNFS-914232511 tempest-TestProjectAdminTestsNFS-914232511-project-member] https://199.19.213.206/share/v2/9d0f226481564bbea0e45092ece5c3d2/shares/1d21ee04-cc5b-41e8-b438-adf35b12abdb returned with HTTP 202
Feb 19 02:34:32.897889 np0000156485 devstack@m-api.service[40392]: [pid: 40392|app: 0|req: 343/656] 199.19.213.206 () {66 vars in 1499 bytes} [Thu Feb 19 02:34:32 2026] DELETE /share/v2/9d0f226481564bbea0e45092ece5c3d2/shares/1d21ee04-cc5b-41e8-b438-adf35b12abdb => generated 0 bytes in 113 msecs (HTTP/1.1 202) 7 headers in 309 bytes (1 switches on core 0)
Feb 19 02:34:32.913841 np0000156485 devstack@m-api.service[40391]: INFO manila.api.openstack.wsgi [None req-cd089a18-99d2-4705-926f-4bf970d12f46 tempest-TestProjectAdminTestsNFS-914232511 tempest-TestProjectAdminTestsNFS-914232511-project-member] GET https://199.19.213.206/share/v2/9d0f226481564bbea0e45092ece5c3d2/shares/1d21ee04-cc5b-41e8-b438-adf35b12abdb
Feb 19 02:34:32.914261 np0000156485 devstack@m-api.service[40391]: DEBUG manila.api.openstack.wsgi [None req-cd089a18-99d2-4705-926f-4bf970d12f46 tempest-TestProjectAdminTestsNFS-914232511 tempest-TestProjectAdminTestsNFS-914232511-project-member] Empty body provided in request {{(pid=40391) get_body /opt/stack/manila/manila/api/openstack/wsgi.py:652}}
Feb 19 02:34:32.914620 np0000156485 devstack@m-api.service[40391]: DEBUG manila.api.openstack.wsgi [None req-cd089a18-99d2-4705-926f-4bf970d12f46 tempest-TestProjectAdminTestsNFS-914232511 tempest-TestProjectAdminTestsNFS-914232511-project-member] Calling method 'ShareMixin.show' {{(pid=40391) _process_stack /opt/stack/manila/manila/api/openstack/wsgi.py:798}}
Feb 19 02:34:32.931390 np0000156485 devstack@m-api.service[40391]: INFO manila.api.openstack.wsgi [None req-cd089a18-99d2-4705-926f-4bf970d12f46 tempest-TestProjectAdminTestsNFS-914232511 tempest-TestProjectAdminTestsNFS-914232511-project-member] https://199.19.213.206/share/v2/9d0f226481564bbea0e45092ece5c3d2/shares/1d21ee04-cc5b-41e8-b438-adf35b12abdb returned with HTTP 200
Feb 19 02:34:32.931809 np0000156485 devstack@m-api.service[40391]: [pid: 40391|app: 0|req: 314/657] 199.19.213.206 () {66 vars in 1496 bytes} [Thu Feb 19 02:34:32 2026] GET /share/v2/9d0f226481564bbea0e45092ece5c3d2/shares/1d21ee04-cc5b-41e8-b438-adf35b12abdb => generated 1314 bytes in 22 msecs (HTTP/1.1 200) 7 headers in 298 bytes (1 switches on core 0)
Feb 19 02:34:32.984344 np0000156485 devstack@m-api.service[40392]: INFO manila.api.openstack.wsgi [None req-959da62d-3bb9-472e-9005-e16536a9a823 tempest-TestProjectMemberTestsCIFS-476995904 tempest-TestProjectMemberTestsCIFS-476995904-project-member] GET https://199.19.213.206/share/v2/696dc707f2b74d60847c41c962ad2ea7/shares/cf6eba10-6924-4a99-9ddd-c499f5fc70f6
Feb 19 02:34:32.984588 np0000156485 devstack@m-api.service[40392]: DEBUG manila.api.openstack.wsgi [None req-959da62d-3bb9-472e-9005-e16536a9a823 tempest-TestProjectMemberTestsCIFS-476995904 tempest-TestProjectMemberTestsCIFS-476995904-project-member] Empty body provided in request {{(pid=40392) get_body /opt/stack/manila/manila/api/openstack/wsgi.py:652}}
Feb 19 02:34:32.984687 np0000156485 devstack@m-api.service[40392]: DEBUG manila.api.openstack.wsgi [None req-959da62d-3bb9-472e-9005-e16536a9a823 tempest-TestProjectMemberTestsCIFS-476995904 tempest-TestProjectMemberTestsCIFS-476995904-project-member] Calling method 'ShareMixin.show' {{(pid=40392) _process_stack /opt/stack/manila/manila/api/openstack/wsgi.py:798}}
Feb 19 02:34:32.992889 np0000156485 devstack@m-api.service[40391]: INFO manila.api.openstack.wsgi [None req-6f576e9a-592e-4c4a-bc65-3d43264fd4ca tempest-TestProjectMemberTestsNFS-1368586458 tempest-TestProjectMemberTestsNFS-1368586458-project-member] GET https://199.19.213.206/share/v2/fdb034e50a2743678e9aa2ce6eae34fe/share-groups/052da5d0-abab-4c28-9a18-3628b9640a42
Feb 19 02:34:32.993164 np0000156485 devstack@m-api.service[40391]: DEBUG manila.api.openstack.wsgi [None req-6f576e9a-592e-4c4a-bc65-3d43264fd4ca tempest-TestProjectMemberTestsNFS-1368586458 tempest-TestProjectMemberTestsNFS-1368586458-project-member] Empty body provided in request {{(pid=40391) get_body /opt/stack/manila/manila/api/openstack/wsgi.py:652}}
Feb 19 02:34:32.993729 np0000156485 devstack@m-api.service[40391]: DEBUG manila.api.openstack.wsgi [None req-6f576e9a-592e-4c4a-bc65-3d43264fd4ca tempest-TestProjectMemberTestsNFS-1368586458 tempest-TestProjectMemberTestsNFS-1368586458-project-member] Calling method 'Controller.__getattribute__..version_select' {{(pid=40391) _process_stack /opt/stack/manila/manila/api/openstack/wsgi.py:798}}
Feb 19 02:34:32.996996 np0000156485 devstack@m-api.service[40392]: INFO manila.api.openstack.wsgi [None req-959da62d-3bb9-472e-9005-e16536a9a823 tempest-TestProjectMemberTestsCIFS-476995904 tempest-TestProjectMemberTestsCIFS-476995904-project-member] https://199.19.213.206/share/v2/696dc707f2b74d60847c41c962ad2ea7/shares/cf6eba10-6924-4a99-9ddd-c499f5fc70f6 returned with HTTP 200
Feb 19 02:34:32.997352 np0000156485 devstack@m-api.service[40392]: [pid: 40392|app: 0|req: 344/658] 199.19.213.206 () {66 vars in 1496 bytes} [Thu Feb 19 02:34:32 2026] GET /share/v2/696dc707f2b74d60847c41c962ad2ea7/shares/cf6eba10-6924-4a99-9ddd-c499f5fc70f6 => generated 1329 bytes in 15 msecs (HTTP/1.1 200) 7 headers in 298 bytes (1 switches on core 0)
Feb 19 02:34:32.999648 np0000156485 devstack@m-api.service[40391]: INFO manila.api.openstack.wsgi [None req-6f576e9a-592e-4c4a-bc65-3d43264fd4ca tempest-TestProjectMemberTestsNFS-1368586458 tempest-TestProjectMemberTestsNFS-1368586458-project-member] https://199.19.213.206/share/v2/fdb034e50a2743678e9aa2ce6eae34fe/share-groups/052da5d0-abab-4c28-9a18-3628b9640a42 returned with HTTP 200
Feb 19 02:34:33.000106 np0000156485 devstack@m-api.service[40391]: [pid: 40391|app: 0|req: 315/659] 199.19.213.206 () {66 vars in 1514 bytes} [Thu Feb 19 02:34:32 2026] GET /share/v2/fdb034e50a2743678e9aa2ce6eae34fe/share-groups/052da5d0-abab-4c28-9a18-3628b9640a42 => generated 853 bytes in 10 msecs (HTTP/1.1 200) 7 headers in 297 bytes (1 switches on core 0)
Feb 19 02:34:33.012405 np0000156485 devstack@m-api.service[40392]: INFO manila.api.openstack.wsgi [None req-e697e17a-ff16-4157-8090-6452d22db136 tempest-TestProjectMemberTestsNFS-1569645799 tempest-TestProjectMemberTestsNFS-1569645799-project-member] DELETE https://199.19.213.206/share/v2/fb3b8b6f24294bf4b39ca377f0b8338e/share-groups/052da5d0-abab-4c28-9a18-3628b9640a42
Feb 19 02:34:33.012774 np0000156485 devstack@m-api.service[40392]: DEBUG manila.api.openstack.wsgi [None req-e697e17a-ff16-4157-8090-6452d22db136 tempest-TestProjectMemberTestsNFS-1569645799 tempest-TestProjectMemberTestsNFS-1569645799-project-member] Empty body provided in request {{(pid=40392) get_body /opt/stack/manila/manila/api/openstack/wsgi.py:652}}
Feb 19 02:34:33.013126 np0000156485 devstack@m-api.service[40392]: DEBUG manila.api.openstack.wsgi [None req-e697e17a-ff16-4157-8090-6452d22db136 tempest-TestProjectMemberTestsNFS-1569645799 tempest-TestProjectMemberTestsNFS-1569645799-project-member] Calling method 'Controller.__getattribute__..version_select' {{(pid=40392) _process_stack /opt/stack/manila/manila/api/openstack/wsgi.py:798}}
Feb 19 02:34:33.014385 np0000156485 devstack@m-api.service[40392]: INFO manila.api.v2.share_groups [None req-e697e17a-ff16-4157-8090-6452d22db136 tempest-TestProjectMemberTestsNFS-1569645799 tempest-TestProjectMemberTestsNFS-1569645799-project-member] Delete share group with id: 052da5d0-abab-4c28-9a18-3628b9640a42
Feb 19 02:34:33.018580 np0000156485 devstack@m-api.service[40392]: INFO manila.api.openstack.wsgi [None req-e697e17a-ff16-4157-8090-6452d22db136 tempest-TestProjectMemberTestsNFS-1569645799 tempest-TestProjectMemberTestsNFS-1569645799-project-member] HTTP exception thrown: Share group 052da5d0-abab-4c28-9a18-3628b9640a42 not found.
Feb 19 02:34:33.018758 np0000156485 devstack@m-api.service[40392]: INFO manila.api.openstack.wsgi [None req-e697e17a-ff16-4157-8090-6452d22db136 tempest-TestProjectMemberTestsNFS-1569645799 tempest-TestProjectMemberTestsNFS-1569645799-project-member] https://199.19.213.206/share/v2/fb3b8b6f24294bf4b39ca377f0b8338e/share-groups/052da5d0-abab-4c28-9a18-3628b9640a42 returned with HTTP 404
Feb 19 02:34:33.019322 np0000156485 devstack@m-api.service[40392]: [pid: 40392|app: 0|req: 345/660] 199.19.213.206 () {66 vars in 1517 bytes} [Thu Feb 19 02:34:33 2026] DELETE /share/v2/fb3b8b6f24294bf4b39ca377f0b8338e/share-groups/052da5d0-abab-4c28-9a18-3628b9640a42 => generated 105 bytes in 10 msecs (HTTP/1.1 404) 7 headers in 304 bytes (1 switches on core 0)
