Feb 19 02:34:30.311430 np0000156485 devstack@m-api.service[40391]: DEBUG oslo_concurrency.lockutils [None req-baf6655b-56a9-439e-b95a-1da20ba078bf tempest-TestProjectReaderTestsCIFS-476193338 tempest-user-667413007] Lock "locked_access_rules_operation_by_share_instance_fc2801c3-c9aa-4d4f-9705-3d6b58cf2962" acquired by "manila.share.access.locked_access_rules_operation..wrapped..locked_operation" :: waited 0.001s {{(pid=40391) inner /opt/stack/data/venv/lib/python3.12/site-packages/oslo_concurrency/lockutils.py:519}}
Feb 19 02:34:30.387843 np0000156485 devstack@m-api.service[40391]: DEBUG oslo_concurrency.lockutils [None req-baf6655b-56a9-439e-b95a-1da20ba078bf tempest-TestProjectReaderTestsCIFS-476193338 tempest-user-667413007] Lock "locked_access_rules_operation_by_share_instance_fc2801c3-c9aa-4d4f-9705-3d6b58cf2962" "released" by "manila.share.access.locked_access_rules_operation..wrapped..locked_operation" :: held 0.076s {{(pid=40391) inner /opt/stack/data/venv/lib/python3.12/site-packages/oslo_concurrency/lockutils.py:538}}
Feb 19 02:34:30.389508 np0000156485 devstack@m-api.service[40391]: INFO manila.api.openstack.wsgi [None req-baf6655b-56a9-439e-b95a-1da20ba078bf tempest-TestProjectReaderTestsCIFS-476193338 tempest-user-667413007] https://199.19.213.206/share/v2/7b0bdf77bcc24dd783fce0bafd89547f/shares/a9abe794-9ba2-4021-852c-b4621e1d7a44/action returned with HTTP 200
Feb 19 02:34:30.390106 np0000156485 devstack@m-api.service[40391]: [pid: 40391|app: 0|req: 299/616] 199.19.213.206 () {68 vars in 1538 bytes} [Thu Feb 19 02:34:30 2026] POST /share/v2/7b0bdf77bcc24dd783fce0bafd89547f/shares/a9abe794-9ba2-4021-852c-b4621e1d7a44/action => generated 313 bytes in 134 msecs (HTTP/1.1 200) 7 headers in 297 bytes (1 switches on core 0)
Feb 19 02:34:30.407505 np0000156485 devstack@m-api.service[40392]: INFO manila.api.openstack.wsgi [None req-89223189-71be-45e1-8ca4-65d9021b948f tempest-TestProjectReaderTestsCIFS-476193338 tempest-user-667413007] GET https://199.19.213.206/share/v2/7b0bdf77bcc24dd783fce0bafd89547f/share-access-rules?share_id=a9abe794-9ba2-4021-852c-b4621e1d7a44
Feb 19 02:34:30.407929 np0000156485 devstack@m-api.service[40392]: DEBUG manila.api.openstack.wsgi [None req-89223189-71be-45e1-8ca4-65d9021b948f tempest-TestProjectReaderTestsCIFS-476193338 tempest-user-667413007] Empty body provided in request {{(pid=40392) get_body /opt/stack/manila/manila/api/openstack/wsgi.py:652}}
Feb 19 02:34:30.408300 np0000156485 devstack@m-api.service[40392]: DEBUG manila.api.openstack.wsgi [None req-89223189-71be-45e1-8ca4-65d9021b948f tempest-TestProjectReaderTestsCIFS-476193338 tempest-user-667413007] Calling method 'Controller.__getattribute__..version_select' {{(pid=40392) _process_stack /opt/stack/manila/manila/api/openstack/wsgi.py:798}}
Feb 19 02:34:30.439599 np0000156485 devstack@m-api.service[40392]: DEBUG manila.lock.api [None req-89223189-71be-45e1-8ca4-65d9021b948f tempest-TestProjectReaderTestsCIFS-476193338 tempest-user-667413007] Searching for locks by: {'resource_id': '5c0d327b-f70b-4f34-bc23-716326e86f09', 'resource_action': 'show', 'resource_type': 'access_rule', 'all_projects': True} {{(pid=40392) get_all /opt/stack/manila/manila/lock/api.py:112}}
Feb 19 02:34:30.443630 np0000156485 devstack@m-api.service[40392]: INFO manila.api.openstack.wsgi [None req-89223189-71be-45e1-8ca4-65d9021b948f tempest-TestProjectReaderTestsCIFS-476193338 tempest-user-667413007] https://199.19.213.206/share/v2/7b0bdf77bcc24dd783fce0bafd89547f/share-access-rules?share_id=a9abe794-9ba2-4021-852c-b4621e1d7a44 returned with HTTP 200
Feb 19 02:34:30.443996 np0000156485 devstack@m-api.service[40392]: [pid: 40392|app: 0|req: 318/617] 199.19.213.206 () {66 vars in 1512 bytes} [Thu Feb 19 02:34:30 2026] GET /share/v2/7b0bdf77bcc24dd783fce0bafd89547f/share-access-rules?share_id=a9abe794-9ba2-4021-852c-b4621e1d7a44 => generated 268 bytes in 42 msecs (HTTP/1.1 200) 7 headers in 297 bytes (1 switches on core 0)
Feb 19 02:34:30.518987 np0000156485 devstack@m-api.service[40391]: INFO manila.api.openstack.wsgi [None req-53226df6-6bd8-4bd1-84a8-bccfa8634f3b tempest-TestProjectMemberTestsNFS-705235389 tempest-TestProjectMemberTestsNFS-705235389-project-member] GET https://199.19.213.206/share/v2/aa779961cf1d4f02a30ab81f03df0749/shares/3b731033-70f1-412c-b089-334d8ce031f6
Feb 19 02:34:30.518987 np0000156485 devstack@m-api.service[40391]: DEBUG manila.api.openstack.wsgi [None req-53226df6-6bd8-4bd1-84a8-bccfa8634f3b tempest-TestProjectMemberTestsNFS-705235389 tempest-TestProjectMemberTestsNFS-705235389-project-member] Empty body provided in request {{(pid=40391) get_body /opt/stack/manila/manila/api/openstack/wsgi.py:652}}
Feb 19 02:34:30.518987 np0000156485 devstack@m-api.service[40391]: DEBUG manila.api.openstack.wsgi [None req-53226df6-6bd8-4bd1-84a8-bccfa8634f3b tempest-TestProjectMemberTestsNFS-705235389 tempest-TestProjectMemberTestsNFS-705235389-project-member] Calling method 'ShareMixin.show' {{(pid=40391) _process_stack /opt/stack/manila/manila/api/openstack/wsgi.py:798}}
Feb 19 02:34:30.538950 np0000156485 devstack@m-api.service[40391]: INFO manila.api.openstack.wsgi [None req-53226df6-6bd8-4bd1-84a8-bccfa8634f3b tempest-TestProjectMemberTestsNFS-705235389 tempest-TestProjectMemberTestsNFS-705235389-project-member] https://199.19.213.206/share/v2/aa779961cf1d4f02a30ab81f03df0749/shares/3b731033-70f1-412c-b089-334d8ce031f6 returned with HTTP 200
Feb 19 02:34:30.539319 np0000156485 devstack@m-api.service[40391]: [pid: 40391|app: 0|req: 300/618] 199.19.213.206 () {66 vars in 1496 bytes} [Thu Feb 19 02:34:30 2026] GET /share/v2/aa779961cf1d4f02a30ab81f03df0749/shares/3b731033-70f1-412c-b089-334d8ce031f6 => generated 1318 bytes in 24 msecs (HTTP/1.1 200) 7 headers in 298 bytes (1 switches on core 0)
Feb 19 02:34:30.551656 np0000156485 devstack@m-api.service[40392]: INFO manila.api.openstack.wsgi [None req-81287234-78e1-4bb6-acbd-b065fad628fe tempest-TestProjectMemberTestsNFS-705235389 tempest-TestProjectMemberTestsNFS-705235389-project-member] DELETE https://199.19.213.206/share/v2/aa779961cf1d4f02a30ab81f03df0749/shares/3b731033-70f1-412c-b089-334d8ce031f6
Feb 19 02:34:30.551902 np0000156485 devstack@m-api.service[40392]: DEBUG manila.api.openstack.wsgi [None req-81287234-78e1-4bb6-acbd-b065fad628fe tempest-TestProjectMemberTestsNFS-705235389 tempest-TestProjectMemberTestsNFS-705235389-project-member] Empty body provided in request {{(pid=40392) get_body /opt/stack/manila/manila/api/openstack/wsgi.py:652}}
Feb 19 02:34:30.552134 np0000156485 devstack@m-api.service[40392]: DEBUG manila.api.openstack.wsgi [None req-81287234-78e1-4bb6-acbd-b065fad628fe tempest-TestProjectMemberTestsNFS-705235389 tempest-TestProjectMemberTestsNFS-705235389-project-member] Calling method 'ShareMixin.delete' {{(pid=40392) _process_stack /opt/stack/manila/manila/api/openstack/wsgi.py:798}}
Feb 19 02:34:30.552930 np0000156485 devstack@m-api.service[40392]: INFO manila.api.v2.shares [None req-81287234-78e1-4bb6-acbd-b065fad628fe tempest-TestProjectMemberTestsNFS-705235389 tempest-TestProjectMemberTestsNFS-705235389-project-member] Delete share with id: 3b731033-70f1-412c-b089-334d8ce031f6
Feb 19 02:34:30.657872 np0000156485 devstack@m-api.service[40392]: INFO manila.api.openstack.wsgi [None req-81287234-78e1-4bb6-acbd-b065fad628fe tempest-TestProjectMemberTestsNFS-705235389 tempest-TestProjectMemberTestsNFS-705235389-project-member] https://199.19.213.206/share/v2/aa779961cf1d4f02a30ab81f03df0749/shares/3b731033-70f1-412c-b089-334d8ce031f6 returned with HTTP 202
Feb 19 02:34:30.658668 np0000156485 devstack@m-api.service[40392]: [pid: 40392|app: 0|req: 319/619] 199.19.213.206 () {66 vars in 1499 bytes} [Thu Feb 19 02:34:30 2026] DELETE /share/v2/aa779961cf1d4f02a30ab81f03df0749/shares/3b731033-70f1-412c-b089-334d8ce031f6 => generated 0 bytes in 110 msecs (HTTP/1.1 202) 7 headers in 309 bytes (1 switches on core 0)
Feb 19 02:34:30.671326 np0000156485 devstack@m-api.service[40391]: INFO manila.api.openstack.wsgi [None req-9205ea8c-5dad-49e8-9887-154e91ff814e tempest-TestProjectMemberTestsNFS-705235389 tempest-TestProjectMemberTestsNFS-705235389-project-member] GET https://199.19.213.206/share/v2/aa779961cf1d4f02a30ab81f03df0749/shares/3b731033-70f1-412c-b089-334d8ce031f6
Feb 19 02:34:30.671592 np0000156485 devstack@m-api.service[40391]: DEBUG manila.api.openstack.wsgi [None req-9205ea8c-5dad-49e8-9887-154e91ff814e tempest-TestProjectMemberTestsNFS-705235389 tempest-TestProjectMemberTestsNFS-705235389-project-member] Empty body provided in request {{(pid=40391) get_body /opt/stack/manila/manila/api/openstack/wsgi.py:652}}
Feb 19 02:34:30.671813 np0000156485 devstack@m-api.service[40391]: DEBUG manila.api.openstack.wsgi [None req-9205ea8c-5dad-49e8-9887-154e91ff814e tempest-TestProjectMemberTestsNFS-705235389 tempest-TestProjectMemberTestsNFS-705235389-project-member] Calling method 'ShareMixin.show' {{(pid=40391) _process_stack /opt/stack/manila/manila/api/openstack/wsgi.py:798}}
Feb 19 02:34:30.686569 np0000156485 devstack@m-api.service[40391]: INFO manila.api.openstack.wsgi [None req-9205ea8c-5dad-49e8-9887-154e91ff814e tempest-TestProjectMemberTestsNFS-705235389 tempest-TestProjectMemberTestsNFS-705235389-project-member] https://199.19.213.206/share/v2/aa779961cf1d4f02a30ab81f03df0749/shares/3b731033-70f1-412c-b089-334d8ce031f6 returned with HTTP 200
Feb 19 02:34:30.686921 np0000156485 devstack@m-api.service[40391]: [pid: 40391|app: 0|req: 301/620] 199.19.213.206 () {66 vars in 1496 bytes} [Thu Feb 19 02:34:30 2026] GET /share/v2/aa779961cf1d4f02a30ab81f03df0749/shares/3b731033-70f1-412c-b089-334d8ce031f6 => generated 1317 bytes in 18 msecs (HTTP/1.1 200) 7 headers in 298 bytes (1 switches on core 0)
Feb 19 02:34:31.339558 np0000156485 devstack@m-api.service[40392]: INFO manila.api.openstack.wsgi [None req-529eed30-dceb-4790-89d5-2936cf34c368 tempest-TestProjectReaderTestsNFS-1823327699 tempest-TestProjectReaderTestsNFS-1823327699-project-member] GET https://199.19.213.206/share/v2/4ac12659eae64388aacf228c97f87e16/shares/cfa70a09-1972-4a31-8db8-33d7b7f6591d
Feb 19 02:34:31.339820 np0000156485 devstack@m-api.service[40392]: DEBUG manila.api.openstack.wsgi [None req-529eed30-dceb-4790-89d5-2936cf34c368 tempest-TestProjectReaderTestsNFS-1823327699 tempest-TestProjectReaderTestsNFS-1823327699-project-member] Empty body provided in request {{(pid=40392) get_body /opt/stack/manila/manila/api/openstack/wsgi.py:652}}
Feb 19 02:34:31.340027 np0000156485 devstack@m-api.service[40392]: DEBUG manila.api.openstack.wsgi [None req-529eed30-dceb-4790-89d5-2936cf34c368 tempest-TestProjectReaderTestsNFS-1823327699 tempest-TestProjectReaderTestsNFS-1823327699-project-member] Calling method 'ShareMixin.show' {{(pid=40392) _process_stack /opt/stack/manila/manila/api/openstack/wsgi.py:798}}
Feb 19 02:34:31.357712 np0000156485 devstack@m-api.service[40392]: INFO manila.api.openstack.wsgi [None req-529eed30-dceb-4790-89d5-2936cf34c368 tempest-TestProjectReaderTestsNFS-1823327699 tempest-TestProjectReaderTestsNFS-1823327699-project-member] https://199.19.213.206/share/v2/4ac12659eae64388aacf228c97f87e16/shares/cfa70a09-1972-4a31-8db8-33d7b7f6591d returned with HTTP 200
Feb 19 02:34:31.358185 np0000156485 devstack@m-api.service[40392]: [pid: 40392|app: 0|req: 320/621] 199.19.213.206 () {66 vars in 1496 bytes} [Thu Feb 19 02:34:31 2026] GET /share/v2/4ac12659eae64388aacf228c97f87e16/shares/cfa70a09-1972-4a31-8db8-33d7b7f6591d => generated 1314 bytes in 22 msecs (HTTP/1.1 200) 7 headers in 298 bytes (2 switches on core 0)
Feb 19 02:34:31.376700 np0000156485 devstack@m-api.service[40391]: INFO manila.api.openstack.wsgi [None req-4359ab3f-acca-457c-b595-a28a97bc82b7 tempest-TestProjectAdminTestsCIFS-2337882 tempest-TestProjectAdminTestsCIFS-2337882-project-member] GET https://199.19.213.206/share/v2/d6dd657a838e4253b4d7d4ec3b46ded3/share-access-rules?share_id=7022b429-d007-43b7-8944-ad3619a07e59
Feb 19 02:34:31.377138 np0000156485 devstack@m-api.service[40391]: DEBUG manila.api.openstack.wsgi [None req-4359ab3f-acca-457c-b595-a28a97bc82b7 tempest-TestProjectAdminTestsCIFS-2337882 tempest-TestProjectAdminTestsCIFS-2337882-project-member] Empty body provided in request {{(pid=40391) get_body /opt/stack/manila/manila/api/openstack/wsgi.py:652}}
Feb 19 02:34:31.377197 np0000156485 devstack@m-api.service[40391]: DEBUG manila.api.openstack.wsgi [None req-4359ab3f-acca-457c-b595-a28a97bc82b7 tempest-TestProjectAdminTestsCIFS-2337882 tempest-TestProjectAdminTestsCIFS-2337882-project-member] Calling method 'Controller.__getattribute__..version_select' {{(pid=40391) _process_stack /opt/stack/manila/manila/api/openstack/wsgi.py:798}}
Feb 19 02:34:31.420194 np0000156485 devstack@m-api.service[40391]: DEBUG manila.lock.api [None req-4359ab3f-acca-457c-b595-a28a97bc82b7 tempest-TestProjectAdminTestsCIFS-2337882 tempest-TestProjectAdminTestsCIFS-2337882-project-member] Searching for locks by: {'resource_id': '19abf7af-2681-4b46-ae46-f0753e4fc39d', 'resource_action': 'show', 'resource_type': 'access_rule', 'all_projects': True} {{(pid=40391) get_all /opt/stack/manila/manila/lock/api.py:112}}
Feb 19 02:34:31.424826 np0000156485 devstack@m-api.service[40391]: INFO manila.api.openstack.wsgi [None req-4359ab3f-acca-457c-b595-a28a97bc82b7 tempest-TestProjectAdminTestsCIFS-2337882 tempest-TestProjectAdminTestsCIFS-2337882-project-member] https://199.19.213.206/share/v2/d6dd657a838e4253b4d7d4ec3b46ded3/share-access-rules?share_id=7022b429-d007-43b7-8944-ad3619a07e59 returned with HTTP 200
Feb 19 02:34:31.425384 np0000156485 devstack@m-api.service[40391]: [pid: 40391|app: 0|req: 302/622] 199.19.213.206 () {66 vars in 1512 bytes} [Thu Feb 19 02:34:31 2026] GET /share/v2/d6dd657a838e4253b4d7d4ec3b46ded3/share-access-rules?share_id=7022b429-d007-43b7-8944-ad3619a07e59 => generated 297 bytes in 53 msecs (HTTP/1.1 200) 7 headers in 297 bytes (1 switches on core 0)
Feb 19 02:34:31.440653 np0000156485 devstack@m-api.service[40392]: INFO manila.api.openstack.wsgi [None req-e015dd7f-50fb-4ac4-be28-9f11877c6d8c tempest-TestProjectAdminTestsCIFS-92231781 tempest-TestProjectAdminTestsCIFS-92231781-project-admin] DELETE https://199.19.213.206/share/v2/1ea50be6be194b9bb2815d78e3e8047d/share-access-rules/19abf7af-2681-4b46-ae46-f0753e4fc39d/metadata/key
Feb 19 02:34:31.441138 np0000156485 devstack@m-api.service[40392]: DEBUG manila.api.openstack.wsgi [None req-e015dd7f-50fb-4ac4-be28-9f11877c6d8c tempest-TestProjectAdminTestsCIFS-92231781 tempest-TestProjectAdminTestsCIFS-92231781-project-admin] Empty body provided in request {{(pid=40392) get_body /opt/stack/manila/manila/api/openstack/wsgi.py:652}}
Feb 19 02:34:31.441533 np0000156485 devstack@m-api.service[40392]: DEBUG manila.api.openstack.wsgi [None req-e015dd7f-50fb-4ac4-be28-9f11877c6d8c tempest-TestProjectAdminTestsCIFS-92231781 tempest-TestProjectAdminTestsCIFS-92231781-project-admin] Calling method 'Controller.__getattribute__..version_select' {{(pid=40392) _process_stack /opt/stack/manila/manila/api/openstack/wsgi.py:798}}
Feb 19 02:34:31.484799 np0000156485 devstack@m-api.service[40392]: INFO manila.api.openstack.wsgi [None req-e015dd7f-50fb-4ac4-be28-9f11877c6d8c tempest-TestProjectAdminTestsCIFS-92231781 tempest-TestProjectAdminTestsCIFS-92231781-project-admin] https://199.19.213.206/share/v2/1ea50be6be194b9bb2815d78e3e8047d/share-access-rules/19abf7af-2681-4b46-ae46-f0753e4fc39d/metadata/key returned with HTTP 200
Feb 19 02:34:31.485377 np0000156485 devstack@m-api.service[40392]: [pid: 40392|app: 0|req: 321/623] 199.19.213.206 () {66 vars in 1574 bytes} [Thu Feb 19 02:34:31 2026] DELETE /share/v2/1ea50be6be194b9bb2815d78e3e8047d/share-access-rules/19abf7af-2681-4b46-ae46-f0753e4fc39d/metadata/key => generated 0 bytes in 50 msecs (HTTP/1.1 200) 7 headers in 295 bytes (1 switches on core 0)
Feb 19 02:34:31.496981 np0000156485 devstack@m-api.service[40391]: INFO manila.api.openstack.wsgi [None req-d39038a1-984c-4617-bb57-73348e084e20 tempest-TestProjectAdminTestsCIFS-2337882 tempest-TestProjectAdminTestsCIFS-2337882-project-member] POST https://199.19.213.206/share/v2/d6dd657a838e4253b4d7d4ec3b46ded3/shares/7022b429-d007-43b7-8944-ad3619a07e59/action
Feb 19 02:34:31.497409 np0000156485 devstack@m-api.service[40391]: DEBUG manila.api.openstack.wsgi [None req-d39038a1-984c-4617-bb57-73348e084e20 tempest-TestProjectAdminTestsCIFS-2337882 tempest-TestProjectAdminTestsCIFS-2337882-project-member] Action body: b'{"deny_access": {"access_id": "19abf7af-2681-4b46-ae46-f0753e4fc39d"}}' {{(pid=40391) get_method /opt/stack/manila/manila/api/openstack/wsgi.py:912}}
Feb 19 02:34:31.497567 np0000156485 devstack@m-api.service[40391]: DEBUG manila.api.openstack.wsgi [None req-d39038a1-984c-4617-bb57-73348e084e20 tempest-TestProjectAdminTestsCIFS-2337882 tempest-TestProjectAdminTestsCIFS-2337882-project-member] Action: 'action', calling method: ShareController.deny_access, body: {"deny_access": {"access_id": "19abf7af-2681-4b46-ae46-f0753e4fc39d"}} {{(pid=40391) _process_stack /opt/stack/manila/manila/api/openstack/wsgi.py:796}}
Feb 19 02:34:31.498603 np0000156485 devstack@m-api.service[40391]: DEBUG manila.lock.api [None req-d39038a1-984c-4617-bb57-73348e084e20 tempest-TestProjectAdminTestsCIFS-2337882 tempest-TestProjectAdminTestsCIFS-2337882-project-member] Searching for locks by: {'resource_id': '19abf7af-2681-4b46-ae46-f0753e4fc39d', 'resource_action': 'delete', 'all_projects': True} {{(pid=40391) get_all /opt/stack/manila/manila/lock/api.py:112}}
Feb 19 02:34:31.558653 np0000156485 devstack@m-api.service[40391]: DEBUG oslo_concurrency.lockutils [None req-d39038a1-984c-4617-bb57-73348e084e20 tempest-TestProjectAdminTestsCIFS-2337882 tempest-TestProjectAdminTestsCIFS-2337882-project-member] Acquiring lock "locked_access_rules_operation_by_share_instance_cad40c69-7912-4b1b-a194-176ba12e92df" by "manila.share.access.locked_access_rules_operation..wrapped..locked_operation" {{(pid=40391) inner /opt/stack/data/venv/lib/python3.12/site-packages/oslo_concurrency/lockutils.py:506}}
Feb 19 02:34:31.558924 np0000156485 devstack@m-api.service[40391]: DEBUG oslo_concurrency.lockutils [None req-d39038a1-984c-4617-bb57-73348e084e20 tempest-TestProjectAdminTestsCIFS-2337882 tempest-TestProjectAdminTestsCIFS-2337882-project-member] Lock "locked_access_rules_operation_by_share_instance_cad40c69-7912-4b1b-a194-176ba12e92df" acquired by "manila.share.access.locked_access_rules_operation..wrapped..locked_operation" :: waited 0.000s {{(pid=40391) inner /opt/stack/data/venv/lib/python3.12/site-packages/oslo_concurrency/lockutils.py:519}}
Feb 19 02:34:31.584773 np0000156485 devstack@m-api.service[40392]: INFO manila.api.openstack.wsgi [None req-10aa393c-0257-4e44-a258-099f1be6908a tempest-TestProjectReaderTestsNFS-659480073 tempest-user-1748553885] GET https://199.19.213.206/share/v2/00adc123e241401b98327a6a231e2352/share-access-rules?share_id=e940bf62-5f72-4004-9be5-b8981bce17df
Feb 19 02:34:31.585014 np0000156485 devstack@m-api.service[40392]: DEBUG manila.api.openstack.wsgi [None req-10aa393c-0257-4e44-a258-099f1be6908a tempest-TestProjectReaderTestsNFS-659480073 tempest-user-1748553885] Empty body provided in request {{(pid=40392) get_body /opt/stack/manila/manila/api/openstack/wsgi.py:652}}
Feb 19 02:34:31.585244 np0000156485 devstack@m-api.service[40392]: DEBUG manila.api.openstack.wsgi [None req-10aa393c-0257-4e44-a258-099f1be6908a tempest-TestProjectReaderTestsNFS-659480073 tempest-user-1748553885] Calling method 'Controller.__getattribute__..version_select' {{(pid=40392) _process_stack /opt/stack/manila/manila/api/openstack/wsgi.py:798}}
Feb 19 02:34:31.612596 np0000156485 devstack@m-api.service[40392]: DEBUG manila.lock.api [None req-10aa393c-0257-4e44-a258-099f1be6908a tempest-TestProjectReaderTestsNFS-659480073 tempest-user-1748553885] Searching for locks by: {'resource_id': '3694ba0b-7691-4184-aeec-0bd2bae48ae9', 'resource_action': 'show', 'resource_type': 'access_rule', 'all_projects': True} {{(pid=40392) get_all /opt/stack/manila/manila/lock/api.py:112}}
Feb 19 02:34:31.616331 np0000156485 devstack@m-api.service[40392]: INFO manila.api.openstack.wsgi [None req-10aa393c-0257-4e44-a258-099f1be6908a tempest-TestProjectReaderTestsNFS-659480073 tempest-user-1748553885] https://199.19.213.206/share/v2/00adc123e241401b98327a6a231e2352/share-access-rules?share_id=e940bf62-5f72-4004-9be5-b8981bce17df returned with HTTP 200
Feb 19 02:34:31.616684 np0000156485 devstack@m-api.service[40392]: [pid: 40392|app: 0|req: 322/624] 199.19.213.206 () {66 vars in 1512 bytes} [Thu Feb 19 02:34:31 2026] GET /share/v2/00adc123e241401b98327a6a231e2352/share-access-rules?share_id=e940bf62-5f72-4004-9be5-b8981bce17df => generated 294 bytes in 35 msecs (HTTP/1.1 200) 7 headers in 297 bytes (2 switches on core 0)
Feb 19 02:34:31.627433 np0000156485 devstack@m-api.service[40392]: INFO manila.api.openstack.wsgi [None req-039aab92-cb82-4e32-a15a-b8a491949dc6 tempest-TestProjectReaderTestsNFS-659480073 tempest-TestProjectReaderTestsNFS-659480073-project-reader] DELETE https://199.19.213.206/share/v2/00adc123e241401b98327a6a231e2352/share-access-rules/3694ba0b-7691-4184-aeec-0bd2bae48ae9/metadata/key
Feb 19 02:34:31.627672 np0000156485 devstack@m-api.service[40392]: DEBUG manila.api.openstack.wsgi [None req-039aab92-cb82-4e32-a15a-b8a491949dc6 tempest-TestProjectReaderTestsNFS-659480073 tempest-TestProjectReaderTestsNFS-659480073-project-reader] Empty body provided in request {{(pid=40392) get_body /opt/stack/manila/manila/api/openstack/wsgi.py:652}}
Feb 19 02:34:31.627879 np0000156485 devstack@m-api.service[40392]: DEBUG manila.api.openstack.wsgi [None req-039aab92-cb82-4e32-a15a-b8a491949dc6 tempest-TestProjectReaderTestsNFS-659480073 tempest-TestProjectReaderTestsNFS-659480073-project-reader] Calling method 'Controller.__getattribute__..version_select' {{(pid=40392) _process_stack /opt/stack/manila/manila/api/openstack/wsgi.py:798}}
Feb 19 02:34:31.628664 np0000156485 devstack@m-api.service[40392]: DEBUG manila.policy [None req-039aab92-cb82-4e32-a15a-b8a491949dc6 tempest-TestProjectReaderTestsNFS-659480073 tempest-TestProjectReaderTestsNFS-659480073-project-reader] Policy check for share_access_metadata:delete failed with credentials {'is_admin': False, 'user_id': 'fda537966dd74ea3ab3311a230fd4064', 'user_domain_id': 'default', 'system_scope': None, 'domain_id': None, 'project_id': '00adc123e241401b98327a6a231e2352', 'project_domain_id': 'default', 'roles': ['reader'], 'is_admin_project': True, 'service_user_id': None, 'service_user_domain_id': None, 'service_project_id': None, 'service_project_domain_id': None, 'service_roles': []} {{(pid=40392) authorize /opt/stack/manila/manila/policy.py:200}}
Feb 19 02:34:31.628853 np0000156485 devstack@m-api.service[40392]: INFO manila.api.openstack.wsgi [None req-039aab92-cb82-4e32-a15a-b8a491949dc6 tempest-TestProjectReaderTestsNFS-659480073 tempest-TestProjectReaderTestsNFS-659480073-project-reader] HTTP exception thrown: Access was denied to this resource.
Feb 19 02:34:31.629015 np0000156485 devstack@m-api.service[40392]: INFO manila.api.openstack.wsgi [None req-039aab92-cb82-4e32-a15a-b8a491949dc6 tempest-TestProjectReaderTestsNFS-659480073 tempest-TestProjectReaderTestsNFS-659480073-project-reader] https://199.19.213.206/share/v2/00adc123e241401b98327a6a231e2352/share-access-rules/3694ba0b-7691-4184-aeec-0bd2bae48ae9/metadata/key returned with HTTP 403
Feb 19 02:34:31.629535 np0000156485 devstack@m-api.service[40392]: [pid: 40392|app: 0|req: 323/625] 199.19.213.206 () {66 vars in 1574 bytes} [Thu Feb 19 02:34:31 2026] DELETE /share/v2/00adc123e241401b98327a6a231e2352/share-access-rules/3694ba0b-7691-4184-aeec-0bd2bae48ae9/metadata/key => generated 78 bytes in 5 msecs (HTTP/1.1 403) 7 headers in 303 bytes (2 switches on core 0)
Feb 19 02:34:31.638006 np0000156485 devstack@m-api.service[40392]: INFO manila.api.openstack.wsgi [None req-d889b472-78d5-49f0-90de-ea05f23fbd04 tempest-TestProjectReaderTestsNFS-2002973420 tempest-TestProjectReaderTestsNFS-2002973420-project-member] POST https://199.19.213.206/share/v2/b1bfde85f1af44dfaca3b7bc336ac6a8/shares/77d1c792-593f-487d-a730-2a6fde81addc/action
Feb 19 02:34:31.638284 np0000156485 devstack@m-api.service[40392]: DEBUG manila.api.openstack.wsgi [None req-d889b472-78d5-49f0-90de-ea05f23fbd04 tempest-TestProjectReaderTestsNFS-2002973420 tempest-TestProjectReaderTestsNFS-2002973420-project-member] Action body: b'{"allow_access": {"access_type": "ip", "access_to": "203.0.113.161", "access_level": "rw", "metadata": {"key": "value"}}}' {{(pid=40392) get_method /opt/stack/manila/manila/api/openstack/wsgi.py:912}}
Feb 19 02:34:31.638401 np0000156485 devstack@m-api.service[40392]: DEBUG manila.api.openstack.wsgi [None req-d889b472-78d5-49f0-90de-ea05f23fbd04 tempest-TestProjectReaderTestsNFS-2002973420 tempest-TestProjectReaderTestsNFS-2002973420-project-member] Action: 'action', calling method: ShareController.allow_access, body: {"allow_access": {"access_type": "ip", "access_to": "203.0.113.161", "access_level": "rw", "metadata": {"key": "value"}}} {{(pid=40392) _process_stack /opt/stack/manila/manila/api/openstack/wsgi.py:796}}
Feb 19 02:34:31.681685 np0000156485 devstack@m-api.service[40392]: DEBUG oslo_concurrency.lockutils [None req-d889b472-78d5-49f0-90de-ea05f23fbd04 tempest-TestProjectReaderTestsNFS-2002973420 tempest-TestProjectReaderTestsNFS-2002973420-project-member] Acquiring lock "locked_access_rules_operation_by_share_instance_25d842ba-bf79-465c-8d39-eb163bd9da4e" by "manila.share.access.locked_access_rules_operation..wrapped..locked_operation" {{(pid=40392) inner /opt/stack/data/venv/lib/python3.12/site-packages/oslo_concurrency/lockutils.py:506}}
Feb 19 02:34:31.682202 np0000156485 devstack@m-api.service[40392]: DEBUG oslo_concurrency.lockutils [None req-d889b472-78d5-49f0-90de-ea05f23fbd04 tempest-TestProjectReaderTestsNFS-2002973420 tempest-TestProjectReaderTestsNFS-2002973420-project-member] Lock "locked_access_rules_operation_by_share_instance_25d842ba-bf79-465c-8d39-eb163bd9da4e" acquired by "manila.share.access.locked_access_rules_operation..wrapped..locked_operation" :: waited 0.000s {{(pid=40392) inner /opt/stack/data/venv/lib/python3.12/site-packages/oslo_concurrency/lockutils.py:519}}
Feb 19 02:34:31.756937 np0000156485 devstack@m-api.service[40392]: DEBUG oslo_concurrency.lockutils [None req-d889b472-78d5-49f0-90de-ea05f23fbd04 tempest-TestProjectReaderTestsNFS-2002973420 tempest-TestProjectReaderTestsNFS-2002973420-project-member] Lock "locked_access_rules_operation_by_share_instance_25d842ba-bf79-465c-8d39-eb163bd9da4e" "released" by "manila.share.access.locked_access_rules_operation..wrapped..locked_operation" :: held 0.075s {{(pid=40392) inner /opt/stack/data/venv/lib/python3.12/site-packages/oslo_concurrency/lockutils.py:538}}
Feb 19 02:34:31.758850 np0000156485 devstack@m-api.service[40392]: INFO manila.api.openstack.wsgi [None req-d889b472-78d5-49f0-90de-ea05f23fbd04 tempest-TestProjectReaderTestsNFS-2002973420 tempest-TestProjectReaderTestsNFS-2002973420-project-member] https://199.19.213.206/share/v2/b1bfde85f1af44dfaca3b7bc336ac6a8/shares/77d1c792-593f-487d-a730-2a6fde81addc/action returned with HTTP 200
Feb 19 02:34:31.759389 np0000156485 devstack@m-api.service[40392]: [pid: 40392|app: 0|req: 324/626] 199.19.213.206 () {68 vars in 1539 bytes} [Thu Feb 19 02:34:31 2026] POST /share/v2/b1bfde85f1af44dfaca3b7bc336ac6a8/shares/77d1c792-593f-487d-a730-2a6fde81addc/action => generated 325 bytes in 123 msecs (HTTP/1.1 200) 7 headers in 297 bytes (2 switches on core 0)
Feb 19 02:34:31.764310 np0000156485 devstack@m-api.service[40392]: INFO manila.api.openstack.wsgi [None req-75f0023f-da59-43a2-9c8f-1e4896f7d356 tempest-TestProjectReaderTestsCIFS-1940183492 tempest-user-1898043425] GET https://199.19.213.206/share/v2/ebbd1b3aca084ba09c9d6e12815b1004/shares/5347213f-491a-4562-9a8d-0e8d75d590f5
Feb 19 02:34:31.765462 np0000156485 devstack@m-api.service[40392]: DEBUG manila.api.openstack.wsgi [None req-75f0023f-da59-43a2-9c8f-1e4896f7d356 tempest-TestProjectReaderTestsCIFS-1940183492 tempest-user-1898043425] Empty body provided in request {{(pid=40392) get_body /opt/stack/manila/manila/api/openstack/wsgi.py:652}}
Feb 19 02:34:31.766230 np0000156485 devstack@m-api.service[40392]: DEBUG manila.api.openstack.wsgi [None req-75f0023f-da59-43a2-9c8f-1e4896f7d356 tempest-TestProjectReaderTestsCIFS-1940183492 tempest-user-1898043425] Calling method 'ShareMixin.show' {{(pid=40392) _process_stack /opt/stack/manila/manila/api/openstack/wsgi.py:798}}
Feb 19 02:34:31.781528 np0000156485 devstack@m-api.service[40392]: INFO manila.api.openstack.wsgi [None req-75f0023f-da59-43a2-9c8f-1e4896f7d356 tempest-TestProjectReaderTestsCIFS-1940183492 tempest-user-1898043425] https://199.19.213.206/share/v2/ebbd1b3aca084ba09c9d6e12815b1004/shares/5347213f-491a-4562-9a8d-0e8d75d590f5 returned with HTTP 200
Feb 19 02:34:31.782019 np0000156485 devstack@m-api.service[40392]: [pid: 40392|app: 0|req: 325/627] 199.19.213.206 () {66 vars in 1496 bytes} [Thu Feb 19 02:34:31 2026] GET /share/v2/ebbd1b3aca084ba09c9d6e12815b1004/shares/5347213f-491a-4562-9a8d-0e8d75d590f5 => generated 1312 bytes in 22 msecs (HTTP/1.1 200) 7 headers in 298 bytes (1 switches on core 0)
Feb 19 02:34:31.784805 np0000156485 devstack@m-api.service[40391]: DEBUG oslo_concurrency.lockutils [None req-d39038a1-984c-4617-bb57-73348e084e20 tempest-TestProjectAdminTestsCIFS-2337882 tempest-TestProjectAdminTestsCIFS-2337882-project-member] Lock "locked_access_rules_operation_by_share_instance_cad40c69-7912-4b1b-a194-176ba12e92df" "released" by "manila.share.access.locked_access_rules_operation..wrapped..locked_operation" :: held 0.226s {{(pid=40391) inner /opt/stack/data/venv/lib/python3.12/site-packages/oslo_concurrency/lockutils.py:538}}
Feb 19 02:34:31.785015 np0000156485 devstack@m-api.service[40391]: DEBUG oslo_concurrency.lockutils [None req-d39038a1-984c-4617-bb57-73348e084e20 tempest-TestProjectAdminTestsCIFS-2337882 tempest-TestProjectAdminTestsCIFS-2337882-project-member] Acquiring lock "locked_access_rules_operation_by_share_instance_cad40c69-7912-4b1b-a194-176ba12e92df" by "manila.share.access.locked_access_rules_operation..wrapped..locked_operation" {{(pid=40391) inner /opt/stack/data/venv/lib/python3.12/site-packages/oslo_concurrency/lockutils.py:506}}
Feb 19 02:34:31.785296 np0000156485 devstack@m-api.service[40392]: INFO manila.api.openstack.wsgi [None req-0080989b-5f5d-4310-918c-11e6f3c3f3de tempest-TestProjectAdminTestsNFS-1875335141 tempest-TestProjectAdminTestsNFS-1875335141-project-member] GET https://199.19.213.206/share/v2/8ac34147f0f64069888fc9af8eafb99c/share-groups/70f91ab1-f78a-417e-b9f9-6cc32a62f589
Feb 19 02:34:31.785383 np0000156485 devstack@m-api.service[40391]: DEBUG oslo_concurrency.lockutils [None req-d39038a1-984c-4617-bb57-73348e084e20 tempest-TestProjectAdminTestsCIFS-2337882 tempest-TestProjectAdminTestsCIFS-2337882-project-member] Lock "locked_access_rules_operation_by_share_instance_cad40c69-7912-4b1b-a194-176ba12e92df" acquired by "manila.share.access.locked_access_rules_operation..wrapped..locked_operation" :: waited 0.000s {{(pid=40391) inner /opt/stack/data/venv/lib/python3.12/site-packages/oslo_concurrency/lockutils.py:519}}
Feb 19 02:34:31.785604 np0000156485 devstack@m-api.service[40392]: DEBUG manila.api.openstack.wsgi [None req-0080989b-5f5d-4310-918c-11e6f3c3f3de tempest-TestProjectAdminTestsNFS-1875335141 tempest-TestProjectAdminTestsNFS-1875335141-project-member] Empty body provided in request {{(pid=40392) get_body /opt/stack/manila/manila/api/openstack/wsgi.py:652}}
Feb 19 02:34:31.785865 np0000156485 devstack@m-api.service[40392]: DEBUG manila.api.openstack.wsgi [None req-0080989b-5f5d-4310-918c-11e6f3c3f3de tempest-TestProjectAdminTestsNFS-1875335141 tempest-TestProjectAdminTestsNFS-1875335141-project-member] Calling method 'Controller.__getattribute__..version_select' {{(pid=40392) _process_stack /opt/stack/manila/manila/api/openstack/wsgi.py:798}}
Feb 19 02:34:31.792563 np0000156485 devstack@m-api.service[40392]: INFO manila.api.openstack.wsgi [None req-0080989b-5f5d-4310-918c-11e6f3c3f3de tempest-TestProjectAdminTestsNFS-1875335141 tempest-TestProjectAdminTestsNFS-1875335141-project-member] https://199.19.213.206/share/v2/8ac34147f0f64069888fc9af8eafb99c/share-groups/70f91ab1-f78a-417e-b9f9-6cc32a62f589 returned with HTTP 200
Feb 19 02:34:31.792840 np0000156485 devstack@m-api.service[40392]: [pid: 40392|app: 0|req: 326/628] 199.19.213.206 () {66 vars in 1514 bytes} [Thu Feb 19 02:34:31 2026] GET /share/v2/8ac34147f0f64069888fc9af8eafb99c/share-groups/70f91ab1-f78a-417e-b9f9-6cc32a62f589 => generated 854 bytes in 10 msecs (HTTP/1.1 200) 7 headers in 297 bytes (1 switches on core 0)
Feb 19 02:34:31.794854 np0000156485 devstack@m-api.service[40392]: INFO manila.api.openstack.wsgi [None req-54426f7d-0ddb-4a7b-b570-fa6c60b3d060 tempest-TestProjectReaderTestsNFS-2002973420 tempest-TestProjectReaderTestsNFS-2002973420-project-member] GET https://199.19.213.206/share/v2/b1bfde85f1af44dfaca3b7bc336ac6a8/share-access-rules?share_id=77d1c792-593f-487d-a730-2a6fde81addc
Feb 19 02:34:31.795037 np0000156485 devstack@m-api.service[40392]: DEBUG manila.api.openstack.wsgi [None req-54426f7d-0ddb-4a7b-b570-fa6c60b3d060 tempest-TestProjectReaderTestsNFS-2002973420 tempest-TestProjectReaderTestsNFS-2002973420-project-member] Empty body provided in request {{(pid=40392) get_body /opt/stack/manila/manila/api/openstack/wsgi.py:652}}
Feb 19 02:34:31.795165 np0000156485 devstack@m-api.service[40392]: DEBUG manila.api.openstack.wsgi [None req-54426f7d-0ddb-4a7b-b570-fa6c60b3d060 tempest-TestProjectReaderTestsNFS-2002973420 tempest-TestProjectReaderTestsNFS-2002973420-project-member] Calling method 'Controller.__getattribute__..version_select' {{(pid=40392) _process_stack /opt/stack/manila/manila/api/openstack/wsgi.py:798}}
Feb 19 02:34:31.822141 np0000156485 devstack@m-api.service[40392]: DEBUG manila.lock.api [None req-54426f7d-0ddb-4a7b-b570-fa6c60b3d060 tempest-TestProjectReaderTestsNFS-2002973420 tempest-TestProjectReaderTestsNFS-2002973420-project-member] Searching for locks by: {'resource_id': 'be7aaac4-9769-44d1-838e-1249bb142967', 'resource_action': 'show', 'resource_type': 'access_rule', 'all_projects': True} {{(pid=40392) get_all /opt/stack/manila/manila/lock/api.py:112}}
Feb 19 02:34:31.825402 np0000156485 devstack@m-api.service[40392]: INFO manila.api.openstack.wsgi [None req-54426f7d-0ddb-4a7b-b570-fa6c60b3d060 tempest-TestProjectReaderTestsNFS-2002973420 tempest-TestProjectReaderTestsNFS-2002973420-project-member] https://199.19.213.206/share/v2/b1bfde85f1af44dfaca3b7bc336ac6a8/share-access-rules?share_id=77d1c792-593f-487d-a730-2a6fde81addc returned with HTTP 200
Feb 19 02:34:31.826142 np0000156485 devstack@m-api.service[40392]: [pid: 40392|app: 0|req: 327/629] 199.19.213.206 () {66 vars in 1512 bytes} [Thu Feb 19 02:34:31 2026] GET /share/v2/b1bfde85f1af44dfaca3b7bc336ac6a8/share-access-rules?share_id=77d1c792-593f-487d-a730-2a6fde81addc => generated 280 bytes in 32 msecs (HTTP/1.1 200) 7 headers in 297 bytes (1 switches on core 0)
Feb 19 02:34:31.827871 np0000156485 devstack@m-api.service[40392]: INFO manila.api.openstack.wsgi [None req-0290b8da-9737-4051-98c1-0212ad5b9d88 tempest-TestProjectMemberTestsNFS-662484093 tempest-TestProjectMemberTestsNFS-662484093-project-member] GET https://199.19.213.206/share/v2/1feee81c3a444666aefa6a87d1fb1093/share-access-rules?share_id=2aa80a28-f9e3-4d05-9fb8-d8e37521ec61
Feb 19 02:34:31.828067 np0000156485 devstack@m-api.service[40392]: DEBUG manila.api.openstack.wsgi [None req-0290b8da-9737-4051-98c1-0212ad5b9d88 tempest-TestProjectMemberTestsNFS-662484093 tempest-TestProjectMemberTestsNFS-662484093-project-member] Empty body provided in request {{(pid=40392) get_body /opt/stack/manila/manila/api/openstack/wsgi.py:652}}
Feb 19 02:34:31.828304 np0000156485 devstack@m-api.service[40392]: DEBUG manila.api.openstack.wsgi [None req-0290b8da-9737-4051-98c1-0212ad5b9d88 tempest-TestProjectMemberTestsNFS-662484093 tempest-TestProjectMemberTestsNFS-662484093-project-member] Calling method 'Controller.__getattribute__..version_select' {{(pid=40392) _process_stack /opt/stack/manila/manila/api/openstack/wsgi.py:798}}
Feb 19 02:34:31.837678 np0000156485 devstack@m-api.service[40391]: DEBUG oslo_concurrency.lockutils [None req-d39038a1-984c-4617-bb57-73348e084e20 tempest-TestProjectAdminTestsCIFS-2337882 tempest-TestProjectAdminTestsCIFS-2337882-project-member] Lock "locked_access_rules_operation_by_share_instance_cad40c69-7912-4b1b-a194-176ba12e92df" "released" by "manila.share.access.locked_access_rules_operation..wrapped..locked_operation" :: held 0.052s {{(pid=40391) inner /opt/stack/data/venv/lib/python3.12/site-packages/oslo_concurrency/lockutils.py:538}}
Feb 19 02:34:31.839952 np0000156485 devstack@m-api.service[40391]: INFO manila.api.openstack.wsgi [None req-d39038a1-984c-4617-bb57-73348e084e20 tempest-TestProjectAdminTestsCIFS-2337882 tempest-TestProjectAdminTestsCIFS-2337882-project-member] https://199.19.213.206/share/v2/d6dd657a838e4253b4d7d4ec3b46ded3/shares/7022b429-d007-43b7-8944-ad3619a07e59/action returned with HTTP 202
Feb 19 02:34:31.840665 np0000156485 devstack@m-api.service[40391]: [pid: 40391|app: 0|req: 303/630] 199.19.213.206 () {68 vars in 1538 bytes} [Thu Feb 19 02:34:31 2026] POST /share/v2/d6dd657a838e4253b4d7d4ec3b46ded3/shares/7022b429-d007-43b7-8944-ad3619a07e59/action => generated 0 bytes in 346 msecs (HTTP/1.1 202) 7 headers in 309 bytes (1 switches on core 0)
Feb 19 02:34:31.844223 np0000156485 devstack@m-api.service[40391]: INFO manila.api.openstack.wsgi [None req-b07b2528-0136-48c3-b57a-96d3b876d714 tempest-TestProjectAdminTestsNFS-1367498682 tempest-TestProjectAdminTestsNFS-1367498682-project-admin] GET https://199.19.213.206/share/v2/c9bab725cade48dbb72cd49a3184c794/share-groups/70f91ab1-f78a-417e-b9f9-6cc32a62f589
Feb 19 02:34:31.844961 np0000156485 devstack@m-api.service[40391]: DEBUG manila.api.openstack.wsgi [None req-b07b2528-0136-48c3-b57a-96d3b876d714 tempest-TestProjectAdminTestsNFS-1367498682 tempest-TestProjectAdminTestsNFS-1367498682-project-admin] Empty body provided in request {{(pid=40391) get_body /opt/stack/manila/manila/api/openstack/wsgi.py:652}}
Feb 19 02:34:31.844961 np0000156485 devstack@m-api.service[40391]: DEBUG manila.api.openstack.wsgi [None req-b07b2528-0136-48c3-b57a-96d3b876d714 tempest-TestProjectAdminTestsNFS-1367498682 tempest-TestProjectAdminTestsNFS-1367498682-project-admin] Calling method 'Controller.__getattribute__..version_select' {{(pid=40391) _process_stack /opt/stack/manila/manila/api/openstack/wsgi.py:798}}
Feb 19 02:34:31.853705 np0000156485 devstack@m-api.service[40391]: INFO manila.api.openstack.wsgi [None req-b07b2528-0136-48c3-b57a-96d3b876d714 tempest-TestProjectAdminTestsNFS-1367498682 tempest-TestProjectAdminTestsNFS-1367498682-project-admin] https://199.19.213.206/share/v2/c9bab725cade48dbb72cd49a3184c794/share-groups/70f91ab1-f78a-417e-b9f9-6cc32a62f589 returned with HTTP 200
Feb 19 02:34:31.853705 np0000156485 devstack@m-api.service[40391]: [pid: 40391|app: 0|req: 304/631] 199.19.213.206 () {66 vars in 1514 bytes} [Thu Feb 19 02:34:31 2026] GET /share/v2/c9bab725cade48dbb72cd49a3184c794/share-groups/70f91ab1-f78a-417e-b9f9-6cc32a62f589 => generated 879 bytes in 12 msecs (HTTP/1.1 200) 7 headers in 297 bytes (1 switches on core 0)
Feb 19 02:34:31.856526 np0000156485 devstack@m-api.service[40391]: INFO manila.api.openstack.wsgi [None req-07179eb0-d1fe-450b-a782-4ddf159e57cb tempest-TestProjectAdminTestsCIFS-2337882 tempest-TestProjectAdminTestsCIFS-2337882-project-member] GET https://199.19.213.206/share/v2/d6dd657a838e4253b4d7d4ec3b46ded3/share-access-rules?share_id=7022b429-d007-43b7-8944-ad3619a07e59
Feb 19 02:34:31.856823 np0000156485 devstack@m-api.service[40391]: DEBUG manila.api.openstack.wsgi [None req-07179eb0-d1fe-450b-a782-4ddf159e57cb tempest-TestProjectAdminTestsCIFS-2337882 tempest-TestProjectAdminTestsCIFS-2337882-project-member] Empty body provided in request {{(pid=40391) get_body /opt/stack/manila/manila/api/openstack/wsgi.py:652}}
Feb 19 02:34:31.857035 np0000156485 devstack@m-api.service[40391]: DEBUG manila.api.openstack.wsgi [None req-07179eb0-d1fe-450b-a782-4ddf159e57cb tempest-TestProjectAdminTestsCIFS-2337882 tempest-TestProjectAdminTestsCIFS-2337882-project-member] Calling method 'Controller.__getattribute__..version_select' {{(pid=40391) _process_stack /opt/stack/manila/manila/api/openstack/wsgi.py:798}}
Feb 19 02:34:31.857307 np0000156485 devstack@m-api.service[40392]: DEBUG manila.lock.api [None req-0290b8da-9737-4051-98c1-0212ad5b9d88 tempest-TestProjectMemberTestsNFS-662484093 tempest-TestProjectMemberTestsNFS-662484093-project-member] Searching for locks by: {'resource_id': 'fc37d43c-2fe6-4e6e-abd5-791443e76e8c', 'resource_action': 'show', 'resource_type': 'access_rule', 'all_projects': True} {{(pid=40392) get_all /opt/stack/manila/manila/lock/api.py:112}}
Feb 19 02:34:31.861580 np0000156485 devstack@m-api.service[40392]: INFO manila.api.openstack.wsgi [None req-0290b8da-9737-4051-98c1-0212ad5b9d88 tempest-TestProjectMemberTestsNFS-662484093 tempest-TestProjectMemberTestsNFS-662484093-project-member] https://199.19.213.206/share/v2/1feee81c3a444666aefa6a87d1fb1093/share-access-rules?share_id=2aa80a28-f9e3-4d05-9fb8-d8e37521ec61 returned with HTTP 200
Feb 19 02:34:31.861982 np0000156485 devstack@m-api.service[40392]: [pid: 40392|app: 0|req: 328/632] 199.19.213.206 () {66 vars in 1512 bytes} [Thu Feb 19 02:34:31 2026] GET /share/v2/1feee81c3a444666aefa6a87d1fb1093/share-access-rules?share_id=2aa80a28-f9e3-4d05-9fb8-d8e37521ec61 => generated 295 bytes in 36 msecs (HTTP/1.1 200) 7 headers in 297 bytes (1 switches on core 0)
Feb 19 02:34:31.872070 np0000156485 devstack@m-api.service[40392]: INFO manila.api.openstack.wsgi [None req-51156205-730e-466d-8027-ca31408f355e tempest-TestProjectAdminTestsNFS-1367498682 tempest-user-544061260] POST https://199.19.213.206/share/v2/c9bab725cade48dbb72cd49a3184c794/share-groups
Feb 19 02:34:31.872424 np0000156485 devstack@m-api.service[40392]: DEBUG manila.api.openstack.wsgi [None req-51156205-730e-466d-8027-ca31408f355e tempest-TestProjectAdminTestsNFS-1367498682 tempest-user-544061260] Action: 'create', calling method: Controller.__getattribute__..version_select, body: {"share_group": {"name": "tempest-share-group-1246991033", "share_group_type_id": "9f38027c-4ef0-4a1e-abf5-1fadd66940a3", "share_types": ["4c074b27-7cad-4bb2-92c4-fe34b0ed7536"]}} {{(pid=40392) _process_stack /opt/stack/manila/manila/api/openstack/wsgi.py:796}}
Feb 19 02:34:31.883938 np0000156485 devstack@m-api.service[40391]: DEBUG manila.lock.api [None req-07179eb0-d1fe-450b-a782-4ddf159e57cb tempest-TestProjectAdminTestsCIFS-2337882 tempest-TestProjectAdminTestsCIFS-2337882-project-member] Searching for locks by: {'resource_id': '19abf7af-2681-4b46-ae46-f0753e4fc39d', 'resource_action': 'show', 'resource_type': 'access_rule', 'all_projects': True} {{(pid=40391) get_all /opt/stack/manila/manila/lock/api.py:112}}
Feb 19 02:34:31.887261 np0000156485 devstack@m-api.service[40391]: INFO manila.api.openstack.wsgi [None req-07179eb0-d1fe-450b-a782-4ddf159e57cb tempest-TestProjectAdminTestsCIFS-2337882 tempest-TestProjectAdminTestsCIFS-2337882-project-member] https://199.19.213.206/share/v2/d6dd657a838e4253b4d7d4ec3b46ded3/share-access-rules?share_id=7022b429-d007-43b7-8944-ad3619a07e59 returned with HTTP 200
Feb 19 02:34:31.887601 np0000156485 devstack@m-api.service[40391]: [pid: 40391|app: 0|req: 305/633] 199.19.213.206 () {66 vars in 1512 bytes} [Thu Feb 19 02:34:31 2026] GET /share/v2/d6dd657a838e4253b4d7d4ec3b46ded3/share-access-rules?share_id=7022b429-d007-43b7-8944-ad3619a07e59 => generated 291 bytes in 34 msecs (HTTP/1.1 200) 7 headers in 297 bytes (1 switches on core 0)
Feb 19 02:34:31.890933 np0000156485 devstack@m-api.service[40391]: INFO manila.api.openstack.wsgi [None req-e4d11662-22c0-43ba-9fd5-07b16a44e8e5 tempest-TestProjectMemberTestsNFS-662484093 tempest-TestProjectMemberTestsNFS-662484093-project-member] DELETE https://199.19.213.206/share/v2/1feee81c3a444666aefa6a87d1fb1093/share-access-rules/fc37d43c-2fe6-4e6e-abd5-791443e76e8c/metadata/key
Feb 19 02:34:31.891160 np0000156485 devstack@m-api.service[40391]: DEBUG manila.api.openstack.wsgi [None req-e4d11662-22c0-43ba-9fd5-07b16a44e8e5 tempest-TestProjectMemberTestsNFS-662484093 tempest-TestProjectMemberTestsNFS-662484093-project-member] Empty body provided in request {{(pid=40391) get_body /opt/stack/manila/manila/api/openstack/wsgi.py:652}}
Feb 19 02:34:31.891315 np0000156485 devstack@m-api.service[40391]: DEBUG manila.api.openstack.wsgi [None req-e4d11662-22c0-43ba-9fd5-07b16a44e8e5 tempest-TestProjectMemberTestsNFS-662484093 tempest-TestProjectMemberTestsNFS-662484093-project-member] Calling method 'Controller.__getattribute__..version_select' {{(pid=40391) _process_stack /opt/stack/manila/manila/api/openstack/wsgi.py:798}}
Feb 19 02:34:31.910172 np0000156485 devstack@m-api.service[40392]: DEBUG manila.quota [None req-51156205-730e-466d-8027-ca31408f355e tempest-TestProjectAdminTestsNFS-1367498682 tempest-user-544061260] Created reservations ['d4ea8e9c-c521-4edf-8c13-8907560296aa'] {{(pid=40392) reserve /opt/stack/manila/manila/quota.py:1038}}
Feb 19 02:34:31.933514 np0000156485 devstack@m-api.service[40392]: DEBUG manila.quota [None req-51156205-730e-466d-8027-ca31408f355e tempest-TestProjectAdminTestsNFS-1367498682 tempest-user-544061260] Committed reservations ['d4ea8e9c-c521-4edf-8c13-8907560296aa'] {{(pid=40392) commit /opt/stack/manila/manila/quota.py:1066}}
Feb 19 02:34:31.935653 np0000156485 devstack@m-api.service[40392]: INFO manila.api.openstack.wsgi [None req-51156205-730e-466d-8027-ca31408f355e tempest-TestProjectAdminTestsNFS-1367498682 tempest-user-544061260] https://199.19.213.206/share/v2/c9bab725cade48dbb72cd49a3184c794/share-groups returned with HTTP 202
Feb 19 02:34:31.936472 np0000156485 devstack@m-api.service[40392]: [pid: 40392|app: 0|req: 329/634] 199.19.213.206 () {68 vars in 1425 bytes} [Thu Feb 19 02:34:31 2026] POST /share/v2/c9bab725cade48dbb72cd49a3184c794/share-groups => generated 804 bytes in 67 msecs (HTTP/1.1 202) 7 headers in 303 bytes (1 switches on core 0)
Feb 19 02:34:31.937241 np0000156485 devstack@m-api.service[40391]: INFO manila.api.openstack.wsgi [None req-e4d11662-22c0-43ba-9fd5-07b16a44e8e5 tempest-TestProjectMemberTestsNFS-662484093 tempest-TestProjectMemberTestsNFS-662484093-project-member] https://199.19.213.206/share/v2/1feee81c3a444666aefa6a87d1fb1093/share-access-rules/fc37d43c-2fe6-4e6e-abd5-791443e76e8c/metadata/key returned with HTTP 200
Feb 19 02:34:31.937883 np0000156485 devstack@m-api.service[40391]: [pid: 40391|app: 0|req: 306/635] 199.19.213.206 () {66 vars in 1574 bytes} [Thu Feb 19 02:34:31 2026] DELETE /share/v2/1feee81c3a444666aefa6a87d1fb1093/share-access-rules/fc37d43c-2fe6-4e6e-abd5-791443e76e8c/metadata/key => generated 0 bytes in 49 msecs (HTTP/1.1 200) 7 headers in 295 bytes (1 switches on core 0)
Feb 19 02:34:31.946836 np0000156485 devstack@m-api.service[40392]: INFO manila.api.openstack.wsgi [None req-6bf08a12-31f9-4513-b43c-0096e1d0a4a4 tempest-TestProjectAdminTestsNFS-1367498682 tempest-user-544061260] GET https://199.19.213.206/share/v2/c9bab725cade48dbb72cd49a3184c794/share-groups/2242c38d-0305-416a-bb45-0fc00547cd79
Feb 19 02:34:31.948167 np0000156485 devstack@m-api.service[40392]: DEBUG manila.api.openstack.wsgi [None req-6bf08a12-31f9-4513-b43c-0096e1d0a4a4 tempest-TestProjectAdminTestsNFS-1367498682 tempest-user-544061260] Empty body provided in request {{(pid=40392) get_body /opt/stack/manila/manila/api/openstack/wsgi.py:652}}
Feb 19 02:34:31.948167 np0000156485 devstack@m-api.service[40392]: DEBUG manila.api.openstack.wsgi [None req-6bf08a12-31f9-4513-b43c-0096e1d0a4a4 tempest-TestProjectAdminTestsNFS-1367498682 tempest-user-544061260] Calling method 'Controller.__getattribute__..version_select' {{(pid=40392) _process_stack /opt/stack/manila/manila/api/openstack/wsgi.py:798}}
Feb 19 02:34:31.954168 np0000156485 devstack@m-api.service[40391]: INFO manila.api.openstack.wsgi [None req-56e06a04-1f34-438b-83b1-1a227a515bc5 tempest-TestProjectMemberTestsNFS-1443133647 tempest-TestProjectMemberTestsNFS-1443133647-project-member] POST https://199.19.213.206/share/v2/238da89948dd47dc83e7679e1278b023/shares/61e1139c-ffbc-4787-bb7b-3c7ac9f9c422/action
Feb 19 02:34:31.954742 np0000156485 devstack@m-api.service[40391]: DEBUG manila.api.openstack.wsgi [None req-56e06a04-1f34-438b-83b1-1a227a515bc5 tempest-TestProjectMemberTestsNFS-1443133647 tempest-TestProjectMemberTestsNFS-1443133647-project-member] Action body: b'{"allow_access": {"access_type": "ip", "access_to": "203.0.113.206", "access_level": "rw", "metadata": {"key": "value"}}}' {{(pid=40391) get_method /opt/stack/manila/manila/api/openstack/wsgi.py:912}}
Feb 19 02:34:31.954973 np0000156485 devstack@m-api.service[40391]: DEBUG manila.api.openstack.wsgi [None req-56e06a04-1f34-438b-83b1-1a227a515bc5 tempest-TestProjectMemberTestsNFS-1443133647 tempest-TestProjectMemberTestsNFS-1443133647-project-member] Action: 'action', calling method: ShareController.allow_access, body: {"allow_access": {"access_type": "ip", "access_to": "203.0.113.206", "access_level": "rw", "metadata": {"key": "value"}}} {{(pid=40391) _process_stack /opt/stack/manila/manila/api/openstack/wsgi.py:796}}
Feb 19 02:34:31.955815 np0000156485 devstack@m-api.service[40392]: INFO manila.api.openstack.wsgi [None req-6bf08a12-31f9-4513-b43c-0096e1d0a4a4 tempest-TestProjectAdminTestsNFS-1367498682 tempest-user-544061260] https://199.19.213.206/share/v2/c9bab725cade48dbb72cd49a3184c794/share-groups/2242c38d-0305-416a-bb45-0fc00547cd79 returned with HTTP 200
