Feb 19 02:34:15.149972 np0000156485 devstack@m-api.service[40392]: DEBUG manila.policy [None req-5aae3b58-dc84-4f39-846b-ed28690193c8 tempest-TestProjectReaderTestsNFS-2052012149 tempest-TestProjectReaderTestsNFS-2052012149-project-reader] Policy check for share_instance_export_location:show failed with credentials {'is_admin': False, 'user_id': '588722ce38d2467eb64a01b80b7aca81', 'user_domain_id': 'default', 'system_scope': None, 'domain_id': None, 'project_id': '13fb4d7c8b714032b23720a6359f6293', 'project_domain_id': 'default', 'roles': ['reader'], 'is_admin_project': True, 'service_user_id': None, 'service_user_domain_id': None, 'service_project_id': None, 'service_project_domain_id': None, 'service_roles': []} {{(pid=40392) authorize /opt/stack/manila/manila/policy.py:200}}
Feb 19 02:34:15.150180 np0000156485 devstack@m-api.service[40392]: INFO manila.api.openstack.wsgi [None req-5aae3b58-dc84-4f39-846b-ed28690193c8 tempest-TestProjectReaderTestsNFS-2052012149 tempest-TestProjectReaderTestsNFS-2052012149-project-reader] HTTP exception thrown: Access was denied to this resource.
Feb 19 02:34:15.150254 np0000156485 devstack@m-api.service[40392]: INFO manila.api.openstack.wsgi [None req-5aae3b58-dc84-4f39-846b-ed28690193c8 tempest-TestProjectReaderTestsNFS-2052012149 tempest-TestProjectReaderTestsNFS-2052012149-project-reader] https://199.19.213.206/share/v2/13fb4d7c8b714032b23720a6359f6293/share_instances/7d7839fe-9213-44f9-8329-52e344c2af78/export_locations/1e136bb5-19ca-4d5d-af10-78a3ea45f22b returned with HTTP 403
Feb 19 02:34:15.150798 np0000156485 devstack@m-api.service[40392]: [pid: 40392|app: 0|req: 170/350] 199.19.213.206 () {66 vars in 1685 bytes} [Thu Feb 19 02:34:15 2026] GET /share/v2/13fb4d7c8b714032b23720a6359f6293/share_instances/7d7839fe-9213-44f9-8329-52e344c2af78/export_locations/1e136bb5-19ca-4d5d-af10-78a3ea45f22b => generated 78 bytes in 3 msecs (HTTP/1.1 403) 7 headers in 303 bytes (1 switches on core 0)
Feb 19 02:34:15.152528 np0000156485 devstack@m-api.service[40392]: INFO manila.api.openstack.wsgi [None req-db1d07a5-8711-426a-ae29-f5fa1e948bfa tempest-TestProjectAdminTestsNFS-1367498682 tempest-user-544061260] GET https://199.19.213.206/share/v2/c9bab725cade48dbb72cd49a3184c794/share-groups/dcb3756b-dddd-445c-aa62-b4b2c3c7404a
Feb 19 02:34:15.152691 np0000156485 devstack@m-api.service[40392]: DEBUG manila.api.openstack.wsgi [None req-db1d07a5-8711-426a-ae29-f5fa1e948bfa tempest-TestProjectAdminTestsNFS-1367498682 tempest-user-544061260] Empty body provided in request {{(pid=40392) get_body /opt/stack/manila/manila/api/openstack/wsgi.py:652}}
Feb 19 02:34:15.152837 np0000156485 devstack@m-api.service[40392]: DEBUG manila.api.openstack.wsgi [None req-db1d07a5-8711-426a-ae29-f5fa1e948bfa tempest-TestProjectAdminTestsNFS-1367498682 tempest-user-544061260] Calling method 'Controller.__getattribute__..version_select' {{(pid=40392) _process_stack /opt/stack/manila/manila/api/openstack/wsgi.py:798}}
Feb 19 02:34:15.156411 np0000156485 devstack@m-api.service[40391]: INFO manila.api.openstack.wsgi [None req-db55df05-b6e9-459b-81d4-5665853ad830 tempest-TestProjectReaderTestsNFS-1541556648 tempest-TestProjectReaderTestsNFS-1541556648-project-member] GET https://199.19.213.206/share/v2/92f26419947744d2b674787b7e477428/shares/50e4b378-881f-4c36-acb0-3da736485751
Feb 19 02:34:15.156616 np0000156485 devstack@m-api.service[40391]: DEBUG manila.api.openstack.wsgi [None req-db55df05-b6e9-459b-81d4-5665853ad830 tempest-TestProjectReaderTestsNFS-1541556648 tempest-TestProjectReaderTestsNFS-1541556648-project-member] Empty body provided in request {{(pid=40391) get_body /opt/stack/manila/manila/api/openstack/wsgi.py:652}}
Feb 19 02:34:15.156867 np0000156485 devstack@m-api.service[40391]: DEBUG manila.api.openstack.wsgi [None req-db55df05-b6e9-459b-81d4-5665853ad830 tempest-TestProjectReaderTestsNFS-1541556648 tempest-TestProjectReaderTestsNFS-1541556648-project-member] Calling method 'ShareMixin.show' {{(pid=40391) _process_stack /opt/stack/manila/manila/api/openstack/wsgi.py:798}}
Feb 19 02:34:15.165285 np0000156485 devstack@m-api.service[40392]: INFO manila.api.openstack.wsgi [None req-db1d07a5-8711-426a-ae29-f5fa1e948bfa tempest-TestProjectAdminTestsNFS-1367498682 tempest-user-544061260] https://199.19.213.206/share/v2/c9bab725cade48dbb72cd49a3184c794/share-groups/dcb3756b-dddd-445c-aa62-b4b2c3c7404a returned with HTTP 200
Feb 19 02:34:15.165839 np0000156485 devstack@m-api.service[40392]: [pid: 40392|app: 0|req: 171/351] 199.19.213.206 () {66 vars in 1514 bytes} [Thu Feb 19 02:34:15 2026] GET /share/v2/c9bab725cade48dbb72cd49a3184c794/share-groups/dcb3756b-dddd-445c-aa62-b4b2c3c7404a => generated 851 bytes in 15 msecs (HTTP/1.1 200) 7 headers in 297 bytes (1 switches on core 0)
Feb 19 02:34:15.169425 np0000156485 devstack@m-api.service[40392]: INFO manila.api.openstack.wsgi [None req-dd1c6e14-0f35-4db7-b50c-2a6d3d33cc23 tempest-TestProjectAdminTestsCIFS-92231781 tempest-TestProjectAdminTestsCIFS-92231781-project-admin] GET https://199.19.213.206/share/v2/1ea50be6be194b9bb2815d78e3e8047d/share-access-rules?share_id=1b89f032-64fa-4573-bb03-af86b756dd28
Feb 19 02:34:15.169689 np0000156485 devstack@m-api.service[40392]: DEBUG manila.api.openstack.wsgi [None req-dd1c6e14-0f35-4db7-b50c-2a6d3d33cc23 tempest-TestProjectAdminTestsCIFS-92231781 tempest-TestProjectAdminTestsCIFS-92231781-project-admin] Empty body provided in request {{(pid=40392) get_body /opt/stack/manila/manila/api/openstack/wsgi.py:652}}
Feb 19 02:34:15.170786 np0000156485 devstack@m-api.service[40392]: DEBUG manila.api.openstack.wsgi [None req-dd1c6e14-0f35-4db7-b50c-2a6d3d33cc23 tempest-TestProjectAdminTestsCIFS-92231781 tempest-TestProjectAdminTestsCIFS-92231781-project-admin] Calling method 'Controller.__getattribute__..version_select' {{(pid=40392) _process_stack /opt/stack/manila/manila/api/openstack/wsgi.py:798}}
Feb 19 02:34:15.177114 np0000156485 devstack@m-api.service[40391]: INFO manila.api.openstack.wsgi [None req-db55df05-b6e9-459b-81d4-5665853ad830 tempest-TestProjectReaderTestsNFS-1541556648 tempest-TestProjectReaderTestsNFS-1541556648-project-member] https://199.19.213.206/share/v2/92f26419947744d2b674787b7e477428/shares/50e4b378-881f-4c36-acb0-3da736485751 returned with HTTP 200
Feb 19 02:34:15.177614 np0000156485 devstack@m-api.service[40391]: [pid: 40391|app: 0|req: 181/352] 199.19.213.206 () {66 vars in 1496 bytes} [Thu Feb 19 02:34:15 2026] GET /share/v2/92f26419947744d2b674787b7e477428/shares/50e4b378-881f-4c36-acb0-3da736485751 => generated 1316 bytes in 28 msecs (HTTP/1.1 200) 7 headers in 298 bytes (1 switches on core 0)
Feb 19 02:34:15.180334 np0000156485 devstack@m-api.service[40391]: INFO manila.api.openstack.wsgi [None req-d2b35562-f9b4-40a8-a94f-53dd5031bee0 tempest-TestProjectReaderTestsNFS-659480073 tempest-user-1748553885] POST https://199.19.213.206/share/v2/00adc123e241401b98327a6a231e2352/shares/e940bf62-5f72-4004-9be5-b8981bce17df/action
Feb 19 02:34:15.180737 np0000156485 devstack@m-api.service[40391]: DEBUG manila.api.openstack.wsgi [None req-d2b35562-f9b4-40a8-a94f-53dd5031bee0 tempest-TestProjectReaderTestsNFS-659480073 tempest-user-1748553885] Action body: b'{"allow_access": {"access_type": "ip", "access_to": "203.0.113.125", "access_level": "rw"}}' {{(pid=40391) get_method /opt/stack/manila/manila/api/openstack/wsgi.py:912}}
Feb 19 02:34:15.180935 np0000156485 devstack@m-api.service[40391]: DEBUG manila.api.openstack.wsgi [None req-d2b35562-f9b4-40a8-a94f-53dd5031bee0 tempest-TestProjectReaderTestsNFS-659480073 tempest-user-1748553885] Action: 'action', calling method: ShareController.allow_access, body: {"allow_access": {"access_type": "ip", "access_to": "203.0.113.125", "access_level": "rw"}} {{(pid=40391) _process_stack /opt/stack/manila/manila/api/openstack/wsgi.py:796}}
Feb 19 02:34:15.200212 np0000156485 devstack@m-api.service[40392]: DEBUG manila.lock.api [None req-dd1c6e14-0f35-4db7-b50c-2a6d3d33cc23 tempest-TestProjectAdminTestsCIFS-92231781 tempest-TestProjectAdminTestsCIFS-92231781-project-admin] Searching for locks by: {'resource_id': 'c15e3d15-df49-4009-a464-5298201f48e1', 'resource_action': 'show', 'resource_type': 'access_rule', 'all_projects': True} {{(pid=40392) get_all /opt/stack/manila/manila/lock/api.py:112}}
Feb 19 02:34:15.204393 np0000156485 devstack@m-api.service[40392]: INFO manila.api.openstack.wsgi [None req-dd1c6e14-0f35-4db7-b50c-2a6d3d33cc23 tempest-TestProjectAdminTestsCIFS-92231781 tempest-TestProjectAdminTestsCIFS-92231781-project-admin] https://199.19.213.206/share/v2/1ea50be6be194b9bb2815d78e3e8047d/share-access-rules?share_id=1b89f032-64fa-4573-bb03-af86b756dd28 returned with HTTP 200
Feb 19 02:34:15.204829 np0000156485 devstack@m-api.service[40392]: [pid: 40392|app: 0|req: 172/353] 199.19.213.206 () {66 vars in 1512 bytes} [Thu Feb 19 02:34:15 2026] GET /share/v2/1ea50be6be194b9bb2815d78e3e8047d/share-access-rules?share_id=1b89f032-64fa-4573-bb03-af86b756dd28 => generated 291 bytes in 38 msecs (HTTP/1.1 200) 7 headers in 297 bytes (1 switches on core 0)
Feb 19 02:34:15.206813 np0000156485 devstack@m-api.service[40392]: INFO manila.api.openstack.wsgi [None req-880195f3-0d99-41f7-91f6-b7baacf2020e tempest-TestProjectReaderTestsNFS-2052012149 tempest-TestProjectReaderTestsNFS-2052012149-project-admin] GET https://199.19.213.206/share/v2/13fb4d7c8b714032b23720a6359f6293/share_instances/8a33c615-da8e-4c14-a288-45541d3edfd8/export_locations
Feb 19 02:34:15.206988 np0000156485 devstack@m-api.service[40392]: DEBUG manila.api.openstack.wsgi [None req-880195f3-0d99-41f7-91f6-b7baacf2020e tempest-TestProjectReaderTestsNFS-2052012149 tempest-TestProjectReaderTestsNFS-2052012149-project-admin] Empty body provided in request {{(pid=40392) get_body /opt/stack/manila/manila/api/openstack/wsgi.py:652}}
Feb 19 02:34:15.207273 np0000156485 devstack@m-api.service[40392]: DEBUG manila.api.openstack.wsgi [None req-880195f3-0d99-41f7-91f6-b7baacf2020e tempest-TestProjectReaderTestsNFS-2052012149 tempest-TestProjectReaderTestsNFS-2052012149-project-admin] Calling method 'Controller.__getattribute__..version_select' {{(pid=40392) _process_stack /opt/stack/manila/manila/api/openstack/wsgi.py:798}}
Feb 19 02:34:15.218631 np0000156485 devstack@m-api.service[40391]: DEBUG oslo_concurrency.lockutils [None req-d2b35562-f9b4-40a8-a94f-53dd5031bee0 tempest-TestProjectReaderTestsNFS-659480073 tempest-user-1748553885] Acquiring lock "locked_access_rules_operation_by_share_instance_b4d4a563-2457-47fc-8471-825059ba8959" by "manila.share.access.locked_access_rules_operation..wrapped..locked_operation" {{(pid=40391) inner /opt/stack/data/venv/lib/python3.12/site-packages/oslo_concurrency/lockutils.py:506}}
Feb 19 02:34:15.218989 np0000156485 devstack@m-api.service[40391]: DEBUG oslo_concurrency.lockutils [None req-d2b35562-f9b4-40a8-a94f-53dd5031bee0 tempest-TestProjectReaderTestsNFS-659480073 tempest-user-1748553885] Lock "locked_access_rules_operation_by_share_instance_b4d4a563-2457-47fc-8471-825059ba8959" acquired by "manila.share.access.locked_access_rules_operation..wrapped..locked_operation" :: waited 0.000s {{(pid=40391) inner /opt/stack/data/venv/lib/python3.12/site-packages/oslo_concurrency/lockutils.py:519}}
Feb 19 02:34:15.296611 np0000156485 devstack@m-api.service[40391]: DEBUG oslo_concurrency.lockutils [None req-d2b35562-f9b4-40a8-a94f-53dd5031bee0 tempest-TestProjectReaderTestsNFS-659480073 tempest-user-1748553885] Lock "locked_access_rules_operation_by_share_instance_b4d4a563-2457-47fc-8471-825059ba8959" "released" by "manila.share.access.locked_access_rules_operation..wrapped..locked_operation" :: held 0.078s {{(pid=40391) inner /opt/stack/data/venv/lib/python3.12/site-packages/oslo_concurrency/lockutils.py:538}}
Feb 19 02:34:15.297099 np0000156485 devstack@m-api.service[40392]: INFO manila.api.openstack.wsgi [None req-880195f3-0d99-41f7-91f6-b7baacf2020e tempest-TestProjectReaderTestsNFS-2052012149 tempest-TestProjectReaderTestsNFS-2052012149-project-admin] https://199.19.213.206/share/v2/13fb4d7c8b714032b23720a6359f6293/share_instances/8a33c615-da8e-4c14-a288-45541d3edfd8/export_locations returned with HTTP 200
Feb 19 02:34:15.297499 np0000156485 devstack@m-api.service[40392]: [pid: 40392|app: 0|req: 173/354] 199.19.213.206 () {66 vars in 1574 bytes} [Thu Feb 19 02:34:15 2026] GET /share/v2/13fb4d7c8b714032b23720a6359f6293/share_instances/8a33c615-da8e-4c14-a288-45541d3edfd8/export_locations => generated 890 bytes in 92 msecs (HTTP/1.1 200) 7 headers in 297 bytes (1 switches on core 0)
Feb 19 02:34:15.299082 np0000156485 devstack@m-api.service[40391]: INFO manila.api.openstack.wsgi [None req-d2b35562-f9b4-40a8-a94f-53dd5031bee0 tempest-TestProjectReaderTestsNFS-659480073 tempest-user-1748553885] https://199.19.213.206/share/v2/00adc123e241401b98327a6a231e2352/shares/e940bf62-5f72-4004-9be5-b8981bce17df/action returned with HTTP 200
Feb 19 02:34:15.299082 np0000156485 devstack@m-api.service[40391]: [pid: 40391|app: 0|req: 182/355] 199.19.213.206 () {68 vars in 1538 bytes} [Thu Feb 19 02:34:15 2026] POST /share/v2/00adc123e241401b98327a6a231e2352/shares/e940bf62-5f72-4004-9be5-b8981bce17df/action => generated 311 bytes in 121 msecs (HTTP/1.1 200) 7 headers in 297 bytes (1 switches on core 0)
Feb 19 02:34:15.300085 np0000156485 devstack@m-api.service[40392]: INFO manila.api.openstack.wsgi [None req-5c0e19f0-deec-4e48-be7b-1a0c12b7c131 tempest-TestProjectMemberTestsNFS-662484093 tempest-TestProjectMemberTestsNFS-662484093-project-member] GET https://199.19.213.206/share/v2/1feee81c3a444666aefa6a87d1fb1093/share-access-rules?share_id=2aa80a28-f9e3-4d05-9fb8-d8e37521ec61
Feb 19 02:34:15.300253 np0000156485 devstack@m-api.service[40392]: DEBUG manila.api.openstack.wsgi [None req-5c0e19f0-deec-4e48-be7b-1a0c12b7c131 tempest-TestProjectMemberTestsNFS-662484093 tempest-TestProjectMemberTestsNFS-662484093-project-member] Empty body provided in request {{(pid=40392) get_body /opt/stack/manila/manila/api/openstack/wsgi.py:652}}
Feb 19 02:34:15.301073 np0000156485 devstack@m-api.service[40392]: DEBUG manila.api.openstack.wsgi [None req-5c0e19f0-deec-4e48-be7b-1a0c12b7c131 tempest-TestProjectMemberTestsNFS-662484093 tempest-TestProjectMemberTestsNFS-662484093-project-member] Calling method 'Controller.__getattribute__..version_select' {{(pid=40392) _process_stack /opt/stack/manila/manila/api/openstack/wsgi.py:798}}
Feb 19 02:34:15.303686 np0000156485 devstack@m-api.service[40391]: INFO manila.api.openstack.wsgi [None req-5724b900-f661-45df-973c-25f012ee13c5 tempest-TestProjectAdminTestsNFS-1367498682 tempest-TestProjectAdminTestsNFS-1367498682-project-admin] DELETE https://199.19.213.206/share/v2/c9bab725cade48dbb72cd49a3184c794/share-groups/dcb3756b-dddd-445c-aa62-b4b2c3c7404a
Feb 19 02:34:15.304090 np0000156485 devstack@m-api.service[40391]: DEBUG manila.api.openstack.wsgi [None req-5724b900-f661-45df-973c-25f012ee13c5 tempest-TestProjectAdminTestsNFS-1367498682 tempest-TestProjectAdminTestsNFS-1367498682-project-admin] Empty body provided in request {{(pid=40391) get_body /opt/stack/manila/manila/api/openstack/wsgi.py:652}}
Feb 19 02:34:15.306096 np0000156485 devstack@m-api.service[40391]: DEBUG manila.api.openstack.wsgi [None req-5724b900-f661-45df-973c-25f012ee13c5 tempest-TestProjectAdminTestsNFS-1367498682 tempest-TestProjectAdminTestsNFS-1367498682-project-admin] Calling method 'Controller.__getattribute__..version_select' {{(pid=40391) _process_stack /opt/stack/manila/manila/api/openstack/wsgi.py:798}}
Feb 19 02:34:15.306866 np0000156485 devstack@m-api.service[40391]: INFO manila.api.v2.share_groups [None req-5724b900-f661-45df-973c-25f012ee13c5 tempest-TestProjectAdminTestsNFS-1367498682 tempest-TestProjectAdminTestsNFS-1367498682-project-admin] Delete share group with id: dcb3756b-dddd-445c-aa62-b4b2c3c7404a
Feb 19 02:34:15.327655 np0000156485 devstack@m-api.service[40392]: DEBUG manila.lock.api [None req-5c0e19f0-deec-4e48-be7b-1a0c12b7c131 tempest-TestProjectMemberTestsNFS-662484093 tempest-TestProjectMemberTestsNFS-662484093-project-member] Searching for locks by: {'resource_id': '186fe002-4949-48fc-9e21-04fb3941a119', 'resource_action': 'show', 'resource_type': 'access_rule', 'all_projects': True} {{(pid=40392) get_all /opt/stack/manila/manila/lock/api.py:112}}
Feb 19 02:34:15.331991 np0000156485 devstack@m-api.service[40392]: INFO manila.api.openstack.wsgi [None req-5c0e19f0-deec-4e48-be7b-1a0c12b7c131 tempest-TestProjectMemberTestsNFS-662484093 tempest-TestProjectMemberTestsNFS-662484093-project-member] https://199.19.213.206/share/v2/1feee81c3a444666aefa6a87d1fb1093/share-access-rules?share_id=2aa80a28-f9e3-4d05-9fb8-d8e37521ec61 returned with HTTP 200
Feb 19 02:34:15.331991 np0000156485 devstack@m-api.service[40392]: [pid: 40392|app: 0|req: 174/356] 199.19.213.206 () {66 vars in 1512 bytes} [Thu Feb 19 02:34:15 2026] GET /share/v2/1feee81c3a444666aefa6a87d1fb1093/share-access-rules?share_id=2aa80a28-f9e3-4d05-9fb8-d8e37521ec61 => generated 282 bytes in 34 msecs (HTTP/1.1 200) 7 headers in 297 bytes (1 switches on core 0)
Feb 19 02:34:15.333787 np0000156485 devstack@m-api.service[40392]: INFO manila.api.openstack.wsgi [None req-3defbb26-660e-40ff-8df1-007575b4065d tempest-TestProjectReaderTestsNFS-2052012149 tempest-TestProjectReaderTestsNFS-2052012149-project-reader] GET https://199.19.213.206/share/v2/13fb4d7c8b714032b23720a6359f6293/share_instances/8a33c615-da8e-4c14-a288-45541d3edfd8/export_locations/a56448a6-bee5-40a8-9c3e-fcad7a293c99
Feb 19 02:34:15.333958 np0000156485 devstack@m-api.service[40392]: DEBUG manila.api.openstack.wsgi [None req-3defbb26-660e-40ff-8df1-007575b4065d tempest-TestProjectReaderTestsNFS-2052012149 tempest-TestProjectReaderTestsNFS-2052012149-project-reader] Empty body provided in request {{(pid=40392) get_body /opt/stack/manila/manila/api/openstack/wsgi.py:652}}
Feb 19 02:34:15.334126 np0000156485 devstack@m-api.service[40392]: DEBUG manila.api.openstack.wsgi [None req-3defbb26-660e-40ff-8df1-007575b4065d tempest-TestProjectReaderTestsNFS-2052012149 tempest-TestProjectReaderTestsNFS-2052012149-project-reader] Calling method 'Controller.__getattribute__..version_select' {{(pid=40392) _process_stack /opt/stack/manila/manila/api/openstack/wsgi.py:798}}
Feb 19 02:34:15.334568 np0000156485 devstack@m-api.service[40392]: DEBUG manila.policy [None req-3defbb26-660e-40ff-8df1-007575b4065d tempest-TestProjectReaderTestsNFS-2052012149 tempest-TestProjectReaderTestsNFS-2052012149-project-reader] Policy check for share_instance_export_location:show failed with credentials {'is_admin': False, 'user_id': '588722ce38d2467eb64a01b80b7aca81', 'user_domain_id': 'default', 'system_scope': None, 'domain_id': None, 'project_id': '13fb4d7c8b714032b23720a6359f6293', 'project_domain_id': 'default', 'roles': ['reader'], 'is_admin_project': True, 'service_user_id': None, 'service_user_domain_id': None, 'service_project_id': None, 'service_project_domain_id': None, 'service_roles': []} {{(pid=40392) authorize /opt/stack/manila/manila/policy.py:200}}
Feb 19 02:34:15.334695 np0000156485 devstack@m-api.service[40392]: INFO manila.api.openstack.wsgi [None req-3defbb26-660e-40ff-8df1-007575b4065d tempest-TestProjectReaderTestsNFS-2052012149 tempest-TestProjectReaderTestsNFS-2052012149-project-reader] HTTP exception thrown: Access was denied to this resource.
Feb 19 02:34:15.334957 np0000156485 devstack@m-api.service[40392]: INFO manila.api.openstack.wsgi [None req-3defbb26-660e-40ff-8df1-007575b4065d tempest-TestProjectReaderTestsNFS-2052012149 tempest-TestProjectReaderTestsNFS-2052012149-project-reader] https://199.19.213.206/share/v2/13fb4d7c8b714032b23720a6359f6293/share_instances/8a33c615-da8e-4c14-a288-45541d3edfd8/export_locations/a56448a6-bee5-40a8-9c3e-fcad7a293c99 returned with HTTP 403
Feb 19 02:34:15.335207 np0000156485 devstack@m-api.service[40392]: [pid: 40392|app: 0|req: 175/357] 199.19.213.206 () {66 vars in 1685 bytes} [Thu Feb 19 02:34:15 2026] GET /share/v2/13fb4d7c8b714032b23720a6359f6293/share_instances/8a33c615-da8e-4c14-a288-45541d3edfd8/export_locations/a56448a6-bee5-40a8-9c3e-fcad7a293c99 => generated 78 bytes in 3 msecs (HTTP/1.1 403) 7 headers in 303 bytes (1 switches on core 0)
Feb 19 02:34:15.337426 np0000156485 devstack@m-api.service[40392]: INFO manila.api.openstack.wsgi [None req-5d476a6f-32e0-4e31-9294-98fbc0af82ca tempest-TestProjectReaderTestsNFS-659480073 tempest-user-1748553885] GET https://199.19.213.206/share/v2/00adc123e241401b98327a6a231e2352/share-access-rules?share_id=e940bf62-5f72-4004-9be5-b8981bce17df
Feb 19 02:34:15.338387 np0000156485 devstack@m-api.service[40392]: DEBUG manila.api.openstack.wsgi [None req-5d476a6f-32e0-4e31-9294-98fbc0af82ca tempest-TestProjectReaderTestsNFS-659480073 tempest-user-1748553885] Empty body provided in request {{(pid=40392) get_body /opt/stack/manila/manila/api/openstack/wsgi.py:652}}
Feb 19 02:34:15.338387 np0000156485 devstack@m-api.service[40392]: DEBUG manila.api.openstack.wsgi [None req-5d476a6f-32e0-4e31-9294-98fbc0af82ca tempest-TestProjectReaderTestsNFS-659480073 tempest-user-1748553885] Calling method 'Controller.__getattribute__..version_select' {{(pid=40392) _process_stack /opt/stack/manila/manila/api/openstack/wsgi.py:798}}
Feb 19 02:34:15.353639 np0000156485 devstack@m-api.service[40391]: DEBUG manila.quota [None req-5724b900-f661-45df-973c-25f012ee13c5 tempest-TestProjectAdminTestsNFS-1367498682 tempest-TestProjectAdminTestsNFS-1367498682-project-admin] Created reservations ['705202ae-f89e-4a2b-ad02-070a94ff3198'] {{(pid=40391) reserve /opt/stack/manila/manila/quota.py:1038}}
Feb 19 02:34:15.365911 np0000156485 devstack@m-api.service[40391]: DEBUG manila.quota [None req-5724b900-f661-45df-973c-25f012ee13c5 tempest-TestProjectAdminTestsNFS-1367498682 tempest-TestProjectAdminTestsNFS-1367498682-project-admin] Committed reservations ['705202ae-f89e-4a2b-ad02-070a94ff3198'] {{(pid=40391) commit /opt/stack/manila/manila/quota.py:1066}}
Feb 19 02:34:15.366164 np0000156485 devstack@m-api.service[40391]: INFO manila.api.openstack.wsgi [None req-5724b900-f661-45df-973c-25f012ee13c5 tempest-TestProjectAdminTestsNFS-1367498682 tempest-TestProjectAdminTestsNFS-1367498682-project-admin] https://199.19.213.206/share/v2/c9bab725cade48dbb72cd49a3184c794/share-groups/dcb3756b-dddd-445c-aa62-b4b2c3c7404a returned with HTTP 202
Feb 19 02:34:15.366669 np0000156485 devstack@m-api.service[40391]: [pid: 40391|app: 0|req: 183/358] 199.19.213.206 () {66 vars in 1517 bytes} [Thu Feb 19 02:34:15 2026] DELETE /share/v2/c9bab725cade48dbb72cd49a3184c794/share-groups/dcb3756b-dddd-445c-aa62-b4b2c3c7404a => generated 0 bytes in 67 msecs (HTTP/1.1 202) 7 headers in 309 bytes (1 switches on core 0)
Feb 19 02:34:15.369472 np0000156485 devstack@m-api.service[40391]: INFO manila.api.openstack.wsgi [None req-0f1c03bd-5ee5-4ea7-a68a-12d857417d49 tempest-TestProjectReaderTestsNFS-1412388100 tempest-TestProjectReaderTestsNFS-1412388100-project-member] DELETE https://199.19.213.206/share/v2/329935e03cde4a53bed795a94c39b286/shares/bb31ac88-9dcd-4939-afd6-3b00c82f78a0
Feb 19 02:34:15.369728 np0000156485 devstack@m-api.service[40391]: DEBUG manila.api.openstack.wsgi [None req-0f1c03bd-5ee5-4ea7-a68a-12d857417d49 tempest-TestProjectReaderTestsNFS-1412388100 tempest-TestProjectReaderTestsNFS-1412388100-project-member] Empty body provided in request {{(pid=40391) get_body /opt/stack/manila/manila/api/openstack/wsgi.py:652}}
Feb 19 02:34:15.370016 np0000156485 devstack@m-api.service[40391]: DEBUG manila.api.openstack.wsgi [None req-0f1c03bd-5ee5-4ea7-a68a-12d857417d49 tempest-TestProjectReaderTestsNFS-1412388100 tempest-TestProjectReaderTestsNFS-1412388100-project-member] Calling method 'ShareMixin.delete' {{(pid=40391) _process_stack /opt/stack/manila/manila/api/openstack/wsgi.py:798}}
Feb 19 02:34:15.371013 np0000156485 devstack@m-api.service[40391]: INFO manila.api.v2.shares [None req-0f1c03bd-5ee5-4ea7-a68a-12d857417d49 tempest-TestProjectReaderTestsNFS-1412388100 tempest-TestProjectReaderTestsNFS-1412388100-project-member] Delete share with id: bb31ac88-9dcd-4939-afd6-3b00c82f78a0
Feb 19 02:34:15.373113 np0000156485 devstack@m-api.service[40392]: DEBUG manila.lock.api [None req-5d476a6f-32e0-4e31-9294-98fbc0af82ca tempest-TestProjectReaderTestsNFS-659480073 tempest-user-1748553885] Searching for locks by: {'resource_id': '1fa59b45-53db-4160-b6ac-b5602f3e34f2', 'resource_action': 'show', 'resource_type': 'access_rule', 'all_projects': True} {{(pid=40392) get_all /opt/stack/manila/manila/lock/api.py:112}}
Feb 19 02:34:15.376374 np0000156485 devstack@m-api.service[40392]: INFO manila.api.openstack.wsgi [None req-5d476a6f-32e0-4e31-9294-98fbc0af82ca tempest-TestProjectReaderTestsNFS-659480073 tempest-user-1748553885] https://199.19.213.206/share/v2/00adc123e241401b98327a6a231e2352/share-access-rules?share_id=e940bf62-5f72-4004-9be5-b8981bce17df returned with HTTP 200
Feb 19 02:34:15.376763 np0000156485 devstack@m-api.service[40392]: [pid: 40392|app: 0|req: 176/359] 199.19.213.206 () {66 vars in 1512 bytes} [Thu Feb 19 02:34:15 2026] GET /share/v2/00adc123e241401b98327a6a231e2352/share-access-rules?share_id=e940bf62-5f72-4004-9be5-b8981bce17df => generated 266 bytes in 41 msecs (HTTP/1.1 200) 7 headers in 297 bytes (1 switches on core 0)
Feb 19 02:34:15.379288 np0000156485 devstack@m-api.service[40392]: INFO manila.api.openstack.wsgi [None req-0f503f47-560d-40d3-9e65-377ae9c63eca tempest-TestProjectAdminTestsNFS-1367498682 tempest-TestProjectAdminTestsNFS-1367498682-project-admin] GET https://199.19.213.206/share/v2/c9bab725cade48dbb72cd49a3184c794/share-groups/dcb3756b-dddd-445c-aa62-b4b2c3c7404a
Feb 19 02:34:15.379363 np0000156485 devstack@m-api.service[40392]: DEBUG manila.api.openstack.wsgi [None req-0f503f47-560d-40d3-9e65-377ae9c63eca tempest-TestProjectAdminTestsNFS-1367498682 tempest-TestProjectAdminTestsNFS-1367498682-project-admin] Empty body provided in request {{(pid=40392) get_body /opt/stack/manila/manila/api/openstack/wsgi.py:652}}
Feb 19 02:34:15.379529 np0000156485 devstack@m-api.service[40392]: DEBUG manila.api.openstack.wsgi [None req-0f503f47-560d-40d3-9e65-377ae9c63eca tempest-TestProjectAdminTestsNFS-1367498682 tempest-TestProjectAdminTestsNFS-1367498682-project-admin] Calling method 'Controller.__getattribute__..version_select' {{(pid=40392) _process_stack /opt/stack/manila/manila/api/openstack/wsgi.py:798}}
Feb 19 02:34:15.382221 np0000156485 devstack@m-api.service[40392]: INFO manila.api.openstack.wsgi [None req-0f503f47-560d-40d3-9e65-377ae9c63eca tempest-TestProjectAdminTestsNFS-1367498682 tempest-TestProjectAdminTestsNFS-1367498682-project-admin] HTTP exception thrown: Share group dcb3756b-dddd-445c-aa62-b4b2c3c7404a not found.
Feb 19 02:34:15.382350 np0000156485 devstack@m-api.service[40392]: INFO manila.api.openstack.wsgi [None req-0f503f47-560d-40d3-9e65-377ae9c63eca tempest-TestProjectAdminTestsNFS-1367498682 tempest-TestProjectAdminTestsNFS-1367498682-project-admin] https://199.19.213.206/share/v2/c9bab725cade48dbb72cd49a3184c794/share-groups/dcb3756b-dddd-445c-aa62-b4b2c3c7404a returned with HTTP 404
Feb 19 02:34:15.382697 np0000156485 devstack@m-api.service[40392]: [pid: 40392|app: 0|req: 177/360] 199.19.213.206 () {66 vars in 1514 bytes} [Thu Feb 19 02:34:15 2026] GET /share/v2/c9bab725cade48dbb72cd49a3184c794/share-groups/dcb3756b-dddd-445c-aa62-b4b2c3c7404a => generated 105 bytes in 5 msecs (HTTP/1.1 404) 7 headers in 304 bytes (1 switches on core 0)
Feb 19 02:34:15.485375 np0000156485 devstack@m-api.service[40391]: INFO manila.api.openstack.wsgi [None req-0f1c03bd-5ee5-4ea7-a68a-12d857417d49 tempest-TestProjectReaderTestsNFS-1412388100 tempest-TestProjectReaderTestsNFS-1412388100-project-member] https://199.19.213.206/share/v2/329935e03cde4a53bed795a94c39b286/shares/bb31ac88-9dcd-4939-afd6-3b00c82f78a0 returned with HTTP 202
Feb 19 02:34:15.486214 np0000156485 devstack@m-api.service[40391]: [pid: 40391|app: 0|req: 184/361] 199.19.213.206 () {66 vars in 1499 bytes} [Thu Feb 19 02:34:15 2026] DELETE /share/v2/329935e03cde4a53bed795a94c39b286/shares/bb31ac88-9dcd-4939-afd6-3b00c82f78a0 => generated 0 bytes in 119 msecs (HTTP/1.1 202) 7 headers in 309 bytes (1 switches on core 0)
Feb 19 02:34:15.492105 np0000156485 devstack@m-api.service[40391]: INFO manila.api.openstack.wsgi [None req-9e1e14bd-7f2b-4463-8d73-4dc878a53e23 tempest-TestProjectMemberTestsNFS-292383421 tempest-TestProjectMemberTestsNFS-292383421-project-member] GET https://199.19.213.206/share/v2/423987b059154fe0a85df730f3f4eca4/shares/a1068b26-4aea-400a-8654-abfee82afbc6
Feb 19 02:34:15.492105 np0000156485 devstack@m-api.service[40391]: DEBUG manila.api.openstack.wsgi [None req-9e1e14bd-7f2b-4463-8d73-4dc878a53e23 tempest-TestProjectMemberTestsNFS-292383421 tempest-TestProjectMemberTestsNFS-292383421-project-member] Empty body provided in request {{(pid=40391) get_body /opt/stack/manila/manila/api/openstack/wsgi.py:652}}
Feb 19 02:34:15.492105 np0000156485 devstack@m-api.service[40391]: DEBUG manila.api.openstack.wsgi [None req-9e1e14bd-7f2b-4463-8d73-4dc878a53e23 tempest-TestProjectMemberTestsNFS-292383421 tempest-TestProjectMemberTestsNFS-292383421-project-member] Calling method 'ShareMixin.show' {{(pid=40391) _process_stack /opt/stack/manila/manila/api/openstack/wsgi.py:798}}
Feb 19 02:34:15.498114 np0000156485 devstack@m-api.service[40391]: INFO manila.api.openstack.wsgi [None req-9e1e14bd-7f2b-4463-8d73-4dc878a53e23 tempest-TestProjectMemberTestsNFS-292383421 tempest-TestProjectMemberTestsNFS-292383421-project-member] HTTP exception thrown: The resource could not be found.
Feb 19 02:34:15.498114 np0000156485 devstack@m-api.service[40391]: INFO manila.api.openstack.wsgi [None req-9e1e14bd-7f2b-4463-8d73-4dc878a53e23 tempest-TestProjectMemberTestsNFS-292383421 tempest-TestProjectMemberTestsNFS-292383421-project-member] https://199.19.213.206/share/v2/423987b059154fe0a85df730f3f4eca4/shares/a1068b26-4aea-400a-8654-abfee82afbc6 returned with HTTP 404
Feb 19 02:34:15.498575 np0000156485 devstack@m-api.service[40391]: [pid: 40391|app: 0|req: 185/362] 199.19.213.206 () {66 vars in 1496 bytes} [Thu Feb 19 02:34:15 2026] GET /share/v2/423987b059154fe0a85df730f3f4eca4/shares/a1068b26-4aea-400a-8654-abfee82afbc6 => generated 78 bytes in 12 msecs (HTTP/1.1 404) 7 headers in 303 bytes (1 switches on core 0)
Feb 19 02:34:15.500714 np0000156485 devstack@m-api.service[40391]: INFO manila.api.openstack.wsgi [None req-756d16be-2383-4c97-a9f9-1d4a19689640 tempest-TestProjectReaderTestsNFS-1412388100 tempest-TestProjectReaderTestsNFS-1412388100-project-member] GET https://199.19.213.206/share/v2/329935e03cde4a53bed795a94c39b286/shares/bb31ac88-9dcd-4939-afd6-3b00c82f78a0
Feb 19 02:34:15.500907 np0000156485 devstack@m-api.service[40391]: DEBUG manila.api.openstack.wsgi [None req-756d16be-2383-4c97-a9f9-1d4a19689640 tempest-TestProjectReaderTestsNFS-1412388100 tempest-TestProjectReaderTestsNFS-1412388100-project-member] Empty body provided in request {{(pid=40391) get_body /opt/stack/manila/manila/api/openstack/wsgi.py:652}}
Feb 19 02:34:15.501089 np0000156485 devstack@m-api.service[40391]: DEBUG manila.api.openstack.wsgi [None req-756d16be-2383-4c97-a9f9-1d4a19689640 tempest-TestProjectReaderTestsNFS-1412388100 tempest-TestProjectReaderTestsNFS-1412388100-project-member] Calling method 'ShareMixin.show' {{(pid=40391) _process_stack /opt/stack/manila/manila/api/openstack/wsgi.py:798}}
Feb 19 02:34:15.509352 np0000156485 devstack@m-api.service[40392]: INFO manila.api.openstack.wsgi [None req-1100c625-d148-413d-bb5f-08b1af33d6d3 tempest-TestProjectAdminTestsNFS-1875335141 tempest-TestProjectAdminTestsNFS-1875335141-project-member] POST https://199.19.213.206/share/v2/8ac34147f0f64069888fc9af8eafb99c/share-groups
Feb 19 02:34:15.509352 np0000156485 devstack@m-api.service[40392]: DEBUG manila.api.openstack.wsgi [None req-1100c625-d148-413d-bb5f-08b1af33d6d3 tempest-TestProjectAdminTestsNFS-1875335141 tempest-TestProjectAdminTestsNFS-1875335141-project-member] Action: 'create', calling method: Controller.__getattribute__..version_select, body: {"share_group": {"name": "tempest-share-group-316660692", "share_group_type_id": "9f38027c-4ef0-4a1e-abf5-1fadd66940a3", "share_types": ["4c074b27-7cad-4bb2-92c4-fe34b0ed7536"]}} {{(pid=40392) _process_stack /opt/stack/manila/manila/api/openstack/wsgi.py:796}}
Feb 19 02:34:15.514959 np0000156485 devstack@m-api.service[40391]: INFO manila.api.openstack.wsgi [None req-756d16be-2383-4c97-a9f9-1d4a19689640 tempest-TestProjectReaderTestsNFS-1412388100 tempest-TestProjectReaderTestsNFS-1412388100-project-member] https://199.19.213.206/share/v2/329935e03cde4a53bed795a94c39b286/shares/bb31ac88-9dcd-4939-afd6-3b00c82f78a0 returned with HTTP 200
Feb 19 02:34:15.515026 np0000156485 devstack@m-api.service[40391]: [pid: 40391|app: 0|req: 186/363] 199.19.213.206 () {66 vars in 1496 bytes} [Thu Feb 19 02:34:15 2026] GET /share/v2/329935e03cde4a53bed795a94c39b286/shares/bb31ac88-9dcd-4939-afd6-3b00c82f78a0 => generated 1316 bytes in 16 msecs (HTTP/1.1 200) 7 headers in 298 bytes (1 switches on core 0)
Feb 19 02:34:15.540846 np0000156485 devstack@m-api.service[40392]: DEBUG manila.quota [None req-1100c625-d148-413d-bb5f-08b1af33d6d3 tempest-TestProjectAdminTestsNFS-1875335141 tempest-TestProjectAdminTestsNFS-1875335141-project-member] Created reservations ['8fd4f5dd-e0ef-4bbf-9fd4-5ff4852451f6'] {{(pid=40392) reserve /opt/stack/manila/manila/quota.py:1038}}
Feb 19 02:34:15.560946 np0000156485 devstack@m-api.service[40392]: DEBUG manila.quota [None req-1100c625-d148-413d-bb5f-08b1af33d6d3 tempest-TestProjectAdminTestsNFS-1875335141 tempest-TestProjectAdminTestsNFS-1875335141-project-member] Committed reservations ['8fd4f5dd-e0ef-4bbf-9fd4-5ff4852451f6'] {{(pid=40392) commit /opt/stack/manila/manila/quota.py:1066}}
Feb 19 02:34:15.563331 np0000156485 devstack@m-api.service[40392]: INFO manila.api.openstack.wsgi [None req-1100c625-d148-413d-bb5f-08b1af33d6d3 tempest-TestProjectAdminTestsNFS-1875335141 tempest-TestProjectAdminTestsNFS-1875335141-project-member] https://199.19.213.206/share/v2/8ac34147f0f64069888fc9af8eafb99c/share-groups returned with HTTP 202
Feb 19 02:34:15.563966 np0000156485 devstack@m-api.service[40392]: [pid: 40392|app: 0|req: 178/364] 199.19.213.206 () {68 vars in 1425 bytes} [Thu Feb 19 02:34:15 2026] POST /share/v2/8ac34147f0f64069888fc9af8eafb99c/share-groups => generated 803 bytes in 173 msecs (HTTP/1.1 202) 7 headers in 303 bytes (1 switches on core 0)
Feb 19 02:34:15.573020 np0000156485 devstack@m-api.service[40391]: INFO manila.api.openstack.wsgi [None req-7ac0952f-ccb1-42e2-824b-5d3abd80dcf1 tempest-TestProjectAdminTestsNFS-1875335141 tempest-TestProjectAdminTestsNFS-1875335141-project-member] GET https://199.19.213.206/share/v2/8ac34147f0f64069888fc9af8eafb99c/share-groups/bc219d98-7902-42ba-9712-84874482451d
Feb 19 02:34:15.573314 np0000156485 devstack@m-api.service[40391]: DEBUG manila.api.openstack.wsgi [None req-7ac0952f-ccb1-42e2-824b-5d3abd80dcf1 tempest-TestProjectAdminTestsNFS-1875335141 tempest-TestProjectAdminTestsNFS-1875335141-project-member] Empty body provided in request {{(pid=40391) get_body /opt/stack/manila/manila/api/openstack/wsgi.py:652}}
Feb 19 02:34:15.573524 np0000156485 devstack@m-api.service[40391]: DEBUG manila.api.openstack.wsgi [None req-7ac0952f-ccb1-42e2-824b-5d3abd80dcf1 tempest-TestProjectAdminTestsNFS-1875335141 tempest-TestProjectAdminTestsNFS-1875335141-project-member] Calling method 'Controller.__getattribute__..version_select' {{(pid=40391) _process_stack /opt/stack/manila/manila/api/openstack/wsgi.py:798}}
Feb 19 02:34:15.580777 np0000156485 devstack@m-api.service[40391]: INFO manila.api.openstack.wsgi [None req-7ac0952f-ccb1-42e2-824b-5d3abd80dcf1 tempest-TestProjectAdminTestsNFS-1875335141 tempest-TestProjectAdminTestsNFS-1875335141-project-member] https://199.19.213.206/share/v2/8ac34147f0f64069888fc9af8eafb99c/share-groups/bc219d98-7902-42ba-9712-84874482451d returned with HTTP 200
Feb 19 02:34:15.581260 np0000156485 devstack@m-api.service[40391]: [pid: 40391|app: 0|req: 187/365] 199.19.213.206 () {66 vars in 1514 bytes} [Thu Feb 19 02:34:15 2026] GET /share/v2/8ac34147f0f64069888fc9af8eafb99c/share-groups/bc219d98-7902-42ba-9712-84874482451d => generated 803 bytes in 11 msecs (HTTP/1.1 200) 7 headers in 297 bytes (1 switches on core 0)
Feb 19 02:34:15.619935 np0000156485 devstack@m-api.service[40392]: INFO manila.api.openstack.wsgi [None req-f30c3de1-153d-4671-9b63-0dcffc20de78 tempest-TestProjectAdminTestsCIFS-1212024206 tempest-user-1902498005] GET https://199.19.213.206/share/v2/dc78276f13f849ae98ca7629cc367466/share-groups/d7ab1487-961a-4ccc-aa16-1abe405a2ab5
Feb 19 02:34:15.620402 np0000156485 devstack@m-api.service[40392]: DEBUG manila.api.openstack.wsgi [None req-f30c3de1-153d-4671-9b63-0dcffc20de78 tempest-TestProjectAdminTestsCIFS-1212024206 tempest-user-1902498005] Empty body provided in request {{(pid=40392) get_body /opt/stack/manila/manila/api/openstack/wsgi.py:652}}
Feb 19 02:34:15.620755 np0000156485 devstack@m-api.service[40392]: DEBUG manila.api.openstack.wsgi [None req-f30c3de1-153d-4671-9b63-0dcffc20de78 tempest-TestProjectAdminTestsCIFS-1212024206 tempest-user-1902498005] Calling method 'Controller.__getattribute__..version_select' {{(pid=40392) _process_stack /opt/stack/manila/manila/api/openstack/wsgi.py:798}}
Feb 19 02:34:15.627789 np0000156485 devstack@m-api.service[40392]: INFO manila.api.openstack.wsgi [None req-f30c3de1-153d-4671-9b63-0dcffc20de78 tempest-TestProjectAdminTestsCIFS-1212024206 tempest-user-1902498005] https://199.19.213.206/share/v2/dc78276f13f849ae98ca7629cc367466/share-groups/d7ab1487-961a-4ccc-aa16-1abe405a2ab5 returned with HTTP 200
Feb 19 02:34:15.628137 np0000156485 devstack@m-api.service[40392]: [pid: 40392|app: 0|req: 179/366] 199.19.213.206 () {66 vars in 1514 bytes} [Thu Feb 19 02:34:15 2026] GET /share/v2/dc78276f13f849ae98ca7629cc367466/share-groups/d7ab1487-961a-4ccc-aa16-1abe405a2ab5 => generated 851 bytes in 13 msecs (HTTP/1.1 200) 7 headers in 297 bytes (1 switches on core 0)
Feb 19 02:34:15.640157 np0000156485 devstack@m-api.service[40391]: INFO manila.api.openstack.wsgi [None req-ccff5e7a-c4e8-4ff8-8f2f-c8477e75c051 tempest-TestProjectMemberTestsNFS-46172589 tempest-TestProjectMemberTestsNFS-46172589-project-member] GET https://199.19.213.206/share/v2/c0c0f717c8e840bebaeabf5d4e326ad0/shares/b14ec298-c95b-4111-ad65-6b1a9132ee62
Feb 19 02:34:15.640245 np0000156485 devstack@m-api.service[40392]: INFO manila.api.openstack.wsgi [None req-f457da1e-1191-4f6a-9638-a9f67f031565 tempest-TestProjectAdminTestsCIFS-1212024206 tempest-TestProjectAdminTestsCIFS-1212024206-project-admin] POST https://199.19.213.206/share/v2/dc78276f13f849ae98ca7629cc367466/share-groups/d7ab1487-961a-4ccc-aa16-1abe405a2ab5/action
Feb 19 02:34:15.640415 np0000156485 devstack@m-api.service[40391]: DEBUG manila.api.openstack.wsgi [None req-ccff5e7a-c4e8-4ff8-8f2f-c8477e75c051 tempest-TestProjectMemberTestsNFS-46172589 tempest-TestProjectMemberTestsNFS-46172589-project-member] Empty body provided in request {{(pid=40391) get_body /opt/stack/manila/manila/api/openstack/wsgi.py:652}}
Feb 19 02:34:15.640632 np0000156485 devstack@m-api.service[40392]: DEBUG manila.api.openstack.wsgi [None req-f457da1e-1191-4f6a-9638-a9f67f031565 tempest-TestProjectAdminTestsCIFS-1212024206 tempest-TestProjectAdminTestsCIFS-1212024206-project-admin] Action body: b'{"force_delete": null}' {{(pid=40392) get_method /opt/stack/manila/manila/api/openstack/wsgi.py:912}}
Feb 19 02:34:15.640692 np0000156485 devstack@m-api.service[40391]: DEBUG manila.api.openstack.wsgi [None req-ccff5e7a-c4e8-4ff8-8f2f-c8477e75c051 tempest-TestProjectMemberTestsNFS-46172589 tempest-TestProjectMemberTestsNFS-46172589-project-member] Calling method 'ShareMixin.show' {{(pid=40391) _process_stack /opt/stack/manila/manila/api/openstack/wsgi.py:798}}
Feb 19 02:34:15.640786 np0000156485 devstack@m-api.service[40392]: DEBUG manila.api.openstack.wsgi [None req-f457da1e-1191-4f6a-9638-a9f67f031565 tempest-TestProjectAdminTestsCIFS-1212024206 tempest-TestProjectAdminTestsCIFS-1212024206-project-admin] Action: 'action', calling method: Controller.__getattribute__..version_select, body: {"force_delete": null} {{(pid=40392) _process_stack /opt/stack/manila/manila/api/openstack/wsgi.py:796}}
Feb 19 02:34:15.659180 np0000156485 devstack@m-api.service[40391]: INFO manila.api.openstack.wsgi [None req-ccff5e7a-c4e8-4ff8-8f2f-c8477e75c051 tempest-TestProjectMemberTestsNFS-46172589 tempest-TestProjectMemberTestsNFS-46172589-project-member] https://199.19.213.206/share/v2/c0c0f717c8e840bebaeabf5d4e326ad0/shares/b14ec298-c95b-4111-ad65-6b1a9132ee62 returned with HTTP 200
Feb 19 02:34:15.659735 np0000156485 devstack@m-api.service[40391]: [pid: 40391|app: 0|req: 188/367] 199.19.213.206 () {66 vars in 1496 bytes} [Thu Feb 19 02:34:15 2026] GET /share/v2/c0c0f717c8e840bebaeabf5d4e326ad0/shares/b14ec298-c95b-4111-ad65-6b1a9132ee62 => generated 1314 bytes in 22 msecs (HTTP/1.1 200) 7 headers in 298 bytes (1 switches on core 0)
Feb 19 02:34:15.663426 np0000156485 devstack@m-api.service[40392]: INFO manila.api.openstack.wsgi [None req-f457da1e-1191-4f6a-9638-a9f67f031565 tempest-TestProjectAdminTestsCIFS-1212024206 tempest-TestProjectAdminTestsCIFS-1212024206-project-admin] https://199.19.213.206/share/v2/dc78276f13f849ae98ca7629cc367466/share-groups/d7ab1487-961a-4ccc-aa16-1abe405a2ab5/action returned with HTTP 202
Feb 19 02:34:15.663953 np0000156485 devstack@m-api.service[40392]: [pid: 40392|app: 0|req: 180/368] 199.19.213.206 () {68 vars in 1556 bytes} [Thu Feb 19 02:34:15 2026] POST /share/v2/dc78276f13f849ae98ca7629cc367466/share-groups/d7ab1487-961a-4ccc-aa16-1abe405a2ab5/action => generated 0 bytes in 26 msecs (HTTP/1.1 202) 7 headers in 309 bytes (2 switches on core 0)
Feb 19 02:34:15.674783 np0000156485 devstack@m-api.service[40391]: INFO manila.api.openstack.wsgi [None req-7341cb43-b844-4914-b41a-a5587cf39688 tempest-TestProjectAdminTestsCIFS-1212024206 tempest-TestProjectAdminTestsCIFS-1212024206-project-admin] GET https://199.19.213.206/share/v2/dc78276f13f849ae98ca7629cc367466/share-groups/d7ab1487-961a-4ccc-aa16-1abe405a2ab5
Feb 19 02:34:15.674915 np0000156485 devstack@m-api.service[40391]: DEBUG manila.api.openstack.wsgi [None req-7341cb43-b844-4914-b41a-a5587cf39688 tempest-TestProjectAdminTestsCIFS-1212024206 tempest-TestProjectAdminTestsCIFS-1212024206-project-admin] Empty body provided in request {{(pid=40391) get_body /opt/stack/manila/manila/api/openstack/wsgi.py:652}}
Feb 19 02:34:15.675089 np0000156485 devstack@m-api.service[40391]: DEBUG manila.api.openstack.wsgi [None req-7341cb43-b844-4914-b41a-a5587cf39688 tempest-TestProjectAdminTestsCIFS-1212024206 tempest-TestProjectAdminTestsCIFS-1212024206-project-admin] Calling method 'Controller.__getattribute__..version_select' {{(pid=40391) _process_stack /opt/stack/manila/manila/api/openstack/wsgi.py:798}}
Feb 19 02:34:15.678588 np0000156485 devstack@m-api.service[40391]: INFO manila.api.openstack.wsgi [None req-7341cb43-b844-4914-b41a-a5587cf39688 tempest-TestProjectAdminTestsCIFS-1212024206 tempest-TestProjectAdminTestsCIFS-1212024206-project-admin] HTTP exception thrown: Share group d7ab1487-961a-4ccc-aa16-1abe405a2ab5 not found.
Feb 19 02:34:15.678716 np0000156485 devstack@m-api.service[40391]: INFO manila.api.openstack.wsgi [None req-7341cb43-b844-4914-b41a-a5587cf39688 tempest-TestProjectAdminTestsCIFS-1212024206 tempest-TestProjectAdminTestsCIFS-1212024206-project-admin] https://199.19.213.206/share/v2/dc78276f13f849ae98ca7629cc367466/share-groups/d7ab1487-961a-4ccc-aa16-1abe405a2ab5 returned with HTTP 404
Feb 19 02:34:15.679119 np0000156485 devstack@m-api.service[40391]: [pid: 40391|app: 0|req: 189/369] 199.19.213.206 () {66 vars in 1514 bytes} [Thu Feb 19 02:34:15 2026] GET /share/v2/dc78276f13f849ae98ca7629cc367466/share-groups/d7ab1487-961a-4ccc-aa16-1abe405a2ab5 => generated 105 bytes in 7 msecs (HTTP/1.1 404) 7 headers in 304 bytes (1 switches on core 0)
Feb 19 02:34:15.690547 np0000156485 devstack@m-api.service[40392]: INFO manila.api.openstack.wsgi [None req-ee670a28-e618-47d7-b779-97226486444b tempest-TestProjectAdminTestsCIFS-452152768 tempest-TestProjectAdminTestsCIFS-452152768-project-member] POST https://199.19.213.206/share/v2/4ffd8406aa594e58af84633999281018/share-groups
Feb 19 02:34:15.691182 np0000156485 devstack@m-api.service[40392]: DEBUG manila.api.openstack.wsgi [None req-ee670a28-e618-47d7-b779-97226486444b tempest-TestProjectAdminTestsCIFS-452152768 tempest-TestProjectAdminTestsCIFS-452152768-project-member] Action: 'create', calling method: Controller.__getattribute__..version_select, body: {"share_group": {"name": "tempest-share-group-1895460663", "share_group_type_id": "ad1e6628-a422-4c70-bd5c-385658e31294", "share_types": ["2cfc5e47-42ba-4d97-97f0-128ee20e5406"]}} {{(pid=40392) _process_stack /opt/stack/manila/manila/api/openstack/wsgi.py:796}}
Feb 19 02:34:15.720338 np0000156485 devstack@m-api.service[40392]: DEBUG manila.quota [None req-ee670a28-e618-47d7-b779-97226486444b tempest-TestProjectAdminTestsCIFS-452152768 tempest-TestProjectAdminTestsCIFS-452152768-project-member] Created reservations ['e7e2db6b-4c56-4fe7-9c6d-c66a674dfb5e'] {{(pid=40392) reserve /opt/stack/manila/manila/quota.py:1038}}
Feb 19 02:34:15.733385 np0000156485 devstack@m-api.service[40391]: INFO manila.api.openstack.wsgi [None req-e804b4c5-9c0d-43b0-81bf-702a2e621433 tempest-TestProjectMemberTestsCIFS-76720649 tempest-TestProjectMemberTestsCIFS-76720649-project-member] GET https://199.19.213.206/share/v2/d2b5a02e375c4f86b6444e669d591c79/share-groups/1e07b731-a726-42f0-844e-9ccd6bf3e543
Feb 19 02:34:15.733827 np0000156485 devstack@m-api.service[40391]: DEBUG manila.api.openstack.wsgi [None req-e804b4c5-9c0d-43b0-81bf-702a2e621433 tempest-TestProjectMemberTestsCIFS-76720649 tempest-TestProjectMemberTestsCIFS-76720649-project-member] Empty body provided in request {{(pid=40391) get_body /opt/stack/manila/manila/api/openstack/wsgi.py:652}}
Feb 19 02:34:15.734216 np0000156485 devstack@m-api.service[40391]: DEBUG manila.api.openstack.wsgi [None req-e804b4c5-9c0d-43b0-81bf-702a2e621433 tempest-TestProjectMemberTestsCIFS-76720649 tempest-TestProjectMemberTestsCIFS-76720649-project-member] Calling method 'Controller.__getattribute__..version_select' {{(pid=40391) _process_stack /opt/stack/manila/manila/api/openstack/wsgi.py:798}}
Feb 19 02:34:15.741787 np0000156485 devstack@m-api.service[40392]: DEBUG manila.quota [None req-ee670a28-e618-47d7-b779-97226486444b tempest-TestProjectAdminTestsCIFS-452152768 tempest-TestProjectAdminTestsCIFS-452152768-project-member] Committed reservations ['e7e2db6b-4c56-4fe7-9c6d-c66a674dfb5e'] {{(pid=40392) commit /opt/stack/manila/manila/quota.py:1066}}
Feb 19 02:34:15.743814 np0000156485 devstack@m-api.service[40391]: INFO manila.api.openstack.wsgi [None req-e804b4c5-9c0d-43b0-81bf-702a2e621433 tempest-TestProjectMemberTestsCIFS-76720649 tempest-TestProjectMemberTestsCIFS-76720649-project-member] https://199.19.213.206/share/v2/d2b5a02e375c4f86b6444e669d591c79/share-groups/1e07b731-a726-42f0-844e-9ccd6bf3e543 returned with HTTP 200
Feb 19 02:34:15.743899 np0000156485 devstack@m-api.service[40392]: INFO manila.api.openstack.wsgi [None req-ee670a28-e618-47d7-b779-97226486444b tempest-TestProjectAdminTestsCIFS-452152768 tempest-TestProjectAdminTestsCIFS-452152768-project-member] https://199.19.213.206/share/v2/4ffd8406aa594e58af84633999281018/share-groups returned with HTTP 202
Feb 19 02:34:15.744127 np0000156485 devstack@m-api.service[40391]: [pid: 40391|app: 0|req: 190/370] 199.19.213.206 () {66 vars in 1514 bytes} [Thu Feb 19 02:34:15 2026] GET /share/v2/d2b5a02e375c4f86b6444e669d591c79/share-groups/1e07b731-a726-42f0-844e-9ccd6bf3e543 => generated 851 bytes in 15 msecs (HTTP/1.1 200) 7 headers in 297 bytes (1 switches on core 0)
Feb 19 02:34:15.744470 np0000156485 devstack@m-api.service[40392]: [pid: 40392|app: 0|req: 181/371] 199.19.213.206 () {68 vars in 1425 bytes} [Thu Feb 19 02:34:15 2026] POST /share/v2/4ffd8406aa594e58af84633999281018/share-groups => generated 804 bytes in 58 msecs (HTTP/1.1 202) 7 headers in 303 bytes (1 switches on core 0)
Feb 19 02:34:15.756859 np0000156485 devstack@m-api.service[40391]: INFO manila.api.openstack.wsgi [None req-d364a0e9-0f63-4197-80b4-b205e96cb687 tempest-TestProjectMemberTestsCIFS-82643857 tempest-TestProjectMemberTestsCIFS-82643857-project-member] POST https://199.19.213.206/share/v2/db11711dac4c4894a35d5895ef362803/share-groups/1e07b731-a726-42f0-844e-9ccd6bf3e543/action
Feb 19 02:34:15.757299 np0000156485 devstack@m-api.service[40391]: DEBUG manila.api.openstack.wsgi [None req-d364a0e9-0f63-4197-80b4-b205e96cb687 tempest-TestProjectMemberTestsCIFS-82643857 tempest-TestProjectMemberTestsCIFS-82643857-project-member] Action body: b'{"force_delete": null}' {{(pid=40391) get_method /opt/stack/manila/manila/api/openstack/wsgi.py:912}}
Feb 19 02:34:15.757505 np0000156485 devstack@m-api.service[40391]: DEBUG manila.api.openstack.wsgi [None req-d364a0e9-0f63-4197-80b4-b205e96cb687 tempest-TestProjectMemberTestsCIFS-82643857 tempest-TestProjectMemberTestsCIFS-82643857-project-member] Action: 'action', calling method: ShareGroupController.share_group_force_delete, body: {"force_delete": null} {{(pid=40391) _process_stack /opt/stack/manila/manila/api/openstack/wsgi.py:796}}
