Feb 19 02:34:42.208723 np0000156485 devstack@m-api.service[40392]: DEBUG manila.api.openstack.wsgi [None req-66e0f1c6-c08d-48f2-b491-e9ef1633dcc9 tempest-ProjectAdminTests-88393121 tempest-ProjectAdminTests-88393121-project-admin] Calling method 'ShareNetworkController.index' {{(pid=40392) _process_stack /opt/stack/manila/manila/api/openstack/wsgi.py:798}}
Feb 19 02:34:42.233122 np0000156485 devstack@m-api.service[40391]: DEBUG manila.quota [None req-fa689409-5ee4-4edf-8cf3-04bdcef9500f tempest-TestProjectAdminTestsCIFS-1212024206 tempest-user-1902498005] Created reservations ['36e06d36-d2a4-456e-a878-449943d47a5e'] {{(pid=40391) reserve /opt/stack/manila/manila/quota.py:1038}}
Feb 19 02:34:42.244031 np0000156485 devstack@m-api.service[40392]: INFO manila.api.openstack.wsgi [None req-66e0f1c6-c08d-48f2-b491-e9ef1633dcc9 tempest-ProjectAdminTests-88393121 tempest-ProjectAdminTests-88393121-project-admin] https://199.19.213.206/share/v2/c24c3b4912a04efea76f546fa15b49cd/share-networks?all_tenants=1 returned with HTTP 200
Feb 19 02:34:42.244726 np0000156485 devstack@m-api.service[40392]: [pid: 40392|app: 0|req: 410/803] 199.19.213.206 () {66 vars in 1436 bytes} [Thu Feb 19 02:34:42 2026] GET /share/v2/c24c3b4912a04efea76f546fa15b49cd/share-networks?all_tenants=1 => generated 203 bytes in 39 msecs (HTTP/1.1 200) 7 headers in 297 bytes (1 switches on core 0)
Feb 19 02:34:42.247918 np0000156485 devstack@m-api.service[40392]: INFO manila.api.openstack.wsgi [None req-471fbc7e-c6a4-41b4-b370-1f53177dab84 tempest-TestProjectAdminTestsNFS-1367498682 tempest-user-544061260] GET https://199.19.213.206/share/v2/c9bab725cade48dbb72cd49a3184c794/share-groups/d3de3d33-7cbb-4a92-b9d2-f5ca75e8e5b3
Feb 19 02:34:42.248229 np0000156485 devstack@m-api.service[40392]: DEBUG manila.api.openstack.wsgi [None req-471fbc7e-c6a4-41b4-b370-1f53177dab84 tempest-TestProjectAdminTestsNFS-1367498682 tempest-user-544061260] Empty body provided in request {{(pid=40392) get_body /opt/stack/manila/manila/api/openstack/wsgi.py:652}}
Feb 19 02:34:42.248461 np0000156485 devstack@m-api.service[40392]: DEBUG manila.api.openstack.wsgi [None req-471fbc7e-c6a4-41b4-b370-1f53177dab84 tempest-TestProjectAdminTestsNFS-1367498682 tempest-user-544061260] Calling method 'Controller.__getattribute__..version_select' {{(pid=40392) _process_stack /opt/stack/manila/manila/api/openstack/wsgi.py:798}}
Feb 19 02:34:42.253100 np0000156485 devstack@m-api.service[40391]: DEBUG manila.quota [None req-fa689409-5ee4-4edf-8cf3-04bdcef9500f tempest-TestProjectAdminTestsCIFS-1212024206 tempest-user-1902498005] Committed reservations ['36e06d36-d2a4-456e-a878-449943d47a5e'] {{(pid=40391) commit /opt/stack/manila/manila/quota.py:1066}}
Feb 19 02:34:42.253253 np0000156485 devstack@m-api.service[40391]: INFO manila.api.openstack.wsgi [None req-fa689409-5ee4-4edf-8cf3-04bdcef9500f tempest-TestProjectAdminTestsCIFS-1212024206 tempest-user-1902498005] https://199.19.213.206/share/v2/dc78276f13f849ae98ca7629cc367466/share-groups/3301d567-c4d1-4e22-8ff5-0ccae68ff19a returned with HTTP 202
Feb 19 02:34:42.254042 np0000156485 devstack@m-api.service[40391]: [pid: 40391|app: 0|req: 394/804] 199.19.213.206 () {66 vars in 1517 bytes} [Thu Feb 19 02:34:42 2026] DELETE /share/v2/dc78276f13f849ae98ca7629cc367466/share-groups/3301d567-c4d1-4e22-8ff5-0ccae68ff19a => generated 0 bytes in 68 msecs (HTTP/1.1 202) 7 headers in 309 bytes (1 switches on core 0)
Feb 19 02:34:42.254685 np0000156485 devstack@m-api.service[40392]: INFO manila.api.openstack.wsgi [None req-471fbc7e-c6a4-41b4-b370-1f53177dab84 tempest-TestProjectAdminTestsNFS-1367498682 tempest-user-544061260] https://199.19.213.206/share/v2/c9bab725cade48dbb72cd49a3184c794/share-groups/d3de3d33-7cbb-4a92-b9d2-f5ca75e8e5b3 returned with HTTP 200
Feb 19 02:34:42.255217 np0000156485 devstack@m-api.service[40392]: [pid: 40392|app: 0|req: 411/805] 199.19.213.206 () {66 vars in 1514 bytes} [Thu Feb 19 02:34:42 2026] GET /share/v2/c9bab725cade48dbb72cd49a3184c794/share-groups/d3de3d33-7cbb-4a92-b9d2-f5ca75e8e5b3 => generated 840 bytes in 10 msecs (HTTP/1.1 200) 7 headers in 297 bytes (1 switches on core 0)
Feb 19 02:34:42.258904 np0000156485 devstack@m-api.service[40392]: INFO manila.api.openstack.wsgi [None req-5f0d3d12-e102-42f3-a932-8303b1b2ae2b tempest-TestProjectMemberTestsNFS-662484093 tempest-TestProjectMemberTestsNFS-662484093-project-member] POST https://199.19.213.206/share/v2/1feee81c3a444666aefa6a87d1fb1093/shares/2aa80a28-f9e3-4d05-9fb8-d8e37521ec61/action
Feb 19 02:34:42.258904 np0000156485 devstack@m-api.service[40392]: DEBUG manila.api.openstack.wsgi [None req-5f0d3d12-e102-42f3-a932-8303b1b2ae2b tempest-TestProjectMemberTestsNFS-662484093 tempest-TestProjectMemberTestsNFS-662484093-project-member] Action body: b'{"allow_access": {"access_type": "ip", "access_to": "203.0.113.247", "access_level": "rw"}}' {{(pid=40392) get_method /opt/stack/manila/manila/api/openstack/wsgi.py:912}}
Feb 19 02:34:42.258904 np0000156485 devstack@m-api.service[40392]: DEBUG manila.api.openstack.wsgi [None req-5f0d3d12-e102-42f3-a932-8303b1b2ae2b tempest-TestProjectMemberTestsNFS-662484093 tempest-TestProjectMemberTestsNFS-662484093-project-member] Action: 'action', calling method: ShareController.allow_access, body: {"allow_access": {"access_type": "ip", "access_to": "203.0.113.247", "access_level": "rw"}} {{(pid=40392) _process_stack /opt/stack/manila/manila/api/openstack/wsgi.py:796}}
Feb 19 02:34:42.259015 np0000156485 devstack@m-api.service[40391]: INFO manila.api.openstack.wsgi [None req-30d498a5-9c86-495f-9e84-6e4a90fc1a30 tempest-TestProjectReaderTestsCIFS-1003813371 tempest-TestProjectReaderTestsCIFS-1003813371-project-member] GET https://199.19.213.206/share/v2/b0f56f37bf1c46a5abd5fbec5dc0b950/shares/5f5fe296-eec6-4e5c-bfcc-ec6eb31a6e9a
Feb 19 02:34:42.259513 np0000156485 devstack@m-api.service[40391]: DEBUG manila.api.openstack.wsgi [None req-30d498a5-9c86-495f-9e84-6e4a90fc1a30 tempest-TestProjectReaderTestsCIFS-1003813371 tempest-TestProjectReaderTestsCIFS-1003813371-project-member] Empty body provided in request {{(pid=40391) get_body /opt/stack/manila/manila/api/openstack/wsgi.py:652}}
Feb 19 02:34:42.262075 np0000156485 devstack@m-api.service[40391]: DEBUG manila.api.openstack.wsgi [None req-30d498a5-9c86-495f-9e84-6e4a90fc1a30 tempest-TestProjectReaderTestsCIFS-1003813371 tempest-TestProjectReaderTestsCIFS-1003813371-project-member] Calling method 'ShareMixin.show' {{(pid=40391) _process_stack /opt/stack/manila/manila/api/openstack/wsgi.py:798}}
Feb 19 02:34:42.285905 np0000156485 devstack@m-api.service[40391]: INFO manila.api.openstack.wsgi [None req-30d498a5-9c86-495f-9e84-6e4a90fc1a30 tempest-TestProjectReaderTestsCIFS-1003813371 tempest-TestProjectReaderTestsCIFS-1003813371-project-member] https://199.19.213.206/share/v2/b0f56f37bf1c46a5abd5fbec5dc0b950/shares/5f5fe296-eec6-4e5c-bfcc-ec6eb31a6e9a returned with HTTP 200
Feb 19 02:34:42.286689 np0000156485 devstack@m-api.service[40391]: [pid: 40391|app: 0|req: 395/806] 199.19.213.206 () {66 vars in 1496 bytes} [Thu Feb 19 02:34:42 2026] GET /share/v2/b0f56f37bf1c46a5abd5fbec5dc0b950/shares/5f5fe296-eec6-4e5c-bfcc-ec6eb31a6e9a => generated 1317 bytes in 32 msecs (HTTP/1.1 200) 7 headers in 298 bytes (1 switches on core 0)
Feb 19 02:34:42.292727 np0000156485 devstack@m-api.service[40391]: INFO manila.api.openstack.wsgi [None req-e7e9a38f-7d11-4733-a4bf-556689508cdf tempest-TestProjectMemberTestsCIFS-76720649 tempest-TestProjectMemberTestsCIFS-76720649-project-member] DELETE https://199.19.213.206/share/v2/d2b5a02e375c4f86b6444e669d591c79/share-groups/01461da9-b73d-4390-bda9-9129a9c58de0
Feb 19 02:34:42.292990 np0000156485 devstack@m-api.service[40391]: DEBUG manila.api.openstack.wsgi [None req-e7e9a38f-7d11-4733-a4bf-556689508cdf tempest-TestProjectMemberTestsCIFS-76720649 tempest-TestProjectMemberTestsCIFS-76720649-project-member] Empty body provided in request {{(pid=40391) get_body /opt/stack/manila/manila/api/openstack/wsgi.py:652}}
Feb 19 02:34:42.293292 np0000156485 devstack@m-api.service[40391]: DEBUG manila.api.openstack.wsgi [None req-e7e9a38f-7d11-4733-a4bf-556689508cdf tempest-TestProjectMemberTestsCIFS-76720649 tempest-TestProjectMemberTestsCIFS-76720649-project-member] Calling method 'Controller.__getattribute__..version_select' {{(pid=40391) _process_stack /opt/stack/manila/manila/api/openstack/wsgi.py:798}}
Feb 19 02:34:42.294126 np0000156485 devstack@m-api.service[40391]: INFO manila.api.v2.share_groups [None req-e7e9a38f-7d11-4733-a4bf-556689508cdf tempest-TestProjectMemberTestsCIFS-76720649 tempest-TestProjectMemberTestsCIFS-76720649-project-member] Delete share group with id: 01461da9-b73d-4390-bda9-9129a9c58de0
Feb 19 02:34:42.315100 np0000156485 devstack@m-api.service[40392]: DEBUG oslo_concurrency.lockutils [None req-5f0d3d12-e102-42f3-a932-8303b1b2ae2b tempest-TestProjectMemberTestsNFS-662484093 tempest-TestProjectMemberTestsNFS-662484093-project-member] Acquiring lock "locked_access_rules_operation_by_share_instance_1313be10-07b3-4917-805a-62bdd546949b" by "manila.share.access.locked_access_rules_operation..wrapped..locked_operation" {{(pid=40392) inner /opt/stack/data/venv/lib/python3.12/site-packages/oslo_concurrency/lockutils.py:506}}
Feb 19 02:34:42.315577 np0000156485 devstack@m-api.service[40392]: DEBUG oslo_concurrency.lockutils [None req-5f0d3d12-e102-42f3-a932-8303b1b2ae2b tempest-TestProjectMemberTestsNFS-662484093 tempest-TestProjectMemberTestsNFS-662484093-project-member] Lock "locked_access_rules_operation_by_share_instance_1313be10-07b3-4917-805a-62bdd546949b" acquired by "manila.share.access.locked_access_rules_operation..wrapped..locked_operation" :: waited 0.001s {{(pid=40392) inner /opt/stack/data/venv/lib/python3.12/site-packages/oslo_concurrency/lockutils.py:519}}
Feb 19 02:34:42.343949 np0000156485 devstack@m-api.service[40391]: DEBUG manila.quota [None req-e7e9a38f-7d11-4733-a4bf-556689508cdf tempest-TestProjectMemberTestsCIFS-76720649 tempest-TestProjectMemberTestsCIFS-76720649-project-member] Created reservations ['00a2c610-9a5a-4d81-bcae-1fb3b97df156'] {{(pid=40391) reserve /opt/stack/manila/manila/quota.py:1038}}
Feb 19 02:34:42.358278 np0000156485 devstack@m-api.service[40391]: DEBUG manila.quota [None req-e7e9a38f-7d11-4733-a4bf-556689508cdf tempest-TestProjectMemberTestsCIFS-76720649 tempest-TestProjectMemberTestsCIFS-76720649-project-member] Committed reservations ['00a2c610-9a5a-4d81-bcae-1fb3b97df156'] {{(pid=40391) commit /opt/stack/manila/manila/quota.py:1066}}
Feb 19 02:34:42.358549 np0000156485 devstack@m-api.service[40391]: INFO manila.api.openstack.wsgi [None req-e7e9a38f-7d11-4733-a4bf-556689508cdf tempest-TestProjectMemberTestsCIFS-76720649 tempest-TestProjectMemberTestsCIFS-76720649-project-member] https://199.19.213.206/share/v2/d2b5a02e375c4f86b6444e669d591c79/share-groups/01461da9-b73d-4390-bda9-9129a9c58de0 returned with HTTP 202
Feb 19 02:34:42.359423 np0000156485 devstack@m-api.service[40391]: [pid: 40391|app: 0|req: 396/807] 199.19.213.206 () {66 vars in 1517 bytes} [Thu Feb 19 02:34:42 2026] DELETE /share/v2/d2b5a02e375c4f86b6444e669d591c79/share-groups/01461da9-b73d-4390-bda9-9129a9c58de0 => generated 0 bytes in 72 msecs (HTTP/1.1 202) 7 headers in 309 bytes (1 switches on core 0)
Feb 19 02:34:42.362815 np0000156485 devstack@m-api.service[40391]: INFO manila.api.openstack.wsgi [None req-9c705f62-4d70-44c3-bad4-796da7919998 tempest-TestProjectAdminTestsCIFS-1212024206 tempest-user-1902498005] GET https://199.19.213.206/share/v2/dc78276f13f849ae98ca7629cc367466/share-groups/3301d567-c4d1-4e22-8ff5-0ccae68ff19a
Feb 19 02:34:42.362969 np0000156485 devstack@m-api.service[40391]: DEBUG manila.api.openstack.wsgi [None req-9c705f62-4d70-44c3-bad4-796da7919998 tempest-TestProjectAdminTestsCIFS-1212024206 tempest-user-1902498005] Empty body provided in request {{(pid=40391) get_body /opt/stack/manila/manila/api/openstack/wsgi.py:652}}
Feb 19 02:34:42.363205 np0000156485 devstack@m-api.service[40391]: DEBUG manila.api.openstack.wsgi [None req-9c705f62-4d70-44c3-bad4-796da7919998 tempest-TestProjectAdminTestsCIFS-1212024206 tempest-user-1902498005] Calling method 'Controller.__getattribute__..version_select' {{(pid=40391) _process_stack /opt/stack/manila/manila/api/openstack/wsgi.py:798}}
Feb 19 02:34:42.368827 np0000156485 devstack@m-api.service[40391]: INFO manila.api.openstack.wsgi [None req-9c705f62-4d70-44c3-bad4-796da7919998 tempest-TestProjectAdminTestsCIFS-1212024206 tempest-user-1902498005] HTTP exception thrown: Share group 3301d567-c4d1-4e22-8ff5-0ccae68ff19a not found.
Feb 19 02:34:42.369081 np0000156485 devstack@m-api.service[40391]: INFO manila.api.openstack.wsgi [None req-9c705f62-4d70-44c3-bad4-796da7919998 tempest-TestProjectAdminTestsCIFS-1212024206 tempest-user-1902498005] https://199.19.213.206/share/v2/dc78276f13f849ae98ca7629cc367466/share-groups/3301d567-c4d1-4e22-8ff5-0ccae68ff19a returned with HTTP 404
Feb 19 02:34:42.369853 np0000156485 devstack@m-api.service[40391]: [pid: 40391|app: 0|req: 397/808] 199.19.213.206 () {66 vars in 1514 bytes} [Thu Feb 19 02:34:42 2026] GET /share/v2/dc78276f13f849ae98ca7629cc367466/share-groups/3301d567-c4d1-4e22-8ff5-0ccae68ff19a => generated 105 bytes in 10 msecs (HTTP/1.1 404) 7 headers in 304 bytes (1 switches on core 0)
Feb 19 02:34:42.372821 np0000156485 devstack@m-api.service[40391]: INFO manila.api.openstack.wsgi [None req-67d43bea-1fa3-47e8-8596-cac969bbbef5 tempest-ProjectAdminTests-88393121 tempest-user-515774363] POST https://199.19.213.206/share/v2/c24c3b4912a04efea76f546fa15b49cd/share-networks
Feb 19 02:34:42.373256 np0000156485 devstack@m-api.service[40391]: DEBUG manila.api.openstack.wsgi [None req-67d43bea-1fa3-47e8-8596-cac969bbbef5 tempest-ProjectAdminTests-88393121 tempest-user-515774363] Action: 'create', calling method: ShareNetworkController.create, body: {"share_network": {"name": "tempest-share_network-40616948"}} {{(pid=40391) _process_stack /opt/stack/manila/manila/api/openstack/wsgi.py:796}}
Feb 19 02:34:42.396277 np0000156485 devstack@m-api.service[40391]: DEBUG manila.quota [None req-67d43bea-1fa3-47e8-8596-cac969bbbef5 tempest-ProjectAdminTests-88393121 tempest-user-515774363] Created reservations ['2f4d167b-ffaf-486b-b066-226bbeb3bcf0'] {{(pid=40391) reserve /opt/stack/manila/manila/quota.py:1038}}
Feb 19 02:34:42.417653 np0000156485 devstack@m-api.service[40392]: DEBUG oslo_concurrency.lockutils [None req-5f0d3d12-e102-42f3-a932-8303b1b2ae2b tempest-TestProjectMemberTestsNFS-662484093 tempest-TestProjectMemberTestsNFS-662484093-project-member] Lock "locked_access_rules_operation_by_share_instance_1313be10-07b3-4917-805a-62bdd546949b" "released" by "manila.share.access.locked_access_rules_operation..wrapped..locked_operation" :: held 0.102s {{(pid=40392) inner /opt/stack/data/venv/lib/python3.12/site-packages/oslo_concurrency/lockutils.py:538}}
Feb 19 02:34:42.420297 np0000156485 devstack@m-api.service[40392]: INFO manila.api.openstack.wsgi [None req-5f0d3d12-e102-42f3-a932-8303b1b2ae2b tempest-TestProjectMemberTestsNFS-662484093 tempest-TestProjectMemberTestsNFS-662484093-project-member] https://199.19.213.206/share/v2/1feee81c3a444666aefa6a87d1fb1093/shares/2aa80a28-f9e3-4d05-9fb8-d8e37521ec61/action returned with HTTP 200
Feb 19 02:34:42.421634 np0000156485 devstack@m-api.service[40392]: [pid: 40392|app: 0|req: 412/809] 199.19.213.206 () {68 vars in 1538 bytes} [Thu Feb 19 02:34:42 2026] POST /share/v2/1feee81c3a444666aefa6a87d1fb1093/shares/2aa80a28-f9e3-4d05-9fb8-d8e37521ec61/action => generated 311 bytes in 166 msecs (HTTP/1.1 200) 7 headers in 297 bytes (1 switches on core 0)
Feb 19 02:34:42.426823 np0000156485 devstack@m-api.service[40392]: INFO manila.api.openstack.wsgi [None req-5c7cc286-32cd-454e-98cc-510feb1bbb88 tempest-TestProjectMemberTestsCIFS-1319332616 tempest-TestProjectMemberTestsCIFS-1319332616-project-member] GET https://199.19.213.206/share/v2/0d5e014f2b2d4763ada816aedac1e1ee/shares/9dae6b00-09ce-4eed-b7a5-c067fc84da26
Feb 19 02:34:42.427325 np0000156485 devstack@m-api.service[40392]: DEBUG manila.api.openstack.wsgi [None req-5c7cc286-32cd-454e-98cc-510feb1bbb88 tempest-TestProjectMemberTestsCIFS-1319332616 tempest-TestProjectMemberTestsCIFS-1319332616-project-member] Empty body provided in request {{(pid=40392) get_body /opt/stack/manila/manila/api/openstack/wsgi.py:652}}
Feb 19 02:34:42.428162 np0000156485 devstack@m-api.service[40392]: DEBUG manila.api.openstack.wsgi [None req-5c7cc286-32cd-454e-98cc-510feb1bbb88 tempest-TestProjectMemberTestsCIFS-1319332616 tempest-TestProjectMemberTestsCIFS-1319332616-project-member] Calling method 'ShareMixin.show' {{(pid=40392) _process_stack /opt/stack/manila/manila/api/openstack/wsgi.py:798}}
Feb 19 02:34:42.438987 np0000156485 devstack@m-api.service[40391]: DEBUG manila.quota [None req-67d43bea-1fa3-47e8-8596-cac969bbbef5 tempest-ProjectAdminTests-88393121 tempest-user-515774363] Committed reservations ['2f4d167b-ffaf-486b-b066-226bbeb3bcf0'] {{(pid=40391) commit /opt/stack/manila/manila/quota.py:1066}}
Feb 19 02:34:42.441748 np0000156485 devstack@m-api.service[40392]: INFO manila.api.openstack.wsgi [None req-5c7cc286-32cd-454e-98cc-510feb1bbb88 tempest-TestProjectMemberTestsCIFS-1319332616 tempest-TestProjectMemberTestsCIFS-1319332616-project-member] https://199.19.213.206/share/v2/0d5e014f2b2d4763ada816aedac1e1ee/shares/9dae6b00-09ce-4eed-b7a5-c067fc84da26 returned with HTTP 200
Feb 19 02:34:42.442154 np0000156485 devstack@m-api.service[40392]: [pid: 40392|app: 0|req: 413/810] 199.19.213.206 () {66 vars in 1496 bytes} [Thu Feb 19 02:34:42 2026] GET /share/v2/0d5e014f2b2d4763ada816aedac1e1ee/shares/9dae6b00-09ce-4eed-b7a5-c067fc84da26 => generated 1318 bytes in 20 msecs (HTTP/1.1 200) 7 headers in 298 bytes (1 switches on core 0)
Feb 19 02:34:42.444736 np0000156485 devstack@m-api.service[40392]: INFO manila.api.openstack.wsgi [None req-4ac5d525-8056-45c1-b9cf-7e2859c57669 tempest-TestProjectMemberTestsCIFS-76720649 tempest-TestProjectMemberTestsCIFS-76720649-project-member] GET https://199.19.213.206/share/v2/d2b5a02e375c4f86b6444e669d591c79/share-groups/01461da9-b73d-4390-bda9-9129a9c58de0
Feb 19 02:34:42.445372 np0000156485 devstack@m-api.service[40392]: DEBUG manila.api.openstack.wsgi [None req-4ac5d525-8056-45c1-b9cf-7e2859c57669 tempest-TestProjectMemberTestsCIFS-76720649 tempest-TestProjectMemberTestsCIFS-76720649-project-member] Empty body provided in request {{(pid=40392) get_body /opt/stack/manila/manila/api/openstack/wsgi.py:652}}
Feb 19 02:34:42.445372 np0000156485 devstack@m-api.service[40392]: DEBUG manila.api.openstack.wsgi [None req-4ac5d525-8056-45c1-b9cf-7e2859c57669 tempest-TestProjectMemberTestsCIFS-76720649 tempest-TestProjectMemberTestsCIFS-76720649-project-member] Calling method 'Controller.__getattribute__..version_select' {{(pid=40392) _process_stack /opt/stack/manila/manila/api/openstack/wsgi.py:798}}
Feb 19 02:34:42.449593 np0000156485 devstack@m-api.service[40392]: INFO manila.api.openstack.wsgi [None req-4ac5d525-8056-45c1-b9cf-7e2859c57669 tempest-TestProjectMemberTestsCIFS-76720649 tempest-TestProjectMemberTestsCIFS-76720649-project-member] HTTP exception thrown: Share group 01461da9-b73d-4390-bda9-9129a9c58de0 not found.
Feb 19 02:34:42.449754 np0000156485 devstack@m-api.service[40392]: INFO manila.api.openstack.wsgi [None req-4ac5d525-8056-45c1-b9cf-7e2859c57669 tempest-TestProjectMemberTestsCIFS-76720649 tempest-TestProjectMemberTestsCIFS-76720649-project-member] https://199.19.213.206/share/v2/d2b5a02e375c4f86b6444e669d591c79/share-groups/01461da9-b73d-4390-bda9-9129a9c58de0 returned with HTTP 404
Feb 19 02:34:42.450160 np0000156485 devstack@m-api.service[40392]: [pid: 40392|app: 0|req: 414/811] 199.19.213.206 () {66 vars in 1514 bytes} [Thu Feb 19 02:34:42 2026] GET /share/v2/d2b5a02e375c4f86b6444e669d591c79/share-groups/01461da9-b73d-4390-bda9-9129a9c58de0 => generated 105 bytes in 7 msecs (HTTP/1.1 404) 7 headers in 304 bytes (1 switches on core 0)
Feb 19 02:34:42.452460 np0000156485 devstack@m-api.service[40392]: INFO manila.api.openstack.wsgi [None req-1885b128-b839-4c0f-b3ec-1a17589db83d tempest-TestProjectAdminTestsCIFS-1212024206 tempest-user-1902498005] DELETE https://199.19.213.206/share/v2/dc78276f13f849ae98ca7629cc367466/share-groups/b40d80ea-8b96-40ed-b7bb-476c4c365e9e
Feb 19 02:34:42.452618 np0000156485 devstack@m-api.service[40392]: DEBUG manila.api.openstack.wsgi [None req-1885b128-b839-4c0f-b3ec-1a17589db83d tempest-TestProjectAdminTestsCIFS-1212024206 tempest-user-1902498005] Empty body provided in request {{(pid=40392) get_body /opt/stack/manila/manila/api/openstack/wsgi.py:652}}
Feb 19 02:34:42.452669 np0000156485 devstack@m-api.service[40392]: DEBUG manila.api.openstack.wsgi [None req-1885b128-b839-4c0f-b3ec-1a17589db83d tempest-TestProjectAdminTestsCIFS-1212024206 tempest-user-1902498005] Calling method 'Controller.__getattribute__..version_select' {{(pid=40392) _process_stack /opt/stack/manila/manila/api/openstack/wsgi.py:798}}
Feb 19 02:34:42.453285 np0000156485 devstack@m-api.service[40392]: INFO manila.api.v2.share_groups [None req-1885b128-b839-4c0f-b3ec-1a17589db83d tempest-TestProjectAdminTestsCIFS-1212024206 tempest-user-1902498005] Delete share group with id: b40d80ea-8b96-40ed-b7bb-476c4c365e9e
Feb 19 02:34:42.457223 np0000156485 devstack@m-api.service[40391]: INFO manila.api.openstack.wsgi [None req-67d43bea-1fa3-47e8-8596-cac969bbbef5 tempest-ProjectAdminTests-88393121 tempest-user-515774363] https://199.19.213.206/share/v2/c24c3b4912a04efea76f546fa15b49cd/share-networks returned with HTTP 200
Feb 19 02:34:42.457901 np0000156485 devstack@m-api.service[40391]: [pid: 40391|app: 0|req: 398/812] 199.19.213.206 () {68 vars in 1430 bytes} [Thu Feb 19 02:34:42 2026] POST /share/v2/c24c3b4912a04efea76f546fa15b49cd/share-networks => generated 690 bytes in 87 msecs (HTTP/1.1 200) 7 headers in 297 bytes (1 switches on core 0)
Feb 19 02:34:42.460339 np0000156485 devstack@m-api.service[40391]: INFO manila.api.openstack.wsgi [None req-d19b6297-ae9d-4648-a2a2-07e28ff303cb tempest-TestProjectMemberTestsNFS-1569645799 tempest-TestProjectMemberTestsNFS-1569645799-project-member] GET https://199.19.213.206/share/v2/fb3b8b6f24294bf4b39ca377f0b8338e/share-groups/486b6142-0db1-42dd-a76d-7af5281a2444
Feb 19 02:34:42.460579 np0000156485 devstack@m-api.service[40391]: DEBUG manila.api.openstack.wsgi [None req-d19b6297-ae9d-4648-a2a2-07e28ff303cb tempest-TestProjectMemberTestsNFS-1569645799 tempest-TestProjectMemberTestsNFS-1569645799-project-member] Empty body provided in request {{(pid=40391) get_body /opt/stack/manila/manila/api/openstack/wsgi.py:652}}
Feb 19 02:34:42.460749 np0000156485 devstack@m-api.service[40391]: DEBUG manila.api.openstack.wsgi [None req-d19b6297-ae9d-4648-a2a2-07e28ff303cb tempest-TestProjectMemberTestsNFS-1569645799 tempest-TestProjectMemberTestsNFS-1569645799-project-member] Calling method 'Controller.__getattribute__..version_select' {{(pid=40391) _process_stack /opt/stack/manila/manila/api/openstack/wsgi.py:798}}
Feb 19 02:34:42.466937 np0000156485 devstack@m-api.service[40391]: INFO manila.api.openstack.wsgi [None req-d19b6297-ae9d-4648-a2a2-07e28ff303cb tempest-TestProjectMemberTestsNFS-1569645799 tempest-TestProjectMemberTestsNFS-1569645799-project-member] https://199.19.213.206/share/v2/fb3b8b6f24294bf4b39ca377f0b8338e/share-groups/486b6142-0db1-42dd-a76d-7af5281a2444 returned with HTTP 200
Feb 19 02:34:42.467449 np0000156485 devstack@m-api.service[40391]: [pid: 40391|app: 0|req: 399/813] 199.19.213.206 () {66 vars in 1514 bytes} [Thu Feb 19 02:34:42 2026] GET /share/v2/fb3b8b6f24294bf4b39ca377f0b8338e/share-groups/486b6142-0db1-42dd-a76d-7af5281a2444 => generated 854 bytes in 9 msecs (HTTP/1.1 200) 7 headers in 297 bytes (1 switches on core 0)
Feb 19 02:34:42.470446 np0000156485 devstack@m-api.service[40391]: INFO manila.api.openstack.wsgi [None req-890cdb08-14a2-4e48-97cc-9d816fce96e8 tempest-TestProjectMemberTestsNFS-662484093 tempest-TestProjectMemberTestsNFS-662484093-project-member] GET https://199.19.213.206/share/v2/1feee81c3a444666aefa6a87d1fb1093/share-access-rules?share_id=2aa80a28-f9e3-4d05-9fb8-d8e37521ec61
Feb 19 02:34:42.470778 np0000156485 devstack@m-api.service[40391]: DEBUG manila.api.openstack.wsgi [None req-890cdb08-14a2-4e48-97cc-9d816fce96e8 tempest-TestProjectMemberTestsNFS-662484093 tempest-TestProjectMemberTestsNFS-662484093-project-member] Empty body provided in request {{(pid=40391) get_body /opt/stack/manila/manila/api/openstack/wsgi.py:652}}
Feb 19 02:34:42.471007 np0000156485 devstack@m-api.service[40391]: DEBUG manila.api.openstack.wsgi [None req-890cdb08-14a2-4e48-97cc-9d816fce96e8 tempest-TestProjectMemberTestsNFS-662484093 tempest-TestProjectMemberTestsNFS-662484093-project-member] Calling method 'Controller.__getattribute__..version_select' {{(pid=40391) _process_stack /opt/stack/manila/manila/api/openstack/wsgi.py:798}}
Feb 19 02:34:42.489152 np0000156485 devstack@m-api.service[40392]: DEBUG manila.quota [None req-1885b128-b839-4c0f-b3ec-1a17589db83d tempest-TestProjectAdminTestsCIFS-1212024206 tempest-user-1902498005] Created reservations ['1e404625-a0c3-49ab-a201-ac8034acd289'] {{(pid=40392) reserve /opt/stack/manila/manila/quota.py:1038}}
Feb 19 02:34:42.497428 np0000156485 devstack@m-api.service[40391]: DEBUG manila.lock.api [None req-890cdb08-14a2-4e48-97cc-9d816fce96e8 tempest-TestProjectMemberTestsNFS-662484093 tempest-TestProjectMemberTestsNFS-662484093-project-member] Searching for locks by: {'resource_id': '664341d3-e119-4551-82c1-2f11d0a3ebfb', 'resource_action': 'show', 'resource_type': 'access_rule', 'all_projects': True} {{(pid=40391) get_all /opt/stack/manila/manila/lock/api.py:112}}
Feb 19 02:34:42.501138 np0000156485 devstack@m-api.service[40391]: INFO manila.api.openstack.wsgi [None req-890cdb08-14a2-4e48-97cc-9d816fce96e8 tempest-TestProjectMemberTestsNFS-662484093 tempest-TestProjectMemberTestsNFS-662484093-project-member] https://199.19.213.206/share/v2/1feee81c3a444666aefa6a87d1fb1093/share-access-rules?share_id=2aa80a28-f9e3-4d05-9fb8-d8e37521ec61 returned with HTTP 200
Feb 19 02:34:42.501414 np0000156485 devstack@m-api.service[40392]: DEBUG manila.quota [None req-1885b128-b839-4c0f-b3ec-1a17589db83d tempest-TestProjectAdminTestsCIFS-1212024206 tempest-user-1902498005] Committed reservations ['1e404625-a0c3-49ab-a201-ac8034acd289'] {{(pid=40392) commit /opt/stack/manila/manila/quota.py:1066}}
Feb 19 02:34:42.501514 np0000156485 devstack@m-api.service[40391]: [pid: 40391|app: 0|req: 400/814] 199.19.213.206 () {66 vars in 1512 bytes} [Thu Feb 19 02:34:42 2026] GET /share/v2/1feee81c3a444666aefa6a87d1fb1093/share-access-rules?share_id=2aa80a28-f9e3-4d05-9fb8-d8e37521ec61 => generated 266 bytes in 34 msecs (HTTP/1.1 200) 7 headers in 297 bytes (1 switches on core 0)
Feb 19 02:34:42.501609 np0000156485 devstack@m-api.service[40392]: INFO manila.api.openstack.wsgi [None req-1885b128-b839-4c0f-b3ec-1a17589db83d tempest-TestProjectAdminTestsCIFS-1212024206 tempest-user-1902498005] https://199.19.213.206/share/v2/dc78276f13f849ae98ca7629cc367466/share-groups/b40d80ea-8b96-40ed-b7bb-476c4c365e9e returned with HTTP 202
Feb 19 02:34:42.502128 np0000156485 devstack@m-api.service[40392]: [pid: 40392|app: 0|req: 415/815] 199.19.213.206 () {66 vars in 1517 bytes} [Thu Feb 19 02:34:42 2026] DELETE /share/v2/dc78276f13f849ae98ca7629cc367466/share-groups/b40d80ea-8b96-40ed-b7bb-476c4c365e9e => generated 0 bytes in 51 msecs (HTTP/1.1 202) 7 headers in 309 bytes (1 switches on core 0)
Feb 19 02:34:42.505362 np0000156485 devstack@m-api.service[40392]: INFO manila.api.openstack.wsgi [None req-2b26d08d-6bd4-4057-a89b-6bcdc7fd29e9 tempest-TestProjectMemberTestsCIFS-82643857 tempest-TestProjectMemberTestsCIFS-82643857-project-member] DELETE https://199.19.213.206/share/v2/db11711dac4c4894a35d5895ef362803/share-groups/63398d92-474c-4b45-8fd6-5c3e9ec4101e
Feb 19 02:34:42.505362 np0000156485 devstack@m-api.service[40392]: DEBUG manila.api.openstack.wsgi [None req-2b26d08d-6bd4-4057-a89b-6bcdc7fd29e9 tempest-TestProjectMemberTestsCIFS-82643857 tempest-TestProjectMemberTestsCIFS-82643857-project-member] Empty body provided in request {{(pid=40392) get_body /opt/stack/manila/manila/api/openstack/wsgi.py:652}}
Feb 19 02:34:42.505362 np0000156485 devstack@m-api.service[40392]: DEBUG manila.api.openstack.wsgi [None req-2b26d08d-6bd4-4057-a89b-6bcdc7fd29e9 tempest-TestProjectMemberTestsCIFS-82643857 tempest-TestProjectMemberTestsCIFS-82643857-project-member] Calling method 'Controller.__getattribute__..version_select' {{(pid=40392) _process_stack /opt/stack/manila/manila/api/openstack/wsgi.py:798}}
Feb 19 02:34:42.505362 np0000156485 devstack@m-api.service[40392]: INFO manila.api.v2.share_groups [None req-2b26d08d-6bd4-4057-a89b-6bcdc7fd29e9 tempest-TestProjectMemberTestsCIFS-82643857 tempest-TestProjectMemberTestsCIFS-82643857-project-member] Delete share group with id: 63398d92-474c-4b45-8fd6-5c3e9ec4101e
Feb 19 02:34:42.505955 np0000156485 devstack@m-api.service[40391]: INFO manila.api.openstack.wsgi [None req-2eba1dac-b3db-4d70-836f-351d486abb19 tempest-TestProjectMemberTestsCIFS-1319332616 tempest-TestProjectMemberTestsCIFS-1319332616-project-member] POST https://199.19.213.206/share/v2/0d5e014f2b2d4763ada816aedac1e1ee/shares/9dae6b00-09ce-4eed-b7a5-c067fc84da26/action
Feb 19 02:34:42.506429 np0000156485 devstack@m-api.service[40391]: DEBUG manila.api.openstack.wsgi [None req-2eba1dac-b3db-4d70-836f-351d486abb19 tempest-TestProjectMemberTestsCIFS-1319332616 tempest-TestProjectMemberTestsCIFS-1319332616-project-member] Action body: b'{"extend": {"new_size": 2, "force": false}}' {{(pid=40391) get_method /opt/stack/manila/manila/api/openstack/wsgi.py:912}}
Feb 19 02:34:42.506616 np0000156485 devstack@m-api.service[40391]: DEBUG manila.api.openstack.wsgi [None req-2eba1dac-b3db-4d70-836f-351d486abb19 tempest-TestProjectMemberTestsCIFS-1319332616 tempest-TestProjectMemberTestsCIFS-1319332616-project-member] Action: 'action', calling method: Controller.__getattribute__..version_select, body: {"extend": {"new_size": 2, "force": false}} {{(pid=40391) _process_stack /opt/stack/manila/manila/api/openstack/wsgi.py:796}}
Feb 19 02:34:42.538586 np0000156485 devstack@m-api.service[40392]: DEBUG manila.quota [None req-2b26d08d-6bd4-4057-a89b-6bcdc7fd29e9 tempest-TestProjectMemberTestsCIFS-82643857 tempest-TestProjectMemberTestsCIFS-82643857-project-member] Created reservations ['8abb8457-ec16-47de-bda2-35bce366b07f'] {{(pid=40392) reserve /opt/stack/manila/manila/quota.py:1038}}
Feb 19 02:34:42.547999 np0000156485 devstack@m-api.service[40392]: DEBUG manila.quota [None req-2b26d08d-6bd4-4057-a89b-6bcdc7fd29e9 tempest-TestProjectMemberTestsCIFS-82643857 tempest-TestProjectMemberTestsCIFS-82643857-project-member] Committed reservations ['8abb8457-ec16-47de-bda2-35bce366b07f'] {{(pid=40392) commit /opt/stack/manila/manila/quota.py:1066}}
Feb 19 02:34:42.548268 np0000156485 devstack@m-api.service[40392]: INFO manila.api.openstack.wsgi [None req-2b26d08d-6bd4-4057-a89b-6bcdc7fd29e9 tempest-TestProjectMemberTestsCIFS-82643857 tempest-TestProjectMemberTestsCIFS-82643857-project-member] https://199.19.213.206/share/v2/db11711dac4c4894a35d5895ef362803/share-groups/63398d92-474c-4b45-8fd6-5c3e9ec4101e returned with HTTP 202
Feb 19 02:34:42.548895 np0000156485 devstack@m-api.service[40392]: [pid: 40392|app: 0|req: 416/816] 199.19.213.206 () {66 vars in 1517 bytes} [Thu Feb 19 02:34:42 2026] DELETE /share/v2/db11711dac4c4894a35d5895ef362803/share-groups/63398d92-474c-4b45-8fd6-5c3e9ec4101e => generated 0 bytes in 46 msecs (HTTP/1.1 202) 7 headers in 309 bytes (1 switches on core 0)
Feb 19 02:34:42.553068 np0000156485 devstack@m-api.service[40392]: INFO manila.api.openstack.wsgi [None req-8fbd6ff8-dfe0-4dc0-a76a-65b8f92ffa00 tempest-ProjectAdminTests-88393121 tempest-ProjectAdminTests-88393121-project-admin] GET https://199.19.213.206/share/v2/c24c3b4912a04efea76f546fa15b49cd/share-networks/e10265de-1f66-491c-ae79-94e9f81cedc2
Feb 19 02:34:42.553068 np0000156485 devstack@m-api.service[40392]: DEBUG manila.api.openstack.wsgi [None req-8fbd6ff8-dfe0-4dc0-a76a-65b8f92ffa00 tempest-ProjectAdminTests-88393121 tempest-ProjectAdminTests-88393121-project-admin] Empty body provided in request {{(pid=40392) get_body /opt/stack/manila/manila/api/openstack/wsgi.py:652}}
Feb 19 02:34:42.553068 np0000156485 devstack@m-api.service[40392]: DEBUG manila.api.openstack.wsgi [None req-8fbd6ff8-dfe0-4dc0-a76a-65b8f92ffa00 tempest-ProjectAdminTests-88393121 tempest-ProjectAdminTests-88393121-project-admin] Calling method 'ShareNetworkController.show' {{(pid=40392) _process_stack /opt/stack/manila/manila/api/openstack/wsgi.py:798}}
Feb 19 02:34:42.567488 np0000156485 devstack@m-api.service[40392]: INFO manila.api.openstack.wsgi [None req-8fbd6ff8-dfe0-4dc0-a76a-65b8f92ffa00 tempest-ProjectAdminTests-88393121 tempest-ProjectAdminTests-88393121-project-admin] https://199.19.213.206/share/v2/c24c3b4912a04efea76f546fa15b49cd/share-networks/e10265de-1f66-491c-ae79-94e9f81cedc2 returned with HTTP 200
Feb 19 02:34:42.567622 np0000156485 devstack@m-api.service[40392]: [pid: 40392|app: 0|req: 417/817] 199.19.213.206 () {66 vars in 1520 bytes} [Thu Feb 19 02:34:42 2026] GET /share/v2/c24c3b4912a04efea76f546fa15b49cd/share-networks/e10265de-1f66-491c-ae79-94e9f81cedc2 => generated 690 bytes in 18 msecs (HTTP/1.1 200) 7 headers in 297 bytes (1 switches on core 0)
Feb 19 02:34:42.569714 np0000156485 devstack@m-api.service[40392]: INFO manila.api.openstack.wsgi [None req-e27f2735-5d05-4348-a779-264b9e7fd2ae tempest-TestProjectMemberTestsNFS-1569645799 tempest-TestProjectMemberTestsNFS-1569645799-project-member] GET https://199.19.213.206/share/v2/fb3b8b6f24294bf4b39ca377f0b8338e/share-groups/486b6142-0db1-42dd-a76d-7af5281a2444
Feb 19 02:34:42.569891 np0000156485 devstack@m-api.service[40392]: DEBUG manila.api.openstack.wsgi [None req-e27f2735-5d05-4348-a779-264b9e7fd2ae tempest-TestProjectMemberTestsNFS-1569645799 tempest-TestProjectMemberTestsNFS-1569645799-project-member] Empty body provided in request {{(pid=40392) get_body /opt/stack/manila/manila/api/openstack/wsgi.py:652}}
Feb 19 02:34:42.570041 np0000156485 devstack@m-api.service[40392]: DEBUG manila.api.openstack.wsgi [None req-e27f2735-5d05-4348-a779-264b9e7fd2ae tempest-TestProjectMemberTestsNFS-1569645799 tempest-TestProjectMemberTestsNFS-1569645799-project-member] Calling method 'Controller.__getattribute__..version_select' {{(pid=40392) _process_stack /opt/stack/manila/manila/api/openstack/wsgi.py:798}}
Feb 19 02:34:42.574197 np0000156485 devstack@m-api.service[40392]: INFO manila.api.openstack.wsgi [None req-e27f2735-5d05-4348-a779-264b9e7fd2ae tempest-TestProjectMemberTestsNFS-1569645799 tempest-TestProjectMemberTestsNFS-1569645799-project-member] https://199.19.213.206/share/v2/fb3b8b6f24294bf4b39ca377f0b8338e/share-groups/486b6142-0db1-42dd-a76d-7af5281a2444 returned with HTTP 200
Feb 19 02:34:42.574493 np0000156485 devstack@m-api.service[40392]: [pid: 40392|app: 0|req: 418/818] 199.19.213.206 () {66 vars in 1514 bytes} [Thu Feb 19 02:34:42 2026] GET /share/v2/fb3b8b6f24294bf4b39ca377f0b8338e/share-groups/486b6142-0db1-42dd-a76d-7af5281a2444 => generated 854 bytes in 6 msecs (HTTP/1.1 200) 7 headers in 297 bytes (1 switches on core 0)
Feb 19 02:34:42.580739 np0000156485 devstack@m-api.service[40392]: INFO manila.api.openstack.wsgi [None req-e8a748a3-fc4a-4952-b0ff-2e221dd99a37 tempest-TestProjectAdminTestsCIFS-1212024206 tempest-user-1902498005] GET https://199.19.213.206/share/v2/dc78276f13f849ae98ca7629cc367466/share-groups/b40d80ea-8b96-40ed-b7bb-476c4c365e9e
Feb 19 02:34:42.581190 np0000156485 devstack@m-api.service[40392]: DEBUG manila.api.openstack.wsgi [None req-e8a748a3-fc4a-4952-b0ff-2e221dd99a37 tempest-TestProjectAdminTestsCIFS-1212024206 tempest-user-1902498005] Empty body provided in request {{(pid=40392) get_body /opt/stack/manila/manila/api/openstack/wsgi.py:652}}
Feb 19 02:34:42.581530 np0000156485 devstack@m-api.service[40392]: DEBUG manila.api.openstack.wsgi [None req-e8a748a3-fc4a-4952-b0ff-2e221dd99a37 tempest-TestProjectAdminTestsCIFS-1212024206 tempest-user-1902498005] Calling method 'Controller.__getattribute__..version_select' {{(pid=40392) _process_stack /opt/stack/manila/manila/api/openstack/wsgi.py:798}}
Feb 19 02:34:42.582932 np0000156485 devstack@m-api.service[40391]: DEBUG manila.quota [None req-2eba1dac-b3db-4d70-836f-351d486abb19 tempest-TestProjectMemberTestsCIFS-1319332616 tempest-TestProjectMemberTestsCIFS-1319332616-project-member] Created reservations ['549cec83-e07c-491d-bcfe-cdc6f969bd21', 'da4bd735-b074-4d37-b30a-b0dafbc769df'] {{(pid=40391) reserve /opt/stack/manila/manila/quota.py:1038}}
Feb 19 02:34:42.586865 np0000156485 devstack@m-api.service[40392]: INFO manila.api.openstack.wsgi [None req-e8a748a3-fc4a-4952-b0ff-2e221dd99a37 tempest-TestProjectAdminTestsCIFS-1212024206 tempest-user-1902498005] HTTP exception thrown: Share group b40d80ea-8b96-40ed-b7bb-476c4c365e9e not found.
Feb 19 02:34:42.586997 np0000156485 devstack@m-api.service[40392]: INFO manila.api.openstack.wsgi [None req-e8a748a3-fc4a-4952-b0ff-2e221dd99a37 tempest-TestProjectAdminTestsCIFS-1212024206 tempest-user-1902498005] https://199.19.213.206/share/v2/dc78276f13f849ae98ca7629cc367466/share-groups/b40d80ea-8b96-40ed-b7bb-476c4c365e9e returned with HTTP 404
Feb 19 02:34:42.587410 np0000156485 devstack@m-api.service[40392]: [pid: 40392|app: 0|req: 419/819] 199.19.213.206 () {66 vars in 1514 bytes} [Thu Feb 19 02:34:42 2026] GET /share/v2/dc78276f13f849ae98ca7629cc367466/share-groups/b40d80ea-8b96-40ed-b7bb-476c4c365e9e => generated 105 bytes in 12 msecs (HTTP/1.1 404) 7 headers in 304 bytes (1 switches on core 0)
Feb 19 02:34:42.590963 np0000156485 devstack@m-api.service[40392]: INFO manila.api.openstack.wsgi [None req-4878f1eb-d1f8-4bd9-9888-330edd5279c7 tempest-TestProjectMemberTestsCIFS-82643857 tempest-TestProjectMemberTestsCIFS-82643857-project-member] GET https://199.19.213.206/share/v2/db11711dac4c4894a35d5895ef362803/share-groups/63398d92-474c-4b45-8fd6-5c3e9ec4101e
Feb 19 02:34:42.591163 np0000156485 devstack@m-api.service[40392]: DEBUG manila.api.openstack.wsgi [None req-4878f1eb-d1f8-4bd9-9888-330edd5279c7 tempest-TestProjectMemberTestsCIFS-82643857 tempest-TestProjectMemberTestsCIFS-82643857-project-member] Empty body provided in request {{(pid=40392) get_body /opt/stack/manila/manila/api/openstack/wsgi.py:652}}
Feb 19 02:34:42.591307 np0000156485 devstack@m-api.service[40392]: DEBUG manila.api.openstack.wsgi [None req-4878f1eb-d1f8-4bd9-9888-330edd5279c7 tempest-TestProjectMemberTestsCIFS-82643857 tempest-TestProjectMemberTestsCIFS-82643857-project-member] Calling method 'Controller.__getattribute__..version_select' {{(pid=40392) _process_stack /opt/stack/manila/manila/api/openstack/wsgi.py:798}}
Feb 19 02:34:42.594868 np0000156485 devstack@m-api.service[40392]: INFO manila.api.openstack.wsgi [None req-4878f1eb-d1f8-4bd9-9888-330edd5279c7 tempest-TestProjectMemberTestsCIFS-82643857 tempest-TestProjectMemberTestsCIFS-82643857-project-member] HTTP exception thrown: Share group 63398d92-474c-4b45-8fd6-5c3e9ec4101e not found.
Feb 19 02:34:42.594986 np0000156485 devstack@m-api.service[40392]: INFO manila.api.openstack.wsgi [None req-4878f1eb-d1f8-4bd9-9888-330edd5279c7 tempest-TestProjectMemberTestsCIFS-82643857 tempest-TestProjectMemberTestsCIFS-82643857-project-member] https://199.19.213.206/share/v2/db11711dac4c4894a35d5895ef362803/share-groups/63398d92-474c-4b45-8fd6-5c3e9ec4101e returned with HTTP 404
Feb 19 02:34:42.595353 np0000156485 devstack@m-api.service[40392]: [pid: 40392|app: 0|req: 420/820] 199.19.213.206 () {66 vars in 1514 bytes} [Thu Feb 19 02:34:42 2026] GET /share/v2/db11711dac4c4894a35d5895ef362803/share-groups/63398d92-474c-4b45-8fd6-5c3e9ec4101e => generated 105 bytes in 7 msecs (HTTP/1.1 404) 7 headers in 304 bytes (1 switches on core 0)
Feb 19 02:34:42.599765 np0000156485 devstack@m-api.service[40392]: INFO manila.api.openstack.wsgi [None req-81c996c1-91f1-423b-b74b-85045b856404 tempest-ProjectAdminTests-793920950 tempest-ProjectAdminTests-793920950-project-member] POST https://199.19.213.206/share/v2/306317011d0f4ee587b66b11d2abc5d2/share-networks
Feb 19 02:34:42.599765 np0000156485 devstack@m-api.service[40392]: DEBUG manila.api.openstack.wsgi [None req-81c996c1-91f1-423b-b74b-85045b856404 tempest-ProjectAdminTests-793920950 tempest-ProjectAdminTests-793920950-project-member] Action: 'create', calling method: ShareNetworkController.create, body: {"share_network": {"name": "tempest-share_network-1096184739"}} {{(pid=40392) _process_stack /opt/stack/manila/manila/api/openstack/wsgi.py:796}}
Feb 19 02:34:42.616475 np0000156485 devstack@m-api.service[40392]: DEBUG manila.quota [None req-81c996c1-91f1-423b-b74b-85045b856404 tempest-ProjectAdminTests-793920950 tempest-ProjectAdminTests-793920950-project-member] Created reservations ['a333d28a-6a94-4d41-b666-6f0aa3cfae7a'] {{(pid=40392) reserve /opt/stack/manila/manila/quota.py:1038}}
Feb 19 02:34:42.653143 np0000156485 devstack@m-api.service[40392]: DEBUG manila.quota [None req-81c996c1-91f1-423b-b74b-85045b856404 tempest-ProjectAdminTests-793920950 tempest-ProjectAdminTests-793920950-project-member] Committed reservations ['a333d28a-6a94-4d41-b666-6f0aa3cfae7a'] {{(pid=40392) commit /opt/stack/manila/manila/quota.py:1066}}
Feb 19 02:34:42.670395 np0000156485 devstack@m-api.service[40392]: INFO manila.api.openstack.wsgi [None req-81c996c1-91f1-423b-b74b-85045b856404 tempest-ProjectAdminTests-793920950 tempest-ProjectAdminTests-793920950-project-member] https://199.19.213.206/share/v2/306317011d0f4ee587b66b11d2abc5d2/share-networks returned with HTTP 200
Feb 19 02:34:42.670779 np0000156485 devstack@m-api.service[40392]: [pid: 40392|app: 0|req: 421/821] 199.19.213.206 () {68 vars in 1430 bytes} [Thu Feb 19 02:34:42 2026] POST /share/v2/306317011d0f4ee587b66b11d2abc5d2/share-networks => generated 692 bytes in 75 msecs (HTTP/1.1 200) 7 headers in 297 bytes (1 switches on core 0)
Feb 19 02:34:42.673208 np0000156485 devstack@m-api.service[40392]: INFO manila.api.openstack.wsgi [None req-11823b6e-3303-428d-803f-54b32486e35d tempest-TestProjectMemberTestsNFS-1368586458 tempest-TestProjectMemberTestsNFS-1368586458-project-member] POST https://199.19.213.206/share/v2/fdb034e50a2743678e9aa2ce6eae34fe/share-groups
Feb 19 02:34:42.673500 np0000156485 devstack@m-api.service[40392]: DEBUG manila.api.openstack.wsgi [None req-11823b6e-3303-428d-803f-54b32486e35d tempest-TestProjectMemberTestsNFS-1368586458 tempest-TestProjectMemberTestsNFS-1368586458-project-member] Action: 'create', calling method: Controller.__getattribute__..version_select, body: {"share_group": {"name": "tempest-share-group-1290112760", "share_group_type_id": "0cbad693-7c94-4d3f-9440-cd6d3a68fc40", "share_types": ["290121cd-ddd4-47be-bfad-e6c2c50c4cc7"]}} {{(pid=40392) _process_stack /opt/stack/manila/manila/api/openstack/wsgi.py:796}}
Feb 19 02:34:42.685931 np0000156485 devstack@m-api.service[40391]: INFO manila.share.api [None req-2eba1dac-b3db-4d70-836f-351d486abb19 tempest-TestProjectMemberTestsCIFS-1319332616 tempest-TestProjectMemberTestsCIFS-1319332616-project-member] Extend share request issued successfully.
Feb 19 02:34:42.688322 np0000156485 devstack@m-api.service[40391]: INFO manila.api.openstack.wsgi [None req-2eba1dac-b3db-4d70-836f-351d486abb19 tempest-TestProjectMemberTestsCIFS-1319332616 tempest-TestProjectMemberTestsCIFS-1319332616-project-member] https://199.19.213.206/share/v2/0d5e014f2b2d4763ada816aedac1e1ee/shares/9dae6b00-09ce-4eed-b7a5-c067fc84da26/action returned with HTTP 202
Feb 19 02:34:42.689137 np0000156485 devstack@m-api.service[40391]: [pid: 40391|app: 0|req: 401/822] 199.19.213.206 () {68 vars in 1538 bytes} [Thu Feb 19 02:34:42 2026] POST /share/v2/0d5e014f2b2d4763ada816aedac1e1ee/shares/9dae6b00-09ce-4eed-b7a5-c067fc84da26/action => generated 0 bytes in 187 msecs (HTTP/1.1 202) 7 headers in 309 bytes (1 switches on core 0)
Feb 19 02:34:42.692337 np0000156485 devstack@m-api.service[40391]: INFO manila.api.openstack.wsgi [None req-424754a2-6276-4045-a56f-0692b9cd864a tempest-TestProjectAdminTestsCIFS-1212024206 tempest-user-1902498005] DELETE https://199.19.213.206/share/v2/dc78276f13f849ae98ca7629cc367466/share-groups/b11c317f-5890-4c26-81e4-de29ac78a02b
Feb 19 02:34:42.692863 np0000156485 devstack@m-api.service[40391]: DEBUG manila.api.openstack.wsgi [None req-424754a2-6276-4045-a56f-0692b9cd864a tempest-TestProjectAdminTestsCIFS-1212024206 tempest-user-1902498005] Empty body provided in request {{(pid=40391) get_body /opt/stack/manila/manila/api/openstack/wsgi.py:652}}
Feb 19 02:34:42.692863 np0000156485 devstack@m-api.service[40391]: DEBUG manila.api.openstack.wsgi [None req-424754a2-6276-4045-a56f-0692b9cd864a tempest-TestProjectAdminTestsCIFS-1212024206 tempest-user-1902498005] Calling method 'Controller.__getattribute__..version_select' {{(pid=40391) _process_stack /opt/stack/manila/manila/api/openstack/wsgi.py:798}}
Feb 19 02:34:42.693247 np0000156485 devstack@m-api.service[40391]: INFO manila.api.v2.share_groups [None req-424754a2-6276-4045-a56f-0692b9cd864a tempest-TestProjectAdminTestsCIFS-1212024206 tempest-user-1902498005] Delete share group with id: b11c317f-5890-4c26-81e4-de29ac78a02b
Feb 19 02:34:42.699605 np0000156485 devstack@m-api.service[40392]: DEBUG manila.quota [None req-11823b6e-3303-428d-803f-54b32486e35d tempest-TestProjectMemberTestsNFS-1368586458 tempest-TestProjectMemberTestsNFS-1368586458-project-member] Created reservations ['fd1f5bbb-6eac-4ea4-a868-b93e891e4d52'] {{(pid=40392) reserve /opt/stack/manila/manila/quota.py:1038}}
Feb 19 02:34:42.721663 np0000156485 devstack@m-api.service[40392]: DEBUG manila.quota [None req-11823b6e-3303-428d-803f-54b32486e35d tempest-TestProjectMemberTestsNFS-1368586458 tempest-TestProjectMemberTestsNFS-1368586458-project-member] Committed reservations ['fd1f5bbb-6eac-4ea4-a868-b93e891e4d52'] {{(pid=40392) commit /opt/stack/manila/manila/quota.py:1066}}
Feb 19 02:34:42.723332 np0000156485 devstack@m-api.service[40392]: INFO manila.api.openstack.wsgi [None req-11823b6e-3303-428d-803f-54b32486e35d tempest-TestProjectMemberTestsNFS-1368586458 tempest-TestProjectMemberTestsNFS-1368586458-project-member] https://199.19.213.206/share/v2/fdb034e50a2743678e9aa2ce6eae34fe/share-groups returned with HTTP 202
Feb 19 02:34:42.723751 np0000156485 devstack@m-api.service[40392]: [pid: 40392|app: 0|req: 422/823] 199.19.213.206 () {68 vars in 1425 bytes} [Thu Feb 19 02:34:42 2026] POST /share/v2/fdb034e50a2743678e9aa2ce6eae34fe/share-groups => generated 804 bytes in 52 msecs (HTTP/1.1 202) 7 headers in 303 bytes (1 switches on core 0)
Feb 19 02:34:42.726178 np0000156485 devstack@m-api.service[40392]: INFO manila.api.openstack.wsgi [None req-9c74acb0-06dc-4402-8452-0f520e283c3b tempest-TestProjectMemberTestsCIFS-76720649 tempest-TestProjectMemberTestsCIFS-76720649-project-member] DELETE https://199.19.213.206/share/v2/d2b5a02e375c4f86b6444e669d591c79/share-groups/41ac3eb4-4635-44a3-b543-ff0a66f3c8a0
Feb 19 02:34:42.726391 np0000156485 devstack@m-api.service[40392]: DEBUG manila.api.openstack.wsgi [None req-9c74acb0-06dc-4402-8452-0f520e283c3b tempest-TestProjectMemberTestsCIFS-76720649 tempest-TestProjectMemberTestsCIFS-76720649-project-member] Empty body provided in request {{(pid=40392) get_body /opt/stack/manila/manila/api/openstack/wsgi.py:652}}
Feb 19 02:34:42.726537 np0000156485 devstack@m-api.service[40392]: DEBUG manila.api.openstack.wsgi [None req-9c74acb0-06dc-4402-8452-0f520e283c3b tempest-TestProjectMemberTestsCIFS-76720649 tempest-TestProjectMemberTestsCIFS-76720649-project-member] Calling method 'Controller.__getattribute__..version_select' {{(pid=40392) _process_stack /opt/stack/manila/manila/api/openstack/wsgi.py:798}}
Feb 19 02:34:42.727190 np0000156485 devstack@m-api.service[40392]: INFO manila.api.v2.share_groups [None req-9c74acb0-06dc-4402-8452-0f520e283c3b tempest-TestProjectMemberTestsCIFS-76720649 tempest-TestProjectMemberTestsCIFS-76720649-project-member] Delete share group with id: 41ac3eb4-4635-44a3-b543-ff0a66f3c8a0
Feb 19 02:34:42.729419 np0000156485 devstack@m-api.service[40391]: DEBUG manila.quota [None req-424754a2-6276-4045-a56f-0692b9cd864a tempest-TestProjectAdminTestsCIFS-1212024206 tempest-user-1902498005] Created reservations ['e0194bf1-5fbf-4f1b-b9cb-34f7f5b089fd'] {{(pid=40391) reserve /opt/stack/manila/manila/quota.py:1038}}
Feb 19 02:34:42.739214 np0000156485 devstack@m-api.service[40391]: DEBUG manila.quota [None req-424754a2-6276-4045-a56f-0692b9cd864a tempest-TestProjectAdminTestsCIFS-1212024206 tempest-user-1902498005] Committed reservations ['e0194bf1-5fbf-4f1b-b9cb-34f7f5b089fd'] {{(pid=40391) commit /opt/stack/manila/manila/quota.py:1066}}
Feb 19 02:34:42.739484 np0000156485 devstack@m-api.service[40391]: INFO manila.api.openstack.wsgi [None req-424754a2-6276-4045-a56f-0692b9cd864a tempest-TestProjectAdminTestsCIFS-1212024206 tempest-user-1902498005] https://199.19.213.206/share/v2/dc78276f13f849ae98ca7629cc367466/share-groups/b11c317f-5890-4c26-81e4-de29ac78a02b returned with HTTP 202
Feb 19 02:34:42.740002 np0000156485 devstack@m-api.service[40391]: [pid: 40391|app: 0|req: 402/824] 199.19.213.206 () {66 vars in 1517 bytes} [Thu Feb 19 02:34:42 2026] DELETE /share/v2/dc78276f13f849ae98ca7629cc367466/share-groups/b11c317f-5890-4c26-81e4-de29ac78a02b => generated 0 bytes in 50 msecs (HTTP/1.1 202) 7 headers in 309 bytes (1 switches on core 0)
Feb 19 02:34:42.743535 np0000156485 devstack@m-api.service[40391]: INFO manila.api.openstack.wsgi [None req-70217a59-5116-4814-afaa-61d2d67620cb tempest-ProjectAdminTests-88393121 tempest-ProjectAdminTests-88393121-project-admin] GET https://199.19.213.206/share/v2/c24c3b4912a04efea76f546fa15b49cd/share-networks/1f8aee11-6d75-4e02-89d7-4de7e5b24c44
