Feb 19 02:34:34.839357 np0000156485 devstack@m-api.service[40391]: INFO manila.api.openstack.wsgi [None req-7c68aee3-37a6-4abf-ba9d-585c6a1b6f41 tempest-TestProjectReaderTestsNFS-2002973420 tempest-TestProjectReaderTestsNFS-2002973420-project-member] GET https://199.19.213.206/share/v2/b1bfde85f1af44dfaca3b7bc336ac6a8/share-access-rules?share_id=77d1c792-593f-487d-a730-2a6fde81addc
Feb 19 02:34:34.839622 np0000156485 devstack@m-api.service[40391]: DEBUG manila.api.openstack.wsgi [None req-7c68aee3-37a6-4abf-ba9d-585c6a1b6f41 tempest-TestProjectReaderTestsNFS-2002973420 tempest-TestProjectReaderTestsNFS-2002973420-project-member] Empty body provided in request {{(pid=40391) get_body /opt/stack/manila/manila/api/openstack/wsgi.py:652}}
Feb 19 02:34:34.839870 np0000156485 devstack@m-api.service[40391]: DEBUG manila.api.openstack.wsgi [None req-7c68aee3-37a6-4abf-ba9d-585c6a1b6f41 tempest-TestProjectReaderTestsNFS-2002973420 tempest-TestProjectReaderTestsNFS-2002973420-project-member] Calling method 'Controller.__getattribute__..version_select' {{(pid=40391) _process_stack /opt/stack/manila/manila/api/openstack/wsgi.py:798}}
Feb 19 02:34:34.868001 np0000156485 devstack@m-api.service[40391]: DEBUG manila.lock.api [None req-7c68aee3-37a6-4abf-ba9d-585c6a1b6f41 tempest-TestProjectReaderTestsNFS-2002973420 tempest-TestProjectReaderTestsNFS-2002973420-project-member] Searching for locks by: {'resource_id': 'be7aaac4-9769-44d1-838e-1249bb142967', 'resource_action': 'show', 'resource_type': 'access_rule', 'all_projects': True} {{(pid=40391) get_all /opt/stack/manila/manila/lock/api.py:112}}
Feb 19 02:34:34.871549 np0000156485 devstack@m-api.service[40391]: INFO manila.api.openstack.wsgi [None req-7c68aee3-37a6-4abf-ba9d-585c6a1b6f41 tempest-TestProjectReaderTestsNFS-2002973420 tempest-TestProjectReaderTestsNFS-2002973420-project-member] https://199.19.213.206/share/v2/b1bfde85f1af44dfaca3b7bc336ac6a8/share-access-rules?share_id=77d1c792-593f-487d-a730-2a6fde81addc returned with HTTP 200
Feb 19 02:34:34.871925 np0000156485 devstack@m-api.service[40391]: [pid: 40391|app: 0|req: 326/681] 199.19.213.206 () {66 vars in 1512 bytes} [Thu Feb 19 02:34:34 2026] GET /share/v2/b1bfde85f1af44dfaca3b7bc336ac6a8/share-access-rules?share_id=77d1c792-593f-487d-a730-2a6fde81addc => generated 295 bytes in 36 msecs (HTTP/1.1 200) 7 headers in 297 bytes (1 switches on core 0)
Feb 19 02:34:34.877924 np0000156485 devstack@m-api.service[40392]: INFO manila.api.openstack.wsgi [None req-3dd9aa39-ca6b-4d97-aadd-90dee6d0291b tempest-TestProjectReaderTestsCIFS-1003813371 tempest-TestProjectReaderTestsCIFS-1003813371-project-member] POST https://199.19.213.206/share/v2/b0f56f37bf1c46a5abd5fbec5dc0b950/shares
Feb 19 02:34:34.878530 np0000156485 devstack@m-api.service[40392]: DEBUG manila.api.openstack.wsgi [None req-3dd9aa39-ca6b-4d97-aadd-90dee6d0291b tempest-TestProjectReaderTestsCIFS-1003813371 tempest-TestProjectReaderTestsCIFS-1003813371-project-member] Action: 'create', calling method: Controller.__getattribute__..version_select, body: {"share": {"share_proto": "cifs", "description": "tempest-tempest-created-share-desc-911485929", "snapshot_id": null, "name": "tempest-share-1064415351", "size": 1, "metadata": {}, "is_public": false, "share_type": "dae8ce21-19c5-4257-932b-c83c161de6fb"}} {{(pid=40392) _process_stack /opt/stack/manila/manila/api/openstack/wsgi.py:796}}
Feb 19 02:34:34.880497 np0000156485 devstack@m-api.service[40392]: INFO manila.api.v2.shares [None req-3dd9aa39-ca6b-4d97-aadd-90dee6d0291b tempest-TestProjectReaderTestsCIFS-1003813371 tempest-TestProjectReaderTestsCIFS-1003813371-project-member] Create CIFS share of 1 GB
Feb 19 02:34:34.887626 np0000156485 devstack@m-api.service[40391]: INFO manila.api.openstack.wsgi [None req-95ddc902-15e0-4f7b-8124-b776f4cb3ec9 tempest-TestProjectReaderTestsNFS-659480073 tempest-TestProjectReaderTestsNFS-659480073-project-reader] DELETE https://199.19.213.206/share/v2/00adc123e241401b98327a6a231e2352/share-access-rules/be7aaac4-9769-44d1-838e-1249bb142967/metadata/key
Feb 19 02:34:34.888004 np0000156485 devstack@m-api.service[40391]: DEBUG manila.api.openstack.wsgi [None req-95ddc902-15e0-4f7b-8124-b776f4cb3ec9 tempest-TestProjectReaderTestsNFS-659480073 tempest-TestProjectReaderTestsNFS-659480073-project-reader] Empty body provided in request {{(pid=40391) get_body /opt/stack/manila/manila/api/openstack/wsgi.py:652}}
Feb 19 02:34:34.888374 np0000156485 devstack@m-api.service[40391]: DEBUG manila.api.openstack.wsgi [None req-95ddc902-15e0-4f7b-8124-b776f4cb3ec9 tempest-TestProjectReaderTestsNFS-659480073 tempest-TestProjectReaderTestsNFS-659480073-project-reader] Calling method 'Controller.__getattribute__..version_select' {{(pid=40391) _process_stack /opt/stack/manila/manila/api/openstack/wsgi.py:798}}
Feb 19 02:34:34.889661 np0000156485 devstack@m-api.service[40391]: DEBUG manila.policy [None req-95ddc902-15e0-4f7b-8124-b776f4cb3ec9 tempest-TestProjectReaderTestsNFS-659480073 tempest-TestProjectReaderTestsNFS-659480073-project-reader] Policy check for share_access_metadata:delete failed with credentials {'is_admin': False, 'user_id': 'fda537966dd74ea3ab3311a230fd4064', 'user_domain_id': 'default', 'system_scope': None, 'domain_id': None, 'project_id': '00adc123e241401b98327a6a231e2352', 'project_domain_id': 'default', 'roles': ['reader'], 'is_admin_project': True, 'service_user_id': None, 'service_user_domain_id': None, 'service_project_id': None, 'service_project_domain_id': None, 'service_roles': []} {{(pid=40391) authorize /opt/stack/manila/manila/policy.py:200}}
Feb 19 02:34:34.889846 np0000156485 devstack@m-api.service[40391]: INFO manila.api.openstack.wsgi [None req-95ddc902-15e0-4f7b-8124-b776f4cb3ec9 tempest-TestProjectReaderTestsNFS-659480073 tempest-TestProjectReaderTestsNFS-659480073-project-reader] HTTP exception thrown: Access was denied to this resource.
Feb 19 02:34:34.890019 np0000156485 devstack@m-api.service[40391]: INFO manila.api.openstack.wsgi [None req-95ddc902-15e0-4f7b-8124-b776f4cb3ec9 tempest-TestProjectReaderTestsNFS-659480073 tempest-TestProjectReaderTestsNFS-659480073-project-reader] https://199.19.213.206/share/v2/00adc123e241401b98327a6a231e2352/share-access-rules/be7aaac4-9769-44d1-838e-1249bb142967/metadata/key returned with HTTP 403
Feb 19 02:34:34.890506 np0000156485 devstack@m-api.service[40391]: [pid: 40391|app: 0|req: 327/682] 199.19.213.206 () {66 vars in 1574 bytes} [Thu Feb 19 02:34:34 2026] DELETE /share/v2/00adc123e241401b98327a6a231e2352/share-access-rules/be7aaac4-9769-44d1-838e-1249bb142967/metadata/key => generated 78 bytes in 8 msecs (HTTP/1.1 403) 7 headers in 303 bytes (1 switches on core 0)
Feb 19 02:34:34.903707 np0000156485 devstack@m-api.service[40391]: INFO manila.api.openstack.wsgi [None req-291ff9cb-2a40-4faa-99d2-f0f069ace76f tempest-TestProjectAdminTestsCIFS-2337882 tempest-TestProjectAdminTestsCIFS-2337882-project-member] GET https://199.19.213.206/share/v2/d6dd657a838e4253b4d7d4ec3b46ded3/share-access-rules?share_id=7022b429-d007-43b7-8944-ad3619a07e59
Feb 19 02:34:34.904116 np0000156485 devstack@m-api.service[40391]: DEBUG manila.api.openstack.wsgi [None req-291ff9cb-2a40-4faa-99d2-f0f069ace76f tempest-TestProjectAdminTestsCIFS-2337882 tempest-TestProjectAdminTestsCIFS-2337882-project-member] Empty body provided in request {{(pid=40391) get_body /opt/stack/manila/manila/api/openstack/wsgi.py:652}}
Feb 19 02:34:34.904450 np0000156485 devstack@m-api.service[40391]: DEBUG manila.api.openstack.wsgi [None req-291ff9cb-2a40-4faa-99d2-f0f069ace76f tempest-TestProjectAdminTestsCIFS-2337882 tempest-TestProjectAdminTestsCIFS-2337882-project-member] Calling method 'Controller.__getattribute__..version_select' {{(pid=40391) _process_stack /opt/stack/manila/manila/api/openstack/wsgi.py:798}}
Feb 19 02:34:34.922355 np0000156485 devstack@m-api.service[40391]: INFO manila.api.openstack.wsgi [None req-291ff9cb-2a40-4faa-99d2-f0f069ace76f tempest-TestProjectAdminTestsCIFS-2337882 tempest-TestProjectAdminTestsCIFS-2337882-project-member] https://199.19.213.206/share/v2/d6dd657a838e4253b4d7d4ec3b46ded3/share-access-rules?share_id=7022b429-d007-43b7-8944-ad3619a07e59 returned with HTTP 200
Feb 19 02:34:34.922688 np0000156485 devstack@m-api.service[40391]: [pid: 40391|app: 0|req: 328/683] 199.19.213.206 () {66 vars in 1512 bytes} [Thu Feb 19 02:34:34 2026] GET /share/v2/d6dd657a838e4253b4d7d4ec3b46ded3/share-access-rules?share_id=7022b429-d007-43b7-8944-ad3619a07e59 => generated 19 bytes in 24 msecs (HTTP/1.1 200) 7 headers in 296 bytes (1 switches on core 0)
Feb 19 02:34:34.924457 np0000156485 devstack@m-api.service[40391]: INFO manila.api.openstack.wsgi [None req-f4dcf44f-9676-4c52-9f55-dc6fd7def6c1 tempest-TestProjectReaderTestsNFS-2002973420 tempest-TestProjectReaderTestsNFS-2002973420-project-member] POST https://199.19.213.206/share/v2/b1bfde85f1af44dfaca3b7bc336ac6a8/shares/77d1c792-593f-487d-a730-2a6fde81addc/action
Feb 19 02:34:34.924734 np0000156485 devstack@m-api.service[40391]: DEBUG manila.api.openstack.wsgi [None req-f4dcf44f-9676-4c52-9f55-dc6fd7def6c1 tempest-TestProjectReaderTestsNFS-2002973420 tempest-TestProjectReaderTestsNFS-2002973420-project-member] Action body: b'{"deny_access": {"access_id": "be7aaac4-9769-44d1-838e-1249bb142967"}}' {{(pid=40391) get_method /opt/stack/manila/manila/api/openstack/wsgi.py:912}}
Feb 19 02:34:34.924843 np0000156485 devstack@m-api.service[40391]: DEBUG manila.api.openstack.wsgi [None req-f4dcf44f-9676-4c52-9f55-dc6fd7def6c1 tempest-TestProjectReaderTestsNFS-2002973420 tempest-TestProjectReaderTestsNFS-2002973420-project-member] Action: 'action', calling method: ShareController.deny_access, body: {"deny_access": {"access_id": "be7aaac4-9769-44d1-838e-1249bb142967"}} {{(pid=40391) _process_stack /opt/stack/manila/manila/api/openstack/wsgi.py:796}}
Feb 19 02:34:34.925559 np0000156485 devstack@m-api.service[40391]: DEBUG manila.lock.api [None req-f4dcf44f-9676-4c52-9f55-dc6fd7def6c1 tempest-TestProjectReaderTestsNFS-2002973420 tempest-TestProjectReaderTestsNFS-2002973420-project-member] Searching for locks by: {'resource_id': 'be7aaac4-9769-44d1-838e-1249bb142967', 'resource_action': 'delete', 'all_projects': True} {{(pid=40391) get_all /opt/stack/manila/manila/lock/api.py:112}}
Feb 19 02:34:34.931122 np0000156485 devstack@m-api.service[40392]: DEBUG manila.quota [None req-3dd9aa39-ca6b-4d97-aadd-90dee6d0291b tempest-TestProjectReaderTestsCIFS-1003813371 tempest-TestProjectReaderTestsCIFS-1003813371-project-member] Created reservations ['82e4d3b8-6207-4e7b-baec-344e071bf239', '7e58a973-2ac9-46af-847f-3266fcb17f12', '3eb55c2a-35b0-4dbc-8005-6070e1d261b0', 'bea902b6-8fee-4a80-b859-782faa375ae5'] {{(pid=40392) reserve /opt/stack/manila/manila/quota.py:1038}}
Feb 19 02:34:34.960217 np0000156485 devstack@m-api.service[40392]: DEBUG manila.quota [None req-3dd9aa39-ca6b-4d97-aadd-90dee6d0291b tempest-TestProjectReaderTestsCIFS-1003813371 tempest-TestProjectReaderTestsCIFS-1003813371-project-member] Committed reservations ['82e4d3b8-6207-4e7b-baec-344e071bf239', '7e58a973-2ac9-46af-847f-3266fcb17f12', '3eb55c2a-35b0-4dbc-8005-6070e1d261b0', 'bea902b6-8fee-4a80-b859-782faa375ae5'] {{(pid=40392) commit /opt/stack/manila/manila/quota.py:1066}}
Feb 19 02:34:34.998954 np0000156485 devstack@m-api.service[40391]: DEBUG oslo_concurrency.lockutils [None req-f4dcf44f-9676-4c52-9f55-dc6fd7def6c1 tempest-TestProjectReaderTestsNFS-2002973420 tempest-TestProjectReaderTestsNFS-2002973420-project-member] Acquiring lock "locked_access_rules_operation_by_share_instance_25d842ba-bf79-465c-8d39-eb163bd9da4e" by "manila.share.access.locked_access_rules_operation..wrapped..locked_operation" {{(pid=40391) inner /opt/stack/data/venv/lib/python3.12/site-packages/oslo_concurrency/lockutils.py:506}}
Feb 19 02:34:34.999301 np0000156485 devstack@m-api.service[40391]: DEBUG oslo_concurrency.lockutils [None req-f4dcf44f-9676-4c52-9f55-dc6fd7def6c1 tempest-TestProjectReaderTestsNFS-2002973420 tempest-TestProjectReaderTestsNFS-2002973420-project-member] Lock "locked_access_rules_operation_by_share_instance_25d842ba-bf79-465c-8d39-eb163bd9da4e" acquired by "manila.share.access.locked_access_rules_operation..wrapped..locked_operation" :: waited 0.000s {{(pid=40391) inner /opt/stack/data/venv/lib/python3.12/site-packages/oslo_concurrency/lockutils.py:519}}
Feb 19 02:34:35.016822 np0000156485 devstack@m-api.service[40392]: INFO manila.api.openstack.wsgi [None req-3dd9aa39-ca6b-4d97-aadd-90dee6d0291b tempest-TestProjectReaderTestsCIFS-1003813371 tempest-TestProjectReaderTestsCIFS-1003813371-project-member] https://199.19.213.206/share/v2/b0f56f37bf1c46a5abd5fbec5dc0b950/shares returned with HTTP 200
Feb 19 02:34:35.017598 np0000156485 devstack@m-api.service[40392]: [pid: 40392|app: 0|req: 356/684] 199.19.213.206 () {68 vars in 1407 bytes} [Thu Feb 19 02:34:34 2026] POST /share/v2/b0f56f37bf1c46a5abd5fbec5dc0b950/shares => generated 1304 bytes in 196 msecs (HTTP/1.1 200) 7 headers in 298 bytes (1 switches on core 0)
Feb 19 02:34:35.019951 np0000156485 devstack@m-api.service[40392]: INFO manila.api.openstack.wsgi [None req-50cd26c7-dc16-4724-b6d8-c8b570c995b9 tempest-TestProjectAdminTestsCIFS-92231781 tempest-user-1614969658] POST https://199.19.213.206/share/v2/1ea50be6be194b9bb2815d78e3e8047d/shares/1b89f032-64fa-4573-bb03-af86b756dd28/action
Feb 19 02:34:35.020268 np0000156485 devstack@m-api.service[40392]: DEBUG manila.api.openstack.wsgi [None req-50cd26c7-dc16-4724-b6d8-c8b570c995b9 tempest-TestProjectAdminTestsCIFS-92231781 tempest-user-1614969658] Action body: b'{"deny_access": {"access_id": "d1f26304-528f-4201-b816-bd0a37767c37"}}' {{(pid=40392) get_method /opt/stack/manila/manila/api/openstack/wsgi.py:912}}
Feb 19 02:34:35.020384 np0000156485 devstack@m-api.service[40392]: DEBUG manila.api.openstack.wsgi [None req-50cd26c7-dc16-4724-b6d8-c8b570c995b9 tempest-TestProjectAdminTestsCIFS-92231781 tempest-user-1614969658] Action: 'action', calling method: ShareController.deny_access, body: {"deny_access": {"access_id": "d1f26304-528f-4201-b816-bd0a37767c37"}} {{(pid=40392) _process_stack /opt/stack/manila/manila/api/openstack/wsgi.py:796}}
Feb 19 02:34:35.022173 np0000156485 devstack@m-api.service[40392]: DEBUG manila.lock.api [None req-50cd26c7-dc16-4724-b6d8-c8b570c995b9 tempest-TestProjectAdminTestsCIFS-92231781 tempest-user-1614969658] Searching for locks by: {'resource_id': 'd1f26304-528f-4201-b816-bd0a37767c37', 'resource_action': 'delete', 'all_projects': True} {{(pid=40392) get_all /opt/stack/manila/manila/lock/api.py:112}}
Feb 19 02:34:35.075899 np0000156485 devstack@m-api.service[40392]: DEBUG oslo_concurrency.lockutils [None req-50cd26c7-dc16-4724-b6d8-c8b570c995b9 tempest-TestProjectAdminTestsCIFS-92231781 tempest-user-1614969658] Acquiring lock "locked_access_rules_operation_by_share_instance_37da5721-3ff7-4ead-b53f-09bb5c0ac764" by "manila.share.access.locked_access_rules_operation..wrapped..locked_operation" {{(pid=40392) inner /opt/stack/data/venv/lib/python3.12/site-packages/oslo_concurrency/lockutils.py:506}}
Feb 19 02:34:35.076152 np0000156485 devstack@m-api.service[40392]: DEBUG oslo_concurrency.lockutils [None req-50cd26c7-dc16-4724-b6d8-c8b570c995b9 tempest-TestProjectAdminTestsCIFS-92231781 tempest-user-1614969658] Lock "locked_access_rules_operation_by_share_instance_37da5721-3ff7-4ead-b53f-09bb5c0ac764" acquired by "manila.share.access.locked_access_rules_operation..wrapped..locked_operation" :: waited 0.000s {{(pid=40392) inner /opt/stack/data/venv/lib/python3.12/site-packages/oslo_concurrency/lockutils.py:519}}
Feb 19 02:34:35.084784 np0000156485 devstack@m-api.service[40391]: DEBUG oslo_concurrency.lockutils [None req-f4dcf44f-9676-4c52-9f55-dc6fd7def6c1 tempest-TestProjectReaderTestsNFS-2002973420 tempest-TestProjectReaderTestsNFS-2002973420-project-member] Lock "locked_access_rules_operation_by_share_instance_25d842ba-bf79-465c-8d39-eb163bd9da4e" "released" by "manila.share.access.locked_access_rules_operation..wrapped..locked_operation" :: held 0.085s {{(pid=40391) inner /opt/stack/data/venv/lib/python3.12/site-packages/oslo_concurrency/lockutils.py:538}}
Feb 19 02:34:35.084784 np0000156485 devstack@m-api.service[40391]: DEBUG oslo_concurrency.lockutils [None req-f4dcf44f-9676-4c52-9f55-dc6fd7def6c1 tempest-TestProjectReaderTestsNFS-2002973420 tempest-TestProjectReaderTestsNFS-2002973420-project-member] Acquiring lock "locked_access_rules_operation_by_share_instance_25d842ba-bf79-465c-8d39-eb163bd9da4e" by "manila.share.access.locked_access_rules_operation..wrapped..locked_operation" {{(pid=40391) inner /opt/stack/data/venv/lib/python3.12/site-packages/oslo_concurrency/lockutils.py:506}}
Feb 19 02:34:35.084784 np0000156485 devstack@m-api.service[40391]: DEBUG oslo_concurrency.lockutils [None req-f4dcf44f-9676-4c52-9f55-dc6fd7def6c1 tempest-TestProjectReaderTestsNFS-2002973420 tempest-TestProjectReaderTestsNFS-2002973420-project-member] Lock "locked_access_rules_operation_by_share_instance_25d842ba-bf79-465c-8d39-eb163bd9da4e" acquired by "manila.share.access.locked_access_rules_operation..wrapped..locked_operation" :: waited 0.000s {{(pid=40391) inner /opt/stack/data/venv/lib/python3.12/site-packages/oslo_concurrency/lockutils.py:519}}
Feb 19 02:34:35.140128 np0000156485 devstack@m-api.service[40391]: DEBUG oslo_concurrency.lockutils [None req-f4dcf44f-9676-4c52-9f55-dc6fd7def6c1 tempest-TestProjectReaderTestsNFS-2002973420 tempest-TestProjectReaderTestsNFS-2002973420-project-member] Lock "locked_access_rules_operation_by_share_instance_25d842ba-bf79-465c-8d39-eb163bd9da4e" "released" by "manila.share.access.locked_access_rules_operation..wrapped..locked_operation" :: held 0.055s {{(pid=40391) inner /opt/stack/data/venv/lib/python3.12/site-packages/oslo_concurrency/lockutils.py:538}}
Feb 19 02:34:35.142598 np0000156485 devstack@m-api.service[40391]: INFO manila.api.openstack.wsgi [None req-f4dcf44f-9676-4c52-9f55-dc6fd7def6c1 tempest-TestProjectReaderTestsNFS-2002973420 tempest-TestProjectReaderTestsNFS-2002973420-project-member] https://199.19.213.206/share/v2/b1bfde85f1af44dfaca3b7bc336ac6a8/shares/77d1c792-593f-487d-a730-2a6fde81addc/action returned with HTTP 202
Feb 19 02:34:35.142598 np0000156485 devstack@m-api.service[40391]: [pid: 40391|app: 0|req: 329/685] 199.19.213.206 () {68 vars in 1538 bytes} [Thu Feb 19 02:34:34 2026] POST /share/v2/b1bfde85f1af44dfaca3b7bc336ac6a8/shares/77d1c792-593f-487d-a730-2a6fde81addc/action => generated 0 bytes in 219 msecs (HTTP/1.1 202) 7 headers in 309 bytes (1 switches on core 0)
Feb 19 02:34:35.145664 np0000156485 devstack@m-api.service[40391]: INFO manila.api.openstack.wsgi [None req-aac2a53c-4e55-4010-be47-6efb531cd456 tempest-TestProjectAdminTestsNFS-1367498682 tempest-user-544061260] GET https://199.19.213.206/share/v2/c9bab725cade48dbb72cd49a3184c794/share-groups/2242c38d-0305-416a-bb45-0fc00547cd79
Feb 19 02:34:35.145901 np0000156485 devstack@m-api.service[40391]: DEBUG manila.api.openstack.wsgi [None req-aac2a53c-4e55-4010-be47-6efb531cd456 tempest-TestProjectAdminTestsNFS-1367498682 tempest-user-544061260] Empty body provided in request {{(pid=40391) get_body /opt/stack/manila/manila/api/openstack/wsgi.py:652}}
Feb 19 02:34:35.146113 np0000156485 devstack@m-api.service[40391]: DEBUG manila.api.openstack.wsgi [None req-aac2a53c-4e55-4010-be47-6efb531cd456 tempest-TestProjectAdminTestsNFS-1367498682 tempest-user-544061260] Calling method 'Controller.__getattribute__..version_select' {{(pid=40391) _process_stack /opt/stack/manila/manila/api/openstack/wsgi.py:798}}
Feb 19 02:34:35.152978 np0000156485 devstack@m-api.service[40391]: INFO manila.api.openstack.wsgi [None req-aac2a53c-4e55-4010-be47-6efb531cd456 tempest-TestProjectAdminTestsNFS-1367498682 tempest-user-544061260] https://199.19.213.206/share/v2/c9bab725cade48dbb72cd49a3184c794/share-groups/2242c38d-0305-416a-bb45-0fc00547cd79 returned with HTTP 200
Feb 19 02:34:35.153070 np0000156485 devstack@m-api.service[40392]: DEBUG oslo_concurrency.lockutils [None req-50cd26c7-dc16-4724-b6d8-c8b570c995b9 tempest-TestProjectAdminTestsCIFS-92231781 tempest-user-1614969658] Lock "locked_access_rules_operation_by_share_instance_37da5721-3ff7-4ead-b53f-09bb5c0ac764" "released" by "manila.share.access.locked_access_rules_operation..wrapped..locked_operation" :: held 0.077s {{(pid=40392) inner /opt/stack/data/venv/lib/python3.12/site-packages/oslo_concurrency/lockutils.py:538}}
Feb 19 02:34:35.153339 np0000156485 devstack@m-api.service[40392]: DEBUG oslo_concurrency.lockutils [None req-50cd26c7-dc16-4724-b6d8-c8b570c995b9 tempest-TestProjectAdminTestsCIFS-92231781 tempest-user-1614969658] Acquiring lock "locked_access_rules_operation_by_share_instance_37da5721-3ff7-4ead-b53f-09bb5c0ac764" by "manila.share.access.locked_access_rules_operation..wrapped..locked_operation" {{(pid=40392) inner /opt/stack/data/venv/lib/python3.12/site-packages/oslo_concurrency/lockutils.py:506}}
Feb 19 02:34:35.153465 np0000156485 devstack@m-api.service[40391]: [pid: 40391|app: 0|req: 330/686] 199.19.213.206 () {66 vars in 1514 bytes} [Thu Feb 19 02:34:35 2026] GET /share/v2/c9bab725cade48dbb72cd49a3184c794/share-groups/2242c38d-0305-416a-bb45-0fc00547cd79 => generated 854 bytes in 11 msecs (HTTP/1.1 200) 7 headers in 297 bytes (1 switches on core 0)
Feb 19 02:34:35.153713 np0000156485 devstack@m-api.service[40392]: DEBUG oslo_concurrency.lockutils [None req-50cd26c7-dc16-4724-b6d8-c8b570c995b9 tempest-TestProjectAdminTestsCIFS-92231781 tempest-user-1614969658] Lock "locked_access_rules_operation_by_share_instance_37da5721-3ff7-4ead-b53f-09bb5c0ac764" acquired by "manila.share.access.locked_access_rules_operation..wrapped..locked_operation" :: waited 0.001s {{(pid=40392) inner /opt/stack/data/venv/lib/python3.12/site-packages/oslo_concurrency/lockutils.py:519}}
Feb 19 02:34:35.155649 np0000156485 devstack@m-api.service[40391]: INFO manila.api.openstack.wsgi [None req-325a3463-ab6d-4589-92ac-0b1e3e46b810 tempest-TestProjectReaderTestsCIFS-1003813371 tempest-TestProjectReaderTestsCIFS-1003813371-project-member] GET https://199.19.213.206/share/v2/b0f56f37bf1c46a5abd5fbec5dc0b950/shares/5f5fe296-eec6-4e5c-bfcc-ec6eb31a6e9a
Feb 19 02:34:35.155839 np0000156485 devstack@m-api.service[40391]: DEBUG manila.api.openstack.wsgi [None req-325a3463-ab6d-4589-92ac-0b1e3e46b810 tempest-TestProjectReaderTestsCIFS-1003813371 tempest-TestProjectReaderTestsCIFS-1003813371-project-member] Empty body provided in request {{(pid=40391) get_body /opt/stack/manila/manila/api/openstack/wsgi.py:652}}
Feb 19 02:34:35.156014 np0000156485 devstack@m-api.service[40391]: DEBUG manila.api.openstack.wsgi [None req-325a3463-ab6d-4589-92ac-0b1e3e46b810 tempest-TestProjectReaderTestsCIFS-1003813371 tempest-TestProjectReaderTestsCIFS-1003813371-project-member] Calling method 'ShareMixin.show' {{(pid=40391) _process_stack /opt/stack/manila/manila/api/openstack/wsgi.py:798}}
Feb 19 02:34:35.170160 np0000156485 devstack@m-api.service[40391]: INFO manila.api.openstack.wsgi [None req-325a3463-ab6d-4589-92ac-0b1e3e46b810 tempest-TestProjectReaderTestsCIFS-1003813371 tempest-TestProjectReaderTestsCIFS-1003813371-project-member] https://199.19.213.206/share/v2/b0f56f37bf1c46a5abd5fbec5dc0b950/shares/5f5fe296-eec6-4e5c-bfcc-ec6eb31a6e9a returned with HTTP 200
Feb 19 02:34:35.170677 np0000156485 devstack@m-api.service[40391]: [pid: 40391|app: 0|req: 331/687] 199.19.213.206 () {66 vars in 1496 bytes} [Thu Feb 19 02:34:35 2026] GET /share/v2/b0f56f37bf1c46a5abd5fbec5dc0b950/shares/5f5fe296-eec6-4e5c-bfcc-ec6eb31a6e9a => generated 1315 bytes in 17 msecs (HTTP/1.1 200) 7 headers in 298 bytes (1 switches on core 0)
Feb 19 02:34:35.173137 np0000156485 devstack@m-api.service[40391]: INFO manila.api.openstack.wsgi [None req-29d797bc-34d7-4f98-92a8-9c9c2754bb08 tempest-TestProjectMemberTestsNFS-1443133647 tempest-TestProjectMemberTestsNFS-1443133647-project-member] GET https://199.19.213.206/share/v2/238da89948dd47dc83e7679e1278b023/share-access-rules?share_id=61e1139c-ffbc-4787-bb7b-3c7ac9f9c422
Feb 19 02:34:35.173327 np0000156485 devstack@m-api.service[40391]: DEBUG manila.api.openstack.wsgi [None req-29d797bc-34d7-4f98-92a8-9c9c2754bb08 tempest-TestProjectMemberTestsNFS-1443133647 tempest-TestProjectMemberTestsNFS-1443133647-project-member] Empty body provided in request {{(pid=40391) get_body /opt/stack/manila/manila/api/openstack/wsgi.py:652}}
Feb 19 02:34:35.173485 np0000156485 devstack@m-api.service[40391]: DEBUG manila.api.openstack.wsgi [None req-29d797bc-34d7-4f98-92a8-9c9c2754bb08 tempest-TestProjectMemberTestsNFS-1443133647 tempest-TestProjectMemberTestsNFS-1443133647-project-member] Calling method 'Controller.__getattribute__..version_select' {{(pid=40391) _process_stack /opt/stack/manila/manila/api/openstack/wsgi.py:798}}
Feb 19 02:34:35.196584 np0000156485 devstack@m-api.service[40392]: DEBUG oslo_concurrency.lockutils [None req-50cd26c7-dc16-4724-b6d8-c8b570c995b9 tempest-TestProjectAdminTestsCIFS-92231781 tempest-user-1614969658] Lock "locked_access_rules_operation_by_share_instance_37da5721-3ff7-4ead-b53f-09bb5c0ac764" "released" by "manila.share.access.locked_access_rules_operation..wrapped..locked_operation" :: held 0.043s {{(pid=40392) inner /opt/stack/data/venv/lib/python3.12/site-packages/oslo_concurrency/lockutils.py:538}}
Feb 19 02:34:35.197996 np0000156485 devstack@m-api.service[40392]: INFO manila.api.openstack.wsgi [None req-50cd26c7-dc16-4724-b6d8-c8b570c995b9 tempest-TestProjectAdminTestsCIFS-92231781 tempest-user-1614969658] https://199.19.213.206/share/v2/1ea50be6be194b9bb2815d78e3e8047d/shares/1b89f032-64fa-4573-bb03-af86b756dd28/action returned with HTTP 202
Feb 19 02:34:35.198455 np0000156485 devstack@m-api.service[40392]: [pid: 40392|app: 0|req: 357/688] 199.19.213.206 () {68 vars in 1538 bytes} [Thu Feb 19 02:34:35 2026] POST /share/v2/1ea50be6be194b9bb2815d78e3e8047d/shares/1b89f032-64fa-4573-bb03-af86b756dd28/action => generated 0 bytes in 180 msecs (HTTP/1.1 202) 7 headers in 309 bytes (1 switches on core 0)
Feb 19 02:34:35.201157 np0000156485 devstack@m-api.service[40392]: INFO manila.api.openstack.wsgi [None req-f9488b54-4884-4066-9745-0582de6918ac tempest-TestProjectReaderTestsNFS-2002973420 tempest-TestProjectReaderTestsNFS-2002973420-project-member] GET https://199.19.213.206/share/v2/b1bfde85f1af44dfaca3b7bc336ac6a8/share-access-rules?share_id=77d1c792-593f-487d-a730-2a6fde81addc
Feb 19 02:34:35.201363 np0000156485 devstack@m-api.service[40392]: DEBUG manila.api.openstack.wsgi [None req-f9488b54-4884-4066-9745-0582de6918ac tempest-TestProjectReaderTestsNFS-2002973420 tempest-TestProjectReaderTestsNFS-2002973420-project-member] Empty body provided in request {{(pid=40392) get_body /opt/stack/manila/manila/api/openstack/wsgi.py:652}}
Feb 19 02:34:35.201363 np0000156485 devstack@m-api.service[40392]: DEBUG manila.api.openstack.wsgi [None req-f9488b54-4884-4066-9745-0582de6918ac tempest-TestProjectReaderTestsNFS-2002973420 tempest-TestProjectReaderTestsNFS-2002973420-project-member] Calling method 'Controller.__getattribute__..version_select' {{(pid=40392) _process_stack /opt/stack/manila/manila/api/openstack/wsgi.py:798}}
Feb 19 02:34:35.206648 np0000156485 devstack@m-api.service[40391]: DEBUG manila.lock.api [None req-29d797bc-34d7-4f98-92a8-9c9c2754bb08 tempest-TestProjectMemberTestsNFS-1443133647 tempest-TestProjectMemberTestsNFS-1443133647-project-member] Searching for locks by: {'resource_id': '852e33fa-5cbc-4b7c-9870-ee68c43751f1', 'resource_action': 'show', 'resource_type': 'access_rule', 'all_projects': True} {{(pid=40391) get_all /opt/stack/manila/manila/lock/api.py:112}}
Feb 19 02:34:35.208495 np0000156485 devstack@m-api.service[40391]: INFO manila.api.openstack.wsgi [None req-29d797bc-34d7-4f98-92a8-9c9c2754bb08 tempest-TestProjectMemberTestsNFS-1443133647 tempest-TestProjectMemberTestsNFS-1443133647-project-member] https://199.19.213.206/share/v2/238da89948dd47dc83e7679e1278b023/share-access-rules?share_id=61e1139c-ffbc-4787-bb7b-3c7ac9f9c422 returned with HTTP 200
Feb 19 02:34:35.208495 np0000156485 devstack@m-api.service[40391]: [pid: 40391|app: 0|req: 332/689] 199.19.213.206 () {66 vars in 1512 bytes} [Thu Feb 19 02:34:35 2026] GET /share/v2/238da89948dd47dc83e7679e1278b023/share-access-rules?share_id=61e1139c-ffbc-4787-bb7b-3c7ac9f9c422 => generated 295 bytes in 37 msecs (HTTP/1.1 200) 7 headers in 297 bytes (1 switches on core 0)
Feb 19 02:34:35.212228 np0000156485 devstack@m-api.service[40391]: INFO manila.api.openstack.wsgi [None req-8f951ef8-44fe-41b4-8175-11a9362fdc57 tempest-TestProjectAdminTestsNFS-1875335141 tempest-TestProjectAdminTestsNFS-1875335141-project-member] POST https://199.19.213.206/share/v2/8ac34147f0f64069888fc9af8eafb99c/share-groups
Feb 19 02:34:35.212228 np0000156485 devstack@m-api.service[40391]: DEBUG manila.api.openstack.wsgi [None req-8f951ef8-44fe-41b4-8175-11a9362fdc57 tempest-TestProjectAdminTestsNFS-1875335141 tempest-TestProjectAdminTestsNFS-1875335141-project-member] Action: 'create', calling method: Controller.__getattribute__..version_select, body: {"share_group": {"name": "tempest-share-group-823476371", "share_group_type_id": "9f38027c-4ef0-4a1e-abf5-1fadd66940a3", "share_types": ["4c074b27-7cad-4bb2-92c4-fe34b0ed7536"]}} {{(pid=40391) _process_stack /opt/stack/manila/manila/api/openstack/wsgi.py:796}}
Feb 19 02:34:35.229314 np0000156485 devstack@m-api.service[40392]: DEBUG manila.lock.api [None req-f9488b54-4884-4066-9745-0582de6918ac tempest-TestProjectReaderTestsNFS-2002973420 tempest-TestProjectReaderTestsNFS-2002973420-project-member] Searching for locks by: {'resource_id': 'be7aaac4-9769-44d1-838e-1249bb142967', 'resource_action': 'show', 'resource_type': 'access_rule', 'all_projects': True} {{(pid=40392) get_all /opt/stack/manila/manila/lock/api.py:112}}
Feb 19 02:34:35.232592 np0000156485 devstack@m-api.service[40392]: INFO manila.api.openstack.wsgi [None req-f9488b54-4884-4066-9745-0582de6918ac tempest-TestProjectReaderTestsNFS-2002973420 tempest-TestProjectReaderTestsNFS-2002973420-project-member] https://199.19.213.206/share/v2/b1bfde85f1af44dfaca3b7bc336ac6a8/share-access-rules?share_id=77d1c792-593f-487d-a730-2a6fde81addc returned with HTTP 200
Feb 19 02:34:35.232965 np0000156485 devstack@m-api.service[40392]: [pid: 40392|app: 0|req: 358/690] 199.19.213.206 () {66 vars in 1512 bytes} [Thu Feb 19 02:34:35 2026] GET /share/v2/b1bfde85f1af44dfaca3b7bc336ac6a8/share-access-rules?share_id=77d1c792-593f-487d-a730-2a6fde81addc => generated 303 bytes in 34 msecs (HTTP/1.1 200) 7 headers in 297 bytes (1 switches on core 0)
Feb 19 02:34:35.235855 np0000156485 devstack@m-api.service[40392]: INFO manila.api.openstack.wsgi [None req-302feda5-8e68-4b60-84c1-46f50cdac2d0 tempest-TestProjectAdminTestsCIFS-92231781 tempest-user-1614969658] GET https://199.19.213.206/share/v2/1ea50be6be194b9bb2815d78e3e8047d/share-access-rules?share_id=1b89f032-64fa-4573-bb03-af86b756dd28
Feb 19 02:34:35.236029 np0000156485 devstack@m-api.service[40392]: DEBUG manila.api.openstack.wsgi [None req-302feda5-8e68-4b60-84c1-46f50cdac2d0 tempest-TestProjectAdminTestsCIFS-92231781 tempest-user-1614969658] Empty body provided in request {{(pid=40392) get_body /opt/stack/manila/manila/api/openstack/wsgi.py:652}}
Feb 19 02:34:35.236137 np0000156485 devstack@m-api.service[40391]: DEBUG manila.quota [None req-8f951ef8-44fe-41b4-8175-11a9362fdc57 tempest-TestProjectAdminTestsNFS-1875335141 tempest-TestProjectAdminTestsNFS-1875335141-project-member] Created reservations ['cc3d6163-d26d-4036-8337-7ec7549cb1f2'] {{(pid=40391) reserve /opt/stack/manila/manila/quota.py:1038}}
Feb 19 02:34:35.236198 np0000156485 devstack@m-api.service[40392]: DEBUG manila.api.openstack.wsgi [None req-302feda5-8e68-4b60-84c1-46f50cdac2d0 tempest-TestProjectAdminTestsCIFS-92231781 tempest-user-1614969658] Calling method 'Controller.__getattribute__..version_select' {{(pid=40392) _process_stack /opt/stack/manila/manila/api/openstack/wsgi.py:798}}
Feb 19 02:34:35.257370 np0000156485 devstack@m-api.service[40391]: DEBUG manila.quota [None req-8f951ef8-44fe-41b4-8175-11a9362fdc57 tempest-TestProjectAdminTestsNFS-1875335141 tempest-TestProjectAdminTestsNFS-1875335141-project-member] Committed reservations ['cc3d6163-d26d-4036-8337-7ec7549cb1f2'] {{(pid=40391) commit /opt/stack/manila/manila/quota.py:1066}}
Feb 19 02:34:35.259601 np0000156485 devstack@m-api.service[40392]: DEBUG manila.lock.api [None req-302feda5-8e68-4b60-84c1-46f50cdac2d0 tempest-TestProjectAdminTestsCIFS-92231781 tempest-user-1614969658] Searching for locks by: {'resource_id': 'd1f26304-528f-4201-b816-bd0a37767c37', 'resource_action': 'show', 'resource_type': 'access_rule', 'all_projects': True} {{(pid=40392) get_all /opt/stack/manila/manila/lock/api.py:112}}
Feb 19 02:34:35.260179 np0000156485 devstack@m-api.service[40391]: INFO manila.api.openstack.wsgi [None req-8f951ef8-44fe-41b4-8175-11a9362fdc57 tempest-TestProjectAdminTestsNFS-1875335141 tempest-TestProjectAdminTestsNFS-1875335141-project-member] https://199.19.213.206/share/v2/8ac34147f0f64069888fc9af8eafb99c/share-groups returned with HTTP 202
Feb 19 02:34:35.260722 np0000156485 devstack@m-api.service[40391]: [pid: 40391|app: 0|req: 333/691] 199.19.213.206 () {68 vars in 1425 bytes} [Thu Feb 19 02:34:35 2026] POST /share/v2/8ac34147f0f64069888fc9af8eafb99c/share-groups => generated 803 bytes in 52 msecs (HTTP/1.1 202) 7 headers in 303 bytes (1 switches on core 0)
Feb 19 02:34:35.262823 np0000156485 devstack@m-api.service[40392]: INFO manila.api.openstack.wsgi [None req-302feda5-8e68-4b60-84c1-46f50cdac2d0 tempest-TestProjectAdminTestsCIFS-92231781 tempest-user-1614969658] https://199.19.213.206/share/v2/1ea50be6be194b9bb2815d78e3e8047d/share-access-rules?share_id=1b89f032-64fa-4573-bb03-af86b756dd28 returned with HTTP 200
Feb 19 02:34:35.265071 np0000156485 devstack@m-api.service[40392]: [pid: 40392|app: 0|req: 359/692] 199.19.213.206 () {66 vars in 1512 bytes} [Thu Feb 19 02:34:35 2026] GET /share/v2/1ea50be6be194b9bb2815d78e3e8047d/share-access-rules?share_id=1b89f032-64fa-4573-bb03-af86b756dd28 => generated 291 bytes in 30 msecs (HTTP/1.1 200) 7 headers in 297 bytes (1 switches on core 0)
Feb 19 02:34:35.265144 np0000156485 devstack@m-api.service[40391]: INFO manila.api.openstack.wsgi [None req-158896c2-8baf-4bf7-bef7-1f5348f48ef2 tempest-TestProjectMemberTestsCIFS-82643857 tempest-TestProjectMemberTestsCIFS-82643857-project-member] GET https://199.19.213.206/share/v2/db11711dac4c4894a35d5895ef362803/share-groups/c20e09ea-9610-4071-b7ac-9ed9e55d882a
Feb 19 02:34:35.265401 np0000156485 devstack@m-api.service[40391]: DEBUG manila.api.openstack.wsgi [None req-158896c2-8baf-4bf7-bef7-1f5348f48ef2 tempest-TestProjectMemberTestsCIFS-82643857 tempest-TestProjectMemberTestsCIFS-82643857-project-member] Empty body provided in request {{(pid=40391) get_body /opt/stack/manila/manila/api/openstack/wsgi.py:652}}
Feb 19 02:34:35.265668 np0000156485 devstack@m-api.service[40392]: INFO manila.api.openstack.wsgi [None req-9fad3882-b9d1-4423-88e7-7989ddb72750 tempest-TestProjectMemberTestsNFS-662484093 tempest-TestProjectMemberTestsNFS-662484093-project-member] DELETE https://199.19.213.206/share/v2/1feee81c3a444666aefa6a87d1fb1093/share-access-rules/852e33fa-5cbc-4b7c-9870-ee68c43751f1/metadata/key
Feb 19 02:34:35.265749 np0000156485 devstack@m-api.service[40391]: DEBUG manila.api.openstack.wsgi [None req-158896c2-8baf-4bf7-bef7-1f5348f48ef2 tempest-TestProjectMemberTestsCIFS-82643857 tempest-TestProjectMemberTestsCIFS-82643857-project-member] Calling method 'Controller.__getattribute__..version_select' {{(pid=40391) _process_stack /opt/stack/manila/manila/api/openstack/wsgi.py:798}}
Feb 19 02:34:35.265836 np0000156485 devstack@m-api.service[40392]: DEBUG manila.api.openstack.wsgi [None req-9fad3882-b9d1-4423-88e7-7989ddb72750 tempest-TestProjectMemberTestsNFS-662484093 tempest-TestProjectMemberTestsNFS-662484093-project-member] Empty body provided in request {{(pid=40392) get_body /opt/stack/manila/manila/api/openstack/wsgi.py:652}}
Feb 19 02:34:35.265992 np0000156485 devstack@m-api.service[40392]: DEBUG manila.api.openstack.wsgi [None req-9fad3882-b9d1-4423-88e7-7989ddb72750 tempest-TestProjectMemberTestsNFS-662484093 tempest-TestProjectMemberTestsNFS-662484093-project-member] Calling method 'Controller.__getattribute__..version_select' {{(pid=40392) _process_stack /opt/stack/manila/manila/api/openstack/wsgi.py:798}}
Feb 19 02:34:35.273284 np0000156485 devstack@m-api.service[40391]: INFO manila.api.openstack.wsgi [None req-158896c2-8baf-4bf7-bef7-1f5348f48ef2 tempest-TestProjectMemberTestsCIFS-82643857 tempest-TestProjectMemberTestsCIFS-82643857-project-member] https://199.19.213.206/share/v2/db11711dac4c4894a35d5895ef362803/share-groups/c20e09ea-9610-4071-b7ac-9ed9e55d882a returned with HTTP 200
Feb 19 02:34:35.273902 np0000156485 devstack@m-api.service[40391]: [pid: 40391|app: 0|req: 334/693] 199.19.213.206 () {66 vars in 1514 bytes} [Thu Feb 19 02:34:35 2026] GET /share/v2/db11711dac4c4894a35d5895ef362803/share-groups/c20e09ea-9610-4071-b7ac-9ed9e55d882a => generated 854 bytes in 13 msecs (HTTP/1.1 200) 7 headers in 297 bytes (1 switches on core 0)
Feb 19 02:34:35.277031 np0000156485 devstack@m-api.service[40391]: INFO manila.api.openstack.wsgi [None req-921d5633-597a-45d4-90f5-0e3236ed0dbb tempest-TestProjectAdminTestsNFS-1875335141 tempest-TestProjectAdminTestsNFS-1875335141-project-member] GET https://199.19.213.206/share/v2/8ac34147f0f64069888fc9af8eafb99c/share-groups/bcad1be9-f48f-4de5-a12a-ac4284e2d512
Feb 19 02:34:35.277364 np0000156485 devstack@m-api.service[40391]: DEBUG manila.api.openstack.wsgi [None req-921d5633-597a-45d4-90f5-0e3236ed0dbb tempest-TestProjectAdminTestsNFS-1875335141 tempest-TestProjectAdminTestsNFS-1875335141-project-member] Empty body provided in request {{(pid=40391) get_body /opt/stack/manila/manila/api/openstack/wsgi.py:652}}
Feb 19 02:34:35.277639 np0000156485 devstack@m-api.service[40391]: DEBUG manila.api.openstack.wsgi [None req-921d5633-597a-45d4-90f5-0e3236ed0dbb tempest-TestProjectAdminTestsNFS-1875335141 tempest-TestProjectAdminTestsNFS-1875335141-project-member] Calling method 'Controller.__getattribute__..version_select' {{(pid=40391) _process_stack /opt/stack/manila/manila/api/openstack/wsgi.py:798}}
Feb 19 02:34:35.284917 np0000156485 devstack@m-api.service[40391]: INFO manila.api.openstack.wsgi [None req-921d5633-597a-45d4-90f5-0e3236ed0dbb tempest-TestProjectAdminTestsNFS-1875335141 tempest-TestProjectAdminTestsNFS-1875335141-project-member] https://199.19.213.206/share/v2/8ac34147f0f64069888fc9af8eafb99c/share-groups/bcad1be9-f48f-4de5-a12a-ac4284e2d512 returned with HTTP 200
Feb 19 02:34:35.285732 np0000156485 devstack@m-api.service[40391]: [pid: 40391|app: 0|req: 335/694] 199.19.213.206 () {66 vars in 1514 bytes} [Thu Feb 19 02:34:35 2026] GET /share/v2/8ac34147f0f64069888fc9af8eafb99c/share-groups/bcad1be9-f48f-4de5-a12a-ac4284e2d512 => generated 803 bytes in 11 msecs (HTTP/1.1 200) 7 headers in 297 bytes (1 switches on core 0)
Feb 19 02:34:35.288128 np0000156485 devstack@m-api.service[40391]: INFO manila.api.openstack.wsgi [None req-0860e4f0-3ff4-405b-abd0-0d3436928ec7 tempest-TestProjectMemberTestsCIFS-82643857 tempest-TestProjectMemberTestsCIFS-82643857-project-member] PUT https://199.19.213.206/share/v2/db11711dac4c4894a35d5895ef362803/share-groups/c20e09ea-9610-4071-b7ac-9ed9e55d882a
Feb 19 02:34:35.288548 np0000156485 devstack@m-api.service[40391]: DEBUG manila.api.openstack.wsgi [None req-0860e4f0-3ff4-405b-abd0-0d3436928ec7 tempest-TestProjectMemberTestsCIFS-82643857 tempest-TestProjectMemberTestsCIFS-82643857-project-member] Action: 'update', calling method: Controller.__getattribute__..version_select, body: {"share_group": {"name": "tempest-rename_share-1993405871"}} {{(pid=40391) _process_stack /opt/stack/manila/manila/api/openstack/wsgi.py:796}}
Feb 19 02:34:35.306173 np0000156485 devstack@m-api.service[40391]: INFO manila.api.openstack.wsgi [None req-0860e4f0-3ff4-405b-abd0-0d3436928ec7 tempest-TestProjectMemberTestsCIFS-82643857 tempest-TestProjectMemberTestsCIFS-82643857-project-member] https://199.19.213.206/share/v2/db11711dac4c4894a35d5895ef362803/share-groups/c20e09ea-9610-4071-b7ac-9ed9e55d882a returned with HTTP 200
Feb 19 02:34:35.306614 np0000156485 devstack@m-api.service[40391]: [pid: 40391|app: 0|req: 336/695] 199.19.213.206 () {68 vars in 1534 bytes} [Thu Feb 19 02:34:35 2026] PUT /share/v2/db11711dac4c4894a35d5895ef362803/share-groups/c20e09ea-9610-4071-b7ac-9ed9e55d882a => generated 855 bytes in 21 msecs (HTTP/1.1 200) 7 headers in 297 bytes (1 switches on core 0)
Feb 19 02:34:35.319034 np0000156485 devstack@m-api.service[40391]: INFO manila.api.openstack.wsgi [None req-102bcd7a-bbbd-45ad-bcf2-b8f4aa70562f tempest-TestProjectAdminTestsCIFS-1212024206 tempest-user-1902498005] GET https://199.19.213.206/share/v2/dc78276f13f849ae98ca7629cc367466/share-groups/b11c317f-5890-4c26-81e4-de29ac78a02b
Feb 19 02:34:35.319330 np0000156485 devstack@m-api.service[40391]: DEBUG manila.api.openstack.wsgi [None req-102bcd7a-bbbd-45ad-bcf2-b8f4aa70562f tempest-TestProjectAdminTestsCIFS-1212024206 tempest-user-1902498005] Empty body provided in request {{(pid=40391) get_body /opt/stack/manila/manila/api/openstack/wsgi.py:652}}
Feb 19 02:34:35.319549 np0000156485 devstack@m-api.service[40391]: DEBUG manila.api.openstack.wsgi [None req-102bcd7a-bbbd-45ad-bcf2-b8f4aa70562f tempest-TestProjectAdminTestsCIFS-1212024206 tempest-user-1902498005] Calling method 'Controller.__getattribute__..version_select' {{(pid=40391) _process_stack /opt/stack/manila/manila/api/openstack/wsgi.py:798}}
Feb 19 02:34:35.326702 np0000156485 devstack@m-api.service[40391]: INFO manila.api.openstack.wsgi [None req-102bcd7a-bbbd-45ad-bcf2-b8f4aa70562f tempest-TestProjectAdminTestsCIFS-1212024206 tempest-user-1902498005] https://199.19.213.206/share/v2/dc78276f13f849ae98ca7629cc367466/share-groups/b11c317f-5890-4c26-81e4-de29ac78a02b returned with HTTP 200
Feb 19 02:34:35.327107 np0000156485 devstack@m-api.service[40391]: [pid: 40391|app: 0|req: 337/696] 199.19.213.206 () {66 vars in 1514 bytes} [Thu Feb 19 02:34:35 2026] GET /share/v2/dc78276f13f849ae98ca7629cc367466/share-groups/b11c317f-5890-4c26-81e4-de29ac78a02b => generated 854 bytes in 12 msecs (HTTP/1.1 200) 7 headers in 297 bytes (1 switches on core 0)
Feb 19 02:34:35.329892 np0000156485 devstack@m-api.service[40391]: INFO manila.api.openstack.wsgi [None req-dfcff6c0-d928-43a5-9140-43a128131f1b tempest-TestProjectMemberTestsCIFS-76720649 tempest-TestProjectMemberTestsCIFS-76720649-project-member] POST https://199.19.213.206/share/v2/d2b5a02e375c4f86b6444e669d591c79/share-groups
Feb 19 02:34:35.330300 np0000156485 devstack@m-api.service[40391]: DEBUG manila.api.openstack.wsgi [None req-dfcff6c0-d928-43a5-9140-43a128131f1b tempest-TestProjectMemberTestsCIFS-76720649 tempest-TestProjectMemberTestsCIFS-76720649-project-member] Action: 'create', calling method: Controller.__getattribute__..version_select, body: {"share_group": {"name": "tempest-share-group-590078683", "share_group_type_id": "1e67fad4-56db-412d-a101-ef68b55f2156", "share_types": ["a92a2154-0e9b-49e6-8fcb-46b55695f89e"]}} {{(pid=40391) _process_stack /opt/stack/manila/manila/api/openstack/wsgi.py:796}}
Feb 19 02:34:35.356090 np0000156485 devstack@m-api.service[40391]: DEBUG manila.quota [None req-dfcff6c0-d928-43a5-9140-43a128131f1b tempest-TestProjectMemberTestsCIFS-76720649 tempest-TestProjectMemberTestsCIFS-76720649-project-member] Created reservations ['a2d8aee1-5ad9-48c5-a714-1740b6f12638'] {{(pid=40391) reserve /opt/stack/manila/manila/quota.py:1038}}
Feb 19 02:34:35.389667 np0000156485 devstack@m-api.service[40391]: DEBUG manila.quota [None req-dfcff6c0-d928-43a5-9140-43a128131f1b tempest-TestProjectMemberTestsCIFS-76720649 tempest-TestProjectMemberTestsCIFS-76720649-project-member] Committed reservations ['a2d8aee1-5ad9-48c5-a714-1740b6f12638'] {{(pid=40391) commit /opt/stack/manila/manila/quota.py:1066}}
Feb 19 02:34:35.391967 np0000156485 devstack@m-api.service[40391]: INFO manila.api.openstack.wsgi [None req-dfcff6c0-d928-43a5-9140-43a128131f1b tempest-TestProjectMemberTestsCIFS-76720649 tempest-TestProjectMemberTestsCIFS-76720649-project-member] https://199.19.213.206/share/v2/d2b5a02e375c4f86b6444e669d591c79/share-groups returned with HTTP 202
Feb 19 02:34:35.392538 np0000156485 devstack@m-api.service[40391]: [pid: 40391|app: 0|req: 338/697] 199.19.213.206 () {68 vars in 1425 bytes} [Thu Feb 19 02:34:35 2026] POST /share/v2/d2b5a02e375c4f86b6444e669d591c79/share-groups => generated 803 bytes in 65 msecs (HTTP/1.1 202) 7 headers in 303 bytes (1 switches on core 0)
Feb 19 02:34:35.395996 np0000156485 devstack@m-api.service[40391]: INFO manila.api.openstack.wsgi [None req-7fcf764c-cf98-4707-ad5a-122d8d442bd6 tempest-TestProjectAdminTestsCIFS-1212024206 tempest-TestProjectAdminTestsCIFS-1212024206-project-admin] POST https://199.19.213.206/share/v2/dc78276f13f849ae98ca7629cc367466/share-groups/b11c317f-5890-4c26-81e4-de29ac78a02b/action
Feb 19 02:34:35.396531 np0000156485 devstack@m-api.service[40391]: DEBUG manila.api.openstack.wsgi [None req-7fcf764c-cf98-4707-ad5a-122d8d442bd6 tempest-TestProjectAdminTestsCIFS-1212024206 tempest-TestProjectAdminTestsCIFS-1212024206-project-admin] Action body: b'{"reset_status": {"status": "error"}}' {{(pid=40391) get_method /opt/stack/manila/manila/api/openstack/wsgi.py:912}}
Feb 19 02:34:35.396623 np0000156485 devstack@m-api.service[40391]: DEBUG manila.api.openstack.wsgi [None req-7fcf764c-cf98-4707-ad5a-122d8d442bd6 tempest-TestProjectAdminTestsCIFS-1212024206 tempest-TestProjectAdminTestsCIFS-1212024206-project-admin] Action: 'action', calling method: Controller.__getattribute__..version_select, body: {"reset_status": {"status": "error"}} {{(pid=40391) _process_stack /opt/stack/manila/manila/api/openstack/wsgi.py:796}}
Feb 19 02:34:35.397287 np0000156485 devstack@m-api.service[40391]: DEBUG manila.api.openstack.wsgi [None req-7fcf764c-cf98-4707-ad5a-122d8d442bd6 tempest-TestProjectAdminTestsCIFS-1212024206 tempest-TestProjectAdminTestsCIFS-1212024206-project-admin] Updating share_group 'b11c317f-5890-4c26-81e4-de29ac78a02b' with '{'status': 'error'}' {{(pid=40391) _reset_status /opt/stack/manila/manila/api/openstack/wsgi.py:1257}}
Feb 19 02:34:35.416199 np0000156485 devstack@m-api.service[40391]: INFO manila.api.openstack.wsgi [None req-7fcf764c-cf98-4707-ad5a-122d8d442bd6 tempest-TestProjectAdminTestsCIFS-1212024206 tempest-TestProjectAdminTestsCIFS-1212024206-project-admin] https://199.19.213.206/share/v2/dc78276f13f849ae98ca7629cc367466/share-groups/b11c317f-5890-4c26-81e4-de29ac78a02b/action returned with HTTP 202
Feb 19 02:34:35.416724 np0000156485 devstack@m-api.service[40391]: [pid: 40391|app: 0|req: 339/698] 199.19.213.206 () {68 vars in 1556 bytes} [Thu Feb 19 02:34:35 2026] POST /share/v2/dc78276f13f849ae98ca7629cc367466/share-groups/b11c317f-5890-4c26-81e4-de29ac78a02b/action => generated 0 bytes in 24 msecs (HTTP/1.1 202) 7 headers in 309 bytes (1 switches on core 0)
Feb 19 02:34:35.419964 np0000156485 devstack@m-api.service[40391]: INFO manila.api.openstack.wsgi [None req-3930297b-3312-4937-ad25-9b27ea96430e tempest-TestProjectMemberTestsCIFS-76720649 tempest-TestProjectMemberTestsCIFS-76720649-project-member] GET https://199.19.213.206/share/v2/d2b5a02e375c4f86b6444e669d591c79/share-groups/f29c22df-395a-4545-bb55-a93cb088f912
Feb 19 02:34:35.420260 np0000156485 devstack@m-api.service[40391]: DEBUG manila.api.openstack.wsgi [None req-3930297b-3312-4937-ad25-9b27ea96430e tempest-TestProjectMemberTestsCIFS-76720649 tempest-TestProjectMemberTestsCIFS-76720649-project-member] Empty body provided in request {{(pid=40391) get_body /opt/stack/manila/manila/api/openstack/wsgi.py:652}}
Feb 19 02:34:35.420474 np0000156485 devstack@m-api.service[40391]: DEBUG manila.api.openstack.wsgi [None req-3930297b-3312-4937-ad25-9b27ea96430e tempest-TestProjectMemberTestsCIFS-76720649 tempest-TestProjectMemberTestsCIFS-76720649-project-member] Calling method 'Controller.__getattribute__..version_select' {{(pid=40391) _process_stack /opt/stack/manila/manila/api/openstack/wsgi.py:798}}
Feb 19 02:34:35.429424 np0000156485 devstack@m-api.service[40391]: INFO manila.api.openstack.wsgi [None req-3930297b-3312-4937-ad25-9b27ea96430e tempest-TestProjectMemberTestsCIFS-76720649 tempest-TestProjectMemberTestsCIFS-76720649-project-member] https://199.19.213.206/share/v2/d2b5a02e375c4f86b6444e669d591c79/share-groups/f29c22df-395a-4545-bb55-a93cb088f912 returned with HTTP 200
Feb 19 02:34:35.429992 np0000156485 devstack@m-api.service[40391]: [pid: 40391|app: 0|req: 340/699] 199.19.213.206 () {66 vars in 1514 bytes} [Thu Feb 19 02:34:35 2026] GET /share/v2/d2b5a02e375c4f86b6444e669d591c79/share-groups/f29c22df-395a-4545-bb55-a93cb088f912 => generated 803 bytes in 13 msecs (HTTP/1.1 200) 7 headers in 297 bytes (1 switches on core 0)
Feb 19 02:34:35.433387 np0000156485 devstack@m-api.service[40391]: INFO manila.api.openstack.wsgi [None req-5d3f8fb8-6ed7-4c9e-9a3d-41fbc10fab18 tempest-TestProjectAdminTestsCIFS-1212024206 tempest-user-1902498005] POST https://199.19.213.206/share/v2/dc78276f13f849ae98ca7629cc367466/share-groups
Feb 19 02:34:35.433618 np0000156485 devstack@m-api.service[40391]: DEBUG manila.api.openstack.wsgi [None req-5d3f8fb8-6ed7-4c9e-9a3d-41fbc10fab18 tempest-TestProjectAdminTestsCIFS-1212024206 tempest-user-1902498005] Action: 'create', calling method: Controller.__getattribute__..version_select, body: {"share_group": {"name": "tempest-share-group-494373084", "share_group_type_id": "ad1e6628-a422-4c70-bd5c-385658e31294", "share_types": ["2cfc5e47-42ba-4d97-97f0-128ee20e5406"]}} {{(pid=40391) _process_stack /opt/stack/manila/manila/api/openstack/wsgi.py:796}}
