Feb 19 02:34:38.607694 np0000156485 devstack@m-api.service[40391]: INFO manila.api.openstack.wsgi [None req-e5040ace-71b4-4091-bd86-83c2143def20 tempest-TestProjectMemberTestsCIFS-76720649 tempest-TestProjectMemberTestsCIFS-76720649-project-member] https://199.19.213.206/share/v2/d2b5a02e375c4f86b6444e669d591c79/share-groups/f29c22df-395a-4545-bb55-a93cb088f912 returned with HTTP 202
Feb 19 02:34:38.608532 np0000156485 devstack@m-api.service[40391]: [pid: 40391|app: 0|req: 363/740] 199.19.213.206 () {66 vars in 1517 bytes} [Thu Feb 19 02:34:38 2026] DELETE /share/v2/d2b5a02e375c4f86b6444e669d591c79/share-groups/f29c22df-395a-4545-bb55-a93cb088f912 => generated 0 bytes in 72 msecs (HTTP/1.1 202) 7 headers in 309 bytes (1 switches on core 0)
Feb 19 02:34:38.619603 np0000156485 devstack@m-api.service[40392]: INFO manila.api.openstack.wsgi [None req-aa348ee1-d255-4c6d-a160-a65e58edd725 tempest-TestProjectAdminTestsCIFS-1212024206 tempest-user-1902498005] POST https://199.19.213.206/share/v2/dc78276f13f849ae98ca7629cc367466/share-groups
Feb 19 02:34:38.620084 np0000156485 devstack@m-api.service[40392]: DEBUG manila.api.openstack.wsgi [None req-aa348ee1-d255-4c6d-a160-a65e58edd725 tempest-TestProjectAdminTestsCIFS-1212024206 tempest-user-1902498005] Action: 'create', calling method: Controller.__getattribute__..version_select, body: {"share_group": {"name": "tempest-share-group-454286724", "share_group_type_id": "ad1e6628-a422-4c70-bd5c-385658e31294", "share_types": ["2cfc5e47-42ba-4d97-97f0-128ee20e5406"]}} {{(pid=40392) _process_stack /opt/stack/manila/manila/api/openstack/wsgi.py:796}}
Feb 19 02:34:38.622601 np0000156485 devstack@m-api.service[40391]: INFO manila.api.openstack.wsgi [None req-4a4db067-70e6-4ecc-bbb7-817b42235f08 tempest-TestProjectMemberTestsCIFS-76720649 tempest-TestProjectMemberTestsCIFS-76720649-project-member] GET https://199.19.213.206/share/v2/d2b5a02e375c4f86b6444e669d591c79/share-groups/f29c22df-395a-4545-bb55-a93cb088f912
Feb 19 02:34:38.622875 np0000156485 devstack@m-api.service[40391]: DEBUG manila.api.openstack.wsgi [None req-4a4db067-70e6-4ecc-bbb7-817b42235f08 tempest-TestProjectMemberTestsCIFS-76720649 tempest-TestProjectMemberTestsCIFS-76720649-project-member] Empty body provided in request {{(pid=40391) get_body /opt/stack/manila/manila/api/openstack/wsgi.py:652}}
Feb 19 02:34:38.623890 np0000156485 devstack@m-api.service[40391]: DEBUG manila.api.openstack.wsgi [None req-4a4db067-70e6-4ecc-bbb7-817b42235f08 tempest-TestProjectMemberTestsCIFS-76720649 tempest-TestProjectMemberTestsCIFS-76720649-project-member] Calling method 'Controller.__getattribute__..version_select' {{(pid=40391) _process_stack /opt/stack/manila/manila/api/openstack/wsgi.py:798}}
Feb 19 02:34:38.632263 np0000156485 devstack@m-api.service[40391]: INFO manila.api.openstack.wsgi [None req-4a4db067-70e6-4ecc-bbb7-817b42235f08 tempest-TestProjectMemberTestsCIFS-76720649 tempest-TestProjectMemberTestsCIFS-76720649-project-member] https://199.19.213.206/share/v2/d2b5a02e375c4f86b6444e669d591c79/share-groups/f29c22df-395a-4545-bb55-a93cb088f912 returned with HTTP 200
Feb 19 02:34:38.633172 np0000156485 devstack@m-api.service[40391]: [pid: 40391|app: 0|req: 364/741] 199.19.213.206 () {66 vars in 1514 bytes} [Thu Feb 19 02:34:38 2026] GET /share/v2/d2b5a02e375c4f86b6444e669d591c79/share-groups/f29c22df-395a-4545-bb55-a93cb088f912 => generated 852 bytes in 14 msecs (HTTP/1.1 200) 7 headers in 297 bytes (1 switches on core 0)
Feb 19 02:34:38.645382 np0000156485 devstack@m-api.service[40392]: DEBUG manila.quota [None req-aa348ee1-d255-4c6d-a160-a65e58edd725 tempest-TestProjectAdminTestsCIFS-1212024206 tempest-user-1902498005] Created reservations ['feb810fc-90ae-47c1-9cfe-7e3931e60eb8'] {{(pid=40392) reserve /opt/stack/manila/manila/quota.py:1038}}
Feb 19 02:34:38.666292 np0000156485 devstack@m-api.service[40392]: DEBUG manila.quota [None req-aa348ee1-d255-4c6d-a160-a65e58edd725 tempest-TestProjectAdminTestsCIFS-1212024206 tempest-user-1902498005] Committed reservations ['feb810fc-90ae-47c1-9cfe-7e3931e60eb8'] {{(pid=40392) commit /opt/stack/manila/manila/quota.py:1066}}
Feb 19 02:34:38.668778 np0000156485 devstack@m-api.service[40392]: INFO manila.api.openstack.wsgi [None req-aa348ee1-d255-4c6d-a160-a65e58edd725 tempest-TestProjectAdminTestsCIFS-1212024206 tempest-user-1902498005] https://199.19.213.206/share/v2/dc78276f13f849ae98ca7629cc367466/share-groups returned with HTTP 202
Feb 19 02:34:38.669385 np0000156485 devstack@m-api.service[40392]: [pid: 40392|app: 0|req: 378/742] 199.19.213.206 () {68 vars in 1425 bytes} [Thu Feb 19 02:34:38 2026] POST /share/v2/dc78276f13f849ae98ca7629cc367466/share-groups => generated 803 bytes in 53 msecs (HTTP/1.1 202) 7 headers in 303 bytes (1 switches on core 0)
Feb 19 02:34:38.686469 np0000156485 devstack@m-api.service[40391]: INFO manila.api.openstack.wsgi [None req-1fcc3fcd-4a41-4b2e-bdd1-3bfa79bf384e tempest-TestProjectAdminTestsCIFS-1212024206 tempest-user-1902498005] GET https://199.19.213.206/share/v2/dc78276f13f849ae98ca7629cc367466/share-groups/3301d567-c4d1-4e22-8ff5-0ccae68ff19a
Feb 19 02:34:38.686902 np0000156485 devstack@m-api.service[40391]: DEBUG manila.api.openstack.wsgi [None req-1fcc3fcd-4a41-4b2e-bdd1-3bfa79bf384e tempest-TestProjectAdminTestsCIFS-1212024206 tempest-user-1902498005] Empty body provided in request {{(pid=40391) get_body /opt/stack/manila/manila/api/openstack/wsgi.py:652}}
Feb 19 02:34:38.687119 np0000156485 devstack@m-api.service[40391]: DEBUG manila.api.openstack.wsgi [None req-1fcc3fcd-4a41-4b2e-bdd1-3bfa79bf384e tempest-TestProjectAdminTestsCIFS-1212024206 tempest-user-1902498005] Calling method 'Controller.__getattribute__..version_select' {{(pid=40391) _process_stack /opt/stack/manila/manila/api/openstack/wsgi.py:798}}
Feb 19 02:34:38.695023 np0000156485 devstack@m-api.service[40391]: INFO manila.api.openstack.wsgi [None req-1fcc3fcd-4a41-4b2e-bdd1-3bfa79bf384e tempest-TestProjectAdminTestsCIFS-1212024206 tempest-user-1902498005] https://199.19.213.206/share/v2/dc78276f13f849ae98ca7629cc367466/share-groups/3301d567-c4d1-4e22-8ff5-0ccae68ff19a returned with HTTP 200
Feb 19 02:34:38.695524 np0000156485 devstack@m-api.service[40391]: [pid: 40391|app: 0|req: 365/743] 199.19.213.206 () {66 vars in 1514 bytes} [Thu Feb 19 02:34:38 2026] GET /share/v2/dc78276f13f849ae98ca7629cc367466/share-groups/3301d567-c4d1-4e22-8ff5-0ccae68ff19a => generated 803 bytes in 14 msecs (HTTP/1.1 200) 7 headers in 297 bytes (1 switches on core 0)
Feb 19 02:34:38.703775 np0000156485 devstack@m-api.service[40392]: INFO manila.api.openstack.wsgi [None req-713bc512-4c9d-4c03-aac0-d9a3de997866 tempest-TestProjectMemberTestsNFS-1443133647 tempest-TestProjectMemberTestsNFS-1443133647-project-member] GET https://199.19.213.206/share/v2/238da89948dd47dc83e7679e1278b023/share-access-rules?share_id=61e1139c-ffbc-4787-bb7b-3c7ac9f9c422
Feb 19 02:34:38.704177 np0000156485 devstack@m-api.service[40392]: DEBUG manila.api.openstack.wsgi [None req-713bc512-4c9d-4c03-aac0-d9a3de997866 tempest-TestProjectMemberTestsNFS-1443133647 tempest-TestProjectMemberTestsNFS-1443133647-project-member] Empty body provided in request {{(pid=40392) get_body /opt/stack/manila/manila/api/openstack/wsgi.py:652}}
Feb 19 02:34:38.704492 np0000156485 devstack@m-api.service[40392]: DEBUG manila.api.openstack.wsgi [None req-713bc512-4c9d-4c03-aac0-d9a3de997866 tempest-TestProjectMemberTestsNFS-1443133647 tempest-TestProjectMemberTestsNFS-1443133647-project-member] Calling method 'Controller.__getattribute__..version_select' {{(pid=40392) _process_stack /opt/stack/manila/manila/api/openstack/wsgi.py:798}}
Feb 19 02:34:38.725986 np0000156485 devstack@m-api.service[40392]: INFO manila.api.openstack.wsgi [None req-713bc512-4c9d-4c03-aac0-d9a3de997866 tempest-TestProjectMemberTestsNFS-1443133647 tempest-TestProjectMemberTestsNFS-1443133647-project-member] https://199.19.213.206/share/v2/238da89948dd47dc83e7679e1278b023/share-access-rules?share_id=61e1139c-ffbc-4787-bb7b-3c7ac9f9c422 returned with HTTP 200
Feb 19 02:34:38.726564 np0000156485 devstack@m-api.service[40392]: [pid: 40392|app: 0|req: 379/744] 199.19.213.206 () {66 vars in 1512 bytes} [Thu Feb 19 02:34:38 2026] GET /share/v2/238da89948dd47dc83e7679e1278b023/share-access-rules?share_id=61e1139c-ffbc-4787-bb7b-3c7ac9f9c422 => generated 19 bytes in 27 msecs (HTTP/1.1 200) 7 headers in 296 bytes (1 switches on core 0)
Feb 19 02:34:38.739957 np0000156485 devstack@m-api.service[40391]: INFO manila.api.openstack.wsgi [None req-c1cadd89-1347-4e0e-8198-6546294c031c tempest-TestProjectMemberTestsNFS-662484093 tempest-TestProjectMemberTestsNFS-662484093-project-member] POST https://199.19.213.206/share/v2/1feee81c3a444666aefa6a87d1fb1093/shares/2aa80a28-f9e3-4d05-9fb8-d8e37521ec61/action
Feb 19 02:34:38.740584 np0000156485 devstack@m-api.service[40391]: DEBUG manila.api.openstack.wsgi [None req-c1cadd89-1347-4e0e-8198-6546294c031c tempest-TestProjectMemberTestsNFS-662484093 tempest-TestProjectMemberTestsNFS-662484093-project-member] Action body: b'{"deny_access": {"access_id": "fc37d43c-2fe6-4e6e-abd5-791443e76e8c"}}' {{(pid=40391) get_method /opt/stack/manila/manila/api/openstack/wsgi.py:912}}
Feb 19 02:34:38.740848 np0000156485 devstack@m-api.service[40391]: DEBUG manila.api.openstack.wsgi [None req-c1cadd89-1347-4e0e-8198-6546294c031c tempest-TestProjectMemberTestsNFS-662484093 tempest-TestProjectMemberTestsNFS-662484093-project-member] Action: 'action', calling method: ShareController.deny_access, body: {"deny_access": {"access_id": "fc37d43c-2fe6-4e6e-abd5-791443e76e8c"}} {{(pid=40391) _process_stack /opt/stack/manila/manila/api/openstack/wsgi.py:796}}
Feb 19 02:34:38.742523 np0000156485 devstack@m-api.service[40391]: DEBUG manila.lock.api [None req-c1cadd89-1347-4e0e-8198-6546294c031c tempest-TestProjectMemberTestsNFS-662484093 tempest-TestProjectMemberTestsNFS-662484093-project-member] Searching for locks by: {'resource_id': 'fc37d43c-2fe6-4e6e-abd5-791443e76e8c', 'resource_action': 'delete', 'all_projects': True} {{(pid=40391) get_all /opt/stack/manila/manila/lock/api.py:112}}
Feb 19 02:34:38.800703 np0000156485 devstack@m-api.service[40391]: DEBUG oslo_concurrency.lockutils [None req-c1cadd89-1347-4e0e-8198-6546294c031c tempest-TestProjectMemberTestsNFS-662484093 tempest-TestProjectMemberTestsNFS-662484093-project-member] Acquiring lock "locked_access_rules_operation_by_share_instance_1313be10-07b3-4917-805a-62bdd546949b" by "manila.share.access.locked_access_rules_operation..wrapped..locked_operation" {{(pid=40391) inner /opt/stack/data/venv/lib/python3.12/site-packages/oslo_concurrency/lockutils.py:506}}
Feb 19 02:34:38.800892 np0000156485 devstack@m-api.service[40391]: DEBUG oslo_concurrency.lockutils [None req-c1cadd89-1347-4e0e-8198-6546294c031c tempest-TestProjectMemberTestsNFS-662484093 tempest-TestProjectMemberTestsNFS-662484093-project-member] Lock "locked_access_rules_operation_by_share_instance_1313be10-07b3-4917-805a-62bdd546949b" acquired by "manila.share.access.locked_access_rules_operation..wrapped..locked_operation" :: waited 0.000s {{(pid=40391) inner /opt/stack/data/venv/lib/python3.12/site-packages/oslo_concurrency/lockutils.py:519}}
Feb 19 02:34:38.878374 np0000156485 devstack@m-api.service[40391]: DEBUG oslo_concurrency.lockutils [None req-c1cadd89-1347-4e0e-8198-6546294c031c tempest-TestProjectMemberTestsNFS-662484093 tempest-TestProjectMemberTestsNFS-662484093-project-member] Lock "locked_access_rules_operation_by_share_instance_1313be10-07b3-4917-805a-62bdd546949b" "released" by "manila.share.access.locked_access_rules_operation..wrapped..locked_operation" :: held 0.077s {{(pid=40391) inner /opt/stack/data/venv/lib/python3.12/site-packages/oslo_concurrency/lockutils.py:538}}
Feb 19 02:34:38.878771 np0000156485 devstack@m-api.service[40391]: DEBUG oslo_concurrency.lockutils [None req-c1cadd89-1347-4e0e-8198-6546294c031c tempest-TestProjectMemberTestsNFS-662484093 tempest-TestProjectMemberTestsNFS-662484093-project-member] Acquiring lock "locked_access_rules_operation_by_share_instance_1313be10-07b3-4917-805a-62bdd546949b" by "manila.share.access.locked_access_rules_operation..wrapped..locked_operation" {{(pid=40391) inner /opt/stack/data/venv/lib/python3.12/site-packages/oslo_concurrency/lockutils.py:506}}
Feb 19 02:34:38.879242 np0000156485 devstack@m-api.service[40391]: DEBUG oslo_concurrency.lockutils [None req-c1cadd89-1347-4e0e-8198-6546294c031c tempest-TestProjectMemberTestsNFS-662484093 tempest-TestProjectMemberTestsNFS-662484093-project-member] Lock "locked_access_rules_operation_by_share_instance_1313be10-07b3-4917-805a-62bdd546949b" acquired by "manila.share.access.locked_access_rules_operation..wrapped..locked_operation" :: waited 0.000s {{(pid=40391) inner /opt/stack/data/venv/lib/python3.12/site-packages/oslo_concurrency/lockutils.py:519}}
Feb 19 02:34:38.925151 np0000156485 devstack@m-api.service[40391]: DEBUG oslo_concurrency.lockutils [None req-c1cadd89-1347-4e0e-8198-6546294c031c tempest-TestProjectMemberTestsNFS-662484093 tempest-TestProjectMemberTestsNFS-662484093-project-member] Lock "locked_access_rules_operation_by_share_instance_1313be10-07b3-4917-805a-62bdd546949b" "released" by "manila.share.access.locked_access_rules_operation..wrapped..locked_operation" :: held 0.045s {{(pid=40391) inner /opt/stack/data/venv/lib/python3.12/site-packages/oslo_concurrency/lockutils.py:538}}
Feb 19 02:34:38.926425 np0000156485 devstack@m-api.service[40391]: INFO manila.api.openstack.wsgi [None req-c1cadd89-1347-4e0e-8198-6546294c031c tempest-TestProjectMemberTestsNFS-662484093 tempest-TestProjectMemberTestsNFS-662484093-project-member] https://199.19.213.206/share/v2/1feee81c3a444666aefa6a87d1fb1093/shares/2aa80a28-f9e3-4d05-9fb8-d8e37521ec61/action returned with HTTP 202
Feb 19 02:34:38.926989 np0000156485 devstack@m-api.service[40391]: [pid: 40391|app: 0|req: 366/745] 199.19.213.206 () {68 vars in 1538 bytes} [Thu Feb 19 02:34:38 2026] POST /share/v2/1feee81c3a444666aefa6a87d1fb1093/shares/2aa80a28-f9e3-4d05-9fb8-d8e37521ec61/action => generated 0 bytes in 190 msecs (HTTP/1.1 202) 7 headers in 309 bytes (1 switches on core 0)
Feb 19 02:34:38.940163 np0000156485 devstack@m-api.service[40392]: INFO manila.api.openstack.wsgi [None req-81fb932a-0676-47c4-81b2-88ae2f25f852 tempest-TestProjectMemberTestsNFS-662484093 tempest-TestProjectMemberTestsNFS-662484093-project-member] GET https://199.19.213.206/share/v2/1feee81c3a444666aefa6a87d1fb1093/share-access-rules?share_id=2aa80a28-f9e3-4d05-9fb8-d8e37521ec61
Feb 19 02:34:38.940420 np0000156485 devstack@m-api.service[40392]: DEBUG manila.api.openstack.wsgi [None req-81fb932a-0676-47c4-81b2-88ae2f25f852 tempest-TestProjectMemberTestsNFS-662484093 tempest-TestProjectMemberTestsNFS-662484093-project-member] Empty body provided in request {{(pid=40392) get_body /opt/stack/manila/manila/api/openstack/wsgi.py:652}}
Feb 19 02:34:38.940637 np0000156485 devstack@m-api.service[40392]: DEBUG manila.api.openstack.wsgi [None req-81fb932a-0676-47c4-81b2-88ae2f25f852 tempest-TestProjectMemberTestsNFS-662484093 tempest-TestProjectMemberTestsNFS-662484093-project-member] Calling method 'Controller.__getattribute__..version_select' {{(pid=40392) _process_stack /opt/stack/manila/manila/api/openstack/wsgi.py:798}}
Feb 19 02:34:38.968236 np0000156485 devstack@m-api.service[40392]: DEBUG manila.lock.api [None req-81fb932a-0676-47c4-81b2-88ae2f25f852 tempest-TestProjectMemberTestsNFS-662484093 tempest-TestProjectMemberTestsNFS-662484093-project-member] Searching for locks by: {'resource_id': 'fc37d43c-2fe6-4e6e-abd5-791443e76e8c', 'resource_action': 'show', 'resource_type': 'access_rule', 'all_projects': True} {{(pid=40392) get_all /opt/stack/manila/manila/lock/api.py:112}}
Feb 19 02:34:38.972208 np0000156485 devstack@m-api.service[40392]: INFO manila.api.openstack.wsgi [None req-81fb932a-0676-47c4-81b2-88ae2f25f852 tempest-TestProjectMemberTestsNFS-662484093 tempest-TestProjectMemberTestsNFS-662484093-project-member] https://199.19.213.206/share/v2/1feee81c3a444666aefa6a87d1fb1093/share-access-rules?share_id=2aa80a28-f9e3-4d05-9fb8-d8e37521ec61 returned with HTTP 200
Feb 19 02:34:38.972897 np0000156485 devstack@m-api.service[40392]: [pid: 40392|app: 0|req: 380/746] 199.19.213.206 () {66 vars in 1512 bytes} [Thu Feb 19 02:34:38 2026] GET /share/v2/1feee81c3a444666aefa6a87d1fb1093/share-access-rules?share_id=2aa80a28-f9e3-4d05-9fb8-d8e37521ec61 => generated 289 bytes in 37 msecs (HTTP/1.1 200) 7 headers in 297 bytes (1 switches on core 0)
Feb 19 02:34:39.130409 np0000156485 devstack@m-api.service[40391]: INFO manila.api.openstack.wsgi [None req-550ea217-746f-4f53-adfa-52163f627991 tempest-TestProjectAdminTestsNFS-1793183904 tempest-TestProjectAdminTestsNFS-1793183904-project-admin] GET https://199.19.213.206/share/v2/9bfffc4309b74d3097408355a9bc66f4/shares/9af65012-79f7-4a16-91b3-588e2469aee5
Feb 19 02:34:39.130797 np0000156485 devstack@m-api.service[40391]: DEBUG manila.api.openstack.wsgi [None req-550ea217-746f-4f53-adfa-52163f627991 tempest-TestProjectAdminTestsNFS-1793183904 tempest-TestProjectAdminTestsNFS-1793183904-project-admin] Empty body provided in request {{(pid=40391) get_body /opt/stack/manila/manila/api/openstack/wsgi.py:652}}
Feb 19 02:34:39.131274 np0000156485 devstack@m-api.service[40391]: DEBUG manila.api.openstack.wsgi [None req-550ea217-746f-4f53-adfa-52163f627991 tempest-TestProjectAdminTestsNFS-1793183904 tempest-TestProjectAdminTestsNFS-1793183904-project-admin] Calling method 'ShareMixin.show' {{(pid=40391) _process_stack /opt/stack/manila/manila/api/openstack/wsgi.py:798}}
Feb 19 02:34:39.136942 np0000156485 devstack@m-api.service[40391]: INFO manila.api.openstack.wsgi [None req-550ea217-746f-4f53-adfa-52163f627991 tempest-TestProjectAdminTestsNFS-1793183904 tempest-TestProjectAdminTestsNFS-1793183904-project-admin] HTTP exception thrown: The resource could not be found.
Feb 19 02:34:39.137079 np0000156485 devstack@m-api.service[40391]: INFO manila.api.openstack.wsgi [None req-550ea217-746f-4f53-adfa-52163f627991 tempest-TestProjectAdminTestsNFS-1793183904 tempest-TestProjectAdminTestsNFS-1793183904-project-admin] https://199.19.213.206/share/v2/9bfffc4309b74d3097408355a9bc66f4/shares/9af65012-79f7-4a16-91b3-588e2469aee5 returned with HTTP 404
Feb 19 02:34:39.137518 np0000156485 devstack@m-api.service[40391]: [pid: 40391|app: 0|req: 367/747] 199.19.213.206 () {66 vars in 1496 bytes} [Thu Feb 19 02:34:39 2026] GET /share/v2/9bfffc4309b74d3097408355a9bc66f4/shares/9af65012-79f7-4a16-91b3-588e2469aee5 => generated 78 bytes in 11 msecs (HTTP/1.1 404) 7 headers in 303 bytes (1 switches on core 0)
Feb 19 02:34:39.244012 np0000156485 devstack@m-api.service[40392]: INFO manila.api.openstack.wsgi [None req-d4821b79-ad6d-4f6a-886c-1c595d18ec2b tempest-TestProjectMemberTestsCIFS-1319332616 tempest-TestProjectMemberTestsCIFS-1319332616-project-member] GET https://199.19.213.206/share/v2/0d5e014f2b2d4763ada816aedac1e1ee/shares/9dae6b00-09ce-4eed-b7a5-c067fc84da26
Feb 19 02:34:39.244443 np0000156485 devstack@m-api.service[40392]: DEBUG manila.api.openstack.wsgi [None req-d4821b79-ad6d-4f6a-886c-1c595d18ec2b tempest-TestProjectMemberTestsCIFS-1319332616 tempest-TestProjectMemberTestsCIFS-1319332616-project-member] Empty body provided in request {{(pid=40392) get_body /opt/stack/manila/manila/api/openstack/wsgi.py:652}}
Feb 19 02:34:39.245089 np0000156485 devstack@m-api.service[40392]: DEBUG manila.api.openstack.wsgi [None req-d4821b79-ad6d-4f6a-886c-1c595d18ec2b tempest-TestProjectMemberTestsCIFS-1319332616 tempest-TestProjectMemberTestsCIFS-1319332616-project-member] Calling method 'ShareMixin.show' {{(pid=40392) _process_stack /opt/stack/manila/manila/api/openstack/wsgi.py:798}}
Feb 19 02:34:39.252716 np0000156485 devstack@m-api.service[40391]: INFO manila.api.openstack.wsgi [None req-b5a2ae4f-ee3b-4359-9df3-1a4a10e07227 tempest-TestProjectMemberTestsNFS-1368586458 tempest-TestProjectMemberTestsNFS-1368586458-project-member] GET https://199.19.213.206/share/v2/fdb034e50a2743678e9aa2ce6eae34fe/share-groups/e24f1cbe-c828-4c4f-a0d8-44cf13acb048
Feb 19 02:34:39.253030 np0000156485 devstack@m-api.service[40391]: DEBUG manila.api.openstack.wsgi [None req-b5a2ae4f-ee3b-4359-9df3-1a4a10e07227 tempest-TestProjectMemberTestsNFS-1368586458 tempest-TestProjectMemberTestsNFS-1368586458-project-member] Empty body provided in request {{(pid=40391) get_body /opt/stack/manila/manila/api/openstack/wsgi.py:652}}
Feb 19 02:34:39.253270 np0000156485 devstack@m-api.service[40391]: DEBUG manila.api.openstack.wsgi [None req-b5a2ae4f-ee3b-4359-9df3-1a4a10e07227 tempest-TestProjectMemberTestsNFS-1368586458 tempest-TestProjectMemberTestsNFS-1368586458-project-member] Calling method 'Controller.__getattribute__..version_select' {{(pid=40391) _process_stack /opt/stack/manila/manila/api/openstack/wsgi.py:798}}
Feb 19 02:34:39.261617 np0000156485 devstack@m-api.service[40391]: INFO manila.api.openstack.wsgi [None req-b5a2ae4f-ee3b-4359-9df3-1a4a10e07227 tempest-TestProjectMemberTestsNFS-1368586458 tempest-TestProjectMemberTestsNFS-1368586458-project-member] https://199.19.213.206/share/v2/fdb034e50a2743678e9aa2ce6eae34fe/share-groups/e24f1cbe-c828-4c4f-a0d8-44cf13acb048 returned with HTTP 200
Feb 19 02:34:39.261828 np0000156485 devstack@m-api.service[40391]: [pid: 40391|app: 0|req: 368/748] 199.19.213.206 () {66 vars in 1514 bytes} [Thu Feb 19 02:34:39 2026] GET /share/v2/fdb034e50a2743678e9aa2ce6eae34fe/share-groups/e24f1cbe-c828-4c4f-a0d8-44cf13acb048 => generated 853 bytes in 12 msecs (HTTP/1.1 200) 7 headers in 297 bytes (1 switches on core 0)
Feb 19 02:34:39.270437 np0000156485 devstack@m-api.service[40392]: INFO manila.api.openstack.wsgi [None req-d4821b79-ad6d-4f6a-886c-1c595d18ec2b tempest-TestProjectMemberTestsCIFS-1319332616 tempest-TestProjectMemberTestsCIFS-1319332616-project-member] https://199.19.213.206/share/v2/0d5e014f2b2d4763ada816aedac1e1ee/shares/9dae6b00-09ce-4eed-b7a5-c067fc84da26 returned with HTTP 200
Feb 19 02:34:39.271295 np0000156485 devstack@m-api.service[40392]: [pid: 40392|app: 0|req: 381/749] 199.19.213.206 () {66 vars in 1496 bytes} [Thu Feb 19 02:34:39 2026] GET /share/v2/0d5e014f2b2d4763ada816aedac1e1ee/shares/9dae6b00-09ce-4eed-b7a5-c067fc84da26 => generated 1315 bytes in 31 msecs (HTTP/1.1 200) 7 headers in 298 bytes (1 switches on core 0)
Feb 19 02:34:39.277737 np0000156485 devstack@m-api.service[40391]: INFO manila.api.openstack.wsgi [None req-e0fcfbbb-4f80-41a5-9532-c503b4eef87b tempest-TestProjectMemberTestsNFS-1569645799 tempest-TestProjectMemberTestsNFS-1569645799-project-member] POST https://199.19.213.206/share/v2/fb3b8b6f24294bf4b39ca377f0b8338e/share-groups/e24f1cbe-c828-4c4f-a0d8-44cf13acb048/action
Feb 19 02:34:39.278305 np0000156485 devstack@m-api.service[40391]: DEBUG manila.api.openstack.wsgi [None req-e0fcfbbb-4f80-41a5-9532-c503b4eef87b tempest-TestProjectMemberTestsNFS-1569645799 tempest-TestProjectMemberTestsNFS-1569645799-project-member] Action body: b'{"force_delete": null}' {{(pid=40391) get_method /opt/stack/manila/manila/api/openstack/wsgi.py:912}}
Feb 19 02:34:39.278561 np0000156485 devstack@m-api.service[40391]: DEBUG manila.api.openstack.wsgi [None req-e0fcfbbb-4f80-41a5-9532-c503b4eef87b tempest-TestProjectMemberTestsNFS-1569645799 tempest-TestProjectMemberTestsNFS-1569645799-project-member] Action: 'action', calling method: ShareGroupController.share_group_force_delete, body: {"force_delete": null} {{(pid=40391) _process_stack /opt/stack/manila/manila/api/openstack/wsgi.py:796}}
Feb 19 02:34:39.279567 np0000156485 devstack@m-api.service[40391]: DEBUG manila.policy [None req-e0fcfbbb-4f80-41a5-9532-c503b4eef87b tempest-TestProjectMemberTestsNFS-1569645799 tempest-TestProjectMemberTestsNFS-1569645799-project-member] Policy check for share_group:force_delete failed with credentials {'is_admin': False, 'user_id': '364af0ac378349f88b486eec561dbc3b', 'user_domain_id': 'default', 'system_scope': None, 'domain_id': None, 'project_id': 'fb3b8b6f24294bf4b39ca377f0b8338e', 'project_domain_id': 'default', 'roles': ['reader', 'member'], 'is_admin_project': True, 'service_user_id': None, 'service_user_domain_id': None, 'service_project_id': None, 'service_project_domain_id': None, 'service_roles': []} {{(pid=40391) authorize /opt/stack/manila/manila/policy.py:200}}
Feb 19 02:34:39.280271 np0000156485 devstack@m-api.service[40391]: INFO manila.api.openstack.wsgi [None req-e0fcfbbb-4f80-41a5-9532-c503b4eef87b tempest-TestProjectMemberTestsNFS-1569645799 tempest-TestProjectMemberTestsNFS-1569645799-project-member] HTTP exception thrown: Access was denied to this resource.
Feb 19 02:34:39.280271 np0000156485 devstack@m-api.service[40391]: INFO manila.api.openstack.wsgi [None req-e0fcfbbb-4f80-41a5-9532-c503b4eef87b tempest-TestProjectMemberTestsNFS-1569645799 tempest-TestProjectMemberTestsNFS-1569645799-project-member] https://199.19.213.206/share/v2/fb3b8b6f24294bf4b39ca377f0b8338e/share-groups/e24f1cbe-c828-4c4f-a0d8-44cf13acb048/action returned with HTTP 403
Feb 19 02:34:39.280924 np0000156485 devstack@m-api.service[40391]: [pid: 40391|app: 0|req: 369/750] 199.19.213.206 () {68 vars in 1556 bytes} [Thu Feb 19 02:34:39 2026] POST /share/v2/fb3b8b6f24294bf4b39ca377f0b8338e/share-groups/e24f1cbe-c828-4c4f-a0d8-44cf13acb048/action => generated 78 bytes in 7 msecs (HTTP/1.1 403) 7 headers in 303 bytes (1 switches on core 0)
Feb 19 02:34:39.292350 np0000156485 devstack@m-api.service[40392]: INFO manila.api.openstack.wsgi [None req-9d0c972d-4dd5-4a7d-8fc2-57c7a8ed3928 tempest-TestProjectMemberTestsNFS-1569645799 tempest-TestProjectMemberTestsNFS-1569645799-project-member] POST https://199.19.213.206/share/v2/fb3b8b6f24294bf4b39ca377f0b8338e/share-groups
Feb 19 02:34:39.292772 np0000156485 devstack@m-api.service[40392]: DEBUG manila.api.openstack.wsgi [None req-9d0c972d-4dd5-4a7d-8fc2-57c7a8ed3928 tempest-TestProjectMemberTestsNFS-1569645799 tempest-TestProjectMemberTestsNFS-1569645799-project-member] Action: 'create', calling method: Controller.__getattribute__..version_select, body: {"share_group": {"name": "tempest-share-group-1155726396", "share_group_type_id": "0cbad693-7c94-4d3f-9440-cd6d3a68fc40", "share_types": ["290121cd-ddd4-47be-bfad-e6c2c50c4cc7"]}} {{(pid=40392) _process_stack /opt/stack/manila/manila/api/openstack/wsgi.py:796}}
Feb 19 02:34:39.327143 np0000156485 devstack@m-api.service[40392]: DEBUG manila.quota [None req-9d0c972d-4dd5-4a7d-8fc2-57c7a8ed3928 tempest-TestProjectMemberTestsNFS-1569645799 tempest-TestProjectMemberTestsNFS-1569645799-project-member] Created reservations ['dbbc572a-d062-41ee-b033-349b1ec9f893'] {{(pid=40392) reserve /opt/stack/manila/manila/quota.py:1038}}
Feb 19 02:34:39.350173 np0000156485 devstack@m-api.service[40392]: DEBUG manila.quota [None req-9d0c972d-4dd5-4a7d-8fc2-57c7a8ed3928 tempest-TestProjectMemberTestsNFS-1569645799 tempest-TestProjectMemberTestsNFS-1569645799-project-member] Committed reservations ['dbbc572a-d062-41ee-b033-349b1ec9f893'] {{(pid=40392) commit /opt/stack/manila/manila/quota.py:1066}}
Feb 19 02:34:39.352611 np0000156485 devstack@m-api.service[40392]: INFO manila.api.openstack.wsgi [None req-9d0c972d-4dd5-4a7d-8fc2-57c7a8ed3928 tempest-TestProjectMemberTestsNFS-1569645799 tempest-TestProjectMemberTestsNFS-1569645799-project-member] https://199.19.213.206/share/v2/fb3b8b6f24294bf4b39ca377f0b8338e/share-groups returned with HTTP 202
Feb 19 02:34:39.353152 np0000156485 devstack@m-api.service[40392]: [pid: 40392|app: 0|req: 382/751] 199.19.213.206 () {68 vars in 1425 bytes} [Thu Feb 19 02:34:39 2026] POST /share/v2/fb3b8b6f24294bf4b39ca377f0b8338e/share-groups => generated 804 bytes in 64 msecs (HTTP/1.1 202) 7 headers in 303 bytes (1 switches on core 0)
Feb 19 02:34:39.366860 np0000156485 devstack@m-api.service[40391]: INFO manila.api.openstack.wsgi [None req-12a50a24-c4cb-4055-87e9-1f8b1d96a0cd tempest-TestProjectMemberTestsNFS-1569645799 tempest-TestProjectMemberTestsNFS-1569645799-project-member] GET https://199.19.213.206/share/v2/fb3b8b6f24294bf4b39ca377f0b8338e/share-groups/486b6142-0db1-42dd-a76d-7af5281a2444
Feb 19 02:34:39.367137 np0000156485 devstack@m-api.service[40391]: DEBUG manila.api.openstack.wsgi [None req-12a50a24-c4cb-4055-87e9-1f8b1d96a0cd tempest-TestProjectMemberTestsNFS-1569645799 tempest-TestProjectMemberTestsNFS-1569645799-project-member] Empty body provided in request {{(pid=40391) get_body /opt/stack/manila/manila/api/openstack/wsgi.py:652}}
Feb 19 02:34:39.367660 np0000156485 devstack@m-api.service[40391]: DEBUG manila.api.openstack.wsgi [None req-12a50a24-c4cb-4055-87e9-1f8b1d96a0cd tempest-TestProjectMemberTestsNFS-1569645799 tempest-TestProjectMemberTestsNFS-1569645799-project-member] Calling method 'Controller.__getattribute__..version_select' {{(pid=40391) _process_stack /opt/stack/manila/manila/api/openstack/wsgi.py:798}}
Feb 19 02:34:39.373545 np0000156485 devstack@m-api.service[40391]: INFO manila.api.openstack.wsgi [None req-12a50a24-c4cb-4055-87e9-1f8b1d96a0cd tempest-TestProjectMemberTestsNFS-1569645799 tempest-TestProjectMemberTestsNFS-1569645799-project-member] https://199.19.213.206/share/v2/fb3b8b6f24294bf4b39ca377f0b8338e/share-groups/486b6142-0db1-42dd-a76d-7af5281a2444 returned with HTTP 200
Feb 19 02:34:39.373903 np0000156485 devstack@m-api.service[40391]: [pid: 40391|app: 0|req: 370/752] 199.19.213.206 () {66 vars in 1514 bytes} [Thu Feb 19 02:34:39 2026] GET /share/v2/fb3b8b6f24294bf4b39ca377f0b8338e/share-groups/486b6142-0db1-42dd-a76d-7af5281a2444 => generated 804 bytes in 10 msecs (HTTP/1.1 200) 7 headers in 297 bytes (1 switches on core 0)
Feb 19 02:34:39.843355 np0000156485 devstack@m-api.service[40392]: INFO manila.api.openstack.wsgi [None req-2fe80966-c6aa-4480-8129-a8c11afa11da tempest-TestProjectMemberTestsCIFS-1822241830 tempest-TestProjectMemberTestsCIFS-1822241830-project-member] GET https://199.19.213.206/share/v2/c37c68ecee294de6bdffab2b04068a74/share-access-rules?share_id=cd49b916-44a6-4d1f-9fb3-5368e7688b7e
Feb 19 02:34:39.843867 np0000156485 devstack@m-api.service[40392]: DEBUG manila.api.openstack.wsgi [None req-2fe80966-c6aa-4480-8129-a8c11afa11da tempest-TestProjectMemberTestsCIFS-1822241830 tempest-TestProjectMemberTestsCIFS-1822241830-project-member] Empty body provided in request {{(pid=40392) get_body /opt/stack/manila/manila/api/openstack/wsgi.py:652}}
Feb 19 02:34:39.844264 np0000156485 devstack@m-api.service[40392]: DEBUG manila.api.openstack.wsgi [None req-2fe80966-c6aa-4480-8129-a8c11afa11da tempest-TestProjectMemberTestsCIFS-1822241830 tempest-TestProjectMemberTestsCIFS-1822241830-project-member] Calling method 'Controller.__getattribute__..version_select' {{(pid=40392) _process_stack /opt/stack/manila/manila/api/openstack/wsgi.py:798}}
Feb 19 02:34:39.866874 np0000156485 devstack@m-api.service[40392]: INFO manila.api.openstack.wsgi [None req-2fe80966-c6aa-4480-8129-a8c11afa11da tempest-TestProjectMemberTestsCIFS-1822241830 tempest-TestProjectMemberTestsCIFS-1822241830-project-member] https://199.19.213.206/share/v2/c37c68ecee294de6bdffab2b04068a74/share-access-rules?share_id=cd49b916-44a6-4d1f-9fb3-5368e7688b7e returned with HTTP 200
Feb 19 02:34:39.867437 np0000156485 devstack@m-api.service[40392]: [pid: 40392|app: 0|req: 383/753] 199.19.213.206 () {66 vars in 1512 bytes} [Thu Feb 19 02:34:39 2026] GET /share/v2/c37c68ecee294de6bdffab2b04068a74/share-access-rules?share_id=cd49b916-44a6-4d1f-9fb3-5368e7688b7e => generated 19 bytes in 29 msecs (HTTP/1.1 200) 7 headers in 296 bytes (1 switches on core 0)
Feb 19 02:34:39.883980 np0000156485 devstack@m-api.service[40391]: INFO manila.api.openstack.wsgi [None req-761134f1-46aa-4876-b0da-7684f164e232 tempest-TestProjectMemberTestsCIFS-1822241830 tempest-TestProjectMemberTestsCIFS-1822241830-project-member] POST https://199.19.213.206/share/v2/c37c68ecee294de6bdffab2b04068a74/shares/cd49b916-44a6-4d1f-9fb3-5368e7688b7e/action
Feb 19 02:34:39.884396 np0000156485 devstack@m-api.service[40391]: DEBUG manila.api.openstack.wsgi [None req-761134f1-46aa-4876-b0da-7684f164e232 tempest-TestProjectMemberTestsCIFS-1822241830 tempest-TestProjectMemberTestsCIFS-1822241830-project-member] Action body: b'{"allow_access": {"access_type": "user", "access_to": "Administrator", "access_level": "rw"}}' {{(pid=40391) get_method /opt/stack/manila/manila/api/openstack/wsgi.py:912}}
Feb 19 02:34:39.884559 np0000156485 devstack@m-api.service[40391]: DEBUG manila.api.openstack.wsgi [None req-761134f1-46aa-4876-b0da-7684f164e232 tempest-TestProjectMemberTestsCIFS-1822241830 tempest-TestProjectMemberTestsCIFS-1822241830-project-member] Action: 'action', calling method: ShareController.allow_access, body: {"allow_access": {"access_type": "user", "access_to": "Administrator", "access_level": "rw"}} {{(pid=40391) _process_stack /opt/stack/manila/manila/api/openstack/wsgi.py:796}}
Feb 19 02:34:39.931428 np0000156485 devstack@m-api.service[40391]: DEBUG oslo_concurrency.lockutils [None req-761134f1-46aa-4876-b0da-7684f164e232 tempest-TestProjectMemberTestsCIFS-1822241830 tempest-TestProjectMemberTestsCIFS-1822241830-project-member] Acquiring lock "locked_access_rules_operation_by_share_instance_83d0cf94-a3de-4281-9bf4-383d77918d76" by "manila.share.access.locked_access_rules_operation..wrapped..locked_operation" {{(pid=40391) inner /opt/stack/data/venv/lib/python3.12/site-packages/oslo_concurrency/lockutils.py:506}}
Feb 19 02:34:39.931906 np0000156485 devstack@m-api.service[40391]: DEBUG oslo_concurrency.lockutils [None req-761134f1-46aa-4876-b0da-7684f164e232 tempest-TestProjectMemberTestsCIFS-1822241830 tempest-TestProjectMemberTestsCIFS-1822241830-project-member] Lock "locked_access_rules_operation_by_share_instance_83d0cf94-a3de-4281-9bf4-383d77918d76" acquired by "manila.share.access.locked_access_rules_operation..wrapped..locked_operation" :: waited 0.001s {{(pid=40391) inner /opt/stack/data/venv/lib/python3.12/site-packages/oslo_concurrency/lockutils.py:519}}
Feb 19 02:34:39.952123 np0000156485 devstack@m-api.service[40392]: INFO manila.api.openstack.wsgi [None req-ae1980d0-fef6-4526-8f87-51e72732a0b3 tempest-TestProjectMemberTestsNFS-705235389 tempest-TestProjectMemberTestsNFS-705235389-project-member] GET https://199.19.213.206/share/v2/aa779961cf1d4f02a30ab81f03df0749/shares/c4907bda-c123-47b3-9995-f87f5864e3b5
Feb 19 02:34:39.952380 np0000156485 devstack@m-api.service[40392]: DEBUG manila.api.openstack.wsgi [None req-ae1980d0-fef6-4526-8f87-51e72732a0b3 tempest-TestProjectMemberTestsNFS-705235389 tempest-TestProjectMemberTestsNFS-705235389-project-member] Empty body provided in request {{(pid=40392) get_body /opt/stack/manila/manila/api/openstack/wsgi.py:652}}
Feb 19 02:34:39.952587 np0000156485 devstack@m-api.service[40392]: DEBUG manila.api.openstack.wsgi [None req-ae1980d0-fef6-4526-8f87-51e72732a0b3 tempest-TestProjectMemberTestsNFS-705235389 tempest-TestProjectMemberTestsNFS-705235389-project-member] Calling method 'ShareMixin.show' {{(pid=40392) _process_stack /opt/stack/manila/manila/api/openstack/wsgi.py:798}}
Feb 19 02:34:39.967783 np0000156485 devstack@m-api.service[40392]: INFO manila.api.openstack.wsgi [None req-ae1980d0-fef6-4526-8f87-51e72732a0b3 tempest-TestProjectMemberTestsNFS-705235389 tempest-TestProjectMemberTestsNFS-705235389-project-member] https://199.19.213.206/share/v2/aa779961cf1d4f02a30ab81f03df0749/shares/c4907bda-c123-47b3-9995-f87f5864e3b5 returned with HTTP 200
Feb 19 02:34:39.968118 np0000156485 devstack@m-api.service[40392]: [pid: 40392|app: 0|req: 384/754] 199.19.213.206 () {66 vars in 1496 bytes} [Thu Feb 19 02:34:39 2026] GET /share/v2/aa779961cf1d4f02a30ab81f03df0749/shares/c4907bda-c123-47b3-9995-f87f5864e3b5 => generated 1317 bytes in 20 msecs (HTTP/1.1 200) 7 headers in 298 bytes (1 switches on core 0)
Feb 19 02:34:39.979709 np0000156485 devstack@m-api.service[40392]: INFO manila.api.openstack.wsgi [None req-c53639e8-c249-4e5d-a9fa-d256c62c2a60 tempest-TestProjectMemberTestsNFS-705235389 tempest-TestProjectMemberTestsNFS-705235389-project-member] DELETE https://199.19.213.206/share/v2/aa779961cf1d4f02a30ab81f03df0749/shares/c4907bda-c123-47b3-9995-f87f5864e3b5
Feb 19 02:34:39.979977 np0000156485 devstack@m-api.service[40392]: DEBUG manila.api.openstack.wsgi [None req-c53639e8-c249-4e5d-a9fa-d256c62c2a60 tempest-TestProjectMemberTestsNFS-705235389 tempest-TestProjectMemberTestsNFS-705235389-project-member] Empty body provided in request {{(pid=40392) get_body /opt/stack/manila/manila/api/openstack/wsgi.py:652}}
Feb 19 02:34:39.980222 np0000156485 devstack@m-api.service[40392]: DEBUG manila.api.openstack.wsgi [None req-c53639e8-c249-4e5d-a9fa-d256c62c2a60 tempest-TestProjectMemberTestsNFS-705235389 tempest-TestProjectMemberTestsNFS-705235389-project-member] Calling method 'ShareMixin.delete' {{(pid=40392) _process_stack /opt/stack/manila/manila/api/openstack/wsgi.py:798}}
Feb 19 02:34:39.980987 np0000156485 devstack@m-api.service[40392]: INFO manila.api.v2.shares [None req-c53639e8-c249-4e5d-a9fa-d256c62c2a60 tempest-TestProjectMemberTestsNFS-705235389 tempest-TestProjectMemberTestsNFS-705235389-project-member] Delete share with id: c4907bda-c123-47b3-9995-f87f5864e3b5
Feb 19 02:34:40.006362 np0000156485 devstack@m-api.service[40391]: DEBUG oslo_concurrency.lockutils [None req-761134f1-46aa-4876-b0da-7684f164e232 tempest-TestProjectMemberTestsCIFS-1822241830 tempest-TestProjectMemberTestsCIFS-1822241830-project-member] Lock "locked_access_rules_operation_by_share_instance_83d0cf94-a3de-4281-9bf4-383d77918d76" "released" by "manila.share.access.locked_access_rules_operation..wrapped..locked_operation" :: held 0.074s {{(pid=40391) inner /opt/stack/data/venv/lib/python3.12/site-packages/oslo_concurrency/lockutils.py:538}}
Feb 19 02:34:40.007746 np0000156485 devstack@m-api.service[40391]: INFO manila.api.openstack.wsgi [None req-761134f1-46aa-4876-b0da-7684f164e232 tempest-TestProjectMemberTestsCIFS-1822241830 tempest-TestProjectMemberTestsCIFS-1822241830-project-member] https://199.19.213.206/share/v2/c37c68ecee294de6bdffab2b04068a74/shares/cd49b916-44a6-4d1f-9fb3-5368e7688b7e/action returned with HTTP 200
Feb 19 02:34:40.008181 np0000156485 devstack@m-api.service[40391]: [pid: 40391|app: 0|req: 371/755] 199.19.213.206 () {68 vars in 1538 bytes} [Thu Feb 19 02:34:39 2026] POST /share/v2/c37c68ecee294de6bdffab2b04068a74/shares/cd49b916-44a6-4d1f-9fb3-5368e7688b7e/action => generated 313 bytes in 128 msecs (HTTP/1.1 200) 7 headers in 297 bytes (1 switches on core 0)
Feb 19 02:34:40.011172 np0000156485 devstack@m-api.service[40391]: INFO manila.api.openstack.wsgi [None req-5f22af4e-17d3-40ca-8e01-36e63e7982da tempest-TestProjectReaderTestsCIFS-262747557 tempest-TestProjectReaderTestsCIFS-262747557-project-member] GET https://199.19.213.206/share/v2/02ed4318c933450f89ddbe9b7bf3ac60/share-access-rules?share_id=9745a38e-800f-42f2-bd5b-87ccbebd584e
Feb 19 02:34:40.011319 np0000156485 devstack@m-api.service[40391]: DEBUG manila.api.openstack.wsgi [None req-5f22af4e-17d3-40ca-8e01-36e63e7982da tempest-TestProjectReaderTestsCIFS-262747557 tempest-TestProjectReaderTestsCIFS-262747557-project-member] Empty body provided in request {{(pid=40391) get_body /opt/stack/manila/manila/api/openstack/wsgi.py:652}}
Feb 19 02:34:40.011482 np0000156485 devstack@m-api.service[40391]: DEBUG manila.api.openstack.wsgi [None req-5f22af4e-17d3-40ca-8e01-36e63e7982da tempest-TestProjectReaderTestsCIFS-262747557 tempest-TestProjectReaderTestsCIFS-262747557-project-member] Calling method 'Controller.__getattribute__..version_select' {{(pid=40391) _process_stack /opt/stack/manila/manila/api/openstack/wsgi.py:798}}
Feb 19 02:34:40.030081 np0000156485 devstack@m-api.service[40391]: INFO manila.api.openstack.wsgi [None req-5f22af4e-17d3-40ca-8e01-36e63e7982da tempest-TestProjectReaderTestsCIFS-262747557 tempest-TestProjectReaderTestsCIFS-262747557-project-member] https://199.19.213.206/share/v2/02ed4318c933450f89ddbe9b7bf3ac60/share-access-rules?share_id=9745a38e-800f-42f2-bd5b-87ccbebd584e returned with HTTP 200
Feb 19 02:34:40.030081 np0000156485 devstack@m-api.service[40391]: [pid: 40391|app: 0|req: 372/756] 199.19.213.206 () {66 vars in 1512 bytes} [Thu Feb 19 02:34:40 2026] GET /share/v2/02ed4318c933450f89ddbe9b7bf3ac60/share-access-rules?share_id=9745a38e-800f-42f2-bd5b-87ccbebd584e => generated 19 bytes in 21 msecs (HTTP/1.1 200) 7 headers in 296 bytes (1 switches on core 0)
Feb 19 02:34:40.033723 np0000156485 devstack@m-api.service[40391]: INFO manila.api.openstack.wsgi [None req-2acb1235-d793-4bce-9be5-1346ef959d08 tempest-TestProjectMemberTestsCIFS-1822241830 tempest-TestProjectMemberTestsCIFS-1822241830-project-member] GET https://199.19.213.206/share/v2/c37c68ecee294de6bdffab2b04068a74/share-access-rules?share_id=cd49b916-44a6-4d1f-9fb3-5368e7688b7e
Feb 19 02:34:40.033723 np0000156485 devstack@m-api.service[40391]: DEBUG manila.api.openstack.wsgi [None req-2acb1235-d793-4bce-9be5-1346ef959d08 tempest-TestProjectMemberTestsCIFS-1822241830 tempest-TestProjectMemberTestsCIFS-1822241830-project-member] Empty body provided in request {{(pid=40391) get_body /opt/stack/manila/manila/api/openstack/wsgi.py:652}}
Feb 19 02:34:40.033723 np0000156485 devstack@m-api.service[40391]: DEBUG manila.api.openstack.wsgi [None req-2acb1235-d793-4bce-9be5-1346ef959d08 tempest-TestProjectMemberTestsCIFS-1822241830 tempest-TestProjectMemberTestsCIFS-1822241830-project-member] Calling method 'Controller.__getattribute__..version_select' {{(pid=40391) _process_stack /opt/stack/manila/manila/api/openstack/wsgi.py:798}}
Feb 19 02:34:40.058361 np0000156485 devstack@m-api.service[40391]: DEBUG manila.lock.api [None req-2acb1235-d793-4bce-9be5-1346ef959d08 tempest-TestProjectMemberTestsCIFS-1822241830 tempest-TestProjectMemberTestsCIFS-1822241830-project-member] Searching for locks by: {'resource_id': '8b8c1722-4a08-4f22-a870-a9898ff7338c', 'resource_action': 'show', 'resource_type': 'access_rule', 'all_projects': True} {{(pid=40391) get_all /opt/stack/manila/manila/lock/api.py:112}}
Feb 19 02:34:40.062939 np0000156485 devstack@m-api.service[40391]: INFO manila.api.openstack.wsgi [None req-2acb1235-d793-4bce-9be5-1346ef959d08 tempest-TestProjectMemberTestsCIFS-1822241830 tempest-TestProjectMemberTestsCIFS-1822241830-project-member] https://199.19.213.206/share/v2/c37c68ecee294de6bdffab2b04068a74/share-access-rules?share_id=cd49b916-44a6-4d1f-9fb3-5368e7688b7e returned with HTTP 200
Feb 19 02:34:40.063926 np0000156485 devstack@m-api.service[40391]: [pid: 40391|app: 0|req: 373/757] 199.19.213.206 () {66 vars in 1512 bytes} [Thu Feb 19 02:34:40 2026] GET /share/v2/c37c68ecee294de6bdffab2b04068a74/share-access-rules?share_id=cd49b916-44a6-4d1f-9fb3-5368e7688b7e => generated 268 bytes in 34 msecs (HTTP/1.1 200) 7 headers in 297 bytes (1 switches on core 0)
Feb 19 02:34:40.067584 np0000156485 devstack@m-api.service[40391]: INFO manila.api.openstack.wsgi [None req-6012d296-304b-405f-995e-5ecba5c7dc72 tempest-TestProjectReaderTestsCIFS-476193338 tempest-user-667413007] POST https://199.19.213.206/share/v2/7b0bdf77bcc24dd783fce0bafd89547f/shares/a9abe794-9ba2-4021-852c-b4621e1d7a44/action
Feb 19 02:34:40.067959 np0000156485 devstack@m-api.service[40391]: DEBUG manila.api.openstack.wsgi [None req-6012d296-304b-405f-995e-5ecba5c7dc72 tempest-TestProjectReaderTestsCIFS-476193338 tempest-user-667413007] Action body: b'{"deny_access": {"access_id": "5c0d327b-f70b-4f34-bc23-716326e86f09"}}' {{(pid=40391) get_method /opt/stack/manila/manila/api/openstack/wsgi.py:912}}
Feb 19 02:34:40.068134 np0000156485 devstack@m-api.service[40391]: DEBUG manila.api.openstack.wsgi [None req-6012d296-304b-405f-995e-5ecba5c7dc72 tempest-TestProjectReaderTestsCIFS-476193338 tempest-user-667413007] Action: 'action', calling method: ShareController.deny_access, body: {"deny_access": {"access_id": "5c0d327b-f70b-4f34-bc23-716326e86f09"}} {{(pid=40391) _process_stack /opt/stack/manila/manila/api/openstack/wsgi.py:796}}
Feb 19 02:34:40.069082 np0000156485 devstack@m-api.service[40391]: DEBUG manila.lock.api [None req-6012d296-304b-405f-995e-5ecba5c7dc72 tempest-TestProjectReaderTestsCIFS-476193338 tempest-user-667413007] Searching for locks by: {'resource_id': '5c0d327b-f70b-4f34-bc23-716326e86f09', 'resource_action': 'delete', 'all_projects': True} {{(pid=40391) get_all /opt/stack/manila/manila/lock/api.py:112}}
Feb 19 02:34:40.100691 np0000156485 devstack@m-api.service[40392]: INFO manila.api.openstack.wsgi [None req-c53639e8-c249-4e5d-a9fa-d256c62c2a60 tempest-TestProjectMemberTestsNFS-705235389 tempest-TestProjectMemberTestsNFS-705235389-project-member] https://199.19.213.206/share/v2/aa779961cf1d4f02a30ab81f03df0749/shares/c4907bda-c123-47b3-9995-f87f5864e3b5 returned with HTTP 202
Feb 19 02:34:40.101237 np0000156485 devstack@m-api.service[40392]: [pid: 40392|app: 0|req: 385/758] 199.19.213.206 () {66 vars in 1499 bytes} [Thu Feb 19 02:34:39 2026] DELETE /share/v2/aa779961cf1d4f02a30ab81f03df0749/shares/c4907bda-c123-47b3-9995-f87f5864e3b5 => generated 0 bytes in 124 msecs (HTTP/1.1 202) 7 headers in 309 bytes (1 switches on core 0)
Feb 19 02:34:40.125851 np0000156485 devstack@m-api.service[40391]: DEBUG oslo_concurrency.lockutils [None req-6012d296-304b-405f-995e-5ecba5c7dc72 tempest-TestProjectReaderTestsCIFS-476193338 tempest-user-667413007] Acquiring lock "locked_access_rules_operation_by_share_instance_fc2801c3-c9aa-4d4f-9705-3d6b58cf2962" by "manila.share.access.locked_access_rules_operation..wrapped..locked_operation" {{(pid=40391) inner /opt/stack/data/venv/lib/python3.12/site-packages/oslo_concurrency/lockutils.py:506}}
Feb 19 02:34:40.126140 np0000156485 devstack@m-api.service[40391]: DEBUG oslo_concurrency.lockutils [None req-6012d296-304b-405f-995e-5ecba5c7dc72 tempest-TestProjectReaderTestsCIFS-476193338 tempest-user-667413007] Lock "locked_access_rules_operation_by_share_instance_fc2801c3-c9aa-4d4f-9705-3d6b58cf2962" acquired by "manila.share.access.locked_access_rules_operation..wrapped..locked_operation" :: waited 0.000s {{(pid=40391) inner /opt/stack/data/venv/lib/python3.12/site-packages/oslo_concurrency/lockutils.py:519}}
Feb 19 02:34:40.203889 np0000156485 devstack@m-api.service[40392]: INFO manila.api.openstack.wsgi [None req-db06210b-41cc-42c6-9fe2-629933bd3854 tempest-TestProjectMemberTestsNFS-520558884 tempest-TestProjectMemberTestsNFS-520558884-project-member] POST https://199.19.213.206/share/v2/1e7b407a1af041288c905ee20e28e136/shares
Feb 19 02:34:40.204194 np0000156485 devstack@m-api.service[40392]: DEBUG manila.api.openstack.wsgi [None req-db06210b-41cc-42c6-9fe2-629933bd3854 tempest-TestProjectMemberTestsNFS-520558884 tempest-TestProjectMemberTestsNFS-520558884-project-member] Action: 'create', calling method: Controller.__getattribute__..version_select, body: {"share": {"share_proto": "nfs", "description": "tempest-tempest-created-share-desc-1455411484", "snapshot_id": null, "name": "tempest-share-367718710", "size": 1, "metadata": {}, "is_public": false, "share_type": "dae8ce21-19c5-4257-932b-c83c161de6fb"}} {{(pid=40392) _process_stack /opt/stack/manila/manila/api/openstack/wsgi.py:796}}
Feb 19 02:34:40.205088 np0000156485 devstack@m-api.service[40392]: INFO manila.api.v2.shares [None req-db06210b-41cc-42c6-9fe2-629933bd3854 tempest-TestProjectMemberTestsNFS-520558884 tempest-TestProjectMemberTestsNFS-520558884-project-member] Create NFS share of 1 GB
Feb 19 02:34:40.224133 np0000156485 devstack@m-api.service[40391]: DEBUG oslo_concurrency.lockutils [None req-6012d296-304b-405f-995e-5ecba5c7dc72 tempest-TestProjectReaderTestsCIFS-476193338 tempest-user-667413007] Lock "locked_access_rules_operation_by_share_instance_fc2801c3-c9aa-4d4f-9705-3d6b58cf2962" "released" by "manila.share.access.locked_access_rules_operation..wrapped..locked_operation" :: held 0.098s {{(pid=40391) inner /opt/stack/data/venv/lib/python3.12/site-packages/oslo_concurrency/lockutils.py:538}}
Feb 19 02:34:40.224647 np0000156485 devstack@m-api.service[40391]: DEBUG oslo_concurrency.lockutils [None req-6012d296-304b-405f-995e-5ecba5c7dc72 tempest-TestProjectReaderTestsCIFS-476193338 tempest-user-667413007] Acquiring lock "locked_access_rules_operation_by_share_instance_fc2801c3-c9aa-4d4f-9705-3d6b58cf2962" by "manila.share.access.locked_access_rules_operation..wrapped..locked_operation" {{(pid=40391) inner /opt/stack/data/venv/lib/python3.12/site-packages/oslo_concurrency/lockutils.py:506}}
Feb 19 02:34:40.224995 np0000156485 devstack@m-api.service[40391]: DEBUG oslo_concurrency.lockutils [None req-6012d296-304b-405f-995e-5ecba5c7dc72 tempest-TestProjectReaderTestsCIFS-476193338 tempest-user-667413007] Lock "locked_access_rules_operation_by_share_instance_fc2801c3-c9aa-4d4f-9705-3d6b58cf2962" acquired by "manila.share.access.locked_access_rules_operation..wrapped..locked_operation" :: waited 0.001s {{(pid=40391) inner /opt/stack/data/venv/lib/python3.12/site-packages/oslo_concurrency/lockutils.py:519}}
Feb 19 02:34:40.253640 np0000156485 devstack@m-api.service[40392]: DEBUG manila.quota [None req-db06210b-41cc-42c6-9fe2-629933bd3854 tempest-TestProjectMemberTestsNFS-520558884 tempest-TestProjectMemberTestsNFS-520558884-project-member] Created reservations ['eb739846-5c28-4a27-bf21-1c52887ef3b4', '4cb1e347-1756-494a-b7cb-0a5240539f69', 'eeb863b7-95c7-4639-b231-3bc3f970b7e7', 'c874270c-7c02-42f2-8ac7-1351342a0628'] {{(pid=40392) reserve /opt/stack/manila/manila/quota.py:1038}}
Feb 19 02:34:40.269551 np0000156485 devstack@m-api.service[40391]: DEBUG oslo_concurrency.lockutils [None req-6012d296-304b-405f-995e-5ecba5c7dc72 tempest-TestProjectReaderTestsCIFS-476193338 tempest-user-667413007] Lock "locked_access_rules_operation_by_share_instance_fc2801c3-c9aa-4d4f-9705-3d6b58cf2962" "released" by "manila.share.access.locked_access_rules_operation..wrapped..locked_operation" :: held 0.044s {{(pid=40391) inner /opt/stack/data/venv/lib/python3.12/site-packages/oslo_concurrency/lockutils.py:538}}
