+ COMMAND=start + start + for KEYSTONE_WSGI_SCRIPT in keystone-wsgi-public ++ type -p keystone-wsgi-public + cp -a /var/lib/openstack/bin/keystone-wsgi-public /var/www/cgi-bin/keystone/ + '[' -f /etc/apache2/envvars ']' + source /etc/apache2/envvars ++ unset HOME ++ '[' '' '!=' '' ']' ++ SUFFIX= ++ export APACHE_RUN_USER=www-data ++ APACHE_RUN_USER=www-data ++ export APACHE_RUN_GROUP=www-data ++ APACHE_RUN_GROUP=www-data ++ export APACHE_PID_FILE=/var/run/apache2/apache2.pid ++ APACHE_PID_FILE=/var/run/apache2/apache2.pid ++ export APACHE_RUN_DIR=/var/run/apache2 ++ APACHE_RUN_DIR=/var/run/apache2 ++ export APACHE_LOCK_DIR=/var/lock/apache2 ++ APACHE_LOCK_DIR=/var/lock/apache2 ++ export APACHE_LOG_DIR=/var/log/apache2 ++ APACHE_LOG_DIR=/var/log/apache2 ++ export LANG=C ++ LANG=C ++ export LANG + '[' -f /var/run/apache2/apache2.pid ']' + exec apache2 -DFOREGROUND AH00558: apache2: Could not reliably determine the server's fully qualified domain name, using 10.0.0.204. Set the 'ServerName' directive globally to suppress this message AH00558: apache2: Could not reliably determine the server's fully qualified domain name, using 10.0.0.204. Set the 'ServerName' directive globally to suppress this message
[Sun May 24 22:19:16.909108 2026] [mpm_event:notice] [pid 1:tid 139791025452928] AH00489: Apache/2.4.58 (Ubuntu) mod_wsgi/5.0.0 Python/3.12 configured -- resuming normal operations
[Sun May 24 22:19:16.909298 2026] [core:notice] [pid 1:tid 139791025452928] AH00094: Command line: 'apache2 -D FOREGROUND'
[Sun May 24 22:20:20.381293 2026] [wsgi:error] [pid 9:tid 139790388680384] /var/lib/openstack/lib/python3.12/site-packages/oslo_utils/importutils.py:77: EventletDeprecationWarning:
[Sun May 24 22:20:20.381339 2026] [wsgi:error] [pid 9:tid 139790388680384] Eventlet is deprecated. It is currently being maintained in bugfix mode, and
[Sun May 24 22:20:20.381340 2026] [wsgi:error] [pid 9:tid 139790388680384] we strongly recommend against using it for new projects.
[Sun May 24 22:20:20.381342 2026] [wsgi:error] [pid 9:tid 139790388680384]
[Sun May 24 22:20:20.381343 2026] [wsgi:error] [pid 9:tid 139790388680384] If you are already using Eventlet, we recommend migrating to a different
[Sun May 24 22:20:20.381344 2026] [wsgi:error] [pid 9:tid 139790388680384] framework. For more detail see
[Sun May 24 22:20:20.381345 2026] [wsgi:error] [pid 9:tid 139790388680384] https://eventlet.readthedocs.io/en/latest/asyncio/migration.html
[Sun May 24 22:20:20.381346 2026] [wsgi:error] [pid 9:tid 139790388680384]
[Sun May 24 22:20:20.381347 2026] [wsgi:error] [pid 9:tid 139790388680384] __import__(import_str)
[Sun May 24 22:20:20.394153 2026] [wsgi:error] [pid 11:tid 139790388680384] /var/lib/openstack/lib/python3.12/site-packages/oslo_utils/importutils.py:77: EventletDeprecationWarning:
[Sun May 24 22:20:20.394240 2026] [wsgi:error] [pid 11:tid 139790388680384] Eventlet is deprecated. It is currently being maintained in bugfix mode, and
[Sun May 24 22:20:20.394254 2026] [wsgi:error] [pid 11:tid 139790388680384] we strongly recommend against using it for new projects.
[Sun May 24 22:20:20.394265 2026] [wsgi:error] [pid 11:tid 139790388680384]
[Sun May 24 22:20:20.394279 2026] [wsgi:error] [pid 11:tid 139790388680384] If you are already using Eventlet, we recommend migrating to a different
[Sun May 24 22:20:20.394290 2026] [wsgi:error] [pid 11:tid 139790388680384] framework. For more detail see
[Sun May 24 22:20:20.394299 2026] [wsgi:error] [pid 11:tid 139790388680384] https://eventlet.readthedocs.io/en/latest/asyncio/migration.html
[Sun May 24 22:20:20.394310 2026] [wsgi:error] [pid 11:tid 139790388680384]
[Sun May 24 22:20:20.394319 2026] [wsgi:error] [pid 11:tid 139790388680384] __import__(import_str) 10.0.0.60 - - [24/May/2026:22:20:19 +0000] "GET /v3/ HTTP/1.1" 200 250 10.0.0.60 - - [24/May/2026:22:20:19 +0000] "GET /v3/ HTTP/1.1" 200 250
[Sun May 24 22:20:33.711606 2026] [wsgi:error] [pid 10:tid 139790388680384] /var/lib/openstack/lib/python3.12/site-packages/oslo_utils/importutils.py:77: EventletDeprecationWarning:
[Sun May 24 22:20:33.711660 2026] [wsgi:error] [pid 10:tid 139790388680384] Eventlet is deprecated. It is currently being maintained in bugfix mode, and
[Sun May 24 22:20:33.711663 2026] [wsgi:error] [pid 10:tid 139790388680384] we strongly recommend against using it for new projects.
[Sun May 24 22:20:33.711664 2026] [wsgi:error] [pid 10:tid 139790388680384]
[Sun May 24 22:20:33.711665 2026] [wsgi:error] [pid 10:tid 139790388680384] If you are already using Eventlet, we recommend migrating to a different
[Sun May 24 22:20:33.711666 2026] [wsgi:error] [pid 10:tid 139790388680384] framework. For more detail see
[Sun May 24 22:20:33.711667 2026] [wsgi:error] [pid 10:tid 139790388680384] https://eventlet.readthedocs.io/en/latest/asyncio/migration.html
[Sun May 24 22:20:33.711668 2026] [wsgi:error] [pid 10:tid 139790388680384]
[Sun May 24 22:20:33.711669 2026] [wsgi:error] [pid 10:tid 139790388680384] __import__(import_str) 10.0.0.208 - - [24/May/2026:22:20:32 +0000] "GET / HTTP/1.1" 300 295
[Sun May 24 22:20:39.064636 2026] [wsgi:error] [pid 12:tid 139790388680384] /var/lib/openstack/lib/python3.12/site-packages/oslo_utils/importutils.py:77: EventletDeprecationWarning:
[Sun May 24 22:20:39.064680 2026] [wsgi:error] [pid 12:tid 139790388680384] Eventlet is deprecated. It is currently being maintained in bugfix mode, and
[Sun May 24 22:20:39.064682 2026] [wsgi:error] [pid 12:tid 139790388680384] we strongly recommend against using it for new projects.
[Sun May 24 22:20:39.064683 2026] [wsgi:error] [pid 12:tid 139790388680384]
[Sun May 24 22:20:39.064684 2026] [wsgi:error] [pid 12:tid 139790388680384] If you are already using Eventlet, we recommend migrating to a different
[Sun May 24 22:20:39.064686 2026] [wsgi:error] [pid 12:tid 139790388680384] framework. For more detail see
[Sun May 24 22:20:39.064687 2026] [wsgi:error] [pid 12:tid 139790388680384] https://eventlet.readthedocs.io/en/latest/asyncio/migration.html
[Sun May 24 22:20:39.064688 2026] [wsgi:error] [pid 12:tid 139790388680384]
[Sun May 24 22:20:39.064689 2026] [wsgi:error] [pid 12:tid 139790388680384] __import__(import_str)
[Sun May 24 22:20:43.658682 2026] [wsgi:error] [pid 12:tid 139790388680384] [remote 10.0.0.208:58274] 2026-05-24 22:20:43.655 12 WARNING keystone.identity.core [None req-63fc16be-f667-4c3f-a237-e4d56b077998 - - - - - -] Invalid domain name (atmosphere) found in config file name: keystone.exception.DomainNotFound: Could not find domain: atmosphere.
[Sun May 24 22:20:43.721131 2026] [wsgi:error] [pid 12:tid 139790388680384] [remote 10.0.0.208:58274] 2026-05-24 22:20:43.720 12 WARNING keystone.common.password_hashing [None req-63fc16be-f667-4c3f-a237-e4d56b077998 - - - - - -] Truncating password to algorithm specific maximum length 72 characters.
[Sun May 24 22:20:44.000969 2026] [wsgi:error] [pid 12:tid 139790388680384] [remote 10.0.0.208:58274] 2026-05-24 22:20:44.000 12 WARNING keystone.common.fernet_utils [None req-63fc16be-f667-4c3f-a237-e4d56b077998 - - - - - -] key_repository is world readable: /etc/keystone/fernet-keys/ 10.0.0.208 - - [24/May/2026:22:20:38 +0000] "POST /v3/auth/tokens HTTP/1.1" 201 1360
[Sun May 24 22:20:44.314154 2026] [wsgi:error] [pid 9:tid 139790388680384] [remote 10.0.0.208:58274] 2026-05-24 22:20:44.311 9 WARNING keystone.identity.core [None req-3fc4adb4-9a23-4b23-9a3c-67ebb750b55c - - - - - -] Invalid domain name (atmosphere) found in config file name: keystone.exception.DomainNotFound: Could not find domain: atmosphere. 10.0.0.208 - - [24/May/2026:22:20:44 +0000] "POST /v3/domains HTTP/1.1" 201 261 10.0.0.42 - - [24/May/2026:22:20:56 +0000] "GET / HTTP/1.1" 300 295
[Sun May 24 22:20:56.397451 2026] [wsgi:error] [pid 10:tid 139790388680384] [remote 10.0.0.42:44870] 2026-05-24 22:20:56.396 10 WARNING keystone.common.password_hashing [None req-6b6ea2d9-87a3-4944-bb32-f231346a73a1 - - - - - -] Truncating password to algorithm specific maximum length 72 characters.
[Sun May 24 22:20:56.675869 2026] [wsgi:error] [pid 10:tid 139790388680384] [remote 10.0.0.42:44870] 2026-05-24 22:20:56.675 10 WARNING keystone.common.fernet_utils [None req-6b6ea2d9-87a3-4944-bb32-f231346a73a1 - - - - - -] key_repository is world readable: /etc/keystone/fernet-keys/ 10.0.0.42 - - [24/May/2026:22:20:56 +0000] "POST /v3/auth/tokens HTTP/1.1" 201 1360 10.0.0.42 - - [24/May/2026:22:20:56 +0000] "GET /v3/roles/admin HTTP/1.1" 404 83
[Sun May 24 22:20:56.888419 2026] [wsgi:error] [pid 9:tid 139790388680384] [remote 10.0.0.42:44870] 2026-05-24 22:20:56.888 9 WARNING keystone.common.rbac_enforcer.enforcer [None req-3e70f52a-2ff7-4a04-aac4-fb831645f849 95f50a922b4440c1ad053c80236d97b8 8e7756f45578499d838b5e3ed9ee8a4a - - default default] Deprecated policy rules found. Use oslopolicy-policy-generator and oslopolicy-policy-upgrade to detect and resolve deprecated policies in your configuration. 10.0.0.42 - - [24/May/2026:22:20:56 +0000] "GET /v3/roles?name=admin HTTP/1.1" 200 389
[Sun May 24 22:20:57.273921 2026] [wsgi:error] [pid 11:tid 139790388680384] [remote 10.0.0.42:44870] 2026-05-24 22:20:57.273 11 WARNING keystone.common.rbac_enforcer.enforcer [None req-d3d06c53-83b3-4d82-805c-98bd2c76bd5e 95f50a922b4440c1ad053c80236d97b8 8e7756f45578499d838b5e3ed9ee8a4a - - default default] Deprecated policy rules found. Use oslopolicy-policy-generator and oslopolicy-policy-upgrade to detect and resolve deprecated policies in your configuration. 10.0.0.42 - - [24/May/2026:22:20:56 +0000] "GET /v3/users/admin-RegionOne HTTP/1.1" 404 93
[Sun May 24 22:20:57.434198 2026] [wsgi:error] [pid 10:tid 139790388680384] [remote 10.0.0.42:44870] 2026-05-24 22:20:57.433 10 WARNING keystone.common.rbac_enforcer.enforcer [None req-ce5a9757-b868-46de-926f-9f998399a069 95f50a922b4440c1ad053c80236d97b8 8e7756f45578499d838b5e3ed9ee8a4a - - default default] Deprecated policy rules found. Use oslopolicy-policy-generator and oslopolicy-policy-upgrade to detect and resolve deprecated policies in your configuration. 10.0.0.42 - - [24/May/2026:22:20:57 +0000] "GET /v3/users?name=admin-RegionOne HTTP/1.1" 200 422
[Sun May 24 22:20:57.609790 2026] [wsgi:error] [pid 12:tid 139790388680384] [remote 10.0.0.42:44870] 2026-05-24 22:20:57.609 12 WARNING keystone.common.rbac_enforcer.enforcer [None req-5af3dba4-779c-4cdb-952e-ce5db260f250 95f50a922b4440c1ad053c80236d97b8 8e7756f45578499d838b5e3ed9ee8a4a - - default default] Deprecated policy rules found. Use oslopolicy-policy-generator and oslopolicy-policy-upgrade to detect and resolve deprecated policies in your configuration. 10.0.0.42 - - [24/May/2026:22:20:57 +0000] "GET /v3/domains/default HTTP/1.1" 200 224 10.0.0.42 - - [24/May/2026:22:20:57 +0000] "PUT /v3/domains/default/users/95f50a922b4440c1ad053c80236d97b8/roles/5917c9a52bd0420583a48c390e103d7e HTTP/1.1" 204 - 10.0.0.60 - - [24/May/2026:22:21:07 +0000] "GET / HTTP/1.1" 300 281 10.0.0.60 - - [24/May/2026:22:21:09 +0000] "GET /v3 HTTP/1.1" 200 266
[Sun May 24 22:21:09.196873 2026] [wsgi:error] [pid 12:tid 139790388680384] [remote 10.0.0.60:53062] 2026-05-24 22:21:09.196 12 WARNING keystone.common.password_hashing [None req-25846d0c-cf4e-402b-a041-fe748c097084 - - - - - -] Truncating password to algorithm specific maximum length 72 characters.
[Sun May 24 22:21:09.469267 2026] [wsgi:error] [pid 12:tid 139790388680384] [remote 10.0.0.60:53062] 2026-05-24 22:21:09.469 12 WARNING keystone.common.fernet_utils [None req-25846d0c-cf4e-402b-a041-fe748c097084 - - - - - -] key_repository is world readable: /etc/keystone/fernet-keys/ 10.0.0.60 - - [24/May/2026:22:21:09 +0000] "POST /v3/auth/tokens HTTP/1.1" 201 1360 10.0.0.60 - - [24/May/2026:22:21:09 +0000] "GET / HTTP/1.1" 300 281 10.0.0.60 - - [24/May/2026:22:21:09 +0000] "GET /v3/domains/atmosphere HTTP/1.1" 404 90 10.0.0.60 - - [24/May/2026:22:21:09 +0000] "GET /v3/domains?name=atmosphere HTTP/1.1" 200 370 10.0.0.60 - - [24/May/2026:22:21:09 +0000] "GET /v3/domains/8603892527394102b4996853db8a06d2 HTTP/1.1" 200 247 10.0.0.60 - - [24/May/2026:22:21:10 +0000] "GET /v3 HTTP/1.1" 200 266
[Sun May 24 22:21:10.796814 2026] [wsgi:error] [pid 11:tid 139790388680384] [remote 10.0.0.60:53056] 2026-05-24 22:21:10.796 11 WARNING keystone.common.password_hashing [None req-e18fe298-932f-4fc3-b056-4116eb27cf16 - - - - - -] Truncating password to algorithm specific maximum length 72 characters.
[Sun May 24 22:21:11.073769 2026] [wsgi:error] [pid 11:tid 139790388680384] [remote 10.0.0.60:53056] 2026-05-24 22:21:11.073 11 WARNING keystone.common.fernet_utils [None req-e18fe298-932f-4fc3-b056-4116eb27cf16 - - - - - -] key_repository is world readable: /etc/keystone/fernet-keys/ 10.0.0.60 - - [24/May/2026:22:21:10 +0000] "POST /v3/auth/tokens HTTP/1.1" 201 1360 10.0.0.60 - - [24/May/2026:22:21:11 +0000] "GET / HTTP/1.1" 300 281 10.0.0.60 - - [24/May/2026:22:21:11 +0000] "GET /v3/OS-FEDERATION/identity_providers/atmosphere HTTP/1.1" 404 101 10.0.0.60 - - [24/May/2026:22:21:11 +0000] "GET /v3/OS-FEDERATION/identity_providers HTTP/1.1" 200 156 10.0.0.60 - - [24/May/2026:22:21:11 +0000] "PUT /v3/OS-FEDERATION/identity_providers/atmosphere HTTP/1.1" 201 342 10.0.0.60 - - [24/May/2026:22:21:11 +0000] "GET /v3 HTTP/1.1" 200 266
[Sun May 24 22:21:11.954069 2026] [wsgi:error] [pid 12:tid 139790388680384] [remote 10.0.0.60:53056] 2026-05-24 22:21:11.953 12 WARNING keystone.common.password_hashing [None req-a7ca80c3-a14b-4938-9c74-994a25c39d68 - - - - - -] Truncating password to algorithm specific maximum length 72 characters.
[Sun May 24 22:21:12.226752 2026] [wsgi:error] [pid 12:tid 139790388680384] [remote 10.0.0.60:53056] 2026-05-24 22:21:12.226 12 WARNING keystone.common.fernet_utils [None req-a7ca80c3-a14b-4938-9c74-994a25c39d68 - - - - - -] key_repository is world readable: /etc/keystone/fernet-keys/ 10.0.0.60 - - [24/May/2026:22:21:11 +0000] "POST /v3/auth/tokens HTTP/1.1" 201 1360 10.0.0.60 - - [24/May/2026:22:21:12 +0000] "GET / HTTP/1.1" 300 281 10.0.0.60 - - [24/May/2026:22:21:12 +0000] "GET /v3/OS-FEDERATION/mappings/atmosphere-openid HTTP/1.1" 404 98 10.0.0.60 - - [24/May/2026:22:21:12 +0000] "GET /v3/OS-FEDERATION/mappings HTTP/1.1" 200 136 10.0.0.60 - - [24/May/2026:22:21:12 +0000] "PUT /v3/OS-FEDERATION/mappings/atmosphere-openid HTTP/1.1" 201 357 10.0.0.60 - - [24/May/2026:22:21:13 +0000] "GET /v3 HTTP/1.1" 200 266
[Sun May 24 22:21:13.173295 2026] [wsgi:error] [pid 11:tid 139790388680384] [remote 10.0.0.60:53062] 2026-05-24 22:21:13.173 11 WARNING keystone.common.password_hashing [None req-efc5aac0-ffa3-4e26-b793-f825869af148 - - - - - -] Truncating password to algorithm specific maximum length 72 characters.
[Sun May 24 22:21:13.445973 2026] [wsgi:error] [pid 11:tid 139790388680384] [remote 10.0.0.60:53062] 2026-05-24 22:21:13.445 11 WARNING keystone.common.fernet_utils [None req-efc5aac0-ffa3-4e26-b793-f825869af148 - - - - - -] key_repository is world readable: /etc/keystone/fernet-keys/ 10.0.0.60 - - [24/May/2026:22:21:13 +0000] "POST /v3/auth/tokens HTTP/1.1" 201 1360 10.0.0.60 - - [24/May/2026:22:21:13 +0000] "GET / HTTP/1.1" 300 281 10.0.0.60 - - [24/May/2026:22:21:13 +0000] "GET /v3/OS-FEDERATION/identity_providers/atmosphere/protocols/openid?idp_id=atmosphere HTTP/1.1" 404 131 10.0.0.60 - - [24/May/2026:22:21:13 +0000] "GET /v3/OS-FEDERATION/identity_providers/atmosphere/protocols HTTP/1.1" 200 168 10.0.0.60 - - [24/May/2026:22:21:13 +0000] "PUT /v3/OS-FEDERATION/identity_providers/atmosphere/protocols/openid HTTP/1.1" 201 224 10.0.0.60 - - [24/May/2026:22:21:19 +0000] "GET /v3/ HTTP/1.1" 200 250 10.0.0.60 - - [24/May/2026:22:21:19 +0000] "GET /v3/ HTTP/1.1" 200 250 10.0.0.60 - - [24/May/2026:22:22:19 +0000] "GET /v3/ HTTP/1.1" 200 250 10.0.0.60 - - [24/May/2026:22:22:19 +0000] "GET /v3/ HTTP/1.1" 200 250 10.0.0.61 - - [24/May/2026:22:22:38 +0000] "GET / HTTP/1.1" 300 295
[Sun May 24 22:22:39.019143 2026] [wsgi:error] [pid 10:tid 139790388680384] [remote 10.0.0.61:39084] 2026-05-24 22:22:39.018 10 WARNING keystone.common.password_hashing [None req-abe1c593-91e9-41d5-a14d-2f406e4c046b - - - - - -] Truncating password to algorithm specific maximum length 72 characters.
[Sun May 24 22:22:39.291487 2026] [wsgi:error] [pid 10:tid 139790388680384] [remote 10.0.0.61:39084] 2026-05-24 22:22:39.291 10 WARNING keystone.common.fernet_utils [None req-abe1c593-91e9-41d5-a14d-2f406e4c046b - - - - - -] key_repository is world readable: /etc/keystone/fernet-keys/ 10.0.0.61 - - [24/May/2026:22:22:39 +0000] "POST /v3/auth/tokens HTTP/1.1" 201 1360 10.0.0.61 - - [24/May/2026:22:22:39 +0000] "GET /v3/services HTTP/1.1" 200 355 10.0.0.61 - - [24/May/2026:22:22:42 +0000] "GET / HTTP/1.1" 300 295
[Sun May 24 22:22:42.786709 2026] [wsgi:error] [pid 12:tid 139790388680384] [remote 10.0.0.61:39088] 2026-05-24 22:22:42.786 12 WARNING keystone.common.password_hashing [None req-8d48d9c1-0b3e-471d-9272-cdefa6ba292e - - - - - -] Truncating password to algorithm specific maximum length 72 characters.
[Sun May 24 22:22:43.069953 2026] [wsgi:error] [pid 12:tid 139790388680384] [remote 10.0.0.61:39088] 2026-05-24 22:22:43.069 12 WARNING keystone.common.fernet_utils [None req-8d48d9c1-0b3e-471d-9272-cdefa6ba292e - - - - - -] key_repository is world readable: /etc/keystone/fernet-keys/ 10.0.0.61 - - [24/May/2026:22:22:42 +0000] "POST /v3/auth/tokens HTTP/1.1" 201 1360 10.0.0.61 - - [24/May/2026:22:22:43 +0000] "GET /v3/services HTTP/1.1" 200 355 10.0.0.61 - - [24/May/2026:22:22:46 +0000] "GET / HTTP/1.1" 300 295
[Sun May 24 22:22:46.551445 2026] [wsgi:error] [pid 9:tid 139790388680384] [remote 10.0.0.61:57830] 2026-05-24 22:22:46.550 9 WARNING keystone.common.password_hashing [None req-7d503a40-2841-4d54-bd93-4de20e77ca7b - - - - - -] Truncating password to algorithm specific maximum length 72 characters.
[Sun May 24 22:22:46.830027 2026] [wsgi:error] [pid 9:tid 139790388680384] [remote 10.0.0.61:57830] 2026-05-24 22:22:46.829 9 WARNING keystone.common.fernet_utils [None req-7d503a40-2841-4d54-bd93-4de20e77ca7b - - - - - -] key_repository is world readable: /etc/keystone/fernet-keys/ 10.0.0.61 - - [24/May/2026:22:22:46 +0000] "POST /v3/auth/tokens HTTP/1.1" 201 1360 10.0.0.61 - - [24/May/2026:22:22:46 +0000] "GET /v3/services HTTP/1.1" 200 355 10.0.0.61 - - [24/May/2026:22:22:50 +0000] "GET / HTTP/1.1" 300 295
[Sun May 24 22:22:50.258442 2026] [wsgi:error] [pid 11:tid 139790388680384] [remote 10.0.0.61:57844] 2026-05-24 22:22:50.258 11 WARNING keystone.common.password_hashing [None req-6d9e9350-2517-4ca2-a2ff-ff261d6eae6e - - - - - -] Truncating password to algorithm specific maximum length 72 characters.
[Sun May 24 22:22:50.538721 2026] [wsgi:error] [pid 11:tid 139790388680384] [remote 10.0.0.61:57844] 2026-05-24 22:22:50.538 11 WARNING keystone.common.fernet_utils [None req-6d9e9350-2517-4ca2-a2ff-ff261d6eae6e - - - - - -] key_repository is world readable: /etc/keystone/fernet-keys/ 10.0.0.61 - - [24/May/2026:22:22:50 +0000] "POST /v3/auth/tokens HTTP/1.1" 201 1360 10.0.0.61 - - [24/May/2026:22:22:50 +0000] "POST /v3/services HTTP/1.1" 201 296 10.0.0.185 - - [24/May/2026:22:23:01 +0000] "GET / HTTP/1.1" 300 295
[Sun May 24 22:23:01.219830 2026] [wsgi:error] [pid 10:tid 139790388680384] [remote 10.0.0.185:50960] 2026-05-24 22:23:01.219 10 WARNING keystone.common.password_hashing [None req-3903cc59-4fbc-428f-89bd-b1504b99bf7b - - - - - -] Truncating password to algorithm specific maximum length 72 characters. 10.0.0.185 - - [24/May/2026:22:23:01 +0000] "GET / HTTP/1.1" 300 295
[Sun May 24 22:23:01.386901 2026] [wsgi:error] [pid 9:tid 139790388680384] [remote 10.0.0.185:50972] 2026-05-24 22:23:01.386 9 WARNING keystone.common.password_hashing [None req-1f4f66c1-e22e-4540-8764-e680127356cf - - - - - -] Truncating password to algorithm specific maximum length 72 characters. 10.0.0.185 - - [24/May/2026:22:23:01 +0000] "GET / HTTP/1.1" 300 295
[Sun May 24 22:23:01.503748 2026] [wsgi:error] [pid 11:tid 139790388680384] [remote 10.0.0.185:50980] 2026-05-24 22:23:01.503 11 WARNING keystone.common.password_hashing [None req-1eace7c8-604e-45dc-83d7-451a31122f5d - - - - - -] Truncating password to algorithm specific maximum length 72 characters.
[Sun May 24 22:23:01.510505 2026] [wsgi:error] [pid 10:tid 139790388680384] [remote 10.0.0.185:50960] 2026-05-24 22:23:01.510 10 WARNING keystone.common.fernet_utils [None req-3903cc59-4fbc-428f-89bd-b1504b99bf7b - - - - - -] key_repository is world readable: /etc/keystone/fernet-keys/ 10.0.0.185 - - [24/May/2026:22:23:01 +0000] "POST /v3/auth/tokens HTTP/1.1" 201 1464
[Sun May 24 22:23:01.658984 2026] [wsgi:error] [pid 9:tid 139790388680384] [remote 10.0.0.185:50972] 2026-05-24 22:23:01.658 9 WARNING keystone.common.fernet_utils [None req-1f4f66c1-e22e-4540-8764-e680127356cf - - - - - -] key_repository is world readable: /etc/keystone/fernet-keys/ 10.0.0.185 - - [24/May/2026:22:23:01 +0000] "POST /v3/auth/tokens HTTP/1.1" 201 1464 10.0.0.185 - - [24/May/2026:22:23:01 +0000] "GET /v3/services HTTP/1.1" 200 639
[Sun May 24 22:23:01.774249 2026] [wsgi:error] [pid 11:tid 139790388680384] [remote 10.0.0.185:50980] 2026-05-24 22:23:01.774 11 WARNING keystone.common.fernet_utils [None req-1eace7c8-604e-45dc-83d7-451a31122f5d - - - - - -] key_repository is world readable: /etc/keystone/fernet-keys/ 10.0.0.185 - - [24/May/2026:22:23:01 +0000] "POST /v3/auth/tokens HTTP/1.1" 201 1464 10.0.0.185 - - [24/May/2026:22:23:01 +0000] "GET /v3/services HTTP/1.1" 200 639 10.0.0.185 - - [24/May/2026:22:23:01 +0000] "GET /v3/services HTTP/1.1" 200 639 10.0.0.185 - - [24/May/2026:22:23:03 +0000] "GET / HTTP/1.1" 300 295
[Sun May 24 22:23:03.157043 2026] [wsgi:error] [pid 11:tid 139790388680384] [remote 10.0.0.185:50986] 2026-05-24 22:23:03.156 11 WARNING keystone.common.password_hashing [None req-cf0779bf-a1da-4411-a310-0f3a71f49c95 - - - - - -] Truncating password to algorithm specific maximum length 72 characters. 10.0.0.185 - - [24/May/2026:22:23:03 +0000] "GET / HTTP/1.1" 300 295
[Sun May 24 22:23:03.190514 2026] [wsgi:error] [pid 9:tid 139790388680384] [remote 10.0.0.185:50992] 2026-05-24 22:23:03.190 9 WARNING keystone.common.password_hashing [None req-644e6aa9-5675-4797-ba71-982c4f66ba77 - - - - - -] Truncating password to algorithm specific maximum length 72 characters. 10.0.0.185 - - [24/May/2026:22:23:03 +0000] "GET / HTTP/1.1" 300 295
[Sun May 24 22:23:03.284921 2026] [wsgi:error] [pid 10:tid 139790388680384] [remote 10.0.0.185:50994] 2026-05-24 22:23:03.284 10 WARNING keystone.common.password_hashing [None req-2818148e-4ee1-423b-8eff-707613865a0c - - - - - -] Truncating password to algorithm specific maximum length 72 characters.
[Sun May 24 22:23:03.437438 2026] [wsgi:error] [pid 11:tid 139790388680384] [remote 10.0.0.185:50986] 2026-05-24 22:23:03.437 11 WARNING keystone.common.fernet_utils [None req-cf0779bf-a1da-4411-a310-0f3a71f49c95 - - - - - -] key_repository is world readable: /etc/keystone/fernet-keys/ 10.0.0.185 - - [24/May/2026:22:23:03 +0000] "POST /v3/auth/tokens HTTP/1.1" 201 1464
[Sun May 24 22:23:03.478216 2026] [wsgi:error] [pid 9:tid 139790388680384] [remote 10.0.0.185:50992] 2026-05-24 22:23:03.478 9 WARNING keystone.common.fernet_utils [None req-644e6aa9-5675-4797-ba71-982c4f66ba77 - - - - - -] key_repository is world readable: /etc/keystone/fernet-keys/ 10.0.0.185 - - [24/May/2026:22:23:03 +0000] "POST /v3/auth/tokens HTTP/1.1" 201 1464
[Sun May 24 22:23:03.556974 2026] [wsgi:error] [pid 10:tid 139790388680384] [remote 10.0.0.185:50994] 2026-05-24 22:23:03.556 10 WARNING keystone.common.fernet_utils [None req-2818148e-4ee1-423b-8eff-707613865a0c - - - - - -] key_repository is world readable: /etc/keystone/fernet-keys/ 10.0.0.185 - - [24/May/2026:22:23:03 +0000] "POST /v3/auth/tokens HTTP/1.1" 201 1464 10.0.0.185 - - [24/May/2026:22:23:03 +0000] "GET /v3/endpoints HTTP/1.1" 200 1227 10.0.0.185 - - [24/May/2026:22:23:03 +0000] "GET /v3/services/fbff25644c2845b581c1abb392112a72 HTTP/1.1" 200 233 10.0.0.185 - - [24/May/2026:22:23:03 +0000] "GET /v3/endpoints HTTP/1.1" 200 1227 10.0.0.185 - - [24/May/2026:22:23:03 +0000] "GET /v3/services/fbff25644c2845b581c1abb392112a72 HTTP/1.1" 200 233 10.0.0.185 - - [24/May/2026:22:23:03 +0000] "GET /v3/services/fbff25644c2845b581c1abb392112a72 HTTP/1.1" 200 233 10.0.0.185 - - [24/May/2026:22:23:03 +0000] "GET /v3/services/fbff25644c2845b581c1abb392112a72 HTTP/1.1" 200 233 10.0.0.185 - - [24/May/2026:22:23:03 +0000] "GET /v3/services/fbff25644c2845b581c1abb392112a72 HTTP/1.1" 200 233 10.0.0.185 - - [24/May/2026:22:23:03 +0000] "GET /v3/services/fbff25644c2845b581c1abb392112a72 HTTP/1.1" 200 233 10.0.0.185 - - [24/May/2026:22:23:03 +0000] "GET /v3/endpoints HTTP/1.1" 200 1227 10.0.0.185 - - [24/May/2026:22:23:03 +0000] "GET /v3/services/fbff25644c2845b581c1abb392112a72 HTTP/1.1" 200 233 10.0.0.185 - - [24/May/2026:22:23:03 +0000] "GET /v3/services/fbff25644c2845b581c1abb392112a72 HTTP/1.1" 200 233 10.0.0.185 - - [24/May/2026:22:23:03 +0000] "GET /v3/services/fbff25644c2845b581c1abb392112a72 HTTP/1.1" 200 233 10.0.0.185 - - [24/May/2026:22:23:04 +0000] "GET / HTTP/1.1" 300 295
[Sun May 24 22:23:04.976255 2026] [wsgi:error] [pid 11:tid 139790388680384] [remote 10.0.0.185:51002] 2026-05-24 22:23:04.976 11 WARNING keystone.common.password_hashing [None req-5106f905-7d60-4b6c-9d87-c1eb05526b18 - - - - - -] Truncating password to algorithm specific maximum length 72 characters. 10.0.0.185 - - [24/May/2026:22:23:04 +0000] "GET / HTTP/1.1" 300 295
[Sun May 24 22:23:05.023070 2026] [wsgi:error] [pid 9:tid 139790388680384] [remote 10.0.0.185:51014] 2026-05-24 22:23:05.022 9 WARNING keystone.common.password_hashing [None req-cbb2e98c-f27d-46c0-98db-9a7d69dea90a - - - - - -] Truncating password to algorithm specific maximum length 72 characters. 10.0.0.185 - - [24/May/2026:22:23:05 +0000] "GET / HTTP/1.1" 300 295
[Sun May 24 22:23:05.058613 2026] [wsgi:error] [pid 10:tid 139790388680384] [remote 10.0.0.185:51028] 2026-05-24 22:23:05.058 10 WARNING keystone.common.password_hashing [None req-3d2ac060-3687-4419-bbe7-7f3f218e5510 - - - - - -] Truncating password to algorithm specific maximum length 72 characters.
[Sun May 24 22:23:05.248677 2026] [wsgi:error] [pid 11:tid 139790388680384] [remote 10.0.0.185:51002] 2026-05-24 22:23:05.248 11 WARNING keystone.common.fernet_utils [None req-5106f905-7d60-4b6c-9d87-c1eb05526b18 - - - - - -] key_repository is world readable: /etc/keystone/fernet-keys/ 10.0.0.185 - - [24/May/2026:22:23:04 +0000] "POST /v3/auth/tokens HTTP/1.1" 201 1464
[Sun May 24 22:23:05.297146 2026] [wsgi:error] [pid 9:tid 139790388680384] [remote 10.0.0.185:51014] 2026-05-24 22:23:05.296 9 WARNING keystone.common.fernet_utils [None req-cbb2e98c-f27d-46c0-98db-9a7d69dea90a - - - - - -] key_repository is world readable: /etc/keystone/fernet-keys/ 10.0.0.185 - - [24/May/2026:22:23:04 +0000] "POST /v3/auth/tokens HTTP/1.1" 201 1464
[Sun May 24 22:23:05.325005 2026] [wsgi:error] [pid 10:tid 139790388680384] [remote 10.0.0.185:51028] 2026-05-24 22:23:05.324 10 WARNING keystone.common.fernet_utils [None req-3d2ac060-3687-4419-bbe7-7f3f218e5510 - - - - - -] key_repository is world readable: /etc/keystone/fernet-keys/ 10.0.0.185 - - [24/May/2026:22:23:05 +0000] "POST /v3/auth/tokens HTTP/1.1" 201 1464 10.0.0.185 - - [24/May/2026:22:23:05 +0000] "GET /v3/services/d2586f7ad99244a09a399d5e05205eab HTTP/1.1" 200 296 10.0.0.185 - - [24/May/2026:22:23:05 +0000] "GET /v3/regions/RegionOne HTTP/1.1" 200 173 10.0.0.185 - - [24/May/2026:22:23:05 +0000] "POST /v3/endpoints HTTP/1.1" 201 383 10.0.0.185 - - [24/May/2026:22:23:05 +0000] "GET /v3/services/d2586f7ad99244a09a399d5e05205eab HTTP/1.1" 200 296 10.0.0.185 - - [24/May/2026:22:23:05 +0000] "GET /v3/services/d2586f7ad99244a09a399d5e05205eab HTTP/1.1" 200 296 10.0.0.185 - - [24/May/2026:22:23:05 +0000] "GET /v3/regions/RegionOne HTTP/1.1" 200 173 10.0.0.185 - - [24/May/2026:22:23:05 +0000] "GET /v3/regions/RegionOne HTTP/1.1" 200 173 10.0.0.185 - - [24/May/2026:22:23:05 +0000] "POST /v3/endpoints HTTP/1.1" 201 380 10.0.0.185 - - [24/May/2026:22:23:05 +0000] "POST /v3/endpoints HTTP/1.1" 201 370 10.0.0.185 - - [24/May/2026:22:23:06 +0000] "GET / HTTP/1.1" 300 295
[Sun May 24 22:23:06.743498 2026] [wsgi:error] [pid 9:tid 139790388680384] [remote 10.0.0.185:41334] 2026-05-24 22:23:06.743 9 WARNING keystone.common.password_hashing [None req-99f775b7-05cc-4e94-8287-110c564d1a76 - - - - - -] Truncating password to algorithm specific maximum length 72 characters. 10.0.0.185 - - [24/May/2026:22:23:06 +0000] "GET / HTTP/1.1" 300 295 10.0.0.185 - - [24/May/2026:22:23:06 +0000] "GET / HTTP/1.1" 300 295
[Sun May 24 22:23:06.954587 2026] [wsgi:error] [pid 11:tid 139790388680384] [remote 10.0.0.185:41348] 2026-05-24 22:23:06.954 11 WARNING keystone.common.password_hashing [None req-303672cf-096f-493e-aba0-b45adde4a28e - - - - - -] Truncating password to algorithm specific maximum length 72 characters.
[Sun May 24 22:23:06.955835 2026] [wsgi:error] [pid 10:tid 139790388680384] [remote 10.0.0.185:41360] 2026-05-24 22:23:06.955 10 WARNING keystone.common.password_hashing [None req-91cb32a2-01cc-4fd3-b89d-a6d30c413c3d - - - - - -] Truncating password to algorithm specific maximum length 72 characters.
[Sun May 24 22:23:07.018148 2026] [wsgi:error] [pid 9:tid 139790388680384] [remote 10.0.0.185:41334] 2026-05-24 22:23:07.017 9 WARNING keystone.common.fernet_utils [None req-99f775b7-05cc-4e94-8287-110c564d1a76 - - - - - -] key_repository is world readable: /etc/keystone/fernet-keys/ 10.0.0.185 - - [24/May/2026:22:23:06 +0000] "POST /v3/auth/tokens HTTP/1.1" 201 1992 10.0.0.185 - - [24/May/2026:22:23:07 +0000] "GET /v3/endpoints/426845049fcf4b629d85658380d63141 HTTP/1.1" 200 383 10.0.0.185 - - [24/May/2026:22:23:07 +0000] "GET /v3/services/d2586f7ad99244a09a399d5e05205eab HTTP/1.1" 200 296
[Sun May 24 22:23:07.225649 2026] [wsgi:error] [pid 10:tid 139790388680384] [remote 10.0.0.185:41360] 2026-05-24 22:23:07.225 10 WARNING keystone.common.fernet_utils [None req-91cb32a2-01cc-4fd3-b89d-a6d30c413c3d - - - - - -] key_repository is world readable: /etc/keystone/fernet-keys/ 10.0.0.185 - - [24/May/2026:22:23:06 +0000] "POST /v3/auth/tokens HTTP/1.1" 201 1992
[Sun May 24 22:23:07.231824 2026] [wsgi:error] [pid 11:tid 139790388680384] [remote 10.0.0.185:41348] 2026-05-24 22:23:07.231 11 WARNING keystone.common.fernet_utils [None req-303672cf-096f-493e-aba0-b45adde4a28e - - - - - -] key_repository is world readable: /etc/keystone/fernet-keys/ 10.0.0.185 - - [24/May/2026:22:23:06 +0000] "POST /v3/auth/tokens HTTP/1.1" 201 1992 10.0.0.185 - - [24/May/2026:22:23:07 +0000] "GET /v3/endpoints/1400d853829848eba1ac2268c68cec4c HTTP/1.1" 200 370 10.0.0.185 - - [24/May/2026:22:23:07 +0000] "GET /v3/endpoints/2be93fe204d6455c8d732b27ee650008 HTTP/1.1" 200 380 10.0.0.185 - - [24/May/2026:22:23:07 +0000] "GET /v3/services/d2586f7ad99244a09a399d5e05205eab HTTP/1.1" 200 296 10.0.0.185 - - [24/May/2026:22:23:07 +0000] "GET /v3/services/d2586f7ad99244a09a399d5e05205eab HTTP/1.1" 200 296 10.0.0.120 - - [24/May/2026:22:23:18 +0000] "GET / HTTP/1.1" 300 295
[Sun May 24 22:23:18.516494 2026] [wsgi:error] [pid 9:tid 139790388680384] [remote 10.0.0.120:55250] 2026-05-24 22:23:18.516 9 WARNING keystone.common.password_hashing [None req-7af5be5c-36ac-47b1-bfcb-04c0963ae31a - - - - - -] Truncating password to algorithm specific maximum length 72 characters.
[Sun May 24 22:23:18.811674 2026] [wsgi:error] [pid 9:tid 139790388680384] [remote 10.0.0.120:55250] 2026-05-24 22:23:18.811 9 WARNING keystone.common.fernet_utils [None req-7af5be5c-36ac-47b1-bfcb-04c0963ae31a - - - - - -] key_repository is world readable: /etc/keystone/fernet-keys/ 10.0.0.120 - - [24/May/2026:22:23:18 +0000] "POST /v3/auth/tokens HTTP/1.1" 201 1992 10.0.0.120 - - [24/May/2026:22:23:18 +0000] "POST /v3/domains HTTP/1.1" 201 284 10.0.0.60 - - [24/May/2026:22:23:19 +0000] "GET /v3/ HTTP/1.1" 200 250 10.0.0.60 - - [24/May/2026:22:23:19 +0000] "GET /v3/ HTTP/1.1" 200 250 10.0.0.120 - - [24/May/2026:22:23:20 +0000] "GET / HTTP/1.1" 300 295
[Sun May 24 22:23:20.334148 2026] [wsgi:error] [pid 10:tid 139790388680384] [remote 10.0.0.120:55252] 2026-05-24 22:23:20.333 10 WARNING keystone.common.password_hashing [None req-342b47a6-1f28-4d79-afde-b94123b59749 - - - - - -] Truncating password to algorithm specific maximum length 72 characters.
[Sun May 24 22:23:20.618304 2026] [wsgi:error] [pid 10:tid 139790388680384] [remote 10.0.0.120:55252] 2026-05-24 22:23:20.618 10 WARNING keystone.common.fernet_utils [None req-342b47a6-1f28-4d79-afde-b94123b59749 - - - - - -] key_repository is world readable: /etc/keystone/fernet-keys/ 10.0.0.120 - - [24/May/2026:22:23:20 +0000] "POST /v3/auth/tokens HTTP/1.1" 201 1992
[Sun May 24 22:23:20.809241 2026] [wsgi:error] [pid 11:tid 139790388680384] [remote 10.0.0.120:55252] 2026-05-24 22:23:20.792 11 ERROR keystone.server.flask.application [None req-15be9f5d-7fe2-4061-a389-416bd6bbbb70 95f50a922b4440c1ad053c80236d97b8 8e7756f45578499d838b5e3ed9ee8a4a - - default default] Conflict occurred attempting to store project - it is not permitted to have two projects acting as domains with the same name: service.: keystone.exception.Conflict: Conflict occurred attempting to store project - it is not permitted to have two projects acting as domains with the same name: service.
[Sun May 24 22:23:20.809272 2026] [wsgi:error] [pid 11:tid 139790388680384] [remote 10.0.0.120:55252] 2026-05-24 22:23:20.792 11 ERROR keystone.server.flask.application
Traceback (most recent call last):
[Sun May 24 22:23:20.809274 2026] [wsgi:error] [pid 11:tid 139790388680384] [remote 10.0.0.120:55252] 2026-05-24 22:23:20.792 11 ERROR keystone.server.flask.application
File "/var/lib/openstack/lib/python3.12/site-packages/sqlalchemy/engine/base.py", line 1967, in _exec_single_context
[Sun May 24 22:23:20.809276 2026] [wsgi:error] [pid 11:tid 139790388680384] [remote 10.0.0.120:55252] 2026-05-24 22:23:20.792 11 ERROR keystone.server.flask.application self.dialect.do_execute(
[Sun May 24 22:23:20.809277 2026] [wsgi:error] [pid 11:tid 139790388680384] [remote 10.0.0.120:55252] 2026-05-24 22:23:20.792 11 ERROR keystone.server.flask.application
File "/var/lib/openstack/lib/python3.12/site-packages/sqlalchemy/engine/default.py", line 952, in do_execute
[Sun May 24 22:23:20.809279 2026] [wsgi:error] [pid 11:tid 139790388680384] [remote 10.0.0.120:55252] 2026-05-24 22:23:20.792 11 ERROR keystone.server.flask.application cursor.execute(statement, parameters)
[Sun May 24 22:23:20.809280 2026] [wsgi:error] [pid 11:tid 139790388680384] [remote 10.0.0.120:55252] 2026-05-24 22:23:20.792 11 ERROR keystone.server.flask.application
File "/var/lib/openstack/lib/python3.12/site-packages/pymysql/cursors.py", line 157, in execute
[Sun May 24 22:23:20.809282 2026] [wsgi:error] [pid 11:tid 139790388680384] [remote 10.0.0.120:55252] 2026-05-24 22:23:20.792 11 ERROR keystone.server.flask.application result = self._query(query)
[Sun May 24 22:23:20.809283 2026] [wsgi:error] [pid 11:tid 139790388680384] [remote 10.0.0.120:55252] 2026-05-24 22:23:20.792 11 ERROR keystone.server.flask.application ^^^^^^^^^^^^^^^^^^
[Sun May 24 22:23:20.809284 2026] [wsgi:error] [pid 11:tid 139790388680384] [remote 10.0.0.120:55252] 2026-05-24 22:23:20.792 11 ERROR keystone.server.flask.application
File "/var/lib/openstack/lib/python3.12/site-packages/pymysql/cursors.py", line 328, in _query
[Sun May 24 22:23:20.809286 2026] [wsgi:error] [pid 11:tid 139790388680384] [remote 10.0.0.120:55252] 2026-05-24 22:23:20.792 11 ERROR keystone.server.flask.application conn.query(q)
[Sun May 24 22:23:20.809287 2026] [wsgi:error] [pid 11:tid 139790388680384] [remote 10.0.0.120:55252] 2026-05-24 22:23:20.792 11 ERROR keystone.server.flask.application
File "/var/lib/openstack/lib/python3.12/site-packages/pymysql/connections.py", line 575, in query
[Sun May 24 22:23:20.809289 2026] [wsgi:error] [pid 11:tid 139790388680384] [remote 10.0.0.120:55252] 2026-05-24 22:23:20.792 11 ERROR keystone.server.flask.application self._affected_rows = self._read_query_result(unbuffered=unbuffered)
[Sun May 24 22:23:20.809290 2026] [wsgi:error] [pid 11:tid 139790388680384] [remote 10.0.0.120:55252] 2026-05-24 22:23:20.792 11 ERROR keystone.server.flask.application ^^^^^^^^^^^^^^^^^^^^^^^^^^^^^^^^^^^^^^^^^^^^^^
[Sun May 24 22:23:20.809292 2026] [wsgi:error] [pid 11:tid 139790388680384] [remote 10.0.0.120:55252] 2026-05-24 22:23:20.792 11 ERROR keystone.server.flask.application
File "/var/lib/openstack/lib/python3.12/site-packages/pymysql/connections.py", line 826, in _read_query_result
[Sun May 24 22:23:20.809293 2026] [wsgi:error] [pid 11:tid 139790388680384] [remote 10.0.0.120:55252] 2026-05-24 22:23:20.792 11 ERROR keystone.server.flask.application result.read()
[Sun May 24 22:23:20.809296 2026] [wsgi:error] [pid 11:tid 139790388680384] [remote 10.0.0.120:55252] 2026-05-24 22:23:20.792 11 ERROR keystone.server.flask.application
File "/var/lib/openstack/lib/python3.12/site-packages/pymysql/connections.py", line 1203, in read
[Sun May 24 22:23:20.809297 2026] [wsgi:error] [pid 11:tid 139790388680384] [remote 10.0.0.120:55252] 2026-05-24 22:23:20.792 11 ERROR keystone.server.flask.application first_packet = self.connection._read_packet()
[Sun May 24 22:23:20.809299 2026] [wsgi:error] [pid 11:tid 139790388680384] [remote 10.0.0.120:55252] 2026-05-24 22:23:20.792 11 ERROR keystone.server.flask.application ^^^^^^^^^^^^^^^^^^^^^^^^^^^^^^
[Sun May 24 22:23:20.809300 2026] [wsgi:error] [pid 11:tid 139790388680384] [remote 10.0.0.120:55252] 2026-05-24 22:23:20.792 11 ERROR keystone.server.flask.application
File "/var/lib/openstack/lib/python3.12/site-packages/pymysql/connections.py", line 782, in _read_packet
[Sun May 24 22:23:20.809301 2026] [wsgi:error] [pid 11:tid 139790388680384] [remote 10.0.0.120:55252] 2026-05-24 22:23:20.792 11 ERROR keystone.server.flask.application packet.raise_for_error()
[Sun May 24 22:23:20.809303 2026] [wsgi:error] [pid 11:tid 139790388680384] [remote 10.0.0.120:55252] 2026-05-24 22:23:20.792 11 ERROR keystone.server.flask.application
File "/var/lib/openstack/lib/python3.12/site-packages/pymysql/protocol.py", line 219, in raise_for_error
[Sun May 24 22:23:20.809304 2026] [wsgi:error] [pid 11:tid 139790388680384] [remote 10.0.0.120:55252] 2026-05-24 22:23:20.792 11 ERROR keystone.server.flask.application err.raise_mysql_exception(self._data)
[Sun May 24 22:23:20.809306 2026] [wsgi:error] [pid 11:tid 139790388680384] [remote 10.0.0.120:55252] 2026-05-24 22:23:20.792 11 ERROR keystone.server.flask.application
File "/var/lib/openstack/lib/python3.12/site-packages/pymysql/err.py", line 150, in raise_mysql_exception
[Sun May 24 22:23:20.809307 2026] [wsgi:error] [pid 11:tid 139790388680384] [remote 10.0.0.120:55252] 2026-05-24 22:23:20.792 11 ERROR keystone.server.flask.application raise errorclass(errno, errval)
[Sun May 24 22:23:20.809309 2026] [wsgi:error] [pid 11:tid 139790388680384] [remote 10.0.0.120:55252] 2026-05-24 22:23:20.792 11 ERROR keystone.server.flask.application pymysql.err.IntegrityError: (1062, "Duplicate entry '<>-service' for key 'project.ixu_project_name_domain_id'")
[Sun May 24 22:23:20.809311 2026] [wsgi:error] [pid 11:tid 139790388680384] [remote 10.0.0.120:55252] 2026-05-24 22:23:20.792 11 ERROR keystone.server.flask.application
[Sun May 24 22:23:20.809312 2026] [wsgi:error] [pid 11:tid 139790388680384] [remote 10.0.0.120:55252] 2026-05-24 22:23:20.792 11 ERROR keystone.server.flask.application The above exception was the direct cause of the following exception:
[Sun May 24 22:23:20.809313 2026] [wsgi:error] [pid 11:tid 139790388680384] [remote 10.0.0.120:55252] 2026-05-24 22:23:20.792 11 ERROR keystone.server.flask.application
[Sun May 24 22:23:20.809314 2026] [wsgi:error] [pid 11:tid 139790388680384] [remote 10.0.0.120:55252] 2026-05-24 22:23:20.792 11 ERROR keystone.server.flask.application
Traceback (most recent call last):
[Sun May 24 22:23:20.809316 2026] [wsgi:error] [pid 11:tid 139790388680384] [remote 10.0.0.120:55252] 2026-05-24 22:23:20.792 11 ERROR keystone.server.flask.application
File "/var/lib/openstack/lib/python3.12/site-packages/keystone/common/sql/core.py", line 575, in wrapper
[Sun May 24 22:23:20.809317 2026] [wsgi:error] [pid 11:tid 139790388680384] [remote 10.0.0.120:55252] 2026-05-24 22:23:20.792 11 ERROR keystone.server.flask.application return method(*args, **kwargs)
[Sun May 24 22:23:20.809318 2026] [wsgi:error] [pid 11:tid 139790388680384] [remote 10.0.0.120:55252] 2026-05-24 22:23:20.792 11 ERROR keystone.server.flask.application ^^^^^^^^^^^^^^^^^^^^^^^
[Sun May 24 22:23:20.809321 2026] [wsgi:error] [pid 11:tid 139790388680384] [remote 10.0.0.120:55252] 2026-05-24 22:23:20.792 11 ERROR keystone.server.flask.application
File "/var/lib/openstack/lib/python3.12/site-packages/keystone/resource/backends/sql.py", line 278, in create_project
[Sun May 24 22:23:20.809322 2026] [wsgi:error] [pid 11:tid 139790388680384] [remote 10.0.0.120:55252] 2026-05-24 22:23:20.792 11 ERROR keystone.server.flask.application with sql.session_for_write() as session:
[Sun May 24 22:23:20.809324 2026] [wsgi:error] [pid 11:tid 139790388680384] [remote 10.0.0.120:55252] 2026-05-24 22:23:20.792 11 ERROR keystone.server.flask.application
File "/usr/lib/python3.12/contextlib.py", line 144, in __exit__
[Sun May 24 22:23:20.809325 2026] [wsgi:error] [pid 11:tid 139790388680384] [remote 10.0.0.120:55252] 2026-05-24 22:23:20.792 11 ERROR keystone.server.flask.application next(self.gen)
[Sun May 24 22:23:20.809326 2026] [wsgi:error] [pid 11:tid 139790388680384] [remote 10.0.0.120:55252] 2026-05-24 22:23:20.792 11 ERROR keystone.server.flask.application
File "/var/lib/openstack/lib/python3.12/site-packages/oslo_db/sqlalchemy/enginefacade.py", line 1175, in _transaction_scope
[Sun May 24 22:23:20.809328 2026] [wsgi:error] [pid 11:tid 139790388680384] [remote 10.0.0.120:55252] 2026-05-24 22:23:20.792 11 ERROR keystone.server.flask.application with current._produce_block(
[Sun May 24 22:23:20.809329 2026] [wsgi:error] [pid 11:tid 139790388680384] [remote 10.0.0.120:55252] 2026-05-24 22:23:20.792 11 ERROR keystone.server.flask.application
File "/usr/lib/python3.12/contextlib.py", line 144, in __exit__
[Sun May 24 22:23:20.809330 2026] [wsgi:error] [pid 11:tid 139790388680384] [remote 10.0.0.120:55252] 2026-05-24 22:23:20.792 11 ERROR keystone.server.flask.application next(self.gen)
[Sun May 24 22:23:20.809332 2026] [wsgi:error] [pid 11:tid 139790388680384] [remote 10.0.0.120:55252] 2026-05-24 22:23:20.792 11 ERROR keystone.server.flask.application
File "/var/lib/openstack/lib/python3.12/site-packages/oslo_db/sqlalchemy/enginefacade.py", line 837, in _session
[Sun May 24 22:23:20.809334 2026] [wsgi:error] [pid 11:tid 139790388680384] [remote 10.0.0.120:55252] 2026-05-24 22:23:20.792 11 ERROR keystone.server.flask.application with excutils.save_and_reraise_exception():
[Sun May 24 22:23:20.809335 2026] [wsgi:error] [pid 11:tid 139790388680384] [remote 10.0.0.120:55252] 2026-05-24 22:23:20.792 11 ERROR keystone.server.flask.application
File "/var/lib/openstack/lib/python3.12/site-packages/oslo_utils/excutils.py", line 271, in __exit__
[Sun May 24 22:23:20.809337 2026] [wsgi:error] [pid 11:tid 139790388680384] [remote 10.0.0.120:55252] 2026-05-24 22:23:20.792 11 ERROR keystone.server.flask.application self.force_reraise()
[Sun May 24 22:23:20.809338 2026] [wsgi:error] [pid 11:tid 139790388680384] [remote 10.0.0.120:55252] 2026-05-24 22:23:20.792 11 ERROR keystone.server.flask.application
File "/var/lib/openstack/lib/python3.12/site-packages/oslo_utils/excutils.py", line 233, in force_reraise
[Sun May 24 22:23:20.809340 2026] [wsgi:error] [pid 11:tid 139790388680384] [remote 10.0.0.120:55252] 2026-05-24 22:23:20.792 11 ERROR keystone.server.flask.application raise self.value
[Sun May 24 22:23:20.809341 2026] [wsgi:error] [pid 11:tid 139790388680384] [remote 10.0.0.120:55252] 2026-05-24 22:23:20.792 11 ERROR keystone.server.flask.application
File "/var/lib/openstack/lib/python3.12/site-packages/oslo_db/sqlalchemy/enginefacade.py", line 835, in _session
[Sun May 24 22:23:20.809342 2026] [wsgi:error] [pid 11:tid 139790388680384] [remote 10.0.0.120:55252] 2026-05-24 22:23:20.792 11 ERROR keystone.server.flask.application self._end_session_transaction(self.session)
[Sun May 24 22:23:20.809344 2026] [wsgi:error] [pid 11:tid 139790388680384] [remote 10.0.0.120:55252] 2026-05-24 22:23:20.792 11 ERROR keystone.server.flask.application
File "/var/lib/openstack/lib/python3.12/site-packages/oslo_db/sqlalchemy/enginefacade.py", line 748, in _end_session_transaction
[Sun May 24 22:23:20.809347 2026] [wsgi:error] [pid 11:tid 139790388680384] [remote 10.0.0.120:55252] 2026-05-24 22:23:20.792 11 ERROR keystone.server.flask.application session.commit()
[Sun May 24 22:23:20.809348 2026] [wsgi:error] [pid 11:tid 139790388680384] [remote 10.0.0.120:55252] 2026-05-24 22:23:20.792 11 ERROR keystone.server.flask.application
File "/var/lib/openstack/lib/python3.12/site-packages/sqlalchemy/orm/session.py", line 2030, in commit
[Sun May 24 22:23:20.809350 2026] [wsgi:error] [pid 11:tid 139790388680384] [remote 10.0.0.120:55252] 2026-05-24 22:23:20.792 11 ERROR keystone.server.flask.application trans.commit(_to_root=True)
[Sun May 24 22:23:20.809351 2026] [wsgi:error] [pid 11:tid 139790388680384] [remote 10.0.0.120:55252] 2026-05-24 22:23:20.792 11 ERROR keystone.server.flask.application File "", line 2, in commit
[Sun May 24 22:23:20.809352 2026] [wsgi:error] [pid 11:tid 139790388680384] [remote 10.0.0.120:55252] 2026-05-24 22:23:20.792 11 ERROR keystone.server.flask.application
File "/var/lib/openstack/lib/python3.12/site-packages/sqlalchemy/orm/state_changes.py", line 137, in _go
[Sun May 24 22:23:20.809354 2026] [wsgi:error] [pid 11:tid 139790388680384] [remote 10.0.0.120:55252] 2026-05-24 22:23:20.792 11 ERROR keystone.server.flask.application ret_value = fn(self, *arg, **kw)
[Sun May 24 22:23:20.809355 2026] [wsgi:error] [pid 11:tid 139790388680384] [remote 10.0.0.120:55252] 2026-05-24 22:23:20.792 11 ERROR keystone.server.flask.application ^^^^^^^^^^^^^^^^^^^^
[Sun May 24 22:23:20.809356 2026] [wsgi:error] [pid 11:tid 139790388680384] [remote 10.0.0.120:55252] 2026-05-24 22:23:20.792 11 ERROR keystone.server.flask.application
File "/var/lib/openstack/lib/python3.12/site-packages/sqlalchemy/orm/session.py", line 1311, in commit
[Sun May 24 22:23:20.809358 2026] [wsgi:error] [pid 11:tid 139790388680384] [remote 10.0.0.120:55252] 2026-05-24 22:23:20.792 11 ERROR keystone.server.flask.application self._prepare_impl()
[Sun May 24 22:23:20.809359 2026] [wsgi:error] [pid 11:tid 139790388680384] [remote 10.0.0.120:55252] 2026-05-24 22:23:20.792 11 ERROR keystone.server.flask.application File "", line 2, in _prepare_impl
[Sun May 24 22:23:20.809360 2026] [wsgi:error] [pid 11:tid 139790388680384] [remote 10.0.0.120:55252] 2026-05-24 22:23:20.792 11 ERROR keystone.server.flask.application
File "/var/lib/openstack/lib/python3.12/site-packages/sqlalchemy/orm/state_changes.py", line 137, in _go
[Sun May 24 22:23:20.809362 2026] [wsgi:error] [pid 11:tid 139790388680384] [remote 10.0.0.120:55252] 2026-05-24 22:23:20.792 11 ERROR keystone.server.flask.application ret_value = fn(self, *arg, **kw)
[Sun May 24 22:23:20.809363 2026] [wsgi:error] [pid 11:tid 139790388680384] [remote 10.0.0.120:55252] 2026-05-24 22:23:20.792 11 ERROR keystone.server.flask.application ^^^^^^^^^^^^^^^^^^^^
[Sun May 24 22:23:20.809364 2026] [wsgi:error] [pid 11:tid 139790388680384] [remote 10.0.0.120:55252] 2026-05-24 22:23:20.792 11 ERROR keystone.server.flask.application
File "/var/lib/openstack/lib/python3.12/site-packages/sqlalchemy/orm/session.py", line 1286, in _prepare_impl
[Sun May 24 22:23:20.809366 2026] [wsgi:error] [pid 11:tid 139790388680384] [remote 10.0.0.120:55252] 2026-05-24 22:23:20.792 11 ERROR keystone.server.flask.application self.session.flush()
[Sun May 24 22:23:20.809367 2026] [wsgi:error] [pid 11:tid 139790388680384] [remote 10.0.0.120:55252] 2026-05-24 22:23:20.792 11 ERROR keystone.server.flask.application
File "/var/lib/openstack/lib/python3.12/site-packages/sqlalchemy/orm/session.py", line 4331, in flush
[Sun May 24 22:23:20.809368 2026] [wsgi:error] [pid 11:tid 139790388680384] [remote 10.0.0.120:55252] 2026-05-24 22:23:20.792 11 ERROR keystone.server.flask.application self._flush(objects)
[Sun May 24 22:23:20.809371 2026] [wsgi:error] [pid 11:tid 139790388680384] [remote 10.0.0.120:55252] 2026-05-24 22:23:20.792 11 ERROR keystone.server.flask.application
File "/var/lib/openstack/lib/python3.12/site-packages/sqlalchemy/orm/session.py", line 4466, in _flush
[Sun May 24 22:23:20.809372 2026] [wsgi:error] [pid 11:tid 139790388680384] [remote 10.0.0.120:55252] 2026-05-24 22:23:20.792 11 ERROR keystone.server.flask.application with util.safe_reraise():
[Sun May 24 22:23:20.809425 2026] [wsgi:error] [pid 11:tid 139790388680384] [remote 10.0.0.120:55252] 2026-05-24 22:23:20.792 11 ERROR keystone.server.flask.application
File "/var/lib/openstack/lib/python3.12/site-packages/sqlalchemy/util/langhelpers.py", line 121, in __exit__
[Sun May 24 22:23:20.809427 2026] [wsgi:error] [pid 11:tid 139790388680384] [remote 10.0.0.120:55252] 2026-05-24 22:23:20.792 11 ERROR keystone.server.flask.application raise exc_value.with_traceback(exc_tb)
[Sun May 24 22:23:20.809429 2026] [wsgi:error] [pid 11:tid 139790388680384] [remote 10.0.0.120:55252] 2026-05-24 22:23:20.792 11 ERROR keystone.server.flask.application
File "/var/lib/openstack/lib/python3.12/site-packages/sqlalchemy/orm/session.py", line 4427, in _flush
[Sun May 24 22:23:20.809430 2026] [wsgi:error] [pid 11:tid 139790388680384] [remote 10.0.0.120:55252] 2026-05-24 22:23:20.792 11 ERROR keystone.server.flask.application flush_context.execute()
[Sun May 24 22:23:20.809432 2026] [wsgi:error] [pid 11:tid 139790388680384] [remote 10.0.0.120:55252] 2026-05-24 22:23:20.792 11 ERROR keystone.server.flask.application
