2026-07-31 22:36:58.300 8 INFO neutron.db.ovn_revision_numbers_db [None req-b20fd2b5-f8be-44c3-ad0e-128a3e20650f 1c77bc359ccb418bb0269e7fbae9037a 0cead967dd5649c5bbcc317784253930 - - default default] Successfully bumped revision number for resource efa869b1-d9e4-47f4-9439-81023ff5bc85 (type: subnets) to 0 [pid: 8|app: 0|req: 1243/2393] 10.0.0.81 () {34 vars in 668 bytes} [Fri Jul 31 22:36:58 2026] POST /v2.0/subnets => generated 731 bytes in 235 msecs (HTTP/1.1 201) 4 headers in 162 bytes (1 switches on core 0)
2026-07-31 22:36:58.429 7 INFO neutron.db.segments_db [None req-c4aad6d6-275c-4266-8f85-7839d051b029 1c77bc359ccb418bb0269e7fbae9037a 0cead967dd5649c5bbcc317784253930 - - default default] Added segment 8ca7b02d-78fc-4880-bd9e-af457348138a of type geneve for network 5e80524c-f92d-40cf-9724-237aecdaf6fb
2026-07-31 22:36:58.574 7 INFO neutron.db.ovn_revision_numbers_db [None req-c4aad6d6-275c-4266-8f85-7839d051b029 1c77bc359ccb418bb0269e7fbae9037a 0cead967dd5649c5bbcc317784253930 - - default default] Successfully bumped revision number for resource 5e80524c-f92d-40cf-9724-237aecdaf6fb (type: networks) to 1
2026-07-31 22:36:58.761 7 WARNING neutron.scheduler.dhcp_agent_scheduler [None req-c4aad6d6-275c-4266-8f85-7839d051b029 1c77bc359ccb418bb0269e7fbae9037a 0cead967dd5649c5bbcc317784253930 - - default default] No more DHCP agents
2026-07-31 22:36:58.763 7 WARNING neutron.api.rpc.agentnotifiers.dhcp_rpc_agent_api [None req-c4aad6d6-275c-4266-8f85-7839d051b029 1c77bc359ccb418bb0269e7fbae9037a 0cead967dd5649c5bbcc317784253930 - - default default] Unable to schedule network 5e80524c-f92d-40cf-9724-237aecdaf6fb: no agents available; will retry on subsequent port and subnet creation events.
2026-07-31 22:36:58.835 7 INFO neutron.plugins.ml2.drivers.ovn.mech_driver.mech_driver [None req-7606c3b1-d369-4ed2-bccd-b034e49a5609 - - - - - -] OVN reports status down for port: 6f9a7f5c-5f2b-4796-a9f4-5e0139ac0fc1 [pid: 8|app: 0|req: 1244/2394] 10.0.0.218 () {34 vars in 990 bytes} [Fri Jul 31 22:36:58 2026] GET /v2.0/ports?device_id=9d68532d-6829-4108-95dd-9ad6bcee844e => generated 975 bytes in 107 msecs (HTTP/1.1 200) 4 headers in 157 bytes (1 switches on core 0)
2026-07-31 22:36:58.898 7 INFO neutron.db.ovn_revision_numbers_db [None req-c4aad6d6-275c-4266-8f85-7839d051b029 1c77bc359ccb418bb0269e7fbae9037a 0cead967dd5649c5bbcc317784253930 - - default default] Successfully bumped revision number for resource 6f9a7f5c-5f2b-4796-a9f4-5e0139ac0fc1 (type: ports) to 1 [pid: 8|app: 0|req: 1245/2395] 10.0.0.218 () {34 vars in 1040 bytes} [Fri Jul 31 22:36:58 2026] GET /v2.0/security-groups?id=f2f8923e-5ca7-4c2d-980d-138f7ee5358f&fields=id&fields=name => generated 88 bytes in 32 msecs (HTTP/1.1 200) 4 headers in 156 bytes (1 switches on core 0) [pid: 7|app: 0|req: 1151/2396] 10.0.0.81 () {34 vars in 669 bytes} [Fri Jul 31 22:36:58 2026] POST /v2.0/networks => generated 657 bytes in 629 msecs (HTTP/1.1 201) 4 headers in 162 bytes (1 switches on core 0)
2026-07-31 22:36:59.129 8 WARNING neutron.scheduler.dhcp_agent_scheduler [None req-21e55395-dc8a-4444-82df-ee5142768c07 1c77bc359ccb418bb0269e7fbae9037a 0cead967dd5649c5bbcc317784253930 - - default default] No more DHCP agents
2026-07-31 22:36:59.131 8 WARNING neutron.api.rpc.agentnotifiers.dhcp_rpc_agent_api [None req-21e55395-dc8a-4444-82df-ee5142768c07 1c77bc359ccb418bb0269e7fbae9037a 0cead967dd5649c5bbcc317784253930 - - default default] Unable to schedule network 5e80524c-f92d-40cf-9724-237aecdaf6fb: no agents available; will retry on subsequent port and subnet creation events.
2026-07-31 22:36:59.573 8 INFO neutron.db.ovn_revision_numbers_db [None req-1bcb692c-5452-48fe-ad82-4d1b8f65ec05 - - - - - -] Successfully bumped revision number for resource 6f9a7f5c-5f2b-4796-a9f4-5e0139ac0fc1 (type: ports) to 2
2026-07-31 22:36:59.605 8 INFO neutron.db.ovn_revision_numbers_db [None req-1bcb692c-5452-48fe-ad82-4d1b8f65ec05 - - - - - -] Successfully bumped revision number for resource 0fbef8b9-6c37-4dec-84f0-2358e9fd3067 (type: subnets) to 0 [pid: 8|app: 0|req: 1246/2397] 10.0.0.81 () {34 vars in 668 bytes} [Fri Jul 31 22:36:58 2026] POST /v2.0/subnets => generated 656 bytes in 664 msecs (HTTP/1.1 201) 4 headers in 162 bytes (1 switches on core 0)
2026-07-31 22:36:59.831 7 INFO neutron.plugins.ml2.drivers.ovn.mech_driver.mech_driver [None req-7606c3b1-d369-4ed2-bccd-b034e49a5609 - - - - - -] OVN reports status down for port: fee23e38-3703-432e-b677-1998936cfc5c
2026-07-31 22:36:59.944 7 WARNING neutron.scheduler.dhcp_agent_scheduler [None req-52e640ba-1379-4263-b043-b5f492745e81 1c77bc359ccb418bb0269e7fbae9037a 0cead967dd5649c5bbcc317784253930 - - default default] No more DHCP agents
2026-07-31 22:36:59.947 7 WARNING neutron.api.rpc.agentnotifiers.dhcp_rpc_agent_api [None req-52e640ba-1379-4263-b043-b5f492745e81 1c77bc359ccb418bb0269e7fbae9037a 0cead967dd5649c5bbcc317784253930 - - default default] Unable to schedule network 5e80524c-f92d-40cf-9724-237aecdaf6fb: no agents available; will retry on subsequent port and subnet creation events.
2026-07-31 22:37:00.013 7 INFO neutron.db.ovn_revision_numbers_db [None req-52e640ba-1379-4263-b043-b5f492745e81 1c77bc359ccb418bb0269e7fbae9037a 0cead967dd5649c5bbcc317784253930 - - default default] Successfully bumped revision number for resource 3919bd76-7489-4f24-a63b-d7e2cbca1aa8 (type: subnets) to 0
2026-07-31 22:37:00.015 7 INFO neutron.notifiers.nova [-] Nova event matching ['req-dc6235c6-5fb2-4377-a946-51bc7589776a'] response: {'server_uuid': '9d68532d-6829-4108-95dd-9ad6bcee844e', 'name': 'network-vif-unplugged', 'status': 'completed', 'tag': 'fee23e38-3703-432e-b677-1998936cfc5c', 'code': 200} [pid: 8|app: 0|req: 1247/2398] 10.0.0.218 () {34 vars in 990 bytes} [Fri Jul 31 22:36:59 2026] GET /v2.0/ports?device_id=9d68532d-6829-4108-95dd-9ad6bcee844e => generated 975 bytes in 44 msecs (HTTP/1.1 200) 4 headers in 157 bytes (1 switches on core 0) [pid: 7|app: 0|req: 1152/2399] 10.0.0.81 () {34 vars in 668 bytes} [Fri Jul 31 22:36:59 2026] POST /v2.0/subnets => generated 725 bytes in 415 msecs (HTTP/1.1 201) 4 headers in 162 bytes (1 switches on core 0) [pid: 8|app: 0|req: 1248/2400] 10.0.0.218 () {34 vars in 1040 bytes} [Fri Jul 31 22:37:00 2026] GET /v2.0/security-groups?id=f2f8923e-5ca7-4c2d-980d-138f7ee5358f&fields=id&fields=name => generated 88 bytes in 32 msecs (HTTP/1.1 200) 4 headers in 156 bytes (1 switches on core 0)
2026-07-31 22:37:00.173 7 INFO neutron.db.segments_db [None req-ceab18b4-dccc-4ec1-8c44-9fc9918bd2f8 1c77bc359ccb418bb0269e7fbae9037a 0cead967dd5649c5bbcc317784253930 - - default default] Added segment c1854b69-bd88-4658-82b4-88e9ee9607a0 of type geneve for network 91caa010-d91b-4ccd-a45e-94af6ed95b4b
2026-07-31 22:37:00.193 7 INFO neutron.db.ovn_revision_numbers_db [None req-7606c3b1-d369-4ed2-bccd-b034e49a5609 - - - - - -] Successfully bumped revision number for resource fee23e38-3703-432e-b677-1998936cfc5c (type: ports) to 6
2026-07-31 22:37:00.317 7 INFO neutron.db.ovn_revision_numbers_db [None req-ceab18b4-dccc-4ec1-8c44-9fc9918bd2f8 1c77bc359ccb418bb0269e7fbae9037a 0cead967dd5649c5bbcc317784253930 - - default default] Successfully bumped revision number for resource 91caa010-d91b-4ccd-a45e-94af6ed95b4b (type: networks) to 1
2026-07-31 22:37:00.481 7 WARNING neutron.scheduler.dhcp_agent_scheduler [None req-ceab18b4-dccc-4ec1-8c44-9fc9918bd2f8 1c77bc359ccb418bb0269e7fbae9037a 0cead967dd5649c5bbcc317784253930 - - default default] No more DHCP agents
2026-07-31 22:37:00.482 7 WARNING neutron.api.rpc.agentnotifiers.dhcp_rpc_agent_api [None req-ceab18b4-dccc-4ec1-8c44-9fc9918bd2f8 1c77bc359ccb418bb0269e7fbae9037a 0cead967dd5649c5bbcc317784253930 - - default default] Unable to schedule network 91caa010-d91b-4ccd-a45e-94af6ed95b4b: no agents available; will retry on subsequent port and subnet creation events.
2026-07-31 22:37:00.545 7 INFO neutron.plugins.ml2.drivers.ovn.mech_driver.mech_driver [None req-4f22f048-3b68-4ed0-a52d-3c3e854d3297 - - - - - -] OVN reports status down for port: 34e35b7e-1429-4e11-958f-d7955dec827c
2026-07-31 22:37:00.608 7 INFO neutron.db.ovn_revision_numbers_db [None req-ceab18b4-dccc-4ec1-8c44-9fc9918bd2f8 1c77bc359ccb418bb0269e7fbae9037a 0cead967dd5649c5bbcc317784253930 - - default default] Successfully bumped revision number for resource 34e35b7e-1429-4e11-958f-d7955dec827c (type: ports) to 1 [pid: 7|app: 0|req: 1153/2401] 10.0.0.81 () {34 vars in 669 bytes} [Fri Jul 31 22:37:00 2026] POST /v2.0/networks => generated 656 bytes in 611 msecs (HTTP/1.1 201) 4 headers in 162 bytes (1 switches on core 0)
2026-07-31 22:37:00.831 8 WARNING neutron.scheduler.dhcp_agent_scheduler [None req-3cefa221-e05b-405f-98e8-c3284f05fd21 1c77bc359ccb418bb0269e7fbae9037a 0cead967dd5649c5bbcc317784253930 - - default default] No more DHCP agents
2026-07-31 22:37:00.832 8 WARNING neutron.api.rpc.agentnotifiers.dhcp_rpc_agent_api [None req-3cefa221-e05b-405f-98e8-c3284f05fd21 1c77bc359ccb418bb0269e7fbae9037a 0cead967dd5649c5bbcc317784253930 - - default default] Unable to schedule network 91caa010-d91b-4ccd-a45e-94af6ed95b4b: no agents available; will retry on subsequent port and subnet creation events. /var/lib/openstack/lib/python3.12/site-packages/pycadf/identifier.py:70: UserWarning: Invalid uuid: neutron. To ensure interoperability, identifiers should be a valid uuid. warnings.warn(('Invalid uuid: %s. To ensure interoperability, ' [pid: 7|app: 0|req: 1154/2402] 10.0.0.180 () {28 vars in 583 bytes} [Fri Jul 31 22:37:00 2026] GET /v2.0/routers => generated 975 bytes in 86 msecs (HTTP/1.1 200) 4 headers in 157 bytes (1 switches on core 0) [pid: 7|app: 0|req: 1155/2403] 10.0.0.180 () {28 vars in 624 bytes} [Fri Jul 31 22:37:00 2026] GET /v2.0/agents?binary=ovn-controller => generated 416 bytes in 11 msecs (HTTP/1.1 200) 4 headers in 157 bytes (1 switches on core 0) [pid: 7|app: 0|req: 1156/2404] 199.204.45.116 () {34 vars in 994 bytes} [Fri Jul 31 22:37:00 2026] GET /v2.0/ports?device_id=9d68532d-6829-4108-95dd-9ad6bcee844e => generated 973 bytes in 37 msecs (HTTP/1.1 200) 4 headers in 157 bytes (1 switches on core 0) [pid: 7|app: 0|req: 1157/2405] 10.0.0.180 () {28 vars in 619 bytes} [Fri Jul 31 22:37:01 2026] GET /v2.0/network-ip-availabilities => generated 3422 bytes in 12 msecs (HTTP/1.1 200) 4 headers in 158 bytes (1 switches on core 0)
2026-07-31 22:37:01.155 7 INFO neutron_taas.services.taas.taas_plugin [req-20124ca4-2ae4-4ff4-992e-2853f001bd6b req-ea1089a2-7eea-4182-98be-84b9677f64ad 098651b824174fe884269d2a5d104188 6a4835356bf645898c638df21d66b461 - - default default] TaaS: Handle Delete Port: fee23e38-3703-432e-b677-1998936cfc5c
2026-07-31 22:37:01.158 7 INFO neutron_taas.services.taas.tap_mirror_plugin [req-20124ca4-2ae4-4ff4-992e-2853f001bd6b req-ea1089a2-7eea-4182-98be-84b9677f64ad 098651b824174fe884269d2a5d104188 6a4835356bf645898c638df21d66b461 - - default default] Tap Mirror: Handle Delete Port: fee23e38-3703-432e-b677-1998936cfc5c
2026-07-31 22:37:01.240 8 INFO neutron.db.ovn_revision_numbers_db [None req-d466e1bb-dae4-4007-9a48-9d0da85dde39 - - - - - -] Successfully bumped revision number for resource 34e35b7e-1429-4e11-958f-d7955dec827c (type: ports) to 2
2026-07-31 22:37:01.280 8 INFO neutron.db.ovn_revision_numbers_db [None req-d466e1bb-dae4-4007-9a48-9d0da85dde39 - - - - - -] Successfully bumped revision number for resource 6563a33b-1128-4582-98b8-4c1d8297b441 (type: subnets) to 0 [pid: 8|app: 0|req: 1249/2406] 10.0.0.81 () {34 vars in 668 bytes} [Fri Jul 31 22:37:00 2026] POST /v2.0/subnets => generated 655 bytes in 640 msecs (HTTP/1.1 201) 4 headers in 162 bytes (1 switches on core 0) [pid: 7|app: 0|req: 1158/2407] 199.204.45.116 () {36 vars in 997 bytes} [Fri Jul 31 22:37:01 2026] DELETE /v2.0/ports/fee23e38-3703-432e-b677-1998936cfc5c => generated 0 bytes in 284 msecs (HTTP/1.1 204) 3 headers in 131 bytes (1 switches on core 0) [pid: 7|app: 0|req: 1159/2408] 10.0.0.218 () {34 vars in 990 bytes} [Fri Jul 31 22:37:01 2026] GET /v2.0/ports?device_id=9d68532d-6829-4108-95dd-9ad6bcee844e => generated 12 bytes in 21 msecs (HTTP/1.1 200) 4 headers in 156 bytes (1 switches on core 0) [pid: 8|app: 0|req: 1250/2409] 10.0.0.180 () {28 vars in 585 bytes} [Fri Jul 31 22:37:01 2026] GET /v2.0/networks => generated 5530 bytes in 64 msecs (HTTP/1.1 200) 4 headers in 158 bytes (1 switches on core 0) [pid: 8|app: 0|req: 1251/2410] 10.0.0.180 () {28 vars in 599 bytes} [Fri Jul 31 22:37:01 2026] GET /v2.0/security-groups => generated 23205 bytes in 37 msecs (HTTP/1.1 200) 4 headers in 159 bytes (1 switches on core 0) [pid: 8|app: 0|req: 1252/2411] 10.0.0.180 () {28 vars in 583 bytes} [Fri Jul 31 22:37:01 2026] GET /v2.0/subnets => generated 5450 bytes in 68 msecs (HTTP/1.1 200) 4 headers in 158 bytes (1 switches on core 0) [pid: 8|app: 0|req: 1253/2412] 10.0.0.180 () {28 vars in 581 bytes} [Fri Jul 31 22:37:01 2026] GET /v2.0/agents => generated 1214 bytes in 10 msecs (HTTP/1.1 200) 4 headers in 158 bytes (1 switches on core 0)
2026-07-31 22:37:01.584 7 WARNING neutron.scheduler.dhcp_agent_scheduler [None req-67ca8610-79bb-481c-a9d6-f18d9113e046 1c77bc359ccb418bb0269e7fbae9037a 0cead967dd5649c5bbcc317784253930 - - default default] No more DHCP agents
2026-07-31 22:37:01.586 7 WARNING neutron.api.rpc.agentnotifiers.dhcp_rpc_agent_api [None req-67ca8610-79bb-481c-a9d6-f18d9113e046 1c77bc359ccb418bb0269e7fbae9037a 0cead967dd5649c5bbcc317784253930 - - default default] Unable to schedule network 91caa010-d91b-4ccd-a45e-94af6ed95b4b: no agents available; will retry on subsequent port and subnet creation events. [pid: 8|app: 0|req: 1254/2413] 10.0.0.180 () {28 vars in 579 bytes} [Fri Jul 31 22:37:01 2026] GET /v2.0/ports => generated 11525 bytes in 84 msecs (HTTP/1.1 200) 4 headers in 159 bytes (1 switches on core 0)
2026-07-31 22:37:01.622 7 INFO neutron.db.ovn_revision_numbers_db [None req-67ca8610-79bb-481c-a9d6-f18d9113e046 1c77bc359ccb418bb0269e7fbae9037a 0cead967dd5649c5bbcc317784253930 - - default default] Successfully bumped revision number for resource 50f8f210-949a-4896-ae45-f22d1b83eed3 (type: subnets) to 0 [pid: 7|app: 0|req: 1160/2414] 10.0.0.81 () {34 vars in 668 bytes} [Fri Jul 31 22:37:01 2026] POST /v2.0/subnets => generated 729 bytes in 295 msecs (HTTP/1.1 201) 4 headers in 162 bytes (1 switches on core 0) [pid: 8|app: 0|req: 1255/2415] 10.0.0.180 () {28 vars in 583 bytes} [Fri Jul 31 22:37:01 2026] GET /v2.0/subnets => generated 6187 bytes in 48 msecs (HTTP/1.1 200) 4 headers in 158 bytes (1 switches on core 0) [pid: 8|app: 0|req: 1256/2416] 10.0.0.180 () {28 vars in 591 bytes} [Fri Jul 31 22:37:01 2026] GET /v2.0/subnetpools => generated 19 bytes in 9 msecs (HTTP/1.1 200) 4 headers in 156 bytes (1 switches on core 0) [pid: 8|app: 0|req: 1257/2417] 10.0.0.180 () {28 vars in 591 bytes} [Fri Jul 31 22:37:01 2026] GET /v2.0/floatingips => generated 19 bytes in 18 msecs (HTTP/1.1 200) 4 headers in 156 bytes (1 switches on core 0)
2026-07-31 22:37:02.252 7 INFO neutron.notifiers.nova [-] Nova event matching ['req-716796b5-e8fc-45b8-bd9c-42196078cda9'] response: {'server_uuid': '9d68532d-6829-4108-95dd-9ad6bcee844e', 'name': 'network-vif-unplugged', 'status': 'completed', 'tag': 'fee23e38-3703-432e-b677-1998936cfc5c', 'code': 200}
2026-07-31 22:37:02.253 7 INFO neutron.notifiers.nova [-] Nova event matching ['req-716796b5-e8fc-45b8-bd9c-42196078cda9'] response: {'server_uuid': '9d68532d-6829-4108-95dd-9ad6bcee844e', 'name': 'network-vif-deleted', 'tag': 'fee23e38-3703-432e-b677-1998936cfc5c', 'status': 'completed', 'code': 200} [pid: 8|app: 0|req: 1258/2418] 10.0.0.218 () {34 vars in 990 bytes} [Fri Jul 31 22:37:02 2026] GET /v2.0/ports?device_id=9d68532d-6829-4108-95dd-9ad6bcee844e => generated 12 bytes in 24 msecs (HTTP/1.1 200) 4 headers in 156 bytes (1 switches on core 0)
2026-07-31 22:37:02.488 7 WARNING neutron.scheduler.dhcp_agent_scheduler [None req-c07da955-9c36-4cc1-9ed6-23eff879ae2c 1c77bc359ccb418bb0269e7fbae9037a 0cead967dd5649c5bbcc317784253930 - - default default] No more DHCP agents
2026-07-31 22:37:02.489 7 WARNING neutron.api.rpc.agentnotifiers.dhcp_rpc_agent_api [None req-c07da955-9c36-4cc1-9ed6-23eff879ae2c 1c77bc359ccb418bb0269e7fbae9037a 0cead967dd5649c5bbcc317784253930 - - default default] Unable to schedule network 027658e2-3636-4fc6-8068-60652a987f7b: no agents available; will retry on subsequent port and subnet creation events.
2026-07-31 22:37:02.593 7 INFO neutron.plugins.ml2.drivers.ovn.mech_driver.mech_driver [None req-4f22f048-3b68-4ed0-a52d-3c3e854d3297 - - - - - -] OVN reports status down for port: 7ad11423-9f54-4f33-9c9b-f312996cee04
2026-07-31 22:37:02.644 7 INFO neutron.db.ovn_revision_numbers_db [None req-c07da955-9c36-4cc1-9ed6-23eff879ae2c 1c77bc359ccb418bb0269e7fbae9037a 0cead967dd5649c5bbcc317784253930 - - default default] Successfully bumped revision number for resource 7ad11423-9f54-4f33-9c9b-f312996cee04 (type: ports) to 1
2026-07-31 22:37:03.265 7 INFO neutron.plugins.ml2.drivers.ovn.mech_driver.ovsdb.commands [None req-a25b1c04-f96d-4ec1-b266-beef0430f75e - - - - - -] Schedule LRP lrp-7ad11423-9f54-4f33-9c9b-f312996cee04 on gateway b3aeddba-97b5-449f-aa9d-0d456e00c409 with priority 1
2026-07-31 22:37:03.281 7 INFO neutron.plugins.ml2.drivers.ovn.mech_driver.mech_driver [None req-4f22f048-3b68-4ed0-a52d-3c3e854d3297 - - - - - -] OVN reports status up for port: 7ad11423-9f54-4f33-9c9b-f312996cee04
2026-07-31 22:37:03.301 8 INFO neutron.plugins.ml2.drivers.ovn.mech_driver.ovsdb.ovsdb_monitor [None req-80873d0c-e301-44cf-b63b-450bec5155ef - - - - - -] Router 5542e726-3fc5-49cf-83fd-a186de7ffee2 is bound to host instance
2026-07-31 22:37:03.325 7 INFO neutron.plugins.ml2.plugin [None req-4f22f048-3b68-4ed0-a52d-3c3e854d3297 - - - - - -] Attempt 1 to provision port 7ad11423-9f54-4f33-9c9b-f312996cee04
2026-07-31 22:37:03.361 7 INFO neutron.db.ovn_revision_numbers_db [None req-c07da955-9c36-4cc1-9ed6-23eff879ae2c 1c77bc359ccb418bb0269e7fbae9037a 0cead967dd5649c5bbcc317784253930 - - default default] Successfully bumped revision number for resource 7ad11423-9f54-4f33-9c9b-f312996cee04 (type: router_ports) to 1
2026-07-31 22:37:03.480 7 INFO neutron.db.ovn_revision_numbers_db [None req-c07da955-9c36-4cc1-9ed6-23eff879ae2c 1c77bc359ccb418bb0269e7fbae9037a 0cead967dd5649c5bbcc317784253930 - - default default] Successfully bumped revision number for resource 5542e726-3fc5-49cf-83fd-a186de7ffee2 (type: routers) to 2 [pid: 7|app: 0|req: 1161/2421] 10.0.0.81 () {34 vars in 668 bytes} [Fri Jul 31 22:37:01 2026] POST /v2.0/routers => generated 945 bytes in 1862 msecs (HTTP/1.1 201) 4 headers in 162 bytes (1 switches on core 0) [pid: 7|app: 0|req: 1162/2422] 10.0.0.218 () {34 vars in 990 bytes} [Fri Jul 31 22:37:03 2026] GET /v2.0/ports?device_id=9d68532d-6829-4108-95dd-9ad6bcee844e => generated 12 bytes in 28 msecs (HTTP/1.1 200) 4 headers in 156 bytes (1 switches on core 0)
2026-07-31 22:37:04.358 8 WARNING neutron.scheduler.dhcp_agent_scheduler [None req-a11458a1-4df2-4fa9-afc1-4dff2370d892 1c77bc359ccb418bb0269e7fbae9037a 0cead967dd5649c5bbcc317784253930 - - default default] No more DHCP agents
2026-07-31 22:37:04.362 8 WARNING neutron.api.rpc.agentnotifiers.dhcp_rpc_agent_api [None req-a11458a1-4df2-4fa9-afc1-4dff2370d892 1c77bc359ccb418bb0269e7fbae9037a 0cead967dd5649c5bbcc317784253930 - - default default] Unable to schedule network 81397dc1-4651-4951-b3a1-a51818ad94b7: no agents available; will retry on subsequent port and subnet creation events.
2026-07-31 22:37:04.547 8 INFO neutron.db.ovn_revision_numbers_db [None req-411d9047-d073-49e9-a203-965b4d572980 - - - - - -] Successfully bumped revision number for resource 7ad11423-9f54-4f33-9c9b-f312996cee04 (type: ports) to 4
2026-07-31 22:37:04.601 8 INFO neutron.db.ovn_revision_numbers_db [None req-a11458a1-4df2-4fa9-afc1-4dff2370d892 1c77bc359ccb418bb0269e7fbae9037a 0cead967dd5649c5bbcc317784253930 - - default default] Successfully bumped revision number for resource 1b8ec501-949e-4586-859b-1853be24d58a (type: ports) to 1
2026-07-31 22:37:05.147 8 INFO neutron.db.ovn_revision_numbers_db [None req-411d9047-d073-49e9-a203-965b4d572980 - - - - - -] Successfully bumped revision number for resource 7ad11423-9f54-4f33-9c9b-f312996cee04 (type: ports) to 5
2026-07-31 22:37:05.636 8 WARNING neutron.scheduler.dhcp_agent_scheduler [None req-a11458a1-4df2-4fa9-afc1-4dff2370d892 1c77bc359ccb418bb0269e7fbae9037a 0cead967dd5649c5bbcc317784253930 - - default default] No more DHCP agents
2026-07-31 22:37:05.637 8 WARNING neutron.api.rpc.agentnotifiers.dhcp_rpc_agent_api [None req-a11458a1-4df2-4fa9-afc1-4dff2370d892 1c77bc359ccb418bb0269e7fbae9037a 0cead967dd5649c5bbcc317784253930 - - default default] Unable to schedule network 81397dc1-4651-4951-b3a1-a51818ad94b7: no agents available; will retry on subsequent port and subnet creation events.
2026-07-31 22:37:05.734 7 INFO neutron.plugins.ml2.drivers.ovn.mech_driver.mech_driver [None req-4f22f048-3b68-4ed0-a52d-3c3e854d3297 - - - - - -] OVN reports status down for port: 1b8ec501-949e-4586-859b-1853be24d58a
2026-07-31 22:37:05.837 7 WARNING neutron.plugins.ml2.drivers.ovn.mech_driver.ovsdb.ovn_client [None req-4f22f048-3b68-4ed0-a52d-3c3e854d3297 - - - - - -] Logical_Switch_Port %s host information not removed, the port state is up
2026-07-31 22:37:05.839 7 INFO neutron.plugins.ml2.drivers.ovn.mech_driver.mech_driver [None req-4f22f048-3b68-4ed0-a52d-3c3e854d3297 - - - - - -] OVN reports status up for port: 1b8ec501-949e-4586-859b-1853be24d58a
2026-07-31 22:37:05.857 7 INFO neutron.plugins.ml2.plugin [None req-4f22f048-3b68-4ed0-a52d-3c3e854d3297 - - - - - -] Attempt 1 to provision port 1b8ec501-949e-4586-859b-1853be24d58a
2026-07-31 22:37:05.953 8 INFO neutron.db.ovn_revision_numbers_db [None req-a11458a1-4df2-4fa9-afc1-4dff2370d892 1c77bc359ccb418bb0269e7fbae9037a 0cead967dd5649c5bbcc317784253930 - - default default] Successfully bumped revision number for resource 1b8ec501-949e-4586-859b-1853be24d58a (type: router_ports) to 1 [pid: 8|app: 0|req: 1261/2423] 10.0.0.81 () {34 vars in 782 bytes} [Fri Jul 31 22:37:03 2026] PUT /v2.0/routers/5542e726-3fc5-49cf-83fd-a186de7ffee2/add_router_interface => generated 309 bytes in 2443 msecs (HTTP/1.1 200) 4 headers in 157 bytes (1 switches on core 0)
2026-07-31 22:37:06.339 7 INFO neutron_taas.services.taas.taas_plugin [None req-000ac714-2f75-481e-884e-a677db5e8cdd 9e5c26fe1c144f7097510c3be7a71a07 f047f6b9d1f748e79798963a748789af - - default default] TaaS: Handle Delete Port: f014639c-72bc-46b8-81e0-d8508ada3b5b
2026-07-31 22:37:06.346 7 INFO neutron_taas.services.taas.tap_mirror_plugin [None req-000ac714-2f75-481e-884e-a677db5e8cdd 9e5c26fe1c144f7097510c3be7a71a07 f047f6b9d1f748e79798963a748789af - - default default] Tap Mirror: Handle Delete Port: f014639c-72bc-46b8-81e0-d8508ada3b5b
2026-07-31 22:37:06.455 8 WARNING neutron.scheduler.dhcp_agent_scheduler [None req-b1be1dc6-65d5-43fd-887e-a9ea01f51a38 1c77bc359ccb418bb0269e7fbae9037a 0cead967dd5649c5bbcc317784253930 - - default default] No more DHCP agents
2026-07-31 22:37:06.457 8 WARNING neutron.api.rpc.agentnotifiers.dhcp_rpc_agent_api [None req-b1be1dc6-65d5-43fd-887e-a9ea01f51a38 1c77bc359ccb418bb0269e7fbae9037a 0cead967dd5649c5bbcc317784253930 - - default default] Unable to schedule network 5e80524c-f92d-40cf-9724-237aecdaf6fb: no agents available; will retry on subsequent port and subnet creation events.
2026-07-31 22:37:06.573 8 INFO neutron.plugins.ml2.drivers.ovn.mech_driver.mech_driver [None req-079bf638-27c5-4aa8-8f16-3de8ec857bd7 - - - - - -] OVN reports status down for port: 3a629cde-4d1e-40d4-a567-3c9ac20c6cda
2026-07-31 22:37:06.629 8 INFO neutron.db.ovn_revision_numbers_db [None req-b1be1dc6-65d5-43fd-887e-a9ea01f51a38 1c77bc359ccb418bb0269e7fbae9037a 0cead967dd5649c5bbcc317784253930 - - default default] Successfully bumped revision number for resource 3a629cde-4d1e-40d4-a567-3c9ac20c6cda (type: ports) to 1
2026-07-31 22:37:06.687 7 INFO neutron.db.ovn_revision_numbers_db [None req-4f22f048-3b68-4ed0-a52d-3c3e854d3297 - - - - - -] Successfully bumped revision number for resource 1b8ec501-949e-4586-859b-1853be24d58a (type: ports) to 2 [pid: 7|app: 0|req: 1163/2424] 10.0.0.81 () {34 vars in 788 bytes} [Fri Jul 31 22:37:05 2026] PUT /v2.0/routers/d9358cd3-e5ea-4ce3-af79-73df69b7cd2d/remove_router_interface => generated 309 bytes in 1434 msecs (HTTP/1.1 200) 4 headers in 157 bytes (1 switches on core 0) /var/lib/openstack/lib/python3.12/site-packages/pycadf/identifier.py:70: UserWarning: Invalid uuid: neutron. To ensure interoperability, identifiers should be a valid uuid. warnings.warn(('Invalid uuid: %s. To ensure interoperability, '
2026-07-31 22:37:07.279 8 INFO neutron.plugins.ml2.drivers.ovn.mech_driver.mech_driver [None req-079bf638-27c5-4aa8-8f16-3de8ec857bd7 - - - - - -] OVN reports status up for port: 3a629cde-4d1e-40d4-a567-3c9ac20c6cda
2026-07-31 22:37:07.305 8 INFO neutron.plugins.ml2.plugin [None req-079bf638-27c5-4aa8-8f16-3de8ec857bd7 - - - - - -] Attempt 1 to provision port 3a629cde-4d1e-40d4-a567-3c9ac20c6cda
2026-07-31 22:37:07.401 8 WARNING neutron.scheduler.dhcp_agent_scheduler [None req-b1be1dc6-65d5-43fd-887e-a9ea01f51a38 1c77bc359ccb418bb0269e7fbae9037a 0cead967dd5649c5bbcc317784253930 - - default default] No more DHCP agents
2026-07-31 22:37:07.403 8 WARNING neutron.api.rpc.agentnotifiers.dhcp_rpc_agent_api [None req-b1be1dc6-65d5-43fd-887e-a9ea01f51a38 1c77bc359ccb418bb0269e7fbae9037a 0cead967dd5649c5bbcc317784253930 - - default default] Unable to schedule network 5e80524c-f92d-40cf-9724-237aecdaf6fb: no agents available; will retry on subsequent port and subnet creation events.
2026-07-31 22:37:07.548 7 INFO neutron_taas.services.taas.taas_plugin [None req-a0f4eb7e-f347-42ad-9c64-58f379eabf13 9e5c26fe1c144f7097510c3be7a71a07 f047f6b9d1f748e79798963a748789af - - default default] TaaS: Handle Delete Port: 88ebcb3d-ed9b-4689-866f-469b6708c94a
2026-07-31 22:37:07.553 7 INFO neutron_taas.services.taas.tap_mirror_plugin [None req-a0f4eb7e-f347-42ad-9c64-58f379eabf13 9e5c26fe1c144f7097510c3be7a71a07 f047f6b9d1f748e79798963a748789af - - default default] Tap Mirror: Handle Delete Port: 88ebcb3d-ed9b-4689-866f-469b6708c94a [pid: 7|app: 0|req: 1164/2425] 10.0.0.81 () {32 vars in 723 bytes} [Fri Jul 31 22:37:07 2026] DELETE /v2.0/routers/d9358cd3-e5ea-4ce3-af79-73df69b7cd2d => generated 0 bytes in 730 msecs (HTTP/1.1 204) 2 headers in 112 bytes (1 switches on core 0)
2026-07-31 22:37:07.984 8 INFO neutron.db.ovn_revision_numbers_db [None req-079bf638-27c5-4aa8-8f16-3de8ec857bd7 - - - - - -] Successfully bumped revision number for resource 3a629cde-4d1e-40d4-a567-3c9ac20c6cda (type: ports) to 2
2026-07-31 22:37:08.079 8 INFO neutron.db.ovn_revision_numbers_db [None req-b1be1dc6-65d5-43fd-887e-a9ea01f51a38 1c77bc359ccb418bb0269e7fbae9037a 0cead967dd5649c5bbcc317784253930 - - default default] Successfully bumped revision number for resource 3a629cde-4d1e-40d4-a567-3c9ac20c6cda (type: router_ports) to 1 [pid: 8|app: 0|req: 1262/2426] 10.0.0.81 () {34 vars in 782 bytes} [Fri Jul 31 22:37:05 2026] PUT /v2.0/routers/5542e726-3fc5-49cf-83fd-a186de7ffee2/add_router_interface => generated 309 bytes in 2126 msecs (HTTP/1.1 200) 4 headers in 157 bytes (1 switches on core 0) [pid: 7|app: 0|req: 1165/2427] 10.0.0.81 () {32 vars in 723 bytes} [Fri Jul 31 22:37:07 2026] DELETE /v2.0/subnets/f0e951d6-e9a8-4219-b5a5-909b3513d7b9 => generated 0 bytes in 173 msecs (HTTP/1.1 204) 3 headers in 131 bytes (1 switches on core 0)
2026-07-31 22:37:08.226 7 INFO neutron_taas.services.taas.taas_plugin [None req-bfb3d186-ef1d-4c3a-b7f7-359a8794fede 9e5c26fe1c144f7097510c3be7a71a07 f047f6b9d1f748e79798963a748789af - - default default] TaaS: Handle Delete Port: 1a813ca4-745b-4bbf-9125-fd7413eddf27
2026-07-31 22:37:08.230 7 INFO neutron_taas.services.taas.tap_mirror_plugin [None req-bfb3d186-ef1d-4c3a-b7f7-359a8794fede 9e5c26fe1c144f7097510c3be7a71a07 f047f6b9d1f748e79798963a748789af - - default default] Tap Mirror: Handle Delete Port: 1a813ca4-745b-4bbf-9125-fd7413eddf27
2026-07-31 22:37:08.407 7 INFO neutron.services.segments.plugin [-] Segment 2af50c5b-7a89-4847-ba97-9951249c6803 resource provider aggregate not found
2026-07-31 22:37:08.415 7 INFO neutron.services.segments.plugin [-] Segment 2af50c5b-7a89-4847-ba97-9951249c6803 resource provider aggregate not found
2026-07-31 22:37:08.428 7 INFO neutron.services.segments.plugin [-] Segment 2af50c5b-7a89-4847-ba97-9951249c6803 resource provider not found; error: Placement Client Error (4xx): {"errors": [{"status": 404, "title": "Not Found", "detail": "The resource could not be found.\n\n No resource provider with uuid 2af50c5b-7a89-4847-ba97-9951249c6803 found for delete ", "request_id": "req-190a5b63-3f83-42ef-b5df-91219456fc51"}]}
2026-07-31 22:37:08.434 7 INFO neutron.services.segments.plugin [-] Segment 2af50c5b-7a89-4847-ba97-9951249c6803 resource provider not found; error: Placement Client Error (4xx): {"errors": [{"status": 404, "title": "Not Found", "detail": "The resource could not be found.\n\n No resource provider with uuid 2af50c5b-7a89-4847-ba97-9951249c6803 found for delete ", "request_id": "req-19429585-6cba-4d16-8af1-ff24aa6ae1aa"}]} [pid: 7|app: 0|req: 1166/2428] 10.0.0.81 () {32 vars in 725 bytes} [Fri Jul 31 22:37:08 2026] DELETE /v2.0/networks/76bdc9cb-646b-4293-9bb1-dd1b05836f58 => generated 0 bytes in 354 msecs (HTTP/1.1 204) 3 headers in 131 bytes (1 switches on core 0) [pid: 7|app: 0|req: 1167/2429] 10.0.0.81 () {32 vars in 773 bytes} [Fri Jul 31 22:37:08 2026] GET /v2.0/security-groups?tenant_id=6a4835356bf645898c638df21d66b461&name=default => generated 2925 bytes in 29 msecs (HTTP/1.1 200) 4 headers in 158 bytes (1 switches on core 0)
2026-07-31 22:37:08.624 8 WARNING neutron.scheduler.dhcp_agent_scheduler [None req-7d128171-715b-445d-b427-de1c6ab805e7 1c77bc359ccb418bb0269e7fbae9037a 0cead967dd5649c5bbcc317784253930 - - default default] No more DHCP agents
2026-07-31 22:37:08.625 8 WARNING neutron.api.rpc.agentnotifiers.dhcp_rpc_agent_api [None req-7d128171-715b-445d-b427-de1c6ab805e7 1c77bc359ccb418bb0269e7fbae9037a 0cead967dd5649c5bbcc317784253930 - - default default] Unable to schedule network 91caa010-d91b-4ccd-a45e-94af6ed95b4b: no agents available; will retry on subsequent port and subnet creation events.
2026-07-31 22:37:08.727 8 INFO neutron.db.ovn_revision_numbers_db [None req-7d128171-715b-445d-b427-de1c6ab805e7 1c77bc359ccb418bb0269e7fbae9037a 0cead967dd5649c5bbcc317784253930 - - default default] Successfully bumped revision number for resource 1cf6ee03-76f8-41ad-bbbb-92ff53903837 (type: ports) to 1 [pid: 7|app: 0|req: 1168/2430] 10.0.0.81 () {32 vars in 739 bytes} [Fri Jul 31 22:37:08 2026] DELETE /v2.0/security-groups/f2f8923e-5ca7-4c2d-980d-138f7ee5358f => generated 0 bytes in 210 msecs (HTTP/1.1 204) 2 headers in 112 bytes (1 switches on core 0)
2026-07-31 22:37:09.515 8 WARNING neutron.scheduler.dhcp_agent_scheduler [None req-7d128171-715b-445d-b427-de1c6ab805e7 1c77bc359ccb418bb0269e7fbae9037a 0cead967dd5649c5bbcc317784253930 - - default default] No more DHCP agents
2026-07-31 22:37:09.516 8 WARNING neutron.api.rpc.agentnotifiers.dhcp_rpc_agent_api [None req-7d128171-715b-445d-b427-de1c6ab805e7 1c77bc359ccb418bb0269e7fbae9037a 0cead967dd5649c5bbcc317784253930 - - default default] Unable to schedule network 91caa010-d91b-4ccd-a45e-94af6ed95b4b: no agents available; will retry on subsequent port and subnet creation events.
2026-07-31 22:37:09.853 8 INFO neutron.db.ovn_revision_numbers_db [None req-7d128171-715b-445d-b427-de1c6ab805e7 1c77bc359ccb418bb0269e7fbae9037a 0cead967dd5649c5bbcc317784253930 - - default default] Successfully bumped revision number for resource 1cf6ee03-76f8-41ad-bbbb-92ff53903837 (type: router_ports) to 1 [pid: 8|app: 0|req: 1263/2431] 10.0.0.81 () {34 vars in 782 bytes} [Fri Jul 31 22:37:08 2026] PUT /v2.0/routers/5542e726-3fc5-49cf-83fd-a186de7ffee2/add_router_interface => generated 309 bytes in 1770 msecs (HTTP/1.1 200) 4 headers in 157 bytes (1 switches on core 0)
2026-07-31 22:37:10.032 7 INFO neutron.db.ovn_revision_numbers_db [None req-06030bd0-d98f-430e-b51d-c87ff951f4d7 1c77bc359ccb418bb0269e7fbae9037a 0cead967dd5649c5bbcc317784253930 - - default default] Successfully bumped revision number for resource c1a11360-4c4c-46fa-aa0c-26094a15fda7 (type: security_groups) to 1
2026-07-31 22:37:10.048 7 INFO neutron.db.ovn_revision_numbers_db [None req-06030bd0-d98f-430e-b51d-c87ff951f4d7 1c77bc359ccb418bb0269e7fbae9037a 0cead967dd5649c5bbcc317784253930 - - default default] Successfully bumped revision number for resource 82dfd58d-f0d9-4891-b12c-5364feef780a (type: security_group_rules) to 0
2026-07-31 22:37:10.059 7 INFO neutron.db.ovn_revision_numbers_db [None req-06030bd0-d98f-430e-b51d-c87ff951f4d7 1c77bc359ccb418bb0269e7fbae9037a 0cead967dd5649c5bbcc317784253930 - - default default] Successfully bumped revision number for resource f73e8f42-8b6e-4192-93e5-62d08e2ffb77 (type: security_group_rules) to 0 [pid: 7|app: 0|req: 1169/2432] 10.0.0.81 () {34 vars in 683 bytes} [Fri Jul 31 22:37:09 2026] POST /v2.0/security-groups => generated 1629 bytes in 178 msecs (HTTP/1.1 201) 4 headers in 163 bytes (1 switches on core 0)
2026-07-31 22:37:10.222 8 INFO neutron.db.ovn_revision_numbers_db [None req-0f8b7a43-deec-46f6-a4db-bbb3d3df11b4 1c77bc359ccb418bb0269e7fbae9037a 0cead967dd5649c5bbcc317784253930 - - default default] Successfully bumped revision number for resource b9b1471a-b877-4e0f-9946-20cfa54bc3a1 (type: security_group_rules) to 0 [pid: 8|app: 0|req: 1264/2433] 10.0.0.81 () {34 vars in 694 bytes} [Fri Jul 31 22:37:10 2026] POST /v2.0/security-group-rules => generated 597 bytes in 149 msecs (HTTP/1.1 201) 4 headers in 162 bytes (1 switches on core 0)
2026-07-31 22:37:10.385 7 INFO neutron.db.ovn_revision_numbers_db [None req-e23b6bea-3cc2-4b5f-932e-f0af445d4a6a 1c77bc359ccb418bb0269e7fbae9037a 0cead967dd5649c5bbcc317784253930 - - default default] Successfully bumped revision number for resource 46dabbea-9abc-4db5-8edd-0e662b367bf7 (type: security_group_rules) to 0 [pid: 7|app: 0|req: 1170/2434] 10.0.0.81 () {34 vars in 694 bytes} [Fri Jul 31 22:37:10 2026] POST /v2.0/security-group-rules => generated 597 bytes in 161 msecs (HTTP/1.1 201) 4 headers in 162 bytes (1 switches on core 0)
2026-07-31 22:37:10.585 8 INFO neutron.db.ovn_revision_numbers_db [None req-f01e79ef-d40e-4a15-853a-3df61e0b09bc 1c77bc359ccb418bb0269e7fbae9037a 0cead967dd5649c5bbcc317784253930 - - default default] Successfully bumped revision number for resource a958b2c9-a8be-4c91-b2a4-f09e0ee30396 (type: security_group_rules) to 0 [pid: 8|app: 0|req: 1265/2435] 10.0.0.81 () {34 vars in 694 bytes} [Fri Jul 31 22:37:10 2026] POST /v2.0/security-group-rules => generated 599 bytes in 198 msecs (HTTP/1.1 201) 4 headers in 162 bytes (1 switches on core 0)
2026-07-31 22:37:10.751 7 INFO neutron.db.ovn_revision_numbers_db [None req-7d0555ae-12df-47d6-aa8e-674f5a56c3ba 1c77bc359ccb418bb0269e7fbae9037a 0cead967dd5649c5bbcc317784253930 - - default default] Successfully bumped revision number for resource ace3c4c4-ef40-4420-ae6b-c71b987f55b3 (type: security_group_rules) to 0 [pid: 7|app: 0|req: 1171/2436] 10.0.0.81 () {34 vars in 694 bytes} [Fri Jul 31 22:37:10 2026] POST /v2.0/security-group-rules => generated 601 bytes in 155 msecs (HTTP/1.1 201) 4 headers in 162 bytes (1 switches on core 0)
2026-07-31 22:37:10.931 8 INFO neutron.db.ovn_revision_numbers_db [None req-153cf18e-5ccd-4148-a9fc-bcdc8509c96f 1c77bc359ccb418bb0269e7fbae9037a 0cead967dd5649c5bbcc317784253930 - - default default] Successfully bumped revision number for resource 3690eefd-73c1-45d3-bad3-d7cdd5d64d93 (type: security_group_rules) to 0 [pid: 8|app: 0|req: 1266/2437] 10.0.0.81 () {34 vars in 694 bytes} [Fri Jul 31 22:37:10 2026] POST /v2.0/security-group-rules => generated 601 bytes in 179 msecs (HTTP/1.1 201) 4 headers in 162 bytes (1 switches on core 0)
2026-07-31 22:37:11.125 7 INFO neutron.db.ovn_revision_numbers_db [None req-45557b76-f43c-4a14-ad1b-36d2c13773ce 1c77bc359ccb418bb0269e7fbae9037a 0cead967dd5649c5bbcc317784253930 - - default default] Successfully bumped revision number for resource deed36be-bec9-4b91-a08a-7dc75b13e1d0 (type: security_group_rules) to 0 [pid: 7|app: 0|req: 1172/2438] 10.0.0.81 () {34 vars in 694 bytes} [Fri Jul 31 22:37:10 2026] POST /v2.0/security-group-rules => generated 597 bytes in 180 msecs (HTTP/1.1 201) 4 headers in 162 bytes (1 switches on core 0)
2026-07-31 22:37:11.317 8 INFO neutron.db.ovn_revision_numbers_db [None req-90e3a7c7-249b-4a30-8b7b-56f11a10c41e 1c77bc359ccb418bb0269e7fbae9037a 0cead967dd5649c5bbcc317784253930 - - default default] Successfully bumped revision number for resource a7ac57b1-b545-48a8-901b-aae060d24d55 (type: security_group_rules) to 0 [pid: 8|app: 0|req: 1267/2439] 10.0.0.81 () {34 vars in 694 bytes} [Fri Jul 31 22:37:11 2026] POST /v2.0/security-group-rules => generated 597 bytes in 188 msecs (HTTP/1.1 201) 4 headers in 162 bytes (1 switches on core 0)
2026-07-31 22:37:11.517 7 INFO neutron.db.ovn_revision_numbers_db [None req-a486100c-55a2-4ca3-bf58-8743433a2ac9 1c77bc359ccb418bb0269e7fbae9037a 0cead967dd5649c5bbcc317784253930 - - default default] Successfully bumped revision number for resource 1b36be41-364f-4a33-aebf-214104025925 (type: security_group_rules) to 0 [pid: 7|app: 0|req: 1173/2440] 10.0.0.81 () {34 vars in 694 bytes} [Fri Jul 31 22:37:11 2026] POST /v2.0/security-group-rules => generated 597 bytes in 205 msecs (HTTP/1.1 201) 4 headers in 162 bytes (1 switches on core 0)
2026-07-31 22:37:11.758 8 INFO neutron.db.ovn_revision_numbers_db [None req-1565044c-ece2-4dd9-8022-fdf0889b63b0 1c77bc359ccb418bb0269e7fbae9037a 0cead967dd5649c5bbcc317784253930 - - default default] Successfully bumped revision number for resource 2443e7fb-10dd-40ce-8255-5d6820b21d6b (type: security_group_rules) to 0 [pid: 8|app: 0|req: 1268/2441] 10.0.0.81 () {34 vars in 694 bytes} [Fri Jul 31 22:37:11 2026] POST /v2.0/security-group-rules => generated 599 bytes in 225 msecs (HTTP/1.1 201) 4 headers in 162 bytes (1 switches on core 0)
2026-07-31 22:37:11.974 7 INFO neutron.db.ovn_revision_numbers_db [None req-4d36b404-915b-4d84-90ad-f618df890550 1c77bc359ccb418bb0269e7fbae9037a 0cead967dd5649c5bbcc317784253930 - - default default] Successfully bumped revision number for resource 1903bae5-d723-4351-a3e1-2eb6751c7826 (type: security_group_rules) to 0 [pid: 7|app: 0|req: 1174/2442] 10.0.0.81 () {34 vars in 694 bytes} [Fri Jul 31 22:37:11 2026] POST /v2.0/security-group-rules => generated 601 bytes in 212 msecs (HTTP/1.1 201) 4 headers in 162 bytes (1 switches on core 0)
2026-07-31 22:37:12.180 8 INFO neutron.db.ovn_revision_numbers_db [None req-0a33ed1b-bd4a-4535-9c8c-4402dda99b6d 1c77bc359ccb418bb0269e7fbae9037a 0cead967dd5649c5bbcc317784253930 - - default default] Successfully bumped revision number for resource 16519575-bbf8-43f2-951c-3c2bc7cebed6 (type: security_group_rules) to 0 [pid: 8|app: 0|req: 1269/2443] 10.0.0.81 () {34 vars in 694 bytes} [Fri Jul 31 22:37:12 2026] POST /v2.0/security-group-rules => generated 597 bytes in 203 msecs (HTTP/1.1 201) 4 headers in 162 bytes (1 switches on core 0)
2026-07-31 22:37:12.365 7 WARNING neutron.plugins.ml2.drivers.ovn.mech_driver.ovsdb.ovn_client [None req-b2fa3b6b-5d06-4646-a118-3188d09d5b0e - - - - - -] No hosting information found for port 1b8ec501-949e-4586-859b-1853be24d58a: RuntimeError: No hosting information found for port 1b8ec501-949e-4586-859b-1853be24d58a
2026-07-31 22:37:12.450 7 INFO neutron.db.ovn_revision_numbers_db [None req-b2fa3b6b-5d06-4646-a118-3188d09d5b0e - - - - - -] Successfully bumped revision number for resource 1b8ec501-949e-4586-859b-1853be24d58a (type: router_ports) to 2 [pid: 7|app: 0|req: 1175/2444] 10.0.0.218 () {34 vars in 1094 bytes} [Fri Jul 31 22:37:12 2026] GET /v2.0/security-groups?name=tempest-lb_member_SG-977825417&fields=id&tenant_id=0cead967dd5649c5bbcc317784253930 => generated 69 bytes in 70 msecs (HTTP/1.1 200) 4 headers in 156 bytes (1 switches on core 0)
2026-07-31 22:37:12.510 7 INFO neutron.plugins.ml2.drivers.ovn.mech_driver.mech_driver [None req-b2fa3b6b-5d06-4646-a118-3188d09d5b0e - - - - - -] OVN reports status down for port: 1cf6ee03-76f8-41ad-bbbb-92ff53903837 [pid: 8|app: 0|req: 1270/2445] 10.0.0.218 () {34 vars in 982 bytes} [Fri Jul 31 22:37:12 2026] GET /v2.0/networks?id=5e80524c-f92d-40cf-9724-237aecdaf6fb => generated 743 bytes in 58 msecs (HTTP/1.1 200) 4 headers in 157 bytes (1 switches on core 0)
2026-07-31 22:37:12.575 7 WARNING neutron.plugins.ml2.drivers.ovn.mech_driver.ovsdb.ovn_client [None req-b2fa3b6b-5d06-4646-a118-3188d09d5b0e - - - - - -] Logical_Switch_Port %s host information not removed, the port state is up
2026-07-31 22:37:12.575 7 INFO neutron.plugins.ml2.drivers.ovn.mech_driver.mech_driver [None req-b2fa3b6b-5d06-4646-a118-3188d09d5b0e - - - - - -] OVN reports status up for port: 1cf6ee03-76f8-41ad-bbbb-92ff53903837 [pid: 7|app: 0|req: 1176/2446] 10.0.0.218 () {34 vars in 965 bytes} [Fri Jul 31 22:37:12 2026] GET /v2.0/quotas/0cead967dd5649c5bbcc317784253930 => generated 292 bytes in 17 msecs (HTTP/1.1 200) 4 headers in 157 bytes (1 switches on core 0)
2026-07-31 22:37:12.587 7 INFO neutron.plugins.ml2.plugin [None req-b2fa3b6b-5d06-4646-a118-3188d09d5b0e - - - - - -] Attempt 1 to provision port 1cf6ee03-76f8-41ad-bbbb-92ff53903837
2026-07-31 22:37:12.720 8 WARNING neutron.plugins.ml2.drivers.ovn.mech_driver.ovsdb.ovn_client [None req-bb25535b-3904-4cda-88a4-c81144894fa7 - - - - - -] No hosting information found for port 3a629cde-4d1e-40d4-a567-3c9ac20c6cda: RuntimeError: No hosting information found for port 3a629cde-4d1e-40d4-a567-3c9ac20c6cda [pid: 8|app: 0|req: 1271/2447] 10.0.0.218 () {34 vars in 1002 bytes} [Fri Jul 31 22:37:12 2026] GET /v2.0/ports?tenant_id=0cead967dd5649c5bbcc317784253930&fields=id => generated 287 bytes in 219 msecs (HTTP/1.1 200) 4 headers in 157 bytes (1 switches on core 0)
2026-07-31 22:37:12.830 8 INFO neutron.db.ovn_revision_numbers_db [None req-bb25535b-3904-4cda-88a4-c81144894fa7 - - - - - -] Successfully bumped revision number for resource 3a629cde-4d1e-40d4-a567-3c9ac20c6cda (type: router_ports) to 2 [pid: 7|app: 0|req: 1177/2448] 10.0.0.218 () {34 vars in 1008 bytes} [Fri Jul 31 22:37:12 2026] GET /v2.0/networks/5e80524c-f92d-40cf-9724-237aecdaf6fb?fields=segments => generated 14 bytes in 85 msecs (HTTP/1.1 200) 4 headers in 156 bytes (1 switches on core 0) [pid: 8|app: 0|req: 1272/2449] 10.0.0.218 () {34 vars in 1108 bytes} [Fri Jul 31 22:37:12 2026] GET /v2.0/networks/5e80524c-f92d-40cf-9724-237aecdaf6fb?fields=provider%3Aphysical_network&fields=provider%3Anetwork_type => generated 79 bytes in 42 msecs (HTTP/1.1 200) 4 headers in 156 bytes (1 switches on core 0)
2026-07-31 22:37:13.015 7 INFO neutron.db.ovn_revision_numbers_db [None req-b2fa3b6b-5d06-4646-a118-3188d09d5b0e - - - - - -] Successfully bumped revision number for resource 1cf6ee03-76f8-41ad-bbbb-92ff53903837 (type: ports) to 2 [pid: 7|app: 0|req: 1178/2450] 10.0.0.218 () {34 vars in 990 bytes} [Fri Jul 31 22:37:13 2026] GET /v2.0/ports?device_id=b6ee8a6f-5730-4d4a-b212-270b8e486040 => generated 12 bytes in 40 msecs (HTTP/1.1 200) 4 headers in 156 bytes (1 switches on core 0) [pid: 8|app: 0|req: 1273/2451] 199.204.45.116 () {34 vars in 986 bytes} [Fri Jul 31 22:37:17 2026] GET /v2.0/networks?id=5e80524c-f92d-40cf-9724-237aecdaf6fb => generated 743 bytes in 46 msecs (HTTP/1.1 200) 4 headers in 157 bytes (1 switches on core 0) [pid: 7|app: 0|req: 1179/2452] 199.204.45.116 () {34 vars in 1050 bytes} [Fri Jul 31 22:37:17 2026] GET /v2.0/security-groups?fields=id&fields=name&tenant_id=0cead967dd5649c5bbcc317784253930 => generated 178 bytes in 36 msecs (HTTP/1.1 200) 4 headers in 157 bytes (1 switches on core 0)
2026-07-31 22:37:17.718 8 WARNING neutron.scheduler.dhcp_agent_scheduler [req-3cd41457-76e3-4573-a686-7ad5c69cdce2 req-58970e9d-9ccd-4de8-8186-3626c3084569 1c77bc359ccb418bb0269e7fbae9037a 0cead967dd5649c5bbcc317784253930 - - default default] No more DHCP agents
2026-07-31 22:37:17.719 8 WARNING neutron.api.rpc.agentnotifiers.dhcp_rpc_agent_api [req-3cd41457-76e3-4573-a686-7ad5c69cdce2 req-58970e9d-9ccd-4de8-8186-3626c3084569 1c77bc359ccb418bb0269e7fbae9037a 0cead967dd5649c5bbcc317784253930 - - default default] Unable to schedule network 5e80524c-f92d-40cf-9724-237aecdaf6fb: no agents available; will retry on subsequent port and subnet creation events.
2026-07-31 22:37:17.866 8 INFO neutron.db.ovn_revision_numbers_db [req-3cd41457-76e3-4573-a686-7ad5c69cdce2 req-58970e9d-9ccd-4de8-8186-3626c3084569 1c77bc359ccb418bb0269e7fbae9037a 0cead967dd5649c5bbcc317784253930 - - default default] Successfully bumped revision number for resource 52ce4c26-1eec-4e09-adba-7e88d3065208 (type: ports) to 1 [pid: 8|app: 0|req: 1274/2455] 199.204.45.116 () {38 vars in 955 bytes} [Fri Jul 31 22:37:17 2026] POST /v2.0/ports => generated 1179 bytes in 549 msecs (HTTP/1.1 201) 4 headers in 163 bytes (1 switches on core 0) /var/lib/openstack/lib/python3.12/site-packages/pycadf/identifier.py:70: UserWarning: Invalid uuid: neutron. To ensure interoperability, identifiers should be a valid uuid. warnings.warn(('Invalid uuid: %s. To ensure interoperability, ' [pid: 8|app: 0|req: 1275/2456] 10.0.0.218 () {34 vars in 990 bytes} [Fri Jul 31 22:37:18 2026] GET /v2.0/ports?device_id=b6ee8a6f-5730-4d4a-b212-270b8e486040 => generated 1194 bytes in 36 msecs (HTTP/1.1 200) 4 headers in 158 bytes (1 switches on core 0) [pid: 8|app: 0|req: 1276/2457] 10.0.0.218 () {34 vars in 1040 bytes} [Fri Jul 31 22:37:18 2026] GET /v2.0/security-groups?id=c1a11360-4c4c-46fa-aa0c-26094a15fda7&fields=id&fields=name => generated 111 bytes in 29 msecs (HTTP/1.1 200) 4 headers in 157 bytes (1 switches on core 0)
2026-07-31 22:37:18.289 7 WARNING neutron.plugins.ml2.drivers.ovn.mech_driver.ovsdb.ovn_client [None req-e9c4a267-dd22-41fc-8aa5-c94edcbda244 - - - - - -] No hosting information found for port 1cf6ee03-76f8-41ad-bbbb-92ff53903837: RuntimeError: No hosting information found for port 1cf6ee03-76f8-41ad-bbbb-92ff53903837
2026-07-31 22:37:18.358 7 INFO neutron.db.ovn_revision_numbers_db [req-3cd41457-76e3-4573-a686-7ad5c69cdce2 req-0cbc77a0-1967-4939-91d1-c106e9dd49c3 d06a55d90e73430d8615d8b3082cb421 2dc18913632f459da381fff914bc2043 - - 3e7a2ccb268846ea9306b1a18f507af9 3e7a2ccb268846ea9306b1a18f507af9] Successfully bumped revision number for resource 52ce4c26-1eec-4e09-adba-7e88d3065208 (type: ports) to 2
2026-07-31 22:37:18.455 7 INFO neutron.db.ovn_revision_numbers_db [None req-e9c4a267-dd22-41fc-8aa5-c94edcbda244 - - - - - -] Successfully bumped revision number for resource 1cf6ee03-76f8-41ad-bbbb-92ff53903837 (type: router_ports) to 2
2026-07-31 22:37:18.542 7 INFO neutron.plugins.ml2.drivers.ovn.mech_driver.mech_driver [None req-e9c4a267-dd22-41fc-8aa5-c94edcbda244 - - - - - -] OVN reports status down for port: 52ce4c26-1eec-4e09-adba-7e88d3065208
2026-07-31 22:37:18.691 7 INFO neutron.notifiers.nova [-] Nova event matching ['req-60807b8f-1353-4019-a018-f1e08ce78c4c'] response: {'server_uuid': 'b6ee8a6f-5730-4d4a-b212-270b8e486040', 'name': 'network-vif-unplugged', 'status': 'completed', 'tag': '52ce4c26-1eec-4e09-adba-7e88d3065208', 'code': 200}
