May 09 07:20:00.274907 np0000172981 systemd[1]: Starting devstack@n-api-meta.service - Devstack devstack@n-api-meta.service...
May 09 07:20:00.283368 np0000172981 devstack@n-api-meta.service[108423]: [uWSGI] getting INI configuration from /etc/nova/nova-metadata-uwsgi.ini
May 09 07:20:00.286448 np0000172981 devstack@n-api-meta.service[108423]: *** Starting uWSGI 2.0.24-debian (64bit) on [Sat May 9 07:20:00 2026] ***
May 09 07:20:00.286448 np0000172981 devstack@n-api-meta.service[108423]: compiled with version: 13.2.0 on 17 April 2024 16:23:48
May 09 07:20:00.286448 np0000172981 devstack@n-api-meta.service[108423]: os: Linux-6.8.0-111-generic #111-Ubuntu SMP PREEMPT_DYNAMIC Sat Apr 11 23:16:02 UTC 2026
May 09 07:20:00.286448 np0000172981 devstack@n-api-meta.service[108423]: nodename: np0000172981
May 09 07:20:00.286448 np0000172981 devstack@n-api-meta.service[108423]: machine: x86_64
May 09 07:20:00.286448 np0000172981 devstack@n-api-meta.service[108423]: clock source: unix
May 09 07:20:00.286448 np0000172981 devstack@n-api-meta.service[108423]: pcre jit disabled
May 09 07:20:00.286448 np0000172981 devstack@n-api-meta.service[108423]: detected number of CPU cores: 16
May 09 07:20:00.286448 np0000172981 devstack@n-api-meta.service[108423]: current working directory: /
May 09 07:20:00.286448 np0000172981 devstack@n-api-meta.service[108423]: detected binary path: /usr/bin/uwsgi-core
May 09 07:20:00.286448 np0000172981 devstack@n-api-meta.service[108423]: your processes number limit is 256917
May 09 07:20:00.286448 np0000172981 devstack@n-api-meta.service[108423]: your memory page size is 4096 bytes
May 09 07:20:00.286448 np0000172981 devstack@n-api-meta.service[108423]: detected max file descriptor number: 2048
May 09 07:20:00.286448 np0000172981 devstack@n-api-meta.service[108423]: lock engine: pthread robust mutexes
May 09 07:20:00.287109 np0000172981 devstack@n-api-meta.service[108423]: thunder lock: enabled
May 09 07:20:00.287109 np0000172981 devstack@n-api-meta.service[108423]: uWSGI http bound on 0.0.0.0:8775 fd 5
May 09 07:20:00.287109 np0000172981 devstack@n-api-meta.service[108423]: uwsgi socket 0 bound to TCP address 127.0.0.1:45717 (port auto-assigned) fd 4
May 09 07:20:00.287109 np0000172981 devstack@n-api-meta.service[108423]: Python version: 3.12.3 (main, Mar 23 2026, 19:04:32) [GCC 13.3.0]
May 09 07:20:00.287109 np0000172981 devstack@n-api-meta.service[108423]: PEP 405 virtualenv detected: /opt/stack/data/venv
May 09 07:20:00.287109 np0000172981 devstack@n-api-meta.service[108423]: Set PythonHome to /opt/stack/data/venv
May 09 07:20:00.320992 np0000172981 devstack@n-api-meta.service[108423]: Python main interpreter initialized at 0x7f4e396a3668
May 09 07:20:00.320992 np0000172981 devstack@n-api-meta.service[108423]: python threads support enabled
May 09 07:20:00.320992 np0000172981 devstack@n-api-meta.service[108423]: your server socket listen backlog is limited to 100 connections
May 09 07:20:00.320992 np0000172981 devstack@n-api-meta.service[108423]: your mercy for graceful operations on workers is 80 seconds
May 09 07:20:00.321540 np0000172981 devstack@n-api-meta.service[108423]: mapped 671795 bytes (656 KB) for 4 cores
May 09 07:20:00.321693 np0000172981 devstack@n-api-meta.service[108423]: *** Operational MODE: preforking ***
May 09 07:20:00.321889 np0000172981 devstack@n-api-meta.service[108423]: *** uWSGI is running in multiple interpreter mode ***
May 09 07:20:00.321889 np0000172981 devstack@n-api-meta.service[108423]: spawned uWSGI master process (pid: 108423)
May 09 07:20:00.322054 np0000172981 systemd[1]: Started devstack@n-api-meta.service - Devstack devstack@n-api-meta.service.
May 09 07:20:00.322580 np0000172981 devstack@n-api-meta.service[108423]: spawned uWSGI worker 1 (pid: 108424, cores: 1)
May 09 07:20:00.323135 np0000172981 devstack@n-api-meta.service[108423]: spawned uWSGI worker 2 (pid: 108425, cores: 1)
May 09 07:20:00.323626 np0000172981 devstack@n-api-meta.service[108423]: spawned uWSGI worker 3 (pid: 108426, cores: 1)
May 09 07:20:00.324341 np0000172981 devstack@n-api-meta.service[108423]: spawned uWSGI worker 4 (pid: 108427, cores: 1)
May 09 07:20:00.324854 np0000172981 devstack@n-api-meta.service[108423]: spawned uWSGI http 1 (pid: 108428)
May 09 07:20:00.324854 np0000172981 devstack@n-api-meta.service[108423]: running "unix_signal:15 gracefully_kill_them_all" (master-start)...
May 09 07:20:00.631151 np0000172981 devstack@n-api-meta.service[108424]: /opt/stack/data/venv/lib/python3.12/site-packages/oslo_concurrency/lockutils.py:41: EventletDeprecationWarning:
May 09 07:20:00.631151 np0000172981 devstack@n-api-meta.service[108424]: Eventlet is deprecated. It is currently being maintained in bugfix mode, and
May 09 07:20:00.631151 np0000172981 devstack@n-api-meta.service[108424]: we strongly recommend against using it for new projects.
May 09 07:20:00.631151 np0000172981 devstack@n-api-meta.service[108424]: If you are already using Eventlet, we recommend migrating to a different
May 09 07:20:00.631151 np0000172981 devstack@n-api-meta.service[108424]: framework. For more detail see
May 09 07:20:00.631151 np0000172981 devstack@n-api-meta.service[108424]: https://eventlet.readthedocs.io/en/latest/asyncio/migration.html
May 09 07:20:00.631151 np0000172981 devstack@n-api-meta.service[108424]: import eventlet
May 09 07:20:00.643725 np0000172981 devstack@n-api-meta.service[108425]: /opt/stack/data/venv/lib/python3.12/site-packages/oslo_concurrency/lockutils.py:41: EventletDeprecationWarning:
May 09 07:20:00.643725 np0000172981 devstack@n-api-meta.service[108425]: Eventlet is deprecated. It is currently being maintained in bugfix mode, and
May 09 07:20:00.643725 np0000172981 devstack@n-api-meta.service[108425]: we strongly recommend against using it for new projects.
May 09 07:20:00.643725 np0000172981 devstack@n-api-meta.service[108425]: If you are already using Eventlet, we recommend migrating to a different
May 09 07:20:00.643725 np0000172981 devstack@n-api-meta.service[108425]: framework. For more detail see
May 09 07:20:00.643725 np0000172981 devstack@n-api-meta.service[108425]: https://eventlet.readthedocs.io/en/latest/asyncio/migration.html
May 09 07:20:00.643725 np0000172981 devstack@n-api-meta.service[108425]: import eventlet
May 09 07:20:00.650823 np0000172981 devstack@n-api-meta.service[108427]: /opt/stack/data/venv/lib/python3.12/site-packages/oslo_concurrency/lockutils.py:41: EventletDeprecationWarning:
May 09 07:20:00.650823 np0000172981 devstack@n-api-meta.service[108427]: Eventlet is deprecated. It is currently being maintained in bugfix mode, and
May 09 07:20:00.650823 np0000172981 devstack@n-api-meta.service[108427]: we strongly recommend against using it for new projects.
May 09 07:20:00.650823 np0000172981 devstack@n-api-meta.service[108427]: If you are already using Eventlet, we recommend migrating to a different
May 09 07:20:00.650823 np0000172981 devstack@n-api-meta.service[108427]: framework. For more detail see
May 09 07:20:00.650823 np0000172981 devstack@n-api-meta.service[108427]: https://eventlet.readthedocs.io/en/latest/asyncio/migration.html
May 09 07:20:00.650823 np0000172981 devstack@n-api-meta.service[108427]: import eventlet
May 09 07:20:00.665545 np0000172981 devstack@n-api-meta.service[108426]: /opt/stack/data/venv/lib/python3.12/site-packages/oslo_concurrency/lockutils.py:41: EventletDeprecationWarning:
May 09 07:20:00.665545 np0000172981 devstack@n-api-meta.service[108426]: Eventlet is deprecated. It is currently being maintained in bugfix mode, and
May 09 07:20:00.665545 np0000172981 devstack@n-api-meta.service[108426]: we strongly recommend against using it for new projects.
May 09 07:20:00.665545 np0000172981 devstack@n-api-meta.service[108426]: If you are already using Eventlet, we recommend migrating to a different
May 09 07:20:00.665545 np0000172981 devstack@n-api-meta.service[108426]: framework. For more detail see
May 09 07:20:00.665545 np0000172981 devstack@n-api-meta.service[108426]: https://eventlet.readthedocs.io/en/latest/asyncio/migration.html
May 09 07:20:00.665545 np0000172981 devstack@n-api-meta.service[108426]: import eventlet
May 09 07:20:00.676096 np0000172981 devstack@n-api-meta.service[108424]: Service is starting with native threading. This is currently experimental. Do not use it in production without first testing it in pre-production.
May 09 07:20:00.688915 np0000172981 devstack@n-api-meta.service[108425]: Service is starting with native threading. This is currently experimental. Do not use it in production without first testing it in pre-production.
May 09 07:20:00.697320 np0000172981 devstack@n-api-meta.service[108427]: Service is starting with native threading. This is currently experimental. Do not use it in production without first testing it in pre-production.
May 09 07:20:00.712323 np0000172981 devstack@n-api-meta.service[108426]: Service is starting with native threading. This is currently experimental. Do not use it in production without first testing it in pre-production.
May 09 07:20:02.031870 np0000172981 devstack@n-api-meta.service[108424]: INFO dbcounter [None req-71edf211-5fe5-46a5-b90e-be44e3b6e81e None None] Registered counter for database nova_api
May 09 07:20:02.045669 np0000172981 devstack@n-api-meta.service[108424]: DEBUG oslo_db.sqlalchemy.engines [None req-71edf211-5fe5-46a5-b90e-be44e3b6e81e None None] MySQL server mode set to STRICT_TRANS_TABLES,STRICT_ALL_TABLES,NO_ZERO_IN_DATE,NO_ZERO_DATE,ERROR_FOR_DIVISION_BY_ZERO,TRADITIONAL,NO_ENGINE_SUBSTITUTION {{(pid=108424) _check_effective_sql_mode /opt/stack/data/venv/lib/python3.12/site-packages/oslo_db/sqlalchemy/engines.py:325}}
May 09 07:20:02.064075 np0000172981 devstack@n-api-meta.service[108425]: INFO dbcounter [None req-13cab495-ca1a-4d88-9cb6-94203fa77e03 None None] Registered counter for database nova_api
May 09 07:20:02.078541 np0000172981 devstack@n-api-meta.service[108424]: DEBUG dbcounter [-] [108424] Writer thread running {{(pid=108424) stat_writer /opt/stack/data/venv/lib/python3.12/site-packages/dbcounter.py:102}}
May 09 07:20:02.079159 np0000172981 devstack@n-api-meta.service[108425]: DEBUG oslo_db.sqlalchemy.engines [None req-13cab495-ca1a-4d88-9cb6-94203fa77e03 None None] MySQL server mode set to STRICT_TRANS_TABLES,STRICT_ALL_TABLES,NO_ZERO_IN_DATE,NO_ZERO_DATE,ERROR_FOR_DIVISION_BY_ZERO,TRADITIONAL,NO_ENGINE_SUBSTITUTION {{(pid=108425) _check_effective_sql_mode /opt/stack/data/venv/lib/python3.12/site-packages/oslo_db/sqlalchemy/engines.py:325}}
May 09 07:20:02.081271 np0000172981 devstack@n-api-meta.service[108424]: DEBUG nova.context [None req-71edf211-5fe5-46a5-b90e-be44e3b6e81e None None] Found 2 cells: 00000000-0000-0000-0000-000000000000(cell0),57da78fb-2289-4e39-8918-7f10afe0baf7(cell1) {{(pid=108424) load_cells /opt/stack/nova/nova/context.py:509}}
May 09 07:20:02.081732 np0000172981 devstack@n-api-meta.service[108424]: INFO nova.utils [None req-71edf211-5fe5-46a5-b90e-be44e3b6e81e None None] The cell worker thread pool MainProcess.cell_worker is initialized
May 09 07:20:02.085433 np0000172981 devstack@n-api-meta.service[108424]: DEBUG oslo_concurrency.lockutils [None req-71edf211-5fe5-46a5-b90e-be44e3b6e81e None None] Acquiring lock "00000000-0000-0000-0000-000000000000" by "nova.context.set_target_cell..get_or_set_cached_cell_and_set_connections" {{(pid=108424) inner /opt/stack/data/venv/lib/python3.12/site-packages/oslo_concurrency/lockutils.py:506}}
May 09 07:20:02.085805 np0000172981 devstack@n-api-meta.service[108424]: DEBUG oslo_concurrency.lockutils [None req-71edf211-5fe5-46a5-b90e-be44e3b6e81e None None] Lock "00000000-0000-0000-0000-000000000000" acquired by "nova.context.set_target_cell..get_or_set_cached_cell_and_set_connections" :: waited 0.000s {{(pid=108424) inner /opt/stack/data/venv/lib/python3.12/site-packages/oslo_concurrency/lockutils.py:519}}
May 09 07:20:02.086578 np0000172981 devstack@n-api-meta.service[108424]: DEBUG oslo_concurrency.lockutils [None req-71edf211-5fe5-46a5-b90e-be44e3b6e81e None None] Lock "00000000-0000-0000-0000-000000000000" "released" by "nova.context.set_target_cell..get_or_set_cached_cell_and_set_connections" :: held 0.001s {{(pid=108424) inner /opt/stack/data/venv/lib/python3.12/site-packages/oslo_concurrency/lockutils.py:538}}
May 09 07:20:02.087796 np0000172981 devstack@n-api-meta.service[108424]: DEBUG oslo_concurrency.lockutils [None req-71edf211-5fe5-46a5-b90e-be44e3b6e81e None None] Acquiring lock "57da78fb-2289-4e39-8918-7f10afe0baf7" by "nova.context.set_target_cell..get_or_set_cached_cell_and_set_connections" {{(pid=108424) inner /opt/stack/data/venv/lib/python3.12/site-packages/oslo_concurrency/lockutils.py:506}}
May 09 07:20:02.090299 np0000172981 devstack@n-api-meta.service[108424]: INFO dbcounter [None req-71edf211-5fe5-46a5-b90e-be44e3b6e81e None None] Registered counter for database nova_cell0
May 09 07:20:02.092895 np0000172981 devstack@n-api-meta.service[108424]: DEBUG oslo_concurrency.lockutils [None req-71edf211-5fe5-46a5-b90e-be44e3b6e81e None None] Lock "57da78fb-2289-4e39-8918-7f10afe0baf7" acquired by "nova.context.set_target_cell..get_or_set_cached_cell_and_set_connections" :: waited 0.002s {{(pid=108424) inner /opt/stack/data/venv/lib/python3.12/site-packages/oslo_concurrency/lockutils.py:519}}
May 09 07:20:02.093312 np0000172981 devstack@n-api-meta.service[108424]: DEBUG oslo_concurrency.lockutils [None req-71edf211-5fe5-46a5-b90e-be44e3b6e81e None None] Lock "57da78fb-2289-4e39-8918-7f10afe0baf7" "released" by "nova.context.set_target_cell..get_or_set_cached_cell_and_set_connections" :: held 0.003s {{(pid=108424) inner /opt/stack/data/venv/lib/python3.12/site-packages/oslo_concurrency/lockutils.py:538}}
May 09 07:20:02.096016 np0000172981 devstack@n-api-meta.service[108424]: INFO dbcounter [None req-71edf211-5fe5-46a5-b90e-be44e3b6e81e None None] Registered counter for database nova_cell1
May 09 07:20:02.108539 np0000172981 devstack@n-api-meta.service[108424]: DEBUG oslo_db.sqlalchemy.engines [None req-71edf211-5fe5-46a5-b90e-be44e3b6e81e None None] MySQL server mode set to STRICT_TRANS_TABLES,STRICT_ALL_TABLES,NO_ZERO_IN_DATE,NO_ZERO_DATE,ERROR_FOR_DIVISION_BY_ZERO,TRADITIONAL,NO_ENGINE_SUBSTITUTION {{(pid=108424) _check_effective_sql_mode /opt/stack/data/venv/lib/python3.12/site-packages/oslo_db/sqlalchemy/engines.py:325}}
May 09 07:20:02.108661 np0000172981 devstack@n-api-meta.service[108427]: INFO dbcounter [None req-0503c1ca-6011-4028-8b7c-cf33b747f78e None None] Registered counter for database nova_api
May 09 07:20:02.111123 np0000172981 devstack@n-api-meta.service[108425]: DEBUG dbcounter [-] [108425] Writer thread running {{(pid=108425) stat_writer /opt/stack/data/venv/lib/python3.12/site-packages/dbcounter.py:102}}
May 09 07:20:02.114028 np0000172981 devstack@n-api-meta.service[108424]: DEBUG oslo_db.sqlalchemy.engines [None req-71edf211-5fe5-46a5-b90e-be44e3b6e81e None None] MySQL server mode set to STRICT_TRANS_TABLES,STRICT_ALL_TABLES,NO_ZERO_IN_DATE,NO_ZERO_DATE,ERROR_FOR_DIVISION_BY_ZERO,TRADITIONAL,NO_ENGINE_SUBSTITUTION {{(pid=108424) _check_effective_sql_mode /opt/stack/data/venv/lib/python3.12/site-packages/oslo_db/sqlalchemy/engines.py:325}}
May 09 07:20:02.114125 np0000172981 devstack@n-api-meta.service[108425]: DEBUG nova.context [None req-13cab495-ca1a-4d88-9cb6-94203fa77e03 None None] Found 2 cells: 00000000-0000-0000-0000-000000000000(cell0),57da78fb-2289-4e39-8918-7f10afe0baf7(cell1) {{(pid=108425) load_cells /opt/stack/nova/nova/context.py:509}}
May 09 07:20:02.114642 np0000172981 devstack@n-api-meta.service[108426]: INFO dbcounter [None req-9e62bbb0-ebb4-4063-a17f-83bc3dd10d44 None None] Registered counter for database nova_api
May 09 07:20:02.114944 np0000172981 devstack@n-api-meta.service[108425]: INFO nova.utils [None req-13cab495-ca1a-4d88-9cb6-94203fa77e03 None None] The cell worker thread pool MainProcess.cell_worker is initialized
May 09 07:20:02.118222 np0000172981 devstack@n-api-meta.service[108425]: DEBUG oslo_concurrency.lockutils [None req-13cab495-ca1a-4d88-9cb6-94203fa77e03 None None] Acquiring lock "00000000-0000-0000-0000-000000000000" by "nova.context.set_target_cell..get_or_set_cached_cell_and_set_connections" {{(pid=108425) inner /opt/stack/data/venv/lib/python3.12/site-packages/oslo_concurrency/lockutils.py:506}}
May 09 07:20:02.118586 np0000172981 devstack@n-api-meta.service[108425]: DEBUG oslo_concurrency.lockutils [None req-13cab495-ca1a-4d88-9cb6-94203fa77e03 None None] Lock "00000000-0000-0000-0000-000000000000" acquired by "nova.context.set_target_cell..get_or_set_cached_cell_and_set_connections" :: waited 0.000s {{(pid=108425) inner /opt/stack/data/venv/lib/python3.12/site-packages/oslo_concurrency/lockutils.py:519}}
May 09 07:20:02.119283 np0000172981 devstack@n-api-meta.service[108425]: DEBUG oslo_concurrency.lockutils [None req-13cab495-ca1a-4d88-9cb6-94203fa77e03 None None] Lock "00000000-0000-0000-0000-000000000000" "released" by "nova.context.set_target_cell..get_or_set_cached_cell_and_set_connections" :: held 0.001s {{(pid=108425) inner /opt/stack/data/venv/lib/python3.12/site-packages/oslo_concurrency/lockutils.py:538}}
May 09 07:20:02.120384 np0000172981 devstack@n-api-meta.service[108425]: DEBUG oslo_concurrency.lockutils [None req-13cab495-ca1a-4d88-9cb6-94203fa77e03 None None] Acquiring lock "57da78fb-2289-4e39-8918-7f10afe0baf7" by "nova.context.set_target_cell..get_or_set_cached_cell_and_set_connections" {{(pid=108425) inner /opt/stack/data/venv/lib/python3.12/site-packages/oslo_concurrency/lockutils.py:506}}
May 09 07:20:02.120737 np0000172981 devstack@n-api-meta.service[108425]: DEBUG oslo_concurrency.lockutils [None req-13cab495-ca1a-4d88-9cb6-94203fa77e03 None None] Lock "57da78fb-2289-4e39-8918-7f10afe0baf7" acquired by "nova.context.set_target_cell..get_or_set_cached_cell_and_set_connections" :: waited 0.000s {{(pid=108425) inner /opt/stack/data/venv/lib/python3.12/site-packages/oslo_concurrency/lockutils.py:519}}
May 09 07:20:02.122481 np0000172981 devstack@n-api-meta.service[108425]: DEBUG oslo_concurrency.lockutils [None req-13cab495-ca1a-4d88-9cb6-94203fa77e03 None None] Lock "57da78fb-2289-4e39-8918-7f10afe0baf7" "released" by "nova.context.set_target_cell..get_or_set_cached_cell_and_set_connections" :: held 0.002s {{(pid=108425) inner /opt/stack/data/venv/lib/python3.12/site-packages/oslo_concurrency/lockutils.py:538}}
May 09 07:20:02.124756 np0000172981 devstack@n-api-meta.service[108427]: DEBUG oslo_db.sqlalchemy.engines [None req-0503c1ca-6011-4028-8b7c-cf33b747f78e None None] MySQL server mode set to STRICT_TRANS_TABLES,STRICT_ALL_TABLES,NO_ZERO_IN_DATE,NO_ZERO_DATE,ERROR_FOR_DIVISION_BY_ZERO,TRADITIONAL,NO_ENGINE_SUBSTITUTION {{(pid=108427) _check_effective_sql_mode /opt/stack/data/venv/lib/python3.12/site-packages/oslo_db/sqlalchemy/engines.py:325}}
May 09 07:20:02.125664 np0000172981 devstack@n-api-meta.service[108425]: INFO dbcounter [None req-13cab495-ca1a-4d88-9cb6-94203fa77e03 None None] Registered counter for database nova_cell0
May 09 07:20:02.130710 np0000172981 devstack@n-api-meta.service[108425]: INFO dbcounter [None req-13cab495-ca1a-4d88-9cb6-94203fa77e03 None None] Registered counter for database nova_cell1
May 09 07:20:02.132261 np0000172981 devstack@n-api-meta.service[108426]: DEBUG oslo_db.sqlalchemy.engines [None req-9e62bbb0-ebb4-4063-a17f-83bc3dd10d44 None None] MySQL server mode set to STRICT_TRANS_TABLES,STRICT_ALL_TABLES,NO_ZERO_IN_DATE,NO_ZERO_DATE,ERROR_FOR_DIVISION_BY_ZERO,TRADITIONAL,NO_ENGINE_SUBSTITUTION {{(pid=108426) _check_effective_sql_mode /opt/stack/data/venv/lib/python3.12/site-packages/oslo_db/sqlalchemy/engines.py:325}}
May 09 07:20:02.140761 np0000172981 devstack@n-api-meta.service[108425]: DEBUG oslo_db.sqlalchemy.engines [None req-13cab495-ca1a-4d88-9cb6-94203fa77e03 None None] MySQL server mode set to STRICT_TRANS_TABLES,STRICT_ALL_TABLES,NO_ZERO_IN_DATE,NO_ZERO_DATE,ERROR_FOR_DIVISION_BY_ZERO,TRADITIONAL,NO_ENGINE_SUBSTITUTION {{(pid=108425) _check_effective_sql_mode /opt/stack/data/venv/lib/python3.12/site-packages/oslo_db/sqlalchemy/engines.py:325}}
May 09 07:20:02.147656 np0000172981 devstack@n-api-meta.service[108425]: DEBUG oslo_db.sqlalchemy.engines [None req-13cab495-ca1a-4d88-9cb6-94203fa77e03 None None] MySQL server mode set to STRICT_TRANS_TABLES,STRICT_ALL_TABLES,NO_ZERO_IN_DATE,NO_ZERO_DATE,ERROR_FOR_DIVISION_BY_ZERO,TRADITIONAL,NO_ENGINE_SUBSTITUTION {{(pid=108425) _check_effective_sql_mode /opt/stack/data/venv/lib/python3.12/site-packages/oslo_db/sqlalchemy/engines.py:325}}
May 09 07:20:02.157083 np0000172981 devstack@n-api-meta.service[108427]: DEBUG dbcounter [-] [108427] Writer thread running {{(pid=108427) stat_writer /opt/stack/data/venv/lib/python3.12/site-packages/dbcounter.py:102}}
May 09 07:20:02.159494 np0000172981 devstack@n-api-meta.service[108427]: DEBUG nova.context [None req-0503c1ca-6011-4028-8b7c-cf33b747f78e None None] Found 2 cells: 00000000-0000-0000-0000-000000000000(cell0),57da78fb-2289-4e39-8918-7f10afe0baf7(cell1) {{(pid=108427) load_cells /opt/stack/nova/nova/context.py:509}}
May 09 07:20:02.159800 np0000172981 devstack@n-api-meta.service[108427]: INFO nova.utils [None req-0503c1ca-6011-4028-8b7c-cf33b747f78e None None] The cell worker thread pool MainProcess.cell_worker is initialized
May 09 07:20:02.161551 np0000172981 devstack@n-api-meta.service[108427]: DEBUG oslo_concurrency.lockutils [None req-0503c1ca-6011-4028-8b7c-cf33b747f78e None None] Acquiring lock "00000000-0000-0000-0000-000000000000" by "nova.context.set_target_cell..get_or_set_cached_cell_and_set_connections" {{(pid=108427) inner /opt/stack/data/venv/lib/python3.12/site-packages/oslo_concurrency/lockutils.py:506}}
May 09 07:20:02.161716 np0000172981 devstack@n-api-meta.service[108427]: DEBUG oslo_concurrency.lockutils [None req-0503c1ca-6011-4028-8b7c-cf33b747f78e None None] Lock "00000000-0000-0000-0000-000000000000" acquired by "nova.context.set_target_cell..get_or_set_cached_cell_and_set_connections" :: waited 0.000s {{(pid=108427) inner /opt/stack/data/venv/lib/python3.12/site-packages/oslo_concurrency/lockutils.py:519}}
May 09 07:20:02.162083 np0000172981 devstack@n-api-meta.service[108427]: DEBUG oslo_concurrency.lockutils [None req-0503c1ca-6011-4028-8b7c-cf33b747f78e None None] Lock "00000000-0000-0000-0000-000000000000" "released" by "nova.context.set_target_cell..get_or_set_cached_cell_and_set_connections" :: held 0.000s {{(pid=108427) inner /opt/stack/data/venv/lib/python3.12/site-packages/oslo_concurrency/lockutils.py:538}}
May 09 07:20:02.162846 np0000172981 devstack@n-api-meta.service[108427]: DEBUG oslo_concurrency.lockutils [None req-0503c1ca-6011-4028-8b7c-cf33b747f78e None None] Acquiring lock "57da78fb-2289-4e39-8918-7f10afe0baf7" by "nova.context.set_target_cell..get_or_set_cached_cell_and_set_connections" {{(pid=108427) inner /opt/stack/data/venv/lib/python3.12/site-packages/oslo_concurrency/lockutils.py:506}}
May 09 07:20:02.162999 np0000172981 devstack@n-api-meta.service[108427]: DEBUG oslo_concurrency.lockutils [None req-0503c1ca-6011-4028-8b7c-cf33b747f78e None None] Lock "57da78fb-2289-4e39-8918-7f10afe0baf7" acquired by "nova.context.set_target_cell..get_or_set_cached_cell_and_set_connections" :: waited 0.000s {{(pid=108427) inner /opt/stack/data/venv/lib/python3.12/site-packages/oslo_concurrency/lockutils.py:519}}
May 09 07:20:02.163829 np0000172981 devstack@n-api-meta.service[108427]: DEBUG oslo_concurrency.lockutils [None req-0503c1ca-6011-4028-8b7c-cf33b747f78e None None] Lock "57da78fb-2289-4e39-8918-7f10afe0baf7" "released" by "nova.context.set_target_cell..get_or_set_cached_cell_and_set_connections" :: held 0.001s {{(pid=108427) inner /opt/stack/data/venv/lib/python3.12/site-packages/oslo_concurrency/lockutils.py:538}}
May 09 07:20:02.166690 np0000172981 devstack@n-api-meta.service[108427]: INFO dbcounter [None req-0503c1ca-6011-4028-8b7c-cf33b747f78e None None] Registered counter for database nova_cell0
May 09 07:20:02.168813 np0000172981 devstack@n-api-meta.service[108426]: DEBUG dbcounter [-] [108426] Writer thread running {{(pid=108426) stat_writer /opt/stack/data/venv/lib/python3.12/site-packages/dbcounter.py:102}}
May 09 07:20:02.171302 np0000172981 devstack@n-api-meta.service[108426]: DEBUG nova.context [None req-9e62bbb0-ebb4-4063-a17f-83bc3dd10d44 None None] Found 2 cells: 00000000-0000-0000-0000-000000000000(cell0),57da78fb-2289-4e39-8918-7f10afe0baf7(cell1) {{(pid=108426) load_cells /opt/stack/nova/nova/context.py:509}}
May 09 07:20:02.171546 np0000172981 devstack@n-api-meta.service[108426]: INFO nova.utils [None req-9e62bbb0-ebb4-4063-a17f-83bc3dd10d44 None None] The cell worker thread pool MainProcess.cell_worker is initialized
May 09 07:20:02.171980 np0000172981 devstack@n-api-meta.service[108427]: INFO dbcounter [None req-0503c1ca-6011-4028-8b7c-cf33b747f78e None None] Registered counter for database nova_cell1
May 09 07:20:02.173321 np0000172981 devstack@n-api-meta.service[108426]: DEBUG oslo_concurrency.lockutils [None req-9e62bbb0-ebb4-4063-a17f-83bc3dd10d44 None None] Acquiring lock "00000000-0000-0000-0000-000000000000" by "nova.context.set_target_cell..get_or_set_cached_cell_and_set_connections" {{(pid=108426) inner /opt/stack/data/venv/lib/python3.12/site-packages/oslo_concurrency/lockutils.py:506}}
May 09 07:20:02.173537 np0000172981 devstack@n-api-meta.service[108426]: DEBUG oslo_concurrency.lockutils [None req-9e62bbb0-ebb4-4063-a17f-83bc3dd10d44 None None] Lock "00000000-0000-0000-0000-000000000000" acquired by "nova.context.set_target_cell..get_or_set_cached_cell_and_set_connections" :: waited 0.000s {{(pid=108426) inner /opt/stack/data/venv/lib/python3.12/site-packages/oslo_concurrency/lockutils.py:519}}
May 09 07:20:02.173912 np0000172981 devstack@n-api-meta.service[108426]: DEBUG oslo_concurrency.lockutils [None req-9e62bbb0-ebb4-4063-a17f-83bc3dd10d44 None None] Lock "00000000-0000-0000-0000-000000000000" "released" by "nova.context.set_target_cell..get_or_set_cached_cell_and_set_connections" :: held 0.000s {{(pid=108426) inner /opt/stack/data/venv/lib/python3.12/site-packages/oslo_concurrency/lockutils.py:538}}
May 09 07:20:02.174766 np0000172981 devstack@n-api-meta.service[108426]: DEBUG oslo_concurrency.lockutils [None req-9e62bbb0-ebb4-4063-a17f-83bc3dd10d44 None None] Acquiring lock "57da78fb-2289-4e39-8918-7f10afe0baf7" by "nova.context.set_target_cell..get_or_set_cached_cell_and_set_connections" {{(pid=108426) inner /opt/stack/data/venv/lib/python3.12/site-packages/oslo_concurrency/lockutils.py:506}}
May 09 07:20:02.175032 np0000172981 devstack@n-api-meta.service[108426]: DEBUG oslo_concurrency.lockutils [None req-9e62bbb0-ebb4-4063-a17f-83bc3dd10d44 None None] Lock "57da78fb-2289-4e39-8918-7f10afe0baf7" acquired by "nova.context.set_target_cell..get_or_set_cached_cell_and_set_connections" :: waited 0.000s {{(pid=108426) inner /opt/stack/data/venv/lib/python3.12/site-packages/oslo_concurrency/lockutils.py:519}}
May 09 07:20:02.175807 np0000172981 devstack@n-api-meta.service[108426]: DEBUG oslo_concurrency.lockutils [None req-9e62bbb0-ebb4-4063-a17f-83bc3dd10d44 None None] Lock "57da78fb-2289-4e39-8918-7f10afe0baf7" "released" by "nova.context.set_target_cell..get_or_set_cached_cell_and_set_connections" :: held 0.001s {{(pid=108426) inner /opt/stack/data/venv/lib/python3.12/site-packages/oslo_concurrency/lockutils.py:538}}
May 09 07:20:02.181694 np0000172981 devstack@n-api-meta.service[108426]: INFO dbcounter [None req-9e62bbb0-ebb4-4063-a17f-83bc3dd10d44 None None] Registered counter for database nova_cell0
May 09 07:20:02.183153 np0000172981 devstack@n-api-meta.service[108427]: DEBUG oslo_db.sqlalchemy.engines [None req-0503c1ca-6011-4028-8b7c-cf33b747f78e None None] MySQL server mode set to STRICT_TRANS_TABLES,STRICT_ALL_TABLES,NO_ZERO_IN_DATE,NO_ZERO_DATE,ERROR_FOR_DIVISION_BY_ZERO,TRADITIONAL,NO_ENGINE_SUBSTITUTION {{(pid=108427) _check_effective_sql_mode /opt/stack/data/venv/lib/python3.12/site-packages/oslo_db/sqlalchemy/engines.py:325}}
May 09 07:20:02.184428 np0000172981 devstack@n-api-meta.service[108426]: INFO dbcounter [None req-9e62bbb0-ebb4-4063-a17f-83bc3dd10d44 None None] Registered counter for database nova_cell1
May 09 07:20:02.189193 np0000172981 devstack@n-api-meta.service[108427]: DEBUG oslo_db.sqlalchemy.engines [None req-0503c1ca-6011-4028-8b7c-cf33b747f78e None None] MySQL server mode set to STRICT_TRANS_TABLES,STRICT_ALL_TABLES,NO_ZERO_IN_DATE,NO_ZERO_DATE,ERROR_FOR_DIVISION_BY_ZERO,TRADITIONAL,NO_ENGINE_SUBSTITUTION {{(pid=108427) _check_effective_sql_mode /opt/stack/data/venv/lib/python3.12/site-packages/oslo_db/sqlalchemy/engines.py:325}}
May 09 07:20:02.197021 np0000172981 devstack@n-api-meta.service[108426]: DEBUG oslo_db.sqlalchemy.engines [None req-9e62bbb0-ebb4-4063-a17f-83bc3dd10d44 None None] MySQL server mode set to STRICT_TRANS_TABLES,STRICT_ALL_TABLES,NO_ZERO_IN_DATE,NO_ZERO_DATE,ERROR_FOR_DIVISION_BY_ZERO,TRADITIONAL,NO_ENGINE_SUBSTITUTION {{(pid=108426) _check_effective_sql_mode /opt/stack/data/venv/lib/python3.12/site-packages/oslo_db/sqlalchemy/engines.py:325}}
May 09 07:20:02.204163 np0000172981 devstack@n-api-meta.service[108426]: DEBUG oslo_db.sqlalchemy.engines [None req-9e62bbb0-ebb4-4063-a17f-83bc3dd10d44 None None] MySQL server mode set to STRICT_TRANS_TABLES,STRICT_ALL_TABLES,NO_ZERO_IN_DATE,NO_ZERO_DATE,ERROR_FOR_DIVISION_BY_ZERO,TRADITIONAL,NO_ENGINE_SUBSTITUTION {{(pid=108426) _check_effective_sql_mode /opt/stack/data/venv/lib/python3.12/site-packages/oslo_db/sqlalchemy/engines.py:325}}
May 09 07:20:02.215644 np0000172981 devstack@n-api-meta.service[108424]: DEBUG dbcounter [-] [108424] Writer thread running {{(pid=108424) stat_writer /opt/stack/data/venv/lib/python3.12/site-packages/dbcounter.py:102}}
May 09 07:20:02.216323 np0000172981 devstack@n-api-meta.service[108424]: DEBUG dbcounter [-] [108424] Writer thread running {{(pid=108424) stat_writer /opt/stack/data/venv/lib/python3.12/site-packages/dbcounter.py:102}}
May 09 07:20:02.223025 np0000172981 devstack@n-api-meta.service[108424]: INFO dbcounter [None req-71edf211-5fe5-46a5-b90e-be44e3b6e81e None None] Registered counter for database nova_cell0
May 09 07:20:02.229730 np0000172981 devstack@n-api-meta.service[108424]: DEBUG oslo_db.sqlalchemy.engines [None req-71edf211-5fe5-46a5-b90e-be44e3b6e81e None None] MySQL server mode set to STRICT_TRANS_TABLES,STRICT_ALL_TABLES,NO_ZERO_IN_DATE,NO_ZERO_DATE,ERROR_FOR_DIVISION_BY_ZERO,TRADITIONAL,NO_ENGINE_SUBSTITUTION {{(pid=108424) _check_effective_sql_mode /opt/stack/data/venv/lib/python3.12/site-packages/oslo_db/sqlalchemy/engines.py:325}}
May 09 07:20:02.236129 np0000172981 devstack@n-api-meta.service[108424]: DEBUG dbcounter [-] [108424] Writer thread running {{(pid=108424) stat_writer /opt/stack/data/venv/lib/python3.12/site-packages/dbcounter.py:102}}
May 09 07:20:02.237552 np0000172981 devstack@n-api-meta.service[108425]: DEBUG dbcounter [-] [108425] Writer thread running {{(pid=108425) stat_writer /opt/stack/data/venv/lib/python3.12/site-packages/dbcounter.py:102}}
May 09 07:20:02.243071 np0000172981 devstack@n-api-meta.service[108425]: DEBUG dbcounter [-] [108425] Writer thread running {{(pid=108425) stat_writer /opt/stack/data/venv/lib/python3.12/site-packages/dbcounter.py:102}}
May 09 07:20:02.248035 np0000172981 devstack@n-api-meta.service[108425]: INFO dbcounter [None req-13cab495-ca1a-4d88-9cb6-94203fa77e03 None None] Registered counter for database nova_cell0
May 09 07:20:02.256755 np0000172981 devstack@n-api-meta.service[108425]: DEBUG oslo_db.sqlalchemy.engines [None req-13cab495-ca1a-4d88-9cb6-94203fa77e03 None None] MySQL server mode set to STRICT_TRANS_TABLES,STRICT_ALL_TABLES,NO_ZERO_IN_DATE,NO_ZERO_DATE,ERROR_FOR_DIVISION_BY_ZERO,TRADITIONAL,NO_ENGINE_SUBSTITUTION {{(pid=108425) _check_effective_sql_mode /opt/stack/data/venv/lib/python3.12/site-packages/oslo_db/sqlalchemy/engines.py:325}}
May 09 07:20:02.262816 np0000172981 devstack@n-api-meta.service[108425]: DEBUG dbcounter [-] [108425] Writer thread running {{(pid=108425) stat_writer /opt/stack/data/venv/lib/python3.12/site-packages/dbcounter.py:102}}
May 09 07:20:02.280719 np0000172981 devstack@n-api-meta.service[108424]: WARNING nova.api.metadata.handler [None req-71edf211-5fe5-46a5-b90e-be44e3b6e81e None None] metadata_proxy_shared_secret is not configured, the metadata information returned by the proxy cannot be trusted
May 09 07:20:02.283020 np0000172981 devstack@n-api-meta.service[108424]: DEBUG nova.api.openstack.wsgi_app [None req-71edf211-5fe5-46a5-b90e-be44e3b6e81e None None] ******************************************************************************** {{(pid=108424) log_opt_values /opt/stack/data/venv/lib/python3.12/site-packages/oslo_config/cfg.py:2979}}
May 09 07:20:02.283141 np0000172981 devstack@n-api-meta.service[108424]: DEBUG nova.api.openstack.wsgi_app [None req-71edf211-5fe5-46a5-b90e-be44e3b6e81e None None] Configuration options gathered from: {{(pid=108424) log_opt_values /opt/stack/data/venv/lib/python3.12/site-packages/oslo_config/cfg.py:2980}}
May 09 07:20:02.283250 np0000172981 devstack@n-api-meta.service[108424]: DEBUG nova.api.openstack.wsgi_app [None req-71edf211-5fe5-46a5-b90e-be44e3b6e81e None None] command line args: [] {{(pid=108424) log_opt_values /opt/stack/data/venv/lib/python3.12/site-packages/oslo_config/cfg.py:2981}}
May 09 07:20:02.283402 np0000172981 devstack@n-api-meta.service[108424]: DEBUG nova.api.openstack.wsgi_app [None req-71edf211-5fe5-46a5-b90e-be44e3b6e81e None None] config files: ['/etc/nova/api-paste.ini', '/etc/nova/nova.conf'] {{(pid=108424) log_opt_values /opt/stack/data/venv/lib/python3.12/site-packages/oslo_config/cfg.py:2982}}
May 09 07:20:02.283492 np0000172981 devstack@n-api-meta.service[108424]: DEBUG nova.api.openstack.wsgi_app [None req-71edf211-5fe5-46a5-b90e-be44e3b6e81e None None] ================================================================================ {{(pid=108424) log_opt_values /opt/stack/data/venv/lib/python3.12/site-packages/oslo_config/cfg.py:2987}}
May 09 07:20:02.283695 np0000172981 devstack@n-api-meta.service[108424]: DEBUG nova.api.openstack.wsgi_app [None req-71edf211-5fe5-46a5-b90e-be44e3b6e81e None None] allow_resize_to_same_host = True {{(pid=108424) log_opt_values /opt/stack/data/venv/lib/python3.12/site-packages/oslo_config/cfg.py:2995}}
May 09 07:20:02.283833 np0000172981 devstack@n-api-meta.service[108424]: DEBUG nova.api.openstack.wsgi_app [None req-71edf211-5fe5-46a5-b90e-be44e3b6e81e None None] arq_binding_timeout = 300 {{(pid=108424) log_opt_values /opt/stack/data/venv/lib/python3.12/site-packages/oslo_config/cfg.py:2995}}
May 09 07:20:02.283957 np0000172981 devstack@n-api-meta.service[108424]: DEBUG nova.api.openstack.wsgi_app [None req-71edf211-5fe5-46a5-b90e-be44e3b6e81e None None] block_device_allocate_retries = 60 {{(pid=108424) log_opt_values /opt/stack/data/venv/lib/python3.12/site-packages/oslo_config/cfg.py:2995}}
May 09 07:20:02.284087 np0000172981 devstack@n-api-meta.service[108424]: DEBUG nova.api.openstack.wsgi_app [None req-71edf211-5fe5-46a5-b90e-be44e3b6e81e None None] block_device_allocate_retries_interval = 3 {{(pid=108424) log_opt_values /opt/stack/data/venv/lib/python3.12/site-packages/oslo_config/cfg.py:2995}}
May 09 07:20:02.284218 np0000172981 devstack@n-api-meta.service[108424]: DEBUG nova.api.openstack.wsgi_app [None req-71edf211-5fe5-46a5-b90e-be44e3b6e81e None None] cell_worker_thread_pool_size = 5 {{(pid=108424) log_opt_values /opt/stack/data/venv/lib/python3.12/site-packages/oslo_config/cfg.py:2995}}
May 09 07:20:02.284360 np0000172981 devstack@n-api-meta.service[108424]: DEBUG nova.api.openstack.wsgi_app [None req-71edf211-5fe5-46a5-b90e-be44e3b6e81e None None] cert = self.pem {{(pid=108424) log_opt_values /opt/stack/data/venv/lib/python3.12/site-packages/oslo_config/cfg.py:2995}}
May 09 07:20:02.284495 np0000172981 devstack@n-api-meta.service[108424]: DEBUG nova.api.openstack.wsgi_app [None req-71edf211-5fe5-46a5-b90e-be44e3b6e81e None None] compute_driver = libvirt.LibvirtDriver {{(pid=108424) log_opt_values /opt/stack/data/venv/lib/python3.12/site-packages/oslo_config/cfg.py:2995}}
May 09 07:20:02.284652 np0000172981 devstack@n-api-meta.service[108424]: DEBUG nova.api.openstack.wsgi_app [None req-71edf211-5fe5-46a5-b90e-be44e3b6e81e None None] compute_monitors = [] {{(pid=108424) log_opt_values /opt/stack/data/venv/lib/python3.12/site-packages/oslo_config/cfg.py:2995}}
May 09 07:20:02.284786 np0000172981 devstack@n-api-meta.service[108424]: DEBUG nova.api.openstack.wsgi_app [None req-71edf211-5fe5-46a5-b90e-be44e3b6e81e None None] config_dir = [] {{(pid=108424) log_opt_values /opt/stack/data/venv/lib/python3.12/site-packages/oslo_config/cfg.py:2995}}
May 09 07:20:02.284922 np0000172981 devstack@n-api-meta.service[108424]: DEBUG nova.api.openstack.wsgi_app [None req-71edf211-5fe5-46a5-b90e-be44e3b6e81e None None] config_drive_format = iso9660 {{(pid=108424) log_opt_values /opt/stack/data/venv/lib/python3.12/site-packages/oslo_config/cfg.py:2995}}
May 09 07:20:02.285029 np0000172981 devstack@n-api-meta.service[108424]: DEBUG nova.api.openstack.wsgi_app [None req-71edf211-5fe5-46a5-b90e-be44e3b6e81e None None] config_file = ['/etc/nova/api-paste.ini', '/etc/nova/nova.conf'] {{(pid=108424) log_opt_values /opt/stack/data/venv/lib/python3.12/site-packages/oslo_config/cfg.py:2995}}
May 09 07:20:02.285160 np0000172981 devstack@n-api-meta.service[108424]: DEBUG nova.api.openstack.wsgi_app [None req-71edf211-5fe5-46a5-b90e-be44e3b6e81e None None] config_source = [] {{(pid=108424) log_opt_values /opt/stack/data/venv/lib/python3.12/site-packages/oslo_config/cfg.py:2995}}
May 09 07:20:02.285295 np0000172981 devstack@n-api-meta.service[108424]: DEBUG nova.api.openstack.wsgi_app [None req-71edf211-5fe5-46a5-b90e-be44e3b6e81e None None] console_host = np0000172981 {{(pid=108424) log_opt_values /opt/stack/data/venv/lib/python3.12/site-packages/oslo_config/cfg.py:2995}}
May 09 07:20:02.285427 np0000172981 devstack@n-api-meta.service[108424]: DEBUG nova.api.openstack.wsgi_app [None req-71edf211-5fe5-46a5-b90e-be44e3b6e81e None None] control_exchange = nova {{(pid=108424) log_opt_values /opt/stack/data/venv/lib/python3.12/site-packages/oslo_config/cfg.py:2995}}
May 09 07:20:02.285570 np0000172981 devstack@n-api-meta.service[108424]: DEBUG nova.api.openstack.wsgi_app [None req-71edf211-5fe5-46a5-b90e-be44e3b6e81e None None] cpu_allocation_ratio = None {{(pid=108424) log_opt_values /opt/stack/data/venv/lib/python3.12/site-packages/oslo_config/cfg.py:2995}}
May 09 07:20:02.285699 np0000172981 devstack@n-api-meta.service[108424]: DEBUG nova.api.openstack.wsgi_app [None req-71edf211-5fe5-46a5-b90e-be44e3b6e81e None None] daemon = False {{(pid=108424) log_opt_values /opt/stack/data/venv/lib/python3.12/site-packages/oslo_config/cfg.py:2995}}
May 09 07:20:02.285863 np0000172981 devstack@n-api-meta.service[108424]: DEBUG nova.api.openstack.wsgi_app [None req-71edf211-5fe5-46a5-b90e-be44e3b6e81e None None] debug = True {{(pid=108424) log_opt_values /opt/stack/data/venv/lib/python3.12/site-packages/oslo_config/cfg.py:2995}}
May 09 07:20:02.285992 np0000172981 devstack@n-api-meta.service[108424]: DEBUG nova.api.openstack.wsgi_app [None req-71edf211-5fe5-46a5-b90e-be44e3b6e81e None None] default_access_ip_network_name = None {{(pid=108424) log_opt_values /opt/stack/data/venv/lib/python3.12/site-packages/oslo_config/cfg.py:2995}}
May 09 07:20:02.286124 np0000172981 devstack@n-api-meta.service[108424]: DEBUG nova.api.openstack.wsgi_app [None req-71edf211-5fe5-46a5-b90e-be44e3b6e81e None None] default_availability_zone = nova {{(pid=108424) log_opt_values /opt/stack/data/venv/lib/python3.12/site-packages/oslo_config/cfg.py:2995}}
May 09 07:20:02.286257 np0000172981 devstack@n-api-meta.service[108424]: DEBUG nova.api.openstack.wsgi_app [None req-71edf211-5fe5-46a5-b90e-be44e3b6e81e None None] default_ephemeral_format = ext4 {{(pid=108424) log_opt_values /opt/stack/data/venv/lib/python3.12/site-packages/oslo_config/cfg.py:2995}}
May 09 07:20:02.286387 np0000172981 devstack@n-api-meta.service[108424]: DEBUG nova.api.openstack.wsgi_app [None req-71edf211-5fe5-46a5-b90e-be44e3b6e81e None None] default_green_pool_size = 1000 {{(pid=108424) log_opt_values /opt/stack/data/venv/lib/python3.12/site-packages/oslo_config/cfg.py:2995}}
May 09 07:20:02.286664 np0000172981 devstack@n-api-meta.service[108424]: DEBUG nova.api.openstack.wsgi_app [None req-71edf211-5fe5-46a5-b90e-be44e3b6e81e None None] default_log_levels = ['amqp=WARN', 'boto=WARN', 'sqlalchemy=WARN', 'suds=INFO', 'oslo.messaging=INFO', 'oslo_messaging=INFO', 'iso8601=WARN', 'requests.packages.urllib3.connectionpool=WARN', 'urllib3.connectionpool=WARN', 'websocket=WARN', 'requests.packages.urllib3.util.retry=WARN', 'urllib3.util.retry=WARN', 'keystonemiddleware=WARN', 'routes.middleware=WARN', 'stevedore=WARN', 'taskflow=WARN', 'keystoneauth=WARN', 'oslo.cache=INFO', 'oslo_policy=INFO', 'dogpile.core.dogpile=INFO', 'glanceclient=WARN', 'oslo.privsep.daemon=INFO'] {{(pid=108424) log_opt_values /opt/stack/data/venv/lib/python3.12/site-packages/oslo_config/cfg.py:2995}}
May 09 07:20:02.286827 np0000172981 devstack@n-api-meta.service[108424]: DEBUG nova.api.openstack.wsgi_app [None req-71edf211-5fe5-46a5-b90e-be44e3b6e81e None None] default_schedule_zone = None {{(pid=108424) log_opt_values /opt/stack/data/venv/lib/python3.12/site-packages/oslo_config/cfg.py:2995}}
May 09 07:20:02.286891 np0000172981 devstack@n-api-meta.service[108424]: DEBUG nova.api.openstack.wsgi_app [None req-71edf211-5fe5-46a5-b90e-be44e3b6e81e None None] default_thread_pool_size = 10 {{(pid=108424) log_opt_values /opt/stack/data/venv/lib/python3.12/site-packages/oslo_config/cfg.py:2995}}
May 09 07:20:02.287012 np0000172981 devstack@n-api-meta.service[108424]: DEBUG nova.api.openstack.wsgi_app [None req-71edf211-5fe5-46a5-b90e-be44e3b6e81e None None] disk_allocation_ratio = None {{(pid=108424) log_opt_values /opt/stack/data/venv/lib/python3.12/site-packages/oslo_config/cfg.py:2995}}
May 09 07:20:02.287138 np0000172981 devstack@n-api-meta.service[108424]: DEBUG nova.api.openstack.wsgi_app [None req-71edf211-5fe5-46a5-b90e-be44e3b6e81e None None] enable_new_services = True {{(pid=108424) log_opt_values /opt/stack/data/venv/lib/python3.12/site-packages/oslo_config/cfg.py:2995}}
May 09 07:20:02.287265 np0000172981 devstack@n-api-meta.service[108424]: DEBUG nova.api.openstack.wsgi_app [None req-71edf211-5fe5-46a5-b90e-be44e3b6e81e None None] flat_injected = False {{(pid=108424) log_opt_values /opt/stack/data/venv/lib/python3.12/site-packages/oslo_config/cfg.py:2995}}
May 09 07:20:02.287393 np0000172981 devstack@n-api-meta.service[108424]: DEBUG nova.api.openstack.wsgi_app [None req-71edf211-5fe5-46a5-b90e-be44e3b6e81e None None] force_config_drive = False {{(pid=108424) log_opt_values /opt/stack/data/venv/lib/python3.12/site-packages/oslo_config/cfg.py:2995}}
May 09 07:20:02.287534 np0000172981 devstack@n-api-meta.service[108424]: DEBUG nova.api.openstack.wsgi_app [None req-71edf211-5fe5-46a5-b90e-be44e3b6e81e None None] force_raw_images = True {{(pid=108424) log_opt_values /opt/stack/data/venv/lib/python3.12/site-packages/oslo_config/cfg.py:2995}}
May 09 07:20:02.287674 np0000172981 devstack@n-api-meta.service[108424]: DEBUG nova.api.openstack.wsgi_app [None req-71edf211-5fe5-46a5-b90e-be44e3b6e81e None None] graceful_shutdown_timeout = 5 {{(pid=108424) log_opt_values /opt/stack/data/venv/lib/python3.12/site-packages/oslo_config/cfg.py:2995}}
May 09 07:20:02.287803 np0000172981 devstack@n-api-meta.service[108424]: DEBUG nova.api.openstack.wsgi_app [None req-71edf211-5fe5-46a5-b90e-be44e3b6e81e None None] heal_instance_info_cache_interval = -1 {{(pid=108424) log_opt_values /opt/stack/data/venv/lib/python3.12/site-packages/oslo_config/cfg.py:2995}}
May 09 07:20:02.287972 np0000172981 devstack@n-api-meta.service[108424]: DEBUG nova.api.openstack.wsgi_app [None req-71edf211-5fe5-46a5-b90e-be44e3b6e81e None None] host = np0000172981 {{(pid=108424) log_opt_values /opt/stack/data/venv/lib/python3.12/site-packages/oslo_config/cfg.py:2995}}
May 09 07:20:02.288115 np0000172981 devstack@n-api-meta.service[108424]: DEBUG nova.api.openstack.wsgi_app [None req-71edf211-5fe5-46a5-b90e-be44e3b6e81e None None] initial_cpu_allocation_ratio = 4.0 {{(pid=108424) log_opt_values /opt/stack/data/venv/lib/python3.12/site-packages/oslo_config/cfg.py:2995}}
May 09 07:20:02.288244 np0000172981 devstack@n-api-meta.service[108424]: DEBUG nova.api.openstack.wsgi_app [None req-71edf211-5fe5-46a5-b90e-be44e3b6e81e None None] initial_disk_allocation_ratio = 1.0 {{(pid=108424) log_opt_values /opt/stack/data/venv/lib/python3.12/site-packages/oslo_config/cfg.py:2995}}
May 09 07:20:02.288377 np0000172981 devstack@n-api-meta.service[108424]: DEBUG nova.api.openstack.wsgi_app [None req-71edf211-5fe5-46a5-b90e-be44e3b6e81e None None] initial_ram_allocation_ratio = 1.0 {{(pid=108424) log_opt_values /opt/stack/data/venv/lib/python3.12/site-packages/oslo_config/cfg.py:2995}}
May 09 07:20:02.288574 np0000172981 devstack@n-api-meta.service[108424]: DEBUG nova.api.openstack.wsgi_app [None req-71edf211-5fe5-46a5-b90e-be44e3b6e81e None None] injected_network_template = /opt/stack/nova/nova/virt/interfaces.template {{(pid=108424) log_opt_values /opt/stack/data/venv/lib/python3.12/site-packages/oslo_config/cfg.py:2995}}
May 09 07:20:02.288706 np0000172981 devstack@n-api-meta.service[108424]: DEBUG nova.api.openstack.wsgi_app [None req-71edf211-5fe5-46a5-b90e-be44e3b6e81e None None] instance_build_timeout = 0 {{(pid=108424) log_opt_values /opt/stack/data/venv/lib/python3.12/site-packages/oslo_config/cfg.py:2995}}
May 09 07:20:02.288836 np0000172981 devstack@n-api-meta.service[108424]: DEBUG nova.api.openstack.wsgi_app [None req-71edf211-5fe5-46a5-b90e-be44e3b6e81e None None] instance_delete_interval = 300 {{(pid=108424) log_opt_values /opt/stack/data/venv/lib/python3.12/site-packages/oslo_config/cfg.py:2995}}
May 09 07:20:02.288969 np0000172981 devstack@n-api-meta.service[108424]: DEBUG nova.api.openstack.wsgi_app [None req-71edf211-5fe5-46a5-b90e-be44e3b6e81e None None] instance_format = [instance: %(uuid)s] {{(pid=108424) log_opt_values /opt/stack/data/venv/lib/python3.12/site-packages/oslo_config/cfg.py:2995}}
May 09 07:20:02.289101 np0000172981 devstack@n-api-meta.service[108424]: DEBUG nova.api.openstack.wsgi_app [None req-71edf211-5fe5-46a5-b90e-be44e3b6e81e None None] instance_name_template = instance-%08x {{(pid=108424) log_opt_values /opt/stack/data/venv/lib/python3.12/site-packages/oslo_config/cfg.py:2995}}
May 09 07:20:02.289228 np0000172981 devstack@n-api-meta.service[108424]: DEBUG nova.api.openstack.wsgi_app [None req-71edf211-5fe5-46a5-b90e-be44e3b6e81e None None] instance_usage_audit = False {{(pid=108424) log_opt_values /opt/stack/data/venv/lib/python3.12/site-packages/oslo_config/cfg.py:2995}}
May 09 07:20:02.289362 np0000172981 devstack@n-api-meta.service[108424]: DEBUG nova.api.openstack.wsgi_app [None req-71edf211-5fe5-46a5-b90e-be44e3b6e81e None None] instance_usage_audit_period = month {{(pid=108424) log_opt_values /opt/stack/data/venv/lib/python3.12/site-packages/oslo_config/cfg.py:2995}}
May 09 07:20:02.289495 np0000172981 devstack@n-api-meta.service[108424]: DEBUG nova.api.openstack.wsgi_app [None req-71edf211-5fe5-46a5-b90e-be44e3b6e81e None None] instance_uuid_format = [instance: %(uuid)s] {{(pid=108424) log_opt_values /opt/stack/data/venv/lib/python3.12/site-packages/oslo_config/cfg.py:2995}}
May 09 07:20:02.289644 np0000172981 devstack@n-api-meta.service[108424]: DEBUG nova.api.openstack.wsgi_app [None req-71edf211-5fe5-46a5-b90e-be44e3b6e81e None None] instances_path = /opt/stack/data/nova/instances {{(pid=108424) log_opt_values /opt/stack/data/venv/lib/python3.12/site-packages/oslo_config/cfg.py:2995}}
May 09 07:20:02.289817 np0000172981 devstack@n-api-meta.service[108424]: DEBUG nova.api.openstack.wsgi_app [None req-71edf211-5fe5-46a5-b90e-be44e3b6e81e None None] internal_service_availability_zone = internal {{(pid=108424) log_opt_values /opt/stack/data/venv/lib/python3.12/site-packages/oslo_config/cfg.py:2995}}
May 09 07:20:02.289956 np0000172981 devstack@n-api-meta.service[108424]: DEBUG nova.api.openstack.wsgi_app [None req-71edf211-5fe5-46a5-b90e-be44e3b6e81e None None] key = None {{(pid=108424) log_opt_values /opt/stack/data/venv/lib/python3.12/site-packages/oslo_config/cfg.py:2995}}
May 09 07:20:02.290086 np0000172981 devstack@n-api-meta.service[108424]: DEBUG nova.api.openstack.wsgi_app [None req-71edf211-5fe5-46a5-b90e-be44e3b6e81e None None] live_migration_retry_count = 30 {{(pid=108424) log_opt_values /opt/stack/data/venv/lib/python3.12/site-packages/oslo_config/cfg.py:2995}}
May 09 07:20:02.290219 np0000172981 devstack@n-api-meta.service[108424]: DEBUG nova.api.openstack.wsgi_app [None req-71edf211-5fe5-46a5-b90e-be44e3b6e81e None None] log_color = False {{(pid=108424) log_opt_values /opt/stack/data/venv/lib/python3.12/site-packages/oslo_config/cfg.py:2995}}
May 09 07:20:02.290354 np0000172981 devstack@n-api-meta.service[108424]: DEBUG nova.api.openstack.wsgi_app [None req-71edf211-5fe5-46a5-b90e-be44e3b6e81e None None] log_config_append = None {{(pid=108424) log_opt_values /opt/stack/data/venv/lib/python3.12/site-packages/oslo_config/cfg.py:2995}}
May 09 07:20:02.290488 np0000172981 devstack@n-api-meta.service[108424]: DEBUG nova.api.openstack.wsgi_app [None req-71edf211-5fe5-46a5-b90e-be44e3b6e81e None None] log_date_format = %Y-%m-%d %H:%M:%S {{(pid=108424) log_opt_values /opt/stack/data/venv/lib/python3.12/site-packages/oslo_config/cfg.py:2995}}
May 09 07:20:02.290662 np0000172981 devstack@n-api-meta.service[108424]: DEBUG nova.api.openstack.wsgi_app [None req-71edf211-5fe5-46a5-b90e-be44e3b6e81e None None] log_dir = None {{(pid=108424) log_opt_values /opt/stack/data/venv/lib/python3.12/site-packages/oslo_config/cfg.py:2995}}
