May 09 07:19:28.023148 np0000172981 devstack@neutron-api.service[103303]: DEBUG ovsdbapp.backend.ovs_idl [None req-0d8d39f8-3336-4e53-a0ec-1b23dc8ab928 None None] Created schema index Chassis_Private.name {{(pid=103303) autocreate_indices /opt/stack/data/venv/lib/python3.12/site-packages/ovsdbapp/backend/ovs_idl/__init__.py:106}}
May 09 07:19:28.023376 np0000172981 devstack@neutron-api.service[103303]: DEBUG ovsdbapp.backend.ovs_idl [None req-0d8d39f8-3336-4e53-a0ec-1b23dc8ab928 None None] Created schema index Datapath_Binding.tunnel_key {{(pid=103303) autocreate_indices /opt/stack/data/venv/lib/python3.12/site-packages/ovsdbapp/backend/ovs_idl/__init__.py:106}}
May 09 07:19:28.025138 np0000172981 devstack@neutron-api.service[103303]: INFO ovsdbapp.backend.ovs_idl.vlog [None req-0d8d39f8-3336-4e53-a0ec-1b23dc8ab928 None None] ssl:199.204.45.44:6642: connecting...
May 09 07:19:28.026768 np0000172981 devstack@neutron-api.service[103301]: INFO ovsdbapp.backend.ovs_idl.vlog [None req-8156a0c5-c2ed-4ae3-aca6-b7eadab3c760 None None] ssl:199.204.45.44:6641: connected
May 09 07:19:28.028987 np0000172981 devstack@neutron-api.service[103303]: INFO ovsdbapp.backend.ovs_idl.vlog [None req-0d8d39f8-3336-4e53-a0ec-1b23dc8ab928 None None] ssl:199.204.45.44:6642: connected
May 09 07:19:28.034471 np0000172981 devstack@neutron-api.service[103300]: DEBUG neutron.common.ovn.hash_ring_manager [None req-e6952d71-191b-4de4-8aa0-96c6b872fb50 None None] Allow caching, nodes 4>=4 {{(pid=103300) _wait_startup_before_caching /opt/stack/neutron/neutron/common/ovn/hash_ring_manager.py:65}}
May 09 07:19:28.040918 np0000172981 devstack@neutron-api.service[103300]: DEBUG neutron.common.ovn.hash_ring_manager [None req-e6952d71-191b-4de4-8aa0-96c6b872fb50 None None] Hash Ring loaded. 4 active nodes. 0 offline nodes {{(pid=103300) _load_hash_ring /opt/stack/neutron/neutron/common/ovn/hash_ring_manager.py:102}}
May 09 07:19:28.041383 np0000172981 devstack@neutron-api.service[103300]: DEBUG neutron.plugins.ml2.drivers.ovn.mech_driver.ovsdb.ovsdb_monitor [None req-e6952d71-191b-4de4-8aa0-96c6b872fb50 None None] Hash Ring: Node 86b8a27fb2d75ff2bd243c8998f17c30 (host: np0000172981) handling event "create" for row ef91b5f0-848e-44f5-842d-1ae35203b6f1 (table: Connection) {{(pid=103300) notify /opt/stack/neutron/neutron/plugins/ml2/drivers/ovn/mech_driver/ovsdb/ovsdb_monitor.py:942}}
May 09 07:19:28.041739 np0000172981 devstack@neutron-api.service[103300]: DEBUG neutron.plugins.ml2.drivers.ovn.mech_driver.ovsdb.ovsdb_monitor [None req-e6952d71-191b-4de4-8aa0-96c6b872fb50 None None] Hash Ring: Node 86b8a27fb2d75ff2bd243c8998f17c30 (host: np0000172981) handling event "create" for row 2b002035-e87d-4a45-9e2c-a3833a68e826 (table: SSL) {{(pid=103300) notify /opt/stack/neutron/neutron/plugins/ml2/drivers/ovn/mech_driver/ovsdb/ovsdb_monitor.py:942}}
May 09 07:19:28.042816 np0000172981 devstack@neutron-api.service[103300]: INFO neutron.plugins.ml2.drivers.ovn.mech_driver.ovsdb.impl_idl_ovn [None req-e6952d71-191b-4de4-8aa0-96c6b872fb50 None None] Getting OvsdbSbOvnIdl for WorkerService with retry
May 09 07:19:28.053434 np0000172981 devstack@neutron-api.service[103303]: DEBUG neutron.common.ovn.hash_ring_manager [None req-0d8d39f8-3336-4e53-a0ec-1b23dc8ab928 None None] Allow caching, nodes 4>=4 {{(pid=103303) _wait_startup_before_caching /opt/stack/neutron/neutron/common/ovn/hash_ring_manager.py:65}}
May 09 07:19:28.056572 np0000172981 devstack@neutron-api.service[103303]: DEBUG neutron.common.ovn.hash_ring_manager [None req-0d8d39f8-3336-4e53-a0ec-1b23dc8ab928 None None] Hash Ring loaded. 4 active nodes. 0 offline nodes {{(pid=103303) _load_hash_ring /opt/stack/neutron/neutron/common/ovn/hash_ring_manager.py:102}}
May 09 07:19:28.056758 np0000172981 devstack@neutron-api.service[103303]: DEBUG neutron.plugins.ml2.drivers.ovn.mech_driver.ovsdb.ovsdb_monitor [None req-0d8d39f8-3336-4e53-a0ec-1b23dc8ab928 None None] ChassisOVNAgentWriteEvent : Matched Chassis_Private, create, None None {{(pid=103303) matches /opt/stack/neutron/neutron/plugins/ml2/drivers/ovn/mech_driver/ovsdb/ovsdb_monitor.py:64}}
May 09 07:19:28.056845 np0000172981 devstack@neutron-api.service[103303]: DEBUG neutron.plugins.ml2.drivers.ovn.mech_driver.ovsdb.ovsdb_monitor [None req-0d8d39f8-3336-4e53-a0ec-1b23dc8ab928 None None] ChassisAgentWriteEvent : Matched Chassis_Private, create, None None {{(pid=103303) matches /opt/stack/neutron/neutron/plugins/ml2/drivers/ovn/mech_driver/ovsdb/ovsdb_monitor.py:64}}
May 09 07:19:28.057173 np0000172981 devstack@neutron-api.service[103301]: DEBUG neutron.common.ovn.hash_ring_manager [None req-8156a0c5-c2ed-4ae3-aca6-b7eadab3c760 None None] Allow caching, nodes 4>=4 {{(pid=103301) _wait_startup_before_caching /opt/stack/neutron/neutron/common/ovn/hash_ring_manager.py:65}}
May 09 07:19:28.058919 np0000172981 devstack@neutron-api.service[103303]: INFO neutron.plugins.ml2.drivers.ovn.mech_driver.mech_driver [None req-0d8d39f8-3336-4e53-a0ec-1b23dc8ab928 None None] WorkerService process has finished the post initialization
May 09 07:19:28.060100 np0000172981 devstack@neutron-api.service[103303]: WSGI app 0 (mountpoint='') ready in 7 seconds on interpreter 0x72a0f52a3668 pid: 103303 (default app)
May 09 07:19:28.062209 np0000172981 devstack@neutron-api.service[103301]: DEBUG neutron.common.ovn.hash_ring_manager [None req-8156a0c5-c2ed-4ae3-aca6-b7eadab3c760 None None] Hash Ring loaded. 4 active nodes. 0 offline nodes {{(pid=103301) _load_hash_ring /opt/stack/neutron/neutron/common/ovn/hash_ring_manager.py:102}}
May 09 07:19:28.062376 np0000172981 devstack@neutron-api.service[103301]: DEBUG neutron.plugins.ml2.drivers.ovn.mech_driver.ovsdb.ovsdb_monitor [None req-8156a0c5-c2ed-4ae3-aca6-b7eadab3c760 None None] Hash Ring: Node 1f404cb2f60352a8be443084def08641 (host: np0000172981) handling event "create" for row 35bd28df-4b2a-40e4-b387-37aa6b0866ab (table: ACL) {{(pid=103301) notify /opt/stack/neutron/neutron/plugins/ml2/drivers/ovn/mech_driver/ovsdb/ovsdb_monitor.py:942}}
May 09 07:19:28.063345 np0000172981 devstack@neutron-api.service[103301]: INFO neutron.plugins.ml2.drivers.ovn.mech_driver.ovsdb.impl_idl_ovn [None req-8156a0c5-c2ed-4ae3-aca6-b7eadab3c760 None None] Getting OvsdbSbOvnIdl for WorkerService with retry
May 09 07:19:28.071206 np0000172981 devstack@neutron-api.service[103300]: DEBUG ovsdbapp.backend.ovs_idl [None req-e6952d71-191b-4de4-8aa0-96c6b872fb50 None None] Created lookup_table index Chassis.name {{(pid=103300) autocreate_indices /opt/stack/data/venv/lib/python3.12/site-packages/ovsdbapp/backend/ovs_idl/__init__.py:87}}
May 09 07:19:28.071206 np0000172981 devstack@neutron-api.service[103300]: DEBUG ovsdbapp.backend.ovs_idl [None req-e6952d71-191b-4de4-8aa0-96c6b872fb50 None None] Created lookup_table index Port_Binding.logical_port {{(pid=103300) autocreate_indices /opt/stack/data/venv/lib/python3.12/site-packages/ovsdbapp/backend/ovs_idl/__init__.py:87}}
May 09 07:19:28.071430 np0000172981 devstack@neutron-api.service[103300]: DEBUG ovsdbapp.backend.ovs_idl [None req-e6952d71-191b-4de4-8aa0-96c6b872fb50 None None] Created schema index Chassis_Private.name {{(pid=103300) autocreate_indices /opt/stack/data/venv/lib/python3.12/site-packages/ovsdbapp/backend/ovs_idl/__init__.py:106}}
May 09 07:19:28.071430 np0000172981 devstack@neutron-api.service[103300]: DEBUG ovsdbapp.backend.ovs_idl [None req-e6952d71-191b-4de4-8aa0-96c6b872fb50 None None] Created schema index Datapath_Binding.tunnel_key {{(pid=103300) autocreate_indices /opt/stack/data/venv/lib/python3.12/site-packages/ovsdbapp/backend/ovs_idl/__init__.py:106}}
May 09 07:19:28.073968 np0000172981 devstack@neutron-api.service[103300]: INFO ovsdbapp.backend.ovs_idl.vlog [None req-e6952d71-191b-4de4-8aa0-96c6b872fb50 None None] ssl:199.204.45.44:6642: connecting...
May 09 07:19:28.077687 np0000172981 devstack@neutron-api.service[103300]: INFO ovsdbapp.backend.ovs_idl.vlog [None req-e6952d71-191b-4de4-8aa0-96c6b872fb50 None None] ssl:199.204.45.44:6642: connected
May 09 07:19:28.090093 np0000172981 devstack@neutron-api.service[103301]: DEBUG ovsdbapp.backend.ovs_idl [None req-8156a0c5-c2ed-4ae3-aca6-b7eadab3c760 None None] Created lookup_table index Chassis.name {{(pid=103301) autocreate_indices /opt/stack/data/venv/lib/python3.12/site-packages/ovsdbapp/backend/ovs_idl/__init__.py:87}}
May 09 07:19:28.090170 np0000172981 devstack@neutron-api.service[103301]: DEBUG ovsdbapp.backend.ovs_idl [None req-8156a0c5-c2ed-4ae3-aca6-b7eadab3c760 None None] Created lookup_table index Port_Binding.logical_port {{(pid=103301) autocreate_indices /opt/stack/data/venv/lib/python3.12/site-packages/ovsdbapp/backend/ovs_idl/__init__.py:87}}
May 09 07:19:28.090279 np0000172981 devstack@neutron-api.service[103301]: DEBUG ovsdbapp.backend.ovs_idl [None req-8156a0c5-c2ed-4ae3-aca6-b7eadab3c760 None None] Created schema index Chassis_Private.name {{(pid=103301) autocreate_indices /opt/stack/data/venv/lib/python3.12/site-packages/ovsdbapp/backend/ovs_idl/__init__.py:106}}
May 09 07:19:28.090375 np0000172981 devstack@neutron-api.service[103301]: DEBUG ovsdbapp.backend.ovs_idl [None req-8156a0c5-c2ed-4ae3-aca6-b7eadab3c760 None None] Created schema index Datapath_Binding.tunnel_key {{(pid=103301) autocreate_indices /opt/stack/data/venv/lib/python3.12/site-packages/ovsdbapp/backend/ovs_idl/__init__.py:106}}
May 09 07:19:28.092265 np0000172981 devstack@neutron-api.service[103301]: INFO ovsdbapp.backend.ovs_idl.vlog [None req-8156a0c5-c2ed-4ae3-aca6-b7eadab3c760 None None] ssl:199.204.45.44:6642: connecting...
May 09 07:19:28.092791 np0000172981 devstack@neutron-api.service[103302]: [pid: 103302|app: 0|req: 1/1] 199.204.45.44 () {62 vars in 981 bytes} [Sat May 9 07:19:28 2026] GET /networking => generated 129 bytes in 2 msecs (HTTP/1.1 200) 3 headers in 91 bytes (1 switches on core 0)
May 09 07:19:28.096388 np0000172981 devstack@neutron-api.service[103301]: INFO ovsdbapp.backend.ovs_idl.vlog [None req-8156a0c5-c2ed-4ae3-aca6-b7eadab3c760 None None] ssl:199.204.45.44:6642: connected
May 09 07:19:28.108767 np0000172981 devstack@neutron-api.service[103300]: DEBUG neutron.common.ovn.hash_ring_manager [None req-e6952d71-191b-4de4-8aa0-96c6b872fb50 None None] Allow caching, nodes 4>=4 {{(pid=103300) _wait_startup_before_caching /opt/stack/neutron/neutron/common/ovn/hash_ring_manager.py:65}}
May 09 07:19:28.112693 np0000172981 devstack@neutron-api.service[103300]: DEBUG neutron.common.ovn.hash_ring_manager [None req-e6952d71-191b-4de4-8aa0-96c6b872fb50 None None] Hash Ring loaded. 4 active nodes. 0 offline nodes {{(pid=103300) _load_hash_ring /opt/stack/neutron/neutron/common/ovn/hash_ring_manager.py:102}}
May 09 07:19:28.112829 np0000172981 devstack@neutron-api.service[103300]: DEBUG neutron.plugins.ml2.drivers.ovn.mech_driver.ovsdb.ovsdb_monitor [None req-e6952d71-191b-4de4-8aa0-96c6b872fb50 None None] Hash Ring: Node 86b8a27fb2d75ff2bd243c8998f17c30 (host: np0000172981) handling event "create" for row ccb21b0e-7314-4b54-a2a4-df4b77cdc8eb (table: Chassis) {{(pid=103300) notify /opt/stack/neutron/neutron/plugins/ml2/drivers/ovn/mech_driver/ovsdb/ovsdb_monitor.py:942}}
May 09 07:19:28.113534 np0000172981 devstack@neutron-api.service[103300]: DEBUG ovsdbapp.backend.ovs_idl.event [None req-e6952d71-191b-4de4-8aa0-96c6b872fb50 None None] Matched CREATE: ChassisBandwidthConfigEvent(events=('create', 'update'), table='Chassis', conditions=None, old_conditions=None), priority=20 to row=Chassis(uuid=ccb21b0e-7314-4b54-a2a4-df4b77cdc8eb, encaps=[334dbaec-20b4-4017-b193-ba932f687cec], external_ids={}, hostname='np0000172981', name='e61f844d-451b-40a5-9b1c-7712f2fbdd36', nb_cfg=0, other_config={'ct-commit-nat-v2': 'true', 'ct-commit-to-zone': 'true', 'ct-next-zone': 'true', 'ct-no-masked-label': 'true', 'ct-state-save': 'true', 'datapath-type': 'system', 'fdb-timestamp': 'true', 'iface-types': 'afxdp,afxdp-nonpmd,bareudp,erspan,geneve,gre,gtpu,internal,ip6erspan,ip6gre,lisp,patch,srv6,stt,system,tap,vxlan', 'is-interconn': 'false', 'ls-dpg-column': 'true', 'mac-binding-timestamp': 'true', 'ovn-bridge-mappings': 'public:br-ex', 'ovn-chassis-mac-mappings': '', 'ovn-cms-options': 'enable-chassis-as-gw', 'ovn-ct-lb-related': 'true', 'ovn-enable-lflow-cache': 'true', 'ovn-limit-lflow-cache': '', 'ovn-memlimit-lflow-cache-kb': '', 'ovn-monitor-all': 'false', 'ovn-trim-limit-lflow-cache': '', 'ovn-trim-timeout-ms': '', 'ovn-trim-wmark-perc-lflow-cache': '', 'port-up-notif': 'true'}, transport_zones=[], vtep_logical_switches=[]) old= {{(pid=103300) matches /opt/stack/data/venv/lib/python3.12/site-packages/ovsdbapp/backend/ovs_idl/event.py:55}}
May 09 07:19:28.113996 np0000172981 devstack@neutron-api.service[103300]: DEBUG neutron.plugins.ml2.drivers.ovn.mech_driver.ovsdb.ovsdb_monitor [None req-e6952d71-191b-4de4-8aa0-96c6b872fb50 None None] ChassisAgentWriteEvent : Matched Chassis_Private, create, None None {{(pid=103300) matches /opt/stack/neutron/neutron/plugins/ml2/drivers/ovn/mech_driver/ovsdb/ovsdb_monitor.py:64}}
May 09 07:19:28.114148 np0000172981 devstack@neutron-api.service[103300]: DEBUG neutron.plugins.ml2.drivers.ovn.mech_driver.ovsdb.ovsdb_monitor [None req-e6952d71-191b-4de4-8aa0-96c6b872fb50 None None] ChassisOVNAgentWriteEvent : Matched Chassis_Private, create, None None {{(pid=103300) matches /opt/stack/neutron/neutron/plugins/ml2/drivers/ovn/mech_driver/ovsdb/ovsdb_monitor.py:64}}
May 09 07:19:28.114394 np0000172981 devstack@neutron-api.service[103300]: DEBUG neutron.plugins.ml2.drivers.ovn.mech_driver.ovsdb.ovsdb_monitor [None req-e6952d71-191b-4de4-8aa0-96c6b872fb50 None None] Hash Ring: Node 86b8a27fb2d75ff2bd243c8998f17c30 (host: np0000172981) handling event "create" for row ccb0764e-59e1-4df9-aa3f-d02bec5989ec (table: Chassis_Private) {{(pid=103300) notify /opt/stack/neutron/neutron/plugins/ml2/drivers/ovn/mech_driver/ovsdb/ovsdb_monitor.py:942}}
May 09 07:19:28.115544 np0000172981 devstack@neutron-api.service[103300]: INFO neutron.plugins.ml2.drivers.ovn.mech_driver.mech_driver [None req-e6952d71-191b-4de4-8aa0-96c6b872fb50 None None] WorkerService process has finished the post initialization
May 09 07:19:28.116121 np0000172981 devstack@neutron-api.service[103300]: INFO neutron.plugins.ml2.drivers.ovn.mech_driver.ovsdb.extensions.qos [-] Starting OVNClientQosExtension
May 09 07:19:28.116400 np0000172981 devstack@neutron-api.service[103300]: INFO neutron.plugins.ml2.drivers.ovn.mech_driver.ovsdb.extensions.placement [-] Starting OVNClientPlacementExtension
May 09 07:19:28.118095 np0000172981 devstack@neutron-api.service[103300]: WSGI app 0 (mountpoint='') ready in 7 seconds on interpreter 0x72a0f52a3668 pid: 103300 (default app)
May 09 07:19:28.120876 np0000172981 devstack@neutron-api.service[103301]: DEBUG neutron.common.ovn.hash_ring_manager [None req-8156a0c5-c2ed-4ae3-aca6-b7eadab3c760 None None] Allow caching, nodes 4>=4 {{(pid=103301) _wait_startup_before_caching /opt/stack/neutron/neutron/common/ovn/hash_ring_manager.py:65}}
May 09 07:19:28.124590 np0000172981 devstack@neutron-api.service[103301]: DEBUG neutron.common.ovn.hash_ring_manager [None req-8156a0c5-c2ed-4ae3-aca6-b7eadab3c760 None None] Hash Ring loaded. 4 active nodes. 0 offline nodes {{(pid=103301) _load_hash_ring /opt/stack/neutron/neutron/common/ovn/hash_ring_manager.py:102}}
May 09 07:19:28.124742 np0000172981 devstack@neutron-api.service[103301]: DEBUG neutron.plugins.ml2.drivers.ovn.mech_driver.ovsdb.ovsdb_monitor [None req-8156a0c5-c2ed-4ae3-aca6-b7eadab3c760 None None] ChassisAgentWriteEvent : Matched Chassis_Private, create, None None {{(pid=103301) matches /opt/stack/neutron/neutron/plugins/ml2/drivers/ovn/mech_driver/ovsdb/ovsdb_monitor.py:64}}
May 09 07:19:28.124888 np0000172981 devstack@neutron-api.service[103301]: DEBUG neutron.plugins.ml2.drivers.ovn.mech_driver.ovsdb.ovsdb_monitor [None req-8156a0c5-c2ed-4ae3-aca6-b7eadab3c760 None None] ChassisOVNAgentWriteEvent : Matched Chassis_Private, create, None None {{(pid=103301) matches /opt/stack/neutron/neutron/plugins/ml2/drivers/ovn/mech_driver/ovsdb/ovsdb_monitor.py:64}}
May 09 07:19:28.125214 np0000172981 devstack@neutron-api.service[103301]: DEBUG neutron.plugins.ml2.drivers.ovn.mech_driver.ovsdb.ovsdb_monitor [None req-8156a0c5-c2ed-4ae3-aca6-b7eadab3c760 None None] Hash Ring: Node 1f404cb2f60352a8be443084def08641 (host: np0000172981) handling event "create" for row 334dbaec-20b4-4017-b193-ba932f687cec (table: Encap) {{(pid=103301) notify /opt/stack/neutron/neutron/plugins/ml2/drivers/ovn/mech_driver/ovsdb/ovsdb_monitor.py:942}}
May 09 07:19:28.127440 np0000172981 devstack@neutron-api.service[103301]: INFO neutron.plugins.ml2.drivers.ovn.mech_driver.mech_driver [None req-8156a0c5-c2ed-4ae3-aca6-b7eadab3c760 None None] WorkerService process has finished the post initialization
May 09 07:19:28.128594 np0000172981 devstack@neutron-api.service[103301]: WSGI app 0 (mountpoint='') ready in 7 seconds on interpreter 0x72a0f52a3668 pid: 103301 (default app)
May 09 07:19:28.220389 np0000172981 devstack@neutron-api.service[103300]: DEBUG neutron.plugins.ml2.drivers.ovn.mech_driver.ovsdb.ovsdb_monitor [-] Hash Ring: Node 86b8a27fb2d75ff2bd243c8998f17c30 (host: np0000172981) handling event "update" for row ef91b5f0-848e-44f5-842d-1ae35203b6f1 (table: Connection) {{(pid=103300) notify /opt/stack/neutron/neutron/plugins/ml2/drivers/ovn/mech_driver/ovsdb/ovsdb_monitor.py:942}}
May 09 07:19:28.221353 np0000172981 devstack@neutron-api.service[103302]: DEBUG neutron.common.ovn.hash_ring_manager [-] Allow caching, nodes 4>=4 {{(pid=103302) _wait_startup_before_caching /opt/stack/neutron/neutron/common/ovn/hash_ring_manager.py:65}}
May 09 07:19:28.221540 np0000172981 devstack@neutron-api.service[103302]: DEBUG neutron.plugins.ml2.drivers.ovn.mech_driver.ovsdb.ovsdb_monitor [-] Hash Ring: Node d043fb26b07e5bc9b3455966203b260d (host: np0000172981) handling event "update" for row ef91b5f0-848e-44f5-842d-1ae35203b6f1 (table: Connection) {{(pid=103302) notify /opt/stack/neutron/neutron/plugins/ml2/drivers/ovn/mech_driver/ovsdb/ovsdb_monitor.py:942}}
May 09 07:19:30.723755 np0000172981 devstack@neutron-api.service[103302]: DEBUG neutron.plugins.ml2.drivers.ovn.mech_driver.ovsdb.ovsdb_monitor [-] Hash Ring: Node d043fb26b07e5bc9b3455966203b260d (host: np0000172981) handling event "update" for row ef91b5f0-848e-44f5-842d-1ae35203b6f1 (table: Connection) {{(pid=103302) notify /opt/stack/neutron/neutron/plugins/ml2/drivers/ovn/mech_driver/ovsdb/ovsdb_monitor.py:942}}
May 09 07:19:30.724445 np0000172981 devstack@neutron-api.service[103300]: DEBUG neutron.plugins.ml2.drivers.ovn.mech_driver.ovsdb.ovsdb_monitor [-] Hash Ring: Node 86b8a27fb2d75ff2bd243c8998f17c30 (host: np0000172981) handling event "update" for row ef91b5f0-848e-44f5-842d-1ae35203b6f1 (table: Connection) {{(pid=103300) notify /opt/stack/neutron/neutron/plugins/ml2/drivers/ovn/mech_driver/ovsdb/ovsdb_monitor.py:942}}
May 09 07:19:34.325715 np0000172981 devstack@neutron-api.service[103303]: DEBUG neutron.api.wsgi [None req-7da7fef6-2d25-4fc8-9ce0-86081767799f admin admin] Missing Content-Type {{(pid=103303) get_content_type /opt/stack/neutron/neutron/api/wsgi.py:80}}
May 09 07:19:34.326319 np0000172981 devstack@neutron-api.service[103303]: DEBUG neutron.api.wsgi [None req-7da7fef6-2d25-4fc8-9ce0-86081767799f admin admin] https://199.204.45.44/networking/v2.0/extensions returned with HTTP 200 {{(pid=103303) __call__ /opt/stack/neutron/neutron/api/wsgi.py:540}}
May 09 07:19:34.326404 np0000172981 devstack@neutron-api.service[103303]: [pid: 103303|app: 0|req: 1/2] 199.204.45.44 () {64 vars in 1316 bytes} [Sat May 9 07:19:34 2026] GET /networking/v2.0/extensions => generated 15209 bytes in 245 msecs (HTTP/1.1 200) 4 headers in 159 bytes (1 switches on core 0)
May 09 07:19:34.711165 np0000172981 devstack@neutron-api.service[103302]: DEBUG neutron.api.v2.base [None req-8cac2d58-a55a-4cd6-8e84-cb8e921ffaba admin admin] Request body: {'subnetpool': {'prefixes': ['10.1.0.0/20'], 'default_prefixlen': 26, 'shared': True, 'name': 'shared-default-subnetpool-v4', 'is_default': True}} {{(pid=103302) prepare_request_body /opt/stack/neutron/neutron/api/v2/base.py:727}}
May 09 07:19:34.910732 np0000172981 devstack@neutron-api.service[103302]: DEBUG neutron.policy [None req-8cac2d58-a55a-4cd6-8e84-cb8e921ffaba admin admin] Loaded default policies from ['neutron'] under neutron.policies entry points {{(pid=103302) register_rules /opt/stack/neutron/neutron/policy.py:65}}
May 09 07:19:35.201753 np0000172981 devstack@neutron-api.service[103302]: DEBUG neutron_lib.callbacks.manager [None req-8cac2d58-a55a-4cd6-8e84-cb8e921ffaba admin admin] Publish callbacks ['neutron.objects.securitygroup.RbacNeutronDbObjectMixin.validate_rbac_policy_change-3255541451939', 'neutron.objects.address_group.RbacNeutronDbObjectMixin.validate_rbac_policy_change-3255542885144', 'neutron.objects.network.RbacNeutronDbObjectMixin.validate_rbac_policy_change-3255541487235', 'neutron.objects.qos.policy.RbacNeutronDbObjectMixin.validate_rbac_policy_change-3255541482893', 'neutron.objects.subnetpool.RbacNeutronDbObjectMixin.validate_rbac_policy_change-3255541465635', 'neutron.objects.address_scope.RbacNeutronDbObjectMixin.validate_rbac_policy_change-3255541480816', 'neutron.plugins.ml2.plugin.External_net_db_mixin._process_ext_policy_create-37844', 'neutron.plugins.ml2.plugin.NeutronDbPluginV2.validate_network_rbac_policy_change-43696'] for rbac-policy (None), before_create {{(pid=103302) _notify_loop /opt/stack/data/venv/lib/python3.12/site-packages/neutron_lib/callbacks/manager.py:184}}
May 09 07:19:35.249127 np0000172981 devstack@neutron-api.service[103302]: DEBUG neutron_lib.callbacks.manager [None req-8cac2d58-a55a-4cd6-8e84-cb8e921ffaba admin admin] Publish callbacks [] for subnetpool (None), before_response {{(pid=103302) _notify_loop /opt/stack/data/venv/lib/python3.12/site-packages/neutron_lib/callbacks/manager.py:184}}
May 09 07:19:35.250004 np0000172981 devstack@neutron-api.service[103302]: [pid: 103302|app: 0|req: 2/3] 199.204.45.44 () {68 vars in 1360 bytes} [Sat May 9 07:19:34 2026] POST /networking/v2.0/subnetpools => generated 533 bytes in 642 msecs (HTTP/1.1 201) 4 headers in 162 bytes (1 switches on core 0)
May 09 07:19:35.544197 np0000172981 devstack@neutron-api.service[103300]: DEBUG neutron.api.v2.base [None req-4e247ffe-6df4-4b77-aa57-b64e8a6964d2 admin admin] Request body: {'subnetpool': {'prefixes': ['fd34:398e:f953::/56'], 'default_prefixlen': 64, 'shared': True, 'name': 'shared-default-subnetpool-v6', 'is_default': True}} {{(pid=103300) prepare_request_body /opt/stack/neutron/neutron/api/v2/base.py:727}}
May 09 07:19:35.714100 np0000172981 devstack@neutron-api.service[103300]: DEBUG neutron.policy [None req-4e247ffe-6df4-4b77-aa57-b64e8a6964d2 admin admin] Loaded default policies from ['neutron'] under neutron.policies entry points {{(pid=103300) register_rules /opt/stack/neutron/neutron/policy.py:65}}
May 09 07:19:35.863483 np0000172981 devstack@neutron-api.service[103300]: DEBUG neutron_lib.callbacks.manager [None req-4e247ffe-6df4-4b77-aa57-b64e8a6964d2 admin admin] Publish callbacks ['neutron.objects.securitygroup.RbacNeutronDbObjectMixin.validate_rbac_policy_change-3255541455528', 'neutron.objects.address_group.RbacNeutronDbObjectMixin.validate_rbac_policy_change-3255542886714', 'neutron.objects.network.RbacNeutronDbObjectMixin.validate_rbac_policy_change-3255541482481', 'neutron.objects.qos.policy.RbacNeutronDbObjectMixin.validate_rbac_policy_change-3255541474945', 'neutron.objects.subnetpool.RbacNeutronDbObjectMixin.validate_rbac_policy_change-3255541479559', 'neutron.objects.address_scope.RbacNeutronDbObjectMixin.validate_rbac_policy_change-3255541480438', 'neutron.plugins.ml2.plugin.External_net_db_mixin._process_ext_policy_create-1073941', 'neutron.plugins.ml2.plugin.NeutronDbPluginV2.validate_network_rbac_policy_change-1069813'] for rbac-policy (None), before_create {{(pid=103300) _notify_loop /opt/stack/data/venv/lib/python3.12/site-packages/neutron_lib/callbacks/manager.py:184}}
May 09 07:19:35.901689 np0000172981 devstack@neutron-api.service[103300]: DEBUG neutron_lib.callbacks.manager [None req-4e247ffe-6df4-4b77-aa57-b64e8a6964d2 admin admin] Publish callbacks [] for subnetpool (None), before_response {{(pid=103300) _notify_loop /opt/stack/data/venv/lib/python3.12/site-packages/neutron_lib/callbacks/manager.py:184}}
May 09 07:19:35.902157 np0000172981 devstack@neutron-api.service[103300]: [pid: 103300|app: 0|req: 1/4] 199.204.45.44 () {68 vars in 1360 bytes} [Sat May 9 07:19:35 2026] POST /networking/v2.0/subnetpools => generated 543 bytes in 462 msecs (HTTP/1.1 201) 4 headers in 162 bytes (1 switches on core 0)
May 09 07:19:36.293450 np0000172981 devstack@neutron-api.service[103301]: DEBUG neutron.api.v2.base [None req-d49230c0-df4f-4b23-a69e-ebed1a5e131a admin admin] Request body: {'network': {'admin_state_up': True, 'name': 'private'}} {{(pid=103301) prepare_request_body /opt/stack/neutron/neutron/api/v2/base.py:727}}
May 09 07:19:36.317642 np0000172981 devstack@neutron-api.service[103301]: DEBUG neutron.pecan_wsgi.hooks.quota_enforcement [None req-d49230c0-df4f-4b23-a69e-ebed1a5e131a admin admin] Made reservation on behalf of 5f1701b9243140f4b34c357fd1906788 for: {'network': 1} {{(pid=103301) before /opt/stack/neutron/neutron/pecan_wsgi/hooks/quota_enforcement.py:66}}
May 09 07:19:36.494910 np0000172981 devstack@neutron-api.service[103301]: DEBUG neutron.policy [None req-d49230c0-df4f-4b23-a69e-ebed1a5e131a admin admin] Loaded default policies from ['neutron'] under neutron.policies entry points {{(pid=103301) register_rules /opt/stack/neutron/neutron/policy.py:65}}
May 09 07:19:36.597853 np0000172981 devstack@neutron-api.service[103301]: DEBUG neutron_lib.callbacks.manager [None req-d49230c0-df4f-4b23-a69e-ebed1a5e131a admin admin] Publish callbacks ['neutron.plugins.ml2.plugin.SecurityGroupDbMixin._ensure_default_security_group_handler-1062281'] for network (None), before_create {{(pid=103301) _notify_loop /opt/stack/data/venv/lib/python3.12/site-packages/neutron_lib/callbacks/manager.py:184}}
May 09 07:19:36.617913 np0000172981 devstack@neutron-api.service[103301]: DEBUG neutron_lib.callbacks.manager [None req-d49230c0-df4f-4b23-a69e-ebed1a5e131a admin admin] Publish callbacks [] for security_group (None), before_create {{(pid=103301) _notify_loop /opt/stack/data/venv/lib/python3.12/site-packages/neutron_lib/callbacks/manager.py:184}}
May 09 07:19:36.710785 np0000172981 devstack@neutron-api.service[103301]: DEBUG neutron_lib.callbacks.manager [None req-d49230c0-df4f-4b23-a69e-ebed1a5e131a admin admin] Publish callbacks ['neutron.plugins.ml2.drivers.ovn.mech_driver.mech_driver.OVNMechanismDriver._create_security_group_precommit-4028725'] for security_group (0c594070-5154-4673-b6db-628ff36cce01), precommit_create {{(pid=103301) _notify_loop /opt/stack/data/venv/lib/python3.12/site-packages/neutron_lib/callbacks/manager.py:184}}
May 09 07:19:36.710940 np0000172981 devstack@neutron-api.service[103301]: DEBUG neutron.db.ovn_revision_numbers_db [None req-d49230c0-df4f-4b23-a69e-ebed1a5e131a admin admin] create_initial_revision uuid=0c594070-5154-4673-b6db-628ff36cce01, type=security_groups, rev=-1 {{(pid=103301) create_initial_revision /opt/stack/neutron/neutron/db/ovn_revision_numbers_db.py:98}}
May 09 07:19:36.713134 np0000172981 devstack@neutron-api.service[103301]: DEBUG neutron.db.ovn_revision_numbers_db [None req-d49230c0-df4f-4b23-a69e-ebed1a5e131a admin admin] create_initial_revision uuid=60e4de38-1e3c-4c00-a4c7-c378148644ad, type=security_group_rules, rev=-1 {{(pid=103301) create_initial_revision /opt/stack/neutron/neutron/db/ovn_revision_numbers_db.py:98}}
May 09 07:19:36.714159 np0000172981 devstack@neutron-api.service[103301]: DEBUG neutron.db.ovn_revision_numbers_db [None req-d49230c0-df4f-4b23-a69e-ebed1a5e131a admin admin] create_initial_revision uuid=8b44ee53-8334-4f3b-95d5-041c3bf0af60, type=security_group_rules, rev=-1 {{(pid=103301) create_initial_revision /opt/stack/neutron/neutron/db/ovn_revision_numbers_db.py:98}}
May 09 07:19:36.715096 np0000172981 devstack@neutron-api.service[103301]: DEBUG neutron.db.ovn_revision_numbers_db [None req-d49230c0-df4f-4b23-a69e-ebed1a5e131a admin admin] create_initial_revision uuid=8fc1a565-31e9-451f-a353-78ec26d1a074, type=security_group_rules, rev=-1 {{(pid=103301) create_initial_revision /opt/stack/neutron/neutron/db/ovn_revision_numbers_db.py:98}}
May 09 07:19:36.716045 np0000172981 devstack@neutron-api.service[103301]: DEBUG neutron.db.ovn_revision_numbers_db [None req-d49230c0-df4f-4b23-a69e-ebed1a5e131a admin admin] create_initial_revision uuid=f418b174-5372-46d5-9805-f12c63939685, type=security_group_rules, rev=-1 {{(pid=103301) create_initial_revision /opt/stack/neutron/neutron/db/ovn_revision_numbers_db.py:98}}
May 09 07:19:36.723265 np0000172981 devstack@neutron-api.service[103301]: DEBUG neutron_lib.callbacks.manager [None req-d49230c0-df4f-4b23-a69e-ebed1a5e131a admin admin] Publish callbacks ['neutron.plugins.ml2.drivers.ovn.mech_driver.mech_driver.OVNMechanismDriver._create_security_group-4028683', 'neutron.plugins.ml2.ovo_rpc._ObjectChangeHandler.handle_event-3035592'] for security_group (0c594070-5154-4673-b6db-628ff36cce01), after_create {{(pid=103301) _notify_loop /opt/stack/data/venv/lib/python3.12/site-packages/neutron_lib/callbacks/manager.py:184}}
May 09 07:19:36.723413 np0000172981 devstack@neutron-api.service[103301]: INFO neutron.plugins.ml2.drivers.ovn.mech_driver.ovsdb.extensions.qos [None req-d49230c0-df4f-4b23-a69e-ebed1a5e131a admin admin] Starting OVNClientQosExtension
May 09 07:19:36.723527 np0000172981 devstack@neutron-api.service[103301]: INFO neutron.plugins.ml2.drivers.ovn.mech_driver.ovsdb.extensions.placement [None req-d49230c0-df4f-4b23-a69e-ebed1a5e131a admin admin] Starting OVNClientPlacementExtension
May 09 07:19:36.724687 np0000172981 devstack@neutron-api.service[103301]: DEBUG ovsdbapp.backend.ovs_idl.transaction [-] Running txn n=1 command(idx=0): PgAddCommand(_result=None, name=pg_0c594070_5154_4673_b6db_628ff36cce01, may_exist=False, columns={'acls': [], 'external_ids': {'neutron:security_group_id': '0c594070-5154-4673-b6db-628ff36cce01'}}) {{(pid=103301) do_commit /opt/stack/data/venv/lib/python3.12/site-packages/ovsdbapp/backend/ovs_idl/transaction.py:89}}
May 09 07:19:36.726683 np0000172981 devstack@neutron-api.service[103301]: DEBUG ovsdbapp.backend.ovs_idl.transaction [-] Running txn n=1 command(idx=1): PgAclAddCommand(_result=None, entity=pg_0c594070_5154_4673_b6db_628ff36cce01, direction=from-lport, priority=1002, match=inport == @pg_0c594070_5154_4673_b6db_628ff36cce01 && ip4, action=allow-related, log=False, may_exist=True, severity=[], name=[], meter=[], external_ids={'neutron:security_group_rule_id': '60e4de38-1e3c-4c00-a4c7-c378148644ad'}) {{(pid=103301) do_commit /opt/stack/data/venv/lib/python3.12/site-packages/ovsdbapp/backend/ovs_idl/transaction.py:89}}
May 09 07:19:36.727373 np0000172981 devstack@neutron-api.service[103301]: DEBUG ovsdbapp.backend.ovs_idl.transaction [-] Running txn n=1 command(idx=2): PgAclAddCommand(_result=None, entity=pg_0c594070_5154_4673_b6db_628ff36cce01, direction=to-lport, priority=1002, match=outport == @pg_0c594070_5154_4673_b6db_628ff36cce01 && ip4 && ip4.src == $pg_0c594070_5154_4673_b6db_628ff36cce01_ip4, action=allow-related, log=False, may_exist=True, severity=[], name=[], meter=[], external_ids={'neutron:security_group_rule_id': '8b44ee53-8334-4f3b-95d5-041c3bf0af60'}) {{(pid=103301) do_commit /opt/stack/data/venv/lib/python3.12/site-packages/ovsdbapp/backend/ovs_idl/transaction.py:89}}
May 09 07:19:36.727967 np0000172981 devstack@neutron-api.service[103301]: DEBUG ovsdbapp.backend.ovs_idl.transaction [-] Running txn n=1 command(idx=3): PgAclAddCommand(_result=None, entity=pg_0c594070_5154_4673_b6db_628ff36cce01, direction=from-lport, priority=1002, match=inport == @pg_0c594070_5154_4673_b6db_628ff36cce01 && ip6, action=allow-related, log=False, may_exist=True, severity=[], name=[], meter=[], external_ids={'neutron:security_group_rule_id': '8fc1a565-31e9-451f-a353-78ec26d1a074'}) {{(pid=103301) do_commit /opt/stack/data/venv/lib/python3.12/site-packages/ovsdbapp/backend/ovs_idl/transaction.py:89}}
May 09 07:19:36.728488 np0000172981 devstack@neutron-api.service[103301]: DEBUG ovsdbapp.backend.ovs_idl.transaction [-] Running txn n=1 command(idx=4): PgAclAddCommand(_result=None, entity=pg_0c594070_5154_4673_b6db_628ff36cce01, direction=to-lport, priority=1002, match=outport == @pg_0c594070_5154_4673_b6db_628ff36cce01 && ip6 && ip6.src == $pg_0c594070_5154_4673_b6db_628ff36cce01_ip6, action=allow-related, log=False, may_exist=True, severity=[], name=[], meter=[], external_ids={'neutron:security_group_rule_id': 'f418b174-5372-46d5-9805-f12c63939685'}) {{(pid=103301) do_commit /opt/stack/data/venv/lib/python3.12/site-packages/ovsdbapp/backend/ovs_idl/transaction.py:89}}
May 09 07:19:36.737359 np0000172981 devstack@neutron-api.service[103303]: DEBUG neutron.plugins.ml2.drivers.ovn.mech_driver.ovsdb.ovsdb_monitor [-] Hash Ring: Node 62b5169577a75197af28a466fd569ebf (host: np0000172981) handling event "create" for row 1e120ebc-7cfb-4e67-acd7-f83ab20bda81 (table: ACL) {{(pid=103303) notify /opt/stack/neutron/neutron/plugins/ml2/drivers/ovn/mech_driver/ovsdb/ovsdb_monitor.py:942}}
May 09 07:19:36.737760 np0000172981 devstack@neutron-api.service[103303]: DEBUG neutron.plugins.ml2.drivers.ovn.mech_driver.ovsdb.ovsdb_monitor [-] Hash Ring: Node 62b5169577a75197af28a466fd569ebf (host: np0000172981) handling event "create" for row 4b963363-e094-4962-bc88-d8bfd3b18e30 (table: ACL) {{(pid=103303) notify /opt/stack/neutron/neutron/plugins/ml2/drivers/ovn/mech_driver/ovsdb/ovsdb_monitor.py:942}}
May 09 07:19:36.738069 np0000172981 devstack@neutron-api.service[103303]: DEBUG neutron.plugins.ml2.drivers.ovn.mech_driver.ovsdb.ovsdb_monitor [-] Hash Ring: Node 62b5169577a75197af28a466fd569ebf (host: np0000172981) handling event "create" for row 5189eb9e-7d93-4fcd-bcc1-a19a3f520c23 (table: ACL) {{(pid=103303) notify /opt/stack/neutron/neutron/plugins/ml2/drivers/ovn/mech_driver/ovsdb/ovsdb_monitor.py:942}}
May 09 07:19:36.738395 np0000172981 devstack@neutron-api.service[103303]: DEBUG neutron.plugins.ml2.drivers.ovn.mech_driver.ovsdb.ovsdb_monitor [-] Hash Ring: Node 62b5169577a75197af28a466fd569ebf (host: np0000172981) handling event "create" for row 13fd6f5a-8cae-4bf8-80a6-744131f0a53d (table: Port_Group) {{(pid=103303) notify /opt/stack/neutron/neutron/plugins/ml2/drivers/ovn/mech_driver/ovsdb/ovsdb_monitor.py:942}}
May 09 07:19:36.738781 np0000172981 devstack@neutron-api.service[103302]: DEBUG neutron.plugins.ml2.drivers.ovn.mech_driver.ovsdb.ovsdb_monitor [-] Hash Ring: Node d043fb26b07e5bc9b3455966203b260d (host: np0000172981) handling event "create" for row 1e120ebc-7cfb-4e67-acd7-f83ab20bda81 (table: ACL) {{(pid=103302) notify /opt/stack/neutron/neutron/plugins/ml2/drivers/ovn/mech_driver/ovsdb/ovsdb_monitor.py:942}}
May 09 07:19:36.739041 np0000172981 devstack@neutron-api.service[103302]: DEBUG neutron.plugins.ml2.drivers.ovn.mech_driver.ovsdb.ovsdb_monitor [-] Hash Ring: Node d043fb26b07e5bc9b3455966203b260d (host: np0000172981) handling event "create" for row 4b963363-e094-4962-bc88-d8bfd3b18e30 (table: ACL) {{(pid=103302) notify /opt/stack/neutron/neutron/plugins/ml2/drivers/ovn/mech_driver/ovsdb/ovsdb_monitor.py:942}}
May 09 07:19:36.739138 np0000172981 devstack@neutron-api.service[103302]: DEBUG neutron.plugins.ml2.drivers.ovn.mech_driver.ovsdb.ovsdb_monitor [-] Hash Ring: Node d043fb26b07e5bc9b3455966203b260d (host: np0000172981) handling event "create" for row 5189eb9e-7d93-4fcd-bcc1-a19a3f520c23 (table: ACL) {{(pid=103302) notify /opt/stack/neutron/neutron/plugins/ml2/drivers/ovn/mech_driver/ovsdb/ovsdb_monitor.py:942}}
May 09 07:19:36.739298 np0000172981 devstack@neutron-api.service[103302]: DEBUG neutron.plugins.ml2.drivers.ovn.mech_driver.ovsdb.ovsdb_monitor [-] Hash Ring: Node d043fb26b07e5bc9b3455966203b260d (host: np0000172981) handling event "create" for row ecb269f2-f8f5-4609-ae4e-d745946499c0 (table: ACL) {{(pid=103302) notify /opt/stack/neutron/neutron/plugins/ml2/drivers/ovn/mech_driver/ovsdb/ovsdb_monitor.py:942}}
May 09 07:19:36.739483 np0000172981 devstack@neutron-api.service[103302]: DEBUG neutron.plugins.ml2.drivers.ovn.mech_driver.ovsdb.ovsdb_monitor [-] Hash Ring: Node d043fb26b07e5bc9b3455966203b260d (host: np0000172981) handling event "create" for row 13fd6f5a-8cae-4bf8-80a6-744131f0a53d (table: Port_Group) {{(pid=103302) notify /opt/stack/neutron/neutron/plugins/ml2/drivers/ovn/mech_driver/ovsdb/ovsdb_monitor.py:942}}
May 09 07:19:36.763027 np0000172981 devstack@neutron-api.service[103301]: INFO neutron.db.ovn_revision_numbers_db [None req-d49230c0-df4f-4b23-a69e-ebed1a5e131a admin admin] Successfully bumped revision number for resource 0c594070-5154-4673-b6db-628ff36cce01 (type: security_groups) to 1
May 09 07:19:36.780379 np0000172981 devstack@neutron-api.service[103301]: INFO neutron.db.ovn_revision_numbers_db [None req-d49230c0-df4f-4b23-a69e-ebed1a5e131a admin admin] Successfully bumped revision number for resource 60e4de38-1e3c-4c00-a4c7-c378148644ad (type: security_group_rules) to 0
May 09 07:19:36.797680 np0000172981 devstack@neutron-api.service[103301]: INFO neutron.db.ovn_revision_numbers_db [None req-d49230c0-df4f-4b23-a69e-ebed1a5e131a admin admin] Successfully bumped revision number for resource 8b44ee53-8334-4f3b-95d5-041c3bf0af60 (type: security_group_rules) to 0
May 09 07:19:36.812375 np0000172981 devstack@neutron-api.service[103301]: INFO neutron.db.ovn_revision_numbers_db [None req-d49230c0-df4f-4b23-a69e-ebed1a5e131a admin admin] Successfully bumped revision number for resource 8fc1a565-31e9-451f-a353-78ec26d1a074 (type: security_group_rules) to 0
May 09 07:19:36.824080 np0000172981 devstack@neutron-api.service[103301]: INFO neutron.db.ovn_revision_numbers_db [None req-d49230c0-df4f-4b23-a69e-ebed1a5e131a admin admin] Successfully bumped revision number for resource f418b174-5372-46d5-9805-f12c63939685 (type: security_group_rules) to 0
May 09 07:19:36.847470 np0000172981 devstack@neutron-api.service[103301]: DEBUG neutron.api.rpc.handlers.resources_rpc [None req-d49230c0-df4f-4b23-a69e-ebed1a5e131a admin admin] Pushing event updated for resources: {'SecurityGroup': ['ID=0c594070-5154-4673-b6db-628ff36cce01,revision_number=1']} {{(pid=103301) push /opt/stack/neutron/neutron/api/rpc/handlers/resources_rpc.py:237}}
May 09 07:19:36.853996 np0000172981 devstack@neutron-api.service[103301]: DEBUG ovsdbapp.backend.ovs_idl.transaction [-] Running txn n=1 command(idx=0): CheckLivenessCommand(_result=None) {{(pid=103301) do_commit /opt/stack/data/venv/lib/python3.12/site-packages/ovsdbapp/backend/ovs_idl/transaction.py:89}}
May 09 07:19:36.908697 np0000172981 devstack@neutron-api.service[103303]: DEBUG neutron.plugins.ml2.drivers.ovn.mech_driver.ovsdb.ovsdb_monitor [-] Hash Ring: Node 62b5169577a75197af28a466fd569ebf (host: np0000172981) handling event "update" for row 086cc326-f5df-453f-b398-00bcce3d52c3 (table: NB_Global) {{(pid=103303) notify /opt/stack/neutron/neutron/plugins/ml2/drivers/ovn/mech_driver/ovsdb/ovsdb_monitor.py:942}}
May 09 07:19:36.909228 np0000172981 devstack@neutron-api.service[103302]: DEBUG neutron.plugins.ml2.drivers.ovn.mech_driver.ovsdb.ovsdb_monitor [-] Hash Ring: Node d043fb26b07e5bc9b3455966203b260d (host: np0000172981) handling event "update" for row 086cc326-f5df-453f-b398-00bcce3d52c3 (table: NB_Global) {{(pid=103302) notify /opt/stack/neutron/neutron/plugins/ml2/drivers/ovn/mech_driver/ovsdb/ovsdb_monitor.py:942}}
May 09 07:19:36.909782 np0000172981 devstack@neutron-api.service[103303]: DEBUG neutron.plugins.ml2.drivers.ovn.mech_driver.ovsdb.ovsdb_monitor [-] Hash Ring: Node 62b5169577a75197af28a466fd569ebf (host: np0000172981) handling event "update" for row 086cc326-f5df-453f-b398-00bcce3d52c3 (table: NB_Global) {{(pid=103303) notify /opt/stack/neutron/neutron/plugins/ml2/drivers/ovn/mech_driver/ovsdb/ovsdb_monitor.py:942}}
May 09 07:19:36.911282 np0000172981 devstack@neutron-api.service[103303]: DEBUG neutron.plugins.ml2.drivers.ovn.mech_driver.ovsdb.ovsdb_monitor [-] Hash Ring: Node 62b5169577a75197af28a466fd569ebf (host: np0000172981) handling event "update" for row 086cc326-f5df-453f-b398-00bcce3d52c3 (table: NB_Global) {{(pid=103303) notify /opt/stack/neutron/neutron/plugins/ml2/drivers/ovn/mech_driver/ovsdb/ovsdb_monitor.py:942}}
May 09 07:19:36.912489 np0000172981 devstack@neutron-api.service[103302]: DEBUG neutron.plugins.ml2.drivers.ovn.mech_driver.ovsdb.ovsdb_monitor [-] ChassisAgentWriteEvent : Matched Chassis_Private, update, None None {{(pid=103302) matches /opt/stack/neutron/neutron/plugins/ml2/drivers/ovn/mech_driver/ovsdb/ovsdb_monitor.py:64}}
May 09 07:19:36.913416 np0000172981 devstack@neutron-api.service[103303]: DEBUG neutron.plugins.ml2.drivers.ovn.mech_driver.ovsdb.ovsdb_monitor [-] ChassisAgentWriteEvent : Matched Chassis_Private, update, None None {{(pid=103303) matches /opt/stack/neutron/neutron/plugins/ml2/drivers/ovn/mech_driver/ovsdb/ovsdb_monitor.py:64}}
May 09 07:19:36.915041 np0000172981 devstack@neutron-api.service[103303]: DEBUG neutron.plugins.ml2.drivers.ovn.mech_driver.ovsdb.ovsdb_monitor [-] Hash Ring: Node 62b5169577a75197af28a466fd569ebf (host: np0000172981) handling event "update" for row 086cc326-f5df-453f-b398-00bcce3d52c3 (table: NB_Global) {{(pid=103303) notify /opt/stack/neutron/neutron/plugins/ml2/drivers/ovn/mech_driver/ovsdb/ovsdb_monitor.py:942}}
May 09 07:19:36.916589 np0000172981 devstack@neutron-api.service[103300]: DEBUG neutron.plugins.ml2.drivers.ovn.mech_driver.ovsdb.ovsdb_monitor [-] ChassisAgentWriteEvent : Matched Chassis_Private, update, None None {{(pid=103300) matches /opt/stack/neutron/neutron/plugins/ml2/drivers/ovn/mech_driver/ovsdb/ovsdb_monitor.py:64}}
May 09 07:19:36.917087 np0000172981 devstack@neutron-api.service[103301]: DEBUG neutron.api.rpc.callbacks.version_manager [None req-d49230c0-df4f-4b23-a69e-ebed1a5e131a admin admin] Tracked resource versions report:
May 09 07:19:36.917087 np0000172981 devstack@neutron-api.service[103301]: pushed versions:
May 09 07:19:36.917087 np0000172981 devstack@neutron-api.service[103301]: { 'AddressGroup': {'1.2'},
May 09 07:19:36.917087 np0000172981 devstack@neutron-api.service[103301]: 'Agent': {'1.1'},
May 09 07:19:36.917087 np0000172981 devstack@neutron-api.service[103301]: 'ConntrackHelper': {'1.0'},
May 09 07:19:36.917087 np0000172981 devstack@neutron-api.service[103301]: 'LocalIPAssociation': {'1.0'},
May 09 07:19:36.917087 np0000172981 devstack@neutron-api.service[103301]: 'Log': {'1.0'},
May 09 07:19:36.917087 np0000172981 devstack@neutron-api.service[103301]: 'NDPProxy': {'1.0'},
May 09 07:19:36.917087 np0000172981 devstack@neutron-api.service[103301]: 'Network': {'1.2'},
May 09 07:19:36.917087 np0000172981 devstack@neutron-api.service[103301]: 'Port': {'1.10'},
May 09 07:19:36.917087 np0000172981 devstack@neutron-api.service[103301]: 'PortForwarding': {'1.3'},
May 09 07:19:36.917087 np0000172981 devstack@neutron-api.service[103301]: 'QosPolicy': {'1.10'},
May 09 07:19:36.917087 np0000172981 devstack@neutron-api.service[103301]: 'SecurityGroup': {'1.6'},
May 09 07:19:36.917087 np0000172981 devstack@neutron-api.service[103301]: 'SecurityGroupRule': {'1.3'},
May 09 07:19:36.917087 np0000172981 devstack@neutron-api.service[103301]: 'SubPort': {'1.0'},
May 09 07:19:36.917087 np0000172981 devstack@neutron-api.service[103301]: 'Subnet': {'1.2'},
May 09 07:19:36.917087 np0000172981 devstack@neutron-api.service[103301]: 'Trunk': {'1.1'}}
May 09 07:19:36.917087 np0000172981 devstack@neutron-api.service[103301]: consumer versions:
May 09 07:19:36.917087 np0000172981 devstack@neutron-api.service[103301]: {}
May 09 07:19:36.917087 np0000172981 devstack@neutron-api.service[103301]: {{(pid=103301) report /opt/stack/neutron/neutron/api/rpc/callbacks/version_manager.py:183}}
May 09 07:19:36.918046 np0000172981 devstack@neutron-api.service[103302]: DEBUG neutron.plugins.ml2.drivers.ovn.mech_driver.ovsdb.ovsdb_monitor [-] Hash Ring: Node d043fb26b07e5bc9b3455966203b260d (host: np0000172981) handling event "update" for row 086cc326-f5df-453f-b398-00bcce3d52c3 (table: NB_Global) {{(pid=103302) notify /opt/stack/neutron/neutron/plugins/ml2/drivers/ovn/mech_driver/ovsdb/ovsdb_monitor.py:942}}
May 09 07:19:36.919037 np0000172981 devstack@neutron-api.service[103303]: DEBUG neutron.plugins.ml2.drivers.ovn.mech_driver.ovsdb.ovsdb_monitor [-] ChassisOVNAgentWriteEvent : Matched Chassis_Private, update, None None {{(pid=103303) matches /opt/stack/neutron/neutron/plugins/ml2/drivers/ovn/mech_driver/ovsdb/ovsdb_monitor.py:64}}
May 09 07:19:36.919174 np0000172981 devstack@neutron-api.service[103300]: DEBUG neutron.plugins.ml2.drivers.ovn.mech_driver.ovsdb.ovsdb_monitor [-] Hash Ring: Node 86b8a27fb2d75ff2bd243c8998f17c30 (host: np0000172981) handling event "update" for row ccb0764e-59e1-4df9-aa3f-d02bec5989ec (table: Chassis_Private) {{(pid=103300) notify /opt/stack/neutron/neutron/plugins/ml2/drivers/ovn/mech_driver/ovsdb/ovsdb_monitor.py:942}}
May 09 07:19:36.919302 np0000172981 devstack@neutron-api.service[103302]: DEBUG neutron.common.ovn.hash_ring_manager [-] Allow caching, nodes 4>=4 {{(pid=103302) _wait_startup_before_caching /opt/stack/neutron/neutron/common/ovn/hash_ring_manager.py:65}}
May 09 07:19:36.919302 np0000172981 devstack@neutron-api.service[103302]: DEBUG neutron.plugins.ml2.drivers.ovn.mech_driver.ovsdb.ovsdb_monitor [-] Hash Ring: Node d043fb26b07e5bc9b3455966203b260d (host: np0000172981) handling event "update" for row ccb0764e-59e1-4df9-aa3f-d02bec5989ec (table: Chassis_Private) {{(pid=103302) notify /opt/stack/neutron/neutron/plugins/ml2/drivers/ovn/mech_driver/ovsdb/ovsdb_monitor.py:942}}
May 09 07:19:36.920403 np0000172981 devstack@neutron-api.service[103302]: DEBUG neutron.plugins.ml2.drivers.ovn.mech_driver.ovsdb.ovsdb_monitor [-] Hash Ring: Node d043fb26b07e5bc9b3455966203b260d (host: np0000172981) handling event "update" for row 086cc326-f5df-453f-b398-00bcce3d52c3 (table: NB_Global) {{(pid=103302) notify /opt/stack/neutron/neutron/plugins/ml2/drivers/ovn/mech_driver/ovsdb/ovsdb_monitor.py:942}}
May 09 07:19:36.920966 np0000172981 devstack@neutron-api.service[103300]: DEBUG neutron.plugins.ml2.drivers.ovn.mech_driver.ovsdb.ovsdb_monitor [-] ChassisOVNAgentWriteEvent : Matched Chassis_Private, update, None None {{(pid=103300) matches /opt/stack/neutron/neutron/plugins/ml2/drivers/ovn/mech_driver/ovsdb/ovsdb_monitor.py:64}}
May 09 07:19:36.921124 np0000172981 devstack@neutron-api.service[103302]: DEBUG neutron.plugins.ml2.drivers.ovn.mech_driver.ovsdb.ovsdb_monitor [-] ChassisOVNAgentWriteEvent : Matched Chassis_Private, update, None None {{(pid=103302) matches /opt/stack/neutron/neutron/plugins/ml2/drivers/ovn/mech_driver/ovsdb/ovsdb_monitor.py:64}}
May 09 07:19:36.921630 np0000172981 devstack@neutron-api.service[103302]: DEBUG neutron.plugins.ml2.drivers.ovn.mech_driver.ovsdb.ovsdb_monitor [-] Hash Ring: Node d043fb26b07e5bc9b3455966203b260d (host: np0000172981) handling event "update" for row ccb0764e-59e1-4df9-aa3f-d02bec5989ec (table: Chassis_Private) {{(pid=103302) notify /opt/stack/neutron/neutron/plugins/ml2/drivers/ovn/mech_driver/ovsdb/ovsdb_monitor.py:942}}
May 09 07:19:36.922265 np0000172981 devstack@neutron-api.service[103300]: DEBUG neutron.plugins.ml2.drivers.ovn.mech_driver.ovsdb.ovsdb_monitor [-] Hash Ring: Node 86b8a27fb2d75ff2bd243c8998f17c30 (host: np0000172981) handling event "update" for row ccb0764e-59e1-4df9-aa3f-d02bec5989ec (table: Chassis_Private) {{(pid=103300) notify /opt/stack/neutron/neutron/plugins/ml2/drivers/ovn/mech_driver/ovsdb/ovsdb_monitor.py:942}}
May 09 07:19:36.922720 np0000172981 devstack@neutron-api.service[103302]: DEBUG neutron.plugins.ml2.drivers.ovn.mech_driver.ovsdb.ovsdb_monitor [-] Hash Ring: Node d043fb26b07e5bc9b3455966203b260d (host: np0000172981) handling event "update" for row 086cc326-f5df-453f-b398-00bcce3d52c3 (table: NB_Global) {{(pid=103302) notify /opt/stack/neutron/neutron/plugins/ml2/drivers/ovn/mech_driver/ovsdb/ovsdb_monitor.py:942}}
May 09 07:19:36.924217 np0000172981 devstack@neutron-api.service[103301]: DEBUG neutron.plugins.ml2.drivers.ovn.mech_driver.ovsdb.ovsdb_monitor [-] ChassisAgentWriteEvent : Matched Chassis_Private, update, None None {{(pid=103301) matches /opt/stack/neutron/neutron/plugins/ml2/drivers/ovn/mech_driver/ovsdb/ovsdb_monitor.py:64}}
May 09 07:19:36.925290 np0000172981 devstack@neutron-api.service[103301]: DEBUG neutron.plugins.ml2.drivers.ovn.mech_driver.ovsdb.ovsdb_monitor [-] ChassisOVNAgentWriteEvent : Matched Chassis_Private, update, None None {{(pid=103301) matches /opt/stack/neutron/neutron/plugins/ml2/drivers/ovn/mech_driver/ovsdb/ovsdb_monitor.py:64}}
May 09 07:19:36.978090 np0000172981 devstack@neutron-api.service[103301]: DEBUG neutron.plugins.ml2.drivers.helpers [None req-d49230c0-df4f-4b23-a69e-ebed1a5e131a admin admin] geneve segment allocate from pool success with {'geneve_vni': 12304} {{(pid=103301) allocate_partially_specified_segment /opt/stack/neutron/neutron/plugins/ml2/drivers/helpers.py:142}}
May 09 07:19:36.989319 np0000172981 devstack@neutron-api.service[103301]: DEBUG neutron_lib.callbacks.manager [None req-d49230c0-df4f-4b23-a69e-ebed1a5e131a admin admin] Publish callbacks ['neutron.services.segments.db._add_segment_host_mapping_for_segment-7877219922844', 'neutron.plugins.ml2.plugin.Ml2Plugin._handle_segment_change-1335749'] for segment (6ffca8b3-0303-46c9-a2cf-ba5ffb9b399a), precommit_create {{(pid=103301) _notify_loop /opt/stack/data/venv/lib/python3.12/site-packages/neutron_lib/callbacks/manager.py:184}}
