2026-04-22 19:35:19.157 7 INFO placement.requestlog [req-e4c8b151-3766-4269-9e51-be77319cab22 req-439d83c8-a679-4e8c-90c6-9e7e4f19d4f6 d6051699b5d34a7285c3f32ac73e394b fd208925b23f4cb193936bbdd3b4ff1d - - 6eb954ed0e854a7db9249a437caaf8d3 6eb954ed0e854a7db9249a437caaf8d3] 199.204.45.141 "GET /resource_providers/38b9c440-d933-4383-aeda-7db15d254406/traits" status: 200 len: 1682 microversion: 1.6 [pid: 7|app: 0|req: 290/580] 199.204.45.141 () {34 vars in 890 bytes} [Wed Apr 22 19:35:19 2026] GET /resource_providers/38b9c440-d933-4383-aeda-7db15d254406/traits => generated 1682 bytes in 23 msecs (HTTP/1.1 200) 6 headers in 225 bytes (1 switches on core 0)
2026-04-22 19:35:19.177 8 INFO placement.requestlog [req-e4c8b151-3766-4269-9e51-be77319cab22 req-7426ca7b-f4e0-4ceb-9b0f-083fb87fa69d d6051699b5d34a7285c3f32ac73e394b fd208925b23f4cb193936bbdd3b4ff1d - - 6eb954ed0e854a7db9249a437caaf8d3 6eb954ed0e854a7db9249a437caaf8d3] 199.204.45.141 "GET /resource_providers/38b9c440-d933-4383-aeda-7db15d254406/allocations" status: 200 len: 54 microversion: 1.0 [pid: 8|app: 0|req: 291/581] 199.204.45.141 () {32 vars in 857 bytes} [Wed Apr 22 19:35:19 2026] GET /resource_providers/38b9c440-d933-4383-aeda-7db15d254406/allocations => generated 54 bytes in 13 msecs (HTTP/1.1 200) 6 headers in 223 bytes (1 switches on core 0)
2026-04-22 19:35:21.712 8 INFO placement.requestlog [None req-cb8009c9-8a9d-489b-b856-c9e9f6dc0117 - - - - - -] 10.0.0.39 "GET /" status: 200 len: 136 microversion: 1.0
2026-04-22 19:35:21.712 7 INFO placement.requestlog [None req-871e55c6-bbf9-4d3a-bd62-f93adcba903c - - - - - -] 10.0.0.39 "GET /" status: 200 len: 136 microversion: 1.0
2026-04-22 19:35:31.714 7 INFO placement.requestlog [None req-4b191d46-50e0-4986-accc-cc3473ccd2df - - - - - -] 10.0.0.39 "GET /" status: 200 len: 136 microversion: 1.0
2026-04-22 19:35:31.715 8 INFO placement.requestlog [None req-410564b3-8248-40d0-9068-d9cdc62b8883 - - - - - -] 10.0.0.39 "GET /" status: 200 len: 136 microversion: 1.0
2026-04-22 19:35:41.713 8 INFO placement.requestlog [None req-d0b7dbee-b4eb-403c-8665-67ea94a41a08 - - - - - -] 10.0.0.39 "GET /" status: 200 len: 136 microversion: 1.0
2026-04-22 19:35:41.714 7 INFO placement.requestlog [None req-d0ff10e9-183d-4edf-9e69-4fe49f8bda02 - - - - - -] 10.0.0.39 "GET /" status: 200 len: 136 microversion: 1.0
2026-04-22 19:35:51.712 8 INFO placement.requestlog [None req-e7dabd6f-83eb-4f73-86a7-3bded83485de - - - - - -] 10.0.0.39 "GET /" status: 200 len: 136 microversion: 1.0
2026-04-22 19:35:51.713 7 INFO placement.requestlog [None req-fa17cc17-5cf3-46f6-9cc5-b5660f073e76 - - - - - -] 10.0.0.39 "GET /" status: 200 len: 136 microversion: 1.0
2026-04-22 19:36:01.713 8 INFO placement.requestlog [None req-548d4028-4fb3-478b-a930-404f87e46378 - - - - - -] 10.0.0.39 "GET /" status: 200 len: 136 microversion: 1.0
2026-04-22 19:36:01.713 7 INFO placement.requestlog [None req-b61fb981-4670-4db8-9599-a4270f3949f7 - - - - - -] 10.0.0.39 "GET /" status: 200 len: 136 microversion: 1.0
2026-04-22 19:36:11.712 8 INFO placement.requestlog [None req-dd7a609b-92d5-46bf-8298-e20482964b35 - - - - - -] 10.0.0.39 "GET /" status: 200 len: 136 microversion: 1.0
2026-04-22 19:36:11.712 7 INFO placement.requestlog [None req-afcc9130-2207-4ee0-b9b9-741a1c6c0375 - - - - - -] 10.0.0.39 "GET /" status: 200 len: 136 microversion: 1.0
2026-04-22 19:36:19.892 8 INFO placement.requestlog [req-b7bce22b-7f17-4a2c-adbb-094ea3ce8b6f req-1eec100a-978c-423b-b157-5a2984e78412 d6051699b5d34a7285c3f32ac73e394b fd208925b23f4cb193936bbdd3b4ff1d - - 6eb954ed0e854a7db9249a437caaf8d3 6eb954ed0e854a7db9249a437caaf8d3] 199.204.45.141 "GET /resource_providers/38b9c440-d933-4383-aeda-7db15d254406/allocations" status: 200 len: 54 microversion: 1.0 [pid: 8|app: 0|req: 298/594] 199.204.45.141 () {32 vars in 857 bytes} [Wed Apr 22 19:36:19 2026] GET /resource_providers/38b9c440-d933-4383-aeda-7db15d254406/allocations => generated 54 bytes in 17 msecs (HTTP/1.1 200) 6 headers in 223 bytes (1 switches on core 0)
2026-04-22 19:36:19.921 7 INFO placement.requestlog [req-b7bce22b-7f17-4a2c-adbb-094ea3ce8b6f req-ce291f4f-de34-4b34-9076-7710b6539d78 d6051699b5d34a7285c3f32ac73e394b fd208925b23f4cb193936bbdd3b4ff1d - - 6eb954ed0e854a7db9249a437caaf8d3 6eb954ed0e854a7db9249a437caaf8d3] 199.204.45.141 "GET /resource_providers/38b9c440-d933-4383-aeda-7db15d254406/allocations" status: 200 len: 54 microversion: 1.0 [pid: 7|app: 0|req: 297/595] 199.204.45.141 () {32 vars in 857 bytes} [Wed Apr 22 19:36:19 2026] GET /resource_providers/38b9c440-d933-4383-aeda-7db15d254406/allocations => generated 54 bytes in 17 msecs (HTTP/1.1 200) 6 headers in 223 bytes (1 switches on core 0)
2026-04-22 19:36:21.713 7 INFO placement.requestlog [None req-a2f0aaab-10e7-4686-a0fb-4d4f9fe21642 - - - - - -] 10.0.0.39 "GET /" status: 200 len: 136 microversion: 1.0
2026-04-22 19:36:21.713 8 INFO placement.requestlog [None req-d187f7b1-68c1-4b08-81a3-23c6e4900503 - - - - - -] 10.0.0.39 "GET /" status: 200 len: 136 microversion: 1.0
2026-04-22 19:36:31.713 8 INFO placement.requestlog [None req-a30694dc-0097-4eb5-b6b9-d91e34b300c1 - - - - - -] 10.0.0.39 "GET /" status: 200 len: 136 microversion: 1.0
2026-04-22 19:36:31.713 7 INFO placement.requestlog [None req-560a736f-a621-4d9d-b2fe-b2e3b07a6244 - - - - - -] 10.0.0.39 "GET /" status: 200 len: 136 microversion: 1.0
2026-04-22 19:36:41.713 7 INFO placement.requestlog [None req-a8ed8ed5-a9e2-4809-a7c5-45809696757d - - - - - -] 10.0.0.39 "GET /" status: 200 len: 136 microversion: 1.0
2026-04-22 19:36:41.713 8 INFO placement.requestlog [None req-9e201c9f-3818-40ba-8555-80278154072e - - - - - -] 10.0.0.39 "GET /" status: 200 len: 136 microversion: 1.0
2026-04-22 19:36:51.713 7 INFO placement.requestlog [None req-ba9f8c48-7e90-44f9-a7c0-5e0fa0063753 - - - - - -] 10.0.0.39 "GET /" status: 200 len: 136 microversion: 1.0
2026-04-22 19:36:51.714 8 INFO placement.requestlog [None req-cbe17364-c3de-4f2c-aa79-ca135d8aa88e - - - - - -] 10.0.0.39 "GET /" status: 200 len: 136 microversion: 1.0
2026-04-22 19:37:01.713 7 INFO placement.requestlog [None req-8a63b204-07a6-4f44-bbdf-40919dc97882 - - - - - -] 10.0.0.39 "GET /" status: 200 len: 136 microversion: 1.0
2026-04-22 19:37:01.715 8 INFO placement.requestlog [None req-178eb4fa-b130-437d-9808-853b210973ae - - - - - -] 10.0.0.39 "GET /" status: 200 len: 136 microversion: 1.0
2026-04-22 19:37:11.712 7 INFO placement.requestlog [None req-b3f0fb09-3148-4680-8af7-27d8ec63ff2c - - - - - -] 10.0.0.39 "GET /" status: 200 len: 136 microversion: 1.0
2026-04-22 19:37:11.713 8 INFO placement.requestlog [None req-608b0ab4-3f53-4aa6-a365-b4859879e210 - - - - - -] 10.0.0.39 "GET /" status: 200 len: 136 microversion: 1.0
2026-04-22 19:37:20.822 7 INFO placement.requestlog [req-f5f35024-65e1-4993-a185-5784a08afba4 req-3e5a570d-18ee-45e2-a81c-1a5252a5a7ba d6051699b5d34a7285c3f32ac73e394b fd208925b23f4cb193936bbdd3b4ff1d - - 6eb954ed0e854a7db9249a437caaf8d3 6eb954ed0e854a7db9249a437caaf8d3] 10.0.0.51 "GET /allocation_candidates?limit=1000&resources=DISK_GB%3A1%2CMEMORY_MB%3A512%2CVCPU%3A1&root_required=%21COMPUTE_STATUS_DISABLED" status: 200 len: 2147 microversion: 1.36 [pid: 7|app: 0|req: 304/608] 10.0.0.51 () {34 vars in 1011 bytes} [Wed Apr 22 19:37:20 2026] GET /allocation_candidates?limit=1000&resources=DISK_GB%3A1%2CMEMORY_MB%3A512%2CVCPU%3A1&root_required=%21COMPUTE_STATUS_DISABLED => generated 2147 bytes in 204 msecs (HTTP/1.1 200) 8 headers in 297 bytes (1 switches on core 0)
2026-04-22 19:37:20.877 8 INFO placement.requestlog [req-f5f35024-65e1-4993-a185-5784a08afba4 req-67bbe2ed-5c05-40aa-bb08-14f533a933c2 d6051699b5d34a7285c3f32ac73e394b fd208925b23f4cb193936bbdd3b4ff1d - - 6eb954ed0e854a7db9249a437caaf8d3 6eb954ed0e854a7db9249a437caaf8d3] 10.0.0.51 "GET /allocations/d7ff9225-48c7-4856-b708-19583edf4684" status: 200 len: 19 microversion: 1.28 [pid: 8|app: 0|req: 305/609] 10.0.0.51 () {34 vars in 860 bytes} [Wed Apr 22 19:37:20 2026] GET /allocations/d7ff9225-48c7-4856-b708-19583edf4684 => generated 19 bytes in 26 msecs (HTTP/1.1 200) 8 headers in 295 bytes (1 switches on core 0)
2026-04-22 19:37:20.993 7 INFO placement.requestlog [req-f5f35024-65e1-4993-a185-5784a08afba4 req-346f3e84-e212-4cdc-835d-c90263a3d2ab d6051699b5d34a7285c3f32ac73e394b fd208925b23f4cb193936bbdd3b4ff1d - - 6eb954ed0e854a7db9249a437caaf8d3 6eb954ed0e854a7db9249a437caaf8d3] 10.0.0.51 "PUT /allocations/d7ff9225-48c7-4856-b708-19583edf4684" status: 204 len: 0 microversion: 1.36 [pid: 7|app: 0|req: 305/610] 10.0.0.51 () {38 vars in 913 bytes} [Wed Apr 22 19:37:20 2026] PUT /allocations/d7ff9225-48c7-4856-b708-19583edf4684 => generated 0 bytes in 106 msecs (HTTP/1.1 204) 5 headers in 199 bytes (1 switches on core 0)
2026-04-22 19:37:21.576 8 INFO placement.requestlog [req-f5f35024-65e1-4993-a185-5784a08afba4 req-0c28ce20-5b4f-43ac-bc0d-9f10c9fc1c06 d6051699b5d34a7285c3f32ac73e394b fd208925b23f4cb193936bbdd3b4ff1d - - 6eb954ed0e854a7db9249a437caaf8d3 6eb954ed0e854a7db9249a437caaf8d3] 199.204.45.141 "GET /allocations/d7ff9225-48c7-4856-b708-19583edf4684" status: 200 len: 257 microversion: 1.28 [pid: 8|app: 0|req: 306/611] 199.204.45.141 () {34 vars in 863 bytes} [Wed Apr 22 19:37:21 2026] GET /allocations/d7ff9225-48c7-4856-b708-19583edf4684 => generated 257 bytes in 25 msecs (HTTP/1.1 200) 8 headers in 296 bytes (1 switches on core 0)
2026-04-22 19:37:21.713 8 INFO placement.requestlog [None req-a1ae2f2f-004c-4609-a58a-0d60807c1d22 - - - - - -] 10.0.0.39 "GET /" status: 200 len: 136 microversion: 1.0
2026-04-22 19:37:21.715 7 INFO placement.requestlog [None req-1b481342-29cc-4110-9d12-b4d96afa3e10 - - - - - -] 10.0.0.39 "GET /" status: 200 len: 136 microversion: 1.0
2026-04-22 19:37:21.922 8 INFO placement.requestlog [req-f5f35024-65e1-4993-a185-5784a08afba4 req-241ac109-9752-4b9d-a9b0-461e59618884 d6051699b5d34a7285c3f32ac73e394b fd208925b23f4cb193936bbdd3b4ff1d - - 6eb954ed0e854a7db9249a437caaf8d3 6eb954ed0e854a7db9249a437caaf8d3] 199.204.45.141 "GET /resource_providers/38b9c440-d933-4383-aeda-7db15d254406/allocations" status: 200 len: 152 microversion: 1.0 [pid: 8|app: 0|req: 308/614] 199.204.45.141 () {32 vars in 857 bytes} [Wed Apr 22 19:37:21 2026] GET /resource_providers/38b9c440-d933-4383-aeda-7db15d254406/allocations => generated 152 bytes in 29 msecs (HTTP/1.1 200) 6 headers in 224 bytes (1 switches on core 0)
2026-04-22 19:37:21.957 7 INFO placement.requestlog [req-f5f35024-65e1-4993-a185-5784a08afba4 req-b522e175-dce7-4486-bdf8-1ab8acfa17cd d6051699b5d34a7285c3f32ac73e394b fd208925b23f4cb193936bbdd3b4ff1d - - 6eb954ed0e854a7db9249a437caaf8d3 6eb954ed0e854a7db9249a437caaf8d3] 199.204.45.141 "GET /allocations/d7ff9225-48c7-4856-b708-19583edf4684" status: 200 len: 257 microversion: 1.28 [pid: 7|app: 0|req: 307/615] 199.204.45.141 () {34 vars in 863 bytes} [Wed Apr 22 19:37:21 2026] GET /allocations/d7ff9225-48c7-4856-b708-19583edf4684 => generated 257 bytes in 24 msecs (HTTP/1.1 200) 8 headers in 296 bytes (1 switches on core 0)
2026-04-22 19:37:22.133 8 INFO placement.requestlog [req-ace696ad-2fdb-43b6-992c-e8bacc074af7 req-47508e69-e032-4a74-ac04-d71624f6f6d7 d6051699b5d34a7285c3f32ac73e394b fd208925b23f4cb193936bbdd3b4ff1d - - 6eb954ed0e854a7db9249a437caaf8d3 6eb954ed0e854a7db9249a437caaf8d3] 199.204.45.141 "GET /resource_providers/38b9c440-d933-4383-aeda-7db15d254406/allocations" status: 200 len: 152 microversion: 1.0 [pid: 8|app: 0|req: 309/616] 199.204.45.141 () {32 vars in 857 bytes} [Wed Apr 22 19:37:22 2026] GET /resource_providers/38b9c440-d933-4383-aeda-7db15d254406/allocations => generated 152 bytes in 39 msecs (HTTP/1.1 200) 6 headers in 224 bytes (1 switches on core 0)
2026-04-22 19:37:22.199 7 INFO placement.requestlog [req-ace696ad-2fdb-43b6-992c-e8bacc074af7 req-f0454fb0-ac26-4e74-bae5-d33e23d711e3 d6051699b5d34a7285c3f32ac73e394b fd208925b23f4cb193936bbdd3b4ff1d - - 6eb954ed0e854a7db9249a437caaf8d3 6eb954ed0e854a7db9249a437caaf8d3] 199.204.45.141 "GET /resource_providers/38b9c440-d933-4383-aeda-7db15d254406/allocations" status: 200 len: 152 microversion: 1.0 [pid: 7|app: 0|req: 308/617] 199.204.45.141 () {32 vars in 857 bytes} [Wed Apr 22 19:37:22 2026] GET /resource_providers/38b9c440-d933-4383-aeda-7db15d254406/allocations => generated 152 bytes in 24 msecs (HTTP/1.1 200) 6 headers in 224 bytes (1 switches on core 0)
2026-04-22 19:37:22.230 8 INFO placement.requestlog [req-ace696ad-2fdb-43b6-992c-e8bacc074af7 req-6aed5ad4-a934-471e-ad64-6e9b8945d89d d6051699b5d34a7285c3f32ac73e394b fd208925b23f4cb193936bbdd3b4ff1d - - 6eb954ed0e854a7db9249a437caaf8d3 6eb954ed0e854a7db9249a437caaf8d3] 199.204.45.141 "GET /allocations/d7ff9225-48c7-4856-b708-19583edf4684" status: 200 len: 257 microversion: 1.28 [pid: 8|app: 0|req: 310/618] 199.204.45.141 () {34 vars in 863 bytes} [Wed Apr 22 19:37:22 2026] GET /allocations/d7ff9225-48c7-4856-b708-19583edf4684 => generated 257 bytes in 21 msecs (HTTP/1.1 200) 8 headers in 296 bytes (1 switches on core 0)
2026-04-22 19:37:23.398 7 INFO placement.requestlog [None req-9c4f546f-5f6d-4d2c-b147-c92dcad85222 53824b83639847dba6ccf3729a2d5d40 fd208925b23f4cb193936bbdd3b4ff1d - - 6eb954ed0e854a7db9249a437caaf8d3 6eb954ed0e854a7db9249a437caaf8d3] 10.0.0.79 "GET /resource_providers/f9be01d2-5ef6-43d5-96f8-5b7f8ce4cb02/aggregates" status: 404 len: 235 microversion: 1.1 [pid: 7|app: 0|req: 309/619] 10.0.0.79 () {32 vars in 815 bytes} [Wed Apr 22 19:37:23 2026] GET /resource_providers/f9be01d2-5ef6-43d5-96f8-5b7f8ce4cb02/aggregates => generated 235 bytes in 79 msecs (HTTP/1.1 404) 5 headers in 202 bytes (1 switches on core 0)
2026-04-22 19:37:23.417 8 INFO placement.requestlog [None req-0abe96d6-1a7f-4482-9865-d4e1c71167f9 53824b83639847dba6ccf3729a2d5d40 fd208925b23f4cb193936bbdd3b4ff1d - - 6eb954ed0e854a7db9249a437caaf8d3 6eb954ed0e854a7db9249a437caaf8d3] 10.0.0.79 "GET /resource_providers/f9be01d2-5ef6-43d5-96f8-5b7f8ce4cb02/aggregates" status: 404 len: 235 microversion: 1.1 [pid: 8|app: 0|req: 311/620] 10.0.0.79 () {32 vars in 815 bytes} [Wed Apr 22 19:37:23 2026] GET /resource_providers/f9be01d2-5ef6-43d5-96f8-5b7f8ce4cb02/aggregates => generated 235 bytes in 97 msecs (HTTP/1.1 404) 5 headers in 202 bytes (1 switches on core 0)
2026-04-22 19:37:23.434 7 INFO placement.requestlog [None req-481e568e-7a6b-4c23-b607-d894d3cefc97 53824b83639847dba6ccf3729a2d5d40 fd208925b23f4cb193936bbdd3b4ff1d - - 6eb954ed0e854a7db9249a437caaf8d3 6eb954ed0e854a7db9249a437caaf8d3] 10.0.0.79 "DELETE /resource_providers/f9be01d2-5ef6-43d5-96f8-5b7f8ce4cb02" status: 404 len: 246 microversion: 1.1 [pid: 7|app: 0|req: 310/621] 10.0.0.79 () {34 vars in 815 bytes} [Wed Apr 22 19:37:23 2026] DELETE /resource_providers/f9be01d2-5ef6-43d5-96f8-5b7f8ce4cb02 => generated 246 bytes in 24 msecs (HTTP/1.1 404) 6 headers in 231 bytes (1 switches on core 0)
2026-04-22 19:37:23.453 8 INFO placement.requestlog [None req-2fd6ada1-7346-48fb-82fa-f490053a6094 53824b83639847dba6ccf3729a2d5d40 fd208925b23f4cb193936bbdd3b4ff1d - - 6eb954ed0e854a7db9249a437caaf8d3 6eb954ed0e854a7db9249a437caaf8d3] 10.0.0.79 "DELETE /resource_providers/f9be01d2-5ef6-43d5-96f8-5b7f8ce4cb02" status: 404 len: 246 microversion: 1.1 [pid: 8|app: 0|req: 312/622] 10.0.0.79 () {34 vars in 815 bytes} [Wed Apr 22 19:37:23 2026] DELETE /resource_providers/f9be01d2-5ef6-43d5-96f8-5b7f8ce4cb02 => generated 246 bytes in 19 msecs (HTTP/1.1 404) 6 headers in 231 bytes (1 switches on core 0)
2026-04-22 19:37:23.977 7 INFO placement.requestlog [req-13f29f54-19cd-4d38-a8d5-791cae8b7ce8 req-5592f3b3-fc9b-4cdf-a20f-93cf0fcff558 d6051699b5d34a7285c3f32ac73e394b fd208925b23f4cb193936bbdd3b4ff1d - - 6eb954ed0e854a7db9249a437caaf8d3 6eb954ed0e854a7db9249a437caaf8d3] 10.0.0.51 "GET /allocation_candidates?limit=1000&resources=DISK_GB%3A1%2CMEMORY_MB%3A512%2CVCPU%3A1&root_required=%21COMPUTE_STATUS_DISABLED" status: 200 len: 2149 microversion: 1.36 [pid: 7|app: 0|req: 311/623] 10.0.0.51 () {34 vars in 1011 bytes} [Wed Apr 22 19:37:23 2026] GET /allocation_candidates?limit=1000&resources=DISK_GB%3A1%2CMEMORY_MB%3A512%2CVCPU%3A1&root_required=%21COMPUTE_STATUS_DISABLED => generated 2149 bytes in 91 msecs (HTTP/1.1 200) 8 headers in 297 bytes (1 switches on core 0)
2026-04-22 19:37:24.030 8 INFO placement.requestlog [req-13f29f54-19cd-4d38-a8d5-791cae8b7ce8 req-af978f96-715c-4128-bfb0-a08cc44b2367 d6051699b5d34a7285c3f32ac73e394b fd208925b23f4cb193936bbdd3b4ff1d - - 6eb954ed0e854a7db9249a437caaf8d3 6eb954ed0e854a7db9249a437caaf8d3] 10.0.0.51 "GET /allocations/f5456bc1-acfb-48c9-a1aa-98e154740ec7" status: 200 len: 19 microversion: 1.28 [pid: 8|app: 0|req: 313/624] 10.0.0.51 () {34 vars in 860 bytes} [Wed Apr 22 19:37:24 2026] GET /allocations/f5456bc1-acfb-48c9-a1aa-98e154740ec7 => generated 19 bytes in 14 msecs (HTTP/1.1 200) 8 headers in 295 bytes (1 switches on core 0)
2026-04-22 19:37:24.144 7 INFO placement.requestlog [req-13f29f54-19cd-4d38-a8d5-791cae8b7ce8 req-17ec1a4d-6abd-4898-86cc-68ae71632e7d d6051699b5d34a7285c3f32ac73e394b fd208925b23f4cb193936bbdd3b4ff1d - - 6eb954ed0e854a7db9249a437caaf8d3 6eb954ed0e854a7db9249a437caaf8d3] 10.0.0.51 "PUT /allocations/f5456bc1-acfb-48c9-a1aa-98e154740ec7" status: 204 len: 0 microversion: 1.36 [pid: 7|app: 0|req: 312/625] 10.0.0.51 () {38 vars in 913 bytes} [Wed Apr 22 19:37:24 2026] PUT /allocations/f5456bc1-acfb-48c9-a1aa-98e154740ec7 => generated 0 bytes in 104 msecs (HTTP/1.1 204) 5 headers in 199 bytes (1 switches on core 0)
2026-04-22 19:37:24.715 7 INFO placement.requestlog [None req-9539e634-e982-4f8c-bdb1-e3d436093901 53824b83639847dba6ccf3729a2d5d40 fd208925b23f4cb193936bbdd3b4ff1d - - 6eb954ed0e854a7db9249a437caaf8d3 6eb954ed0e854a7db9249a437caaf8d3] 10.0.0.79 "GET /resource_providers/5f06dac0-512a-42d0-a22f-432ca7309557/aggregates" status: 404 len: 235 microversion: 1.1 [pid: 7|app: 0|req: 313/626] 10.0.0.79 () {32 vars in 815 bytes} [Wed Apr 22 19:37:24 2026] GET /resource_providers/5f06dac0-512a-42d0-a22f-432ca7309557/aggregates => generated 235 bytes in 182 msecs (HTTP/1.1 404) 5 headers in 202 bytes (1 switches on core 0)
2026-04-22 19:37:24.731 7 INFO placement.requestlog [req-13f29f54-19cd-4d38-a8d5-791cae8b7ce8 req-4baa1b76-85de-4664-acbb-1cf9dad1471c d6051699b5d34a7285c3f32ac73e394b fd208925b23f4cb193936bbdd3b4ff1d - - 6eb954ed0e854a7db9249a437caaf8d3 6eb954ed0e854a7db9249a437caaf8d3] 199.204.45.141 "GET /allocations/f5456bc1-acfb-48c9-a1aa-98e154740ec7" status: 200 len: 257 microversion: 1.28 [pid: 7|app: 0|req: 314/627] 199.204.45.141 () {34 vars in 863 bytes} [Wed Apr 22 19:37:24 2026] GET /allocations/f5456bc1-acfb-48c9-a1aa-98e154740ec7 => generated 257 bytes in 16 msecs (HTTP/1.1 200) 8 headers in 296 bytes (1 switches on core 0)
2026-04-22 19:37:24.751 8 INFO placement.requestlog [None req-bf0f91dd-f73e-4bbc-a4a3-70eab59ca88e 53824b83639847dba6ccf3729a2d5d40 fd208925b23f4cb193936bbdd3b4ff1d - - 6eb954ed0e854a7db9249a437caaf8d3 6eb954ed0e854a7db9249a437caaf8d3] 10.0.0.79 "GET /resource_providers/5f06dac0-512a-42d0-a22f-432ca7309557/aggregates" status: 404 len: 235 microversion: 1.1 [pid: 8|app: 0|req: 314/628] 10.0.0.79 () {32 vars in 815 bytes} [Wed Apr 22 19:37:24 2026] GET /resource_providers/5f06dac0-512a-42d0-a22f-432ca7309557/aggregates => generated 235 bytes in 221 msecs (HTTP/1.1 404) 5 headers in 202 bytes (1 switches on core 0)
2026-04-22 19:37:24.771 7 INFO placement.requestlog [None req-06f20be2-e000-4712-bce3-3f299c61d6c4 53824b83639847dba6ccf3729a2d5d40 fd208925b23f4cb193936bbdd3b4ff1d - - 6eb954ed0e854a7db9249a437caaf8d3 6eb954ed0e854a7db9249a437caaf8d3] 10.0.0.79 "DELETE /resource_providers/5f06dac0-512a-42d0-a22f-432ca7309557" status: 404 len: 246 microversion: 1.1 [pid: 7|app: 0|req: 315/629] 10.0.0.79 () {34 vars in 815 bytes} [Wed Apr 22 19:37:24 2026] DELETE /resource_providers/5f06dac0-512a-42d0-a22f-432ca7309557 => generated 246 bytes in 15 msecs (HTTP/1.1 404) 6 headers in 231 bytes (1 switches on core 0)
2026-04-22 19:37:24.784 8 INFO placement.requestlog [None req-c3cf0cff-878f-43dd-b088-8917edbc910f 53824b83639847dba6ccf3729a2d5d40 fd208925b23f4cb193936bbdd3b4ff1d - - 6eb954ed0e854a7db9249a437caaf8d3 6eb954ed0e854a7db9249a437caaf8d3] 10.0.0.79 "DELETE /resource_providers/5f06dac0-512a-42d0-a22f-432ca7309557" status: 404 len: 246 microversion: 1.1 [pid: 8|app: 0|req: 315/630] 10.0.0.79 () {34 vars in 815 bytes} [Wed Apr 22 19:37:24 2026] DELETE /resource_providers/5f06dac0-512a-42d0-a22f-432ca7309557 => generated 246 bytes in 16 msecs (HTTP/1.1 404) 6 headers in 231 bytes (1 switches on core 0)
2026-04-22 19:37:24.913 7 INFO placement.requestlog [req-13f29f54-19cd-4d38-a8d5-791cae8b7ce8 req-1ea6cce9-9b8d-41b5-bc62-71282b9fe1da d6051699b5d34a7285c3f32ac73e394b fd208925b23f4cb193936bbdd3b4ff1d - - 6eb954ed0e854a7db9249a437caaf8d3 6eb954ed0e854a7db9249a437caaf8d3] 199.204.45.141 "GET /resource_providers/38b9c440-d933-4383-aeda-7db15d254406/allocations" status: 200 len: 252 microversion: 1.0 [pid: 7|app: 0|req: 316/631] 199.204.45.141 () {32 vars in 857 bytes} [Wed Apr 22 19:37:24 2026] GET /resource_providers/38b9c440-d933-4383-aeda-7db15d254406/allocations => generated 252 bytes in 48 msecs (HTTP/1.1 200) 6 headers in 224 bytes (1 switches on core 0)
2026-04-22 19:37:24.944 8 INFO placement.requestlog [req-13f29f54-19cd-4d38-a8d5-791cae8b7ce8 req-2985c033-6888-4ac6-a09f-a439f90f67e1 d6051699b5d34a7285c3f32ac73e394b fd208925b23f4cb193936bbdd3b4ff1d - - 6eb954ed0e854a7db9249a437caaf8d3 6eb954ed0e854a7db9249a437caaf8d3] 199.204.45.141 "GET /allocations/f5456bc1-acfb-48c9-a1aa-98e154740ec7" status: 200 len: 257 microversion: 1.28 [pid: 8|app: 0|req: 316/632] 199.204.45.141 () {34 vars in 863 bytes} [Wed Apr 22 19:37:24 2026] GET /allocations/f5456bc1-acfb-48c9-a1aa-98e154740ec7 => generated 257 bytes in 18 msecs (HTTP/1.1 200) 8 headers in 296 bytes (1 switches on core 0)
2026-04-22 19:37:24.981 7 INFO placement.requestlog [req-13f29f54-19cd-4d38-a8d5-791cae8b7ce8 req-8eb5cd4e-5906-4e43-98d4-553da71a027a d6051699b5d34a7285c3f32ac73e394b fd208925b23f4cb193936bbdd3b4ff1d - - 6eb954ed0e854a7db9249a437caaf8d3 6eb954ed0e854a7db9249a437caaf8d3] 199.204.45.141 "GET /allocations/d7ff9225-48c7-4856-b708-19583edf4684" status: 200 len: 257 microversion: 1.28 [pid: 7|app: 0|req: 317/633] 199.204.45.141 () {34 vars in 863 bytes} [Wed Apr 22 19:37:24 2026] GET /allocations/d7ff9225-48c7-4856-b708-19583edf4684 => generated 257 bytes in 31 msecs (HTTP/1.1 200) 8 headers in 296 bytes (1 switches on core 0)
2026-04-22 19:37:26.343 8 INFO placement.requestlog [req-b9ba0949-0d70-49b8-b90c-ad974985db10 req-749c97e5-cdef-42d3-bce2-3dab6e615bb6 d6051699b5d34a7285c3f32ac73e394b fd208925b23f4cb193936bbdd3b4ff1d - - 6eb954ed0e854a7db9249a437caaf8d3 6eb954ed0e854a7db9249a437caaf8d3] 10.0.0.51 "GET /allocation_candidates?limit=1000&resources=MEMORY_MB%3A512%2CVCPU%3A1&root_required=%21COMPUTE_STATUS_DISABLED" status: 200 len: 2136 microversion: 1.36 [pid: 8|app: 0|req: 317/634] 10.0.0.51 () {34 vars in 983 bytes} [Wed Apr 22 19:37:26 2026] GET /allocation_candidates?limit=1000&resources=MEMORY_MB%3A512%2CVCPU%3A1&root_required=%21COMPUTE_STATUS_DISABLED => generated 2136 bytes in 49 msecs (HTTP/1.1 200) 8 headers in 297 bytes (1 switches on core 0)
2026-04-22 19:37:26.381 7 INFO placement.requestlog [req-b9ba0949-0d70-49b8-b90c-ad974985db10 req-df9c736d-8ef0-4b75-9ebe-9cb10f791850 d6051699b5d34a7285c3f32ac73e394b fd208925b23f4cb193936bbdd3b4ff1d - - 6eb954ed0e854a7db9249a437caaf8d3 6eb954ed0e854a7db9249a437caaf8d3] 10.0.0.51 "GET /allocations/5ac0edfa-a328-4001-83cc-a19847e548a3" status: 200 len: 19 microversion: 1.28 [pid: 7|app: 0|req: 318/635] 10.0.0.51 () {34 vars in 860 bytes} [Wed Apr 22 19:37:26 2026] GET /allocations/5ac0edfa-a328-4001-83cc-a19847e548a3 => generated 19 bytes in 15 msecs (HTTP/1.1 200) 8 headers in 295 bytes (1 switches on core 0)
2026-04-22 19:37:26.449 8 INFO placement.requestlog [req-b9ba0949-0d70-49b8-b90c-ad974985db10 req-ad3c14ed-6ab8-407b-96e0-118e8c38852e d6051699b5d34a7285c3f32ac73e394b fd208925b23f4cb193936bbdd3b4ff1d - - 6eb954ed0e854a7db9249a437caaf8d3 6eb954ed0e854a7db9249a437caaf8d3] 10.0.0.51 "PUT /allocations/5ac0edfa-a328-4001-83cc-a19847e548a3" status: 204 len: 0 microversion: 1.36 [pid: 8|app: 0|req: 318/636] 10.0.0.51 () {38 vars in 913 bytes} [Wed Apr 22 19:37:26 2026] PUT /allocations/5ac0edfa-a328-4001-83cc-a19847e548a3 => generated 0 bytes in 62 msecs (HTTP/1.1 204) 5 headers in 199 bytes (1 switches on core 0)
2026-04-22 19:37:26.833 7 INFO placement.requestlog [req-b9ba0949-0d70-49b8-b90c-ad974985db10 req-9b4ef088-62c8-4903-85ab-2f751066c350 d6051699b5d34a7285c3f32ac73e394b fd208925b23f4cb193936bbdd3b4ff1d - - 6eb954ed0e854a7db9249a437caaf8d3 6eb954ed0e854a7db9249a437caaf8d3] 199.204.45.141 "GET /allocations/5ac0edfa-a328-4001-83cc-a19847e548a3" status: 200 len: 243 microversion: 1.28 [pid: 7|app: 0|req: 319/637] 199.204.45.141 () {34 vars in 863 bytes} [Wed Apr 22 19:37:26 2026] GET /allocations/5ac0edfa-a328-4001-83cc-a19847e548a3 => generated 243 bytes in 14 msecs (HTTP/1.1 200) 8 headers in 296 bytes (1 switches on core 0)
2026-04-22 19:37:26.987 8 INFO placement.requestlog [req-b9ba0949-0d70-49b8-b90c-ad974985db10 req-5c4abe65-1668-4934-ab64-074a435d3432 d6051699b5d34a7285c3f32ac73e394b fd208925b23f4cb193936bbdd3b4ff1d - - 6eb954ed0e854a7db9249a437caaf8d3 6eb954ed0e854a7db9249a437caaf8d3] 199.204.45.141 "GET /resource_providers/38b9c440-d933-4383-aeda-7db15d254406/allocations" status: 200 len: 338 microversion: 1.0 [pid: 8|app: 0|req: 319/638] 199.204.45.141 () {32 vars in 857 bytes} [Wed Apr 22 19:37:26 2026] GET /resource_providers/38b9c440-d933-4383-aeda-7db15d254406/allocations => generated 338 bytes in 19 msecs (HTTP/1.1 200) 6 headers in 224 bytes (1 switches on core 0)
2026-04-22 19:37:27.009 7 INFO placement.requestlog [req-b9ba0949-0d70-49b8-b90c-ad974985db10 req-3e058043-368b-407f-bfd2-532106f52e25 d6051699b5d34a7285c3f32ac73e394b fd208925b23f4cb193936bbdd3b4ff1d - - 6eb954ed0e854a7db9249a437caaf8d3 6eb954ed0e854a7db9249a437caaf8d3] 199.204.45.141 "GET /allocations/f5456bc1-acfb-48c9-a1aa-98e154740ec7" status: 200 len: 257 microversion: 1.28 [pid: 7|app: 0|req: 320/639] 199.204.45.141 () {34 vars in 863 bytes} [Wed Apr 22 19:37:26 2026] GET /allocations/f5456bc1-acfb-48c9-a1aa-98e154740ec7 => generated 257 bytes in 14 msecs (HTTP/1.1 200) 8 headers in 296 bytes (1 switches on core 0)
2026-04-22 19:37:27.031 8 INFO placement.requestlog [req-b9ba0949-0d70-49b8-b90c-ad974985db10 req-cbe54919-27e2-45ba-bb93-e28797e99f02 d6051699b5d34a7285c3f32ac73e394b fd208925b23f4cb193936bbdd3b4ff1d - - 6eb954ed0e854a7db9249a437caaf8d3 6eb954ed0e854a7db9249a437caaf8d3] 199.204.45.141 "GET /allocations/d7ff9225-48c7-4856-b708-19583edf4684" status: 200 len: 257 microversion: 1.28 [pid: 8|app: 0|req: 320/640] 199.204.45.141 () {34 vars in 863 bytes} [Wed Apr 22 19:37:27 2026] GET /allocations/d7ff9225-48c7-4856-b708-19583edf4684 => generated 257 bytes in 13 msecs (HTTP/1.1 200) 8 headers in 296 bytes (1 switches on core 0)
2026-04-22 19:37:27.057 7 INFO placement.requestlog [req-b9ba0949-0d70-49b8-b90c-ad974985db10 req-92f9839d-0386-4c75-9640-5f98812e44cc d6051699b5d34a7285c3f32ac73e394b fd208925b23f4cb193936bbdd3b4ff1d - - 6eb954ed0e854a7db9249a437caaf8d3 6eb954ed0e854a7db9249a437caaf8d3] 199.204.45.141 "GET /allocations/5ac0edfa-a328-4001-83cc-a19847e548a3" status: 200 len: 243 microversion: 1.28 [pid: 7|app: 0|req: 321/641] 199.204.45.141 () {34 vars in 863 bytes} [Wed Apr 22 19:37:27 2026] GET /allocations/5ac0edfa-a328-4001-83cc-a19847e548a3 => generated 243 bytes in 15 msecs (HTTP/1.1 200) 8 headers in 296 bytes (1 switches on core 0)
2026-04-22 19:37:31.713 8 INFO placement.requestlog [None req-a8d50559-83e3-4705-b62b-5e8a76edfa29 - - - - - -] 10.0.0.39 "GET /" status: 200 len: 136 microversion: 1.0
2026-04-22 19:37:31.714 7 INFO placement.requestlog [None req-63ff0b8f-a5a8-497c-9411-d5c7e60842bf - - - - - -] 10.0.0.39 "GET /" status: 200 len: 136 microversion: 1.0
2026-04-22 19:37:38.626 8 INFO placement.requestlog [req-de3a5d87-6a7a-4ce2-9eb4-216b9aad040e req-8571e828-28b4-45f4-9bc1-bc5fe256cd17 d6051699b5d34a7285c3f32ac73e394b fd208925b23f4cb193936bbdd3b4ff1d - - 6eb954ed0e854a7db9249a437caaf8d3 6eb954ed0e854a7db9249a437caaf8d3] 199.204.45.141 "GET /resource_providers/38b9c440-d933-4383-aeda-7db15d254406/allocations" status: 200 len: 338 microversion: 1.0 [pid: 8|app: 0|req: 322/644] 199.204.45.141 () {32 vars in 857 bytes} [Wed Apr 22 19:37:38 2026] GET /resource_providers/38b9c440-d933-4383-aeda-7db15d254406/allocations => generated 338 bytes in 37 msecs (HTTP/1.1 200) 6 headers in 224 bytes (1 switches on core 0)
2026-04-22 19:37:38.791 7 INFO placement.requestlog [req-de3a5d87-6a7a-4ce2-9eb4-216b9aad040e req-d3c46d55-1584-4f50-abac-a0f97263ba1c d6051699b5d34a7285c3f32ac73e394b fd208925b23f4cb193936bbdd3b4ff1d - - 6eb954ed0e854a7db9249a437caaf8d3 6eb954ed0e854a7db9249a437caaf8d3] 199.204.45.141 "GET /allocations/f5456bc1-acfb-48c9-a1aa-98e154740ec7" status: 200 len: 257 microversion: 1.28 [pid: 7|app: 0|req: 323/645] 199.204.45.141 () {34 vars in 863 bytes} [Wed Apr 22 19:37:38 2026] GET /allocations/f5456bc1-acfb-48c9-a1aa-98e154740ec7 => generated 257 bytes in 22 msecs (HTTP/1.1 200) 8 headers in 296 bytes (1 switches on core 0)
2026-04-22 19:37:38.829 8 INFO placement.requestlog [req-de3a5d87-6a7a-4ce2-9eb4-216b9aad040e req-33005d66-0f27-4f60-ae7c-411dcaad73a0 d6051699b5d34a7285c3f32ac73e394b fd208925b23f4cb193936bbdd3b4ff1d - - 6eb954ed0e854a7db9249a437caaf8d3 6eb954ed0e854a7db9249a437caaf8d3] 199.204.45.141 "GET /allocations/d7ff9225-48c7-4856-b708-19583edf4684" status: 200 len: 257 microversion: 1.28 [pid: 8|app: 0|req: 323/646] 199.204.45.141 () {34 vars in 863 bytes} [Wed Apr 22 19:37:38 2026] GET /allocations/d7ff9225-48c7-4856-b708-19583edf4684 => generated 257 bytes in 28 msecs (HTTP/1.1 200) 8 headers in 296 bytes (1 switches on core 0)
2026-04-22 19:37:38.859 7 INFO placement.requestlog [req-de3a5d87-6a7a-4ce2-9eb4-216b9aad040e req-d7e2f078-1a58-4a83-af63-23f54014a95a d6051699b5d34a7285c3f32ac73e394b fd208925b23f4cb193936bbdd3b4ff1d - - 6eb954ed0e854a7db9249a437caaf8d3 6eb954ed0e854a7db9249a437caaf8d3] 199.204.45.141 "GET /allocations/5ac0edfa-a328-4001-83cc-a19847e548a3" status: 200 len: 243 microversion: 1.28 [pid: 7|app: 0|req: 324/647] 199.204.45.141 () {34 vars in 863 bytes} [Wed Apr 22 19:37:38 2026] GET /allocations/5ac0edfa-a328-4001-83cc-a19847e548a3 => generated 243 bytes in 20 msecs (HTTP/1.1 200) 8 headers in 296 bytes (1 switches on core 0)
2026-04-22 19:37:38.938 8 INFO placement.requestlog [req-de3a5d87-6a7a-4ce2-9eb4-216b9aad040e req-7dc6cabd-0906-4924-bd63-f53858c9d969 d6051699b5d34a7285c3f32ac73e394b fd208925b23f4cb193936bbdd3b4ff1d - - 6eb954ed0e854a7db9249a437caaf8d3 6eb954ed0e854a7db9249a437caaf8d3] 199.204.45.141 "DELETE /allocations/5ac0edfa-a328-4001-83cc-a19847e548a3" status: 204 len: 0 microversion: 1.0 [pid: 8|app: 0|req: 324/648] 199.204.45.141 () {34 vars in 841 bytes} [Wed Apr 22 19:37:38 2026] DELETE /allocations/5ac0edfa-a328-4001-83cc-a19847e548a3 => generated 0 bytes in 41 msecs (HTTP/1.1 204) 5 headers in 198 bytes (1 switches on core 0)
2026-04-22 19:37:39.598 8 INFO placement.requestlog [None req-896eb8af-3359-4247-a31c-402419bdb48c 53824b83639847dba6ccf3729a2d5d40 fd208925b23f4cb193936bbdd3b4ff1d - - 6eb954ed0e854a7db9249a437caaf8d3 6eb954ed0e854a7db9249a437caaf8d3] 10.0.0.79 "GET /resource_providers/45afb571-119b-49b0-b5f8-743f4a6f8012/aggregates" status: 404 len: 235 microversion: 1.1 [pid: 8|app: 0|req: 325/649] 10.0.0.79 () {32 vars in 815 bytes} [Wed Apr 22 19:37:39 2026] GET /resource_providers/45afb571-119b-49b0-b5f8-743f4a6f8012/aggregates => generated 235 bytes in 8 msecs (HTTP/1.1 404) 5 headers in 202 bytes (1 switches on core 0)
2026-04-22 19:37:39.602 7 INFO placement.requestlog [None req-774faeea-a2c0-49fd-8b5d-0f73629c637a 53824b83639847dba6ccf3729a2d5d40 fd208925b23f4cb193936bbdd3b4ff1d - - 6eb954ed0e854a7db9249a437caaf8d3 6eb954ed0e854a7db9249a437caaf8d3] 10.0.0.79 "GET /resource_providers/45afb571-119b-49b0-b5f8-743f4a6f8012/aggregates" status: 404 len: 235 microversion: 1.1 [pid: 7|app: 0|req: 325/650] 10.0.0.79 () {32 vars in 815 bytes} [Wed Apr 22 19:37:39 2026] GET /resource_providers/45afb571-119b-49b0-b5f8-743f4a6f8012/aggregates => generated 235 bytes in 12 msecs (HTTP/1.1 404) 5 headers in 202 bytes (1 switches on core 0)
2026-04-22 19:37:39.630 8 INFO placement.requestlog [None req-a9d55ac6-4c70-4709-a59d-b2923222c0ea 53824b83639847dba6ccf3729a2d5d40 fd208925b23f4cb193936bbdd3b4ff1d - - 6eb954ed0e854a7db9249a437caaf8d3 6eb954ed0e854a7db9249a437caaf8d3] 10.0.0.79 "DELETE /resource_providers/45afb571-119b-49b0-b5f8-743f4a6f8012" status: 404 len: 246 microversion: 1.1 [pid: 8|app: 0|req: 326/651] 10.0.0.79 () {34 vars in 815 bytes} [Wed Apr 22 19:37:39 2026] DELETE /resource_providers/45afb571-119b-49b0-b5f8-743f4a6f8012 => generated 246 bytes in 7 msecs (HTTP/1.1 404) 6 headers in 231 bytes (1 switches on core 0)
2026-04-22 19:37:39.634 7 INFO placement.requestlog [None req-3a6fd1e8-b7ff-49d0-a6e0-e3a4580d6cae 53824b83639847dba6ccf3729a2d5d40 fd208925b23f4cb193936bbdd3b4ff1d - - 6eb954ed0e854a7db9249a437caaf8d3 6eb954ed0e854a7db9249a437caaf8d3] 10.0.0.79 "DELETE /resource_providers/45afb571-119b-49b0-b5f8-743f4a6f8012" status: 404 len: 246 microversion: 1.1 [pid: 7|app: 0|req: 326/652] 10.0.0.79 () {34 vars in 815 bytes} [Wed Apr 22 19:37:39 2026] DELETE /resource_providers/45afb571-119b-49b0-b5f8-743f4a6f8012 => generated 246 bytes in 11 msecs (HTTP/1.1 404) 6 headers in 231 bytes (1 switches on core 0)
2026-04-22 19:37:40.202 8 INFO placement.requestlog [req-c144f2fa-fde3-4916-9d19-ab83b013ef83 req-c585e7d4-770d-456f-a09d-14f7167ec49d d6051699b5d34a7285c3f32ac73e394b fd208925b23f4cb193936bbdd3b4ff1d - - 6eb954ed0e854a7db9249a437caaf8d3 6eb954ed0e854a7db9249a437caaf8d3] 199.204.45.141 "GET /resource_providers/38b9c440-d933-4383-aeda-7db15d254406/allocations" status: 200 len: 252 microversion: 1.0 [pid: 8|app: 0|req: 327/653] 199.204.45.141 () {32 vars in 857 bytes} [Wed Apr 22 19:37:40 2026] GET /resource_providers/38b9c440-d933-4383-aeda-7db15d254406/allocations => generated 252 bytes in 20 msecs (HTTP/1.1 200) 6 headers in 224 bytes (1 switches on core 0)
2026-04-22 19:37:40.230 7 INFO placement.requestlog [req-c144f2fa-fde3-4916-9d19-ab83b013ef83 req-1dc330e9-0d90-4141-83a1-2765c80cf63e d6051699b5d34a7285c3f32ac73e394b fd208925b23f4cb193936bbdd3b4ff1d - - 6eb954ed0e854a7db9249a437caaf8d3 6eb954ed0e854a7db9249a437caaf8d3] 199.204.45.141 "GET /allocations/f5456bc1-acfb-48c9-a1aa-98e154740ec7" status: 200 len: 257 microversion: 1.28 [pid: 7|app: 0|req: 327/654] 199.204.45.141 () {34 vars in 863 bytes} [Wed Apr 22 19:37:40 2026] GET /allocations/f5456bc1-acfb-48c9-a1aa-98e154740ec7 => generated 257 bytes in 16 msecs (HTTP/1.1 200) 8 headers in 296 bytes (1 switches on core 0)
2026-04-22 19:37:40.257 8 INFO placement.requestlog [req-c144f2fa-fde3-4916-9d19-ab83b013ef83 req-27ae1d3b-83b9-4181-bc27-d2016e36e701 d6051699b5d34a7285c3f32ac73e394b fd208925b23f4cb193936bbdd3b4ff1d - - 6eb954ed0e854a7db9249a437caaf8d3 6eb954ed0e854a7db9249a437caaf8d3] 199.204.45.141 "GET /allocations/d7ff9225-48c7-4856-b708-19583edf4684" status: 200 len: 257 microversion: 1.28 [pid: 8|app: 0|req: 328/655] 199.204.45.141 () {34 vars in 863 bytes} [Wed Apr 22 19:37:40 2026] GET /allocations/d7ff9225-48c7-4856-b708-19583edf4684 => generated 257 bytes in 18 msecs (HTTP/1.1 200) 8 headers in 296 bytes (1 switches on core 0)
2026-04-22 19:37:40.313 7 INFO placement.requestlog [req-c144f2fa-fde3-4916-9d19-ab83b013ef83 req-38573c73-2465-435c-b891-e68717e8f6c9 d6051699b5d34a7285c3f32ac73e394b fd208925b23f4cb193936bbdd3b4ff1d - - 6eb954ed0e854a7db9249a437caaf8d3 6eb954ed0e854a7db9249a437caaf8d3] 199.204.45.141 "DELETE /allocations/d7ff9225-48c7-4856-b708-19583edf4684" status: 204 len: 0 microversion: 1.0 [pid: 7|app: 0|req: 328/656] 199.204.45.141 () {34 vars in 841 bytes} [Wed Apr 22 19:37:40 2026] DELETE /allocations/d7ff9225-48c7-4856-b708-19583edf4684 => generated 0 bytes in 29 msecs (HTTP/1.1 204) 5 headers in 198 bytes (1 switches on core 0)
2026-04-22 19:37:41.660 8 INFO placement.requestlog [None req-8a8b1a6a-125b-4204-a47d-6442ff457701 53824b83639847dba6ccf3729a2d5d40 fd208925b23f4cb193936bbdd3b4ff1d - - 6eb954ed0e854a7db9249a437caaf8d3 6eb954ed0e854a7db9249a437caaf8d3] 10.0.0.79 "GET /resource_providers/c317c1f7-0d38-4075-8f07-ce2d435c400f/aggregates" status: 404 len: 235 microversion: 1.1 [pid: 8|app: 0|req: 329/657] 10.0.0.79 () {32 vars in 815 bytes} [Wed Apr 22 19:37:41 2026] GET /resource_providers/c317c1f7-0d38-4075-8f07-ce2d435c400f/aggregates => generated 235 bytes in 16 msecs (HTTP/1.1 404) 5 headers in 202 bytes (1 switches on core 0)
2026-04-22 19:37:41.670 7 INFO placement.requestlog [None req-a69430a3-54e6-4f3a-b974-9d4db731b865 53824b83639847dba6ccf3729a2d5d40 fd208925b23f4cb193936bbdd3b4ff1d - - 6eb954ed0e854a7db9249a437caaf8d3 6eb954ed0e854a7db9249a437caaf8d3] 10.0.0.79 "GET /resource_providers/c317c1f7-0d38-4075-8f07-ce2d435c400f/aggregates" status: 404 len: 235 microversion: 1.1 [pid: 7|app: 0|req: 329/658] 10.0.0.79 () {32 vars in 815 bytes} [Wed Apr 22 19:37:41 2026] GET /resource_providers/c317c1f7-0d38-4075-8f07-ce2d435c400f/aggregates => generated 235 bytes in 9 msecs (HTTP/1.1 404) 5 headers in 202 bytes (1 switches on core 0)
2026-04-22 19:37:41.691 8 INFO placement.requestlog [None req-95a3ae62-a1ef-4efc-babb-f09059db16a5 53824b83639847dba6ccf3729a2d5d40 fd208925b23f4cb193936bbdd3b4ff1d - - 6eb954ed0e854a7db9249a437caaf8d3 6eb954ed0e854a7db9249a437caaf8d3] 10.0.0.79 "DELETE /resource_providers/c317c1f7-0d38-4075-8f07-ce2d435c400f" status: 404 len: 246 microversion: 1.1 [pid: 8|app: 0|req: 330/659] 10.0.0.79 () {34 vars in 815 bytes} [Wed Apr 22 19:37:41 2026] DELETE /resource_providers/c317c1f7-0d38-4075-8f07-ce2d435c400f => generated 246 bytes in 19 msecs (HTTP/1.1 404) 6 headers in 231 bytes (1 switches on core 0)
2026-04-22 19:37:41.696 7 INFO placement.requestlog [None req-be345cc4-7d98-4a3a-8bd5-e90bce7afc44 53824b83639847dba6ccf3729a2d5d40 fd208925b23f4cb193936bbdd3b4ff1d - - 6eb954ed0e854a7db9249a437caaf8d3 6eb954ed0e854a7db9249a437caaf8d3] 10.0.0.79 "DELETE /resource_providers/c317c1f7-0d38-4075-8f07-ce2d435c400f" status: 404 len: 246 microversion: 1.1 [pid: 7|app: 0|req: 330/660] 10.0.0.79 () {34 vars in 815 bytes} [Wed Apr 22 19:37:41 2026] DELETE /resource_providers/c317c1f7-0d38-4075-8f07-ce2d435c400f => generated 246 bytes in 13 msecs (HTTP/1.1 404) 6 headers in 231 bytes (1 switches on core 0)
2026-04-22 19:37:41.713 7 INFO placement.requestlog [None req-fa5416e7-6119-4cf8-b323-da15ae8f2d06 - - - - - -] 10.0.0.39 "GET /" status: 200 len: 136 microversion: 1.0
2026-04-22 19:37:41.713 8 INFO placement.requestlog [None req-b029c282-1607-4026-8cee-6e0f251aa6eb - - - - - -] 10.0.0.39 "GET /" status: 200 len: 136 microversion: 1.0
2026-04-22 19:37:43.400 7 INFO placement.requestlog [None req-c89205ed-d893-4afd-952c-7104f67cbba4 53824b83639847dba6ccf3729a2d5d40 fd208925b23f4cb193936bbdd3b4ff1d - - 6eb954ed0e854a7db9249a437caaf8d3 6eb954ed0e854a7db9249a437caaf8d3] 10.0.0.79 "GET /resource_providers/1aa857b4-67d4-40b8-81f0-99dbf7912b5e/aggregates" status: 404 len: 235 microversion: 1.1 [pid: 7|app: 0|req: 332/663] 10.0.0.79 () {32 vars in 815 bytes} [Wed Apr 22 19:37:43 2026] GET /resource_providers/1aa857b4-67d4-40b8-81f0-99dbf7912b5e/aggregates => generated 235 bytes in 14 msecs (HTTP/1.1 404) 5 headers in 202 bytes (1 switches on core 0)
2026-04-22 19:37:43.407 8 INFO placement.requestlog [None req-dad5e540-58fc-40df-b1dc-8e8f6d98ccac 53824b83639847dba6ccf3729a2d5d40 fd208925b23f4cb193936bbdd3b4ff1d - - 6eb954ed0e854a7db9249a437caaf8d3 6eb954ed0e854a7db9249a437caaf8d3] 10.0.0.79 "GET /resource_providers/1aa857b4-67d4-40b8-81f0-99dbf7912b5e/aggregates" status: 404 len: 235 microversion: 1.1 [pid: 8|app: 0|req: 332/664] 10.0.0.79 () {32 vars in 815 bytes} [Wed Apr 22 19:37:43 2026] GET /resource_providers/1aa857b4-67d4-40b8-81f0-99dbf7912b5e/aggregates => generated 235 bytes in 15 msecs (HTTP/1.1 404) 5 headers in 202 bytes (1 switches on core 0)
2026-04-22 19:37:43.438 8 INFO placement.requestlog [None req-feed7f9a-d661-477f-a90c-dbae6d7a5eaf 53824b83639847dba6ccf3729a2d5d40 fd208925b23f4cb193936bbdd3b4ff1d - - 6eb954ed0e854a7db9249a437caaf8d3 6eb954ed0e854a7db9249a437caaf8d3] 10.0.0.79 "DELETE /resource_providers/1aa857b4-67d4-40b8-81f0-99dbf7912b5e" status: 404 len: 246 microversion: 1.1
2026-04-22 19:37:43.438 7 INFO placement.requestlog [None req-d8b963fc-8df6-462e-b93e-aae29a0886b5 53824b83639847dba6ccf3729a2d5d40 fd208925b23f4cb193936bbdd3b4ff1d - - 6eb954ed0e854a7db9249a437caaf8d3 6eb954ed0e854a7db9249a437caaf8d3] 10.0.0.79 "DELETE /resource_providers/1aa857b4-67d4-40b8-81f0-99dbf7912b5e" status: 404 len: 246 microversion: 1.1 [pid: 8|app: 0|req: 333/665] 10.0.0.79 () {34 vars in 815 bytes} [Wed Apr 22 19:37:43 2026] DELETE /resource_providers/1aa857b4-67d4-40b8-81f0-99dbf7912b5e => generated 246 bytes in 13 msecs (HTTP/1.1 404) 6 headers in 231 bytes (1 switches on core 0) [pid: 7|app: 0|req: 333/666] 10.0.0.79 () {34 vars in 815 bytes} [Wed Apr 22 19:37:43 2026] DELETE /resource_providers/1aa857b4-67d4-40b8-81f0-99dbf7912b5e => generated 246 bytes in 15 msecs (HTTP/1.1 404) 6 headers in 231 bytes (1 switches on core 0)
2026-04-22 19:37:44.973 8 INFO placement.requestlog [None req-8790d249-a013-4db8-932d-b0e2d798817a 53824b83639847dba6ccf3729a2d5d40 fd208925b23f4cb193936bbdd3b4ff1d - - 6eb954ed0e854a7db9249a437caaf8d3 6eb954ed0e854a7db9249a437caaf8d3] 10.0.0.79 "GET /resource_providers/bc3c5cc1-cb68-486a-9418-3774ab6d0b1c/aggregates" status: 404 len: 235 microversion: 1.1 [pid: 8|app: 0|req: 334/667] 10.0.0.79 () {32 vars in 815 bytes} [Wed Apr 22 19:37:44 2026] GET /resource_providers/bc3c5cc1-cb68-486a-9418-3774ab6d0b1c/aggregates => generated 235 bytes in 16 msecs (HTTP/1.1 404) 5 headers in 202 bytes (1 switches on core 0)
2026-04-22 19:37:44.974 7 INFO placement.requestlog [None req-076c8a7c-338f-4c1a-975b-686f2dbc74b9 53824b83639847dba6ccf3729a2d5d40 fd208925b23f4cb193936bbdd3b4ff1d - - 6eb954ed0e854a7db9249a437caaf8d3 6eb954ed0e854a7db9249a437caaf8d3] 10.0.0.79 "GET /resource_providers/bc3c5cc1-cb68-486a-9418-3774ab6d0b1c/aggregates" status: 404 len: 235 microversion: 1.1 [pid: 7|app: 0|req: 334/668] 10.0.0.79 () {32 vars in 815 bytes} [Wed Apr 22 19:37:44 2026] GET /resource_providers/bc3c5cc1-cb68-486a-9418-3774ab6d0b1c/aggregates => generated 235 bytes in 21 msecs (HTTP/1.1 404) 5 headers in 202 bytes (1 switches on core 0)
2026-04-22 19:37:45.014 7 INFO placement.requestlog [None req-c2d65385-6dc2-49dc-9cf9-0ad10105c4ca 53824b83639847dba6ccf3729a2d5d40 fd208925b23f4cb193936bbdd3b4ff1d - - 6eb954ed0e854a7db9249a437caaf8d3 6eb954ed0e854a7db9249a437caaf8d3] 10.0.0.79 "DELETE /resource_providers/bc3c5cc1-cb68-486a-9418-3774ab6d0b1c" status: 404 len: 246 microversion: 1.1 [pid: 7|app: 0|req: 335/669] 10.0.0.79 () {34 vars in 815 bytes} [Wed Apr 22 19:37:44 2026] DELETE /resource_providers/bc3c5cc1-cb68-486a-9418-3774ab6d0b1c => generated 246 bytes in 19 msecs (HTTP/1.1 404) 6 headers in 231 bytes (1 switches on core 0)
2026-04-22 19:37:45.017 8 INFO placement.requestlog [None req-ed0bed5f-15b6-4fb9-b45a-b230bdebb661 53824b83639847dba6ccf3729a2d5d40 fd208925b23f4cb193936bbdd3b4ff1d - - 6eb954ed0e854a7db9249a437caaf8d3 6eb954ed0e854a7db9249a437caaf8d3] 10.0.0.79 "DELETE /resource_providers/bc3c5cc1-cb68-486a-9418-3774ab6d0b1c" status: 404 len: 246 microversion: 1.1 [pid: 8|app: 0|req: 335/670] 10.0.0.79 () {34 vars in 815 bytes} [Wed Apr 22 19:37:44 2026] DELETE /resource_providers/bc3c5cc1-cb68-486a-9418-3774ab6d0b1c => generated 246 bytes in 22 msecs (HTTP/1.1 404) 6 headers in 231 bytes (1 switches on core 0)
2026-04-22 19:37:45.952 7 INFO placement.requestlog [None req-0299e760-8d8e-4943-8250-eb81516821bf 53824b83639847dba6ccf3729a2d5d40 fd208925b23f4cb193936bbdd3b4ff1d - - 6eb954ed0e854a7db9249a437caaf8d3 6eb954ed0e854a7db9249a437caaf8d3] 10.0.0.79 "GET /resource_providers/f3e97feb-5aaf-4d16-8c5f-257bc3fb73fe/aggregates" status: 404 len: 235 microversion: 1.1 [pid: 7|app: 0|req: 336/671] 10.0.0.79 () {32 vars in 815 bytes} [Wed Apr 22 19:37:45 2026] GET /resource_providers/f3e97feb-5aaf-4d16-8c5f-257bc3fb73fe/aggregates => generated 235 bytes in 13 msecs (HTTP/1.1 404) 5 headers in 202 bytes (1 switches on core 0)
2026-04-22 19:37:45.955 8 INFO placement.requestlog [None req-952b8edb-0ff7-4b19-a78b-24c88732e95c 53824b83639847dba6ccf3729a2d5d40 fd208925b23f4cb193936bbdd3b4ff1d - - 6eb954ed0e854a7db9249a437caaf8d3 6eb954ed0e854a7db9249a437caaf8d3] 10.0.0.79 "GET /resource_providers/f3e97feb-5aaf-4d16-8c5f-257bc3fb73fe/aggregates" status: 404 len: 235 microversion: 1.1 [pid: 8|app: 0|req: 336/672] 10.0.0.79 () {32 vars in 815 bytes} [Wed Apr 22 19:37:45 2026] GET /resource_providers/f3e97feb-5aaf-4d16-8c5f-257bc3fb73fe/aggregates => generated 235 bytes in 17 msecs (HTTP/1.1 404) 5 headers in 202 bytes (1 switches on core 0)
2026-04-22 19:37:45.978 7 INFO placement.requestlog [None req-b71216a7-bf67-4e0f-ae80-040b9667693f 53824b83639847dba6ccf3729a2d5d40 fd208925b23f4cb193936bbdd3b4ff1d - - 6eb954ed0e854a7db9249a437caaf8d3 6eb954ed0e854a7db9249a437caaf8d3] 10.0.0.79 "DELETE /resource_providers/f3e97feb-5aaf-4d16-8c5f-257bc3fb73fe" status: 404 len: 246 microversion: 1.1 [pid: 7|app: 0|req: 337/673] 10.0.0.79 () {34 vars in 815 bytes} [Wed Apr 22 19:37:45 2026] DELETE /resource_providers/f3e97feb-5aaf-4d16-8c5f-257bc3fb73fe => generated 246 bytes in 19 msecs (HTTP/1.1 404) 6 headers in 231 bytes (1 switches on core 0)
2026-04-22 19:37:45.987 8 INFO placement.requestlog [None req-e8035f31-3c73-479b-a6a9-2681377f5673 53824b83639847dba6ccf3729a2d5d40 fd208925b23f4cb193936bbdd3b4ff1d - - 6eb954ed0e854a7db9249a437caaf8d3 6eb954ed0e854a7db9249a437caaf8d3] 10.0.0.79 "DELETE /resource_providers/f3e97feb-5aaf-4d16-8c5f-257bc3fb73fe" status: 404 len: 246 microversion: 1.1 [pid: 8|app: 0|req: 337/674] 10.0.0.79 () {34 vars in 815 bytes} [Wed Apr 22 19:37:45 2026] DELETE /resource_providers/f3e97feb-5aaf-4d16-8c5f-257bc3fb73fe => generated 246 bytes in 20 msecs (HTTP/1.1 404) 6 headers in 231 bytes (1 switches on core 0)
2026-04-22 19:37:47.456 7 INFO placement.requestlog [None req-5d902f41-2125-4cd0-91bb-08aac20a7a2d 53824b83639847dba6ccf3729a2d5d40 fd208925b23f4cb193936bbdd3b4ff1d - - 6eb954ed0e854a7db9249a437caaf8d3 6eb954ed0e854a7db9249a437caaf8d3] 10.0.0.79 "GET /resource_providers/7f63887c-ffcf-4b1c-98a7-4b5356f1f74a/aggregates" status: 404 len: 235 microversion: 1.1 [pid: 7|app: 0|req: 338/675] 10.0.0.79 () {32 vars in 815 bytes} [Wed Apr 22 19:37:47 2026] GET /resource_providers/7f63887c-ffcf-4b1c-98a7-4b5356f1f74a/aggregates => generated 235 bytes in 14 msecs (HTTP/1.1 404) 5 headers in 202 bytes (1 switches on core 0)
2026-04-22 19:37:47.457 8 INFO placement.requestlog [None req-d9fb4734-f49b-4562-adb3-b8459b8bec8f 53824b83639847dba6ccf3729a2d5d40 fd208925b23f4cb193936bbdd3b4ff1d - - 6eb954ed0e854a7db9249a437caaf8d3 6eb954ed0e854a7db9249a437caaf8d3] 10.0.0.79 "GET /resource_providers/7f63887c-ffcf-4b1c-98a7-4b5356f1f74a/aggregates" status: 404 len: 235 microversion: 1.1 [pid: 8|app: 0|req: 338/676] 10.0.0.79 () {32 vars in 815 bytes} [Wed Apr 22 19:37:47 2026] GET /resource_providers/7f63887c-ffcf-4b1c-98a7-4b5356f1f74a/aggregates => generated 235 bytes in 14 msecs (HTTP/1.1 404) 5 headers in 202 bytes (1 switches on core 0)
2026-04-22 19:37:47.484 8 INFO placement.requestlog [None req-03148032-7f34-4ef7-90ef-0c969d644723 53824b83639847dba6ccf3729a2d5d40 fd208925b23f4cb193936bbdd3b4ff1d - - 6eb954ed0e854a7db9249a437caaf8d3 6eb954ed0e854a7db9249a437caaf8d3] 10.0.0.79 "DELETE /resource_providers/7f63887c-ffcf-4b1c-98a7-4b5356f1f74a" status: 404 len: 246 microversion: 1.1 [pid: 8|app: 0|req: 339/677] 10.0.0.79 () {34 vars in 815 bytes} [Wed Apr 22 19:37:47 2026] DELETE /resource_providers/7f63887c-ffcf-4b1c-98a7-4b5356f1f74a => generated 246 bytes in 13 msecs (HTTP/1.1 404) 6 headers in 231 bytes (1 switches on core 0)
2026-04-22 19:37:47.486 7 INFO placement.requestlog [None req-3c59b9c7-e3cd-44c3-9d14-7b3efe24e526 53824b83639847dba6ccf3729a2d5d40 fd208925b23f4cb193936bbdd3b4ff1d - - 6eb954ed0e854a7db9249a437caaf8d3 6eb954ed0e854a7db9249a437caaf8d3] 10.0.0.79 "DELETE /resource_providers/7f63887c-ffcf-4b1c-98a7-4b5356f1f74a" status: 404 len: 246 microversion: 1.1 [pid: 7|app: 0|req: 339/678] 10.0.0.79 () {34 vars in 815 bytes} [Wed Apr 22 19:37:47 2026] DELETE /resource_providers/7f63887c-ffcf-4b1c-98a7-4b5356f1f74a => generated 246 bytes in 17 msecs (HTTP/1.1 404) 6 headers in 231 bytes (1 switches on core 0)
2026-04-22 19:37:51.712 8 INFO placement.requestlog [None req-a31d38db-303e-4c03-bdf2-1fcf61b0b07e - - - - - -] 10.0.0.39 "GET /" status: 200 len: 136 microversion: 1.0
2026-04-22 19:37:51.714 7 INFO placement.requestlog [None req-01d18642-7da0-421b-9aac-5a3b3cba0a1f - - - - - -] 10.0.0.39 "GET /" status: 200 len: 136 microversion: 1.0
2026-04-22 19:37:54.713 8 INFO placement.requestlog [req-cfb0a0ed-dbc4-43dc-b618-cf42ae89681b req-78160648-f576-4078-acec-5414930da599 d6051699b5d34a7285c3f32ac73e394b fd208925b23f4cb193936bbdd3b4ff1d - - 6eb954ed0e854a7db9249a437caaf8d3 6eb954ed0e854a7db9249a437caaf8d3] 10.0.0.51 "GET /allocation_candidates?limit=1000&resources=DISK_GB%3A1%2CMEMORY_MB%3A512%2CVCPU%3A1&root_required=%21COMPUTE_STATUS_DISABLED" status: 200 len: 2149 microversion: 1.36 [pid: 8|app: 0|req: 341/681] 10.0.0.51 () {34 vars in 1011 bytes} [Wed Apr 22 19:37:54 2026] GET /allocation_candidates?limit=1000&resources=DISK_GB%3A1%2CMEMORY_MB%3A512%2CVCPU%3A1&root_required=%21COMPUTE_STATUS_DISABLED => generated 2149 bytes in 57 msecs (HTTP/1.1 200) 8 headers in 297 bytes (1 switches on core 0)
