May 09 09:06:34.459235 np0000173027 systemd[1]: Starting devstack@n-api.service - Devstack devstack@n-api.service...
May 09 09:06:34.466968 np0000173027 devstack@n-api.service[100904]: [uWSGI] getting INI configuration from /etc/nova/nova-api-uwsgi.ini
May 09 09:06:34.473156 np0000173027 devstack@n-api.service[100904]: *** Starting uWSGI 2.0.24-debian (64bit) on [Sat May 9 09:06:34 2026] ***
May 09 09:06:34.473156 np0000173027 devstack@n-api.service[100904]: compiled with version: 13.2.0 on 17 April 2024 16:23:48
May 09 09:06:34.473156 np0000173027 devstack@n-api.service[100904]: os: Linux-6.8.0-111-generic #111-Ubuntu SMP PREEMPT_DYNAMIC Sat Apr 11 23:16:02 UTC 2026
May 09 09:06:34.473156 np0000173027 devstack@n-api.service[100904]: nodename: np0000173027
May 09 09:06:34.473156 np0000173027 devstack@n-api.service[100904]: machine: x86_64
May 09 09:06:34.473156 np0000173027 devstack@n-api.service[100904]: clock source: unix
May 09 09:06:34.473156 np0000173027 devstack@n-api.service[100904]: pcre jit disabled
May 09 09:06:34.473156 np0000173027 devstack@n-api.service[100904]: detected number of CPU cores: 16
May 09 09:06:34.473156 np0000173027 devstack@n-api.service[100904]: current working directory: /
May 09 09:06:34.473156 np0000173027 devstack@n-api.service[100904]: detected binary path: /usr/bin/uwsgi-core
May 09 09:06:34.473156 np0000173027 devstack@n-api.service[100904]: your processes number limit is 256917
May 09 09:06:34.473156 np0000173027 devstack@n-api.service[100904]: your memory page size is 4096 bytes
May 09 09:06:34.473156 np0000173027 devstack@n-api.service[100904]: detected max file descriptor number: 2048
May 09 09:06:34.473156 np0000173027 devstack@n-api.service[100904]: lock engine: pthread robust mutexes
May 09 09:06:34.474250 np0000173027 devstack@n-api.service[100904]: thunder lock: enabled
May 09 09:06:34.474250 np0000173027 devstack@n-api.service[100904]: uwsgi socket 0 bound to UNIX address /var/run/uwsgi/nova-api.socket fd 4
May 09 09:06:34.474250 np0000173027 devstack@n-api.service[100904]: Python version: 3.12.3 (main, Mar 23 2026, 19:04:32) [GCC 13.3.0]
May 09 09:06:34.474250 np0000173027 devstack@n-api.service[100904]: PEP 405 virtualenv detected: /opt/stack/data/venv
May 09 09:06:34.474250 np0000173027 devstack@n-api.service[100904]: Set PythonHome to /opt/stack/data/venv
May 09 09:06:34.514245 np0000173027 devstack@n-api.service[100904]: Python main interpreter initialized at 0x7f990f6a3668
May 09 09:06:34.514245 np0000173027 devstack@n-api.service[100904]: python threads support enabled
May 09 09:06:34.514245 np0000173027 devstack@n-api.service[100904]: your server socket listen backlog is limited to 100 connections
May 09 09:06:34.514245 np0000173027 devstack@n-api.service[100904]: your mercy for graceful operations on workers is 80 seconds
May 09 09:06:34.514900 np0000173027 devstack@n-api.service[100904]: mapped 671795 bytes (656 KB) for 4 cores
May 09 09:06:34.515042 np0000173027 devstack@n-api.service[100904]: *** Operational MODE: preforking ***
May 09 09:06:34.515356 np0000173027 devstack@n-api.service[100904]: *** uWSGI is running in multiple interpreter mode ***
May 09 09:06:34.515356 np0000173027 devstack@n-api.service[100904]: spawned uWSGI master process (pid: 100904)
May 09 09:06:34.515524 np0000173027 systemd[1]: Started devstack@n-api.service - Devstack devstack@n-api.service.
May 09 09:06:34.516433 np0000173027 devstack@n-api.service[100904]: spawned uWSGI worker 1 (pid: 100905, cores: 1)
May 09 09:06:34.517016 np0000173027 devstack@n-api.service[100904]: spawned uWSGI worker 2 (pid: 100906, cores: 1)
May 09 09:06:34.517684 np0000173027 devstack@n-api.service[100904]: spawned uWSGI worker 3 (pid: 100907, cores: 1)
May 09 09:06:34.518133 np0000173027 devstack@n-api.service[100904]: spawned uWSGI worker 4 (pid: 100908, cores: 1)
May 09 09:06:34.518243 np0000173027 devstack@n-api.service[100904]: running "unix_signal:15 gracefully_kill_them_all" (master-start)...
May 09 09:06:34.833204 np0000173027 devstack@n-api.service[100907]: /opt/stack/data/venv/lib/python3.12/site-packages/oslo_concurrency/lockutils.py:41: EventletDeprecationWarning:
May 09 09:06:34.833204 np0000173027 devstack@n-api.service[100907]: Eventlet is deprecated. It is currently being maintained in bugfix mode, and
May 09 09:06:34.833204 np0000173027 devstack@n-api.service[100907]: we strongly recommend against using it for new projects.
May 09 09:06:34.833204 np0000173027 devstack@n-api.service[100907]: If you are already using Eventlet, we recommend migrating to a different
May 09 09:06:34.833204 np0000173027 devstack@n-api.service[100907]: framework. For more detail see
May 09 09:06:34.833204 np0000173027 devstack@n-api.service[100907]: https://eventlet.readthedocs.io/en/latest/asyncio/migration.html
May 09 09:06:34.833204 np0000173027 devstack@n-api.service[100907]: import eventlet
May 09 09:06:34.847690 np0000173027 devstack@n-api.service[100906]: /opt/stack/data/venv/lib/python3.12/site-packages/oslo_concurrency/lockutils.py:41: EventletDeprecationWarning:
May 09 09:06:34.847690 np0000173027 devstack@n-api.service[100906]: Eventlet is deprecated. It is currently being maintained in bugfix mode, and
May 09 09:06:34.847690 np0000173027 devstack@n-api.service[100906]: we strongly recommend against using it for new projects.
May 09 09:06:34.847690 np0000173027 devstack@n-api.service[100906]: If you are already using Eventlet, we recommend migrating to a different
May 09 09:06:34.847690 np0000173027 devstack@n-api.service[100906]: framework. For more detail see
May 09 09:06:34.847690 np0000173027 devstack@n-api.service[100906]: https://eventlet.readthedocs.io/en/latest/asyncio/migration.html
May 09 09:06:34.847690 np0000173027 devstack@n-api.service[100906]: import eventlet
May 09 09:06:34.859748 np0000173027 devstack@n-api.service[100908]: /opt/stack/data/venv/lib/python3.12/site-packages/oslo_concurrency/lockutils.py:41: EventletDeprecationWarning:
May 09 09:06:34.859748 np0000173027 devstack@n-api.service[100908]: Eventlet is deprecated. It is currently being maintained in bugfix mode, and
May 09 09:06:34.859748 np0000173027 devstack@n-api.service[100908]: we strongly recommend against using it for new projects.
May 09 09:06:34.859748 np0000173027 devstack@n-api.service[100908]: If you are already using Eventlet, we recommend migrating to a different
May 09 09:06:34.859748 np0000173027 devstack@n-api.service[100908]: framework. For more detail see
May 09 09:06:34.859748 np0000173027 devstack@n-api.service[100908]: https://eventlet.readthedocs.io/en/latest/asyncio/migration.html
May 09 09:06:34.859748 np0000173027 devstack@n-api.service[100908]: import eventlet
May 09 09:06:34.864445 np0000173027 devstack@n-api.service[100905]: /opt/stack/data/venv/lib/python3.12/site-packages/oslo_concurrency/lockutils.py:41: EventletDeprecationWarning:
May 09 09:06:34.864445 np0000173027 devstack@n-api.service[100905]: Eventlet is deprecated. It is currently being maintained in bugfix mode, and
May 09 09:06:34.864445 np0000173027 devstack@n-api.service[100905]: we strongly recommend against using it for new projects.
May 09 09:06:34.864445 np0000173027 devstack@n-api.service[100905]: If you are already using Eventlet, we recommend migrating to a different
May 09 09:06:34.864445 np0000173027 devstack@n-api.service[100905]: framework. For more detail see
May 09 09:06:34.864445 np0000173027 devstack@n-api.service[100905]: https://eventlet.readthedocs.io/en/latest/asyncio/migration.html
May 09 09:06:34.864445 np0000173027 devstack@n-api.service[100905]: import eventlet
May 09 09:06:34.881246 np0000173027 devstack@n-api.service[100907]: Service is starting with native threading. This is currently experimental. Do not use it in production without first testing it in pre-production.
May 09 09:06:34.893040 np0000173027 devstack@n-api.service[100906]: Service is starting with native threading. This is currently experimental. Do not use it in production without first testing it in pre-production.
May 09 09:06:34.906197 np0000173027 devstack@n-api.service[100908]: Service is starting with native threading. This is currently experimental. Do not use it in production without first testing it in pre-production.
May 09 09:06:34.913034 np0000173027 devstack@n-api.service[100905]: Service is starting with native threading. This is currently experimental. Do not use it in production without first testing it in pre-production.
May 09 09:06:36.277254 np0000173027 devstack@n-api.service[100906]: INFO dbcounter [None req-01cc6e0b-8b4f-4883-adb8-ed6dc1a25e12 None None] Registered counter for database nova_api
May 09 09:06:36.285532 np0000173027 devstack@n-api.service[100907]: INFO dbcounter [None req-8ccc1a90-9525-42f6-9987-36f3a9351ad7 None None] Registered counter for database nova_api
May 09 09:06:36.293802 np0000173027 devstack@n-api.service[100906]: DEBUG oslo_db.sqlalchemy.engines [None req-01cc6e0b-8b4f-4883-adb8-ed6dc1a25e12 None None] MySQL server mode set to STRICT_TRANS_TABLES,STRICT_ALL_TABLES,NO_ZERO_IN_DATE,NO_ZERO_DATE,ERROR_FOR_DIVISION_BY_ZERO,TRADITIONAL,NO_ENGINE_SUBSTITUTION {{(pid=100906) _check_effective_sql_mode /opt/stack/data/venv/lib/python3.12/site-packages/oslo_db/sqlalchemy/engines.py:325}}
May 09 09:06:36.296710 np0000173027 devstack@n-api.service[100907]: DEBUG oslo_db.sqlalchemy.engines [None req-8ccc1a90-9525-42f6-9987-36f3a9351ad7 None None] MySQL server mode set to STRICT_TRANS_TABLES,STRICT_ALL_TABLES,NO_ZERO_IN_DATE,NO_ZERO_DATE,ERROR_FOR_DIVISION_BY_ZERO,TRADITIONAL,NO_ENGINE_SUBSTITUTION {{(pid=100907) _check_effective_sql_mode /opt/stack/data/venv/lib/python3.12/site-packages/oslo_db/sqlalchemy/engines.py:325}}
May 09 09:06:36.324780 np0000173027 devstack@n-api.service[100907]: DEBUG dbcounter [-] [100907] Writer thread running {{(pid=100907) stat_writer /opt/stack/data/venv/lib/python3.12/site-packages/dbcounter.py:102}}
May 09 09:06:36.326976 np0000173027 devstack@n-api.service[100907]: DEBUG nova.context [None req-8ccc1a90-9525-42f6-9987-36f3a9351ad7 None None] Found 2 cells: 00000000-0000-0000-0000-000000000000(cell0),451c7fb5-500a-4bd9-9c74-226c8afcf267(cell1) {{(pid=100907) load_cells /opt/stack/nova/nova/context.py:509}}
May 09 09:06:36.327207 np0000173027 devstack@n-api.service[100907]: INFO nova.utils [None req-8ccc1a90-9525-42f6-9987-36f3a9351ad7 None None] The cell worker thread pool MainProcess.cell_worker is initialized
May 09 09:06:36.327306 np0000173027 devstack@n-api.service[100906]: DEBUG dbcounter [-] [100906] Writer thread running {{(pid=100906) stat_writer /opt/stack/data/venv/lib/python3.12/site-packages/dbcounter.py:102}}
May 09 09:06:36.328781 np0000173027 devstack@n-api.service[100905]: INFO dbcounter [None req-83f4feb2-ae61-42ed-9cce-86433be2a22a None None] Registered counter for database nova_api
May 09 09:06:36.329244 np0000173027 devstack@n-api.service[100907]: DEBUG oslo_concurrency.lockutils [None req-8ccc1a90-9525-42f6-9987-36f3a9351ad7 None None] Acquiring lock "00000000-0000-0000-0000-000000000000" by "nova.context.set_target_cell..get_or_set_cached_cell_and_set_connections" {{(pid=100907) inner /opt/stack/data/venv/lib/python3.12/site-packages/oslo_concurrency/lockutils.py:506}}
May 09 09:06:36.329244 np0000173027 devstack@n-api.service[100907]: DEBUG oslo_concurrency.lockutils [None req-8ccc1a90-9525-42f6-9987-36f3a9351ad7 None None] Lock "00000000-0000-0000-0000-000000000000" acquired by "nova.context.set_target_cell..get_or_set_cached_cell_and_set_connections" :: waited 0.000s {{(pid=100907) inner /opt/stack/data/venv/lib/python3.12/site-packages/oslo_concurrency/lockutils.py:519}}
May 09 09:06:36.329482 np0000173027 devstack@n-api.service[100907]: DEBUG oslo_concurrency.lockutils [None req-8ccc1a90-9525-42f6-9987-36f3a9351ad7 None None] Lock "00000000-0000-0000-0000-000000000000" "released" by "nova.context.set_target_cell..get_or_set_cached_cell_and_set_connections" :: held 0.000s {{(pid=100907) inner /opt/stack/data/venv/lib/python3.12/site-packages/oslo_concurrency/lockutils.py:538}}
May 09 09:06:36.329612 np0000173027 devstack@n-api.service[100906]: DEBUG nova.context [None req-01cc6e0b-8b4f-4883-adb8-ed6dc1a25e12 None None] Found 2 cells: 00000000-0000-0000-0000-000000000000(cell0),451c7fb5-500a-4bd9-9c74-226c8afcf267(cell1) {{(pid=100906) load_cells /opt/stack/nova/nova/context.py:509}}
May 09 09:06:36.329955 np0000173027 devstack@n-api.service[100906]: INFO nova.utils [None req-01cc6e0b-8b4f-4883-adb8-ed6dc1a25e12 None None] The cell worker thread pool MainProcess.cell_worker is initialized
May 09 09:06:36.330157 np0000173027 devstack@n-api.service[100907]: DEBUG oslo_concurrency.lockutils [None req-8ccc1a90-9525-42f6-9987-36f3a9351ad7 None None] Acquiring lock "451c7fb5-500a-4bd9-9c74-226c8afcf267" by "nova.context.set_target_cell..get_or_set_cached_cell_and_set_connections" {{(pid=100907) inner /opt/stack/data/venv/lib/python3.12/site-packages/oslo_concurrency/lockutils.py:506}}
May 09 09:06:36.330319 np0000173027 devstack@n-api.service[100907]: DEBUG oslo_concurrency.lockutils [None req-8ccc1a90-9525-42f6-9987-36f3a9351ad7 None None] Lock "451c7fb5-500a-4bd9-9c74-226c8afcf267" acquired by "nova.context.set_target_cell..get_or_set_cached_cell_and_set_connections" :: waited 0.000s {{(pid=100907) inner /opt/stack/data/venv/lib/python3.12/site-packages/oslo_concurrency/lockutils.py:519}}
May 09 09:06:36.331124 np0000173027 devstack@n-api.service[100907]: DEBUG oslo_concurrency.lockutils [None req-8ccc1a90-9525-42f6-9987-36f3a9351ad7 None None] Lock "451c7fb5-500a-4bd9-9c74-226c8afcf267" "released" by "nova.context.set_target_cell..get_or_set_cached_cell_and_set_connections" :: held 0.001s {{(pid=100907) inner /opt/stack/data/venv/lib/python3.12/site-packages/oslo_concurrency/lockutils.py:538}}
May 09 09:06:36.332226 np0000173027 devstack@n-api.service[100906]: DEBUG oslo_concurrency.lockutils [None req-01cc6e0b-8b4f-4883-adb8-ed6dc1a25e12 None None] Acquiring lock "00000000-0000-0000-0000-000000000000" by "nova.context.set_target_cell..get_or_set_cached_cell_and_set_connections" {{(pid=100906) inner /opt/stack/data/venv/lib/python3.12/site-packages/oslo_concurrency/lockutils.py:506}}
May 09 09:06:36.332401 np0000173027 devstack@n-api.service[100906]: DEBUG oslo_concurrency.lockutils [None req-01cc6e0b-8b4f-4883-adb8-ed6dc1a25e12 None None] Lock "00000000-0000-0000-0000-000000000000" acquired by "nova.context.set_target_cell..get_or_set_cached_cell_and_set_connections" :: waited 0.000s {{(pid=100906) inner /opt/stack/data/venv/lib/python3.12/site-packages/oslo_concurrency/lockutils.py:519}}
May 09 09:06:36.332733 np0000173027 devstack@n-api.service[100906]: DEBUG oslo_concurrency.lockutils [None req-01cc6e0b-8b4f-4883-adb8-ed6dc1a25e12 None None] Lock "00000000-0000-0000-0000-000000000000" "released" by "nova.context.set_target_cell..get_or_set_cached_cell_and_set_connections" :: held 0.000s {{(pid=100906) inner /opt/stack/data/venv/lib/python3.12/site-packages/oslo_concurrency/lockutils.py:538}}
May 09 09:06:36.333550 np0000173027 devstack@n-api.service[100906]: DEBUG oslo_concurrency.lockutils [None req-01cc6e0b-8b4f-4883-adb8-ed6dc1a25e12 None None] Acquiring lock "451c7fb5-500a-4bd9-9c74-226c8afcf267" by "nova.context.set_target_cell..get_or_set_cached_cell_and_set_connections" {{(pid=100906) inner /opt/stack/data/venv/lib/python3.12/site-packages/oslo_concurrency/lockutils.py:506}}
May 09 09:06:36.333713 np0000173027 devstack@n-api.service[100906]: DEBUG oslo_concurrency.lockutils [None req-01cc6e0b-8b4f-4883-adb8-ed6dc1a25e12 None None] Lock "451c7fb5-500a-4bd9-9c74-226c8afcf267" acquired by "nova.context.set_target_cell..get_or_set_cached_cell_and_set_connections" :: waited 0.000s {{(pid=100906) inner /opt/stack/data/venv/lib/python3.12/site-packages/oslo_concurrency/lockutils.py:519}}
May 09 09:06:36.333990 np0000173027 devstack@n-api.service[100907]: INFO dbcounter [None req-8ccc1a90-9525-42f6-9987-36f3a9351ad7 None None] Registered counter for database nova_cell0
May 09 09:06:36.334532 np0000173027 devstack@n-api.service[100906]: DEBUG oslo_concurrency.lockutils [None req-01cc6e0b-8b4f-4883-adb8-ed6dc1a25e12 None None] Lock "451c7fb5-500a-4bd9-9c74-226c8afcf267" "released" by "nova.context.set_target_cell..get_or_set_cached_cell_and_set_connections" :: held 0.001s {{(pid=100906) inner /opt/stack/data/venv/lib/python3.12/site-packages/oslo_concurrency/lockutils.py:538}}
May 09 09:06:36.337781 np0000173027 devstack@n-api.service[100906]: INFO dbcounter [None req-01cc6e0b-8b4f-4883-adb8-ed6dc1a25e12 None None] Registered counter for database nova_cell0
May 09 09:06:36.340142 np0000173027 devstack@n-api.service[100907]: INFO dbcounter [None req-8ccc1a90-9525-42f6-9987-36f3a9351ad7 None None] Registered counter for database nova_cell1
May 09 09:06:36.343198 np0000173027 devstack@n-api.service[100906]: INFO dbcounter [None req-01cc6e0b-8b4f-4883-adb8-ed6dc1a25e12 None None] Registered counter for database nova_cell1
May 09 09:06:36.348207 np0000173027 devstack@n-api.service[100905]: DEBUG oslo_db.sqlalchemy.engines [None req-83f4feb2-ae61-42ed-9cce-86433be2a22a None None] MySQL server mode set to STRICT_TRANS_TABLES,STRICT_ALL_TABLES,NO_ZERO_IN_DATE,NO_ZERO_DATE,ERROR_FOR_DIVISION_BY_ZERO,TRADITIONAL,NO_ENGINE_SUBSTITUTION {{(pid=100905) _check_effective_sql_mode /opt/stack/data/venv/lib/python3.12/site-packages/oslo_db/sqlalchemy/engines.py:325}}
May 09 09:06:36.350032 np0000173027 devstack@n-api.service[100907]: DEBUG oslo_db.sqlalchemy.engines [None req-8ccc1a90-9525-42f6-9987-36f3a9351ad7 None None] MySQL server mode set to STRICT_TRANS_TABLES,STRICT_ALL_TABLES,NO_ZERO_IN_DATE,NO_ZERO_DATE,ERROR_FOR_DIVISION_BY_ZERO,TRADITIONAL,NO_ENGINE_SUBSTITUTION {{(pid=100907) _check_effective_sql_mode /opt/stack/data/venv/lib/python3.12/site-packages/oslo_db/sqlalchemy/engines.py:325}}
May 09 09:06:36.354413 np0000173027 devstack@n-api.service[100907]: DEBUG oslo_db.sqlalchemy.engines [None req-8ccc1a90-9525-42f6-9987-36f3a9351ad7 None None] MySQL server mode set to STRICT_TRANS_TABLES,STRICT_ALL_TABLES,NO_ZERO_IN_DATE,NO_ZERO_DATE,ERROR_FOR_DIVISION_BY_ZERO,TRADITIONAL,NO_ENGINE_SUBSTITUTION {{(pid=100907) _check_effective_sql_mode /opt/stack/data/venv/lib/python3.12/site-packages/oslo_db/sqlalchemy/engines.py:325}}
May 09 09:06:36.359135 np0000173027 devstack@n-api.service[100906]: DEBUG oslo_db.sqlalchemy.engines [None req-01cc6e0b-8b4f-4883-adb8-ed6dc1a25e12 None None] MySQL server mode set to STRICT_TRANS_TABLES,STRICT_ALL_TABLES,NO_ZERO_IN_DATE,NO_ZERO_DATE,ERROR_FOR_DIVISION_BY_ZERO,TRADITIONAL,NO_ENGINE_SUBSTITUTION {{(pid=100906) _check_effective_sql_mode /opt/stack/data/venv/lib/python3.12/site-packages/oslo_db/sqlalchemy/engines.py:325}}
May 09 09:06:36.365059 np0000173027 devstack@n-api.service[100906]: DEBUG oslo_db.sqlalchemy.engines [None req-01cc6e0b-8b4f-4883-adb8-ed6dc1a25e12 None None] MySQL server mode set to STRICT_TRANS_TABLES,STRICT_ALL_TABLES,NO_ZERO_IN_DATE,NO_ZERO_DATE,ERROR_FOR_DIVISION_BY_ZERO,TRADITIONAL,NO_ENGINE_SUBSTITUTION {{(pid=100906) _check_effective_sql_mode /opt/stack/data/venv/lib/python3.12/site-packages/oslo_db/sqlalchemy/engines.py:325}}
May 09 09:06:36.382784 np0000173027 devstack@n-api.service[100908]: INFO dbcounter [None req-f026b41d-a088-4142-bc45-09f1f46b3c33 None None] Registered counter for database nova_api
May 09 09:06:36.384235 np0000173027 devstack@n-api.service[100905]: DEBUG dbcounter [-] [100905] Writer thread running {{(pid=100905) stat_writer /opt/stack/data/venv/lib/python3.12/site-packages/dbcounter.py:102}}
May 09 09:06:36.386917 np0000173027 devstack@n-api.service[100905]: DEBUG nova.context [None req-83f4feb2-ae61-42ed-9cce-86433be2a22a None None] Found 2 cells: 00000000-0000-0000-0000-000000000000(cell0),451c7fb5-500a-4bd9-9c74-226c8afcf267(cell1) {{(pid=100905) load_cells /opt/stack/nova/nova/context.py:509}}
May 09 09:06:36.387130 np0000173027 devstack@n-api.service[100905]: INFO nova.utils [None req-83f4feb2-ae61-42ed-9cce-86433be2a22a None None] The cell worker thread pool MainProcess.cell_worker is initialized
May 09 09:06:36.388999 np0000173027 devstack@n-api.service[100905]: DEBUG oslo_concurrency.lockutils [None req-83f4feb2-ae61-42ed-9cce-86433be2a22a None None] Acquiring lock "00000000-0000-0000-0000-000000000000" by "nova.context.set_target_cell..get_or_set_cached_cell_and_set_connections" {{(pid=100905) inner /opt/stack/data/venv/lib/python3.12/site-packages/oslo_concurrency/lockutils.py:506}}
May 09 09:06:36.389188 np0000173027 devstack@n-api.service[100905]: DEBUG oslo_concurrency.lockutils [None req-83f4feb2-ae61-42ed-9cce-86433be2a22a None None] Lock "00000000-0000-0000-0000-000000000000" acquired by "nova.context.set_target_cell..get_or_set_cached_cell_and_set_connections" :: waited 0.000s {{(pid=100905) inner /opt/stack/data/venv/lib/python3.12/site-packages/oslo_concurrency/lockutils.py:519}}
May 09 09:06:36.389524 np0000173027 devstack@n-api.service[100905]: DEBUG oslo_concurrency.lockutils [None req-83f4feb2-ae61-42ed-9cce-86433be2a22a None None] Lock "00000000-0000-0000-0000-000000000000" "released" by "nova.context.set_target_cell..get_or_set_cached_cell_and_set_connections" :: held 0.000s {{(pid=100905) inner /opt/stack/data/venv/lib/python3.12/site-packages/oslo_concurrency/lockutils.py:538}}
May 09 09:06:36.390369 np0000173027 devstack@n-api.service[100905]: DEBUG oslo_concurrency.lockutils [None req-83f4feb2-ae61-42ed-9cce-86433be2a22a None None] Acquiring lock "451c7fb5-500a-4bd9-9c74-226c8afcf267" by "nova.context.set_target_cell..get_or_set_cached_cell_and_set_connections" {{(pid=100905) inner /opt/stack/data/venv/lib/python3.12/site-packages/oslo_concurrency/lockutils.py:506}}
May 09 09:06:36.390549 np0000173027 devstack@n-api.service[100905]: DEBUG oslo_concurrency.lockutils [None req-83f4feb2-ae61-42ed-9cce-86433be2a22a None None] Lock "451c7fb5-500a-4bd9-9c74-226c8afcf267" acquired by "nova.context.set_target_cell..get_or_set_cached_cell_and_set_connections" :: waited 0.000s {{(pid=100905) inner /opt/stack/data/venv/lib/python3.12/site-packages/oslo_concurrency/lockutils.py:519}}
May 09 09:06:36.391378 np0000173027 devstack@n-api.service[100905]: DEBUG oslo_concurrency.lockutils [None req-83f4feb2-ae61-42ed-9cce-86433be2a22a None None] Lock "451c7fb5-500a-4bd9-9c74-226c8afcf267" "released" by "nova.context.set_target_cell..get_or_set_cached_cell_and_set_connections" :: held 0.001s {{(pid=100905) inner /opt/stack/data/venv/lib/python3.12/site-packages/oslo_concurrency/lockutils.py:538}}
May 09 09:06:36.393617 np0000173027 devstack@n-api.service[100905]: INFO dbcounter [None req-83f4feb2-ae61-42ed-9cce-86433be2a22a None None] Registered counter for database nova_cell0
May 09 09:06:36.398330 np0000173027 devstack@n-api.service[100905]: INFO dbcounter [None req-83f4feb2-ae61-42ed-9cce-86433be2a22a None None] Registered counter for database nova_cell1
May 09 09:06:36.400694 np0000173027 devstack@n-api.service[100908]: DEBUG oslo_db.sqlalchemy.engines [None req-f026b41d-a088-4142-bc45-09f1f46b3c33 None None] MySQL server mode set to STRICT_TRANS_TABLES,STRICT_ALL_TABLES,NO_ZERO_IN_DATE,NO_ZERO_DATE,ERROR_FOR_DIVISION_BY_ZERO,TRADITIONAL,NO_ENGINE_SUBSTITUTION {{(pid=100908) _check_effective_sql_mode /opt/stack/data/venv/lib/python3.12/site-packages/oslo_db/sqlalchemy/engines.py:325}}
May 09 09:06:36.410444 np0000173027 devstack@n-api.service[100905]: DEBUG oslo_db.sqlalchemy.engines [None req-83f4feb2-ae61-42ed-9cce-86433be2a22a None None] MySQL server mode set to STRICT_TRANS_TABLES,STRICT_ALL_TABLES,NO_ZERO_IN_DATE,NO_ZERO_DATE,ERROR_FOR_DIVISION_BY_ZERO,TRADITIONAL,NO_ENGINE_SUBSTITUTION {{(pid=100905) _check_effective_sql_mode /opt/stack/data/venv/lib/python3.12/site-packages/oslo_db/sqlalchemy/engines.py:325}}
May 09 09:06:36.414622 np0000173027 devstack@n-api.service[100905]: DEBUG oslo_db.sqlalchemy.engines [None req-83f4feb2-ae61-42ed-9cce-86433be2a22a None None] MySQL server mode set to STRICT_TRANS_TABLES,STRICT_ALL_TABLES,NO_ZERO_IN_DATE,NO_ZERO_DATE,ERROR_FOR_DIVISION_BY_ZERO,TRADITIONAL,NO_ENGINE_SUBSTITUTION {{(pid=100905) _check_effective_sql_mode /opt/stack/data/venv/lib/python3.12/site-packages/oslo_db/sqlalchemy/engines.py:325}}
May 09 09:06:36.444848 np0000173027 devstack@n-api.service[100908]: DEBUG dbcounter [-] [100908] Writer thread running {{(pid=100908) stat_writer /opt/stack/data/venv/lib/python3.12/site-packages/dbcounter.py:102}}
May 09 09:06:36.447398 np0000173027 devstack@n-api.service[100908]: DEBUG nova.context [None req-f026b41d-a088-4142-bc45-09f1f46b3c33 None None] Found 2 cells: 00000000-0000-0000-0000-000000000000(cell0),451c7fb5-500a-4bd9-9c74-226c8afcf267(cell1) {{(pid=100908) load_cells /opt/stack/nova/nova/context.py:509}}
May 09 09:06:36.447602 np0000173027 devstack@n-api.service[100908]: INFO nova.utils [None req-f026b41d-a088-4142-bc45-09f1f46b3c33 None None] The cell worker thread pool MainProcess.cell_worker is initialized
May 09 09:06:36.449431 np0000173027 devstack@n-api.service[100908]: DEBUG oslo_concurrency.lockutils [None req-f026b41d-a088-4142-bc45-09f1f46b3c33 None None] Acquiring lock "00000000-0000-0000-0000-000000000000" by "nova.context.set_target_cell..get_or_set_cached_cell_and_set_connections" {{(pid=100908) inner /opt/stack/data/venv/lib/python3.12/site-packages/oslo_concurrency/lockutils.py:506}}
May 09 09:06:36.449587 np0000173027 devstack@n-api.service[100908]: DEBUG oslo_concurrency.lockutils [None req-f026b41d-a088-4142-bc45-09f1f46b3c33 None None] Lock "00000000-0000-0000-0000-000000000000" acquired by "nova.context.set_target_cell..get_or_set_cached_cell_and_set_connections" :: waited 0.000s {{(pid=100908) inner /opt/stack/data/venv/lib/python3.12/site-packages/oslo_concurrency/lockutils.py:519}}
May 09 09:06:36.449932 np0000173027 devstack@n-api.service[100908]: DEBUG oslo_concurrency.lockutils [None req-f026b41d-a088-4142-bc45-09f1f46b3c33 None None] Lock "00000000-0000-0000-0000-000000000000" "released" by "nova.context.set_target_cell..get_or_set_cached_cell_and_set_connections" :: held 0.000s {{(pid=100908) inner /opt/stack/data/venv/lib/python3.12/site-packages/oslo_concurrency/lockutils.py:538}}
May 09 09:06:36.450335 np0000173027 devstack@n-api.service[100906]: DEBUG dbcounter [-] [100906] Writer thread running {{(pid=100906) stat_writer /opt/stack/data/venv/lib/python3.12/site-packages/dbcounter.py:102}}
May 09 09:06:36.450987 np0000173027 devstack@n-api.service[100908]: DEBUG oslo_concurrency.lockutils [None req-f026b41d-a088-4142-bc45-09f1f46b3c33 None None] Acquiring lock "451c7fb5-500a-4bd9-9c74-226c8afcf267" by "nova.context.set_target_cell..get_or_set_cached_cell_and_set_connections" {{(pid=100908) inner /opt/stack/data/venv/lib/python3.12/site-packages/oslo_concurrency/lockutils.py:506}}
May 09 09:06:36.451152 np0000173027 devstack@n-api.service[100908]: DEBUG oslo_concurrency.lockutils [None req-f026b41d-a088-4142-bc45-09f1f46b3c33 None None] Lock "451c7fb5-500a-4bd9-9c74-226c8afcf267" acquired by "nova.context.set_target_cell..get_or_set_cached_cell_and_set_connections" :: waited 0.000s {{(pid=100908) inner /opt/stack/data/venv/lib/python3.12/site-packages/oslo_concurrency/lockutils.py:519}}
May 09 09:06:36.452000 np0000173027 devstack@n-api.service[100908]: DEBUG oslo_concurrency.lockutils [None req-f026b41d-a088-4142-bc45-09f1f46b3c33 None None] Lock "451c7fb5-500a-4bd9-9c74-226c8afcf267" "released" by "nova.context.set_target_cell..get_or_set_cached_cell_and_set_connections" :: held 0.001s {{(pid=100908) inner /opt/stack/data/venv/lib/python3.12/site-packages/oslo_concurrency/lockutils.py:538}}
May 09 09:06:36.453582 np0000173027 devstack@n-api.service[100907]: DEBUG dbcounter [-] [100907] Writer thread running {{(pid=100907) stat_writer /opt/stack/data/venv/lib/python3.12/site-packages/dbcounter.py:102}}
May 09 09:06:36.454495 np0000173027 devstack@n-api.service[100907]: DEBUG dbcounter [-] [100907] Writer thread running {{(pid=100907) stat_writer /opt/stack/data/venv/lib/python3.12/site-packages/dbcounter.py:102}}
May 09 09:06:36.456067 np0000173027 devstack@n-api.service[100908]: INFO dbcounter [None req-f026b41d-a088-4142-bc45-09f1f46b3c33 None None] Registered counter for database nova_cell0
May 09 09:06:36.456413 np0000173027 devstack@n-api.service[100906]: DEBUG dbcounter [-] [100906] Writer thread running {{(pid=100906) stat_writer /opt/stack/data/venv/lib/python3.12/site-packages/dbcounter.py:102}}
May 09 09:06:36.460446 np0000173027 devstack@n-api.service[100906]: INFO dbcounter [None req-01cc6e0b-8b4f-4883-adb8-ed6dc1a25e12 None None] Registered counter for database nova_cell0
May 09 09:06:36.460604 np0000173027 devstack@n-api.service[100907]: INFO dbcounter [None req-8ccc1a90-9525-42f6-9987-36f3a9351ad7 None None] Registered counter for database nova_cell0
May 09 09:06:36.462015 np0000173027 devstack@n-api.service[100908]: INFO dbcounter [None req-f026b41d-a088-4142-bc45-09f1f46b3c33 None None] Registered counter for database nova_cell1
May 09 09:06:36.471909 np0000173027 devstack@n-api.service[100906]: DEBUG oslo_db.sqlalchemy.engines [None req-01cc6e0b-8b4f-4883-adb8-ed6dc1a25e12 None None] MySQL server mode set to STRICT_TRANS_TABLES,STRICT_ALL_TABLES,NO_ZERO_IN_DATE,NO_ZERO_DATE,ERROR_FOR_DIVISION_BY_ZERO,TRADITIONAL,NO_ENGINE_SUBSTITUTION {{(pid=100906) _check_effective_sql_mode /opt/stack/data/venv/lib/python3.12/site-packages/oslo_db/sqlalchemy/engines.py:325}}
May 09 09:06:36.476732 np0000173027 devstack@n-api.service[100907]: DEBUG oslo_db.sqlalchemy.engines [None req-8ccc1a90-9525-42f6-9987-36f3a9351ad7 None None] MySQL server mode set to STRICT_TRANS_TABLES,STRICT_ALL_TABLES,NO_ZERO_IN_DATE,NO_ZERO_DATE,ERROR_FOR_DIVISION_BY_ZERO,TRADITIONAL,NO_ENGINE_SUBSTITUTION {{(pid=100907) _check_effective_sql_mode /opt/stack/data/venv/lib/python3.12/site-packages/oslo_db/sqlalchemy/engines.py:325}}
May 09 09:06:36.480696 np0000173027 devstack@n-api.service[100908]: DEBUG oslo_db.sqlalchemy.engines [None req-f026b41d-a088-4142-bc45-09f1f46b3c33 None None] MySQL server mode set to STRICT_TRANS_TABLES,STRICT_ALL_TABLES,NO_ZERO_IN_DATE,NO_ZERO_DATE,ERROR_FOR_DIVISION_BY_ZERO,TRADITIONAL,NO_ENGINE_SUBSTITUTION {{(pid=100908) _check_effective_sql_mode /opt/stack/data/venv/lib/python3.12/site-packages/oslo_db/sqlalchemy/engines.py:325}}
May 09 09:06:36.482059 np0000173027 devstack@n-api.service[100906]: DEBUG dbcounter [-] [100906] Writer thread running {{(pid=100906) stat_writer /opt/stack/data/venv/lib/python3.12/site-packages/dbcounter.py:102}}
May 09 09:06:36.486889 np0000173027 devstack@n-api.service[100907]: DEBUG dbcounter [-] [100907] Writer thread running {{(pid=100907) stat_writer /opt/stack/data/venv/lib/python3.12/site-packages/dbcounter.py:102}}
May 09 09:06:36.489724 np0000173027 devstack@n-api.service[100908]: DEBUG oslo_db.sqlalchemy.engines [None req-f026b41d-a088-4142-bc45-09f1f46b3c33 None None] MySQL server mode set to STRICT_TRANS_TABLES,STRICT_ALL_TABLES,NO_ZERO_IN_DATE,NO_ZERO_DATE,ERROR_FOR_DIVISION_BY_ZERO,TRADITIONAL,NO_ENGINE_SUBSTITUTION {{(pid=100908) _check_effective_sql_mode /opt/stack/data/venv/lib/python3.12/site-packages/oslo_db/sqlalchemy/engines.py:325}}
May 09 09:06:36.520899 np0000173027 devstack@n-api.service[100905]: DEBUG dbcounter [-] [100905] Writer thread running {{(pid=100905) stat_writer /opt/stack/data/venv/lib/python3.12/site-packages/dbcounter.py:102}}
May 09 09:06:36.521740 np0000173027 devstack@n-api.service[100905]: DEBUG dbcounter [-] [100905] Writer thread running {{(pid=100905) stat_writer /opt/stack/data/venv/lib/python3.12/site-packages/dbcounter.py:102}}
May 09 09:06:36.551113 np0000173027 devstack@n-api.service[100905]: INFO dbcounter [None req-83f4feb2-ae61-42ed-9cce-86433be2a22a None None] Registered counter for database nova_cell0
May 09 09:06:36.562019 np0000173027 devstack@n-api.service[100905]: DEBUG oslo_db.sqlalchemy.engines [None req-83f4feb2-ae61-42ed-9cce-86433be2a22a None None] MySQL server mode set to STRICT_TRANS_TABLES,STRICT_ALL_TABLES,NO_ZERO_IN_DATE,NO_ZERO_DATE,ERROR_FOR_DIVISION_BY_ZERO,TRADITIONAL,NO_ENGINE_SUBSTITUTION {{(pid=100905) _check_effective_sql_mode /opt/stack/data/venv/lib/python3.12/site-packages/oslo_db/sqlalchemy/engines.py:325}}
May 09 09:06:36.572542 np0000173027 devstack@n-api.service[100905]: DEBUG dbcounter [-] [100905] Writer thread running {{(pid=100905) stat_writer /opt/stack/data/venv/lib/python3.12/site-packages/dbcounter.py:102}}
May 09 09:06:36.596276 np0000173027 devstack@n-api.service[100908]: DEBUG dbcounter [-] [100908] Writer thread running {{(pid=100908) stat_writer /opt/stack/data/venv/lib/python3.12/site-packages/dbcounter.py:102}}
May 09 09:06:36.603151 np0000173027 devstack@n-api.service[100908]: DEBUG dbcounter [-] [100908] Writer thread running {{(pid=100908) stat_writer /opt/stack/data/venv/lib/python3.12/site-packages/dbcounter.py:102}}
May 09 09:06:36.608939 np0000173027 devstack@n-api.service[100908]: INFO dbcounter [None req-f026b41d-a088-4142-bc45-09f1f46b3c33 None None] Registered counter for database nova_cell0
May 09 09:06:36.621274 np0000173027 devstack@n-api.service[100908]: DEBUG oslo_db.sqlalchemy.engines [None req-f026b41d-a088-4142-bc45-09f1f46b3c33 None None] MySQL server mode set to STRICT_TRANS_TABLES,STRICT_ALL_TABLES,NO_ZERO_IN_DATE,NO_ZERO_DATE,ERROR_FOR_DIVISION_BY_ZERO,TRADITIONAL,NO_ENGINE_SUBSTITUTION {{(pid=100908) _check_effective_sql_mode /opt/stack/data/venv/lib/python3.12/site-packages/oslo_db/sqlalchemy/engines.py:325}}
May 09 09:06:36.631481 np0000173027 devstack@n-api.service[100908]: DEBUG dbcounter [-] [100908] Writer thread running {{(pid=100908) stat_writer /opt/stack/data/venv/lib/python3.12/site-packages/dbcounter.py:102}}
May 09 09:06:37.008929 np0000173027 devstack@n-api.service[100907]: DEBUG oslo_concurrency.processutils [None req-8ccc1a90-9525-42f6-9987-36f3a9351ad7 None None] Running cmd (subprocess): grep -F node.session.scan /sbin/iscsiadm {{(pid=100907) execute /opt/stack/data/venv/lib/python3.12/site-packages/oslo_concurrency/processutils.py:440}}
May 09 09:06:37.027399 np0000173027 devstack@n-api.service[100907]: DEBUG oslo_concurrency.processutils [None req-8ccc1a90-9525-42f6-9987-36f3a9351ad7 None None] CMD "grep -F node.session.scan /sbin/iscsiadm" returned: 0 in 0.018s {{(pid=100907) execute /opt/stack/data/venv/lib/python3.12/site-packages/oslo_concurrency/processutils.py:468}}
May 09 09:06:37.028427 np0000173027 devstack@n-api.service[100906]: DEBUG oslo_concurrency.processutils [None req-01cc6e0b-8b4f-4883-adb8-ed6dc1a25e12 None None] Running cmd (subprocess): grep -F node.session.scan /sbin/iscsiadm {{(pid=100906) execute /opt/stack/data/venv/lib/python3.12/site-packages/oslo_concurrency/processutils.py:440}}
May 09 09:06:37.039920 np0000173027 devstack@n-api.service[100905]: DEBUG oslo_concurrency.processutils [None req-83f4feb2-ae61-42ed-9cce-86433be2a22a None None] Running cmd (subprocess): grep -F node.session.scan /sbin/iscsiadm {{(pid=100905) execute /opt/stack/data/venv/lib/python3.12/site-packages/oslo_concurrency/processutils.py:440}}
May 09 09:06:37.044094 np0000173027 devstack@n-api.service[100906]: DEBUG oslo_concurrency.processutils [None req-01cc6e0b-8b4f-4883-adb8-ed6dc1a25e12 None None] CMD "grep -F node.session.scan /sbin/iscsiadm" returned: 0 in 0.016s {{(pid=100906) execute /opt/stack/data/venv/lib/python3.12/site-packages/oslo_concurrency/processutils.py:468}}
May 09 09:06:37.059089 np0000173027 devstack@n-api.service[100905]: DEBUG oslo_concurrency.processutils [None req-83f4feb2-ae61-42ed-9cce-86433be2a22a None None] CMD "grep -F node.session.scan /sbin/iscsiadm" returned: 0 in 0.019s {{(pid=100905) execute /opt/stack/data/venv/lib/python3.12/site-packages/oslo_concurrency/processutils.py:468}}
May 09 09:06:37.111631 np0000173027 devstack@n-api.service[100908]: DEBUG oslo_concurrency.processutils [None req-f026b41d-a088-4142-bc45-09f1f46b3c33 None None] Running cmd (subprocess): grep -F node.session.scan /sbin/iscsiadm {{(pid=100908) execute /opt/stack/data/venv/lib/python3.12/site-packages/oslo_concurrency/processutils.py:440}}
May 09 09:06:37.129320 np0000173027 devstack@n-api.service[100908]: DEBUG oslo_concurrency.processutils [None req-f026b41d-a088-4142-bc45-09f1f46b3c33 None None] CMD "grep -F node.session.scan /sbin/iscsiadm" returned: 0 in 0.018s {{(pid=100908) execute /opt/stack/data/venv/lib/python3.12/site-packages/oslo_concurrency/processutils.py:468}}
May 09 09:06:37.443026 np0000173027 devstack@n-api.service[100907]: WARNING keystonemiddleware.auth_token [None req-8ccc1a90-9525-42f6-9987-36f3a9351ad7 None None] AuthToken middleware is set with keystone_authtoken.service_token_roles_required set to False. This is backwards compatible but deprecated behaviour. Please set this to True.
May 09 09:06:37.443507 np0000173027 devstack@n-api.service[100906]: WARNING keystonemiddleware.auth_token [None req-01cc6e0b-8b4f-4883-adb8-ed6dc1a25e12 None None] AuthToken middleware is set with keystone_authtoken.service_token_roles_required set to False. This is backwards compatible but deprecated behaviour. Please set this to True.
May 09 09:06:37.443882 np0000173027 devstack@n-api.service[100905]: WARNING keystonemiddleware.auth_token [None req-83f4feb2-ae61-42ed-9cce-86433be2a22a None None] AuthToken middleware is set with keystone_authtoken.service_token_roles_required set to False. This is backwards compatible but deprecated behaviour. Please set this to True.
May 09 09:06:37.444226 np0000173027 devstack@n-api.service[100908]: WARNING keystonemiddleware.auth_token [None req-f026b41d-a088-4142-bc45-09f1f46b3c33 None None] AuthToken middleware is set with keystone_authtoken.service_token_roles_required set to False. This is backwards compatible but deprecated behaviour. Please set this to True.
May 09 09:06:37.623432 np0000173027 devstack@n-api.service[100906]: WARNING keystonemiddleware.auth_token [None req-01cc6e0b-8b4f-4883-adb8-ed6dc1a25e12 None None] AuthToken middleware is set with keystone_authtoken.service_token_roles_required set to False. This is backwards compatible but deprecated behaviour. Please set this to True.
May 09 09:06:37.628637 np0000173027 devstack@n-api.service[100906]: DEBUG nova.api.openstack.wsgi_app [None req-01cc6e0b-8b4f-4883-adb8-ed6dc1a25e12 None None] ******************************************************************************** {{(pid=100906) log_opt_values /opt/stack/data/venv/lib/python3.12/site-packages/oslo_config/cfg.py:2979}}
May 09 09:06:37.628804 np0000173027 devstack@n-api.service[100906]: DEBUG nova.api.openstack.wsgi_app [None req-01cc6e0b-8b4f-4883-adb8-ed6dc1a25e12 None None] Configuration options gathered from: {{(pid=100906) log_opt_values /opt/stack/data/venv/lib/python3.12/site-packages/oslo_config/cfg.py:2980}}
May 09 09:06:37.629056 np0000173027 devstack@n-api.service[100906]: DEBUG nova.api.openstack.wsgi_app [None req-01cc6e0b-8b4f-4883-adb8-ed6dc1a25e12 None None] command line args: [] {{(pid=100906) log_opt_values /opt/stack/data/venv/lib/python3.12/site-packages/oslo_config/cfg.py:2981}}
May 09 09:06:37.629196 np0000173027 devstack@n-api.service[100906]: DEBUG nova.api.openstack.wsgi_app [None req-01cc6e0b-8b4f-4883-adb8-ed6dc1a25e12 None None] config files: ['/etc/nova/api-paste.ini', '/etc/nova/nova.conf'] {{(pid=100906) log_opt_values /opt/stack/data/venv/lib/python3.12/site-packages/oslo_config/cfg.py:2982}}
May 09 09:06:37.629362 np0000173027 devstack@n-api.service[100906]: DEBUG nova.api.openstack.wsgi_app [None req-01cc6e0b-8b4f-4883-adb8-ed6dc1a25e12 None None] ================================================================================ {{(pid=100906) log_opt_values /opt/stack/data/venv/lib/python3.12/site-packages/oslo_config/cfg.py:2987}}
May 09 09:06:37.629596 np0000173027 devstack@n-api.service[100906]: DEBUG nova.api.openstack.wsgi_app [None req-01cc6e0b-8b4f-4883-adb8-ed6dc1a25e12 None None] allow_resize_to_same_host = True {{(pid=100906) log_opt_values /opt/stack/data/venv/lib/python3.12/site-packages/oslo_config/cfg.py:2995}}
May 09 09:06:37.629755 np0000173027 devstack@n-api.service[100906]: DEBUG nova.api.openstack.wsgi_app [None req-01cc6e0b-8b4f-4883-adb8-ed6dc1a25e12 None None] arq_binding_timeout = 300 {{(pid=100906) log_opt_values /opt/stack/data/venv/lib/python3.12/site-packages/oslo_config/cfg.py:2995}}
May 09 09:06:37.629917 np0000173027 devstack@n-api.service[100906]: DEBUG nova.api.openstack.wsgi_app [None req-01cc6e0b-8b4f-4883-adb8-ed6dc1a25e12 None None] block_device_allocate_retries = 60 {{(pid=100906) log_opt_values /opt/stack/data/venv/lib/python3.12/site-packages/oslo_config/cfg.py:2995}}
May 09 09:06:37.630048 np0000173027 devstack@n-api.service[100906]: DEBUG nova.api.openstack.wsgi_app [None req-01cc6e0b-8b4f-4883-adb8-ed6dc1a25e12 None None] block_device_allocate_retries_interval = 3 {{(pid=100906) log_opt_values /opt/stack/data/venv/lib/python3.12/site-packages/oslo_config/cfg.py:2995}}
May 09 09:06:37.630192 np0000173027 devstack@n-api.service[100906]: DEBUG nova.api.openstack.wsgi_app [None req-01cc6e0b-8b4f-4883-adb8-ed6dc1a25e12 None None] cell_worker_thread_pool_size = 5 {{(pid=100906) log_opt_values /opt/stack/data/venv/lib/python3.12/site-packages/oslo_config/cfg.py:2995}}
May 09 09:06:37.630304 np0000173027 devstack@n-api.service[100906]: DEBUG nova.api.openstack.wsgi_app [None req-01cc6e0b-8b4f-4883-adb8-ed6dc1a25e12 None None] cert = self.pem {{(pid=100906) log_opt_values /opt/stack/data/venv/lib/python3.12/site-packages/oslo_config/cfg.py:2995}}
May 09 09:06:37.630436 np0000173027 devstack@n-api.service[100906]: DEBUG nova.api.openstack.wsgi_app [None req-01cc6e0b-8b4f-4883-adb8-ed6dc1a25e12 None None] compute_driver = libvirt.LibvirtDriver {{(pid=100906) log_opt_values /opt/stack/data/venv/lib/python3.12/site-packages/oslo_config/cfg.py:2995}}
May 09 09:06:37.630540 np0000173027 devstack@n-api.service[100906]: DEBUG nova.api.openstack.wsgi_app [None req-01cc6e0b-8b4f-4883-adb8-ed6dc1a25e12 None None] compute_monitors = [] {{(pid=100906) log_opt_values /opt/stack/data/venv/lib/python3.12/site-packages/oslo_config/cfg.py:2995}}
May 09 09:06:37.630703 np0000173027 devstack@n-api.service[100906]: DEBUG nova.api.openstack.wsgi_app [None req-01cc6e0b-8b4f-4883-adb8-ed6dc1a25e12 None None] config_dir = [] {{(pid=100906) log_opt_values /opt/stack/data/venv/lib/python3.12/site-packages/oslo_config/cfg.py:2995}}
May 09 09:06:37.630815 np0000173027 devstack@n-api.service[100906]: DEBUG nova.api.openstack.wsgi_app [None req-01cc6e0b-8b4f-4883-adb8-ed6dc1a25e12 None None] config_drive_format = iso9660 {{(pid=100906) log_opt_values /opt/stack/data/venv/lib/python3.12/site-packages/oslo_config/cfg.py:2995}}
May 09 09:06:37.630996 np0000173027 devstack@n-api.service[100906]: DEBUG nova.api.openstack.wsgi_app [None req-01cc6e0b-8b4f-4883-adb8-ed6dc1a25e12 None None] config_file = ['/etc/nova/api-paste.ini', '/etc/nova/nova.conf'] {{(pid=100906) log_opt_values /opt/stack/data/venv/lib/python3.12/site-packages/oslo_config/cfg.py:2995}}
May 09 09:06:37.631116 np0000173027 devstack@n-api.service[100906]: DEBUG nova.api.openstack.wsgi_app [None req-01cc6e0b-8b4f-4883-adb8-ed6dc1a25e12 None None] config_source = [] {{(pid=100906) log_opt_values /opt/stack/data/venv/lib/python3.12/site-packages/oslo_config/cfg.py:2995}}
May 09 09:06:37.631209 np0000173027 devstack@n-api.service[100906]: DEBUG nova.api.openstack.wsgi_app [None req-01cc6e0b-8b4f-4883-adb8-ed6dc1a25e12 None None] console_host = np0000173027 {{(pid=100906) log_opt_values /opt/stack/data/venv/lib/python3.12/site-packages/oslo_config/cfg.py:2995}}
May 09 09:06:37.631355 np0000173027 devstack@n-api.service[100906]: DEBUG nova.api.openstack.wsgi_app [None req-01cc6e0b-8b4f-4883-adb8-ed6dc1a25e12 None None] control_exchange = nova {{(pid=100906) log_opt_values /opt/stack/data/venv/lib/python3.12/site-packages/oslo_config/cfg.py:2995}}
May 09 09:06:37.631418 np0000173027 devstack@n-api.service[100906]: DEBUG nova.api.openstack.wsgi_app [None req-01cc6e0b-8b4f-4883-adb8-ed6dc1a25e12 None None] cpu_allocation_ratio = None {{(pid=100906) log_opt_values /opt/stack/data/venv/lib/python3.12/site-packages/oslo_config/cfg.py:2995}}
May 09 09:06:37.631565 np0000173027 devstack@n-api.service[100906]: DEBUG nova.api.openstack.wsgi_app [None req-01cc6e0b-8b4f-4883-adb8-ed6dc1a25e12 None None] daemon = False {{(pid=100906) log_opt_values /opt/stack/data/venv/lib/python3.12/site-packages/oslo_config/cfg.py:2995}}
May 09 09:06:37.631721 np0000173027 devstack@n-api.service[100906]: DEBUG nova.api.openstack.wsgi_app [None req-01cc6e0b-8b4f-4883-adb8-ed6dc1a25e12 None None] debug = True {{(pid=100906) log_opt_values /opt/stack/data/venv/lib/python3.12/site-packages/oslo_config/cfg.py:2995}}
May 09 09:06:37.631855 np0000173027 devstack@n-api.service[100906]: DEBUG nova.api.openstack.wsgi_app [None req-01cc6e0b-8b4f-4883-adb8-ed6dc1a25e12 None None] default_access_ip_network_name = None {{(pid=100906) log_opt_values /opt/stack/data/venv/lib/python3.12/site-packages/oslo_config/cfg.py:2995}}
May 09 09:06:37.632018 np0000173027 devstack@n-api.service[100906]: DEBUG nova.api.openstack.wsgi_app [None req-01cc6e0b-8b4f-4883-adb8-ed6dc1a25e12 None None] default_availability_zone = nova {{(pid=100906) log_opt_values /opt/stack/data/venv/lib/python3.12/site-packages/oslo_config/cfg.py:2995}}
May 09 09:06:37.632163 np0000173027 devstack@n-api.service[100906]: DEBUG nova.api.openstack.wsgi_app [None req-01cc6e0b-8b4f-4883-adb8-ed6dc1a25e12 None None] default_ephemeral_format = ext4 {{(pid=100906) log_opt_values /opt/stack/data/venv/lib/python3.12/site-packages/oslo_config/cfg.py:2995}}
May 09 09:06:37.632310 np0000173027 devstack@n-api.service[100906]: DEBUG nova.api.openstack.wsgi_app [None req-01cc6e0b-8b4f-4883-adb8-ed6dc1a25e12 None None] default_green_pool_size = 1000 {{(pid=100906) log_opt_values /opt/stack/data/venv/lib/python3.12/site-packages/oslo_config/cfg.py:2995}}
May 09 09:06:37.632508 np0000173027 devstack@n-api.service[100906]: DEBUG nova.api.openstack.wsgi_app [None req-01cc6e0b-8b4f-4883-adb8-ed6dc1a25e12 None None] default_log_levels = ['amqp=WARN', 'boto=WARN', 'sqlalchemy=WARN', 'suds=INFO', 'oslo.messaging=INFO', 'oslo_messaging=INFO', 'iso8601=WARN', 'requests.packages.urllib3.connectionpool=WARN', 'urllib3.connectionpool=WARN', 'websocket=WARN', 'requests.packages.urllib3.util.retry=WARN', 'urllib3.util.retry=WARN', 'keystonemiddleware=WARN', 'routes.middleware=WARN', 'stevedore=WARN', 'taskflow=WARN', 'keystoneauth=WARN', 'oslo.cache=INFO', 'oslo_policy=INFO', 'dogpile.core.dogpile=INFO', 'glanceclient=WARN', 'oslo.privsep.daemon=INFO'] {{(pid=100906) log_opt_values /opt/stack/data/venv/lib/python3.12/site-packages/oslo_config/cfg.py:2995}}
May 09 09:06:37.632812 np0000173027 devstack@n-api.service[100906]: DEBUG nova.api.openstack.wsgi_app [None req-01cc6e0b-8b4f-4883-adb8-ed6dc1a25e12 None None] default_schedule_zone = None {{(pid=100906) log_opt_values /opt/stack/data/venv/lib/python3.12/site-packages/oslo_config/cfg.py:2995}}
May 09 09:06:37.632812 np0000173027 devstack@n-api.service[100906]: DEBUG nova.api.openstack.wsgi_app [None req-01cc6e0b-8b4f-4883-adb8-ed6dc1a25e12 None None] default_thread_pool_size = 10 {{(pid=100906) log_opt_values /opt/stack/data/venv/lib/python3.12/site-packages/oslo_config/cfg.py:2995}}
May 09 09:06:37.633017 np0000173027 devstack@n-api.service[100906]: DEBUG nova.api.openstack.wsgi_app [None req-01cc6e0b-8b4f-4883-adb8-ed6dc1a25e12 None None] disk_allocation_ratio = None {{(pid=100906) log_opt_values /opt/stack/data/venv/lib/python3.12/site-packages/oslo_config/cfg.py:2995}}
May 09 09:06:37.633017 np0000173027 devstack@n-api.service[100906]: DEBUG nova.api.openstack.wsgi_app [None req-01cc6e0b-8b4f-4883-adb8-ed6dc1a25e12 None None] enable_new_services = True {{(pid=100906) log_opt_values /opt/stack/data/venv/lib/python3.12/site-packages/oslo_config/cfg.py:2995}}
May 09 09:06:37.633257 np0000173027 devstack@n-api.service[100906]: DEBUG nova.api.openstack.wsgi_app [None req-01cc6e0b-8b4f-4883-adb8-ed6dc1a25e12 None None] flat_injected = False {{(pid=100906) log_opt_values /opt/stack/data/venv/lib/python3.12/site-packages/oslo_config/cfg.py:2995}}
May 09 09:06:37.633383 np0000173027 devstack@n-api.service[100906]: DEBUG nova.api.openstack.wsgi_app [None req-01cc6e0b-8b4f-4883-adb8-ed6dc1a25e12 None None] force_config_drive = False {{(pid=100906) log_opt_values /opt/stack/data/venv/lib/python3.12/site-packages/oslo_config/cfg.py:2995}}
May 09 09:06:37.633488 np0000173027 devstack@n-api.service[100906]: DEBUG nova.api.openstack.wsgi_app [None req-01cc6e0b-8b4f-4883-adb8-ed6dc1a25e12 None None] force_raw_images = True {{(pid=100906) log_opt_values /opt/stack/data/venv/lib/python3.12/site-packages/oslo_config/cfg.py:2995}}
May 09 09:06:37.633614 np0000173027 devstack@n-api.service[100906]: DEBUG nova.api.openstack.wsgi_app [None req-01cc6e0b-8b4f-4883-adb8-ed6dc1a25e12 None None] graceful_shutdown_timeout = 5 {{(pid=100906) log_opt_values /opt/stack/data/venv/lib/python3.12/site-packages/oslo_config/cfg.py:2995}}
May 09 09:06:37.633734 np0000173027 devstack@n-api.service[100906]: DEBUG nova.api.openstack.wsgi_app [None req-01cc6e0b-8b4f-4883-adb8-ed6dc1a25e12 None None] heal_instance_info_cache_interval = -1 {{(pid=100906) log_opt_values /opt/stack/data/venv/lib/python3.12/site-packages/oslo_config/cfg.py:2995}}
May 09 09:06:37.633859 np0000173027 devstack@n-api.service[100906]: DEBUG nova.api.openstack.wsgi_app [None req-01cc6e0b-8b4f-4883-adb8-ed6dc1a25e12 None None] host = np0000173027 {{(pid=100906) log_opt_values /opt/stack/data/venv/lib/python3.12/site-packages/oslo_config/cfg.py:2995}}
