Mar 25 13:35:20.280351 np0000160569 neutron-periodic-workers[105637]: DEBUG cotyledon.oslo_config_glue [-] ml2.project_network_types = ['geneve'] {{(pid=105637) log_opt_values /opt/stack/data/venv/lib/python3.12/site-packages/oslo_config/cfg.py:3006}}
Mar 25 13:35:20.280351 np0000160569 neutron-periodic-workers[105637]: DEBUG cotyledon.oslo_config_glue [-] ml2.tunnelled_network_rp_name = rp_tunnelled {{(pid=105637) log_opt_values /opt/stack/data/venv/lib/python3.12/site-packages/oslo_config/cfg.py:3006}}
Mar 25 13:35:20.280351 np0000160569 neutron-periodic-workers[105637]: DEBUG cotyledon.oslo_config_glue [-] ml2.type_drivers = ['local', 'flat', 'vlan', 'geneve'] {{(pid=105637) log_opt_values /opt/stack/data/venv/lib/python3.12/site-packages/oslo_config/cfg.py:3006}}
Mar 25 13:35:20.280351 np0000160569 neutron-periodic-workers[105637]: DEBUG cotyledon.oslo_config_glue [-] ml2_type_flat.flat_networks = ['public'] {{(pid=105637) log_opt_values /opt/stack/data/venv/lib/python3.12/site-packages/oslo_config/cfg.py:3006}}
Mar 25 13:35:20.280351 np0000160569 neutron-periodic-workers[105637]: DEBUG cotyledon.oslo_config_glue [-] ml2_type_geneve.max_header_size = 38 {{(pid=105637) log_opt_values /opt/stack/data/venv/lib/python3.12/site-packages/oslo_config/cfg.py:3006}}
Mar 25 13:35:20.280351 np0000160569 neutron-periodic-workers[105637]: DEBUG cotyledon.oslo_config_glue [-] ml2_type_geneve.vni_ranges = ['1:65536'] {{(pid=105637) log_opt_values /opt/stack/data/venv/lib/python3.12/site-packages/oslo_config/cfg.py:3006}}
Mar 25 13:35:20.280567 np0000160569 neutron-periodic-workers[105637]: DEBUG cotyledon.oslo_config_glue [-] ml2_type_vlan.network_vlan_ranges = ['public'] {{(pid=105637) log_opt_values /opt/stack/data/venv/lib/python3.12/site-packages/oslo_config/cfg.py:3006}}
Mar 25 13:35:20.280567 np0000160569 neutron-periodic-workers[105637]: DEBUG cotyledon.oslo_config_glue [-] network_log.burst_limit = 25 {{(pid=105637) log_opt_values /opt/stack/data/venv/lib/python3.12/site-packages/oslo_config/cfg.py:3006}}
Mar 25 13:35:20.280567 np0000160569 neutron-periodic-workers[105637]: DEBUG cotyledon.oslo_config_glue [-] network_log.local_output_log_base = None {{(pid=105637) log_opt_values /opt/stack/data/venv/lib/python3.12/site-packages/oslo_config/cfg.py:3006}}
Mar 25 13:35:20.280567 np0000160569 neutron-periodic-workers[105637]: DEBUG cotyledon.oslo_config_glue [-] network_log.rate_limit = 100 {{(pid=105637) log_opt_values /opt/stack/data/venv/lib/python3.12/site-packages/oslo_config/cfg.py:3006}}
Mar 25 13:35:20.280567 np0000160569 neutron-periodic-workers[105637]: DEBUG cotyledon.oslo_config_glue [-] database.asyncio_connection = **** {{(pid=105637) log_opt_values /opt/stack/data/venv/lib/python3.12/site-packages/oslo_config/cfg.py:3006}}
Mar 25 13:35:20.280567 np0000160569 neutron-periodic-workers[105637]: DEBUG cotyledon.oslo_config_glue [-] database.asyncio_slave_connection = **** {{(pid=105637) log_opt_values /opt/stack/data/venv/lib/python3.12/site-packages/oslo_config/cfg.py:3006}}
Mar 25 13:35:20.280567 np0000160569 neutron-periodic-workers[105637]: DEBUG cotyledon.oslo_config_glue [-] database.backend = sqlalchemy {{(pid=105637) log_opt_values /opt/stack/data/venv/lib/python3.12/site-packages/oslo_config/cfg.py:3006}}
Mar 25 13:35:20.280567 np0000160569 neutron-periodic-workers[105637]: DEBUG cotyledon.oslo_config_glue [-] database.connection = **** {{(pid=105637) log_opt_values /opt/stack/data/venv/lib/python3.12/site-packages/oslo_config/cfg.py:3006}}
Mar 25 13:35:20.280567 np0000160569 neutron-periodic-workers[105637]: DEBUG cotyledon.oslo_config_glue [-] database.connection_debug = 0 {{(pid=105637) log_opt_values /opt/stack/data/venv/lib/python3.12/site-packages/oslo_config/cfg.py:3006}}
Mar 25 13:35:20.280787 np0000160569 neutron-periodic-workers[105637]: DEBUG cotyledon.oslo_config_glue [-] database.connection_parameters = {{(pid=105637) log_opt_values /opt/stack/data/venv/lib/python3.12/site-packages/oslo_config/cfg.py:3006}}
Mar 25 13:35:20.280787 np0000160569 neutron-periodic-workers[105637]: DEBUG cotyledon.oslo_config_glue [-] database.connection_recycle_time = 3600 {{(pid=105637) log_opt_values /opt/stack/data/venv/lib/python3.12/site-packages/oslo_config/cfg.py:3006}}
Mar 25 13:35:20.280787 np0000160569 neutron-periodic-workers[105637]: DEBUG cotyledon.oslo_config_glue [-] database.connection_trace = False {{(pid=105637) log_opt_values /opt/stack/data/venv/lib/python3.12/site-packages/oslo_config/cfg.py:3006}}
Mar 25 13:35:20.280787 np0000160569 neutron-periodic-workers[105637]: DEBUG cotyledon.oslo_config_glue [-] database.db_inc_retry_interval = True {{(pid=105637) log_opt_values /opt/stack/data/venv/lib/python3.12/site-packages/oslo_config/cfg.py:3006}}
Mar 25 13:35:20.280787 np0000160569 neutron-periodic-workers[105637]: DEBUG cotyledon.oslo_config_glue [-] database.db_max_retries = 20 {{(pid=105637) log_opt_values /opt/stack/data/venv/lib/python3.12/site-packages/oslo_config/cfg.py:3006}}
Mar 25 13:35:20.280787 np0000160569 neutron-periodic-workers[105637]: DEBUG cotyledon.oslo_config_glue [-] database.db_max_retry_interval = 10 {{(pid=105637) log_opt_values /opt/stack/data/venv/lib/python3.12/site-packages/oslo_config/cfg.py:3006}}
Mar 25 13:35:20.280787 np0000160569 neutron-periodic-workers[105637]: DEBUG cotyledon.oslo_config_glue [-] database.db_retry_interval = 1 {{(pid=105637) log_opt_values /opt/stack/data/venv/lib/python3.12/site-packages/oslo_config/cfg.py:3006}}
Mar 25 13:35:20.280787 np0000160569 neutron-periodic-workers[105637]: DEBUG cotyledon.oslo_config_glue [-] database.max_overflow = 50 {{(pid=105637) log_opt_values /opt/stack/data/venv/lib/python3.12/site-packages/oslo_config/cfg.py:3006}}
Mar 25 13:35:20.280787 np0000160569 neutron-periodic-workers[105637]: DEBUG cotyledon.oslo_config_glue [-] database.max_pool_size = 5 {{(pid=105637) log_opt_values /opt/stack/data/venv/lib/python3.12/site-packages/oslo_config/cfg.py:3006}}
Mar 25 13:35:20.281025 np0000160569 neutron-periodic-workers[105637]: DEBUG cotyledon.oslo_config_glue [-] database.max_retries = 10 {{(pid=105637) log_opt_values /opt/stack/data/venv/lib/python3.12/site-packages/oslo_config/cfg.py:3006}}
Mar 25 13:35:20.281025 np0000160569 neutron-periodic-workers[105637]: DEBUG cotyledon.oslo_config_glue [-] database.mysql_sql_mode = TRADITIONAL {{(pid=105637) log_opt_values /opt/stack/data/venv/lib/python3.12/site-packages/oslo_config/cfg.py:3006}}
Mar 25 13:35:20.281025 np0000160569 neutron-periodic-workers[105637]: DEBUG cotyledon.oslo_config_glue [-] database.mysql_wsrep_sync_wait = None {{(pid=105637) log_opt_values /opt/stack/data/venv/lib/python3.12/site-packages/oslo_config/cfg.py:3006}}
Mar 25 13:35:20.281025 np0000160569 neutron-periodic-workers[105637]: DEBUG cotyledon.oslo_config_glue [-] database.pool_timeout = None {{(pid=105637) log_opt_values /opt/stack/data/venv/lib/python3.12/site-packages/oslo_config/cfg.py:3006}}
Mar 25 13:35:20.281025 np0000160569 neutron-periodic-workers[105637]: DEBUG cotyledon.oslo_config_glue [-] database.retry_interval = 10 {{(pid=105637) log_opt_values /opt/stack/data/venv/lib/python3.12/site-packages/oslo_config/cfg.py:3006}}
Mar 25 13:35:20.281025 np0000160569 neutron-periodic-workers[105637]: DEBUG cotyledon.oslo_config_glue [-] database.slave_connection = **** {{(pid=105637) log_opt_values /opt/stack/data/venv/lib/python3.12/site-packages/oslo_config/cfg.py:3006}}
Mar 25 13:35:20.281025 np0000160569 neutron-periodic-workers[105637]: DEBUG cotyledon.oslo_config_glue [-] database.sqlite_synchronous = True {{(pid=105637) log_opt_values /opt/stack/data/venv/lib/python3.12/site-packages/oslo_config/cfg.py:3006}}
Mar 25 13:35:20.281025 np0000160569 neutron-periodic-workers[105637]: DEBUG cotyledon.oslo_config_glue [-] database.synchronous_reader = True {{(pid=105637) log_opt_values /opt/stack/data/venv/lib/python3.12/site-packages/oslo_config/cfg.py:3006}}
Mar 25 13:35:20.281025 np0000160569 neutron-periodic-workers[105637]: DEBUG cotyledon.oslo_config_glue [-] database.use_db_reconnect = False {{(pid=105637) log_opt_values /opt/stack/data/venv/lib/python3.12/site-packages/oslo_config/cfg.py:3006}}
Mar 25 13:35:20.281256 np0000160569 neutron-periodic-workers[105637]: DEBUG cotyledon.oslo_config_glue [-] ovn.bfd_min_rx = 1000 {{(pid=105637) log_opt_values /opt/stack/data/venv/lib/python3.12/site-packages/oslo_config/cfg.py:3006}}
Mar 25 13:35:20.281256 np0000160569 neutron-periodic-workers[105637]: DEBUG cotyledon.oslo_config_glue [-] ovn.bfd_min_tx = 100 {{(pid=105637) log_opt_values /opt/stack/data/venv/lib/python3.12/site-packages/oslo_config/cfg.py:3006}}
Mar 25 13:35:20.281256 np0000160569 neutron-periodic-workers[105637]: DEBUG cotyledon.oslo_config_glue [-] ovn.bfd_mult = 3 {{(pid=105637) log_opt_values /opt/stack/data/venv/lib/python3.12/site-packages/oslo_config/cfg.py:3006}}
Mar 25 13:35:20.281256 np0000160569 neutron-periodic-workers[105637]: DEBUG cotyledon.oslo_config_glue [-] ovn.broadcast_arps_to_all_routers = True {{(pid=105637) log_opt_values /opt/stack/data/venv/lib/python3.12/site-packages/oslo_config/cfg.py:3006}}
Mar 25 13:35:20.281256 np0000160569 neutron-periodic-workers[105637]: DEBUG cotyledon.oslo_config_glue [-] ovn.dhcp_default_lease_time = 43200 {{(pid=105637) log_opt_values /opt/stack/data/venv/lib/python3.12/site-packages/oslo_config/cfg.py:3006}}
Mar 25 13:35:20.281256 np0000160569 neutron-periodic-workers[105637]: DEBUG cotyledon.oslo_config_glue [-] ovn.disable_ovn_dhcp_for_baremetal_ports = False {{(pid=105637) log_opt_values /opt/stack/data/venv/lib/python3.12/site-packages/oslo_config/cfg.py:3006}}
Mar 25 13:35:20.281256 np0000160569 neutron-periodic-workers[105637]: DEBUG cotyledon.oslo_config_glue [-] ovn.dns_records_ovn_owned = False {{(pid=105637) log_opt_values /opt/stack/data/venv/lib/python3.12/site-packages/oslo_config/cfg.py:3006}}
Mar 25 13:35:20.281256 np0000160569 neutron-periodic-workers[105637]: DEBUG cotyledon.oslo_config_glue [-] ovn.dns_servers = [] {{(pid=105637) log_opt_values /opt/stack/data/venv/lib/python3.12/site-packages/oslo_config/cfg.py:3006}}
Mar 25 13:35:20.281256 np0000160569 neutron-periodic-workers[105637]: DEBUG cotyledon.oslo_config_glue [-] ovn.enable_distributed_floating_ip = False {{(pid=105637) log_opt_values /opt/stack/data/venv/lib/python3.12/site-packages/oslo_config/cfg.py:3006}}
Mar 25 13:35:20.281567 np0000160569 neutron-periodic-workers[105637]: DEBUG cotyledon.oslo_config_glue [-] ovn.fdb_age_threshold = 300 {{(pid=105637) log_opt_values /opt/stack/data/venv/lib/python3.12/site-packages/oslo_config/cfg.py:3006}}
Mar 25 13:35:20.281567 np0000160569 neutron-periodic-workers[105637]: DEBUG cotyledon.oslo_config_glue [-] ovn.ha_failover_strategy = normal {{(pid=105637) log_opt_values /opt/stack/data/venv/lib/python3.12/site-packages/oslo_config/cfg.py:3006}}
Mar 25 13:35:20.281567 np0000160569 neutron-periodic-workers[105637]: DEBUG cotyledon.oslo_config_glue [-] ovn.live_migration_activation_strategy = rarp {{(pid=105637) log_opt_values /opt/stack/data/venv/lib/python3.12/site-packages/oslo_config/cfg.py:3006}}
Mar 25 13:35:20.281567 np0000160569 neutron-periodic-workers[105637]: DEBUG cotyledon.oslo_config_glue [-] ovn.localnet_learn_fdb = False {{(pid=105637) log_opt_values /opt/stack/data/venv/lib/python3.12/site-packages/oslo_config/cfg.py:3006}}
Mar 25 13:35:20.281567 np0000160569 neutron-periodic-workers[105637]: DEBUG cotyledon.oslo_config_glue [-] ovn.mac_binding_age_threshold = 300 {{(pid=105637) log_opt_values /opt/stack/data/venv/lib/python3.12/site-packages/oslo_config/cfg.py:3006}}
Mar 25 13:35:20.281567 np0000160569 neutron-periodic-workers[105637]: DEBUG cotyledon.oslo_config_glue [-] ovn.neutron_sync_mode = log {{(pid=105637) log_opt_values /opt/stack/data/venv/lib/python3.12/site-packages/oslo_config/cfg.py:3006}}
Mar 25 13:35:20.281567 np0000160569 neutron-periodic-workers[105637]: DEBUG cotyledon.oslo_config_glue [-] ovn.ovn_dhcp4_global_options = {} {{(pid=105637) log_opt_values /opt/stack/data/venv/lib/python3.12/site-packages/oslo_config/cfg.py:3006}}
Mar 25 13:35:20.281567 np0000160569 neutron-periodic-workers[105637]: DEBUG cotyledon.oslo_config_glue [-] ovn.ovn_dhcp6_global_options = {} {{(pid=105637) log_opt_values /opt/stack/data/venv/lib/python3.12/site-packages/oslo_config/cfg.py:3006}}
Mar 25 13:35:20.281567 np0000160569 neutron-periodic-workers[105637]: DEBUG cotyledon.oslo_config_glue [-] ovn.ovn_l3_scheduler = leastloaded {{(pid=105637) log_opt_values /opt/stack/data/venv/lib/python3.12/site-packages/oslo_config/cfg.py:3006}}
Mar 25 13:35:20.281792 np0000160569 neutron-periodic-workers[105637]: DEBUG cotyledon.oslo_config_glue [-] ovn.ovn_metadata_enabled = True {{(pid=105637) log_opt_values /opt/stack/data/venv/lib/python3.12/site-packages/oslo_config/cfg.py:3006}}
Mar 25 13:35:20.281792 np0000160569 neutron-periodic-workers[105637]: DEBUG cotyledon.oslo_config_glue [-] ovn.ovn_nb_ca_cert = /opt/stack/data/CA/int-ca/ca-chain.pem {{(pid=105637) log_opt_values /opt/stack/data/venv/lib/python3.12/site-packages/oslo_config/cfg.py:3006}}
Mar 25 13:35:20.281792 np0000160569 neutron-periodic-workers[105637]: DEBUG cotyledon.oslo_config_glue [-] ovn.ovn_nb_certificate = /opt/stack/data/CA/int-ca/devstack-cert.crt {{(pid=105637) log_opt_values /opt/stack/data/venv/lib/python3.12/site-packages/oslo_config/cfg.py:3006}}
Mar 25 13:35:20.281792 np0000160569 neutron-periodic-workers[105637]: DEBUG cotyledon.oslo_config_glue [-] ovn.ovn_nb_connection = ['ssl:199.204.45.78:6641'] {{(pid=105637) log_opt_values /opt/stack/data/venv/lib/python3.12/site-packages/oslo_config/cfg.py:3006}}
Mar 25 13:35:20.281792 np0000160569 neutron-periodic-workers[105637]: DEBUG cotyledon.oslo_config_glue [-] ovn.ovn_nb_private_key = /opt/stack/data/CA/int-ca/private/devstack-cert.key {{(pid=105637) log_opt_values /opt/stack/data/venv/lib/python3.12/site-packages/oslo_config/cfg.py:3006}}
Mar 25 13:35:20.281792 np0000160569 neutron-periodic-workers[105637]: DEBUG cotyledon.oslo_config_glue [-] ovn.ovn_router_indirect_snat = False {{(pid=105637) log_opt_values /opt/stack/data/venv/lib/python3.12/site-packages/oslo_config/cfg.py:3006}}
Mar 25 13:35:20.281792 np0000160569 neutron-periodic-workers[105637]: DEBUG cotyledon.oslo_config_glue [-] ovn.ovn_sb_ca_cert = /opt/stack/data/CA/int-ca/ca-chain.pem {{(pid=105637) log_opt_values /opt/stack/data/venv/lib/python3.12/site-packages/oslo_config/cfg.py:3006}}
Mar 25 13:35:20.281792 np0000160569 neutron-periodic-workers[105637]: DEBUG cotyledon.oslo_config_glue [-] ovn.ovn_sb_certificate = /opt/stack/data/CA/int-ca/devstack-cert.crt {{(pid=105637) log_opt_values /opt/stack/data/venv/lib/python3.12/site-packages/oslo_config/cfg.py:3006}}
Mar 25 13:35:20.282196 np0000160569 neutron-periodic-workers[105637]: DEBUG cotyledon.oslo_config_glue [-] ovn.ovn_sb_connection = ['ssl:199.204.45.78:6642'] {{(pid=105637) log_opt_values /opt/stack/data/venv/lib/python3.12/site-packages/oslo_config/cfg.py:3006}}
Mar 25 13:35:20.282196 np0000160569 neutron-periodic-workers[105637]: DEBUG cotyledon.oslo_config_glue [-] ovn.ovn_sb_private_key = /opt/stack/data/CA/int-ca/private/devstack-cert.key {{(pid=105637) log_opt_values /opt/stack/data/venv/lib/python3.12/site-packages/oslo_config/cfg.py:3006}}
Mar 25 13:35:20.282196 np0000160569 neutron-periodic-workers[105637]: DEBUG cotyledon.oslo_config_glue [-] ovn.ovs_create_tap = False {{(pid=105637) log_opt_values /opt/stack/data/venv/lib/python3.12/site-packages/oslo_config/cfg.py:3006}}
Mar 25 13:35:20.282196 np0000160569 neutron-periodic-workers[105637]: DEBUG cotyledon.oslo_config_glue [-] ovn.ovsdb_connection_timeout = 180 {{(pid=105637) log_opt_values /opt/stack/data/venv/lib/python3.12/site-packages/oslo_config/cfg.py:3006}}
Mar 25 13:35:20.282196 np0000160569 neutron-periodic-workers[105637]: DEBUG cotyledon.oslo_config_glue [-] ovn.ovsdb_log_level = INFO {{(pid=105637) log_opt_values /opt/stack/data/venv/lib/python3.12/site-packages/oslo_config/cfg.py:3006}}
Mar 25 13:35:20.282196 np0000160569 neutron-periodic-workers[105637]: DEBUG cotyledon.oslo_config_glue [-] ovn.ovsdb_probe_interval = 60000 {{(pid=105637) log_opt_values /opt/stack/data/venv/lib/python3.12/site-packages/oslo_config/cfg.py:3006}}
Mar 25 13:35:20.282196 np0000160569 neutron-periodic-workers[105637]: DEBUG cotyledon.oslo_config_glue [-] ovn.ovsdb_retry_max_interval = 180 {{(pid=105637) log_opt_values /opt/stack/data/venv/lib/python3.12/site-packages/oslo_config/cfg.py:3006}}
Mar 25 13:35:20.282196 np0000160569 neutron-periodic-workers[105637]: DEBUG cotyledon.oslo_config_glue [-] ovn.stateless_nat_enabled = False {{(pid=105637) log_opt_values /opt/stack/data/venv/lib/python3.12/site-packages/oslo_config/cfg.py:3006}}
Mar 25 13:35:20.282196 np0000160569 neutron-periodic-workers[105637]: DEBUG cotyledon.oslo_config_glue [-] ovn.vhost_sock_dir = /var/run/openvswitch {{(pid=105637) log_opt_values /opt/stack/data/venv/lib/python3.12/site-packages/oslo_config/cfg.py:3006}}
Mar 25 13:35:20.282452 np0000160569 neutron-periodic-workers[105637]: DEBUG cotyledon.oslo_config_glue [-] OVS.bridge_mac_table_size = 50000 {{(pid=105637) log_opt_values /opt/stack/data/venv/lib/python3.12/site-packages/oslo_config/cfg.py:3006}}
Mar 25 13:35:20.282452 np0000160569 neutron-periodic-workers[105637]: DEBUG cotyledon.oslo_config_glue [-] OVS.igmp_flood = False {{(pid=105637) log_opt_values /opt/stack/data/venv/lib/python3.12/site-packages/oslo_config/cfg.py:3006}}
Mar 25 13:35:20.282452 np0000160569 neutron-periodic-workers[105637]: DEBUG cotyledon.oslo_config_glue [-] OVS.igmp_flood_reports = True {{(pid=105637) log_opt_values /opt/stack/data/venv/lib/python3.12/site-packages/oslo_config/cfg.py:3006}}
Mar 25 13:35:20.282452 np0000160569 neutron-periodic-workers[105637]: DEBUG cotyledon.oslo_config_glue [-] OVS.igmp_flood_unregistered = False {{(pid=105637) log_opt_values /opt/stack/data/venv/lib/python3.12/site-packages/oslo_config/cfg.py:3006}}
Mar 25 13:35:20.282452 np0000160569 neutron-periodic-workers[105637]: DEBUG cotyledon.oslo_config_glue [-] OVS.igmp_snooping_enable = False {{(pid=105637) log_opt_values /opt/stack/data/venv/lib/python3.12/site-packages/oslo_config/cfg.py:3006}}
Mar 25 13:35:20.282452 np0000160569 neutron-periodic-workers[105637]: DEBUG cotyledon.oslo_config_glue [-] OVS.ovsdb_timeout = 10 {{(pid=105637) log_opt_values /opt/stack/data/venv/lib/python3.12/site-packages/oslo_config/cfg.py:3006}}
Mar 25 13:35:20.282452 np0000160569 neutron-periodic-workers[105637]: DEBUG cotyledon.oslo_config_glue [-] ovn_nb_global.fdb_removal_limit = 0 {{(pid=105637) log_opt_values /opt/stack/data/venv/lib/python3.12/site-packages/oslo_config/cfg.py:3006}}
Mar 25 13:35:20.282452 np0000160569 neutron-periodic-workers[105637]: DEBUG cotyledon.oslo_config_glue [-] ovn_nb_global.ignore_lsp_down = False {{(pid=105637) log_opt_values /opt/stack/data/venv/lib/python3.12/site-packages/oslo_config/cfg.py:3006}}
Mar 25 13:35:20.282452 np0000160569 neutron-periodic-workers[105637]: DEBUG cotyledon.oslo_config_glue [-] ovn_nb_global.mac_binding_removal_limit = 0 {{(pid=105637) log_opt_values /opt/stack/data/venv/lib/python3.12/site-packages/oslo_config/cfg.py:3006}}
Mar 25 13:35:20.282850 np0000160569 neutron-periodic-workers[105637]: DEBUG cotyledon.oslo_config_glue [-] ******************************************************************************** {{(pid=105637) log_opt_values /opt/stack/data/venv/lib/python3.12/site-packages/oslo_config/cfg.py:3013}}
Mar 25 13:35:20.282850 np0000160569 neutron-periodic-workers[105637]: DEBUG cotyledon._service_worker [-] Run service ServiceWrapper(0) [105637] {{(pid=105637) wait_forever /opt/stack/data/venv/lib/python3.12/site-packages/cotyledon/_service_worker.py:218}}
Mar 25 13:35:29.852139 np0000160569 neutron-periodic-workers[104823]: DEBUG dbcounter [-] [104823] Writing DB stats neutron:SELECT=4 {{(pid=104823) stat_writer /opt/stack/data/venv/lib/python3.12/site-packages/dbcounter.py:115}}
Mar 25 13:36:01.229096 np0000160569 neutron-periodic-workers[105610]: DEBUG oslo_db.sqlalchemy.engines [None req-d39bd726-7676-482a-a5b3-e7067346daec None None] Parent process 104823 forked (105610) with an open database connection, which is being discarded and recreated. {{(pid=105610) checkout /opt/stack/data/venv/lib/python3.12/site-packages/oslo_db/sqlalchemy/engines.py:402}}
Mar 25 13:36:01.239841 np0000160569 neutron-periodic-workers[105610]: DEBUG dbcounter [-] [105610] Writer thread running {{(pid=105610) stat_writer /opt/stack/data/venv/lib/python3.12/site-packages/dbcounter.py:102}}
Mar 25 13:36:01.251127 np0000160569 neutron-periodic-workers[105610]: DEBUG oslo.service.backend._threading.loopingcall [None req-d39bd726-7676-482a-a5b3-e7067346daec None None] Fixed interval looping call 'neutron.plugins.ml2.plugin.DhcpAgentSchedulerDbMixin.remove_networks_from_down_agents' sleeping for 36.97 seconds {{(pid=105610) _run_loop /opt/stack/data/venv/lib/python3.12/site-packages/oslo_service/backend/_threading/loopingcall.py:125}}
Mar 25 13:36:11.249978 np0000160569 neutron-periodic-workers[105610]: DEBUG dbcounter [-] [105610] Writing DB stats neutron:SELECT=3 {{(pid=105610) stat_writer /opt/stack/data/venv/lib/python3.12/site-packages/dbcounter.py:115}}
Mar 25 13:36:20.264351 np0000160569 neutron-periodic-workers[105616]: DEBUG dbcounter [-] [105616] Writer thread running {{(pid=105616) stat_writer /opt/stack/data/venv/lib/python3.12/site-packages/dbcounter.py:102}}
Mar 25 13:36:20.268054 np0000160569 neutron-periodic-workers[105616]: DEBUG neutron.db.agents_db [None req-63a4b300-d7c4-41c6-8d40-10e209eebf3f None None] Agent healthcheck: found 0 active agents {{(pid=105616) agent_health_check /opt/stack/neutron/neutron/db/agents_db.py:317}}
Mar 25 13:36:20.268232 np0000160569 neutron-periodic-workers[105616]: DEBUG oslo.service.backend._threading.loopingcall [None req-63a4b300-d7c4-41c6-8d40-10e209eebf3f None None] Fixed interval looping call 'neutron.plugins.ml2.plugin.AgentDbMixin.agent_health_check' sleeping for 36.98 seconds {{(pid=105616) _run_loop /opt/stack/data/venv/lib/python3.12/site-packages/oslo_service/backend/_threading/loopingcall.py:125}}
Mar 25 13:36:23.315081 np0000160569 neutron-periodic-workers[105637]: DEBUG dbcounter [-] [105637] Writer thread running {{(pid=105637) stat_writer /opt/stack/data/venv/lib/python3.12/site-packages/dbcounter.py:102}}
Mar 25 13:36:23.328225 np0000160569 neutron-periodic-workers[105637]: DEBUG oslo.service.backend._threading.loopingcall [None req-1106d581-a826-4329-a8f0-7faae03b7f00 None None] Fixed interval looping call 'neutron.services.ovn_l3.plugin.L3_NAT_dbonly_mixin._clean_garbage' sleeping for 299.95 seconds {{(pid=105637) _run_loop /opt/stack/data/venv/lib/python3.12/site-packages/oslo_service/backend/_threading/loopingcall.py:125}}
Mar 25 13:36:30.265101 np0000160569 neutron-periodic-workers[105616]: DEBUG dbcounter [-] [105616] Writing DB stats neutron:SELECT=1 {{(pid=105616) stat_writer /opt/stack/data/venv/lib/python3.12/site-packages/dbcounter.py:115}}
Mar 25 13:36:33.315665 np0000160569 neutron-periodic-workers[105637]: DEBUG dbcounter [-] [105637] Writing DB stats neutron:SELECT=1 {{(pid=105637) stat_writer /opt/stack/data/venv/lib/python3.12/site-packages/dbcounter.py:115}}
Mar 25 13:36:38.231664 np0000160569 neutron-periodic-workers[105610]: DEBUG oslo.service.backend._threading.loopingcall [None req-d39bd726-7676-482a-a5b3-e7067346daec None None] Fixed interval looping call 'neutron.plugins.ml2.plugin.DhcpAgentSchedulerDbMixin.remove_networks_from_down_agents' sleeping for 36.99 seconds {{(pid=105610) _run_loop /opt/stack/data/venv/lib/python3.12/site-packages/oslo_service/backend/_threading/loopingcall.py:125}}
Mar 25 13:36:48.230143 np0000160569 neutron-periodic-workers[105610]: DEBUG dbcounter [-] [105610] Writing DB stats neutron:SELECT=3 {{(pid=105610) stat_writer /opt/stack/data/venv/lib/python3.12/site-packages/dbcounter.py:115}}
Mar 25 13:36:57.253256 np0000160569 neutron-periodic-workers[105616]: DEBUG neutron.db.agents_db [None req-63a4b300-d7c4-41c6-8d40-10e209eebf3f None None] Agent healthcheck: found 0 active agents {{(pid=105616) agent_health_check /opt/stack/neutron/neutron/db/agents_db.py:317}}
Mar 25 13:36:57.253800 np0000160569 neutron-periodic-workers[105616]: DEBUG oslo.service.backend._threading.loopingcall [None req-63a4b300-d7c4-41c6-8d40-10e209eebf3f None None] Fixed interval looping call 'neutron.plugins.ml2.plugin.AgentDbMixin.agent_health_check' sleeping for 37.00 seconds {{(pid=105616) _run_loop /opt/stack/data/venv/lib/python3.12/site-packages/oslo_service/backend/_threading/loopingcall.py:125}}
Mar 25 13:37:07.251604 np0000160569 neutron-periodic-workers[105616]: DEBUG dbcounter [-] [105616] Writing DB stats neutron:SELECT=1 {{(pid=105616) stat_writer /opt/stack/data/venv/lib/python3.12/site-packages/dbcounter.py:115}}
Mar 25 13:37:15.231839 np0000160569 neutron-periodic-workers[105610]: DEBUG oslo.service.backend._threading.loopingcall [None req-d39bd726-7676-482a-a5b3-e7067346daec None None] Fixed interval looping call 'neutron.plugins.ml2.plugin.DhcpAgentSchedulerDbMixin.remove_networks_from_down_agents' sleeping for 36.99 seconds {{(pid=105610) _run_loop /opt/stack/data/venv/lib/python3.12/site-packages/oslo_service/backend/_threading/loopingcall.py:125}}
Mar 25 13:37:20.284348 np0000160569 neutron-periodic-workers[105629]: DEBUG dbcounter [-] [105629] Writer thread running {{(pid=105629) stat_writer /opt/stack/data/venv/lib/python3.12/site-packages/dbcounter.py:102}}
Mar 25 13:37:20.286556 np0000160569 neutron-periodic-workers[105629]: DEBUG oslo.service.backend._threading.loopingcall [None req-f77da488-6793-41bd-866a-489441bc1118 None None] Fixed interval looping call 'neutron.db.quota.driver_nolock.DbQuotaNoLockDriver._remove_expired_reservations' sleeping for 119.98 seconds {{(pid=105629) _run_loop /opt/stack/data/venv/lib/python3.12/site-packages/oslo_service/backend/_threading/loopingcall.py:125}}
Mar 25 13:37:25.230915 np0000160569 neutron-periodic-workers[105610]: DEBUG dbcounter [-] [105610] Writing DB stats neutron:SELECT=3 {{(pid=105610) stat_writer /opt/stack/data/venv/lib/python3.12/site-packages/dbcounter.py:115}}
Mar 25 13:37:30.285517 np0000160569 neutron-periodic-workers[105629]: DEBUG dbcounter [-] [105629] Writing DB stats neutron:DELETE=1 {{(pid=105629) stat_writer /opt/stack/data/venv/lib/python3.12/site-packages/dbcounter.py:115}}
Mar 25 13:37:34.259705 np0000160569 neutron-periodic-workers[105616]: DEBUG neutron.db.agents_db [None req-63a4b300-d7c4-41c6-8d40-10e209eebf3f None None] Agent healthcheck: found 0 active agents {{(pid=105616) agent_health_check /opt/stack/neutron/neutron/db/agents_db.py:317}}
Mar 25 13:37:34.260246 np0000160569 neutron-periodic-workers[105616]: DEBUG oslo.service.backend._threading.loopingcall [None req-63a4b300-d7c4-41c6-8d40-10e209eebf3f None None] Fixed interval looping call 'neutron.plugins.ml2.plugin.AgentDbMixin.agent_health_check' sleeping for 36.99 seconds {{(pid=105616) _run_loop /opt/stack/data/venv/lib/python3.12/site-packages/oslo_service/backend/_threading/loopingcall.py:125}}
Mar 25 13:37:44.272381 np0000160569 neutron-periodic-workers[105616]: DEBUG dbcounter [-] [105616] Writing DB stats neutron:SELECT=1 {{(pid=105616) stat_writer /opt/stack/data/venv/lib/python3.12/site-packages/dbcounter.py:115}}
Mar 25 13:37:52.232066 np0000160569 neutron-periodic-workers[105610]: DEBUG oslo.service.backend._threading.loopingcall [None req-d39bd726-7676-482a-a5b3-e7067346daec None None] Fixed interval looping call 'neutron.plugins.ml2.plugin.DhcpAgentSchedulerDbMixin.remove_networks_from_down_agents' sleeping for 36.99 seconds {{(pid=105610) _run_loop /opt/stack/data/venv/lib/python3.12/site-packages/oslo_service/backend/_threading/loopingcall.py:125}}
Mar 25 13:38:02.231239 np0000160569 neutron-periodic-workers[105610]: DEBUG dbcounter [-] [105610] Writing DB stats neutron:SELECT=3 {{(pid=105610) stat_writer /opt/stack/data/venv/lib/python3.12/site-packages/dbcounter.py:115}}
Mar 25 13:38:11.254257 np0000160569 neutron-periodic-workers[105616]: DEBUG neutron.db.agents_db [None req-63a4b300-d7c4-41c6-8d40-10e209eebf3f None None] Agent healthcheck: found 0 active agents {{(pid=105616) agent_health_check /opt/stack/neutron/neutron/db/agents_db.py:317}}
Mar 25 13:38:11.254813 np0000160569 neutron-periodic-workers[105616]: DEBUG oslo.service.backend._threading.loopingcall [None req-63a4b300-d7c4-41c6-8d40-10e209eebf3f None None] Fixed interval looping call 'neutron.plugins.ml2.plugin.AgentDbMixin.agent_health_check' sleeping for 37.00 seconds {{(pid=105616) _run_loop /opt/stack/data/venv/lib/python3.12/site-packages/oslo_service/backend/_threading/loopingcall.py:125}}
Mar 25 13:38:21.253852 np0000160569 neutron-periodic-workers[105616]: DEBUG dbcounter [-] [105616] Writing DB stats neutron:SELECT=1 {{(pid=105616) stat_writer /opt/stack/data/venv/lib/python3.12/site-packages/dbcounter.py:115}}
Mar 25 13:38:29.231802 np0000160569 neutron-periodic-workers[105610]: DEBUG oslo.service.backend._threading.loopingcall [None req-d39bd726-7676-482a-a5b3-e7067346daec None None] Fixed interval looping call 'neutron.plugins.ml2.plugin.DhcpAgentSchedulerDbMixin.remove_networks_from_down_agents' sleeping for 36.99 seconds {{(pid=105610) _run_loop /opt/stack/data/venv/lib/python3.12/site-packages/oslo_service/backend/_threading/loopingcall.py:125}}
Mar 25 13:38:39.230650 np0000160569 neutron-periodic-workers[105610]: DEBUG dbcounter [-] [105610] Writing DB stats neutron:SELECT=3 {{(pid=105610) stat_writer /opt/stack/data/venv/lib/python3.12/site-packages/dbcounter.py:115}}
Mar 25 13:38:48.260144 np0000160569 neutron-periodic-workers[105616]: DEBUG neutron.db.agents_db [None req-63a4b300-d7c4-41c6-8d40-10e209eebf3f None None] Agent healthcheck: found 0 active agents {{(pid=105616) agent_health_check /opt/stack/neutron/neutron/db/agents_db.py:317}}
Mar 25 13:38:48.260932 np0000160569 neutron-periodic-workers[105616]: DEBUG oslo.service.backend._threading.loopingcall [None req-63a4b300-d7c4-41c6-8d40-10e209eebf3f None None] Fixed interval looping call 'neutron.plugins.ml2.plugin.AgentDbMixin.agent_health_check' sleeping for 36.99 seconds {{(pid=105616) _run_loop /opt/stack/data/venv/lib/python3.12/site-packages/oslo_service/backend/_threading/loopingcall.py:125}}
Mar 25 13:38:58.258240 np0000160569 neutron-periodic-workers[105616]: DEBUG dbcounter [-] [105616] Writing DB stats neutron:SELECT=1 {{(pid=105616) stat_writer /opt/stack/data/venv/lib/python3.12/site-packages/dbcounter.py:115}}
Mar 25 13:39:06.230222 np0000160569 neutron-periodic-workers[105610]: DEBUG oslo.service.backend._threading.loopingcall [None req-d39bd726-7676-482a-a5b3-e7067346daec None None] Fixed interval looping call 'neutron.plugins.ml2.plugin.DhcpAgentSchedulerDbMixin.remove_networks_from_down_agents' sleeping for 36.99 seconds {{(pid=105610) _run_loop /opt/stack/data/venv/lib/python3.12/site-packages/oslo_service/backend/_threading/loopingcall.py:125}}
Mar 25 13:39:16.229999 np0000160569 neutron-periodic-workers[105610]: DEBUG dbcounter [-] [105610] Writing DB stats neutron:SELECT=3 {{(pid=105610) stat_writer /opt/stack/data/venv/lib/python3.12/site-packages/dbcounter.py:115}}
Mar 25 13:39:20.271538 np0000160569 neutron-periodic-workers[105629]: DEBUG oslo.service.backend._threading.loopingcall [None req-f77da488-6793-41bd-866a-489441bc1118 None None] Fixed interval looping call 'neutron.db.quota.driver_nolock.DbQuotaNoLockDriver._remove_expired_reservations' sleeping for 120.00 seconds {{(pid=105629) _run_loop /opt/stack/data/venv/lib/python3.12/site-packages/oslo_service/backend/_threading/loopingcall.py:125}}
Mar 25 13:39:25.255713 np0000160569 neutron-periodic-workers[105616]: DEBUG neutron.db.agents_db [None req-63a4b300-d7c4-41c6-8d40-10e209eebf3f None None] Agent healthcheck: found 0 active agents {{(pid=105616) agent_health_check /opt/stack/neutron/neutron/db/agents_db.py:317}}
Mar 25 13:39:25.256233 np0000160569 neutron-periodic-workers[105616]: DEBUG oslo.service.backend._threading.loopingcall [None req-63a4b300-d7c4-41c6-8d40-10e209eebf3f None None] Fixed interval looping call 'neutron.plugins.ml2.plugin.AgentDbMixin.agent_health_check' sleeping for 36.99 seconds {{(pid=105616) _run_loop /opt/stack/data/venv/lib/python3.12/site-packages/oslo_service/backend/_threading/loopingcall.py:125}}
Mar 25 13:39:30.270417 np0000160569 neutron-periodic-workers[105629]: DEBUG dbcounter [-] [105629] Writing DB stats neutron:DELETE=1 {{(pid=105629) stat_writer /opt/stack/data/venv/lib/python3.12/site-packages/dbcounter.py:115}}
Mar 25 13:39:35.254087 np0000160569 neutron-periodic-workers[105616]: DEBUG dbcounter [-] [105616] Writing DB stats neutron:SELECT=1 {{(pid=105616) stat_writer /opt/stack/data/venv/lib/python3.12/site-packages/dbcounter.py:115}}
Mar 25 13:39:43.230357 np0000160569 neutron-periodic-workers[105610]: DEBUG oslo.service.backend._threading.loopingcall [None req-d39bd726-7676-482a-a5b3-e7067346daec None None] Fixed interval looping call 'neutron.plugins.ml2.plugin.DhcpAgentSchedulerDbMixin.remove_networks_from_down_agents' sleeping for 36.99 seconds {{(pid=105610) _run_loop /opt/stack/data/venv/lib/python3.12/site-packages/oslo_service/backend/_threading/loopingcall.py:125}}
Mar 25 13:39:53.229641 np0000160569 neutron-periodic-workers[105610]: DEBUG dbcounter [-] [105610] Writing DB stats neutron:SELECT=3 {{(pid=105610) stat_writer /opt/stack/data/venv/lib/python3.12/site-packages/dbcounter.py:115}}
Mar 25 13:40:02.251424 np0000160569 neutron-periodic-workers[105616]: DEBUG neutron.db.agents_db [None req-63a4b300-d7c4-41c6-8d40-10e209eebf3f None None] Agent healthcheck: found 0 active agents {{(pid=105616) agent_health_check /opt/stack/neutron/neutron/db/agents_db.py:317}}
Mar 25 13:40:02.252147 np0000160569 neutron-periodic-workers[105616]: DEBUG oslo.service.backend._threading.loopingcall [None req-63a4b300-d7c4-41c6-8d40-10e209eebf3f None None] Fixed interval looping call 'neutron.plugins.ml2.plugin.AgentDbMixin.agent_health_check' sleeping for 36.99 seconds {{(pid=105616) _run_loop /opt/stack/data/venv/lib/python3.12/site-packages/oslo_service/backend/_threading/loopingcall.py:125}}
Mar 25 13:40:12.249412 np0000160569 neutron-periodic-workers[105616]: DEBUG dbcounter [-] [105616] Writing DB stats neutron:SELECT=1 {{(pid=105616) stat_writer /opt/stack/data/venv/lib/python3.12/site-packages/dbcounter.py:115}}
Mar 25 13:40:20.229020 np0000160569 neutron-periodic-workers[105610]: DEBUG oslo.service.backend._threading.loopingcall [None req-d39bd726-7676-482a-a5b3-e7067346daec None None] Fixed interval looping call 'neutron.plugins.ml2.plugin.DhcpAgentSchedulerDbMixin.remove_networks_from_down_agents' sleeping for 36.99 seconds {{(pid=105610) _run_loop /opt/stack/data/venv/lib/python3.12/site-packages/oslo_service/backend/_threading/loopingcall.py:125}}
Mar 25 13:40:30.227282 np0000160569 neutron-periodic-workers[105610]: DEBUG dbcounter [-] [105610] Writing DB stats neutron:SELECT=3 {{(pid=105610) stat_writer /opt/stack/data/venv/lib/python3.12/site-packages/dbcounter.py:115}}
Mar 25 13:40:39.246103 np0000160569 neutron-periodic-workers[105616]: DEBUG neutron.db.agents_db [None req-63a4b300-d7c4-41c6-8d40-10e209eebf3f None None] Agent healthcheck: found 0 active agents {{(pid=105616) agent_health_check /opt/stack/neutron/neutron/db/agents_db.py:317}}
Mar 25 13:40:39.246550 np0000160569 neutron-periodic-workers[105616]: DEBUG oslo.service.backend._threading.loopingcall [None req-63a4b300-d7c4-41c6-8d40-10e209eebf3f None None] Fixed interval looping call 'neutron.plugins.ml2.plugin.AgentDbMixin.agent_health_check' sleeping for 37.00 seconds {{(pid=105616) _run_loop /opt/stack/data/venv/lib/python3.12/site-packages/oslo_service/backend/_threading/loopingcall.py:125}}
Mar 25 13:40:49.244930 np0000160569 neutron-periodic-workers[105616]: DEBUG dbcounter [-] [105616] Writing DB stats neutron:SELECT=1 {{(pid=105616) stat_writer /opt/stack/data/venv/lib/python3.12/site-packages/dbcounter.py:115}}
Mar 25 13:40:57.227687 np0000160569 neutron-periodic-workers[105610]: DEBUG oslo.service.backend._threading.loopingcall [None req-d39bd726-7676-482a-a5b3-e7067346daec None None] Fixed interval looping call 'neutron.plugins.ml2.plugin.DhcpAgentSchedulerDbMixin.remove_networks_from_down_agents' sleeping for 36.99 seconds {{(pid=105610) _run_loop /opt/stack/data/venv/lib/python3.12/site-packages/oslo_service/backend/_threading/loopingcall.py:125}}
Mar 25 13:41:07.227026 np0000160569 neutron-periodic-workers[105610]: DEBUG dbcounter [-] [105610] Writing DB stats neutron:SELECT=3 {{(pid=105610) stat_writer /opt/stack/data/venv/lib/python3.12/site-packages/dbcounter.py:115}}
Mar 25 13:41:16.255602 np0000160569 neutron-periodic-workers[105616]: DEBUG neutron.db.agents_db [None req-63a4b300-d7c4-41c6-8d40-10e209eebf3f None None] Agent healthcheck: found 0 active agents {{(pid=105616) agent_health_check /opt/stack/neutron/neutron/db/agents_db.py:317}}
Mar 25 13:41:16.256086 np0000160569 neutron-periodic-workers[105616]: DEBUG oslo.service.backend._threading.loopingcall [None req-63a4b300-d7c4-41c6-8d40-10e209eebf3f None None] Fixed interval looping call 'neutron.plugins.ml2.plugin.AgentDbMixin.agent_health_check' sleeping for 36.99 seconds {{(pid=105616) _run_loop /opt/stack/data/venv/lib/python3.12/site-packages/oslo_service/backend/_threading/loopingcall.py:125}}
Mar 25 13:41:20.275494 np0000160569 neutron-periodic-workers[105629]: DEBUG oslo.service.backend._threading.loopingcall [None req-f77da488-6793-41bd-866a-489441bc1118 None None] Fixed interval looping call 'neutron.db.quota.driver_nolock.DbQuotaNoLockDriver._remove_expired_reservations' sleeping for 120.00 seconds {{(pid=105629) _run_loop /opt/stack/data/venv/lib/python3.12/site-packages/oslo_service/backend/_threading/loopingcall.py:125}}
Mar 25 13:41:23.288756 np0000160569 neutron-periodic-workers[105637]: DEBUG oslo.service.backend._threading.loopingcall [None req-1106d581-a826-4329-a8f0-7faae03b7f00 None None] Fixed interval looping call 'neutron.services.ovn_l3.plugin.L3_NAT_dbonly_mixin._clean_garbage' sleeping for 299.99 seconds {{(pid=105637) _run_loop /opt/stack/data/venv/lib/python3.12/site-packages/oslo_service/backend/_threading/loopingcall.py:125}}
Mar 25 13:41:26.252318 np0000160569 neutron-periodic-workers[105616]: DEBUG dbcounter [-] [105616] Writing DB stats neutron:SELECT=1 {{(pid=105616) stat_writer /opt/stack/data/venv/lib/python3.12/site-packages/dbcounter.py:115}}
Mar 25 13:41:30.275110 np0000160569 neutron-periodic-workers[105629]: DEBUG dbcounter [-] [105629] Writing DB stats neutron:DELETE=1 {{(pid=105629) stat_writer /opt/stack/data/venv/lib/python3.12/site-packages/dbcounter.py:115}}
Mar 25 13:41:33.282258 np0000160569 neutron-periodic-workers[105637]: DEBUG dbcounter [-] [105637] Writing DB stats neutron:SELECT=1 {{(pid=105637) stat_writer /opt/stack/data/venv/lib/python3.12/site-packages/dbcounter.py:115}}
Mar 25 13:41:34.228602 np0000160569 neutron-periodic-workers[105610]: DEBUG oslo.service.backend._threading.loopingcall [None req-d39bd726-7676-482a-a5b3-e7067346daec None None] Fixed interval looping call 'neutron.plugins.ml2.plugin.DhcpAgentSchedulerDbMixin.remove_networks_from_down_agents' sleeping for 36.99 seconds {{(pid=105610) _run_loop /opt/stack/data/venv/lib/python3.12/site-packages/oslo_service/backend/_threading/loopingcall.py:125}}
Mar 25 13:41:44.228020 np0000160569 neutron-periodic-workers[105610]: DEBUG dbcounter [-] [105610] Writing DB stats neutron:SELECT=3 {{(pid=105610) stat_writer /opt/stack/data/venv/lib/python3.12/site-packages/dbcounter.py:115}}
Mar 25 13:41:53.250729 np0000160569 neutron-periodic-workers[105616]: DEBUG neutron.db.agents_db [None req-63a4b300-d7c4-41c6-8d40-10e209eebf3f None None] Agent healthcheck: found 0 active agents {{(pid=105616) agent_health_check /opt/stack/neutron/neutron/db/agents_db.py:317}}
Mar 25 13:41:53.251681 np0000160569 neutron-periodic-workers[105616]: DEBUG oslo.service.backend._threading.loopingcall [None req-63a4b300-d7c4-41c6-8d40-10e209eebf3f None None] Fixed interval looping call 'neutron.plugins.ml2.plugin.AgentDbMixin.agent_health_check' sleeping for 37.00 seconds {{(pid=105616) _run_loop /opt/stack/data/venv/lib/python3.12/site-packages/oslo_service/backend/_threading/loopingcall.py:125}}
Mar 25 13:42:03.249849 np0000160569 neutron-periodic-workers[105616]: DEBUG dbcounter [-] [105616] Writing DB stats neutron:SELECT=1 {{(pid=105616) stat_writer /opt/stack/data/venv/lib/python3.12/site-packages/dbcounter.py:115}}
Mar 25 13:42:11.228842 np0000160569 neutron-periodic-workers[105610]: DEBUG oslo.service.backend._threading.loopingcall [None req-d39bd726-7676-482a-a5b3-e7067346daec None None] Fixed interval looping call 'neutron.plugins.ml2.plugin.DhcpAgentSchedulerDbMixin.remove_networks_from_down_agents' sleeping for 36.99 seconds {{(pid=105610) _run_loop /opt/stack/data/venv/lib/python3.12/site-packages/oslo_service/backend/_threading/loopingcall.py:125}}
Mar 25 13:42:21.227266 np0000160569 neutron-periodic-workers[105610]: DEBUG dbcounter [-] [105610] Writing DB stats neutron:SELECT=3 {{(pid=105610) stat_writer /opt/stack/data/venv/lib/python3.12/site-packages/dbcounter.py:115}}
Mar 25 13:42:30.256479 np0000160569 neutron-periodic-workers[105616]: DEBUG neutron.db.agents_db [None req-63a4b300-d7c4-41c6-8d40-10e209eebf3f None None] Agent healthcheck: found 0 active agents {{(pid=105616) agent_health_check /opt/stack/neutron/neutron/db/agents_db.py:317}}
Mar 25 13:42:30.257270 np0000160569 neutron-periodic-workers[105616]: DEBUG oslo.service.backend._threading.loopingcall [None req-63a4b300-d7c4-41c6-8d40-10e209eebf3f None None] Fixed interval looping call 'neutron.plugins.ml2.plugin.AgentDbMixin.agent_health_check' sleeping for 36.99 seconds {{(pid=105616) _run_loop /opt/stack/data/venv/lib/python3.12/site-packages/oslo_service/backend/_threading/loopingcall.py:125}}
Mar 25 13:42:40.254628 np0000160569 neutron-periodic-workers[105616]: DEBUG dbcounter [-] [105616] Writing DB stats neutron:SELECT=1 {{(pid=105616) stat_writer /opt/stack/data/venv/lib/python3.12/site-packages/dbcounter.py:115}}
Mar 25 13:42:48.226606 np0000160569 neutron-periodic-workers[105610]: DEBUG oslo.service.backend._threading.loopingcall [None req-d39bd726-7676-482a-a5b3-e7067346daec None None] Fixed interval looping call 'neutron.plugins.ml2.plugin.DhcpAgentSchedulerDbMixin.remove_networks_from_down_agents' sleeping for 36.99 seconds {{(pid=105610) _run_loop /opt/stack/data/venv/lib/python3.12/site-packages/oslo_service/backend/_threading/loopingcall.py:125}}
Mar 25 13:42:58.225488 np0000160569 neutron-periodic-workers[105610]: DEBUG dbcounter [-] [105610] Writing DB stats neutron:SELECT=3 {{(pid=105610) stat_writer /opt/stack/data/venv/lib/python3.12/site-packages/dbcounter.py:115}}
Mar 25 13:43:07.251829 np0000160569 neutron-periodic-workers[105616]: DEBUG neutron.db.agents_db [None req-63a4b300-d7c4-41c6-8d40-10e209eebf3f None None] Agent healthcheck: found 0 active agents {{(pid=105616) agent_health_check /opt/stack/neutron/neutron/db/agents_db.py:317}}
Mar 25 13:43:07.252673 np0000160569 neutron-periodic-workers[105616]: DEBUG oslo.service.backend._threading.loopingcall [None req-63a4b300-d7c4-41c6-8d40-10e209eebf3f None None] Fixed interval looping call 'neutron.plugins.ml2.plugin.AgentDbMixin.agent_health_check' sleeping for 37.00 seconds {{(pid=105616) _run_loop /opt/stack/data/venv/lib/python3.12/site-packages/oslo_service/backend/_threading/loopingcall.py:125}}
Mar 25 13:43:17.250081 np0000160569 neutron-periodic-workers[105616]: DEBUG dbcounter [-] [105616] Writing DB stats neutron:SELECT=1 {{(pid=105616) stat_writer /opt/stack/data/venv/lib/python3.12/site-packages/dbcounter.py:115}}
Mar 25 13:43:20.281008 np0000160569 neutron-periodic-workers[105629]: DEBUG oslo.service.backend._threading.loopingcall [None req-f77da488-6793-41bd-866a-489441bc1118 None None] Fixed interval looping call 'neutron.db.quota.driver_nolock.DbQuotaNoLockDriver._remove_expired_reservations' sleeping for 120.00 seconds {{(pid=105629) _run_loop /opt/stack/data/venv/lib/python3.12/site-packages/oslo_service/backend/_threading/loopingcall.py:125}}
Mar 25 13:43:25.228527 np0000160569 neutron-periodic-workers[105610]: DEBUG oslo.service.backend._threading.loopingcall [None req-d39bd726-7676-482a-a5b3-e7067346daec None None] Fixed interval looping call 'neutron.plugins.ml2.plugin.DhcpAgentSchedulerDbMixin.remove_networks_from_down_agents' sleeping for 36.99 seconds {{(pid=105610) _run_loop /opt/stack/data/venv/lib/python3.12/site-packages/oslo_service/backend/_threading/loopingcall.py:125}}
Mar 25 13:43:30.279520 np0000160569 neutron-periodic-workers[105629]: DEBUG dbcounter [-] [105629] Writing DB stats neutron:DELETE=1 {{(pid=105629) stat_writer /opt/stack/data/venv/lib/python3.12/site-packages/dbcounter.py:115}}
Mar 25 13:43:35.226094 np0000160569 neutron-periodic-workers[105610]: DEBUG dbcounter [-] [105610] Writing DB stats neutron:SELECT=3 {{(pid=105610) stat_writer /opt/stack/data/venv/lib/python3.12/site-packages/dbcounter.py:115}}
Mar 25 13:43:44.259443 np0000160569 neutron-periodic-workers[105616]: DEBUG neutron.db.agents_db [None req-63a4b300-d7c4-41c6-8d40-10e209eebf3f None None] Agent healthcheck: found 0 active agents {{(pid=105616) agent_health_check /opt/stack/neutron/neutron/db/agents_db.py:317}}
Mar 25 13:43:44.259988 np0000160569 neutron-periodic-workers[105616]: DEBUG oslo.service.backend._threading.loopingcall [None req-63a4b300-d7c4-41c6-8d40-10e209eebf3f None None] Fixed interval looping call 'neutron.plugins.ml2.plugin.AgentDbMixin.agent_health_check' sleeping for 36.99 seconds {{(pid=105616) _run_loop /opt/stack/data/venv/lib/python3.12/site-packages/oslo_service/backend/_threading/loopingcall.py:125}}
Mar 25 13:43:54.256823 np0000160569 neutron-periodic-workers[105616]: DEBUG dbcounter [-] [105616] Writing DB stats neutron:SELECT=1 {{(pid=105616) stat_writer /opt/stack/data/venv/lib/python3.12/site-packages/dbcounter.py:115}}
Mar 25 13:44:02.228007 np0000160569 neutron-periodic-workers[105610]: DEBUG oslo.service.backend._threading.loopingcall [None req-d39bd726-7676-482a-a5b3-e7067346daec None None] Fixed interval looping call 'neutron.plugins.ml2.plugin.DhcpAgentSchedulerDbMixin.remove_networks_from_down_agents' sleeping for 36.99 seconds {{(pid=105610) _run_loop /opt/stack/data/venv/lib/python3.12/site-packages/oslo_service/backend/_threading/loopingcall.py:125}}
Mar 25 13:44:12.227306 np0000160569 neutron-periodic-workers[105610]: DEBUG dbcounter [-] [105610] Writing DB stats neutron:SELECT=3 {{(pid=105610) stat_writer /opt/stack/data/venv/lib/python3.12/site-packages/dbcounter.py:115}}
Mar 25 13:44:21.256805 np0000160569 neutron-periodic-workers[105616]: DEBUG neutron.db.agents_db [None req-63a4b300-d7c4-41c6-8d40-10e209eebf3f None None] Agent healthcheck: found 0 active agents {{(pid=105616) agent_health_check /opt/stack/neutron/neutron/db/agents_db.py:317}}
Mar 25 13:44:21.257380 np0000160569 neutron-periodic-workers[105616]: DEBUG oslo.service.backend._threading.loopingcall [None req-63a4b300-d7c4-41c6-8d40-10e209eebf3f None None] Fixed interval looping call 'neutron.plugins.ml2.plugin.AgentDbMixin.agent_health_check' sleeping for 36.99 seconds {{(pid=105616) _run_loop /opt/stack/data/venv/lib/python3.12/site-packages/oslo_service/backend/_threading/loopingcall.py:125}}
Mar 25 13:44:31.255059 np0000160569 neutron-periodic-workers[105616]: DEBUG dbcounter [-] [105616] Writing DB stats neutron:SELECT=1 {{(pid=105616) stat_writer /opt/stack/data/venv/lib/python3.12/site-packages/dbcounter.py:115}}
Mar 25 13:44:39.227903 np0000160569 neutron-periodic-workers[105610]: DEBUG oslo.service.backend._threading.loopingcall [None req-d39bd726-7676-482a-a5b3-e7067346daec None None] Fixed interval looping call 'neutron.plugins.ml2.plugin.DhcpAgentSchedulerDbMixin.remove_networks_from_down_agents' sleeping for 36.99 seconds {{(pid=105610) _run_loop /opt/stack/data/venv/lib/python3.12/site-packages/oslo_service/backend/_threading/loopingcall.py:125}}
Mar 25 13:44:49.226662 np0000160569 neutron-periodic-workers[105610]: DEBUG dbcounter [-] [105610] Writing DB stats neutron:SELECT=3 {{(pid=105610) stat_writer /opt/stack/data/venv/lib/python3.12/site-packages/dbcounter.py:115}}
Mar 25 13:44:58.252882 np0000160569 neutron-periodic-workers[105616]: DEBUG neutron.db.agents_db [None req-63a4b300-d7c4-41c6-8d40-10e209eebf3f None None] Agent healthcheck: found 0 active agents {{(pid=105616) agent_health_check /opt/stack/neutron/neutron/db/agents_db.py:317}}
Mar 25 13:44:58.253373 np0000160569 neutron-periodic-workers[105616]: DEBUG oslo.service.backend._threading.loopingcall [None req-63a4b300-d7c4-41c6-8d40-10e209eebf3f None None] Fixed interval looping call 'neutron.plugins.ml2.plugin.AgentDbMixin.agent_health_check' sleeping for 36.99 seconds {{(pid=105616) _run_loop /opt/stack/data/venv/lib/python3.12/site-packages/oslo_service/backend/_threading/loopingcall.py:125}}
Mar 25 13:45:08.251553 np0000160569 neutron-periodic-workers[105616]: DEBUG dbcounter [-] [105616] Writing DB stats neutron:SELECT=1 {{(pid=105616) stat_writer /opt/stack/data/venv/lib/python3.12/site-packages/dbcounter.py:115}}
Mar 25 13:45:16.227855 np0000160569 neutron-periodic-workers[105610]: DEBUG oslo.service.backend._threading.loopingcall [None req-d39bd726-7676-482a-a5b3-e7067346daec None None] Fixed interval looping call 'neutron.plugins.ml2.plugin.DhcpAgentSchedulerDbMixin.remove_networks_from_down_agents' sleeping for 36.99 seconds {{(pid=105610) _run_loop /opt/stack/data/venv/lib/python3.12/site-packages/oslo_service/backend/_threading/loopingcall.py:125}}
