Aug 24 15:53:04.700209 np0000190865 devstack@neutron-api.service[101847]: DEBUG neutron.api.extensions [None req-a7c44b9b-edb8-4296-95c8-4330b647b0db None None] Ext name="Local IP" alias="local_ip" description="Support Node Local Virtual IP" updated="2021-07-26T10:00:00-00:00" {{(pid=101847) _check_extension /opt/stack/neutron/neutron/api/extensions.py:415}}
Aug 24 15:53:04.700439 np0000190865 devstack@neutron-api.service[101849]: DEBUG neutron.api.extensions [None req-72533630-43c2-4b46-9773-ee46bc0354c4 None None] Extended resource: tags {{(pid=101849) __init__ /opt/stack/neutron/neutron/api/extensions.py:156}}
Aug 24 15:53:04.700547 np0000190865 devstack@neutron-api.service[101847]: INFO neutron.api.extensions [None req-a7c44b9b-edb8-4296-95c8-4330b647b0db None None] Extension local_ip not supported by any of loaded plugins
Aug 24 15:53:04.700547 np0000190865 devstack@neutron-api.service[101847]: DEBUG neutron.api.extensions [None req-a7c44b9b-edb8-4296-95c8-4330b647b0db None None] Loading extension file: logging.py {{(pid=101847) _load_all_extensions_from_path /opt/stack/neutron/neutron/api/extensions.py:449}}
Aug 24 15:53:04.700706 np0000190865 devstack@neutron-api.service[101846]: DEBUG neutron_lib.callbacks.manager [None req-87003598-f75b-493d-acd0-ddb8460145db None None] Subscribe: > process before_spawn 55550000, False {{(pid=101846) subscribe /opt/stack/data/venv/lib/python3.12/site-packages/neutron_lib/callbacks/manager.py:52}}
Aug 24 15:53:04.700706 np0000190865 devstack@neutron-api.service[101846]: DEBUG neutron_lib.callbacks.manager [None req-87003598-f75b-493d-acd0-ddb8460145db None None] Subscribe: > process after_init 55550000, True {{(pid=101846) subscribe /opt/stack/data/venv/lib/python3.12/site-packages/neutron_lib/callbacks/manager.py:52}}
Aug 24 15:53:04.700706 np0000190865 devstack@neutron-api.service[101846]: DEBUG neutron_lib.callbacks.manager [None req-87003598-f75b-493d-acd0-ddb8460145db None None] Subscribe: > segment after_create 55550000, False {{(pid=101846) subscribe /opt/stack/data/venv/lib/python3.12/site-packages/neutron_lib/callbacks/manager.py:52}}
Aug 24 15:53:04.700875 np0000190865 devstack@neutron-api.service[101847]: DEBUG neutron.api.extensions [None req-a7c44b9b-edb8-4296-95c8-4330b647b0db None None] Ext name="Logging API Extension" alias="logging" description="Provides a logging API for resources such as security group and firewall." updated="2017-01-01T10:00:00-00:00" {{(pid=101847) _check_extension /opt/stack/neutron/neutron/api/extensions.py:415}}
Aug 24 15:53:04.701037 np0000190865 devstack@neutron-api.service[101846]: DEBUG neutron_lib.callbacks.manager [None req-87003598-f75b-493d-acd0-ddb8460145db None None] Subscribe: > segment after_create 55550000, False {{(pid=101846) subscribe /opt/stack/data/venv/lib/python3.12/site-packages/neutron_lib/callbacks/manager.py:52}}
Aug 24 15:53:04.701037 np0000190865 devstack@neutron-api.service[101846]: DEBUG neutron_lib.callbacks.manager [None req-87003598-f75b-493d-acd0-ddb8460145db None None] Subscribe: > segment after_delete 55550000, False {{(pid=101846) subscribe /opt/stack/data/venv/lib/python3.12/site-packages/neutron_lib/callbacks/manager.py:52}}
Aug 24 15:53:04.701210 np0000190865 devstack@neutron-api.service[101847]: INFO neutron.api.extensions [None req-a7c44b9b-edb8-4296-95c8-4330b647b0db None None] Extension logging not supported by any of loaded plugins
Aug 24 15:53:04.701210 np0000190865 devstack@neutron-api.service[101847]: DEBUG neutron.api.extensions [None req-a7c44b9b-edb8-4296-95c8-4330b647b0db None None] Loading extension file: metering.py {{(pid=101847) _load_all_extensions_from_path /opt/stack/neutron/neutron/api/extensions.py:449}}
Aug 24 15:53:04.701373 np0000190865 devstack@neutron-api.service[101846]: DEBUG neutron_lib.callbacks.manager [None req-87003598-f75b-493d-acd0-ddb8460145db None None] Subscribe: > allowed_address_pair before_create 55550000, False {{(pid=101846) subscribe /opt/stack/data/venv/lib/python3.12/site-packages/neutron_lib/callbacks/manager.py:52}}
Aug 24 15:53:04.701373 np0000190865 devstack@neutron-api.service[101846]: DEBUG neutron_lib.callbacks.manager [None req-87003598-f75b-493d-acd0-ddb8460145db None None] Subscribe: > security_group precommit_create 55550000, False {{(pid=101846) subscribe /opt/stack/data/venv/lib/python3.12/site-packages/neutron_lib/callbacks/manager.py:52}}
Aug 24 15:53:04.701373 np0000190865 devstack@neutron-api.service[101846]: DEBUG neutron_lib.callbacks.manager [None req-87003598-f75b-493d-acd0-ddb8460145db None None] Subscribe: > security_group after_update 55550000, False {{(pid=101846) subscribe /opt/stack/data/venv/lib/python3.12/site-packages/neutron_lib/callbacks/manager.py:52}}
Aug 24 15:53:04.701373 np0000190865 devstack@neutron-api.service[101846]: DEBUG neutron_lib.callbacks.manager [None req-87003598-f75b-493d-acd0-ddb8460145db None None] Subscribe: > security_group after_create 55550000, False {{(pid=101846) subscribe /opt/stack/data/venv/lib/python3.12/site-packages/neutron_lib/callbacks/manager.py:52}}
Aug 24 15:53:04.701537 np0000190865 devstack@neutron-api.service[101847]: DEBUG neutron.api.extensions [None req-a7c44b9b-edb8-4296-95c8-4330b647b0db None None] Ext name="Neutron Metering" alias="metering" description="Neutron Metering extension." updated="2013-06-12T10:00:00-00:00" {{(pid=101847) _check_extension /opt/stack/neutron/neutron/api/extensions.py:415}}
Aug 24 15:53:04.702226 np0000190865 devstack@neutron-api.service[101846]: DEBUG neutron_lib.callbacks.manager [None req-87003598-f75b-493d-acd0-ddb8460145db None None] Subscribe: > security_group precommit_delete 55550000, False {{(pid=101846) subscribe /opt/stack/data/venv/lib/python3.12/site-packages/neutron_lib/callbacks/manager.py:52}}
Aug 24 15:53:04.702842 np0000190865 devstack@neutron-api.service[101847]: INFO neutron.api.extensions [None req-a7c44b9b-edb8-4296-95c8-4330b647b0db None None] Extension metering not supported by any of loaded plugins
Aug 24 15:53:04.703254 np0000190865 devstack@neutron-api.service[101846]: DEBUG neutron_lib.callbacks.manager [None req-87003598-f75b-493d-acd0-ddb8460145db None None] Subscribe: > security_group after_delete 55550000, False {{(pid=101846) subscribe /opt/stack/data/venv/lib/python3.12/site-packages/neutron_lib/callbacks/manager.py:52}}
Aug 24 15:53:04.703659 np0000190865 devstack@neutron-api.service[101847]: DEBUG neutron.api.extensions [None req-a7c44b9b-edb8-4296-95c8-4330b647b0db None None] Loading extension file: metering_source_and_destination_fields.py {{(pid=101847) _load_all_extensions_from_path /opt/stack/neutron/neutron/api/extensions.py:449}}
Aug 24 15:53:04.703825 np0000190865 devstack@neutron-api.service[101846]: DEBUG neutron_lib.callbacks.manager [None req-87003598-f75b-493d-acd0-ddb8460145db None None] Subscribe: > security_group_rule precommit_create 55550000, False {{(pid=101846) subscribe /opt/stack/data/venv/lib/python3.12/site-packages/neutron_lib/callbacks/manager.py:52}}
Aug 24 15:53:04.703825 np0000190865 devstack@neutron-api.service[101846]: DEBUG neutron_lib.callbacks.manager [None req-87003598-f75b-493d-acd0-ddb8460145db None None] Subscribe: > security_group_rule after_create 55550000, False {{(pid=101846) subscribe /opt/stack/data/venv/lib/python3.12/site-packages/neutron_lib/callbacks/manager.py:52}}
Aug 24 15:53:04.704085 np0000190865 devstack@neutron-api.service[101849]: DEBUG neutron.api.extensions [None req-72533630-43c2-4b46-9773-ee46bc0354c4 None None] Extended resource: tags {{(pid=101849) __init__ /opt/stack/neutron/neutron/api/extensions.py:156}}
Aug 24 15:53:04.704238 np0000190865 devstack@neutron-api.service[101846]: DEBUG neutron_lib.callbacks.manager [None req-87003598-f75b-493d-acd0-ddb8460145db None None] Subscribe: > security_group_rule before_delete 55550000, False {{(pid=101846) subscribe /opt/stack/data/venv/lib/python3.12/site-packages/neutron_lib/callbacks/manager.py:52}}
Aug 24 15:53:04.704426 np0000190865 devstack@neutron-api.service[101847]: DEBUG neutron.api.extensions [None req-a7c44b9b-edb8-4296-95c8-4330b647b0db None None] Ext name="Neutron Metering with source and destination filtering" alias="metering_source_and_destination_fields" description="Neutron Metering extension that enables the use of source and destination IP prefixes to create metering label rules." updated="2020-08-21T08:12:00-00:00" {{(pid=101847) _check_extension /opt/stack/neutron/neutron/api/extensions.py:415}}
Aug 24 15:53:04.704572 np0000190865 devstack@neutron-api.service[101846]: DEBUG neutron_lib.callbacks.manager [None req-87003598-f75b-493d-acd0-ddb8460145db None None] Subscribe: > address_group after_create 55550000, False {{(pid=101846) subscribe /opt/stack/data/venv/lib/python3.12/site-packages/neutron_lib/callbacks/manager.py:52}}
Aug 24 15:53:04.704751 np0000190865 devstack@neutron-api.service[101847]: INFO neutron.api.extensions [None req-a7c44b9b-edb8-4296-95c8-4330b647b0db None None] Extension metering_source_and_destination_fields not supported by any of loaded plugins
Aug 24 15:53:04.704894 np0000190865 devstack@neutron-api.service[101846]: DEBUG neutron_lib.callbacks.manager [None req-87003598-f75b-493d-acd0-ddb8460145db None None] Subscribe: > address_group after_update 55550000, False {{(pid=101846) subscribe /opt/stack/data/venv/lib/python3.12/site-packages/neutron_lib/callbacks/manager.py:52}}
Aug 24 15:53:04.705066 np0000190865 devstack@neutron-api.service[101847]: DEBUG neutron.api.extensions [None req-a7c44b9b-edb8-4296-95c8-4330b647b0db None None] Loading extension file: multiprovidernet.py {{(pid=101847) _load_all_extensions_from_path /opt/stack/neutron/neutron/api/extensions.py:449}}
Aug 24 15:53:04.705224 np0000190865 devstack@neutron-api.service[101846]: DEBUG neutron_lib.callbacks.manager [None req-87003598-f75b-493d-acd0-ddb8460145db None None] Subscribe: > address_group after_delete 55550000, False {{(pid=101846) subscribe /opt/stack/data/venv/lib/python3.12/site-packages/neutron_lib/callbacks/manager.py:52}}
Aug 24 15:53:04.705224 np0000190865 devstack@neutron-api.service[101846]: DEBUG neutron_lib.callbacks.manager [None req-87003598-f75b-493d-acd0-ddb8460145db None None] Subscribe: > qos_plugin after_init 55550000, False {{(pid=101846) subscribe /opt/stack/data/venv/lib/python3.12/site-packages/neutron_lib/callbacks/manager.py:52}}
Aug 24 15:53:04.705395 np0000190865 devstack@neutron-api.service[101847]: DEBUG neutron.api.extensions [None req-a7c44b9b-edb8-4296-95c8-4330b647b0db None None] Ext name="Multi Provider Network" alias="multi-provider" description="Expose mapping of virtual networks to multiple physical networks" updated="2013-06-27T10:00:00-00:00" {{(pid=101847) _check_extension /opt/stack/neutron/neutron/api/extensions.py:415}}
Aug 24 15:53:04.705395 np0000190865 devstack@neutron-api.service[101847]: INFO neutron.api.extensions [None req-a7c44b9b-edb8-4296-95c8-4330b647b0db None None] Loaded extension: multi-provider
Aug 24 15:53:04.705571 np0000190865 devstack@neutron-api.service[101846]: DEBUG neutron_lib.callbacks.manager [None req-87003598-f75b-493d-acd0-ddb8460145db None None] Subscribe: > trunk_plugin after_init 55550000, False {{(pid=101846) subscribe /opt/stack/data/venv/lib/python3.12/site-packages/neutron_lib/callbacks/manager.py:52}}
Aug 24 15:53:04.705711 np0000190865 devstack@neutron-api.service[101847]: DEBUG neutron.api.extensions [None req-a7c44b9b-edb8-4296-95c8-4330b647b0db None None] Loading extension file: netmtu.py {{(pid=101847) _load_all_extensions_from_path /opt/stack/neutron/neutron/api/extensions.py:449}}
Aug 24 15:53:04.705852 np0000190865 devstack@neutron-api.service[101846]: DEBUG neutron_lib.callbacks.manager [None req-87003598-f75b-493d-acd0-ddb8460145db None None] Subscribe: > logging-plugin after_init 55550000, False {{(pid=101846) subscribe /opt/stack/data/venv/lib/python3.12/site-packages/neutron_lib/callbacks/manager.py:52}}
Aug 24 15:53:04.706020 np0000190865 devstack@neutron-api.service[101847]: DEBUG neutron.api.extensions [None req-a7c44b9b-edb8-4296-95c8-4330b647b0db None None] Ext name="Network MTU" alias="net-mtu" description="Provides MTU attribute for a network resource." updated="2015-03-25T10:00:00-00:00" {{(pid=101847) _check_extension /opt/stack/neutron/neutron/api/extensions.py:415}}
Aug 24 15:53:04.706020 np0000190865 devstack@neutron-api.service[101847]: INFO neutron.api.extensions [None req-a7c44b9b-edb8-4296-95c8-4330b647b0db None None] Loaded extension: net-mtu
Aug 24 15:53:04.706020 np0000190865 devstack@neutron-api.service[101847]: DEBUG neutron.api.extensions [None req-a7c44b9b-edb8-4296-95c8-4330b647b0db None None] Loading extension file: netmtu_writable.py {{(pid=101847) _load_all_extensions_from_path /opt/stack/neutron/neutron/api/extensions.py:449}}
Aug 24 15:53:04.706244 np0000190865 devstack@neutron-api.service[101846]: INFO neutron.services.logapi.drivers.ovn.driver [None req-87003598-f75b-493d-acd0-ddb8460145db None None] OVN logging driver registered
Aug 24 15:53:04.706387 np0000190865 devstack@neutron-api.service[101847]: DEBUG neutron.api.extensions [None req-a7c44b9b-edb8-4296-95c8-4330b647b0db None None] Ext name="Network MTU (writable)" alias="net-mtu-writable" description="Provides a writable MTU attribute for a network resource." updated="2017-07-12T00:00:00-00:00" {{(pid=101847) _check_extension /opt/stack/neutron/neutron/api/extensions.py:415}}
Aug 24 15:53:04.706516 np0000190865 devstack@neutron-api.service[101846]: DEBUG neutron_lib.callbacks.manager [None req-87003598-f75b-493d-acd0-ddb8460145db None None] Subscribe: ._register_pvlan_driver at 0x717cec5bdbc0> pvlan_plugin before_spawn 55550000, False {{(pid=101846) subscribe /opt/stack/data/venv/lib/python3.12/site-packages/neutron_lib/callbacks/manager.py:52}}
Aug 24 15:53:04.706516 np0000190865 devstack@neutron-api.service[101846]: DEBUG neutron_lib.callbacks.manager [None req-87003598-f75b-493d-acd0-ddb8460145db None None] Subscribe: process after_init 55550000, False {{(pid=101846) subscribe /opt/stack/data/venv/lib/python3.12/site-packages/neutron_lib/callbacks/manager.py:52}}
Aug 24 15:53:04.706694 np0000190865 devstack@neutron-api.service[101847]: INFO neutron.api.extensions [None req-a7c44b9b-edb8-4296-95c8-4330b647b0db None None] Loaded extension: net-mtu-writable
Aug 24 15:53:04.706694 np0000190865 devstack@neutron-api.service[101847]: DEBUG neutron.api.extensions [None req-a7c44b9b-edb8-4296-95c8-4330b647b0db None None] Loading extension file: network_availability_zone.py {{(pid=101847) _load_all_extensions_from_path /opt/stack/neutron/neutron/api/extensions.py:449}}
Aug 24 15:53:04.706694 np0000190865 devstack@neutron-api.service[101847]: DEBUG neutron.api.extensions [None req-a7c44b9b-edb8-4296-95c8-4330b647b0db None None] Ext name="Network Availability Zone" alias="network_availability_zone" description="Availability zone support for network." updated="2015-01-01T10:00:00-00:00" {{(pid=101847) _check_extension /opt/stack/neutron/neutron/api/extensions.py:415}}
Aug 24 15:53:04.706694 np0000190865 devstack@neutron-api.service[101847]: INFO neutron.api.extensions [None req-a7c44b9b-edb8-4296-95c8-4330b647b0db None None] Loaded extension: network_availability_zone
Aug 24 15:53:04.706694 np0000190865 devstack@neutron-api.service[101847]: DEBUG neutron.api.extensions [None req-a7c44b9b-edb8-4296-95c8-4330b647b0db None None] Loading extension file: network_ha.py {{(pid=101847) _load_all_extensions_from_path /opt/stack/neutron/neutron/api/extensions.py:449}}
Aug 24 15:53:04.706694 np0000190865 devstack@neutron-api.service[101847]: DEBUG neutron.api.extensions [None req-a7c44b9b-edb8-4296-95c8-4330b647b0db None None] Ext name="Network HA creation flag" alias="network_ha" description="Network high availability creation flag." updated="2023-04-27T10:00:00-00:00" {{(pid=101847) _check_extension /opt/stack/neutron/neutron/api/extensions.py:415}}
Aug 24 15:53:04.706694 np0000190865 devstack@neutron-api.service[101847]: INFO neutron.api.extensions [None req-a7c44b9b-edb8-4296-95c8-4330b647b0db None None] Extension network_ha not supported by any of loaded plugins
Aug 24 15:53:04.706694 np0000190865 devstack@neutron-api.service[101847]: DEBUG neutron.api.extensions [None req-a7c44b9b-edb8-4296-95c8-4330b647b0db None None] Loading extension file: network_ip_availability.py {{(pid=101847) _load_all_extensions_from_path /opt/stack/neutron/neutron/api/extensions.py:449}}
Aug 24 15:53:04.707028 np0000190865 devstack@neutron-api.service[101847]: DEBUG neutron.api.extensions [None req-a7c44b9b-edb8-4296-95c8-4330b647b0db None None] Ext name="Network IP Availability" alias="network-ip-availability" description="Provides IP availability data for each network and subnet." updated="2015-09-24T00:00:00-00:00" {{(pid=101847) _check_extension /opt/stack/neutron/neutron/api/extensions.py:415}}
Aug 24 15:53:04.707028 np0000190865 devstack@neutron-api.service[101847]: INFO neutron.api.extensions [None req-a7c44b9b-edb8-4296-95c8-4330b647b0db None None] Loaded extension: network-ip-availability
Aug 24 15:53:04.707028 np0000190865 devstack@neutron-api.service[101847]: DEBUG neutron.api.extensions [None req-a7c44b9b-edb8-4296-95c8-4330b647b0db None None] Loading extension file: network_ip_availability_details.py {{(pid=101847) _load_all_extensions_from_path /opt/stack/neutron/neutron/api/extensions.py:449}}
Aug 24 15:53:04.707251 np0000190865 devstack@neutron-api.service[101846]: DEBUG neutron.plugins.ml2.plugin [None req-87003598-f75b-493d-acd0-ddb8460145db None None] neutron.plugins.ml2.plugin.Ml2Plugin method _start_rpc_notifiers called with arguments () {} {{(pid=101846) wrapper /opt/stack/data/venv/lib/python3.12/site-packages/oslo_log/helpers.py:77}}
Aug 24 15:53:04.707387 np0000190865 devstack@neutron-api.service[101847]: DEBUG neutron.api.extensions [None req-a7c44b9b-edb8-4296-95c8-4330b647b0db None None] Ext name="Network IP Availability Details Extension" alias="network-ip-availability-details" description="Add ip_availability_details attribute to network-ip-availabilities resource." updated="2025-10-31T00:00:00-00:00" {{(pid=101847) _check_extension /opt/stack/neutron/neutron/api/extensions.py:415}}
Aug 24 15:53:04.707507 np0000190865 devstack@neutron-api.service[101846]: DEBUG neutron_lib.callbacks.manager [None req-87003598-f75b-493d-acd0-ddb8460145db None None] Subscribe: > port after_create 55550000, False {{(pid=101846) subscribe /opt/stack/data/venv/lib/python3.12/site-packages/neutron_lib/callbacks/manager.py:52}}
Aug 24 15:53:04.707629 np0000190865 devstack@neutron-api.service[101847]: INFO neutron.api.extensions [None req-a7c44b9b-edb8-4296-95c8-4330b647b0db None None] Loaded extension: network-ip-availability-details
Aug 24 15:53:04.707744 np0000190865 devstack@neutron-api.service[101846]: DEBUG neutron_lib.callbacks.manager [None req-87003598-f75b-493d-acd0-ddb8460145db None None] Subscribe: > port after_update 55550000, False {{(pid=101846) subscribe /opt/stack/data/venv/lib/python3.12/site-packages/neutron_lib/callbacks/manager.py:52}}
Aug 24 15:53:04.707874 np0000190865 devstack@neutron-api.service[101847]: DEBUG neutron.api.extensions [None req-a7c44b9b-edb8-4296-95c8-4330b647b0db None None] Loading extension file: network_segment_range.py {{(pid=101847) _load_all_extensions_from_path /opt/stack/neutron/neutron/api/extensions.py:449}}
Aug 24 15:53:04.708022 np0000190865 devstack@neutron-api.service[101846]: DEBUG neutron_lib.callbacks.manager [None req-87003598-f75b-493d-acd0-ddb8460145db None None] Subscribe: > port after_delete 55550000, False {{(pid=101846) subscribe /opt/stack/data/venv/lib/python3.12/site-packages/neutron_lib/callbacks/manager.py:52}}
Aug 24 15:53:04.708022 np0000190865 devstack@neutron-api.service[101846]: DEBUG neutron_lib.callbacks.manager [None req-87003598-f75b-493d-acd0-ddb8460145db None None] Subscribe: > subnet after_create 55550000, False {{(pid=101846) subscribe /opt/stack/data/venv/lib/python3.12/site-packages/neutron_lib/callbacks/manager.py:52}}
Aug 24 15:53:04.708022 np0000190865 devstack@neutron-api.service[101846]: DEBUG neutron_lib.callbacks.manager [None req-87003598-f75b-493d-acd0-ddb8460145db None None] Subscribe: > subnet after_update 55550000, False {{(pid=101846) subscribe /opt/stack/data/venv/lib/python3.12/site-packages/neutron_lib/callbacks/manager.py:52}}
Aug 24 15:53:04.708022 np0000190865 devstack@neutron-api.service[101846]: DEBUG neutron_lib.callbacks.manager [None req-87003598-f75b-493d-acd0-ddb8460145db None None] Subscribe: > subnet after_delete 55550000, False {{(pid=101846) subscribe /opt/stack/data/venv/lib/python3.12/site-packages/neutron_lib/callbacks/manager.py:52}}
Aug 24 15:53:04.708278 np0000190865 devstack@neutron-api.service[101847]: DEBUG neutron.api.extensions [None req-a7c44b9b-edb8-4296-95c8-4330b647b0db None None] Ext name="Neutron Network Segment Range" alias="network-segment-range" description="Provides support for the network segment range management" updated="2018-11-29T00:00:00-00:00" {{(pid=101847) _check_extension /opt/stack/neutron/neutron/api/extensions.py:415}}
Aug 24 15:53:04.708503 np0000190865 devstack@neutron-api.service[101846]: DEBUG neutron_lib.callbacks.manager [None req-87003598-f75b-493d-acd0-ddb8460145db None None] Subscribe: > network after_create 55550000, False {{(pid=101846) subscribe /opt/stack/data/venv/lib/python3.12/site-packages/neutron_lib/callbacks/manager.py:52}}
Aug 24 15:53:04.708503 np0000190865 devstack@neutron-api.service[101846]: DEBUG neutron_lib.callbacks.manager [None req-87003598-f75b-493d-acd0-ddb8460145db None None] Subscribe: > network after_update 55550000, False {{(pid=101846) subscribe /opt/stack/data/venv/lib/python3.12/site-packages/neutron_lib/callbacks/manager.py:52}}
Aug 24 15:53:04.708691 np0000190865 devstack@neutron-api.service[101847]: INFO neutron.api.extensions [None req-a7c44b9b-edb8-4296-95c8-4330b647b0db None None] Extension network-segment-range not supported by any of loaded plugins
Aug 24 15:53:04.708691 np0000190865 devstack@neutron-api.service[101847]: DEBUG neutron.api.extensions [None req-a7c44b9b-edb8-4296-95c8-4330b647b0db None None] Loading extension file: ovn_bgp.py {{(pid=101847) _load_all_extensions_from_path /opt/stack/neutron/neutron/api/extensions.py:449}}
Aug 24 15:53:04.709043 np0000190865 devstack@neutron-api.service[101846]: DEBUG neutron_lib.callbacks.manager [None req-87003598-f75b-493d-acd0-ddb8460145db None None] Subscribe: > network after_delete 55550000, False {{(pid=101846) subscribe /opt/stack/data/venv/lib/python3.12/site-packages/neutron_lib/callbacks/manager.py:52}}
Aug 24 15:53:04.709043 np0000190865 devstack@neutron-api.service[101846]: DEBUG neutron_lib.callbacks.manager [None req-87003598-f75b-493d-acd0-ddb8460145db None None] Subscribe: > security_group after_create 55550000, False {{(pid=101846) subscribe /opt/stack/data/venv/lib/python3.12/site-packages/neutron_lib/callbacks/manager.py:52}}
Aug 24 15:53:04.709043 np0000190865 devstack@neutron-api.service[101846]: DEBUG neutron_lib.callbacks.manager [None req-87003598-f75b-493d-acd0-ddb8460145db None None] Subscribe: > security_group after_update 55550000, False {{(pid=101846) subscribe /opt/stack/data/venv/lib/python3.12/site-packages/neutron_lib/callbacks/manager.py:52}}
Aug 24 15:53:04.709375 np0000190865 devstack@neutron-api.service[101847]: DEBUG neutron.api.extensions [None req-a7c44b9b-edb8-4296-95c8-4330b647b0db None None] Ext name="OVN BGP" alias="ovn-bgp" description="Subnet extension to support OVN BGP route leaking" updated="2026-07-20T00:00:00-00:00" {{(pid=101847) _check_extension /opt/stack/neutron/neutron/api/extensions.py:415}}
Aug 24 15:53:04.709616 np0000190865 devstack@neutron-api.service[101846]: DEBUG neutron_lib.callbacks.manager [None req-87003598-f75b-493d-acd0-ddb8460145db None None] Subscribe: > security_group after_delete 55550000, False {{(pid=101846) subscribe /opt/stack/data/venv/lib/python3.12/site-packages/neutron_lib/callbacks/manager.py:52}}
Aug 24 15:53:04.709616 np0000190865 devstack@neutron-api.service[101846]: DEBUG neutron_lib.callbacks.manager [None req-87003598-f75b-493d-acd0-ddb8460145db None None] Subscribe: > security_group_rule after_create 55550000, False {{(pid=101846) subscribe /opt/stack/data/venv/lib/python3.12/site-packages/neutron_lib/callbacks/manager.py:52}}
Aug 24 15:53:04.709756 np0000190865 devstack@neutron-api.service[101847]: INFO neutron.api.extensions [None req-a7c44b9b-edb8-4296-95c8-4330b647b0db None None] Extension ovn-bgp not supported by any of loaded plugins
Aug 24 15:53:04.709922 np0000190865 devstack@neutron-api.service[101846]: DEBUG neutron_lib.callbacks.manager [None req-87003598-f75b-493d-acd0-ddb8460145db None None] Subscribe: > security_group_rule after_update 55550000, False {{(pid=101846) subscribe /opt/stack/data/venv/lib/python3.12/site-packages/neutron_lib/callbacks/manager.py:52}}
Aug 24 15:53:04.710012 np0000190865 devstack@neutron-api.service[101847]: DEBUG neutron.api.extensions [None req-a7c44b9b-edb8-4296-95c8-4330b647b0db None None] Loading extension file: pagination.py {{(pid=101847) _load_all_extensions_from_path /opt/stack/neutron/neutron/api/extensions.py:449}}
Aug 24 15:53:04.710120 np0000190865 devstack@neutron-api.service[101846]: DEBUG neutron_lib.callbacks.manager [None req-87003598-f75b-493d-acd0-ddb8460145db None None] Subscribe: > security_group_rule after_delete 55550000, False {{(pid=101846) subscribe /opt/stack/data/venv/lib/python3.12/site-packages/neutron_lib/callbacks/manager.py:52}}
Aug 24 15:53:04.710120 np0000190865 devstack@neutron-api.service[101846]: DEBUG neutron_lib.callbacks.manager [None req-87003598-f75b-493d-acd0-ddb8460145db None None] Subscribe: > address_group after_create 55550000, False {{(pid=101846) subscribe /opt/stack/data/venv/lib/python3.12/site-packages/neutron_lib/callbacks/manager.py:52}}
Aug 24 15:53:04.710120 np0000190865 devstack@neutron-api.service[101846]: DEBUG neutron_lib.callbacks.manager [None req-87003598-f75b-493d-acd0-ddb8460145db None None] Subscribe: > address_group after_update 55550000, False {{(pid=101846) subscribe /opt/stack/data/venv/lib/python3.12/site-packages/neutron_lib/callbacks/manager.py:52}}
Aug 24 15:53:04.710284 np0000190865 devstack@neutron-api.service[101847]: DEBUG neutron.api.extensions [None req-a7c44b9b-edb8-4296-95c8-4330b647b0db None None] Ext name="Pagination support" alias="pagination" description="Extension that indicates that pagination is enabled." updated="2016-06-12T00:00:00-00:00" {{(pid=101847) _check_extension /opt/stack/neutron/neutron/api/extensions.py:415}}
Aug 24 15:53:04.710702 np0000190865 devstack@neutron-api.service[101846]: DEBUG neutron_lib.callbacks.manager [None req-87003598-f75b-493d-acd0-ddb8460145db None None] Subscribe: > address_group after_delete 55550000, False {{(pid=101846) subscribe /opt/stack/data/venv/lib/python3.12/site-packages/neutron_lib/callbacks/manager.py:52}}
Aug 24 15:53:04.710800 np0000190865 devstack@neutron-api.service[101847]: INFO neutron.api.extensions [None req-a7c44b9b-edb8-4296-95c8-4330b647b0db None None] Loaded extension: pagination
Aug 24 15:53:04.710898 np0000190865 devstack@neutron-api.service[101846]: DEBUG neutron.plugins.ml2.ovo_rpc [None req-87003598-f75b-493d-acd0-ddb8460145db None None] ML2 OVO RPC backend initialized. {{(pid=101846) __init__ /opt/stack/neutron/neutron/plugins/ml2/ovo_rpc.py:117}}
Aug 24 15:53:04.710994 np0000190865 devstack@neutron-api.service[101847]: DEBUG neutron.api.extensions [None req-a7c44b9b-edb8-4296-95c8-4330b647b0db None None] Loading extension file: port_device_profile.py {{(pid=101847) _load_all_extensions_from_path /opt/stack/neutron/neutron/api/extensions.py:449}}
Aug 24 15:53:04.710994 np0000190865 devstack@neutron-api.service[101847]: DEBUG neutron.api.extensions [None req-a7c44b9b-edb8-4296-95c8-4330b647b0db None None] Ext name="Port device profile" alias="port-device-profile" description="Expose the port device profile (Cyborg)" updated="2020-12-17T10:00:00-00:00" {{(pid=101847) _check_extension /opt/stack/neutron/neutron/api/extensions.py:415}}
Aug 24 15:53:04.710994 np0000190865 devstack@neutron-api.service[101847]: INFO neutron.api.extensions [None req-a7c44b9b-edb8-4296-95c8-4330b647b0db None None] Loaded extension: port-device-profile
Aug 24 15:53:04.710994 np0000190865 devstack@neutron-api.service[101847]: DEBUG neutron.api.extensions [None req-a7c44b9b-edb8-4296-95c8-4330b647b0db None None] Loading extension file: port_hardware_offload_type.py {{(pid=101847) _load_all_extensions_from_path /opt/stack/neutron/neutron/api/extensions.py:449}}
Aug 24 15:53:04.711204 np0000190865 devstack@neutron-api.service[101846]: INFO neutron.quota [None req-87003598-f75b-493d-acd0-ddb8460145db None None] Loaded quota_driver: .
Aug 24 15:53:04.711204 np0000190865 devstack@neutron-api.service[101846]: INFO neutron.plugins.ml2.plugin [None req-87003598-f75b-493d-acd0-ddb8460145db None None] Modular L2 Plugin initialization complete
Aug 24 15:53:04.711338 np0000190865 devstack@neutron-api.service[101847]: DEBUG neutron.api.extensions [None req-a7c44b9b-edb8-4296-95c8-4330b647b0db None None] Ext name="Port hardware offload" alias="port-hardware-offload-type" description="Expose port hardware offload extension" updated="2023-05-09T10:00:00-00:00" {{(pid=101847) _check_extension /opt/stack/neutron/neutron/api/extensions.py:415}}
Aug 24 15:53:04.711429 np0000190865 devstack@neutron-api.service[101846]: DEBUG neutron.manager [None req-87003598-f75b-493d-acd0-ddb8460145db None None] Loading services supported by the core plugin {{(pid=101846) _load_services_from_core_plugin /opt/stack/neutron/neutron/manager.py:167}}
Aug 24 15:53:04.711555 np0000190865 devstack@neutron-api.service[101847]: INFO neutron.api.extensions [None req-a7c44b9b-edb8-4296-95c8-4330b647b0db None None] Extension port-hardware-offload-type not supported by any of loaded plugins
Aug 24 15:53:04.711667 np0000190865 devstack@neutron-api.service[101846]: INFO neutron.plugins.ml2.managers [None req-87003598-f75b-493d-acd0-ddb8460145db None None] Got port-security extension from driver 'port_security'
Aug 24 15:53:04.711811 np0000190865 devstack@neutron-api.service[101847]: DEBUG neutron.api.extensions [None req-a7c44b9b-edb8-4296-95c8-4330b647b0db None None] Loading extension file: port_hint_ovs_tx_steering.py {{(pid=101847) _load_all_extensions_from_path /opt/stack/neutron/neutron/api/extensions.py:449}}
Aug 24 15:53:04.711811 np0000190865 devstack@neutron-api.service[101847]: DEBUG neutron.api.extensions [None req-a7c44b9b-edb8-4296-95c8-4330b647b0db None None] Ext name="Port hint: Open vSwitch Tx steering" alias="port-hint-ovs-tx-steering" description="Enable Port hint: Open vSwitch Tx steering" updated="2023-01-01T00:00:00-00:00" {{(pid=101847) _check_extension /opt/stack/neutron/neutron/api/extensions.py:415}}
Aug 24 15:53:04.711962 np0000190865 devstack@neutron-api.service[101846]: DEBUG neutron.manager [None req-87003598-f75b-493d-acd0-ddb8460145db None None] Loading service plugins: ['ovn-router', 'auto_allocate', 'tag', 'timestamp', 'network_ip_availability', 'flavors', 'revisions'] {{(pid=101846) _load_service_plugins /opt/stack/neutron/neutron/manager.py:192}}
Aug 24 15:53:04.711962 np0000190865 devstack@neutron-api.service[101846]: INFO neutron.manager [None req-87003598-f75b-493d-acd0-ddb8460145db None None] Loading Plugin: ovn-router
Aug 24 15:53:04.712068 np0000190865 devstack@neutron-api.service[101847]: INFO neutron.api.extensions [None req-a7c44b9b-edb8-4296-95c8-4330b647b0db None None] Extension port-hint-ovs-tx-steering not supported by any of loaded plugins
Aug 24 15:53:04.712068 np0000190865 devstack@neutron-api.service[101847]: DEBUG neutron.api.extensions [None req-a7c44b9b-edb8-4296-95c8-4330b647b0db None None] Loading extension file: port_hints.py {{(pid=101847) _load_all_extensions_from_path /opt/stack/neutron/neutron/api/extensions.py:449}}
Aug 24 15:53:04.712068 np0000190865 devstack@neutron-api.service[101847]: DEBUG neutron.api.extensions [None req-a7c44b9b-edb8-4296-95c8-4330b647b0db None None] Ext name="Port hints" alias="port-hints" description="Backend specific port hints to allow backend specific tuning" updated="2023-01-01T00:00:00-00:00" {{(pid=101847) _check_extension /opt/stack/neutron/neutron/api/extensions.py:415}}
Aug 24 15:53:04.712068 np0000190865 devstack@neutron-api.service[101847]: INFO neutron.api.extensions [None req-a7c44b9b-edb8-4296-95c8-4330b647b0db None None] Extension port-hints not supported by any of loaded plugins
Aug 24 15:53:04.712068 np0000190865 devstack@neutron-api.service[101847]: DEBUG neutron.api.extensions [None req-a7c44b9b-edb8-4296-95c8-4330b647b0db None None] Loading extension file: port_mac_address_override.py {{(pid=101847) _load_all_extensions_from_path /opt/stack/neutron/neutron/api/extensions.py:449}}
Aug 24 15:53:04.712068 np0000190865 devstack@neutron-api.service[101847]: DEBUG neutron.api.extensions [None req-a7c44b9b-edb8-4296-95c8-4330b647b0db None None] Ext name="Neutron Port MAC address override" alias="port-mac-override" description="Allow overriding the MAC address of a direct-physical Port via the active binding profile" updated="2022-03-18T10:00:00-00:00" {{(pid=101847) _check_extension /opt/stack/neutron/neutron/api/extensions.py:415}}
Aug 24 15:53:04.712068 np0000190865 devstack@neutron-api.service[101847]: INFO neutron.api.extensions [None req-a7c44b9b-edb8-4296-95c8-4330b647b0db None None] Extension port-mac-override not supported by any of loaded plugins
Aug 24 15:53:04.712374 np0000190865 devstack@neutron-api.service[101847]: DEBUG neutron.api.extensions [None req-a7c44b9b-edb8-4296-95c8-4330b647b0db None None] Loading extension file: port_mac_address_regenerate.py {{(pid=101847) _load_all_extensions_from_path /opt/stack/neutron/neutron/api/extensions.py:449}}
Aug 24 15:53:04.712374 np0000190865 devstack@neutron-api.service[101847]: DEBUG neutron.api.extensions [None req-a7c44b9b-edb8-4296-95c8-4330b647b0db None None] Ext name="Neutron Port MAC address regenerate" alias="port-mac-address-regenerate" description="Network port MAC address regenerate" updated="2018-05-03T10:00:00-00:00" {{(pid=101847) _check_extension /opt/stack/neutron/neutron/api/extensions.py:415}}
Aug 24 15:53:04.712374 np0000190865 devstack@neutron-api.service[101847]: INFO neutron.api.extensions [None req-a7c44b9b-edb8-4296-95c8-4330b647b0db None None] Loaded extension: port-mac-address-regenerate
Aug 24 15:53:04.712374 np0000190865 devstack@neutron-api.service[101847]: DEBUG neutron.api.extensions [None req-a7c44b9b-edb8-4296-95c8-4330b647b0db None None] Loading extension file: port_numa_affinity_policy.py {{(pid=101847) _load_all_extensions_from_path /opt/stack/neutron/neutron/api/extensions.py:449}}
Aug 24 15:53:04.712374 np0000190865 devstack@neutron-api.service[101847]: DEBUG neutron.api.extensions [None req-a7c44b9b-edb8-4296-95c8-4330b647b0db None None] Ext name="Port NUMA affinity policy" alias="port-numa-affinity-policy" description="Expose the port NUMA affinity policy" updated="2020-07-08T10:00:00-00:00" {{(pid=101847) _check_extension /opt/stack/neutron/neutron/api/extensions.py:415}}
Aug 24 15:53:04.712574 np0000190865 devstack@neutron-api.service[101849]: DEBUG neutron_lib.callbacks.manager [None req-72533630-43c2-4b46-9773-ee46bc0354c4 None None] Publish callbacks ['neutron.plugins.ml2.drivers.ovn.mech_driver.mech_driver.OVNMechanismDriver.pre_fork_initialize-321931'] for process (None), before_spawn {{(pid=101849) _notify_loop /opt/stack/data/venv/lib/python3.12/site-packages/neutron_lib/callbacks/manager.py:184}}
Aug 24 15:53:04.712679 np0000190865 devstack@neutron-api.service[101847]: INFO neutron.api.extensions [None req-a7c44b9b-edb8-4296-95c8-4330b647b0db None None] Loaded extension: port-numa-affinity-policy
Aug 24 15:53:04.712679 np0000190865 devstack@neutron-api.service[101847]: DEBUG neutron.api.extensions [None req-a7c44b9b-edb8-4296-95c8-4330b647b0db None None] Loading extension file: port_numa_affinity_policy_socket.py {{(pid=101847) _load_all_extensions_from_path /opt/stack/neutron/neutron/api/extensions.py:449}}
Aug 24 15:53:04.712679 np0000190865 devstack@neutron-api.service[101847]: DEBUG neutron.api.extensions [None req-a7c44b9b-edb8-4296-95c8-4330b647b0db None None] Ext name="Port NUMA affinity policy "socket"" alias="port-numa-affinity-policy-socket" description="Adds "socket" to the supported port NUMA affinity policies" updated="2024-02-09T10:00:00-00:00" {{(pid=101847) _check_extension /opt/stack/neutron/neutron/api/extensions.py:415}}
Aug 24 15:53:04.712864 np0000190865 devstack@neutron-api.service[101849]: DEBUG oslo_concurrency.processutils [None req-72533630-43c2-4b46-9773-ee46bc0354c4 None None] Running cmd (subprocess): ovsdb-client transact ssl:199.19.213.199:6641 --timeout 180 -p /opt/stack/data/CA/int-ca/private/devstack-cert.key -c /opt/stack/data/CA/int-ca/devstack-cert.crt -C /opt/stack/data/CA/int-ca/ca-chain.pem ["OVN_Northbound", {"op": "wait", "timeout": 0, "table": "Port_Group", "where": [["name", "==", "neutron_pg_drop"]], "until": "==", "rows": []}, {"op": "insert", "table": "ACL", "row": {"action": "drop", "direction": "to-lport", "match": "outport == @neutron_pg_drop && ip", "priority": 1000}, "uuid-name": "droptoport"}, {"op": "insert", "table": "ACL", "row": {"action": "drop", "direction": "from-lport", "match": "inport == @neutron_pg_drop && ip", "priority": 1000}, "uuid-name": "dropfromport"}, {"op": "insert", "table": "Port_Group", "row": {"name": "neutron_pg_drop", "acls": ["set", [["named-uuid", "droptoport"], ["named-uuid", "dropfromport"]]]}}] {{(pid=101849) execute /opt/stack/data/venv/lib/python3.12/site-packages/oslo_concurrency/processutils.py:440}}
Aug 24 15:53:04.712990 np0000190865 devstack@neutron-api.service[101847]: INFO neutron.api.extensions [None req-a7c44b9b-edb8-4296-95c8-4330b647b0db None None] Loaded extension: port-numa-affinity-policy-socket
Aug 24 15:53:04.712990 np0000190865 devstack@neutron-api.service[101847]: DEBUG neutron.api.extensions [None req-a7c44b9b-edb8-4296-95c8-4330b647b0db None None] Loading extension file: port_resource_request.py {{(pid=101847) _load_all_extensions_from_path /opt/stack/neutron/neutron/api/extensions.py:449}}
Aug 24 15:53:04.712990 np0000190865 devstack@neutron-api.service[101847]: DEBUG neutron.api.extensions [None req-a7c44b9b-edb8-4296-95c8-4330b647b0db None None] Ext name="Port Resource Request" alias="port-resource-request" description="Expose resource request to Port" updated="2018-05-08T10:00:00-00:00" {{(pid=101847) _check_extension /opt/stack/neutron/neutron/api/extensions.py:415}}
Aug 24 15:53:04.712990 np0000190865 devstack@neutron-api.service[101847]: INFO neutron.api.extensions [None req-a7c44b9b-edb8-4296-95c8-4330b647b0db None None] Extension port-resource-request not supported by any of loaded plugins
Aug 24 15:53:04.712990 np0000190865 devstack@neutron-api.service[101847]: DEBUG neutron.api.extensions [None req-a7c44b9b-edb8-4296-95c8-4330b647b0db None None] Loading extension file: port_resource_request_groups.py {{(pid=101847) _load_all_extensions_from_path /opt/stack/neutron/neutron/api/extensions.py:449}}
Aug 24 15:53:04.712990 np0000190865 devstack@neutron-api.service[101847]: DEBUG neutron.api.extensions [None req-a7c44b9b-edb8-4296-95c8-4330b647b0db None None] Ext name="Port Resource Request Groups" alias="port-resource-request-groups" description="Support requesting multiple groups of resources and traits from the same RP subtree in resource_request" updated="2021-08-02T10:00:00-00:00" {{(pid=101847) _check_extension /opt/stack/neutron/neutron/api/extensions.py:415}}
Aug 24 15:53:04.712990 np0000190865 devstack@neutron-api.service[101847]: INFO neutron.api.extensions [None req-a7c44b9b-edb8-4296-95c8-4330b647b0db None None] Extension port-resource-request-groups not supported by any of loaded plugins
Aug 24 15:53:04.713237 np0000190865 devstack@neutron-api.service[101847]: DEBUG neutron.api.extensions [None req-a7c44b9b-edb8-4296-95c8-4330b647b0db None None] Loading extension file: port_trusted_vif.py {{(pid=101847) _load_all_extensions_from_path /opt/stack/neutron/neutron/api/extensions.py:449}}
Aug 24 15:53:04.713237 np0000190865 devstack@neutron-api.service[101847]: DEBUG neutron.api.extensions [None req-a7c44b9b-edb8-4296-95c8-4330b647b0db None None] Ext name="Port trusted vif" alias="port-trusted-vif" description="Expose port 'trusted' attribute in the API" updated="2024-07-10T10:00:00-00:00" {{(pid=101847) _check_extension /opt/stack/neutron/neutron/api/extensions.py:415}}
Aug 24 15:53:04.713377 np0000190865 devstack@neutron-api.service[101847]: INFO neutron.api.extensions [None req-a7c44b9b-edb8-4296-95c8-4330b647b0db None None] Extension port-trusted-vif not supported by any of loaded plugins
Aug 24 15:53:04.713377 np0000190865 devstack@neutron-api.service[101847]: DEBUG neutron.api.extensions [None req-a7c44b9b-edb8-4296-95c8-4330b647b0db None None] Loading extension file: portbindings.py {{(pid=101847) _load_all_extensions_from_path /opt/stack/neutron/neutron/api/extensions.py:449}}
Aug 24 15:53:04.713634 np0000190865 devstack@neutron-api.service[101847]: DEBUG neutron.api.extensions [None req-a7c44b9b-edb8-4296-95c8-4330b647b0db None None] Ext name="Port Binding" alias="binding" description="Expose port bindings of a virtual port to external application" updated="2014-02-03T10:00:00-00:00" {{(pid=101847) _check_extension /opt/stack/neutron/neutron/api/extensions.py:415}}
Aug 24 15:53:04.713783 np0000190865 devstack@neutron-api.service[101847]: INFO neutron.api.extensions [None req-a7c44b9b-edb8-4296-95c8-4330b647b0db None None] Loaded extension: binding
Aug 24 15:53:04.713869 np0000190865 devstack@neutron-api.service[101847]: DEBUG neutron.api.extensions [None req-a7c44b9b-edb8-4296-95c8-4330b647b0db None None] Loading extension file: portbindings_extended.py {{(pid=101847) _load_all_extensions_from_path /opt/stack/neutron/neutron/api/extensions.py:449}}
Aug 24 15:53:04.714449 np0000190865 devstack@neutron-api.service[101847]: DEBUG neutron.api.extensions [None req-a7c44b9b-edb8-4296-95c8-4330b647b0db None None] Ext name="Port Bindings Extended" alias="binding-extended" description="Expose port bindings of a virtual port to external application" updated="2017-07-17T10:00:00-00:00" {{(pid=101847) _check_extension /opt/stack/neutron/neutron/api/extensions.py:415}}
Aug 24 15:53:04.714449 np0000190865 devstack@neutron-api.service[101847]: INFO neutron.api.extensions [None req-a7c44b9b-edb8-4296-95c8-4330b647b0db None None] Loaded extension: binding-extended
Aug 24 15:53:04.714449 np0000190865 devstack@neutron-api.service[101847]: DEBUG neutron.api.extensions [None req-a7c44b9b-edb8-4296-95c8-4330b647b0db None None] Loading extension file: portsecurity.py {{(pid=101847) _load_all_extensions_from_path /opt/stack/neutron/neutron/api/extensions.py:449}}
Aug 24 15:53:04.714799 np0000190865 devstack@neutron-api.service[101847]: DEBUG neutron.api.extensions [None req-a7c44b9b-edb8-4296-95c8-4330b647b0db None None] Ext name="Port Security" alias="port-security" description="Provides port security" updated="2012-07-23T10:00:00-00:00" {{(pid=101847) _check_extension /opt/stack/neutron/neutron/api/extensions.py:415}}
Aug 24 15:53:04.715042 np0000190865 devstack@neutron-api.service[101847]: INFO neutron.api.extensions [None req-a7c44b9b-edb8-4296-95c8-4330b647b0db None None] Loaded extension: port-security
Aug 24 15:53:04.715042 np0000190865 devstack@neutron-api.service[101847]: DEBUG neutron.api.extensions [None req-a7c44b9b-edb8-4296-95c8-4330b647b0db None None] Loading extension file: project_id.py {{(pid=101847) _load_all_extensions_from_path /opt/stack/neutron/neutron/api/extensions.py:449}}
Aug 24 15:53:04.715272 np0000190865 devstack@neutron-api.service[101847]: DEBUG neutron.api.extensions [None req-a7c44b9b-edb8-4296-95c8-4330b647b0db None None] Ext name="project_id field enabled" alias="project-id" description="Extension that indicates that project_id field is enabled." updated="2016-09-09T09:09:09-09:09" {{(pid=101847) _check_extension /opt/stack/neutron/neutron/api/extensions.py:415}}
Aug 24 15:53:04.715551 np0000190865 devstack@neutron-api.service[101847]: INFO neutron.api.extensions [None req-a7c44b9b-edb8-4296-95c8-4330b647b0db None None] Loaded extension: project-id
Aug 24 15:53:04.715551 np0000190865 devstack@neutron-api.service[101847]: DEBUG neutron.api.extensions [None req-a7c44b9b-edb8-4296-95c8-4330b647b0db None None] Loading extension file: providernet.py {{(pid=101847) _load_all_extensions_from_path /opt/stack/neutron/neutron/api/extensions.py:449}}
Aug 24 15:53:04.716081 np0000190865 devstack@neutron-api.service[101847]: DEBUG neutron.api.extensions [None req-a7c44b9b-edb8-4296-95c8-4330b647b0db None None] Ext name="Provider Network" alias="provider" description="Expose mapping of virtual networks to physical networks" updated="2012-09-07T10:00:00-00:00" {{(pid=101847) _check_extension /opt/stack/neutron/neutron/api/extensions.py:415}}
Aug 24 15:53:04.716081 np0000190865 devstack@neutron-api.service[101847]: INFO neutron.api.extensions [None req-a7c44b9b-edb8-4296-95c8-4330b647b0db None None] Loaded extension: provider
Aug 24 15:53:04.716407 np0000190865 devstack@neutron-api.service[101847]: DEBUG neutron.api.extensions [None req-a7c44b9b-edb8-4296-95c8-4330b647b0db None None] Loading extension file: pvlan.py {{(pid=101847) _load_all_extensions_from_path /opt/stack/neutron/neutron/api/extensions.py:449}}
Aug 24 15:53:04.716407 np0000190865 devstack@neutron-api.service[101847]: DEBUG neutron.api.extensions [None req-a7c44b9b-edb8-4296-95c8-4330b647b0db None None] Ext name="Private VLAN" alias="pvlan" description="The Private VLAN semantics extension." updated="2026-02-03T10:00:00-00:00" {{(pid=101847) _check_extension /opt/stack/neutron/neutron/api/extensions.py:415}}
Aug 24 15:53:04.716808 np0000190865 devstack@neutron-api.service[101847]: INFO neutron.api.extensions [None req-a7c44b9b-edb8-4296-95c8-4330b647b0db None None] Extension pvlan not supported by any of loaded plugins
Aug 24 15:53:04.716808 np0000190865 devstack@neutron-api.service[101847]: DEBUG neutron.api.extensions [None req-a7c44b9b-edb8-4296-95c8-4330b647b0db None None] Loading extension file: qinq.py {{(pid=101847) _load_all_extensions_from_path /opt/stack/neutron/neutron/api/extensions.py:449}}
Aug 24 15:53:04.717028 np0000190865 devstack@neutron-api.service[101847]: DEBUG neutron.api.extensions [None req-a7c44b9b-edb8-4296-95c8-4330b647b0db None None] Ext name="QinQ networks" alias="qinq" description="Expose network 'qinq' attribute in the API. This allows to configure network to allow vlan in vlan configuration using 0x88a8 ethertype (QinQ)." updated="2024-12-02T10:00:00-00:00" {{(pid=101847) _check_extension /opt/stack/neutron/neutron/api/extensions.py:415}}
Aug 24 15:53:04.717357 np0000190865 devstack@neutron-api.service[101847]: INFO neutron.api.extensions [None req-a7c44b9b-edb8-4296-95c8-4330b647b0db None None] Loaded extension: qinq
Aug 24 15:53:04.717357 np0000190865 devstack@neutron-api.service[101847]: DEBUG neutron.api.extensions [None req-a7c44b9b-edb8-4296-95c8-4330b647b0db None None] Loading extension file: qos.py {{(pid=101847) _load_all_extensions_from_path /opt/stack/neutron/neutron/api/extensions.py:449}}
Aug 24 15:53:04.719296 np0000190865 devstack@neutron-api.service[101847]: DEBUG neutron.api.extensions [None req-a7c44b9b-edb8-4296-95c8-4330b647b0db None None] Ext name="Quality of Service" alias="qos" description="The Quality of Service extension." updated="2015-06-08T10:00:00-00:00" {{(pid=101847) _check_extension /opt/stack/neutron/neutron/api/extensions.py:415}}
Aug 24 15:53:04.720696 np0000190865 devstack@neutron-api.service[101846]: DEBUG neutron_lib.callbacks.manager [None req-87003598-f75b-493d-acd0-ddb8460145db None None] Subscribe: > router before_delete 55550000, False {{(pid=101846) subscribe /opt/stack/data/venv/lib/python3.12/site-packages/neutron_lib/callbacks/manager.py:52}}
Aug 24 15:53:04.721664 np0000190865 devstack@neutron-api.service[101847]: INFO neutron.api.extensions [None req-a7c44b9b-edb8-4296-95c8-4330b647b0db None None] Extension qos not supported by any of loaded plugins
Aug 24 15:53:04.721963 np0000190865 devstack@neutron-api.service[101846]: DEBUG neutron_lib.callbacks.manager [None req-87003598-f75b-493d-acd0-ddb8460145db None None] Subscribe: port before_update 55550000, False {{(pid=101846) subscribe /opt/stack/data/venv/lib/python3.12/site-packages/neutron_lib/callbacks/manager.py:52}}
Aug 24 15:53:04.722768 np0000190865 devstack@neutron-api.service[101847]: DEBUG neutron.api.extensions [None req-a7c44b9b-edb8-4296-95c8-4330b647b0db None None] Loading extension file: qos_bw_limit_direction.py {{(pid=101847) _load_all_extensions_from_path /opt/stack/neutron/neutron/api/extensions.py:449}}
Aug 24 15:53:04.723569 np0000190865 devstack@neutron-api.service[101846]: DEBUG neutron_lib.callbacks.manager [None req-87003598-f75b-493d-acd0-ddb8460145db None None] Subscribe: port after_update 55550000, False {{(pid=101846) subscribe /opt/stack/data/venv/lib/python3.12/site-packages/neutron_lib/callbacks/manager.py:52}}
Aug 24 15:53:04.723569 np0000190865 devstack@neutron-api.service[101846]: DEBUG neutron_lib.callbacks.manager [None req-87003598-f75b-493d-acd0-ddb8460145db None None] Subscribe: > port precommit_delete 55550000, False {{(pid=101846) subscribe /opt/stack/data/venv/lib/python3.12/site-packages/neutron_lib/callbacks/manager.py:52}}
Aug 24 15:53:04.723569 np0000190865 devstack@neutron-api.service[101846]: DEBUG neutron_lib.callbacks.manager [None req-87003598-f75b-493d-acd0-ddb8460145db None None] Subscribe: port before_update 55550000, False {{(pid=101846) subscribe /opt/stack/data/venv/lib/python3.12/site-packages/neutron_lib/callbacks/manager.py:52}}
