May 06 21:01:29.566413 np0000172313 neutron-periodic-workers[105186]: DEBUG cotyledon.oslo_config_glue [-] network_log.rate_limit = 100 {{(pid=105186) log_opt_values /opt/stack/data/venv/lib/python3.12/site-packages/oslo_config/cfg.py:3006}}
May 06 21:01:29.566482 np0000172313 neutron-periodic-workers[105186]: DEBUG cotyledon.oslo_config_glue [-] database.asyncio_connection = **** {{(pid=105186) log_opt_values /opt/stack/data/venv/lib/python3.12/site-packages/oslo_config/cfg.py:3006}}
May 06 21:01:29.566516 np0000172313 neutron-periodic-workers[105186]: DEBUG cotyledon.oslo_config_glue [-] database.asyncio_slave_connection = **** {{(pid=105186) log_opt_values /opt/stack/data/venv/lib/python3.12/site-packages/oslo_config/cfg.py:3006}}
May 06 21:01:29.566565 np0000172313 neutron-periodic-workers[105186]: DEBUG cotyledon.oslo_config_glue [-] database.backend = sqlalchemy {{(pid=105186) log_opt_values /opt/stack/data/venv/lib/python3.12/site-packages/oslo_config/cfg.py:3006}}
May 06 21:01:29.566615 np0000172313 neutron-periodic-workers[105186]: DEBUG cotyledon.oslo_config_glue [-] database.connection = **** {{(pid=105186) log_opt_values /opt/stack/data/venv/lib/python3.12/site-packages/oslo_config/cfg.py:3006}}
May 06 21:01:29.566662 np0000172313 neutron-periodic-workers[105186]: DEBUG cotyledon.oslo_config_glue [-] database.connection_debug = 0 {{(pid=105186) log_opt_values /opt/stack/data/venv/lib/python3.12/site-packages/oslo_config/cfg.py:3006}}
May 06 21:01:29.567249 np0000172313 neutron-periodic-workers[105186]: DEBUG cotyledon.oslo_config_glue [-] database.connection_parameters = {{(pid=105186) log_opt_values /opt/stack/data/venv/lib/python3.12/site-packages/oslo_config/cfg.py:3006}}
May 06 21:01:29.567249 np0000172313 neutron-periodic-workers[105186]: DEBUG cotyledon.oslo_config_glue [-] database.connection_recycle_time = 3600 {{(pid=105186) log_opt_values /opt/stack/data/venv/lib/python3.12/site-packages/oslo_config/cfg.py:3006}}
May 06 21:01:29.567249 np0000172313 neutron-periodic-workers[105186]: DEBUG cotyledon.oslo_config_glue [-] database.connection_trace = False {{(pid=105186) log_opt_values /opt/stack/data/venv/lib/python3.12/site-packages/oslo_config/cfg.py:3006}}
May 06 21:01:29.567249 np0000172313 neutron-periodic-workers[105186]: DEBUG cotyledon.oslo_config_glue [-] database.db_inc_retry_interval = True {{(pid=105186) log_opt_values /opt/stack/data/venv/lib/python3.12/site-packages/oslo_config/cfg.py:3006}}
May 06 21:01:29.567249 np0000172313 neutron-periodic-workers[105186]: DEBUG cotyledon.oslo_config_glue [-] database.db_max_retries = 20 {{(pid=105186) log_opt_values /opt/stack/data/venv/lib/python3.12/site-packages/oslo_config/cfg.py:3006}}
May 06 21:01:29.567249 np0000172313 neutron-periodic-workers[105186]: DEBUG cotyledon.oslo_config_glue [-] database.db_max_retry_interval = 10 {{(pid=105186) log_opt_values /opt/stack/data/venv/lib/python3.12/site-packages/oslo_config/cfg.py:3006}}
May 06 21:01:29.567249 np0000172313 neutron-periodic-workers[105186]: DEBUG cotyledon.oslo_config_glue [-] database.db_retry_interval = 1 {{(pid=105186) log_opt_values /opt/stack/data/venv/lib/python3.12/site-packages/oslo_config/cfg.py:3006}}
May 06 21:01:29.567249 np0000172313 neutron-periodic-workers[105186]: DEBUG cotyledon.oslo_config_glue [-] database.max_overflow = 50 {{(pid=105186) log_opt_values /opt/stack/data/venv/lib/python3.12/site-packages/oslo_config/cfg.py:3006}}
May 06 21:01:29.567249 np0000172313 neutron-periodic-workers[105186]: DEBUG cotyledon.oslo_config_glue [-] database.max_pool_size = 5 {{(pid=105186) log_opt_values /opt/stack/data/venv/lib/python3.12/site-packages/oslo_config/cfg.py:3006}}
May 06 21:01:29.567469 np0000172313 neutron-periodic-workers[105186]: DEBUG cotyledon.oslo_config_glue [-] database.max_retries = 10 {{(pid=105186) log_opt_values /opt/stack/data/venv/lib/python3.12/site-packages/oslo_config/cfg.py:3006}}
May 06 21:01:29.567469 np0000172313 neutron-periodic-workers[105186]: DEBUG cotyledon.oslo_config_glue [-] database.mysql_sql_mode = TRADITIONAL {{(pid=105186) log_opt_values /opt/stack/data/venv/lib/python3.12/site-packages/oslo_config/cfg.py:3006}}
May 06 21:01:29.567469 np0000172313 neutron-periodic-workers[105186]: DEBUG cotyledon.oslo_config_glue [-] database.mysql_wsrep_sync_wait = None {{(pid=105186) log_opt_values /opt/stack/data/venv/lib/python3.12/site-packages/oslo_config/cfg.py:3006}}
May 06 21:01:29.567469 np0000172313 neutron-periodic-workers[105186]: DEBUG cotyledon.oslo_config_glue [-] database.pool_timeout = None {{(pid=105186) log_opt_values /opt/stack/data/venv/lib/python3.12/site-packages/oslo_config/cfg.py:3006}}
May 06 21:01:29.567469 np0000172313 neutron-periodic-workers[105186]: DEBUG cotyledon.oslo_config_glue [-] database.retry_interval = 10 {{(pid=105186) log_opt_values /opt/stack/data/venv/lib/python3.12/site-packages/oslo_config/cfg.py:3006}}
May 06 21:01:29.567469 np0000172313 neutron-periodic-workers[105186]: DEBUG cotyledon.oslo_config_glue [-] database.slave_connection = **** {{(pid=105186) log_opt_values /opt/stack/data/venv/lib/python3.12/site-packages/oslo_config/cfg.py:3006}}
May 06 21:01:29.567469 np0000172313 neutron-periodic-workers[105186]: DEBUG cotyledon.oslo_config_glue [-] database.sqlite_synchronous = True {{(pid=105186) log_opt_values /opt/stack/data/venv/lib/python3.12/site-packages/oslo_config/cfg.py:3006}}
May 06 21:01:29.567469 np0000172313 neutron-periodic-workers[105186]: DEBUG cotyledon.oslo_config_glue [-] database.synchronous_reader = True {{(pid=105186) log_opt_values /opt/stack/data/venv/lib/python3.12/site-packages/oslo_config/cfg.py:3006}}
May 06 21:01:29.567469 np0000172313 neutron-periodic-workers[105186]: DEBUG cotyledon.oslo_config_glue [-] database.use_db_reconnect = False {{(pid=105186) log_opt_values /opt/stack/data/venv/lib/python3.12/site-packages/oslo_config/cfg.py:3006}}
May 06 21:01:29.567683 np0000172313 neutron-periodic-workers[105186]: DEBUG cotyledon.oslo_config_glue [-] ovn.bfd_min_rx = 1000 {{(pid=105186) log_opt_values /opt/stack/data/venv/lib/python3.12/site-packages/oslo_config/cfg.py:3006}}
May 06 21:01:29.567683 np0000172313 neutron-periodic-workers[105186]: DEBUG cotyledon.oslo_config_glue [-] ovn.bfd_min_tx = 100 {{(pid=105186) log_opt_values /opt/stack/data/venv/lib/python3.12/site-packages/oslo_config/cfg.py:3006}}
May 06 21:01:29.567683 np0000172313 neutron-periodic-workers[105186]: DEBUG cotyledon.oslo_config_glue [-] ovn.bfd_mult = 3 {{(pid=105186) log_opt_values /opt/stack/data/venv/lib/python3.12/site-packages/oslo_config/cfg.py:3006}}
May 06 21:01:29.567683 np0000172313 neutron-periodic-workers[105186]: DEBUG cotyledon.oslo_config_glue [-] ovn.broadcast_arps_to_all_routers = True {{(pid=105186) log_opt_values /opt/stack/data/venv/lib/python3.12/site-packages/oslo_config/cfg.py:3006}}
May 06 21:01:29.567683 np0000172313 neutron-periodic-workers[105186]: DEBUG cotyledon.oslo_config_glue [-] ovn.dhcp_default_lease_time = 43200 {{(pid=105186) log_opt_values /opt/stack/data/venv/lib/python3.12/site-packages/oslo_config/cfg.py:3006}}
May 06 21:01:29.567683 np0000172313 neutron-periodic-workers[105186]: DEBUG cotyledon.oslo_config_glue [-] ovn.disable_ovn_dhcp_for_baremetal_ports = False {{(pid=105186) log_opt_values /opt/stack/data/venv/lib/python3.12/site-packages/oslo_config/cfg.py:3006}}
May 06 21:01:29.567683 np0000172313 neutron-periodic-workers[105186]: DEBUG cotyledon.oslo_config_glue [-] ovn.dns_records_ovn_owned = False {{(pid=105186) log_opt_values /opt/stack/data/venv/lib/python3.12/site-packages/oslo_config/cfg.py:3006}}
May 06 21:01:29.567842 np0000172313 neutron-periodic-workers[105186]: DEBUG cotyledon.oslo_config_glue [-] ovn.dns_servers = [] {{(pid=105186) log_opt_values /opt/stack/data/venv/lib/python3.12/site-packages/oslo_config/cfg.py:3006}}
May 06 21:01:29.567842 np0000172313 neutron-periodic-workers[105186]: DEBUG cotyledon.oslo_config_glue [-] ovn.enable_distributed_floating_ip = False {{(pid=105186) log_opt_values /opt/stack/data/venv/lib/python3.12/site-packages/oslo_config/cfg.py:3006}}
May 06 21:01:29.567842 np0000172313 neutron-periodic-workers[105186]: DEBUG cotyledon.oslo_config_glue [-] ovn.fdb_age_threshold = 300 {{(pid=105186) log_opt_values /opt/stack/data/venv/lib/python3.12/site-packages/oslo_config/cfg.py:3006}}
May 06 21:01:29.567842 np0000172313 neutron-periodic-workers[105186]: DEBUG cotyledon.oslo_config_glue [-] ovn.ha_failover_strategy = normal {{(pid=105186) log_opt_values /opt/stack/data/venv/lib/python3.12/site-packages/oslo_config/cfg.py:3006}}
May 06 21:01:29.567842 np0000172313 neutron-periodic-workers[105186]: DEBUG cotyledon.oslo_config_glue [-] ovn.live_migration_activation_strategy = rarp {{(pid=105186) log_opt_values /opt/stack/data/venv/lib/python3.12/site-packages/oslo_config/cfg.py:3006}}
May 06 21:01:29.567975 np0000172313 neutron-periodic-workers[105186]: DEBUG cotyledon.oslo_config_glue [-] ovn.localnet_learn_fdb = False {{(pid=105186) log_opt_values /opt/stack/data/venv/lib/python3.12/site-packages/oslo_config/cfg.py:3006}}
May 06 21:01:29.567975 np0000172313 neutron-periodic-workers[105186]: DEBUG cotyledon.oslo_config_glue [-] ovn.mac_binding_age_threshold = 300 {{(pid=105186) log_opt_values /opt/stack/data/venv/lib/python3.12/site-packages/oslo_config/cfg.py:3006}}
May 06 21:01:29.567975 np0000172313 neutron-periodic-workers[105186]: DEBUG cotyledon.oslo_config_glue [-] ovn.neutron_sync_mode = log {{(pid=105186) log_opt_values /opt/stack/data/venv/lib/python3.12/site-packages/oslo_config/cfg.py:3006}}
May 06 21:01:29.568061 np0000172313 neutron-periodic-workers[105186]: DEBUG cotyledon.oslo_config_glue [-] ovn.ovn_dhcp4_global_options = {} {{(pid=105186) log_opt_values /opt/stack/data/venv/lib/python3.12/site-packages/oslo_config/cfg.py:3006}}
May 06 21:01:29.568061 np0000172313 neutron-periodic-workers[105186]: DEBUG cotyledon.oslo_config_glue [-] ovn.ovn_dhcp6_global_options = {} {{(pid=105186) log_opt_values /opt/stack/data/venv/lib/python3.12/site-packages/oslo_config/cfg.py:3006}}
May 06 21:01:29.568128 np0000172313 neutron-periodic-workers[105186]: DEBUG cotyledon.oslo_config_glue [-] ovn.ovn_l3_scheduler = leastloaded {{(pid=105186) log_opt_values /opt/stack/data/venv/lib/python3.12/site-packages/oslo_config/cfg.py:3006}}
May 06 21:01:29.568157 np0000172313 neutron-periodic-workers[105186]: DEBUG cotyledon.oslo_config_glue [-] ovn.ovn_metadata_enabled = True {{(pid=105186) log_opt_values /opt/stack/data/venv/lib/python3.12/site-packages/oslo_config/cfg.py:3006}}
May 06 21:01:29.568221 np0000172313 neutron-periodic-workers[105186]: DEBUG cotyledon.oslo_config_glue [-] ovn.ovn_nb_ca_cert = /opt/stack/data/CA/int-ca/ca-chain.pem {{(pid=105186) log_opt_values /opt/stack/data/venv/lib/python3.12/site-packages/oslo_config/cfg.py:3006}}
May 06 21:01:29.568257 np0000172313 neutron-periodic-workers[105186]: DEBUG cotyledon.oslo_config_glue [-] ovn.ovn_nb_certificate = /opt/stack/data/CA/int-ca/devstack-cert.crt {{(pid=105186) log_opt_values /opt/stack/data/venv/lib/python3.12/site-packages/oslo_config/cfg.py:3006}}
May 06 21:01:29.568360 np0000172313 neutron-periodic-workers[105186]: DEBUG cotyledon.oslo_config_glue [-] ovn.ovn_nb_connection = ['ssl:199.204.45.229:6641'] {{(pid=105186) log_opt_values /opt/stack/data/venv/lib/python3.12/site-packages/oslo_config/cfg.py:3006}}
May 06 21:01:29.568421 np0000172313 neutron-periodic-workers[105186]: DEBUG cotyledon.oslo_config_glue [-] ovn.ovn_nb_private_key = /opt/stack/data/CA/int-ca/private/devstack-cert.key {{(pid=105186) log_opt_values /opt/stack/data/venv/lib/python3.12/site-packages/oslo_config/cfg.py:3006}}
May 06 21:01:29.568471 np0000172313 neutron-periodic-workers[105186]: DEBUG cotyledon.oslo_config_glue [-] ovn.ovn_router_indirect_snat = False {{(pid=105186) log_opt_values /opt/stack/data/venv/lib/python3.12/site-packages/oslo_config/cfg.py:3006}}
May 06 21:01:29.568471 np0000172313 neutron-periodic-workers[105186]: DEBUG cotyledon.oslo_config_glue [-] ovn.ovn_sb_ca_cert = /opt/stack/data/CA/int-ca/ca-chain.pem {{(pid=105186) log_opt_values /opt/stack/data/venv/lib/python3.12/site-packages/oslo_config/cfg.py:3006}}
May 06 21:01:29.568541 np0000172313 neutron-periodic-workers[105186]: DEBUG cotyledon.oslo_config_glue [-] ovn.ovn_sb_certificate = /opt/stack/data/CA/int-ca/devstack-cert.crt {{(pid=105186) log_opt_values /opt/stack/data/venv/lib/python3.12/site-packages/oslo_config/cfg.py:3006}}
May 06 21:01:29.568541 np0000172313 neutron-periodic-workers[105186]: DEBUG cotyledon.oslo_config_glue [-] ovn.ovn_sb_connection = ['ssl:199.204.45.229:6642'] {{(pid=105186) log_opt_values /opt/stack/data/venv/lib/python3.12/site-packages/oslo_config/cfg.py:3006}}
May 06 21:01:29.568594 np0000172313 neutron-periodic-workers[105186]: DEBUG cotyledon.oslo_config_glue [-] ovn.ovn_sb_private_key = /opt/stack/data/CA/int-ca/private/devstack-cert.key {{(pid=105186) log_opt_values /opt/stack/data/venv/lib/python3.12/site-packages/oslo_config/cfg.py:3006}}
May 06 21:01:29.568623 np0000172313 neutron-periodic-workers[105186]: DEBUG cotyledon.oslo_config_glue [-] ovn.ovs_create_tap = False {{(pid=105186) log_opt_values /opt/stack/data/venv/lib/python3.12/site-packages/oslo_config/cfg.py:3006}}
May 06 21:01:29.568651 np0000172313 neutron-periodic-workers[105186]: DEBUG cotyledon.oslo_config_glue [-] ovn.ovsdb_connection_timeout = 180 {{(pid=105186) log_opt_values /opt/stack/data/venv/lib/python3.12/site-packages/oslo_config/cfg.py:3006}}
May 06 21:01:29.568694 np0000172313 neutron-periodic-workers[105186]: DEBUG cotyledon.oslo_config_glue [-] ovn.ovsdb_log_level = INFO {{(pid=105186) log_opt_values /opt/stack/data/venv/lib/python3.12/site-packages/oslo_config/cfg.py:3006}}
May 06 21:01:29.568750 np0000172313 neutron-periodic-workers[105186]: DEBUG cotyledon.oslo_config_glue [-] ovn.ovsdb_probe_interval = 60000 {{(pid=105186) log_opt_values /opt/stack/data/venv/lib/python3.12/site-packages/oslo_config/cfg.py:3006}}
May 06 21:01:29.568784 np0000172313 neutron-periodic-workers[105186]: DEBUG cotyledon.oslo_config_glue [-] ovn.ovsdb_retry_max_interval = 180 {{(pid=105186) log_opt_values /opt/stack/data/venv/lib/python3.12/site-packages/oslo_config/cfg.py:3006}}
May 06 21:01:29.568837 np0000172313 neutron-periodic-workers[105186]: DEBUG cotyledon.oslo_config_glue [-] ovn.stateless_nat_enabled = False {{(pid=105186) log_opt_values /opt/stack/data/venv/lib/python3.12/site-packages/oslo_config/cfg.py:3006}}
May 06 21:01:29.568837 np0000172313 neutron-periodic-workers[105186]: DEBUG cotyledon.oslo_config_glue [-] ovn.vhost_sock_dir = /var/run/openvswitch {{(pid=105186) log_opt_values /opt/stack/data/venv/lib/python3.12/site-packages/oslo_config/cfg.py:3006}}
May 06 21:01:29.568909 np0000172313 neutron-periodic-workers[105186]: DEBUG cotyledon.oslo_config_glue [-] OVS.bridge_mac_table_size = 50000 {{(pid=105186) log_opt_values /opt/stack/data/venv/lib/python3.12/site-packages/oslo_config/cfg.py:3006}}
May 06 21:01:29.568938 np0000172313 neutron-periodic-workers[105186]: DEBUG cotyledon.oslo_config_glue [-] OVS.igmp_flood = False {{(pid=105186) log_opt_values /opt/stack/data/venv/lib/python3.12/site-packages/oslo_config/cfg.py:3006}}
May 06 21:01:29.568991 np0000172313 neutron-periodic-workers[105186]: DEBUG cotyledon.oslo_config_glue [-] OVS.igmp_flood_reports = True {{(pid=105186) log_opt_values /opt/stack/data/venv/lib/python3.12/site-packages/oslo_config/cfg.py:3006}}
May 06 21:01:29.569047 np0000172313 neutron-periodic-workers[105186]: DEBUG cotyledon.oslo_config_glue [-] OVS.igmp_flood_unregistered = False {{(pid=105186) log_opt_values /opt/stack/data/venv/lib/python3.12/site-packages/oslo_config/cfg.py:3006}}
May 06 21:01:29.569077 np0000172313 neutron-periodic-workers[105186]: DEBUG cotyledon.oslo_config_glue [-] OVS.igmp_snooping_enable = False {{(pid=105186) log_opt_values /opt/stack/data/venv/lib/python3.12/site-packages/oslo_config/cfg.py:3006}}
May 06 21:01:29.569360 np0000172313 neutron-periodic-workers[105186]: DEBUG cotyledon.oslo_config_glue [-] OVS.ovsdb_timeout = 10 {{(pid=105186) log_opt_values /opt/stack/data/venv/lib/python3.12/site-packages/oslo_config/cfg.py:3006}}
May 06 21:01:29.569360 np0000172313 neutron-periodic-workers[105186]: DEBUG cotyledon.oslo_config_glue [-] ovn_nb_global.fdb_removal_limit = 0 {{(pid=105186) log_opt_values /opt/stack/data/venv/lib/python3.12/site-packages/oslo_config/cfg.py:3006}}
May 06 21:01:29.569360 np0000172313 neutron-periodic-workers[105186]: DEBUG cotyledon.oslo_config_glue [-] ovn_nb_global.ignore_lsp_down = False {{(pid=105186) log_opt_values /opt/stack/data/venv/lib/python3.12/site-packages/oslo_config/cfg.py:3006}}
May 06 21:01:29.569360 np0000172313 neutron-periodic-workers[105186]: DEBUG cotyledon.oslo_config_glue [-] ovn_nb_global.mac_binding_removal_limit = 0 {{(pid=105186) log_opt_values /opt/stack/data/venv/lib/python3.12/site-packages/oslo_config/cfg.py:3006}}
May 06 21:01:29.569360 np0000172313 neutron-periodic-workers[105186]: DEBUG cotyledon.oslo_config_glue [-] ******************************************************************************** {{(pid=105186) log_opt_values /opt/stack/data/venv/lib/python3.12/site-packages/oslo_config/cfg.py:3013}}
May 06 21:01:29.569510 np0000172313 neutron-periodic-workers[105186]: DEBUG cotyledon._service_worker [-] Run service ServiceWrapper(0) [105186] {{(pid=105186) wait_forever /opt/stack/data/venv/lib/python3.12/site-packages/cotyledon/_service_worker.py:218}}
May 06 21:01:39.223479 np0000172313 neutron-periodic-workers[104368]: DEBUG dbcounter [-] [104368] Writing DB stats neutron:SELECT=4 {{(pid=104368) stat_writer /opt/stack/data/venv/lib/python3.12/site-packages/dbcounter.py:115}}
May 06 21:02:16.560919 np0000172313 neutron-periodic-workers[105180]: DEBUG oslo_db.sqlalchemy.engines [None req-04467010-8246-41e4-b3dc-0a79d776fc75 None None] Parent process 104368 forked (105180) with an open database connection, which is being discarded and recreated. {{(pid=105180) checkout /opt/stack/data/venv/lib/python3.12/site-packages/oslo_db/sqlalchemy/engines.py:402}}
May 06 21:02:16.568037 np0000172313 neutron-periodic-workers[105180]: DEBUG dbcounter [-] [105180] Writer thread running {{(pid=105180) stat_writer /opt/stack/data/venv/lib/python3.12/site-packages/dbcounter.py:102}}
May 06 21:02:16.571243 np0000172313 neutron-periodic-workers[105180]: DEBUG neutron.db.agents_db [None req-04467010-8246-41e4-b3dc-0a79d776fc75 None None] Agent healthcheck: found 0 active agents {{(pid=105180) agent_health_check /opt/stack/neutron/neutron/db/agents_db.py:322}}
May 06 21:02:16.572186 np0000172313 neutron-periodic-workers[105180]: DEBUG oslo.service.backend._threading.loopingcall [None req-04467010-8246-41e4-b3dc-0a79d776fc75 None None] Fixed interval looping call 'neutron.plugins.ml2.plugin.AgentDbMixin.agent_health_check' sleeping for 36.98 seconds {{(pid=105180) _run_loop /opt/stack/data/venv/lib/python3.12/site-packages/oslo_service/backend/_threading/loopingcall.py:125}}
May 06 21:02:19.556831 np0000172313 neutron-periodic-workers[105172]: DEBUG dbcounter [-] [105172] Writer thread running {{(pid=105172) stat_writer /opt/stack/data/venv/lib/python3.12/site-packages/dbcounter.py:102}}
May 06 21:02:19.565107 np0000172313 neutron-periodic-workers[105172]: DEBUG oslo.service.backend._threading.loopingcall [None req-20ccf744-79a0-4bcc-ba81-7115e38341d1 None None] Fixed interval looping call 'neutron.plugins.ml2.plugin.DhcpAgentSchedulerDbMixin.remove_networks_from_down_agents' sleeping for 36.98 seconds {{(pid=105172) _run_loop /opt/stack/data/venv/lib/python3.12/site-packages/oslo_service/backend/_threading/loopingcall.py:125}}
May 06 21:02:26.568771 np0000172313 neutron-periodic-workers[105180]: DEBUG dbcounter [-] [105180] Writing DB stats neutron:SELECT=1 {{(pid=105180) stat_writer /opt/stack/data/venv/lib/python3.12/site-packages/dbcounter.py:115}}
May 06 21:02:29.564111 np0000172313 neutron-periodic-workers[105172]: DEBUG dbcounter [-] [105172] Writing DB stats neutron:SELECT=3 {{(pid=105172) stat_writer /opt/stack/data/venv/lib/python3.12/site-packages/dbcounter.py:115}}
May 06 21:02:53.559868 np0000172313 neutron-periodic-workers[105180]: DEBUG neutron.db.agents_db [None req-04467010-8246-41e4-b3dc-0a79d776fc75 None None] Agent healthcheck: found 0 active agents {{(pid=105180) agent_health_check /opt/stack/neutron/neutron/db/agents_db.py:322}}
May 06 21:02:53.560723 np0000172313 neutron-periodic-workers[105180]: DEBUG oslo.service.backend._threading.loopingcall [None req-04467010-8246-41e4-b3dc-0a79d776fc75 None None] Fixed interval looping call 'neutron.plugins.ml2.plugin.AgentDbMixin.agent_health_check' sleeping for 36.99 seconds {{(pid=105180) _run_loop /opt/stack/data/venv/lib/python3.12/site-packages/oslo_service/backend/_threading/loopingcall.py:125}}
May 06 21:02:56.554612 np0000172313 neutron-periodic-workers[105172]: DEBUG oslo.service.backend._threading.loopingcall [None req-20ccf744-79a0-4bcc-ba81-7115e38341d1 None None] Fixed interval looping call 'neutron.plugins.ml2.plugin.DhcpAgentSchedulerDbMixin.remove_networks_from_down_agents' sleeping for 36.99 seconds {{(pid=105172) _run_loop /opt/stack/data/venv/lib/python3.12/site-packages/oslo_service/backend/_threading/loopingcall.py:125}}
May 06 21:03:03.609284 np0000172313 neutron-periodic-workers[105180]: DEBUG dbcounter [-] [105180] Writing DB stats neutron:SELECT=1 {{(pid=105180) stat_writer /opt/stack/data/venv/lib/python3.12/site-packages/dbcounter.py:115}}
May 06 21:03:06.553119 np0000172313 neutron-periodic-workers[105172]: DEBUG dbcounter [-] [105172] Writing DB stats neutron:SELECT=3 {{(pid=105172) stat_writer /opt/stack/data/venv/lib/python3.12/site-packages/dbcounter.py:115}}
May 06 21:03:29.584314 np0000172313 neutron-periodic-workers[105186]: DEBUG dbcounter [-] [105186] Writer thread running {{(pid=105186) stat_writer /opt/stack/data/venv/lib/python3.12/site-packages/dbcounter.py:102}}
May 06 21:03:29.587582 np0000172313 neutron-periodic-workers[105186]: DEBUG oslo.service.backend._threading.loopingcall [None req-01e24406-745e-42d3-b84c-c5a04704a9d0 None None] Fixed interval looping call 'neutron.db.quota.driver_nolock.DbQuotaNoLockDriver._remove_expired_reservations' sleeping for 119.98 seconds {{(pid=105186) _run_loop /opt/stack/data/venv/lib/python3.12/site-packages/oslo_service/backend/_threading/loopingcall.py:125}}
May 06 21:03:30.555759 np0000172313 neutron-periodic-workers[105180]: DEBUG neutron.db.agents_db [None req-04467010-8246-41e4-b3dc-0a79d776fc75 None None] Agent healthcheck: found 0 active agents {{(pid=105180) agent_health_check /opt/stack/neutron/neutron/db/agents_db.py:322}}
May 06 21:03:30.556143 np0000172313 neutron-periodic-workers[105180]: DEBUG oslo.service.backend._threading.loopingcall [None req-04467010-8246-41e4-b3dc-0a79d776fc75 None None] Fixed interval looping call 'neutron.plugins.ml2.plugin.AgentDbMixin.agent_health_check' sleeping for 36.99 seconds {{(pid=105180) _run_loop /opt/stack/data/venv/lib/python3.12/site-packages/oslo_service/backend/_threading/loopingcall.py:125}}
May 06 21:03:33.556497 np0000172313 neutron-periodic-workers[105172]: DEBUG oslo.service.backend._threading.loopingcall [None req-20ccf744-79a0-4bcc-ba81-7115e38341d1 None None] Fixed interval looping call 'neutron.plugins.ml2.plugin.DhcpAgentSchedulerDbMixin.remove_networks_from_down_agents' sleeping for 36.99 seconds {{(pid=105172) _run_loop /opt/stack/data/venv/lib/python3.12/site-packages/oslo_service/backend/_threading/loopingcall.py:125}}
May 06 21:03:39.585545 np0000172313 neutron-periodic-workers[105186]: DEBUG dbcounter [-] [105186] Writing DB stats neutron:DELETE=1 {{(pid=105186) stat_writer /opt/stack/data/venv/lib/python3.12/site-packages/dbcounter.py:115}}
May 06 21:03:40.553856 np0000172313 neutron-periodic-workers[105180]: DEBUG dbcounter [-] [105180] Writing DB stats neutron:SELECT=1 {{(pid=105180) stat_writer /opt/stack/data/venv/lib/python3.12/site-packages/dbcounter.py:115}}
May 06 21:03:43.555830 np0000172313 neutron-periodic-workers[105172]: DEBUG dbcounter [-] [105172] Writing DB stats neutron:SELECT=3 {{(pid=105172) stat_writer /opt/stack/data/venv/lib/python3.12/site-packages/dbcounter.py:115}}
May 06 21:04:07.550982 np0000172313 neutron-periodic-workers[105180]: DEBUG neutron.db.agents_db [None req-04467010-8246-41e4-b3dc-0a79d776fc75 None None] Agent healthcheck: found 0 active agents {{(pid=105180) agent_health_check /opt/stack/neutron/neutron/db/agents_db.py:322}}
May 06 21:04:07.551508 np0000172313 neutron-periodic-workers[105180]: DEBUG oslo.service.backend._threading.loopingcall [None req-04467010-8246-41e4-b3dc-0a79d776fc75 None None] Fixed interval looping call 'neutron.plugins.ml2.plugin.AgentDbMixin.agent_health_check' sleeping for 37.00 seconds {{(pid=105180) _run_loop /opt/stack/data/venv/lib/python3.12/site-packages/oslo_service/backend/_threading/loopingcall.py:125}}
May 06 21:04:10.555306 np0000172313 neutron-periodic-workers[105172]: DEBUG oslo.service.backend._threading.loopingcall [None req-20ccf744-79a0-4bcc-ba81-7115e38341d1 None None] Fixed interval looping call 'neutron.plugins.ml2.plugin.DhcpAgentSchedulerDbMixin.remove_networks_from_down_agents' sleeping for 36.99 seconds {{(pid=105172) _run_loop /opt/stack/data/venv/lib/python3.12/site-packages/oslo_service/backend/_threading/loopingcall.py:125}}
May 06 21:04:17.549305 np0000172313 neutron-periodic-workers[105180]: DEBUG dbcounter [-] [105180] Writing DB stats neutron:SELECT=1 {{(pid=105180) stat_writer /opt/stack/data/venv/lib/python3.12/site-packages/dbcounter.py:115}}
May 06 21:04:20.554136 np0000172313 neutron-periodic-workers[105172]: DEBUG dbcounter [-] [105172] Writing DB stats neutron:SELECT=3 {{(pid=105172) stat_writer /opt/stack/data/venv/lib/python3.12/site-packages/dbcounter.py:115}}
May 06 21:04:44.556345 np0000172313 neutron-periodic-workers[105180]: DEBUG neutron.db.agents_db [None req-04467010-8246-41e4-b3dc-0a79d776fc75 None None] Agent healthcheck: found 0 active agents {{(pid=105180) agent_health_check /opt/stack/neutron/neutron/db/agents_db.py:322}}
May 06 21:04:44.556883 np0000172313 neutron-periodic-workers[105180]: DEBUG oslo.service.backend._threading.loopingcall [None req-04467010-8246-41e4-b3dc-0a79d776fc75 None None] Fixed interval looping call 'neutron.plugins.ml2.plugin.AgentDbMixin.agent_health_check' sleeping for 36.99 seconds {{(pid=105180) _run_loop /opt/stack/data/venv/lib/python3.12/site-packages/oslo_service/backend/_threading/loopingcall.py:125}}
May 06 21:04:47.554812 np0000172313 neutron-periodic-workers[105172]: DEBUG oslo.service.backend._threading.loopingcall [None req-20ccf744-79a0-4bcc-ba81-7115e38341d1 None None] Fixed interval looping call 'neutron.plugins.ml2.plugin.DhcpAgentSchedulerDbMixin.remove_networks_from_down_agents' sleeping for 36.99 seconds {{(pid=105172) _run_loop /opt/stack/data/venv/lib/python3.12/site-packages/oslo_service/backend/_threading/loopingcall.py:125}}
May 06 21:04:54.555328 np0000172313 neutron-periodic-workers[105180]: DEBUG dbcounter [-] [105180] Writing DB stats neutron:SELECT=1 {{(pid=105180) stat_writer /opt/stack/data/venv/lib/python3.12/site-packages/dbcounter.py:115}}
May 06 21:04:57.554184 np0000172313 neutron-periodic-workers[105172]: DEBUG dbcounter [-] [105172] Writing DB stats neutron:SELECT=3 {{(pid=105172) stat_writer /opt/stack/data/venv/lib/python3.12/site-packages/dbcounter.py:115}}
May 06 21:05:21.569467 np0000172313 neutron-periodic-workers[105180]: DEBUG neutron.db.agents_db [None req-04467010-8246-41e4-b3dc-0a79d776fc75 None None] Agent healthcheck: found 0 active agents {{(pid=105180) agent_health_check /opt/stack/neutron/neutron/db/agents_db.py:322}}
May 06 21:05:21.570284 np0000172313 neutron-periodic-workers[105180]: DEBUG oslo.service.backend._threading.loopingcall [None req-04467010-8246-41e4-b3dc-0a79d776fc75 None None] Fixed interval looping call 'neutron.plugins.ml2.plugin.AgentDbMixin.agent_health_check' sleeping for 36.98 seconds {{(pid=105180) _run_loop /opt/stack/data/venv/lib/python3.12/site-packages/oslo_service/backend/_threading/loopingcall.py:125}}
May 06 21:05:24.553876 np0000172313 neutron-periodic-workers[105172]: DEBUG oslo.service.backend._threading.loopingcall [None req-20ccf744-79a0-4bcc-ba81-7115e38341d1 None None] Fixed interval looping call 'neutron.plugins.ml2.plugin.DhcpAgentSchedulerDbMixin.remove_networks_from_down_agents' sleeping for 36.99 seconds {{(pid=105172) _run_loop /opt/stack/data/venv/lib/python3.12/site-packages/oslo_service/backend/_threading/loopingcall.py:125}}
May 06 21:05:29.572606 np0000172313 neutron-periodic-workers[105186]: DEBUG oslo.service.backend._threading.loopingcall [None req-01e24406-745e-42d3-b84c-c5a04704a9d0 None None] Fixed interval looping call 'neutron.db.quota.driver_nolock.DbQuotaNoLockDriver._remove_expired_reservations' sleeping for 120.00 seconds {{(pid=105186) _run_loop /opt/stack/data/venv/lib/python3.12/site-packages/oslo_service/backend/_threading/loopingcall.py:125}}
May 06 21:05:31.565055 np0000172313 neutron-periodic-workers[105180]: DEBUG dbcounter [-] [105180] Writing DB stats neutron:SELECT=1 {{(pid=105180) stat_writer /opt/stack/data/venv/lib/python3.12/site-packages/dbcounter.py:115}}
May 06 21:05:34.553109 np0000172313 neutron-periodic-workers[105172]: DEBUG dbcounter [-] [105172] Writing DB stats neutron:SELECT=3 {{(pid=105172) stat_writer /opt/stack/data/venv/lib/python3.12/site-packages/dbcounter.py:115}}
May 06 21:05:39.571559 np0000172313 neutron-periodic-workers[105186]: DEBUG dbcounter [-] [105186] Writing DB stats neutron:DELETE=1 {{(pid=105186) stat_writer /opt/stack/data/venv/lib/python3.12/site-packages/dbcounter.py:115}}
May 06 21:05:58.555533 np0000172313 neutron-periodic-workers[105180]: DEBUG neutron.db.agents_db [None req-04467010-8246-41e4-b3dc-0a79d776fc75 None None] Agent healthcheck: found 0 active agents {{(pid=105180) agent_health_check /opt/stack/neutron/neutron/db/agents_db.py:322}}
May 06 21:05:58.555533 np0000172313 neutron-periodic-workers[105180]: DEBUG oslo.service.backend._threading.loopingcall [None req-04467010-8246-41e4-b3dc-0a79d776fc75 None None] Fixed interval looping call 'neutron.plugins.ml2.plugin.AgentDbMixin.agent_health_check' sleeping for 36.99 seconds {{(pid=105180) _run_loop /opt/stack/data/venv/lib/python3.12/site-packages/oslo_service/backend/_threading/loopingcall.py:125}}
May 06 21:06:01.554629 np0000172313 neutron-periodic-workers[105172]: DEBUG oslo.service.backend._threading.loopingcall [None req-20ccf744-79a0-4bcc-ba81-7115e38341d1 None None] Fixed interval looping call 'neutron.plugins.ml2.plugin.DhcpAgentSchedulerDbMixin.remove_networks_from_down_agents' sleeping for 36.99 seconds {{(pid=105172) _run_loop /opt/stack/data/venv/lib/python3.12/site-packages/oslo_service/backend/_threading/loopingcall.py:125}}
May 06 21:06:08.553677 np0000172313 neutron-periodic-workers[105180]: DEBUG dbcounter [-] [105180] Writing DB stats neutron:SELECT=1 {{(pid=105180) stat_writer /opt/stack/data/venv/lib/python3.12/site-packages/dbcounter.py:115}}
May 06 21:06:11.554075 np0000172313 neutron-periodic-workers[105172]: DEBUG dbcounter [-] [105172] Writing DB stats neutron:SELECT=3 {{(pid=105172) stat_writer /opt/stack/data/venv/lib/python3.12/site-packages/dbcounter.py:115}}
May 06 21:06:22.546877 np0000172313 neutron-periodic-workers[105161]: DEBUG dbcounter [-] [105161] Writer thread running {{(pid=105161) stat_writer /opt/stack/data/venv/lib/python3.12/site-packages/dbcounter.py:102}}
May 06 21:06:22.560578 np0000172313 neutron-periodic-workers[105161]: DEBUG oslo.service.backend._threading.loopingcall [None req-fd9577f2-f388-4180-b8df-1851a2304c96 None None] Fixed interval looping call 'neutron.services.ovn_l3.plugin.L3_NAT_dbonly_mixin._clean_garbage' sleeping for 299.95 seconds {{(pid=105161) _run_loop /opt/stack/data/venv/lib/python3.12/site-packages/oslo_service/backend/_threading/loopingcall.py:125}}
May 06 21:06:32.547528 np0000172313 neutron-periodic-workers[105161]: DEBUG dbcounter [-] [105161] Writing DB stats neutron:SELECT=1 {{(pid=105161) stat_writer /opt/stack/data/venv/lib/python3.12/site-packages/dbcounter.py:115}}
May 06 21:06:35.608714 np0000172313 neutron-periodic-workers[105180]: DEBUG neutron.db.agents_db [None req-04467010-8246-41e4-b3dc-0a79d776fc75 None None] Agent healthcheck: found 0 active agents {{(pid=105180) agent_health_check /opt/stack/neutron/neutron/db/agents_db.py:322}}
May 06 21:06:35.608714 np0000172313 neutron-periodic-workers[105180]: DEBUG oslo.service.backend._threading.loopingcall [None req-04467010-8246-41e4-b3dc-0a79d776fc75 None None] Fixed interval looping call 'neutron.plugins.ml2.plugin.AgentDbMixin.agent_health_check' sleeping for 36.99 seconds {{(pid=105180) _run_loop /opt/stack/data/venv/lib/python3.12/site-packages/oslo_service/backend/_threading/loopingcall.py:125}}
May 06 21:06:38.555253 np0000172313 neutron-periodic-workers[105172]: DEBUG oslo.service.backend._threading.loopingcall [None req-20ccf744-79a0-4bcc-ba81-7115e38341d1 None None] Fixed interval looping call 'neutron.plugins.ml2.plugin.DhcpAgentSchedulerDbMixin.remove_networks_from_down_agents' sleeping for 36.99 seconds {{(pid=105172) _run_loop /opt/stack/data/venv/lib/python3.12/site-packages/oslo_service/backend/_threading/loopingcall.py:125}}
May 06 21:06:45.551776 np0000172313 neutron-periodic-workers[105180]: DEBUG dbcounter [-] [105180] Writing DB stats neutron:SELECT=1 {{(pid=105180) stat_writer /opt/stack/data/venv/lib/python3.12/site-packages/dbcounter.py:115}}
May 06 21:06:48.553506 np0000172313 neutron-periodic-workers[105172]: DEBUG dbcounter [-] [105172] Writing DB stats neutron:SELECT=3 {{(pid=105172) stat_writer /opt/stack/data/venv/lib/python3.12/site-packages/dbcounter.py:115}}
May 06 21:07:12.549239 np0000172313 neutron-periodic-workers[105180]: DEBUG neutron.db.agents_db [None req-04467010-8246-41e4-b3dc-0a79d776fc75 None None] Agent healthcheck: found 0 active agents {{(pid=105180) agent_health_check /opt/stack/neutron/neutron/db/agents_db.py:322}}
May 06 21:07:12.549899 np0000172313 neutron-periodic-workers[105180]: DEBUG oslo.service.backend._threading.loopingcall [None req-04467010-8246-41e4-b3dc-0a79d776fc75 None None] Fixed interval looping call 'neutron.plugins.ml2.plugin.AgentDbMixin.agent_health_check' sleeping for 36.99 seconds {{(pid=105180) _run_loop /opt/stack/data/venv/lib/python3.12/site-packages/oslo_service/backend/_threading/loopingcall.py:125}}
May 06 21:07:15.556129 np0000172313 neutron-periodic-workers[105172]: DEBUG oslo.service.backend._threading.loopingcall [None req-20ccf744-79a0-4bcc-ba81-7115e38341d1 None None] Fixed interval looping call 'neutron.plugins.ml2.plugin.DhcpAgentSchedulerDbMixin.remove_networks_from_down_agents' sleeping for 36.99 seconds {{(pid=105172) _run_loop /opt/stack/data/venv/lib/python3.12/site-packages/oslo_service/backend/_threading/loopingcall.py:125}}
May 06 21:07:22.548415 np0000172313 neutron-periodic-workers[105180]: DEBUG dbcounter [-] [105180] Writing DB stats neutron:SELECT=1 {{(pid=105180) stat_writer /opt/stack/data/venv/lib/python3.12/site-packages/dbcounter.py:115}}
May 06 21:07:25.554908 np0000172313 neutron-periodic-workers[105172]: DEBUG dbcounter [-] [105172] Writing DB stats neutron:SELECT=3 {{(pid=105172) stat_writer /opt/stack/data/venv/lib/python3.12/site-packages/dbcounter.py:115}}
May 06 21:07:29.576706 np0000172313 neutron-periodic-workers[105186]: DEBUG oslo.service.backend._threading.loopingcall [None req-01e24406-745e-42d3-b84c-c5a04704a9d0 None None] Fixed interval looping call 'neutron.db.quota.driver_nolock.DbQuotaNoLockDriver._remove_expired_reservations' sleeping for 120.00 seconds {{(pid=105186) _run_loop /opt/stack/data/venv/lib/python3.12/site-packages/oslo_service/backend/_threading/loopingcall.py:125}}
May 06 21:07:39.575663 np0000172313 neutron-periodic-workers[105186]: DEBUG dbcounter [-] [105186] Writing DB stats neutron:DELETE=1 {{(pid=105186) stat_writer /opt/stack/data/venv/lib/python3.12/site-packages/dbcounter.py:115}}
May 06 21:07:49.546584 np0000172313 neutron-periodic-workers[105180]: DEBUG neutron.db.agents_db [None req-04467010-8246-41e4-b3dc-0a79d776fc75 None None] Agent healthcheck: found 0 active agents {{(pid=105180) agent_health_check /opt/stack/neutron/neutron/db/agents_db.py:322}}
May 06 21:07:49.547284 np0000172313 neutron-periodic-workers[105180]: DEBUG oslo.service.backend._threading.loopingcall [None req-04467010-8246-41e4-b3dc-0a79d776fc75 None None] Fixed interval looping call 'neutron.plugins.ml2.plugin.AgentDbMixin.agent_health_check' sleeping for 36.99 seconds {{(pid=105180) _run_loop /opt/stack/data/venv/lib/python3.12/site-packages/oslo_service/backend/_threading/loopingcall.py:125}}
May 06 21:07:52.557004 np0000172313 neutron-periodic-workers[105172]: DEBUG oslo.service.backend._threading.loopingcall [None req-20ccf744-79a0-4bcc-ba81-7115e38341d1 None None] Fixed interval looping call 'neutron.plugins.ml2.plugin.DhcpAgentSchedulerDbMixin.remove_networks_from_down_agents' sleeping for 36.99 seconds {{(pid=105172) _run_loop /opt/stack/data/venv/lib/python3.12/site-packages/oslo_service/backend/_threading/loopingcall.py:125}}
May 06 21:07:59.543813 np0000172313 neutron-periodic-workers[105180]: DEBUG dbcounter [-] [105180] Writing DB stats neutron:SELECT=1 {{(pid=105180) stat_writer /opt/stack/data/venv/lib/python3.12/site-packages/dbcounter.py:115}}
May 06 21:08:02.555669 np0000172313 neutron-periodic-workers[105172]: DEBUG dbcounter [-] [105172] Writing DB stats neutron:SELECT=3 {{(pid=105172) stat_writer /opt/stack/data/venv/lib/python3.12/site-packages/dbcounter.py:115}}
May 06 21:08:26.543919 np0000172313 neutron-periodic-workers[105180]: DEBUG neutron.db.agents_db [None req-04467010-8246-41e4-b3dc-0a79d776fc75 None None] Agent healthcheck: found 0 active agents {{(pid=105180) agent_health_check /opt/stack/neutron/neutron/db/agents_db.py:322}}
May 06 21:08:26.544703 np0000172313 neutron-periodic-workers[105180]: DEBUG oslo.service.backend._threading.loopingcall [None req-04467010-8246-41e4-b3dc-0a79d776fc75 None None] Fixed interval looping call 'neutron.plugins.ml2.plugin.AgentDbMixin.agent_health_check' sleeping for 36.99 seconds {{(pid=105180) _run_loop /opt/stack/data/venv/lib/python3.12/site-packages/oslo_service/backend/_threading/loopingcall.py:125}}
May 06 21:08:29.555758 np0000172313 neutron-periodic-workers[105172]: DEBUG oslo.service.backend._threading.loopingcall [None req-20ccf744-79a0-4bcc-ba81-7115e38341d1 None None] Fixed interval looping call 'neutron.plugins.ml2.plugin.DhcpAgentSchedulerDbMixin.remove_networks_from_down_agents' sleeping for 36.99 seconds {{(pid=105172) _run_loop /opt/stack/data/venv/lib/python3.12/site-packages/oslo_service/backend/_threading/loopingcall.py:125}}
May 06 21:08:36.541274 np0000172313 neutron-periodic-workers[105180]: DEBUG dbcounter [-] [105180] Writing DB stats neutron:SELECT=1 {{(pid=105180) stat_writer /opt/stack/data/venv/lib/python3.12/site-packages/dbcounter.py:115}}
May 06 21:08:39.554964 np0000172313 neutron-periodic-workers[105172]: DEBUG dbcounter [-] [105172] Writing DB stats neutron:SELECT=3 {{(pid=105172) stat_writer /opt/stack/data/venv/lib/python3.12/site-packages/dbcounter.py:115}}
May 06 21:09:03.538838 np0000172313 neutron-periodic-workers[105180]: DEBUG neutron.db.agents_db [None req-04467010-8246-41e4-b3dc-0a79d776fc75 None None] Agent healthcheck: found 0 active agents {{(pid=105180) agent_health_check /opt/stack/neutron/neutron/db/agents_db.py:322}}
May 06 21:09:03.538838 np0000172313 neutron-periodic-workers[105180]: DEBUG oslo.service.backend._threading.loopingcall [None req-04467010-8246-41e4-b3dc-0a79d776fc75 None None] Fixed interval looping call 'neutron.plugins.ml2.plugin.AgentDbMixin.agent_health_check' sleeping for 37.00 seconds {{(pid=105180) _run_loop /opt/stack/data/venv/lib/python3.12/site-packages/oslo_service/backend/_threading/loopingcall.py:125}}
May 06 21:09:06.553573 np0000172313 neutron-periodic-workers[105172]: DEBUG oslo.service.backend._threading.loopingcall [None req-20ccf744-79a0-4bcc-ba81-7115e38341d1 None None] Fixed interval looping call 'neutron.plugins.ml2.plugin.DhcpAgentSchedulerDbMixin.remove_networks_from_down_agents' sleeping for 36.99 seconds {{(pid=105172) _run_loop /opt/stack/data/venv/lib/python3.12/site-packages/oslo_service/backend/_threading/loopingcall.py:125}}
May 06 21:09:13.538100 np0000172313 neutron-periodic-workers[105180]: DEBUG dbcounter [-] [105180] Writing DB stats neutron:SELECT=1 {{(pid=105180) stat_writer /opt/stack/data/venv/lib/python3.12/site-packages/dbcounter.py:115}}
May 06 21:09:16.561752 np0000172313 neutron-periodic-workers[105172]: DEBUG dbcounter [-] [105172] Writing DB stats neutron:SELECT=3 {{(pid=105172) stat_writer /opt/stack/data/venv/lib/python3.12/site-packages/dbcounter.py:115}}
May 06 21:09:29.586060 np0000172313 neutron-periodic-workers[105186]: DEBUG oslo.service.backend._threading.loopingcall [None req-01e24406-745e-42d3-b84c-c5a04704a9d0 None None] Fixed interval looping call 'neutron.db.quota.driver_nolock.DbQuotaNoLockDriver._remove_expired_reservations' sleeping for 119.99 seconds {{(pid=105186) _run_loop /opt/stack/data/venv/lib/python3.12/site-packages/oslo_service/backend/_threading/loopingcall.py:125}}
May 06 21:09:39.584197 np0000172313 neutron-periodic-workers[105186]: DEBUG dbcounter [-] [105186] Writing DB stats neutron:DELETE=1 {{(pid=105186) stat_writer /opt/stack/data/venv/lib/python3.12/site-packages/dbcounter.py:115}}
May 06 21:09:40.543184 np0000172313 neutron-periodic-workers[105180]: DEBUG neutron.db.agents_db [None req-04467010-8246-41e4-b3dc-0a79d776fc75 None None] Agent healthcheck: found 0 active agents {{(pid=105180) agent_health_check /opt/stack/neutron/neutron/db/agents_db.py:322}}
May 06 21:09:40.543713 np0000172313 neutron-periodic-workers[105180]: DEBUG oslo.service.backend._threading.loopingcall [None req-04467010-8246-41e4-b3dc-0a79d776fc75 None None] Fixed interval looping call 'neutron.plugins.ml2.plugin.AgentDbMixin.agent_health_check' sleeping for 37.00 seconds {{(pid=105180) _run_loop /opt/stack/data/venv/lib/python3.12/site-packages/oslo_service/backend/_threading/loopingcall.py:125}}
May 06 21:09:43.552908 np0000172313 neutron-periodic-workers[105172]: DEBUG oslo.service.backend._threading.loopingcall [None req-20ccf744-79a0-4bcc-ba81-7115e38341d1 None None] Fixed interval looping call 'neutron.plugins.ml2.plugin.DhcpAgentSchedulerDbMixin.remove_networks_from_down_agents' sleeping for 36.99 seconds {{(pid=105172) _run_loop /opt/stack/data/venv/lib/python3.12/site-packages/oslo_service/backend/_threading/loopingcall.py:125}}
May 06 21:09:50.541664 np0000172313 neutron-periodic-workers[105180]: DEBUG dbcounter [-] [105180] Writing DB stats neutron:SELECT=1 {{(pid=105180) stat_writer /opt/stack/data/venv/lib/python3.12/site-packages/dbcounter.py:115}}
May 06 21:09:53.552095 np0000172313 neutron-periodic-workers[105172]: DEBUG dbcounter [-] [105172] Writing DB stats neutron:SELECT=3 {{(pid=105172) stat_writer /opt/stack/data/venv/lib/python3.12/site-packages/dbcounter.py:115}}
May 06 21:10:17.548936 np0000172313 neutron-periodic-workers[105180]: DEBUG neutron.db.agents_db [None req-04467010-8246-41e4-b3dc-0a79d776fc75 None None] Agent healthcheck: found 0 active agents {{(pid=105180) agent_health_check /opt/stack/neutron/neutron/db/agents_db.py:322}}
May 06 21:10:17.549728 np0000172313 neutron-periodic-workers[105180]: DEBUG oslo.service.backend._threading.loopingcall [None req-04467010-8246-41e4-b3dc-0a79d776fc75 None None] Fixed interval looping call 'neutron.plugins.ml2.plugin.AgentDbMixin.agent_health_check' sleeping for 36.99 seconds {{(pid=105180) _run_loop /opt/stack/data/venv/lib/python3.12/site-packages/oslo_service/backend/_threading/loopingcall.py:125}}
May 06 21:10:20.551822 np0000172313 neutron-periodic-workers[105172]: DEBUG oslo.service.backend._threading.loopingcall [None req-20ccf744-79a0-4bcc-ba81-7115e38341d1 None None] Fixed interval looping call 'neutron.plugins.ml2.plugin.DhcpAgentSchedulerDbMixin.remove_networks_from_down_agents' sleeping for 36.99 seconds {{(pid=105172) _run_loop /opt/stack/data/venv/lib/python3.12/site-packages/oslo_service/backend/_threading/loopingcall.py:125}}
May 06 21:10:27.547559 np0000172313 neutron-periodic-workers[105180]: DEBUG dbcounter [-] [105180] Writing DB stats neutron:SELECT=1 {{(pid=105180) stat_writer /opt/stack/data/venv/lib/python3.12/site-packages/dbcounter.py:115}}
May 06 21:10:30.550960 np0000172313 neutron-periodic-workers[105172]: DEBUG dbcounter [-] [105172] Writing DB stats neutron:SELECT=3 {{(pid=105172) stat_writer /opt/stack/data/venv/lib/python3.12/site-packages/dbcounter.py:115}}
May 06 21:10:54.544453 np0000172313 neutron-periodic-workers[105180]: DEBUG neutron.db.agents_db [None req-04467010-8246-41e4-b3dc-0a79d776fc75 None None] Agent healthcheck: found 0 active agents {{(pid=105180) agent_health_check /opt/stack/neutron/neutron/db/agents_db.py:322}}
May 06 21:10:54.545147 np0000172313 neutron-periodic-workers[105180]: DEBUG oslo.service.backend._threading.loopingcall [None req-04467010-8246-41e4-b3dc-0a79d776fc75 None None] Fixed interval looping call 'neutron.plugins.ml2.plugin.AgentDbMixin.agent_health_check' sleeping for 36.99 seconds {{(pid=105180) _run_loop /opt/stack/data/venv/lib/python3.12/site-packages/oslo_service/backend/_threading/loopingcall.py:125}}
May 06 21:10:57.554956 np0000172313 neutron-periodic-workers[105172]: DEBUG oslo.service.backend._threading.loopingcall [None req-20ccf744-79a0-4bcc-ba81-7115e38341d1 None None] Fixed interval looping call 'neutron.plugins.ml2.plugin.DhcpAgentSchedulerDbMixin.remove_networks_from_down_agents' sleeping for 36.99 seconds {{(pid=105172) _run_loop /opt/stack/data/venv/lib/python3.12/site-packages/oslo_service/backend/_threading/loopingcall.py:125}}
May 06 21:11:04.542652 np0000172313 neutron-periodic-workers[105180]: DEBUG dbcounter [-] [105180] Writing DB stats neutron:SELECT=1 {{(pid=105180) stat_writer /opt/stack/data/venv/lib/python3.12/site-packages/dbcounter.py:115}}
May 06 21:11:07.553718 np0000172313 neutron-periodic-workers[105172]: DEBUG dbcounter [-] [105172] Writing DB stats neutron:SELECT=3 {{(pid=105172) stat_writer /opt/stack/data/venv/lib/python3.12/site-packages/dbcounter.py:115}}
May 06 21:11:22.523619 np0000172313 neutron-periodic-workers[105161]: DEBUG oslo.service.backend._threading.loopingcall [None req-fd9577f2-f388-4180-b8df-1851a2304c96 None None] Fixed interval looping call 'neutron.services.ovn_l3.plugin.L3_NAT_dbonly_mixin._clean_garbage' sleeping for 299.99 seconds {{(pid=105161) _run_loop /opt/stack/data/venv/lib/python3.12/site-packages/oslo_service/backend/_threading/loopingcall.py:125}}
May 06 21:11:29.578863 np0000172313 neutron-periodic-workers[105186]: DEBUG oslo.service.backend._threading.loopingcall [None req-01e24406-745e-42d3-b84c-c5a04704a9d0 None None] Fixed interval looping call 'neutron.db.quota.driver_nolock.DbQuotaNoLockDriver._remove_expired_reservations' sleeping for 120.00 seconds {{(pid=105186) _run_loop /opt/stack/data/venv/lib/python3.12/site-packages/oslo_service/backend/_threading/loopingcall.py:125}}
May 06 21:11:31.540100 np0000172313 neutron-periodic-workers[105180]: DEBUG neutron.db.agents_db [None req-04467010-8246-41e4-b3dc-0a79d776fc75 None None] Agent healthcheck: found 0 active agents {{(pid=105180) agent_health_check /opt/stack/neutron/neutron/db/agents_db.py:322}}
May 06 21:11:31.540841 np0000172313 neutron-periodic-workers[105180]: DEBUG oslo.service.backend._threading.loopingcall [None req-04467010-8246-41e4-b3dc-0a79d776fc75 None None] Fixed interval looping call 'neutron.plugins.ml2.plugin.AgentDbMixin.agent_health_check' sleeping for 36.99 seconds {{(pid=105180) _run_loop /opt/stack/data/venv/lib/python3.12/site-packages/oslo_service/backend/_threading/loopingcall.py:125}}
May 06 21:11:32.514838 np0000172313 neutron-periodic-workers[105161]: DEBUG dbcounter [-] [105161] Writing DB stats neutron:SELECT=1 {{(pid=105161) stat_writer /opt/stack/data/venv/lib/python3.12/site-packages/dbcounter.py:115}}
May 06 21:11:34.552382 np0000172313 neutron-periodic-workers[105172]: DEBUG oslo.service.backend._threading.loopingcall [None req-20ccf744-79a0-4bcc-ba81-7115e38341d1 None None] Fixed interval looping call 'neutron.plugins.ml2.plugin.DhcpAgentSchedulerDbMixin.remove_networks_from_down_agents' sleeping for 36.99 seconds {{(pid=105172) _run_loop /opt/stack/data/venv/lib/python3.12/site-packages/oslo_service/backend/_threading/loopingcall.py:125}}
May 06 21:11:39.578984 np0000172313 neutron-periodic-workers[105186]: DEBUG dbcounter [-] [105186] Writing DB stats neutron:DELETE=1 {{(pid=105186) stat_writer /opt/stack/data/venv/lib/python3.12/site-packages/dbcounter.py:115}}
May 06 21:11:41.538885 np0000172313 neutron-periodic-workers[105180]: DEBUG dbcounter [-] [105180] Writing DB stats neutron:SELECT=1 {{(pid=105180) stat_writer /opt/stack/data/venv/lib/python3.12/site-packages/dbcounter.py:115}}
May 06 21:11:44.551365 np0000172313 neutron-periodic-workers[105172]: DEBUG dbcounter [-] [105172] Writing DB stats neutron:SELECT=3 {{(pid=105172) stat_writer /opt/stack/data/venv/lib/python3.12/site-packages/dbcounter.py:115}}
May 06 21:12:08.533267 np0000172313 neutron-periodic-workers[105180]: DEBUG neutron.db.agents_db [None req-04467010-8246-41e4-b3dc-0a79d776fc75 None None] Agent healthcheck: found 0 active agents {{(pid=105180) agent_health_check /opt/stack/neutron/neutron/db/agents_db.py:322}}
