2026-08-24 16:43:40.308 7 INFO placement.requestlog [req-64d03cb3-82ed-4e86-9e88-6cfaeace1b37 req-a130469b-3f52-453f-9bf7-45e7ab7b3949 a618f219360d4f2da56682627153ab77 8a22c1f0d25246a785f391d177c2102a - - 620aa0b80cf64130a53484919f6fe7a8 620aa0b80cf64130a53484919f6fe7a8] 199.19.213.136 "GET /resource_providers?in_tree=c5b495bf-1b0a-4203-b382-4307af0ecc9e" status: 200 len: 797 microversion: 1.14 [pid: 7|app: 0|req: 291/581] 199.19.213.136 () {34 vars in 892 bytes} [Mon Aug 24 16:43:40 2026] GET /resource_providers?in_tree=c5b495bf-1b0a-4203-b382-4307af0ecc9e => generated 797 bytes in 16 msecs (HTTP/1.1 200) 6 headers in 225 bytes (1 switches on core 0)
2026-08-24 16:43:40.328 8 INFO placement.requestlog [req-64d03cb3-82ed-4e86-9e88-6cfaeace1b37 req-c3d34ee3-02d1-48a6-ad22-450a6f3d3953 a618f219360d4f2da56682627153ab77 8a22c1f0d25246a785f391d177c2102a - - 620aa0b80cf64130a53484919f6fe7a8 620aa0b80cf64130a53484919f6fe7a8] 199.19.213.136 "GET /resource_providers/c5b495bf-1b0a-4203-b382-4307af0ecc9e/inventories" status: 200 len: 400 microversion: 1.0 [pid: 8|app: 0|req: 291/582] 199.19.213.136 () {32 vars in 857 bytes} [Mon Aug 24 16:43:40 2026] GET /resource_providers/c5b495bf-1b0a-4203-b382-4307af0ecc9e/inventories => generated 400 bytes in 13 msecs (HTTP/1.1 200) 6 headers in 224 bytes (1 switches on core 0)
2026-08-24 16:43:40.342 7 INFO placement.requestlog [req-64d03cb3-82ed-4e86-9e88-6cfaeace1b37 req-15738dc6-2946-4c78-9663-2fd6ac8b234d a618f219360d4f2da56682627153ab77 8a22c1f0d25246a785f391d177c2102a - - 620aa0b80cf64130a53484919f6fe7a8 620aa0b80cf64130a53484919f6fe7a8] 199.19.213.136 "GET /resource_providers/c5b495bf-1b0a-4203-b382-4307af0ecc9e/aggregates" status: 200 len: 53 microversion: 1.19 [pid: 7|app: 0|req: 292/583] 199.19.213.136 () {34 vars in 899 bytes} [Mon Aug 24 16:43:40 2026] GET /resource_providers/c5b495bf-1b0a-4203-b382-4307af0ecc9e/aggregates => generated 53 bytes in 9 msecs (HTTP/1.1 200) 8 headers in 295 bytes (1 switches on core 0)
2026-08-24 16:43:40.365 8 INFO placement.requestlog [req-64d03cb3-82ed-4e86-9e88-6cfaeace1b37 req-0b619273-428e-42db-ba21-ec5869a2d712 a618f219360d4f2da56682627153ab77 8a22c1f0d25246a785f391d177c2102a - - 620aa0b80cf64130a53484919f6fe7a8 620aa0b80cf64130a53484919f6fe7a8] 199.19.213.136 "GET /resource_providers/c5b495bf-1b0a-4203-b382-4307af0ecc9e/traits" status: 200 len: 2316 microversion: 1.6 [pid: 8|app: 0|req: 292/584] 199.19.213.136 () {34 vars in 890 bytes} [Mon Aug 24 16:43:40 2026] GET /resource_providers/c5b495bf-1b0a-4203-b382-4307af0ecc9e/traits => generated 2316 bytes in 16 msecs (HTTP/1.1 200) 6 headers in 225 bytes (1 switches on core 0)
2026-08-24 16:43:40.379 7 INFO placement.requestlog [req-64d03cb3-82ed-4e86-9e88-6cfaeace1b37 req-0e3755fd-238a-4026-b9e9-7575f66295bb a618f219360d4f2da56682627153ab77 8a22c1f0d25246a785f391d177c2102a - - 620aa0b80cf64130a53484919f6fe7a8 620aa0b80cf64130a53484919f6fe7a8] 199.19.213.136 "GET /resource_providers/c5b495bf-1b0a-4203-b382-4307af0ecc9e/allocations" status: 200 len: 54 microversion: 1.0 [pid: 7|app: 0|req: 293/585] 199.19.213.136 () {32 vars in 857 bytes} [Mon Aug 24 16:43:40 2026] GET /resource_providers/c5b495bf-1b0a-4203-b382-4307af0ecc9e/allocations => generated 54 bytes in 11 msecs (HTTP/1.1 200) 6 headers in 223 bytes (1 switches on core 0)
2026-08-24 16:43:43.217 8 INFO placement.requestlog [None req-8a22163a-95f5-4301-ba2a-d3c031d1660b - - - - - -] 10.0.0.86 "GET /" status: 200 len: 136 microversion: 1.0
2026-08-24 16:43:43.217 7 INFO placement.requestlog [None req-541f45e3-26ae-4529-896c-339ae2cbe961 - - - - - -] 10.0.0.86 "GET /" status: 200 len: 136 microversion: 1.0
2026-08-24 16:43:53.217 7 INFO placement.requestlog [None req-65a02ab7-ec68-4a4b-bb54-ae89e657783a - - - - - -] 10.0.0.86 "GET /" status: 200 len: 136 microversion: 1.0
2026-08-24 16:43:53.217 8 INFO placement.requestlog [None req-1c148938-9873-4a2f-9def-fa073bb19108 - - - - - -] 10.0.0.86 "GET /" status: 200 len: 136 microversion: 1.0
2026-08-24 16:44:03.217 8 INFO placement.requestlog [None req-807fc6d6-f878-4d84-9e08-33f1020efda8 - - - - - -] 10.0.0.86 "GET /" status: 200 len: 136 microversion: 1.0
2026-08-24 16:44:03.217 7 INFO placement.requestlog [None req-7269da47-ec53-4d5d-a163-b4554f6df4fd - - - - - -] 10.0.0.86 "GET /" status: 200 len: 136 microversion: 1.0
2026-08-24 16:44:13.216 8 INFO placement.requestlog [None req-e0fb787e-64b8-4faf-bbcf-f16780d1167a - - - - - -] 10.0.0.86 "GET /" status: 200 len: 136 microversion: 1.0
2026-08-24 16:44:13.217 7 INFO placement.requestlog [None req-e3be809b-ea3c-42ab-a0f1-e7b4889a8a3d - - - - - -] 10.0.0.86 "GET /" status: 200 len: 136 microversion: 1.0
2026-08-24 16:44:23.217 8 INFO placement.requestlog [None req-059edca2-065f-4ca7-a0fa-5f215173f7da - - - - - -] 10.0.0.86 "GET /" status: 200 len: 136 microversion: 1.0
2026-08-24 16:44:23.217 7 INFO placement.requestlog [None req-75bfb1d0-22d8-4884-9960-2782db2411ee - - - - - -] 10.0.0.86 "GET /" status: 200 len: 136 microversion: 1.0
2026-08-24 16:44:33.221 8 INFO placement.requestlog [None req-5b548193-2043-4624-a81d-5ad092416111 - - - - - -] 10.0.0.86 "GET /" status: 200 len: 136 microversion: 1.0
2026-08-24 16:44:33.222 7 INFO placement.requestlog [None req-954cfdde-9f8f-4087-8c9f-9c787cd102d1 - - - - - -] 10.0.0.86 "GET /" status: 200 len: 136 microversion: 1.0
2026-08-24 16:44:40.662 7 INFO placement.requestlog [req-0494e81b-4582-4895-a89c-abf7d28241c6 req-3f7708b5-d7e7-49fe-9a93-be28ce544403 a618f219360d4f2da56682627153ab77 8a22c1f0d25246a785f391d177c2102a - - 620aa0b80cf64130a53484919f6fe7a8 620aa0b80cf64130a53484919f6fe7a8] 199.19.213.136 "GET /resource_providers/c5b495bf-1b0a-4203-b382-4307af0ecc9e/allocations" status: 200 len: 54 microversion: 1.0 [pid: 7|app: 0|req: 300/598] 199.19.213.136 () {32 vars in 857 bytes} [Mon Aug 24 16:44:40 2026] GET /resource_providers/c5b495bf-1b0a-4203-b382-4307af0ecc9e/allocations => generated 54 bytes in 16 msecs (HTTP/1.1 200) 6 headers in 223 bytes (1 switches on core 0)
2026-08-24 16:44:40.694 8 INFO placement.requestlog [req-0494e81b-4582-4895-a89c-abf7d28241c6 req-62a5b3b6-5116-40ca-90a4-d2fd00d1d353 a618f219360d4f2da56682627153ab77 8a22c1f0d25246a785f391d177c2102a - - 620aa0b80cf64130a53484919f6fe7a8 620aa0b80cf64130a53484919f6fe7a8] 199.19.213.136 "GET /resource_providers/c5b495bf-1b0a-4203-b382-4307af0ecc9e/allocations" status: 200 len: 54 microversion: 1.0 [pid: 8|app: 0|req: 299/599] 199.19.213.136 () {32 vars in 857 bytes} [Mon Aug 24 16:44:40 2026] GET /resource_providers/c5b495bf-1b0a-4203-b382-4307af0ecc9e/allocations => generated 54 bytes in 19 msecs (HTTP/1.1 200) 6 headers in 223 bytes (1 switches on core 0)
2026-08-24 16:44:43.217 7 INFO placement.requestlog [None req-449f7190-5793-4896-bcc8-e9b6acf4e604 - - - - - -] 10.0.0.86 "GET /" status: 200 len: 136 microversion: 1.0
2026-08-24 16:44:43.217 8 INFO placement.requestlog [None req-6167d097-cc04-49a6-b090-41f02c7fbca5 - - - - - -] 10.0.0.86 "GET /" status: 200 len: 136 microversion: 1.0
2026-08-24 16:44:53.217 8 INFO placement.requestlog [None req-4ef91ee2-0f40-4647-a4a7-4af78ca30158 - - - - - -] 10.0.0.86 "GET /" status: 200 len: 136 microversion: 1.0
2026-08-24 16:44:53.217 7 INFO placement.requestlog [None req-3014a72d-2371-458a-bdef-f8e8da2ce0be - - - - - -] 10.0.0.86 "GET /" status: 200 len: 136 microversion: 1.0
2026-08-24 16:45:03.217 7 INFO placement.requestlog [None req-77426ab4-4339-4158-8905-1f758c3863e9 - - - - - -] 10.0.0.86 "GET /" status: 200 len: 136 microversion: 1.0
2026-08-24 16:45:03.217 8 INFO placement.requestlog [None req-2459f0b4-1640-4a24-a9f9-6c122b586fb7 - - - - - -] 10.0.0.86 "GET /" status: 200 len: 136 microversion: 1.0
2026-08-24 16:45:13.218 8 INFO placement.requestlog [None req-ee2e9dcc-b604-4457-89cf-e701b6802a3e - - - - - -] 10.0.0.86 "GET /" status: 200 len: 136 microversion: 1.0
2026-08-24 16:45:13.218 7 INFO placement.requestlog [None req-6c6a73f7-103b-4217-9ecd-f2aecf12bd2e - - - - - -] 10.0.0.86 "GET /" status: 200 len: 136 microversion: 1.0
2026-08-24 16:45:23.216 8 INFO placement.requestlog [None req-33c5b7fc-dc75-463d-981c-fbf89e53200c - - - - - -] 10.0.0.86 "GET /" status: 200 len: 136 microversion: 1.0
2026-08-24 16:45:23.217 7 INFO placement.requestlog [None req-4e4c82f9-7518-4a9d-bbb3-73da94e19d75 - - - - - -] 10.0.0.86 "GET /" status: 200 len: 136 microversion: 1.0
2026-08-24 16:45:33.217 7 INFO placement.requestlog [None req-37094b67-0d3d-4610-8172-2e707736c3c3 - - - - - -] 10.0.0.86 "GET /" status: 200 len: 136 microversion: 1.0
2026-08-24 16:45:33.217 8 INFO placement.requestlog [None req-d8cf82d5-0b7c-4a39-8fc5-c32c900cf0e2 - - - - - -] 10.0.0.86 "GET /" status: 200 len: 136 microversion: 1.0
2026-08-24 16:45:40.266 7 INFO placement.requestlog [req-40de3509-ef16-4fcf-bbe5-29f1e435d926 req-b93f77f4-2066-4d7a-9e6c-8bf5cada0f98 a618f219360d4f2da56682627153ab77 8a22c1f0d25246a785f391d177c2102a - - 620aa0b80cf64130a53484919f6fe7a8 620aa0b80cf64130a53484919f6fe7a8] 199.19.213.136 "GET /resource_providers/c5b495bf-1b0a-4203-b382-4307af0ecc9e/allocations" status: 200 len: 54 microversion: 1.0 [pid: 7|app: 0|req: 307/612] 199.19.213.136 () {32 vars in 857 bytes} [Mon Aug 24 16:45:40 2026] GET /resource_providers/c5b495bf-1b0a-4203-b382-4307af0ecc9e/allocations => generated 54 bytes in 19 msecs (HTTP/1.1 200) 6 headers in 223 bytes (1 switches on core 0)
2026-08-24 16:45:40.292 8 INFO placement.requestlog [req-40de3509-ef16-4fcf-bbe5-29f1e435d926 req-bb913a19-d3d9-464c-98f8-c2d12c6a116e a618f219360d4f2da56682627153ab77 8a22c1f0d25246a785f391d177c2102a - - 620aa0b80cf64130a53484919f6fe7a8 620aa0b80cf64130a53484919f6fe7a8] 199.19.213.136 "GET /resource_providers/c5b495bf-1b0a-4203-b382-4307af0ecc9e/allocations" status: 200 len: 54 microversion: 1.0 [pid: 8|app: 0|req: 306/613] 199.19.213.136 () {32 vars in 857 bytes} [Mon Aug 24 16:45:40 2026] GET /resource_providers/c5b495bf-1b0a-4203-b382-4307af0ecc9e/allocations => generated 54 bytes in 20 msecs (HTTP/1.1 200) 6 headers in 223 bytes (1 switches on core 0)
2026-08-24 16:45:43.217 7 INFO placement.requestlog [None req-4b7635df-d748-4aea-858a-a422f6e5c07e - - - - - -] 10.0.0.86 "GET /" status: 200 len: 136 microversion: 1.0
2026-08-24 16:45:43.218 8 INFO placement.requestlog [None req-86457005-cebc-4671-8a1a-cf156b2a601f - - - - - -] 10.0.0.86 "GET /" status: 200 len: 136 microversion: 1.0
2026-08-24 16:45:53.217 8 INFO placement.requestlog [None req-a5d99080-402f-4404-8fd2-4b55743a35a3 - - - - - -] 10.0.0.86 "GET /" status: 200 len: 136 microversion: 1.0
2026-08-24 16:45:53.217 7 INFO placement.requestlog [None req-c2f8636b-3176-4351-9a81-82978ac880f3 - - - - - -] 10.0.0.86 "GET /" status: 200 len: 136 microversion: 1.0
2026-08-24 16:46:03.217 7 INFO placement.requestlog [None req-ecf2e726-e043-46fd-9b0b-013931afb33d - - - - - -] 10.0.0.86 "GET /" status: 200 len: 136 microversion: 1.0
2026-08-24 16:46:03.217 8 INFO placement.requestlog [None req-8802cc8e-913e-470f-aa4e-7d781cbb5fb0 - - - - - -] 10.0.0.86 "GET /" status: 200 len: 136 microversion: 1.0
2026-08-24 16:46:13.216 7 INFO placement.requestlog [None req-949eb1fb-08a7-4464-bd50-aa61cb9f3244 - - - - - -] 10.0.0.86 "GET /" status: 200 len: 136 microversion: 1.0
2026-08-24 16:46:13.217 8 INFO placement.requestlog [None req-a05926ad-d20d-488f-a9fd-2911853ae8d8 - - - - - -] 10.0.0.86 "GET /" status: 200 len: 136 microversion: 1.0
2026-08-24 16:46:23.217 8 INFO placement.requestlog [None req-366d86bb-8530-422b-9800-3da090f0e987 - - - - - -] 10.0.0.86 "GET /" status: 200 len: 136 microversion: 1.0
2026-08-24 16:46:23.217 7 INFO placement.requestlog [None req-d9ce5910-af56-43e6-a846-5c898a7847f0 - - - - - -] 10.0.0.86 "GET /" status: 200 len: 136 microversion: 1.0
2026-08-24 16:46:33.217 8 INFO placement.requestlog [None req-b75074af-fbeb-483b-9dd8-b5beebe3ff32 - - - - - -] 10.0.0.86 "GET /" status: 200 len: 136 microversion: 1.0
2026-08-24 16:46:33.218 7 INFO placement.requestlog [None req-dbe2aa0d-f27e-4eb0-8eff-2b66b086d1ab - - - - - -] 10.0.0.86 "GET /" status: 200 len: 136 microversion: 1.0
2026-08-24 16:46:40.282 7 INFO placement.requestlog [req-a357f248-4b69-4d1d-9147-68662a45903d req-40521f83-93a0-4ec1-bb14-cf23ed1010f1 a618f219360d4f2da56682627153ab77 8a22c1f0d25246a785f391d177c2102a - - 620aa0b80cf64130a53484919f6fe7a8 620aa0b80cf64130a53484919f6fe7a8] 199.19.213.136 "GET /resource_providers/c5b495bf-1b0a-4203-b382-4307af0ecc9e/allocations" status: 200 len: 54 microversion: 1.0 [pid: 7|app: 0|req: 314/626] 199.19.213.136 () {32 vars in 857 bytes} [Mon Aug 24 16:46:40 2026] GET /resource_providers/c5b495bf-1b0a-4203-b382-4307af0ecc9e/allocations => generated 54 bytes in 17 msecs (HTTP/1.1 200) 6 headers in 223 bytes (1 switches on core 0)
2026-08-24 16:46:40.299 8 INFO placement.requestlog [req-a357f248-4b69-4d1d-9147-68662a45903d req-b2926777-456b-432c-8a8e-306d15d59228 a618f219360d4f2da56682627153ab77 8a22c1f0d25246a785f391d177c2102a - - 620aa0b80cf64130a53484919f6fe7a8 620aa0b80cf64130a53484919f6fe7a8] 199.19.213.136 "GET /resource_providers/c5b495bf-1b0a-4203-b382-4307af0ecc9e/allocations" status: 200 len: 54 microversion: 1.0 [pid: 8|app: 0|req: 313/627] 199.19.213.136 () {32 vars in 857 bytes} [Mon Aug 24 16:46:40 2026] GET /resource_providers/c5b495bf-1b0a-4203-b382-4307af0ecc9e/allocations => generated 54 bytes in 11 msecs (HTTP/1.1 200) 6 headers in 223 bytes (1 switches on core 0)
2026-08-24 16:46:43.217 7 INFO placement.requestlog [None req-b24f66fe-1c52-4411-8c9d-08f9e2575d24 - - - - - -] 10.0.0.86 "GET /" status: 200 len: 136 microversion: 1.0
2026-08-24 16:46:43.217 8 INFO placement.requestlog [None req-e9f61705-c3fe-4b66-94a2-bab6019f9f68 - - - - - -] 10.0.0.86 "GET /" status: 200 len: 136 microversion: 1.0
2026-08-24 16:46:53.217 7 INFO placement.requestlog [None req-c5503002-a29a-4251-bd8a-183e23ccc29f - - - - - -] 10.0.0.86 "GET /" status: 200 len: 136 microversion: 1.0
2026-08-24 16:46:53.218 8 INFO placement.requestlog [None req-259577cb-3497-4009-8470-dd5d2e488856 - - - - - -] 10.0.0.86 "GET /" status: 200 len: 136 microversion: 1.0
2026-08-24 16:47:03.217 7 INFO placement.requestlog [None req-e6f1b23a-960a-4b0f-bdc7-c697f35b4626 - - - - - -] 10.0.0.86 "GET /" status: 200 len: 136 microversion: 1.0
2026-08-24 16:47:03.217 8 INFO placement.requestlog [None req-152bd5ab-44cf-4c8d-b93e-4a13aaf90bce - - - - - -] 10.0.0.86 "GET /" status: 200 len: 136 microversion: 1.0
2026-08-24 16:47:13.217 7 INFO placement.requestlog [None req-387ca093-7dc9-4410-9240-177c03f1a3b5 - - - - - -] 10.0.0.86 "GET /" status: 200 len: 136 microversion: 1.0
2026-08-24 16:47:13.217 8 INFO placement.requestlog [None req-bb9dffd6-6f87-4d67-b38e-96f7d53a66e2 - - - - - -] 10.0.0.86 "GET /" status: 200 len: 136 microversion: 1.0
2026-08-24 16:47:23.218 7 INFO placement.requestlog [None req-53ada250-d5d7-4319-af5e-cb74b13a97bc - - - - - -] 10.0.0.86 "GET /" status: 200 len: 136 microversion: 1.0
2026-08-24 16:47:23.218 8 INFO placement.requestlog [None req-89fbf4a5-2a1e-42c0-b13f-6e8354859661 - - - - - -] 10.0.0.86 "GET /" status: 200 len: 136 microversion: 1.0
2026-08-24 16:47:33.217 7 INFO placement.requestlog [None req-f16c86f4-b893-44ac-b435-bd4cc575e4aa - - - - - -] 10.0.0.86 "GET /" status: 200 len: 136 microversion: 1.0
2026-08-24 16:47:33.218 8 INFO placement.requestlog [None req-71a2d934-3729-4cf4-bee6-0e45d52b16c8 - - - - - -] 10.0.0.86 "GET /" status: 200 len: 136 microversion: 1.0
2026-08-24 16:47:42.138 7 INFO placement.requestlog [req-6e6049d0-6dfd-43d5-bcfb-a7a08bf85843 req-82e0aa07-e623-457a-a947-8ecbc440cf5c a618f219360d4f2da56682627153ab77 8a22c1f0d25246a785f391d177c2102a - - 620aa0b80cf64130a53484919f6fe7a8 620aa0b80cf64130a53484919f6fe7a8] 199.19.213.136 "GET /resource_providers/c5b495bf-1b0a-4203-b382-4307af0ecc9e/allocations" status: 200 len: 54 microversion: 1.0 [pid: 7|app: 0|req: 321/640] 199.19.213.136 () {32 vars in 857 bytes} [Mon Aug 24 16:47:42 2026] GET /resource_providers/c5b495bf-1b0a-4203-b382-4307af0ecc9e/allocations => generated 54 bytes in 17 msecs (HTTP/1.1 200) 6 headers in 223 bytes (1 switches on core 0)
2026-08-24 16:47:42.158 8 INFO placement.requestlog [req-6e6049d0-6dfd-43d5-bcfb-a7a08bf85843 req-04c27792-e8b5-4a2e-830d-99a44353b964 a618f219360d4f2da56682627153ab77 8a22c1f0d25246a785f391d177c2102a - - 620aa0b80cf64130a53484919f6fe7a8 620aa0b80cf64130a53484919f6fe7a8] 199.19.213.136 "GET /resource_providers/c5b495bf-1b0a-4203-b382-4307af0ecc9e/allocations" status: 200 len: 54 microversion: 1.0 [pid: 8|app: 0|req: 320/641] 199.19.213.136 () {32 vars in 857 bytes} [Mon Aug 24 16:47:42 2026] GET /resource_providers/c5b495bf-1b0a-4203-b382-4307af0ecc9e/allocations => generated 54 bytes in 12 msecs (HTTP/1.1 200) 6 headers in 223 bytes (1 switches on core 0)
2026-08-24 16:47:43.216 7 INFO placement.requestlog [None req-a663c73d-2abc-4d80-a35d-2b975fbf91b6 - - - - - -] 10.0.0.86 "GET /" status: 200 len: 136 microversion: 1.0
2026-08-24 16:47:43.217 8 INFO placement.requestlog [None req-045cc852-1b5d-47bc-b23b-bf85c054a20c - - - - - -] 10.0.0.86 "GET /" status: 200 len: 136 microversion: 1.0
2026-08-24 16:47:53.217 7 INFO placement.requestlog [None req-72be8f94-0d58-4d5d-bc9b-3441e2a89133 - - - - - -] 10.0.0.86 "GET /" status: 200 len: 136 microversion: 1.0
2026-08-24 16:47:53.217 8 INFO placement.requestlog [None req-f98ca7e0-0b8a-4ae6-ae19-bf86d1e6a18c - - - - - -] 10.0.0.86 "GET /" status: 200 len: 136 microversion: 1.0
2026-08-24 16:48:03.216 8 INFO placement.requestlog [None req-6be57ed6-2762-4520-aa3f-3aba47455d2d - - - - - -] 10.0.0.86 "GET /" status: 200 len: 136 microversion: 1.0
2026-08-24 16:48:03.216 7 INFO placement.requestlog [None req-86bc76c1-2a69-47a4-8b15-5a74f2117d56 - - - - - -] 10.0.0.86 "GET /" status: 200 len: 136 microversion: 1.0
2026-08-24 16:48:13.217 8 INFO placement.requestlog [None req-331988da-8a0c-44f3-8736-f92ad7ae96db - - - - - -] 10.0.0.86 "GET /" status: 200 len: 136 microversion: 1.0
2026-08-24 16:48:13.217 7 INFO placement.requestlog [None req-f997ded0-0a52-4ba6-9284-d5ae1c2f9670 - - - - - -] 10.0.0.86 "GET /" status: 200 len: 136 microversion: 1.0
2026-08-24 16:48:23.217 7 INFO placement.requestlog [None req-86bdd880-9067-4065-b810-e665658b83f2 - - - - - -] 10.0.0.86 "GET /" status: 200 len: 136 microversion: 1.0
2026-08-24 16:48:23.218 8 INFO placement.requestlog [None req-08f943d9-c8db-42b7-9d2c-508379efa733 - - - - - -] 10.0.0.86 "GET /" status: 200 len: 136 microversion: 1.0
2026-08-24 16:48:33.217 7 INFO placement.requestlog [None req-b71d920f-f14b-4f64-acdf-85f3481d7c9f - - - - - -] 10.0.0.86 "GET /" status: 200 len: 136 microversion: 1.0
2026-08-24 16:48:33.217 8 INFO placement.requestlog [None req-7c290a4e-aedf-4899-869d-85a9a0b65b62 - - - - - -] 10.0.0.86 "GET /" status: 200 len: 136 microversion: 1.0
2026-08-24 16:48:42.230 7 INFO placement.requestlog [req-a4d5b836-a294-433c-92b0-25a1ad0935df req-140d7401-e491-45e5-9488-e9e6898791ac a618f219360d4f2da56682627153ab77 8a22c1f0d25246a785f391d177c2102a - - 620aa0b80cf64130a53484919f6fe7a8 620aa0b80cf64130a53484919f6fe7a8] 199.19.213.136 "GET /resource_providers/c5b495bf-1b0a-4203-b382-4307af0ecc9e/allocations" status: 200 len: 54 microversion: 1.0 [pid: 7|app: 0|req: 328/654] 199.19.213.136 () {32 vars in 857 bytes} [Mon Aug 24 16:48:42 2026] GET /resource_providers/c5b495bf-1b0a-4203-b382-4307af0ecc9e/allocations => generated 54 bytes in 111 msecs (HTTP/1.1 200) 6 headers in 223 bytes (1 switches on core 0)
2026-08-24 16:48:42.256 8 INFO placement.requestlog [req-a4d5b836-a294-433c-92b0-25a1ad0935df req-9294e742-7471-4296-bdb1-0889715a3fea a618f219360d4f2da56682627153ab77 8a22c1f0d25246a785f391d177c2102a - - 620aa0b80cf64130a53484919f6fe7a8 620aa0b80cf64130a53484919f6fe7a8] 199.19.213.136 "GET /resource_providers?in_tree=c5b495bf-1b0a-4203-b382-4307af0ecc9e" status: 200 len: 797 microversion: 1.14 [pid: 8|app: 0|req: 327/655] 199.19.213.136 () {34 vars in 892 bytes} [Mon Aug 24 16:48:42 2026] GET /resource_providers?in_tree=c5b495bf-1b0a-4203-b382-4307af0ecc9e => generated 797 bytes in 19 msecs (HTTP/1.1 200) 6 headers in 225 bytes (1 switches on core 0)
2026-08-24 16:48:42.276 7 INFO placement.requestlog [req-a4d5b836-a294-433c-92b0-25a1ad0935df req-9b91b5c0-d39e-4df2-8799-35ee400b599a a618f219360d4f2da56682627153ab77 8a22c1f0d25246a785f391d177c2102a - - 620aa0b80cf64130a53484919f6fe7a8 620aa0b80cf64130a53484919f6fe7a8] 199.19.213.136 "GET /resource_providers/c5b495bf-1b0a-4203-b382-4307af0ecc9e/inventories" status: 200 len: 400 microversion: 1.0 [pid: 7|app: 0|req: 329/656] 199.19.213.136 () {32 vars in 857 bytes} [Mon Aug 24 16:48:42 2026] GET /resource_providers/c5b495bf-1b0a-4203-b382-4307af0ecc9e/inventories => generated 400 bytes in 14 msecs (HTTP/1.1 200) 6 headers in 224 bytes (1 switches on core 0)
2026-08-24 16:48:42.293 8 INFO placement.requestlog [req-a4d5b836-a294-433c-92b0-25a1ad0935df req-63cd658c-9475-4175-a10a-fa56c3f57dbe a618f219360d4f2da56682627153ab77 8a22c1f0d25246a785f391d177c2102a - - 620aa0b80cf64130a53484919f6fe7a8 620aa0b80cf64130a53484919f6fe7a8] 199.19.213.136 "GET /resource_providers/c5b495bf-1b0a-4203-b382-4307af0ecc9e/aggregates" status: 200 len: 53 microversion: 1.19 [pid: 8|app: 0|req: 328/657] 199.19.213.136 () {34 vars in 899 bytes} [Mon Aug 24 16:48:42 2026] GET /resource_providers/c5b495bf-1b0a-4203-b382-4307af0ecc9e/aggregates => generated 53 bytes in 11 msecs (HTTP/1.1 200) 8 headers in 295 bytes (1 switches on core 0)
2026-08-24 16:48:42.316 7 INFO placement.requestlog [req-a4d5b836-a294-433c-92b0-25a1ad0935df req-914318ee-ad52-4f3f-bb07-9b0f22fe47b5 a618f219360d4f2da56682627153ab77 8a22c1f0d25246a785f391d177c2102a - - 620aa0b80cf64130a53484919f6fe7a8 620aa0b80cf64130a53484919f6fe7a8] 199.19.213.136 "GET /resource_providers/c5b495bf-1b0a-4203-b382-4307af0ecc9e/traits" status: 200 len: 2316 microversion: 1.6 [pid: 7|app: 0|req: 330/658] 199.19.213.136 () {34 vars in 890 bytes} [Mon Aug 24 16:48:42 2026] GET /resource_providers/c5b495bf-1b0a-4203-b382-4307af0ecc9e/traits => generated 2316 bytes in 20 msecs (HTTP/1.1 200) 6 headers in 225 bytes (1 switches on core 0)
2026-08-24 16:48:42.335 8 INFO placement.requestlog [req-a4d5b836-a294-433c-92b0-25a1ad0935df req-4fee5a58-e9bf-4e95-a133-ff9e82b94259 a618f219360d4f2da56682627153ab77 8a22c1f0d25246a785f391d177c2102a - - 620aa0b80cf64130a53484919f6fe7a8 620aa0b80cf64130a53484919f6fe7a8] 199.19.213.136 "GET /resource_providers/c5b495bf-1b0a-4203-b382-4307af0ecc9e/allocations" status: 200 len: 54 microversion: 1.0 [pid: 8|app: 0|req: 329/659] 199.19.213.136 () {32 vars in 857 bytes} [Mon Aug 24 16:48:42 2026] GET /resource_providers/c5b495bf-1b0a-4203-b382-4307af0ecc9e/allocations => generated 54 bytes in 13 msecs (HTTP/1.1 200) 6 headers in 223 bytes (1 switches on core 0)
2026-08-24 16:48:43.218 8 INFO placement.requestlog [None req-89acbeec-e875-4d18-be58-a19a553f1c9c - - - - - -] 10.0.0.86 "GET /" status: 200 len: 136 microversion: 1.0
2026-08-24 16:48:43.218 7 INFO placement.requestlog [None req-7d626853-e450-4441-8490-fbd3b8728f70 - - - - - -] 10.0.0.86 "GET /" status: 200 len: 136 microversion: 1.0
2026-08-24 16:48:53.217 8 INFO placement.requestlog [None req-08afa9b5-43ed-48e1-b4af-d65b7b4c7dc9 - - - - - -] 10.0.0.86 "GET /" status: 200 len: 136 microversion: 1.0
2026-08-24 16:48:53.218 7 INFO placement.requestlog [None req-50d8c698-1eee-4d24-a779-5939937de04e - - - - - -] 10.0.0.86 "GET /" status: 200 len: 136 microversion: 1.0
2026-08-24 16:49:03.217 7 INFO placement.requestlog [None req-053345f4-7ba8-4ed5-8a53-0dec1350130c - - - - - -] 10.0.0.86 "GET /" status: 200 len: 136 microversion: 1.0
2026-08-24 16:49:03.218 8 INFO placement.requestlog [None req-44a71d22-a342-4c48-8025-447a55cd05fb - - - - - -] 10.0.0.86 "GET /" status: 200 len: 136 microversion: 1.0
2026-08-24 16:49:06.383 7 INFO placement.requestlog [req-bc7f85e2-4bd5-4515-abcf-29263dd55aba req-e6655de8-2997-46b7-8b03-652d5c73daf1 a618f219360d4f2da56682627153ab77 8a22c1f0d25246a785f391d177c2102a - - 620aa0b80cf64130a53484919f6fe7a8 620aa0b80cf64130a53484919f6fe7a8] 10.0.0.122 "GET /allocation_candidates?limit=1000&resources=DISK_GB%3A1%2CMEMORY_MB%3A512%2CVCPU%3A1&root_required=%21COMPUTE_STATUS_DISABLED" status: 200 len: 2781 microversion: 1.36 [pid: 7|app: 0|req: 334/666] 10.0.0.122 () {34 vars in 1012 bytes} [Mon Aug 24 16:49:06 2026] GET /allocation_candidates?limit=1000&resources=DISK_GB%3A1%2CMEMORY_MB%3A512%2CVCPU%3A1&root_required=%21COMPUTE_STATUS_DISABLED => generated 2781 bytes in 197 msecs (HTTP/1.1 200) 8 headers in 297 bytes (1 switches on core 0)
2026-08-24 16:49:06.428 8 INFO placement.requestlog [req-bc7f85e2-4bd5-4515-abcf-29263dd55aba req-a8f7e9ba-e9cf-45af-b6ce-e8724b398ebd a618f219360d4f2da56682627153ab77 8a22c1f0d25246a785f391d177c2102a - - 620aa0b80cf64130a53484919f6fe7a8 620aa0b80cf64130a53484919f6fe7a8] 10.0.0.122 "GET /allocations/c96bad88-4293-4454-bc31-8887c94970f8" status: 200 len: 19 microversion: 1.28 [pid: 8|app: 0|req: 333/667] 10.0.0.122 () {34 vars in 861 bytes} [Mon Aug 24 16:49:06 2026] GET /allocations/c96bad88-4293-4454-bc31-8887c94970f8 => generated 19 bytes in 11 msecs (HTTP/1.1 200) 8 headers in 295 bytes (1 switches on core 0)
2026-08-24 16:49:06.498 7 INFO placement.requestlog [req-bc7f85e2-4bd5-4515-abcf-29263dd55aba req-69e7bbc3-c4ce-43eb-a550-3215d3145d47 a618f219360d4f2da56682627153ab77 8a22c1f0d25246a785f391d177c2102a - - 620aa0b80cf64130a53484919f6fe7a8 620aa0b80cf64130a53484919f6fe7a8] 10.0.0.122 "PUT /allocations/c96bad88-4293-4454-bc31-8887c94970f8" status: 204 len: 0 microversion: 1.36 [pid: 7|app: 0|req: 335/668] 10.0.0.122 () {38 vars in 914 bytes} [Mon Aug 24 16:49:06 2026] PUT /allocations/c96bad88-4293-4454-bc31-8887c94970f8 => generated 0 bytes in 63 msecs (HTTP/1.1 204) 5 headers in 199 bytes (1 switches on core 0)
2026-08-24 16:49:07.528 8 INFO placement.requestlog [req-a09861c5-97dd-49c7-9d4a-6ad0d6e7bdc0 req-4749e552-f73d-42ca-9480-c4815e072126 a618f219360d4f2da56682627153ab77 8a22c1f0d25246a785f391d177c2102a - - 620aa0b80cf64130a53484919f6fe7a8 620aa0b80cf64130a53484919f6fe7a8] 10.0.0.122 "GET /allocation_candidates?limit=1000&resources=DISK_GB%3A1%2CMEMORY_MB%3A512%2CVCPU%3A1&root_required=%21COMPUTE_STATUS_DISABLED" status: 200 len: 2783 microversion: 1.36 [pid: 8|app: 0|req: 334/669] 10.0.0.122 () {34 vars in 1012 bytes} [Mon Aug 24 16:49:07 2026] GET /allocation_candidates?limit=1000&resources=DISK_GB%3A1%2CMEMORY_MB%3A512%2CVCPU%3A1&root_required=%21COMPUTE_STATUS_DISABLED => generated 2783 bytes in 55 msecs (HTTP/1.1 200) 8 headers in 297 bytes (1 switches on core 0)
2026-08-24 16:49:07.566 7 INFO placement.requestlog [req-a09861c5-97dd-49c7-9d4a-6ad0d6e7bdc0 req-5db9b4e6-76b9-4c5e-b8ca-8f04d035a6e6 a618f219360d4f2da56682627153ab77 8a22c1f0d25246a785f391d177c2102a - - 620aa0b80cf64130a53484919f6fe7a8 620aa0b80cf64130a53484919f6fe7a8] 10.0.0.122 "GET /allocations/b87aa691-12fb-41c7-a0c2-bf7dd56d94cd" status: 200 len: 19 microversion: 1.28 [pid: 7|app: 0|req: 336/670] 10.0.0.122 () {34 vars in 861 bytes} [Mon Aug 24 16:49:07 2026] GET /allocations/b87aa691-12fb-41c7-a0c2-bf7dd56d94cd => generated 19 bytes in 12 msecs (HTTP/1.1 200) 8 headers in 295 bytes (1 switches on core 0)
2026-08-24 16:49:07.648 8 INFO placement.requestlog [req-a09861c5-97dd-49c7-9d4a-6ad0d6e7bdc0 req-6cce0bf5-c68b-4d34-9e07-333d83b474b9 a618f219360d4f2da56682627153ab77 8a22c1f0d25246a785f391d177c2102a - - 620aa0b80cf64130a53484919f6fe7a8 620aa0b80cf64130a53484919f6fe7a8] 10.0.0.122 "PUT /allocations/b87aa691-12fb-41c7-a0c2-bf7dd56d94cd" status: 204 len: 0 microversion: 1.36 [pid: 8|app: 0|req: 335/671] 10.0.0.122 () {38 vars in 914 bytes} [Mon Aug 24 16:49:07 2026] PUT /allocations/b87aa691-12fb-41c7-a0c2-bf7dd56d94cd => generated 0 bytes in 75 msecs (HTTP/1.1 204) 5 headers in 199 bytes (1 switches on core 0)
2026-08-24 16:49:08.019 7 INFO placement.requestlog [req-bc7f85e2-4bd5-4515-abcf-29263dd55aba req-e9e6776c-1fa8-4c6f-a548-d2b96c696ef6 a618f219360d4f2da56682627153ab77 8a22c1f0d25246a785f391d177c2102a - - 620aa0b80cf64130a53484919f6fe7a8 620aa0b80cf64130a53484919f6fe7a8] 199.19.213.136 "GET /allocations/c96bad88-4293-4454-bc31-8887c94970f8" status: 200 len: 257 microversion: 1.28 [pid: 7|app: 0|req: 337/672] 199.19.213.136 () {34 vars in 863 bytes} [Mon Aug 24 16:49:08 2026] GET /allocations/c96bad88-4293-4454-bc31-8887c94970f8 => generated 257 bytes in 18 msecs (HTTP/1.1 200) 8 headers in 296 bytes (1 switches on core 0)
2026-08-24 16:49:09.058 8 INFO placement.requestlog [req-bc7f85e2-4bd5-4515-abcf-29263dd55aba req-9350b19f-af27-459b-b534-3157287d07c4 a618f219360d4f2da56682627153ab77 8a22c1f0d25246a785f391d177c2102a - - 620aa0b80cf64130a53484919f6fe7a8 620aa0b80cf64130a53484919f6fe7a8] 199.19.213.136 "GET /resource_providers/c5b495bf-1b0a-4203-b382-4307af0ecc9e/allocations" status: 200 len: 252 microversion: 1.0 [pid: 8|app: 0|req: 336/673] 199.19.213.136 () {32 vars in 857 bytes} [Mon Aug 24 16:49:09 2026] GET /resource_providers/c5b495bf-1b0a-4203-b382-4307af0ecc9e/allocations => generated 252 bytes in 13 msecs (HTTP/1.1 200) 6 headers in 224 bytes (1 switches on core 0)
2026-08-24 16:49:09.076 7 INFO placement.requestlog [req-bc7f85e2-4bd5-4515-abcf-29263dd55aba req-5f7e5c31-6a5f-46cc-952f-8c14bc6b6804 a618f219360d4f2da56682627153ab77 8a22c1f0d25246a785f391d177c2102a - - 620aa0b80cf64130a53484919f6fe7a8 620aa0b80cf64130a53484919f6fe7a8] 199.19.213.136 "GET /allocations/b87aa691-12fb-41c7-a0c2-bf7dd56d94cd" status: 200 len: 257 microversion: 1.28 [pid: 7|app: 0|req: 338/674] 199.19.213.136 () {34 vars in 863 bytes} [Mon Aug 24 16:49:09 2026] GET /allocations/b87aa691-12fb-41c7-a0c2-bf7dd56d94cd => generated 257 bytes in 12 msecs (HTTP/1.1 200) 8 headers in 296 bytes (1 switches on core 0)
2026-08-24 16:49:09.091 8 INFO placement.requestlog [req-bc7f85e2-4bd5-4515-abcf-29263dd55aba req-8255956a-50b5-4619-9a76-fda230c7e3cd a618f219360d4f2da56682627153ab77 8a22c1f0d25246a785f391d177c2102a - - 620aa0b80cf64130a53484919f6fe7a8 620aa0b80cf64130a53484919f6fe7a8] 199.19.213.136 "GET /allocations/c96bad88-4293-4454-bc31-8887c94970f8" status: 200 len: 257 microversion: 1.28 [pid: 8|app: 0|req: 337/675] 199.19.213.136 () {34 vars in 863 bytes} [Mon Aug 24 16:49:09 2026] GET /allocations/c96bad88-4293-4454-bc31-8887c94970f8 => generated 257 bytes in 10 msecs (HTTP/1.1 200) 8 headers in 296 bytes (1 switches on core 0)
2026-08-24 16:49:09.171 7 INFO placement.requestlog [req-a09861c5-97dd-49c7-9d4a-6ad0d6e7bdc0 req-41e484f2-e21d-4c4b-b956-0723584348a8 a618f219360d4f2da56682627153ab77 8a22c1f0d25246a785f391d177c2102a - - 620aa0b80cf64130a53484919f6fe7a8 620aa0b80cf64130a53484919f6fe7a8] 199.19.213.136 "GET /allocations/b87aa691-12fb-41c7-a0c2-bf7dd56d94cd" status: 200 len: 257 microversion: 1.28 [pid: 7|app: 0|req: 339/676] 199.19.213.136 () {34 vars in 863 bytes} [Mon Aug 24 16:49:09 2026] GET /allocations/b87aa691-12fb-41c7-a0c2-bf7dd56d94cd => generated 257 bytes in 11 msecs (HTTP/1.1 200) 8 headers in 296 bytes (1 switches on core 0)
2026-08-24 16:49:10.615 8 INFO placement.requestlog [None req-ee597d67-8672-4550-b935-2ab846856226 accf1d9ed6e24ca5b4f518a1e6c2878a 8a22c1f0d25246a785f391d177c2102a - - 620aa0b80cf64130a53484919f6fe7a8 620aa0b80cf64130a53484919f6fe7a8] 10.0.0.252 "GET /resource_providers/b8a847bc-56c9-4d45-b46e-759a2b1e93eb/aggregates" status: 404 len: 235 microversion: 1.1 [pid: 8|app: 0|req: 338/677] 10.0.0.252 () {32 vars in 816 bytes} [Mon Aug 24 16:49:10 2026] GET /resource_providers/b8a847bc-56c9-4d45-b46e-759a2b1e93eb/aggregates => generated 235 bytes in 230 msecs (HTTP/1.1 404) 5 headers in 202 bytes (1 switches on core 0)
2026-08-24 16:49:10.622 7 INFO placement.requestlog [None req-c4d6f86c-4116-44a3-aa9f-87bc01f8899a accf1d9ed6e24ca5b4f518a1e6c2878a 8a22c1f0d25246a785f391d177c2102a - - 620aa0b80cf64130a53484919f6fe7a8 620aa0b80cf64130a53484919f6fe7a8] 10.0.0.252 "GET /resource_providers/b8a847bc-56c9-4d45-b46e-759a2b1e93eb/aggregates" status: 404 len: 235 microversion: 1.1 [pid: 7|app: 0|req: 340/678] 10.0.0.252 () {32 vars in 816 bytes} [Mon Aug 24 16:49:10 2026] GET /resource_providers/b8a847bc-56c9-4d45-b46e-759a2b1e93eb/aggregates => generated 235 bytes in 201 msecs (HTTP/1.1 404) 5 headers in 202 bytes (1 switches on core 0)
2026-08-24 16:49:10.635 8 INFO placement.requestlog [None req-091af765-b887-4651-8e45-4dbf027f6bd9 accf1d9ed6e24ca5b4f518a1e6c2878a 8a22c1f0d25246a785f391d177c2102a - - 620aa0b80cf64130a53484919f6fe7a8 620aa0b80cf64130a53484919f6fe7a8] 10.0.0.252 "DELETE /resource_providers/b8a847bc-56c9-4d45-b46e-759a2b1e93eb" status: 404 len: 246 microversion: 1.1 [pid: 8|app: 0|req: 339/679] 10.0.0.252 () {34 vars in 816 bytes} [Mon Aug 24 16:49:10 2026] DELETE /resource_providers/b8a847bc-56c9-4d45-b46e-759a2b1e93eb => generated 246 bytes in 8 msecs (HTTP/1.1 404) 6 headers in 231 bytes (1 switches on core 0)
2026-08-24 16:49:10.636 7 INFO placement.requestlog [None req-4b0adc28-c92b-488f-b8e5-622a496e693f accf1d9ed6e24ca5b4f518a1e6c2878a 8a22c1f0d25246a785f391d177c2102a - - 620aa0b80cf64130a53484919f6fe7a8 620aa0b80cf64130a53484919f6fe7a8] 10.0.0.252 "DELETE /resource_providers/b8a847bc-56c9-4d45-b46e-759a2b1e93eb" status: 404 len: 246 microversion: 1.1 [pid: 7|app: 0|req: 341/680] 10.0.0.252 () {34 vars in 816 bytes} [Mon Aug 24 16:49:10 2026] DELETE /resource_providers/b8a847bc-56c9-4d45-b46e-759a2b1e93eb => generated 246 bytes in 8 msecs (HTTP/1.1 404) 6 headers in 231 bytes (1 switches on core 0)
2026-08-24 16:49:11.155 8 INFO placement.requestlog [req-a09861c5-97dd-49c7-9d4a-6ad0d6e7bdc0 req-2c8e02bd-8fe5-46d0-a48a-fd684fa9cbf7 a618f219360d4f2da56682627153ab77 8a22c1f0d25246a785f391d177c2102a - - 620aa0b80cf64130a53484919f6fe7a8 620aa0b80cf64130a53484919f6fe7a8] 199.19.213.136 "GET /resource_providers/c5b495bf-1b0a-4203-b382-4307af0ecc9e/allocations" status: 200 len: 252 microversion: 1.0 [pid: 8|app: 0|req: 340/681] 199.19.213.136 () {32 vars in 857 bytes} [Mon Aug 24 16:49:11 2026] GET /resource_providers/c5b495bf-1b0a-4203-b382-4307af0ecc9e/allocations => generated 252 bytes in 15 msecs (HTTP/1.1 200) 6 headers in 224 bytes (1 switches on core 0)
2026-08-24 16:49:11.177 7 INFO placement.requestlog [req-a09861c5-97dd-49c7-9d4a-6ad0d6e7bdc0 req-ce0381fa-2c3f-418a-9ac0-bf09c268fa13 a618f219360d4f2da56682627153ab77 8a22c1f0d25246a785f391d177c2102a - - 620aa0b80cf64130a53484919f6fe7a8 620aa0b80cf64130a53484919f6fe7a8] 199.19.213.136 "GET /allocations/b87aa691-12fb-41c7-a0c2-bf7dd56d94cd" status: 200 len: 257 microversion: 1.28 [pid: 7|app: 0|req: 342/682] 199.19.213.136 () {34 vars in 863 bytes} [Mon Aug 24 16:49:11 2026] GET /allocations/b87aa691-12fb-41c7-a0c2-bf7dd56d94cd => generated 257 bytes in 14 msecs (HTTP/1.1 200) 8 headers in 296 bytes (1 switches on core 0)
2026-08-24 16:49:11.195 8 INFO placement.requestlog [req-a09861c5-97dd-49c7-9d4a-6ad0d6e7bdc0 req-05ebcd93-c9ca-43d9-9bdc-583e17839e9b a618f219360d4f2da56682627153ab77 8a22c1f0d25246a785f391d177c2102a - - 620aa0b80cf64130a53484919f6fe7a8 620aa0b80cf64130a53484919f6fe7a8] 199.19.213.136 "GET /allocations/c96bad88-4293-4454-bc31-8887c94970f8" status: 200 len: 257 microversion: 1.28 [pid: 8|app: 0|req: 341/683] 199.19.213.136 () {34 vars in 863 bytes} [Mon Aug 24 16:49:11 2026] GET /allocations/c96bad88-4293-4454-bc31-8887c94970f8 => generated 257 bytes in 11 msecs (HTTP/1.1 200) 8 headers in 296 bytes (1 switches on core 0)
2026-08-24 16:49:13.219 7 INFO placement.requestlog [None req-6ae9b2e2-e3da-4944-b1ef-c340fb8b0e9c - - - - - -] 10.0.0.86 "GET /" status: 200 len: 136 microversion: 1.0
2026-08-24 16:49:13.219 8 INFO placement.requestlog [None req-8ade8a1c-cd40-4675-a9e3-684366d625a7 - - - - - -] 10.0.0.86 "GET /" status: 200 len: 136 microversion: 1.0
2026-08-24 16:49:23.218 7 INFO placement.requestlog [None req-9e62eef9-dd54-4b82-ab79-ee5d8617adc5 - - - - - -] 10.0.0.86 "GET /" status: 200 len: 136 microversion: 1.0
2026-08-24 16:49:23.218 8 INFO placement.requestlog [None req-3f401b67-d64c-42cf-8f3d-cb42766977ac - - - - - -] 10.0.0.86 "GET /" status: 200 len: 136 microversion: 1.0
2026-08-24 16:49:26.763 7 INFO placement.requestlog [None req-e38dbbd1-1249-4073-b7b3-e9832b290e72 accf1d9ed6e24ca5b4f518a1e6c2878a 8a22c1f0d25246a785f391d177c2102a - - 620aa0b80cf64130a53484919f6fe7a8 620aa0b80cf64130a53484919f6fe7a8] 10.0.0.252 "GET /resource_providers/322d5773-92ad-486b-a1bf-9c2700c6402e/aggregates" status: 404 len: 235 microversion: 1.1 [pid: 7|app: 0|req: 345/688] 10.0.0.252 () {32 vars in 816 bytes} [Mon Aug 24 16:49:26 2026] GET /resource_providers/322d5773-92ad-486b-a1bf-9c2700c6402e/aggregates => generated 235 bytes in 129 msecs (HTTP/1.1 404) 5 headers in 202 bytes (1 switches on core 0)
2026-08-24 16:49:26.797 7 INFO placement.requestlog [None req-a927d18a-96f4-4dec-a30c-b029f2c9696e accf1d9ed6e24ca5b4f518a1e6c2878a 8a22c1f0d25246a785f391d177c2102a - - 620aa0b80cf64130a53484919f6fe7a8 620aa0b80cf64130a53484919f6fe7a8] 10.0.0.252 "DELETE /resource_providers/322d5773-92ad-486b-a1bf-9c2700c6402e" status: 404 len: 246 microversion: 1.1 [pid: 7|app: 0|req: 346/689] 10.0.0.252 () {34 vars in 816 bytes} [Mon Aug 24 16:49:26 2026] DELETE /resource_providers/322d5773-92ad-486b-a1bf-9c2700c6402e => generated 246 bytes in 17 msecs (HTTP/1.1 404) 6 headers in 231 bytes (1 switches on core 0)
2026-08-24 16:49:26.802 8 INFO placement.requestlog [None req-8dab8980-a070-4a75-807d-30bb309e6242 accf1d9ed6e24ca5b4f518a1e6c2878a 8a22c1f0d25246a785f391d177c2102a - - 620aa0b80cf64130a53484919f6fe7a8 620aa0b80cf64130a53484919f6fe7a8] 10.0.0.252 "GET /resource_providers/322d5773-92ad-486b-a1bf-9c2700c6402e/aggregates" status: 404 len: 235 microversion: 1.1 [pid: 8|app: 0|req: 344/690] 10.0.0.252 () {32 vars in 816 bytes} [Mon Aug 24 16:49:26 2026] GET /resource_providers/322d5773-92ad-486b-a1bf-9c2700c6402e/aggregates => generated 235 bytes in 165 msecs (HTTP/1.1 404) 5 headers in 202 bytes (1 switches on core 0)
2026-08-24 16:49:26.824 7 INFO placement.requestlog [None req-64f60396-20f1-4b94-b4da-90a14d67c733 accf1d9ed6e24ca5b4f518a1e6c2878a 8a22c1f0d25246a785f391d177c2102a - - 620aa0b80cf64130a53484919f6fe7a8 620aa0b80cf64130a53484919f6fe7a8] 10.0.0.252 "DELETE /resource_providers/322d5773-92ad-486b-a1bf-9c2700c6402e" status: 404 len: 246 microversion: 1.1 [pid: 7|app: 0|req: 347/691] 10.0.0.252 () {34 vars in 816 bytes} [Mon Aug 24 16:49:26 2026] DELETE /resource_providers/322d5773-92ad-486b-a1bf-9c2700c6402e => generated 246 bytes in 11 msecs (HTTP/1.1 404) 6 headers in 231 bytes (1 switches on core 0)
2026-08-24 16:49:33.217 7 INFO placement.requestlog [None req-7d9e4fea-1b07-457b-91b3-e5438fd7f6f5 - - - - - -] 10.0.0.86 "GET /" status: 200 len: 136 microversion: 1.0
2026-08-24 16:49:33.218 8 INFO placement.requestlog [None req-57aa8c0e-af03-43ee-a1a9-9fb417a2ecdc - - - - - -] 10.0.0.86 "GET /" status: 200 len: 136 microversion: 1.0
2026-08-24 16:49:35.923 7 INFO placement.requestlog [None req-f28cc3e0-3094-4da7-905c-8e78c84173b2 accf1d9ed6e24ca5b4f518a1e6c2878a 8a22c1f0d25246a785f391d177c2102a - - 620aa0b80cf64130a53484919f6fe7a8 620aa0b80cf64130a53484919f6fe7a8] 10.0.0.252 "GET /resource_providers/e2e6f1e0-ac29-4311-8c22-4f1e0cdd344d/aggregates" status: 404 len: 235 microversion: 1.1 [pid: 7|app: 0|req: 349/694] 10.0.0.252 () {32 vars in 816 bytes} [Mon Aug 24 16:49:35 2026] GET /resource_providers/e2e6f1e0-ac29-4311-8c22-4f1e0cdd344d/aggregates => generated 235 bytes in 8 msecs (HTTP/1.1 404) 5 headers in 202 bytes (1 switches on core 0)
2026-08-24 16:49:35.924 8 INFO placement.requestlog [None req-1943b25f-838e-4029-8f11-1c849e471670 accf1d9ed6e24ca5b4f518a1e6c2878a 8a22c1f0d25246a785f391d177c2102a - - 620aa0b80cf64130a53484919f6fe7a8 620aa0b80cf64130a53484919f6fe7a8] 10.0.0.252 "GET /resource_providers/e2e6f1e0-ac29-4311-8c22-4f1e0cdd344d/aggregates" status: 404 len: 235 microversion: 1.1 [pid: 8|app: 0|req: 346/695] 10.0.0.252 () {32 vars in 816 bytes} [Mon Aug 24 16:49:35 2026] GET /resource_providers/e2e6f1e0-ac29-4311-8c22-4f1e0cdd344d/aggregates => generated 235 bytes in 12 msecs (HTTP/1.1 404) 5 headers in 202 bytes (1 switches on core 0)
2026-08-24 16:49:35.940 7 INFO placement.requestlog [None req-fd470e45-b7ef-43ee-8d80-4a19ada36fe7 accf1d9ed6e24ca5b4f518a1e6c2878a 8a22c1f0d25246a785f391d177c2102a - - 620aa0b80cf64130a53484919f6fe7a8 620aa0b80cf64130a53484919f6fe7a8] 10.0.0.252 "DELETE /resource_providers/e2e6f1e0-ac29-4311-8c22-4f1e0cdd344d" status: 404 len: 246 microversion: 1.1 [pid: 7|app: 0|req: 350/696] 10.0.0.252 () {34 vars in 816 bytes} [Mon Aug 24 16:49:35 2026] DELETE /resource_providers/e2e6f1e0-ac29-4311-8c22-4f1e0cdd344d => generated 246 bytes in 6 msecs (HTTP/1.1 404) 6 headers in 231 bytes (1 switches on core 0)
2026-08-24 16:49:35.947 8 INFO placement.requestlog [None req-cac4dce9-1692-492c-ba98-f66d571ae1ae accf1d9ed6e24ca5b4f518a1e6c2878a 8a22c1f0d25246a785f391d177c2102a - - 620aa0b80cf64130a53484919f6fe7a8 620aa0b80cf64130a53484919f6fe7a8] 10.0.0.252 "DELETE /resource_providers/e2e6f1e0-ac29-4311-8c22-4f1e0cdd344d" status: 404 len: 246 microversion: 1.1 [pid: 8|app: 0|req: 347/697] 10.0.0.252 () {34 vars in 816 bytes} [Mon Aug 24 16:49:35 2026] DELETE /resource_providers/e2e6f1e0-ac29-4311-8c22-4f1e0cdd344d => generated 246 bytes in 12 msecs (HTTP/1.1 404) 6 headers in 231 bytes (1 switches on core 0)
2026-08-24 16:49:37.960 7 INFO placement.requestlog [None req-c442e27e-4bc5-4d5e-b66d-ec7a55d8e6ce accf1d9ed6e24ca5b4f518a1e6c2878a 8a22c1f0d25246a785f391d177c2102a - - 620aa0b80cf64130a53484919f6fe7a8 620aa0b80cf64130a53484919f6fe7a8] 10.0.0.252 "GET /resource_providers/bc10c699-e896-4cc7-a011-ff837df608ad/aggregates" status: 404 len: 235 microversion: 1.1 [pid: 7|app: 0|req: 351/698] 10.0.0.252 () {32 vars in 816 bytes} [Mon Aug 24 16:49:37 2026] GET /resource_providers/bc10c699-e896-4cc7-a011-ff837df608ad/aggregates => generated 235 bytes in 8 msecs (HTTP/1.1 404) 5 headers in 202 bytes (1 switches on core 0)
2026-08-24 16:49:37.965 8 INFO placement.requestlog [None req-65837d4b-4ef5-4b7f-9542-74aefe983c73 accf1d9ed6e24ca5b4f518a1e6c2878a 8a22c1f0d25246a785f391d177c2102a - - 620aa0b80cf64130a53484919f6fe7a8 620aa0b80cf64130a53484919f6fe7a8] 10.0.0.252 "GET /resource_providers/bc10c699-e896-4cc7-a011-ff837df608ad/aggregates" status: 404 len: 235 microversion: 1.1 [pid: 8|app: 0|req: 348/699] 10.0.0.252 () {32 vars in 816 bytes} [Mon Aug 24 16:49:37 2026] GET /resource_providers/bc10c699-e896-4cc7-a011-ff837df608ad/aggregates => generated 235 bytes in 6 msecs (HTTP/1.1 404) 5 headers in 202 bytes (1 switches on core 0)
2026-08-24 16:49:37.979 7 INFO placement.requestlog [None req-8f2546c4-38ad-4032-896d-3a6d7e937349 accf1d9ed6e24ca5b4f518a1e6c2878a 8a22c1f0d25246a785f391d177c2102a - - 620aa0b80cf64130a53484919f6fe7a8 620aa0b80cf64130a53484919f6fe7a8] 10.0.0.252 "DELETE /resource_providers/bc10c699-e896-4cc7-a011-ff837df608ad" status: 404 len: 246 microversion: 1.1 [pid: 7|app: 0|req: 352/700] 10.0.0.252 () {34 vars in 816 bytes} [Mon Aug 24 16:49:37 2026] DELETE /resource_providers/bc10c699-e896-4cc7-a011-ff837df608ad => generated 246 bytes in 11 msecs (HTTP/1.1 404) 6 headers in 231 bytes (1 switches on core 0)
2026-08-24 16:49:37.982 8 INFO placement.requestlog [None req-1b43b85c-38fb-4984-8993-d71c29e29877 accf1d9ed6e24ca5b4f518a1e6c2878a 8a22c1f0d25246a785f391d177c2102a - - 620aa0b80cf64130a53484919f6fe7a8 620aa0b80cf64130a53484919f6fe7a8] 10.0.0.252 "DELETE /resource_providers/bc10c699-e896-4cc7-a011-ff837df608ad" status: 404 len: 246 microversion: 1.1 [pid: 8|app: 0|req: 349/701] 10.0.0.252 () {34 vars in 816 bytes} [Mon Aug 24 16:49:37 2026] DELETE /resource_providers/bc10c699-e896-4cc7-a011-ff837df608ad => generated 246 bytes in 11 msecs (HTTP/1.1 404) 6 headers in 231 bytes (1 switches on core 0)
2026-08-24 16:49:43.218 7 INFO placement.requestlog [None req-33f49b45-8bbe-48e1-965f-6967fee2f748 - - - - - -] 10.0.0.86 "GET /" status: 200 len: 136 microversion: 1.0
2026-08-24 16:49:43.218 8 INFO placement.requestlog [None req-77d4ee3f-7845-4fee-9a95-433fda9254ec - - - - - -] 10.0.0.86 "GET /" status: 200 len: 136 microversion: 1.0
2026-08-24 16:49:43.604 7 INFO placement.requestlog [req-68b2739c-8961-4278-8744-956bfc439098 req-686ea755-3413-41fb-91da-0a1a91f0f39a a618f219360d4f2da56682627153ab77 8a22c1f0d25246a785f391d177c2102a - - 620aa0b80cf64130a53484919f6fe7a8 620aa0b80cf64130a53484919f6fe7a8] 10.0.0.122 "GET /allocation_candidates?limit=1000&resources=MEMORY_MB%3A512%2CVCPU%3A1&root_required=%21COMPUTE_STATUS_DISABLED" status: 200 len: 2770 microversion: 1.36 [pid: 7|app: 0|req: 354/704] 10.0.0.122 () {34 vars in 984 bytes} [Mon Aug 24 16:49:43 2026] GET /allocation_candidates?limit=1000&resources=MEMORY_MB%3A512%2CVCPU%3A1&root_required=%21COMPUTE_STATUS_DISABLED => generated 2770 bytes in 48 msecs (HTTP/1.1 200) 8 headers in 297 bytes (1 switches on core 0)
2026-08-24 16:49:43.662 8 INFO placement.requestlog [req-68b2739c-8961-4278-8744-956bfc439098 req-e4e4fee8-874a-4004-ba65-202f0771eb0a a618f219360d4f2da56682627153ab77 8a22c1f0d25246a785f391d177c2102a - - 620aa0b80cf64130a53484919f6fe7a8 620aa0b80cf64130a53484919f6fe7a8] 10.0.0.122 "GET /allocations/eb8d2153-152c-42e7-b9d9-c85749bfe312" status: 200 len: 19 microversion: 1.28 [pid: 8|app: 0|req: 351/705] 10.0.0.122 () {34 vars in 861 bytes} [Mon Aug 24 16:49:43 2026] GET /allocations/eb8d2153-152c-42e7-b9d9-c85749bfe312 => generated 19 bytes in 9 msecs (HTTP/1.1 200) 8 headers in 295 bytes (1 switches on core 0)
2026-08-24 16:49:43.739 7 INFO placement.requestlog [req-68b2739c-8961-4278-8744-956bfc439098 req-000a677e-f2ee-4969-bdae-24dffc31636c a618f219360d4f2da56682627153ab77 8a22c1f0d25246a785f391d177c2102a - - 620aa0b80cf64130a53484919f6fe7a8 620aa0b80cf64130a53484919f6fe7a8] 10.0.0.122 "PUT /allocations/eb8d2153-152c-42e7-b9d9-c85749bfe312" status: 204 len: 0 microversion: 1.36 [pid: 7|app: 0|req: 355/706] 10.0.0.122 () {38 vars in 914 bytes} [Mon Aug 24 16:49:43 2026] PUT /allocations/eb8d2153-152c-42e7-b9d9-c85749bfe312 => generated 0 bytes in 73 msecs (HTTP/1.1 204) 5 headers in 199 bytes (1 switches on core 0)
2026-08-24 16:49:43.764 8 INFO placement.requestlog [None req-24b12405-ae3b-4883-b437-6daa5e89fd4d accf1d9ed6e24ca5b4f518a1e6c2878a 8a22c1f0d25246a785f391d177c2102a - - 620aa0b80cf64130a53484919f6fe7a8 620aa0b80cf64130a53484919f6fe7a8] 10.0.0.252 "GET /resource_providers/d5749c28-ead8-4780-a410-61d558002d97/aggregates" status: 404 len: 235 microversion: 1.1 [pid: 8|app: 0|req: 352/707] 10.0.0.252 () {32 vars in 816 bytes} [Mon Aug 24 16:49:43 2026] GET /resource_providers/d5749c28-ead8-4780-a410-61d558002d97/aggregates => generated 235 bytes in 10 msecs (HTTP/1.1 404) 5 headers in 202 bytes (1 switches on core 0)
2026-08-24 16:49:43.770 7 INFO placement.requestlog [None req-b3bb34ac-8c15-4da7-9c60-9f6bb4dfd070 accf1d9ed6e24ca5b4f518a1e6c2878a 8a22c1f0d25246a785f391d177c2102a - - 620aa0b80cf64130a53484919f6fe7a8 620aa0b80cf64130a53484919f6fe7a8] 10.0.0.252 "GET /resource_providers/d5749c28-ead8-4780-a410-61d558002d97/aggregates" status: 404 len: 235 microversion: 1.1 [pid: 7|app: 0|req: 356/708] 10.0.0.252 () {32 vars in 816 bytes} [Mon Aug 24 16:49:43 2026] GET /resource_providers/d5749c28-ead8-4780-a410-61d558002d97/aggregates => generated 235 bytes in 14 msecs (HTTP/1.1 404) 5 headers in 202 bytes (1 switches on core 0)
2026-08-24 16:49:43.789 8 INFO placement.requestlog [None req-344ac6b7-1764-45c1-ac06-274de117a216 accf1d9ed6e24ca5b4f518a1e6c2878a 8a22c1f0d25246a785f391d177c2102a - - 620aa0b80cf64130a53484919f6fe7a8 620aa0b80cf64130a53484919f6fe7a8] 10.0.0.252 "DELETE /resource_providers/d5749c28-ead8-4780-a410-61d558002d97" status: 404 len: 246 microversion: 1.1 [pid: 8|app: 0|req: 353/709] 10.0.0.252 () {34 vars in 816 bytes} [Mon Aug 24 16:49:43 2026] DELETE /resource_providers/d5749c28-ead8-4780-a410-61d558002d97 => generated 246 bytes in 10 msecs (HTTP/1.1 404) 6 headers in 231 bytes (1 switches on core 0)
2026-08-24 16:49:43.790 7 INFO placement.requestlog [None req-e948989d-8cd9-4a4d-9ff7-5ff5d1fe0e01 accf1d9ed6e24ca5b4f518a1e6c2878a 8a22c1f0d25246a785f391d177c2102a - - 620aa0b80cf64130a53484919f6fe7a8 620aa0b80cf64130a53484919f6fe7a8] 10.0.0.252 "DELETE /resource_providers/d5749c28-ead8-4780-a410-61d558002d97" status: 404 len: 246 microversion: 1.1 [pid: 7|app: 0|req: 357/710] 10.0.0.252 () {34 vars in 816 bytes} [Mon Aug 24 16:49:43 2026] DELETE /resource_providers/d5749c28-ead8-4780-a410-61d558002d97 => generated 246 bytes in 9 msecs (HTTP/1.1 404) 6 headers in 231 bytes (1 switches on core 0)
2026-08-24 16:49:44.945 8 INFO placement.requestlog [req-dc6228a4-24bb-4772-a665-97d183a1d7e4 req-13a794cb-be03-464f-af80-3f6c644fd8ee a618f219360d4f2da56682627153ab77 8a22c1f0d25246a785f391d177c2102a - - 620aa0b80cf64130a53484919f6fe7a8 620aa0b80cf64130a53484919f6fe7a8] 199.19.213.136 "GET /resource_providers/c5b495bf-1b0a-4203-b382-4307af0ecc9e/allocations" status: 200 len: 338 microversion: 1.0 [pid: 8|app: 0|req: 354/711] 199.19.213.136 () {32 vars in 857 bytes} [Mon Aug 24 16:49:44 2026] GET /resource_providers/c5b495bf-1b0a-4203-b382-4307af0ecc9e/allocations => generated 338 bytes in 14 msecs (HTTP/1.1 200) 6 headers in 224 bytes (1 switches on core 0)
2026-08-24 16:49:45.218 7 INFO placement.requestlog [req-68b2739c-8961-4278-8744-956bfc439098 req-f613e5f0-4fa6-4efd-b056-858b1d2dd9cc a618f219360d4f2da56682627153ab77 8a22c1f0d25246a785f391d177c2102a - - 620aa0b80cf64130a53484919f6fe7a8 620aa0b80cf64130a53484919f6fe7a8] 199.19.213.136 "GET /allocations/eb8d2153-152c-42e7-b9d9-c85749bfe312" status: 200 len: 243 microversion: 1.28 [pid: 7|app: 0|req: 358/712] 199.19.213.136 () {34 vars in 863 bytes} [Mon Aug 24 16:49:45 2026] GET /allocations/eb8d2153-152c-42e7-b9d9-c85749bfe312 => generated 243 bytes in 11 msecs (HTTP/1.1 200) 8 headers in 296 bytes (1 switches on core 0)
