May 20 22:14:01.402911 np0000175566 devstack@neutron-api.service[103225]: DEBUG ovsdbapp.backend.ovs_idl.transaction [None req-a3c9986d-ac85-48be-b563-7f6c099b4d4c None None] Running txn n=1 command(idx=4): PgAclAddCommand(_result=None, entity=pg_1374e45a_cb12_4e37_b9a4_0230db21f80d, direction=to-lport, priority=1002, match=outport == @pg_1374e45a_cb12_4e37_b9a4_0230db21f80d && ip6 && ip6.src == $pg_1374e45a_cb12_4e37_b9a4_0230db21f80d_ip6, action=allow-related, log=False, may_exist=True, severity=[], name=[], meter=[], external_ids={'neutron:security_group_rule_id': 'd72c7461-73c7-4085-be95-4bc3f6585391'}) {{(pid=103225) do_commit /opt/stack/data/venv/lib/python3.12/site-packages/ovsdbapp/backend/ovs_idl/transaction.py:89}}
May 20 22:14:01.485121 np0000175566 devstack@neutron-api.service[103225]: DEBUG neutron.plugins.ml2.drivers.ovn.mech_driver.ovsdb.ovsdb_monitor [None req-a3c9986d-ac85-48be-b563-7f6c099b4d4c None None] Touching Hash Ring node "9ef08716ebea59059306d10e12acc6d2" from IDL notify handler {{(pid=103225) notify /opt/stack/neutron/neutron/plugins/ml2/drivers/ovn/mech_driver/ovsdb/ovsdb_monitor.py:978}}
May 20 22:14:01.488854 np0000175566 devstack@neutron-api.service[103223]: DEBUG neutron.plugins.ml2.drivers.ovn.mech_driver.ovsdb.ovsdb_monitor [None req-f5213e1b-6404-4883-863f-754f9b409ede None None] Touching Hash Ring node "9e0d84f482895be680117263836c1273" from IDL notify handler {{(pid=103223) notify /opt/stack/neutron/neutron/plugins/ml2/drivers/ovn/mech_driver/ovsdb/ovsdb_monitor.py:978}}
May 20 22:14:01.491513 np0000175566 devstack@neutron-api.service[103222]: DEBUG neutron.plugins.ml2.drivers.ovn.mech_driver.ovsdb.ovsdb_monitor [None req-c59b9aa3-7651-4919-9663-eca6bc48a68b None None] Touching Hash Ring node "c9bca16b582c590fa625a3ed8cea8912" from IDL notify handler {{(pid=103222) notify /opt/stack/neutron/neutron/plugins/ml2/drivers/ovn/mech_driver/ovsdb/ovsdb_monitor.py:978}}
May 20 22:14:01.495240 np0000175566 devstack@neutron-api.service[103225]: DEBUG neutron.plugins.ml2.drivers.ovn.mech_driver.ovsdb.ovsdb_monitor [None req-a3c9986d-ac85-48be-b563-7f6c099b4d4c None None] Hash Ring: Node 9ef08716ebea59059306d10e12acc6d2 (host: np0000175566) handling event "create" for row cc3440df-ae24-47f7-8c91-4372b5e84a55 (table: ACL) {{(pid=103225) notify /opt/stack/neutron/neutron/plugins/ml2/drivers/ovn/mech_driver/ovsdb/ovsdb_monitor.py:986}}
May 20 22:14:01.500362 np0000175566 devstack@neutron-api.service[103223]: DEBUG neutron.plugins.ml2.drivers.ovn.mech_driver.ovsdb.ovsdb_monitor [None req-f5213e1b-6404-4883-863f-754f9b409ede None None] Hash Ring: Node 9e0d84f482895be680117263836c1273 (host: np0000175566) handling event "create" for row 1695f7f6-5845-4e9c-a615-8b37b14f5fe4 (table: ACL) {{(pid=103223) notify /opt/stack/neutron/neutron/plugins/ml2/drivers/ovn/mech_driver/ovsdb/ovsdb_monitor.py:986}}
May 20 22:14:01.501120 np0000175566 devstack@neutron-api.service[103223]: DEBUG neutron.plugins.ml2.drivers.ovn.mech_driver.ovsdb.ovsdb_monitor [None req-f5213e1b-6404-4883-863f-754f9b409ede None None] Touching Hash Ring node "9e0d84f482895be680117263836c1273" from IDL notify handler {{(pid=103223) notify /opt/stack/neutron/neutron/plugins/ml2/drivers/ovn/mech_driver/ovsdb/ovsdb_monitor.py:978}}
May 20 22:14:01.501942 np0000175566 devstack@neutron-api.service[103222]: DEBUG neutron.plugins.ml2.drivers.ovn.mech_driver.ovsdb.ovsdb_monitor [None req-c59b9aa3-7651-4919-9663-eca6bc48a68b None None] Hash Ring: Node c9bca16b582c590fa625a3ed8cea8912 (host: np0000175566) handling event "create" for row 3da0a8b6-d289-4c17-8615-1d321ae07a6d (table: Port_Group) {{(pid=103222) notify /opt/stack/neutron/neutron/plugins/ml2/drivers/ovn/mech_driver/ovsdb/ovsdb_monitor.py:986}}
May 20 22:14:01.510082 np0000175566 devstack@neutron-api.service[103223]: DEBUG neutron.plugins.ml2.drivers.ovn.mech_driver.ovsdb.ovsdb_monitor [None req-f5213e1b-6404-4883-863f-754f9b409ede None None] Hash Ring: Node 9e0d84f482895be680117263836c1273 (host: np0000175566) handling event "create" for row 1f33b227-699e-404f-bee9-92f5cac3c9c6 (table: ACL) {{(pid=103223) notify /opt/stack/neutron/neutron/plugins/ml2/drivers/ovn/mech_driver/ovsdb/ovsdb_monitor.py:986}}
May 20 22:14:01.511113 np0000175566 devstack@neutron-api.service[103223]: DEBUG neutron.plugins.ml2.drivers.ovn.mech_driver.ovsdb.ovsdb_monitor [None req-f5213e1b-6404-4883-863f-754f9b409ede None None] Touching Hash Ring node "9e0d84f482895be680117263836c1273" from IDL notify handler {{(pid=103223) notify /opt/stack/neutron/neutron/plugins/ml2/drivers/ovn/mech_driver/ovsdb/ovsdb_monitor.py:978}}
May 20 22:14:01.513444 np0000175566 devstack@neutron-api.service[103223]: DEBUG neutron.plugins.ml2.drivers.ovn.mech_driver.ovsdb.ovsdb_monitor [None req-f5213e1b-6404-4883-863f-754f9b409ede None None] Hash Ring: Node 9e0d84f482895be680117263836c1273 (host: np0000175566) handling event "create" for row 2df76348-3f27-47b3-bd5c-5c25bfd63a3f (table: ACL) {{(pid=103223) notify /opt/stack/neutron/neutron/plugins/ml2/drivers/ovn/mech_driver/ovsdb/ovsdb_monitor.py:986}}
May 20 22:14:01.515945 np0000175566 devstack@neutron-api.service[103225]: INFO neutron.db.ovn_revision_numbers_db [None req-e3f9c7b4-05ea-4bb2-b1a4-07fb17c33aa2 admin admin] Successfully bumped revision number for resource 1374e45a-cb12-4e37-b9a4-0230db21f80d (type: security_groups) to 1
May 20 22:14:01.529467 np0000175566 devstack@neutron-api.service[103225]: INFO neutron.db.ovn_revision_numbers_db [None req-e3f9c7b4-05ea-4bb2-b1a4-07fb17c33aa2 admin admin] Successfully bumped revision number for resource 37640d5c-df34-483e-b2a5-6e554ac242d9 (type: security_group_rules) to 0
May 20 22:14:01.541977 np0000175566 devstack@neutron-api.service[103225]: INFO neutron.db.ovn_revision_numbers_db [None req-e3f9c7b4-05ea-4bb2-b1a4-07fb17c33aa2 admin admin] Successfully bumped revision number for resource 45847df1-88bf-432a-9990-63f5005a1641 (type: security_group_rules) to 0
May 20 22:14:01.555698 np0000175566 devstack@neutron-api.service[103225]: INFO neutron.db.ovn_revision_numbers_db [None req-e3f9c7b4-05ea-4bb2-b1a4-07fb17c33aa2 admin admin] Successfully bumped revision number for resource ad2f83a2-1315-454f-87ff-b877a30709d9 (type: security_group_rules) to 0
May 20 22:14:01.569552 np0000175566 devstack@neutron-api.service[103225]: INFO neutron.db.ovn_revision_numbers_db [None req-e3f9c7b4-05ea-4bb2-b1a4-07fb17c33aa2 admin admin] Successfully bumped revision number for resource d72c7461-73c7-4085-be95-4bc3f6585391 (type: security_group_rules) to 0
May 20 22:14:01.593245 np0000175566 devstack@neutron-api.service[103225]: DEBUG neutron.api.rpc.handlers.resources_rpc [None req-e3f9c7b4-05ea-4bb2-b1a4-07fb17c33aa2 admin admin] Pushing event updated for resources: {'SecurityGroup': ['ID=1374e45a-cb12-4e37-b9a4-0230db21f80d,revision_number=1']} {{(pid=103225) push /opt/stack/neutron/neutron/api/rpc/handlers/resources_rpc.py:237}}
May 20 22:14:01.597796 np0000175566 devstack@neutron-api.service[103225]: DEBUG ovsdbapp.backend.ovs_idl.transaction [None req-a3c9986d-ac85-48be-b563-7f6c099b4d4c None None] Running txn n=1 command(idx=0): CheckLivenessCommand(_result=None) {{(pid=103225) do_commit /opt/stack/data/venv/lib/python3.12/site-packages/ovsdbapp/backend/ovs_idl/transaction.py:89}}
May 20 22:14:01.602600 np0000175566 devstack@neutron-api.service[103225]: DEBUG neutron.plugins.ml2.drivers.ovn.mech_driver.ovsdb.ovsdb_monitor [None req-a3c9986d-ac85-48be-b563-7f6c099b4d4c None None] Touching Hash Ring node "9ef08716ebea59059306d10e12acc6d2" from IDL notify handler {{(pid=103225) notify /opt/stack/neutron/neutron/plugins/ml2/drivers/ovn/mech_driver/ovsdb/ovsdb_monitor.py:978}}
May 20 22:14:01.605568 np0000175566 devstack@neutron-api.service[103222]: DEBUG neutron.plugins.ml2.drivers.ovn.mech_driver.ovsdb.ovsdb_monitor [None req-c514f841-5ffc-438b-a234-d89ceda6c4c7 None None] ChassisAgentWriteEvent : Matched Chassis_Private, update, None None {{(pid=103222) matches /opt/stack/neutron/neutron/plugins/ml2/drivers/ovn/mech_driver/ovsdb/ovsdb_monitor.py:64}}
May 20 22:14:01.607907 np0000175566 devstack@neutron-api.service[103224]: DEBUG neutron.plugins.ml2.drivers.ovn.mech_driver.ovsdb.ovsdb_monitor [None req-dfc7f12b-91a1-4bcb-9f06-511812effd58 None None] ChassisAgentWriteEvent : Matched Chassis_Private, update, None None {{(pid=103224) matches /opt/stack/neutron/neutron/plugins/ml2/drivers/ovn/mech_driver/ovsdb/ovsdb_monitor.py:64}}
May 20 22:14:01.608309 np0000175566 devstack@neutron-api.service[103223]: DEBUG neutron.plugins.ml2.drivers.ovn.mech_driver.ovsdb.ovsdb_monitor [None req-ae62dd68-3c1d-4b9a-8c01-621fb439a40c None None] ChassisAgentWriteEvent : Matched Chassis_Private, update, None None {{(pid=103223) matches /opt/stack/neutron/neutron/plugins/ml2/drivers/ovn/mech_driver/ovsdb/ovsdb_monitor.py:64}}
May 20 22:14:01.612889 np0000175566 devstack@neutron-api.service[103225]: DEBUG neutron.plugins.ml2.drivers.ovn.mech_driver.ovsdb.ovsdb_monitor [None req-1293c297-45a8-4291-85c4-6b287a415089 None None] ChassisAgentWriteEvent : Matched Chassis_Private, update, None None {{(pid=103225) matches /opt/stack/neutron/neutron/plugins/ml2/drivers/ovn/mech_driver/ovsdb/ovsdb_monitor.py:64}}
May 20 22:14:01.615145 np0000175566 devstack@neutron-api.service[103225]: DEBUG neutron.plugins.ml2.drivers.ovn.mech_driver.ovsdb.ovsdb_monitor [None req-a3c9986d-ac85-48be-b563-7f6c099b4d4c None None] Hash Ring: Node 9ef08716ebea59059306d10e12acc6d2 (host: np0000175566) handling event "update" for row 9ae2c036-1f53-4e09-b5af-0bb7bed21102 (table: NB_Global) {{(pid=103225) notify /opt/stack/neutron/neutron/plugins/ml2/drivers/ovn/mech_driver/ovsdb/ovsdb_monitor.py:986}}
May 20 22:14:01.615234 np0000175566 devstack@neutron-api.service[103224]: DEBUG neutron.common.ovn.hash_ring_manager [None req-dfc7f12b-91a1-4bcb-9f06-511812effd58 None None] Hash Ring loaded. 4 active nodes. 0 offline nodes {{(pid=103224) _load_hash_ring /opt/stack/neutron/neutron/common/ovn/hash_ring_manager.py:102}}
May 20 22:14:01.616559 np0000175566 devstack@neutron-api.service[103224]: DEBUG neutron.plugins.ml2.drivers.ovn.mech_driver.ovsdb.ovsdb_monitor [None req-dfc7f12b-91a1-4bcb-9f06-511812effd58 None None] ChassisOVNAgentWriteEvent : Matched Chassis_Private, update, None None {{(pid=103224) matches /opt/stack/neutron/neutron/plugins/ml2/drivers/ovn/mech_driver/ovsdb/ovsdb_monitor.py:64}}
May 20 22:14:01.618318 np0000175566 devstack@neutron-api.service[103222]: DEBUG neutron.common.ovn.hash_ring_manager [None req-c514f841-5ffc-438b-a234-d89ceda6c4c7 None None] Hash Ring loaded. 4 active nodes. 0 offline nodes {{(pid=103222) _load_hash_ring /opt/stack/neutron/neutron/common/ovn/hash_ring_manager.py:102}}
May 20 22:14:01.618318 np0000175566 devstack@neutron-api.service[103222]: DEBUG neutron.plugins.ml2.drivers.ovn.mech_driver.ovsdb.ovsdb_monitor [None req-c514f841-5ffc-438b-a234-d89ceda6c4c7 None None] Hash Ring: Node c9bca16b582c590fa625a3ed8cea8912 (host: np0000175566) handling event "update" for row 05c8d46c-f943-4690-bc6b-9c5e2001e9e6 (table: Chassis_Private) {{(pid=103222) notify /opt/stack/neutron/neutron/plugins/ml2/drivers/ovn/mech_driver/ovsdb/ovsdb_monitor.py:986}}
May 20 22:14:01.618872 np0000175566 devstack@neutron-api.service[103223]: DEBUG neutron.common.ovn.hash_ring_manager [None req-ae62dd68-3c1d-4b9a-8c01-621fb439a40c None None] Hash Ring loaded. 4 active nodes. 0 offline nodes {{(pid=103223) _load_hash_ring /opt/stack/neutron/neutron/common/ovn/hash_ring_manager.py:102}}
May 20 22:14:01.620375 np0000175566 devstack@neutron-api.service[103222]: DEBUG neutron.plugins.ml2.drivers.ovn.mech_driver.ovsdb.ovsdb_monitor [None req-c514f841-5ffc-438b-a234-d89ceda6c4c7 None None] ChassisOVNAgentWriteEvent : Matched Chassis_Private, update, None None {{(pid=103222) matches /opt/stack/neutron/neutron/plugins/ml2/drivers/ovn/mech_driver/ovsdb/ovsdb_monitor.py:64}}
May 20 22:14:01.620375 np0000175566 devstack@neutron-api.service[103222]: DEBUG neutron.plugins.ml2.drivers.ovn.mech_driver.ovsdb.ovsdb_monitor [None req-c514f841-5ffc-438b-a234-d89ceda6c4c7 None None] Hash Ring: Node c9bca16b582c590fa625a3ed8cea8912 (host: np0000175566) handling event "update" for row 05c8d46c-f943-4690-bc6b-9c5e2001e9e6 (table: Chassis_Private) {{(pid=103222) notify /opt/stack/neutron/neutron/plugins/ml2/drivers/ovn/mech_driver/ovsdb/ovsdb_monitor.py:986}}
May 20 22:14:01.620488 np0000175566 devstack@neutron-api.service[103223]: DEBUG neutron.plugins.ml2.drivers.ovn.mech_driver.ovsdb.ovsdb_monitor [None req-ae62dd68-3c1d-4b9a-8c01-621fb439a40c None None] ChassisOVNAgentWriteEvent : Matched Chassis_Private, update, None None {{(pid=103223) matches /opt/stack/neutron/neutron/plugins/ml2/drivers/ovn/mech_driver/ovsdb/ovsdb_monitor.py:64}}
May 20 22:14:01.621483 np0000175566 devstack@neutron-api.service[103225]: DEBUG neutron.plugins.ml2.drivers.ovn.mech_driver.ovsdb.ovsdb_monitor [None req-a3c9986d-ac85-48be-b563-7f6c099b4d4c None None] Touching Hash Ring node "9ef08716ebea59059306d10e12acc6d2" from IDL notify handler {{(pid=103225) notify /opt/stack/neutron/neutron/plugins/ml2/drivers/ovn/mech_driver/ovsdb/ovsdb_monitor.py:978}}
May 20 22:14:01.625849 np0000175566 devstack@neutron-api.service[103225]: DEBUG neutron.common.ovn.hash_ring_manager [None req-1293c297-45a8-4291-85c4-6b287a415089 None None] Hash Ring loaded. 4 active nodes. 0 offline nodes {{(pid=103225) _load_hash_ring /opt/stack/neutron/neutron/common/ovn/hash_ring_manager.py:102}}
May 20 22:14:01.627580 np0000175566 devstack@neutron-api.service[103225]: DEBUG neutron.plugins.ml2.drivers.ovn.mech_driver.ovsdb.ovsdb_monitor [None req-1293c297-45a8-4291-85c4-6b287a415089 None None] ChassisOVNAgentWriteEvent : Matched Chassis_Private, update, None None {{(pid=103225) matches /opt/stack/neutron/neutron/plugins/ml2/drivers/ovn/mech_driver/ovsdb/ovsdb_monitor.py:64}}
May 20 22:14:01.628265 np0000175566 devstack@neutron-api.service[103225]: DEBUG neutron.plugins.ml2.drivers.ovn.mech_driver.ovsdb.ovsdb_monitor [None req-a3c9986d-ac85-48be-b563-7f6c099b4d4c None None] Hash Ring: Node 9ef08716ebea59059306d10e12acc6d2 (host: np0000175566) handling event "update" for row 9ae2c036-1f53-4e09-b5af-0bb7bed21102 (table: NB_Global) {{(pid=103225) notify /opt/stack/neutron/neutron/plugins/ml2/drivers/ovn/mech_driver/ovsdb/ovsdb_monitor.py:986}}
May 20 22:14:01.630146 np0000175566 devstack@neutron-api.service[103225]: DEBUG neutron.plugins.ml2.drivers.ovn.mech_driver.ovsdb.ovsdb_monitor [None req-a3c9986d-ac85-48be-b563-7f6c099b4d4c None None] Touching Hash Ring node "9ef08716ebea59059306d10e12acc6d2" from IDL notify handler {{(pid=103225) notify /opt/stack/neutron/neutron/plugins/ml2/drivers/ovn/mech_driver/ovsdb/ovsdb_monitor.py:978}}
May 20 22:14:01.632672 np0000175566 devstack@neutron-api.service[103225]: DEBUG neutron.plugins.ml2.drivers.ovn.mech_driver.ovsdb.ovsdb_monitor [None req-a3c9986d-ac85-48be-b563-7f6c099b4d4c None None] Hash Ring: Node 9ef08716ebea59059306d10e12acc6d2 (host: np0000175566) handling event "update" for row 9ae2c036-1f53-4e09-b5af-0bb7bed21102 (table: NB_Global) {{(pid=103225) notify /opt/stack/neutron/neutron/plugins/ml2/drivers/ovn/mech_driver/ovsdb/ovsdb_monitor.py:986}}
May 20 22:14:01.634172 np0000175566 devstack@neutron-api.service[103225]: DEBUG neutron.plugins.ml2.drivers.ovn.mech_driver.ovsdb.ovsdb_monitor [None req-a3c9986d-ac85-48be-b563-7f6c099b4d4c None None] Touching Hash Ring node "9ef08716ebea59059306d10e12acc6d2" from IDL notify handler {{(pid=103225) notify /opt/stack/neutron/neutron/plugins/ml2/drivers/ovn/mech_driver/ovsdb/ovsdb_monitor.py:978}}
May 20 22:14:01.636727 np0000175566 devstack@neutron-api.service[103225]: DEBUG neutron.plugins.ml2.drivers.ovn.mech_driver.ovsdb.ovsdb_monitor [None req-a3c9986d-ac85-48be-b563-7f6c099b4d4c None None] Hash Ring: Node 9ef08716ebea59059306d10e12acc6d2 (host: np0000175566) handling event "update" for row 9ae2c036-1f53-4e09-b5af-0bb7bed21102 (table: NB_Global) {{(pid=103225) notify /opt/stack/neutron/neutron/plugins/ml2/drivers/ovn/mech_driver/ovsdb/ovsdb_monitor.py:986}}
May 20 22:14:01.640945 np0000175566 devstack@neutron-api.service[103225]: DEBUG neutron.api.rpc.callbacks.version_manager [None req-e3f9c7b4-05ea-4bb2-b1a4-07fb17c33aa2 admin admin] Tracked resource versions report:
May 20 22:14:01.640945 np0000175566 devstack@neutron-api.service[103225]: pushed versions:
May 20 22:14:01.640945 np0000175566 devstack@neutron-api.service[103225]: { 'AddressGroup': {'1.2'},
May 20 22:14:01.640945 np0000175566 devstack@neutron-api.service[103225]: 'Agent': {'1.1'},
May 20 22:14:01.640945 np0000175566 devstack@neutron-api.service[103225]: 'ConntrackHelper': {'1.0'},
May 20 22:14:01.640945 np0000175566 devstack@neutron-api.service[103225]: 'LocalIPAssociation': {'1.0'},
May 20 22:14:01.640945 np0000175566 devstack@neutron-api.service[103225]: 'Log': {'1.0'},
May 20 22:14:01.640945 np0000175566 devstack@neutron-api.service[103225]: 'NDPProxy': {'1.0'},
May 20 22:14:01.640945 np0000175566 devstack@neutron-api.service[103225]: 'Network': {'1.2'},
May 20 22:14:01.640945 np0000175566 devstack@neutron-api.service[103225]: 'Port': {'1.10'},
May 20 22:14:01.640945 np0000175566 devstack@neutron-api.service[103225]: 'PortForwarding': {'1.3'},
May 20 22:14:01.640945 np0000175566 devstack@neutron-api.service[103225]: 'QosPolicy': {'1.10'},
May 20 22:14:01.640945 np0000175566 devstack@neutron-api.service[103225]: 'SecurityGroup': {'1.6'},
May 20 22:14:01.640945 np0000175566 devstack@neutron-api.service[103225]: 'SecurityGroupRule': {'1.3'},
May 20 22:14:01.640945 np0000175566 devstack@neutron-api.service[103225]: 'SubPort': {'1.0'},
May 20 22:14:01.640945 np0000175566 devstack@neutron-api.service[103225]: 'Subnet': {'1.2'},
May 20 22:14:01.640945 np0000175566 devstack@neutron-api.service[103225]: 'Trunk': {'1.1'}}
May 20 22:14:01.640945 np0000175566 devstack@neutron-api.service[103225]: consumer versions:
May 20 22:14:01.640945 np0000175566 devstack@neutron-api.service[103225]: { OVN Controller Gateway agent@np0000175566: {},
May 20 22:14:01.640945 np0000175566 devstack@neutron-api.service[103225]: OVN Neutron agent@np0000175566: {}}
May 20 22:14:01.640945 np0000175566 devstack@neutron-api.service[103225]: {{(pid=103225) report /opt/stack/neutron/neutron/api/rpc/callbacks/version_manager.py:183}}
May 20 22:14:01.684253 np0000175566 devstack@neutron-api.service[103225]: DEBUG neutron.plugins.ml2.drivers.helpers [None req-e3f9c7b4-05ea-4bb2-b1a4-07fb17c33aa2 admin admin] geneve segment allocate from pool success with {'geneve_vni': 61890} {{(pid=103225) allocate_partially_specified_segment /opt/stack/neutron/neutron/plugins/ml2/drivers/helpers.py:142}}
May 20 22:14:01.693619 np0000175566 devstack@neutron-api.service[103225]: DEBUG neutron_lib.callbacks.manager [None req-e3f9c7b4-05ea-4bb2-b1a4-07fb17c33aa2 admin admin] Publish callbacks ['neutron.services.segments.db._add_segment_host_mapping_for_segment-7738209679514', 'neutron.plugins.ml2.plugin.Ml2Plugin._handle_segment_change-6451499'] for segment (e54a320f-164c-4929-81c2-6e364adb64bd), precommit_create {{(pid=103225) _notify_loop /opt/stack/data/venv/lib/python3.12/site-packages/neutron_lib/callbacks/manager.py:184}}
May 20 22:14:01.693788 np0000175566 devstack@neutron-api.service[103225]: INFO neutron.db.segments_db [None req-e3f9c7b4-05ea-4bb2-b1a4-07fb17c33aa2 admin admin] Added segment e54a320f-164c-4929-81c2-6e364adb64bd of type geneve for network 34bf8e06-f5b6-4b73-8b80-c09b17177832
May 20 22:14:01.709106 np0000175566 devstack@neutron-api.service[103225]: DEBUG neutron_lib.callbacks.manager [None req-e3f9c7b4-05ea-4bb2-b1a4-07fb17c33aa2 admin admin] Publish callbacks ['neutron.services.auto_allocate.db._ensure_external_network_default_value_callback-7738208406378'] for network (34bf8e06-f5b6-4b73-8b80-c09b17177832), precommit_create {{(pid=103225) _notify_loop /opt/stack/data/venv/lib/python3.12/site-packages/neutron_lib/callbacks/manager.py:184}}
May 20 22:14:01.721489 np0000175566 devstack@neutron-api.service[103225]: DEBUG neutron.plugins.ml2.drivers.ovn.mech_driver.mech_driver [None req-e3f9c7b4-05ea-4bb2-b1a4-07fb17c33aa2 admin admin] Validating network segment with type geneve, segmentation ID 61890, physical network None {{(pid=103225) _validate_network_segments /opt/stack/neutron/neutron/plugins/ml2/drivers/ovn/mech_driver/mech_driver.py:641}}
May 20 22:14:01.721691 np0000175566 devstack@neutron-api.service[103225]: DEBUG neutron.db.ovn_revision_numbers_db [None req-e3f9c7b4-05ea-4bb2-b1a4-07fb17c33aa2 admin admin] create_initial_revision uuid=34bf8e06-f5b6-4b73-8b80-c09b17177832, type=networks, rev=-1 {{(pid=103225) create_initial_revision /opt/stack/neutron/neutron/db/ovn_revision_numbers_db.py:98}}
May 20 22:14:01.733164 np0000175566 devstack@neutron-api.service[103225]: DEBUG neutron_lib.callbacks.manager [None req-e3f9c7b4-05ea-4bb2-b1a4-07fb17c33aa2 admin admin] Publish callbacks ['neutron.plugins.ml2.ovo_rpc._ObjectChangeHandler.handle_event-2087171'] for network (34bf8e06-f5b6-4b73-8b80-c09b17177832), after_create {{(pid=103225) _notify_loop /opt/stack/data/venv/lib/python3.12/site-packages/neutron_lib/callbacks/manager.py:184}}
May 20 22:14:01.749767 np0000175566 devstack@neutron-api.service[103225]: DEBUG neutron.api.rpc.handlers.resources_rpc [None req-e3f9c7b4-05ea-4bb2-b1a4-07fb17c33aa2 admin admin] Pushing event updated for resources: {'Network': ['ID=34bf8e06-f5b6-4b73-8b80-c09b17177832,revision_number=1']} {{(pid=103225) push /opt/stack/neutron/neutron/api/rpc/handlers/resources_rpc.py:237}}
May 20 22:14:01.757029 np0000175566 devstack@neutron-api.service[103225]: DEBUG ovsdbapp.backend.ovs_idl.transaction [None req-a3c9986d-ac85-48be-b563-7f6c099b4d4c None None] Running txn n=1 command(idx=0): AddNetworkCommand(_result=None, network_uuid=34bf8e06-f5b6-4b73-8b80-c09b17177832, may_exist=True, columns={'external_ids': {'neutron:network_name': 'admin_net', 'neutron:mtu': '1372', 'neutron:revision_number': '1', 'neutron:availability_zone_hints': '', 'neutron:provnet-network-type': 'geneve'}, 'other_config': {'mcast_snoop': 'false', 'mcast_flood_unregistered': 'false', 'vlan-passthru': 'false'}}) {{(pid=103225) do_commit /opt/stack/data/venv/lib/python3.12/site-packages/ovsdbapp/backend/ovs_idl/transaction.py:89}}
May 20 22:14:01.761474 np0000175566 devstack@neutron-api.service[103225]: DEBUG neutron.plugins.ml2.drivers.ovn.mech_driver.ovsdb.ovsdb_monitor [None req-a3c9986d-ac85-48be-b563-7f6c099b4d4c None None] Touching Hash Ring node "9ef08716ebea59059306d10e12acc6d2" from IDL notify handler {{(pid=103225) notify /opt/stack/neutron/neutron/plugins/ml2/drivers/ovn/mech_driver/ovsdb/ovsdb_monitor.py:978}}
May 20 22:14:01.765013 np0000175566 devstack@neutron-api.service[103225]: DEBUG neutron.plugins.ml2.drivers.ovn.mech_driver.ovsdb.ovsdb_monitor [None req-a3c9986d-ac85-48be-b563-7f6c099b4d4c None None] Hash Ring: Node 9ef08716ebea59059306d10e12acc6d2 (host: np0000175566) handling event "create" for row 34bf8e06-f5b6-4b73-8b80-c09b17177832 (table: Logical_Switch) {{(pid=103225) notify /opt/stack/neutron/neutron/plugins/ml2/drivers/ovn/mech_driver/ovsdb/ovsdb_monitor.py:986}}
May 20 22:14:01.768921 np0000175566 devstack@neutron-api.service[103223]: DEBUG neutron.plugins.ml2.drivers.ovn.mech_driver.ovsdb.ovsdb_monitor [None req-ae62dd68-3c1d-4b9a-8c01-621fb439a40c None None] Hash Ring: Node 9e0d84f482895be680117263836c1273 (host: np0000175566) handling event "create" for row ca120204-8bd6-4eb8-8c07-739bac859230 (table: Datapath_Binding) {{(pid=103223) notify /opt/stack/neutron/neutron/plugins/ml2/drivers/ovn/mech_driver/ovsdb/ovsdb_monitor.py:986}}
May 20 22:14:01.786922 np0000175566 devstack@neutron-api.service[103225]: INFO neutron.db.ovn_revision_numbers_db [None req-e3f9c7b4-05ea-4bb2-b1a4-07fb17c33aa2 admin admin] Successfully bumped revision number for resource 34bf8e06-f5b6-4b73-8b80-c09b17177832 (type: networks) to 1
May 20 22:14:01.802659 np0000175566 devstack@neutron-api.service[103225]: DEBUG neutron_lib.callbacks.manager [None req-e3f9c7b4-05ea-4bb2-b1a4-07fb17c33aa2 admin admin] Publish callbacks ['neutron.plugins.ml2.plugin.SecurityGroupDbMixin._ensure_default_security_group_handler-6683641'] for port (None), before_create {{(pid=103225) _notify_loop /opt/stack/data/venv/lib/python3.12/site-packages/neutron_lib/callbacks/manager.py:184}}
May 20 22:14:01.873699 np0000175566 devstack@neutron-api.service[103225]: DEBUG neutron_lib.callbacks.manager [None req-e3f9c7b4-05ea-4bb2-b1a4-07fb17c33aa2 admin admin] Publish callbacks ['neutron.plugins.ml2.drivers.ovn.mech_driver.mech_driver.OVNMechanismDriver._validate_allowed_address_pairs-6743733'] for allowed_address_pair (2b82f44d-fa95-4396-8c64-779ab9b563bc), before_create {{(pid=103225) _notify_loop /opt/stack/data/venv/lib/python3.12/site-packages/neutron_lib/callbacks/manager.py:184}}
May 20 22:14:01.874407 np0000175566 devstack@neutron-api.service[103225]: DEBUG neutron_lib.callbacks.manager [None req-e3f9c7b4-05ea-4bb2-b1a4-07fb17c33aa2 admin admin] Publish callbacks [] for port (2b82f44d-fa95-4396-8c64-779ab9b563bc), precommit_create {{(pid=103225) _notify_loop /opt/stack/data/venv/lib/python3.12/site-packages/neutron_lib/callbacks/manager.py:184}}
May 20 22:14:01.874618 np0000175566 devstack@neutron-api.service[103225]: DEBUG neutron.plugins.ml2.drivers.ovn.mech_driver.mech_driver [None req-e3f9c7b4-05ea-4bb2-b1a4-07fb17c33aa2 admin admin] No provisioning block for port 2b82f44d-fa95-4396-8c64-779ab9b563bc since it does not have a host {{(pid=103225) _is_port_provisioning_required /opt/stack/neutron/neutron/plugins/ml2/drivers/ovn/mech_driver/mech_driver.py:894}}
May 20 22:14:01.874762 np0000175566 devstack@neutron-api.service[103225]: DEBUG neutron.db.ovn_revision_numbers_db [None req-e3f9c7b4-05ea-4bb2-b1a4-07fb17c33aa2 admin admin] create_initial_revision uuid=2b82f44d-fa95-4396-8c64-779ab9b563bc, type=ports, rev=-1 {{(pid=103225) create_initial_revision /opt/stack/neutron/neutron/db/ovn_revision_numbers_db.py:98}}
May 20 22:14:01.906837 np0000175566 devstack@neutron-api.service[103225]: DEBUG neutron_lib.callbacks.manager [None req-e3f9c7b4-05ea-4bb2-b1a4-07fb17c33aa2 admin admin] Publish callbacks ['neutron.plugins.ml2.ovo_rpc._ObjectChangeHandler.handle_event-2087154'] for port (2b82f44d-fa95-4396-8c64-779ab9b563bc), after_create {{(pid=103225) _notify_loop /opt/stack/data/venv/lib/python3.12/site-packages/neutron_lib/callbacks/manager.py:184}}
May 20 22:14:01.938209 np0000175566 devstack@neutron-api.service[103225]: DEBUG neutron.api.rpc.handlers.resources_rpc [None req-e3f9c7b4-05ea-4bb2-b1a4-07fb17c33aa2 admin admin] Pushing event updated for resources: {'Port': ['ID=2b82f44d-fa95-4396-8c64-779ab9b563bc,revision_number=1']} {{(pid=103225) push /opt/stack/neutron/neutron/api/rpc/handlers/resources_rpc.py:237}}
May 20 22:14:01.945160 np0000175566 devstack@neutron-api.service[103225]: DEBUG ovsdbapp.backend.ovs_idl.transaction [None req-a3c9986d-ac85-48be-b563-7f6c099b4d4c None None] Running txn n=1 command(idx=0): AddLSwitchPortCommand(_result=None, lport=2b82f44d-fa95-4396-8c64-779ab9b563bc, lswitch=neutron-34bf8e06-f5b6-4b73-8b80-c09b17177832, may_exist=True, network_uuid=34bf8e06-f5b6-4b73-8b80-c09b17177832, columns={'addresses': ['fa:16:3e:ff:0a:65'], 'external_ids': {'neutron:port_name': '', 'neutron:device_id': 'ovnmeta-34bf8e06-f5b6-4b73-8b80-c09b17177832', 'neutron:project_id': 'fc0332f68854487ea07ecff2860f6ecd', 'neutron:cidrs': '', 'neutron:device_owner': 'network:distributed', 'neutron:subnet_pool_addr_scope4': '', 'neutron:subnet_pool_addr_scope6': '', 'neutron:network_name': 'neutron-34bf8e06-f5b6-4b73-8b80-c09b17177832', 'neutron:security_group_ids': '', 'neutron:revision_number': '1', 'neutron:vnic_type': 'normal', 'neutron:port_capabilities': '', 'neutron:mtu': '1372'}, 'parent_name': [], 'tag': [], 'enabled': True, 'options': {}, 'type': 'localport', 'port_security': [], 'dhcpv4_options': [], 'dhcpv6_options': []}) {{(pid=103225) do_commit /opt/stack/data/venv/lib/python3.12/site-packages/ovsdbapp/backend/ovs_idl/transaction.py:89}}
May 20 22:14:01.946210 np0000175566 devstack@neutron-api.service[103225]: DEBUG ovsdbapp.backend.ovs_idl.transaction [None req-a3c9986d-ac85-48be-b563-7f6c099b4d4c None None] Running txn n=1 command(idx=1): QoSDelCommand(_result=None, switch=neutron-34bf8e06-f5b6-4b73-8b80-c09b17177832, conditions=[('direction', '=', 'to-lport'), ('priority', '=', 2002), ('match', '=', 'outport == "2b82f44d-fa95-4396-8c64-779ab9b563bc"')], if_exists=True) {{(pid=103225) do_commit /opt/stack/data/venv/lib/python3.12/site-packages/ovsdbapp/backend/ovs_idl/transaction.py:89}}
May 20 22:14:01.946672 np0000175566 devstack@neutron-api.service[103225]: DEBUG ovsdbapp.backend.ovs_idl.transaction [None req-a3c9986d-ac85-48be-b563-7f6c099b4d4c None None] Running txn n=1 command(idx=2): QoSDelCommand(_result=None, switch=neutron-34bf8e06-f5b6-4b73-8b80-c09b17177832, conditions=[('direction', '=', 'from-lport'), ('priority', '=', 2002), ('match', '=', 'inport == "2b82f44d-fa95-4396-8c64-779ab9b563bc"')], if_exists=True) {{(pid=103225) do_commit /opt/stack/data/venv/lib/python3.12/site-packages/ovsdbapp/backend/ovs_idl/transaction.py:89}}
May 20 22:14:01.951147 np0000175566 devstack@neutron-api.service[103225]: DEBUG neutron.plugins.ml2.drivers.ovn.mech_driver.ovsdb.ovsdb_monitor [None req-a3c9986d-ac85-48be-b563-7f6c099b4d4c None None] Touching Hash Ring node "9ef08716ebea59059306d10e12acc6d2" from IDL notify handler {{(pid=103225) notify /opt/stack/neutron/neutron/plugins/ml2/drivers/ovn/mech_driver/ovsdb/ovsdb_monitor.py:978}}
May 20 22:14:01.954686 np0000175566 devstack@neutron-api.service[103225]: DEBUG neutron.plugins.ml2.drivers.ovn.mech_driver.ovsdb.ovsdb_monitor [None req-a3c9986d-ac85-48be-b563-7f6c099b4d4c None None] Hash Ring: Node 9ef08716ebea59059306d10e12acc6d2 (host: np0000175566) handling event "update" for row 34bf8e06-f5b6-4b73-8b80-c09b17177832 (table: Logical_Switch) {{(pid=103225) notify /opt/stack/neutron/neutron/plugins/ml2/drivers/ovn/mech_driver/ovsdb/ovsdb_monitor.py:986}}
May 20 22:14:01.955624 np0000175566 devstack@neutron-api.service[103225]: DEBUG neutron.plugins.ml2.drivers.ovn.mech_driver.ovsdb.ovsdb_monitor [None req-a3c9986d-ac85-48be-b563-7f6c099b4d4c None None] Touching Hash Ring node "9ef08716ebea59059306d10e12acc6d2" from IDL notify handler {{(pid=103225) notify /opt/stack/neutron/neutron/plugins/ml2/drivers/ovn/mech_driver/ovsdb/ovsdb_monitor.py:978}}
May 20 22:14:01.958341 np0000175566 devstack@neutron-api.service[103224]: DEBUG neutron.plugins.ml2.drivers.ovn.mech_driver.ovsdb.ovsdb_monitor [None req-dfc7f12b-91a1-4bcb-9f06-511812effd58 None None] Hash Ring: Node 598fbcd92b3453efa812ac10de3aaa38 (host: np0000175566) handling event "create" for row d7923f8f-3214-440b-a55d-c183f2705572 (table: Port_Binding) {{(pid=103224) notify /opt/stack/neutron/neutron/plugins/ml2/drivers/ovn/mech_driver/ovsdb/ovsdb_monitor.py:986}}
May 20 22:14:01.960181 np0000175566 devstack@neutron-api.service[103225]: DEBUG neutron.plugins.ml2.drivers.ovn.mech_driver.ovsdb.ovsdb_monitor [None req-a3c9986d-ac85-48be-b563-7f6c099b4d4c None None] Hash Ring: Node 9ef08716ebea59059306d10e12acc6d2 (host: np0000175566) handling event "create" for row ffe8ccb3-1682-4f40-b1ba-f7a0bc302dec (table: Logical_Switch_Port) {{(pid=103225) notify /opt/stack/neutron/neutron/plugins/ml2/drivers/ovn/mech_driver/ovsdb/ovsdb_monitor.py:986}}
May 20 22:14:01.961469 np0000175566 devstack@neutron-api.service[103225]: DEBUG ovsdbapp.backend.ovs_idl.event [None req-a3c9986d-ac85-48be-b563-7f6c099b4d4c None None] Matched CREATE: LogicalSwitchPortCreateEvent(events=('create',), table='Logical_Switch_Port', conditions=[], old_conditions=None), priority=20 to row=Logical_Switch_Port(uuid=ffe8ccb3-1682-4f40-b1ba-f7a0bc302dec, addresses=['fa:16:3e:ff:0a:65'], dhcpv4_options=[], dhcpv6_options=[], dynamic_addresses=[], enabled=True, external_ids={'neutron:cidrs': '', 'neutron:device_id': 'ovnmeta-34bf8e06-f5b6-4b73-8b80-c09b17177832', 'neutron:device_owner': 'network:distributed', 'neutron:mtu': '1372', 'neutron:network_name': 'neutron-34bf8e06-f5b6-4b73-8b80-c09b17177832', 'neutron:port_capabilities': '', 'neutron:port_name': '', 'neutron:project_id': 'fc0332f68854487ea07ecff2860f6ecd', 'neutron:revision_number': '1', 'neutron:security_group_ids': '', 'neutron:subnet_pool_addr_scope4': '', 'neutron:subnet_pool_addr_scope6': '', 'neutron:vnic_type': 'normal'}, ha_chassis_group=[], mirror_rules=[], name='2b82f44d-fa95-4396-8c64-779ab9b563bc', options={}, parent_name=[], port_security=[], tag=[], tag_request=[], type='localport', up=[]) old= {{(pid=103225) matches /opt/stack/data/venv/lib/python3.12/site-packages/ovsdbapp/backend/ovs_idl/event.py:55}}
May 20 22:14:01.962593 np0000175566 devstack@neutron-api.service[103225]: INFO neutron.plugins.ml2.drivers.ovn.mech_driver.mech_driver [None req-f277b018-fedd-4ff8-9a84-19e1e66bc586 None None] OVN reports status down for port: 2b82f44d-fa95-4396-8c64-779ab9b563bc
May 20 22:14:01.964297 np0000175566 devstack@neutron-api.service[103225]: DEBUG neutron.plugins.ml2.drivers.ovn.mech_driver.ovsdb.ovsdb_monitor [None req-a3c9986d-ac85-48be-b563-7f6c099b4d4c None None] Touching Hash Ring node "9ef08716ebea59059306d10e12acc6d2" from IDL notify handler {{(pid=103225) notify /opt/stack/neutron/neutron/plugins/ml2/drivers/ovn/mech_driver/ovsdb/ovsdb_monitor.py:978}}
May 20 22:14:01.966929 np0000175566 devstack@neutron-api.service[103225]: DEBUG neutron.plugins.ml2.drivers.ovn.mech_driver.ovsdb.ovsdb_monitor [None req-a3c9986d-ac85-48be-b563-7f6c099b4d4c None None] Hash Ring: Node 9ef08716ebea59059306d10e12acc6d2 (host: np0000175566) handling event "update" for row ffe8ccb3-1682-4f40-b1ba-f7a0bc302dec (table: Logical_Switch_Port) {{(pid=103225) notify /opt/stack/neutron/neutron/plugins/ml2/drivers/ovn/mech_driver/ovsdb/ovsdb_monitor.py:986}}
May 20 22:14:02.030075 np0000175566 devstack@neutron-api.service[103225]: DEBUG neutron.db.provisioning_blocks [None req-f277b018-fedd-4ff8-9a84-19e1e66bc586 None None] Transition to ACTIVE for port object 2b82f44d-fa95-4396-8c64-779ab9b563bc will not be triggered until provisioned by entity L2. {{(pid=103225) add_provisioning_component /opt/stack/neutron/neutron/db/provisioning_blocks.py:74}}
May 20 22:14:02.032841 np0000175566 devstack@neutron-api.service[103225]: INFO neutron.db.ovn_revision_numbers_db [None req-e3f9c7b4-05ea-4bb2-b1a4-07fb17c33aa2 admin admin] Successfully bumped revision number for resource 2b82f44d-fa95-4396-8c64-779ab9b563bc (type: ports) to 1
May 20 22:14:02.044551 np0000175566 devstack@neutron-api.service[103225]: DEBUG neutron.pecan_wsgi.hooks.policy_enforcement [None req-e3f9c7b4-05ea-4bb2-b1a4-07fb17c33aa2 admin admin] Attributes excluded by policy engine: ['standard_attr_id'] {{(pid=103225) _exclude_attributes_by_policy /opt/stack/neutron/neutron/pecan_wsgi/hooks/policy_enforcement.py:256}}
May 20 22:14:02.044807 np0000175566 devstack@neutron-api.service[103225]: DEBUG neutron_lib.callbacks.manager [None req-e3f9c7b4-05ea-4bb2-b1a4-07fb17c33aa2 admin admin] Publish callbacks [] for network (None), before_response {{(pid=103225) _notify_loop /opt/stack/data/venv/lib/python3.12/site-packages/neutron_lib/callbacks/manager.py:184}}
May 20 22:14:02.072328 np0000175566 devstack@neutron-api.service[103225]: [pid: 103225|app: 0|req: 23/93] 199.19.213.145 () {68 vars in 1358 bytes} [Wed May 20 22:14:01 2026] POST /networking/v2.0/networks => generated 683 bytes in 789 msecs (HTTP/1.1 201) 4 headers in 162 bytes (1 switches on core 0)
May 20 22:14:02.072726 np0000175566 devstack@neutron-api.service[103225]: DEBUG neutron.plugins.ml2.plugin [None req-f277b018-fedd-4ff8-9a84-19e1e66bc586 None None] Current status of the port 2b82f44d-fa95-4396-8c64-779ab9b563bc is: DOWN; New status is: DOWN {{(pid=103225) _update_individual_port_db_status /opt/stack/neutron/neutron/plugins/ml2/plugin.py:2466}}
May 20 22:14:02.075145 np0000175566 devstack@neutron-api.service[103225]: DEBUG ovsdbapp.backend.ovs_idl.transaction [None req-a3c9986d-ac85-48be-b563-7f6c099b4d4c None None] Running txn n=1 command(idx=0): DbRemoveCommand(_result=None, table=Logical_Switch_Port, record=2b82f44d-fa95-4396-8c64-779ab9b563bc, column=external_ids, values=('neutron:host_id',), keyvalues={}, if_exists=True) {{(pid=103225) do_commit /opt/stack/data/venv/lib/python3.12/site-packages/ovsdbapp/backend/ovs_idl/transaction.py:89}}
May 20 22:14:02.286006 np0000175566 devstack@neutron-api.service[103224]: INFO neutron.pecan_wsgi.hooks.translation [None req-ddeeb0ea-4ccc-43aa-b011-a0643649cc8c admin admin] GET failed (client error): The resource could not be found.
May 20 22:14:02.287070 np0000175566 devstack@neutron-api.service[103224]: [pid: 103224|app: 0|req: 25/94] 199.19.213.145 () {64 vars in 1334 bytes} [Wed May 20 22:14:02 2026] GET /networking/v2.0/networks/admin_net => generated 111 bytes in 14 msecs (HTTP/1.1 404) 4 headers in 164 bytes (1 switches on core 0)
May 20 22:14:02.327503 np0000175566 devstack@neutron-api.service[103222]: DEBUG neutron.pecan_wsgi.hooks.policy_enforcement [None req-1b6f860f-3e14-4912-bf52-6cff2e8b7c09 admin admin] Attributes excluded by policy engine: ['standard_attr_id'] {{(pid=103222) _exclude_attributes_by_policy /opt/stack/neutron/neutron/pecan_wsgi/hooks/policy_enforcement.py:256}}
May 20 22:14:02.328078 np0000175566 devstack@neutron-api.service[103222]: [pid: 103222|app: 0|req: 24/95] 199.19.213.145 () {64 vars in 1346 bytes} [Wed May 20 22:14:02 2026] GET /networking/v2.0/networks?name=admin_net => generated 667 bytes in 34 msecs (HTTP/1.1 200) 4 headers in 157 bytes (2 switches on core 0)
May 20 22:14:02.548247 np0000175566 devstack@neutron-api.service[103223]: INFO neutron.pecan_wsgi.hooks.translation [None req-2aa57090-328f-441f-93b8-90ef8e05bd3a admin admin] GET failed (client error): The resource could not be found.
May 20 22:14:02.548946 np0000175566 devstack@neutron-api.service[103223]: [pid: 103223|app: 0|req: 24/96] 199.19.213.145 () {64 vars in 1340 bytes} [Wed May 20 22:14:02 2026] GET /networking/v2.0/subnets/admin_subnet => generated 112 bytes in 13 msecs (HTTP/1.1 404) 4 headers in 164 bytes (1 switches on core 0)
May 20 22:14:02.581258 np0000175566 devstack@neutron-api.service[103225]: [pid: 103225|app: 0|req: 24/97] 199.19.213.145 () {64 vars in 1349 bytes} [Wed May 20 22:14:02 2026] GET /networking/v2.0/subnets?name=admin_subnet => generated 14 bytes in 21 msecs (HTTP/1.1 200) 4 headers in 156 bytes (1 switches on core 0)
May 20 22:14:02.851125 np0000175566 devstack@neutron-api.service[103224]: DEBUG neutron.pecan_wsgi.hooks.policy_enforcement [None req-797bc379-ecfe-4b4a-9dc9-539e7fc28eea admin admin] Attributes excluded by policy engine: ['standard_attr_id'] {{(pid=103224) _exclude_attributes_by_policy /opt/stack/neutron/neutron/pecan_wsgi/hooks/policy_enforcement.py:256}}
May 20 22:14:02.851881 np0000175566 devstack@neutron-api.service[103224]: [pid: 103224|app: 0|req: 26/98] 199.19.213.145 () {64 vars in 1415 bytes} [Wed May 20 22:14:02 2026] GET /networking/v2.0/networks/34bf8e06-f5b6-4b73-8b80-c09b17177832 => generated 664 bytes in 28 msecs (HTTP/1.1 200) 4 headers in 157 bytes (1 switches on core 0)
May 20 22:14:02.867606 np0000175566 devstack@neutron-api.service[103222]: DEBUG neutron.api.v2.base [None req-0e478068-b8fe-4e68-9ae8-397a8bd9486e admin admin] Request body: {'subnet': {'network_id': '34bf8e06-f5b6-4b73-8b80-c09b17177832', 'ip_version': 4, 'gateway_ip': None, 'cidr': '10.2.5.0/24', 'name': 'admin_subnet', 'project_id': 'fc0332f68854487ea07ecff2860f6ecd'}} {{(pid=103222) prepare_request_body /opt/stack/neutron/neutron/api/v2/base.py:727}}
May 20 22:14:02.883021 np0000175566 devstack@neutron-api.service[103222]: DEBUG neutron.pecan_wsgi.hooks.quota_enforcement [None req-0e478068-b8fe-4e68-9ae8-397a8bd9486e admin admin] Made reservation on behalf of fc0332f68854487ea07ecff2860f6ecd for: {'subnet': 1} {{(pid=103222) before /opt/stack/neutron/neutron/pecan_wsgi/hooks/quota_enforcement.py:66}}
May 20 22:14:02.888027 np0000175566 devstack@neutron-api.service[103222]: DEBUG neutron_lib.callbacks.manager [None req-0e478068-b8fe-4e68-9ae8-397a8bd9486e admin admin] Publish callbacks [] for subnet (None), before_create {{(pid=103222) _notify_loop /opt/stack/data/venv/lib/python3.12/site-packages/neutron_lib/callbacks/manager.py:184}}
May 20 22:14:02.949874 np0000175566 devstack@neutron-api.service[103222]: DEBUG neutron.db.ovn_revision_numbers_db [None req-0e478068-b8fe-4e68-9ae8-397a8bd9486e admin admin] create_initial_revision uuid=2e7aede0-6ade-43a5-a97a-37d1079e88d2, type=subnets, rev=-1 {{(pid=103222) create_initial_revision /opt/stack/neutron/neutron/db/ovn_revision_numbers_db.py:98}}
May 20 22:14:02.956162 np0000175566 devstack@neutron-api.service[103222]: DEBUG neutron_lib.callbacks.manager [None req-0e478068-b8fe-4e68-9ae8-397a8bd9486e admin admin] Publish callbacks ['neutron.plugins.ml2.ovo_rpc._ObjectChangeHandler.handle_event-1981160'] for subnet (2e7aede0-6ade-43a5-a97a-37d1079e88d2), after_create {{(pid=103222) _notify_loop /opt/stack/data/venv/lib/python3.12/site-packages/neutron_lib/callbacks/manager.py:184}}
May 20 22:14:02.970583 np0000175566 devstack@neutron-api.service[103222]: DEBUG neutron.api.rpc.handlers.resources_rpc [None req-0e478068-b8fe-4e68-9ae8-397a8bd9486e admin admin] Pushing event updated for resources: {'Subnet': ['ID=2e7aede0-6ade-43a5-a97a-37d1079e88d2,revision_number=0']} {{(pid=103222) push /opt/stack/neutron/neutron/api/rpc/handlers/resources_rpc.py:237}}
May 20 22:14:03.019824 np0000175566 devstack@neutron-api.service[103222]: DEBUG neutron_lib.callbacks.manager [None req-0e478068-b8fe-4e68-9ae8-397a8bd9486e admin admin] Publish callbacks ['neutron.plugins.ml2.plugin.SecurityGroupDbMixin._ensure_default_security_group_handler-6662891', 'neutron.services.ovn_l3.plugin.OVNL3RouterPlugin._port_update-7738208404170', 'neutron.db.l3_db.L3_NAT_dbonly_mixin._prevent_internal_ip_change_for_fip-7738209535040'] for port (2b82f44d-fa95-4396-8c64-779ab9b563bc), before_update {{(pid=103222) _notify_loop /opt/stack/data/venv/lib/python3.12/site-packages/neutron_lib/callbacks/manager.py:184}}
May 20 22:14:03.059344 np0000175566 devstack@neutron-api.service[103224]: DEBUG futurist.periodics [-] Submitting periodic callback 'neutron.plugins.ml2.drivers.ovn.mech_driver.ovsdb.maintenance.HashRingHealthCheckPeriodics.touch_hash_ring_node' {{(pid=103224) _process_scheduled /opt/stack/data/venv/lib/python3.12/site-packages/futurist/periodics.py:784}}
May 20 22:14:03.060259 np0000175566 devstack@neutron-api.service[103224]: DEBUG neutron.plugins.ml2.drivers.ovn.mech_driver.ovsdb.maintenance [-] Touching Hash Ring node "598fbcd92b3453efa812ac10de3aaa38" from periodic health check thread {{(pid=103224) touch_hash_ring_node /opt/stack/neutron/neutron/plugins/ml2/drivers/ovn/mech_driver/ovsdb/maintenance.py:1466}}
May 20 22:14:03.104528 np0000175566 devstack@neutron-api.service[103222]: DEBUG neutron.db.db_base_plugin_common [None req-0e478068-b8fe-4e68-9ae8-397a8bd9486e admin admin] Allocated IP 10.2.5.1 (34bf8e06-f5b6-4b73-8b80-c09b17177832/2e7aede0-6ade-43a5-a97a-37d1079e88d2/2b82f44d-fa95-4396-8c64-779ab9b563bc) {{(pid=103222) _store_ip_allocation /opt/stack/neutron/neutron/db/db_base_plugin_common.py:131}}
May 20 22:14:03.160721 np0000175566 devstack@neutron-api.service[103222]: DEBUG neutron_lib.callbacks.manager [None req-0e478068-b8fe-4e68-9ae8-397a8bd9486e admin admin] Publish callbacks [] for port (2b82f44d-fa95-4396-8c64-779ab9b563bc), precommit_update {{(pid=103222) _notify_loop /opt/stack/data/venv/lib/python3.12/site-packages/neutron_lib/callbacks/manager.py:184}}
May 20 22:14:03.160996 np0000175566 devstack@neutron-api.service[103222]: DEBUG neutron.plugins.ml2.drivers.ovn.mech_driver.mech_driver [None req-0e478068-b8fe-4e68-9ae8-397a8bd9486e admin admin] No provisioning block for port 2b82f44d-fa95-4396-8c64-779ab9b563bc since it does not have a host {{(pid=103222) _is_port_provisioning_required /opt/stack/neutron/neutron/plugins/ml2/drivers/ovn/mech_driver/mech_driver.py:894}}
May 20 22:14:03.172767 np0000175566 devstack@neutron-api.service[103222]: DEBUG neutron_lib.callbacks.manager [None req-0e478068-b8fe-4e68-9ae8-397a8bd9486e admin admin] Publish callbacks ['neutron.plugins.ml2.ovo_rpc._ObjectChangeHandler.handle_event-1981163', 'neutron.services.ovn_l3.plugin.OVNL3RouterPlugin._port_update-7738208404170'] for port (2b82f44d-fa95-4396-8c64-779ab9b563bc), after_update {{(pid=103222) _notify_loop /opt/stack/data/venv/lib/python3.12/site-packages/neutron_lib/callbacks/manager.py:184}}
May 20 22:14:03.210239 np0000175566 devstack@neutron-api.service[103222]: DEBUG neutron.api.rpc.handlers.resources_rpc [None req-0e478068-b8fe-4e68-9ae8-397a8bd9486e admin admin] Pushing event updated for resources: {'Port': ['ID=2b82f44d-fa95-4396-8c64-779ab9b563bc,revision_number=2']} {{(pid=103222) push /opt/stack/neutron/neutron/api/rpc/handlers/resources_rpc.py:237}}
May 20 22:14:03.307762 np0000175566 devstack@neutron-api.service[103222]: DEBUG ovsdbapp.backend.ovs_idl.transaction [None req-c59b9aa3-7651-4919-9663-eca6bc48a68b None None] Running txn n=1 command(idx=0): CheckRevisionNumberCommand(_result=None, name=2b82f44d-fa95-4396-8c64-779ab9b563bc, resource={'id': '2b82f44d-fa95-4396-8c64-779ab9b563bc', 'name': '', 'network_id': '34bf8e06-f5b6-4b73-8b80-c09b17177832', 'project_id': 'fc0332f68854487ea07ecff2860f6ecd', 'mac_address': 'fa:16:3e:ff:0a:65', 'admin_state_up': True, 'status': 'DOWN', 'device_id': 'ovnmeta-34bf8e06-f5b6-4b73-8b80-c09b17177832', 'device_owner': 'network:distributed', 'standard_attr_id': 44, 'fixed_ips': [{'subnet_id': '2e7aede0-6ade-43a5-a97a-37d1079e88d2', 'ip_address': '10.2.5.1'}], 'allowed_address_pairs': [], 'extra_dhcp_opts': [], 'security_groups': [], 'description': '', 'binding:vnic_type': 'normal', 'binding:profile': {}, 'binding:host_id': '', 'binding:vif_type': 'unbound', 'binding:vif_details': {}, 'port_security_enabled': False, 'tags': [], 'created_at': '2026-05-20T22:14:01Z', 'updated_at': '2026-05-20T22:14:03Z', 'revision_number': 2, 'tenant_id': 'fc0332f68854487ea07ecff2860f6ecd', 'network': {'id': '34bf8e06-f5b6-4b73-8b80-c09b17177832', 'name': 'admin_net', 'tenant_id': 'fc0332f68854487ea07ecff2860f6ecd', 'project_id': 'fc0332f68854487ea07ecff2860f6ecd', 'admin_state_up': True, 'mtu': 1372, 'status': 'ACTIVE', 'subnets': ['2e7aede0-6ade-43a5-a97a-37d1079e88d2'], 'standard_attr_id': 42, 'shared': False, 'availability_zone_hints': [], 'availability_zones': [], 'ipv4_address_scope': None, 'ipv6_address_scope': None, 'router:external': False, 'qinq': False, 'vlan_transparent': False, 'description': '', 'port_security_enabled': True, 'tags': [], 'created_at': '2026-05-20T22:14:01Z', 'updated_at': '2026-05-20T22:14:02Z', 'revision_number': 2, 'provider:network_type': 'geneve', 'provider:physical_network': None, 'provider:segmentation_id': 61890}}, resource_type=ports, if_exists=True) {{(pid=103222) do_commit /opt/stack/data/venv/lib/python3.12/site-packages/ovsdbapp/backend/ovs_idl/transaction.py:89}}
May 20 22:14:03.308155 np0000175566 devstack@neutron-api.service[103222]: DEBUG ovsdbapp.backend.ovs_idl.transaction [None req-c59b9aa3-7651-4919-9663-eca6bc48a68b None None] Running txn n=1 command(idx=1): AddDHCPOptionsCommand(_result=None, columns={'cidr': '10.2.5.0/24', 'options': {'server_id': '10.2.5.1', 'lease_time': '43200', 'mtu': '1372', 'server_mac': 'fa:16:3e:31:c6:c1', 'dns_server': '{127.0.0.53}', 'classless_static_route': '{169.254.169.254/32,10.2.5.1}'}, 'external_ids': {'subnet_id': '2e7aede0-6ade-43a5-a97a-37d1079e88d2', 'neutron:network_id': '34bf8e06-f5b6-4b73-8b80-c09b17177832', 'neutron:revision_number': '0'}}, may_exist=True, subnet_id=2e7aede0-6ade-43a5-a97a-37d1079e88d2, port_id=None, new_insert=False) {{(pid=103222) do_commit /opt/stack/data/venv/lib/python3.12/site-packages/ovsdbapp/backend/ovs_idl/transaction.py:89}}
May 20 22:14:03.308535 np0000175566 devstack@neutron-api.service[103222]: DEBUG ovsdbapp.backend.ovs_idl.transaction [None req-c59b9aa3-7651-4919-9663-eca6bc48a68b None None] Running txn n=1 command(idx=2): SetLSwitchPortCommand(_result=None, lport=2b82f44d-fa95-4396-8c64-779ab9b563bc, external_ids_update=None, columns={'external_ids': {'neutron:port_name': '', 'neutron:device_id': 'ovnmeta-34bf8e06-f5b6-4b73-8b80-c09b17177832', 'neutron:project_id': 'fc0332f68854487ea07ecff2860f6ecd', 'neutron:cidrs': '10.2.5.1/24', 'neutron:device_owner': 'network:distributed', 'neutron:subnet_pool_addr_scope4': '', 'neutron:subnet_pool_addr_scope6': '', 'neutron:network_name': 'neutron-34bf8e06-f5b6-4b73-8b80-c09b17177832', 'neutron:security_group_ids': '', 'neutron:revision_number': '2', 'neutron:vnic_type': 'normal', 'neutron:port_capabilities': '', 'neutron:mtu': '1372'}, 'parent_name': [], 'tag': [], 'options': {}, 'enabled': True, 'port_security': [], 'dhcpv4_options': [], 'dhcpv6_options': [], 'type': 'localport', 'addresses': ['fa:16:3e:ff:0a:65 10.2.5.1'], 'ha_chassis_group': []}, if_exists=False) {{(pid=103222) do_commit /opt/stack/data/venv/lib/python3.12/site-packages/ovsdbapp/backend/ovs_idl/transaction.py:89}}
May 20 22:14:03.309409 np0000175566 devstack@neutron-api.service[103222]: DEBUG ovsdbapp.backend.ovs_idl.transaction [None req-c59b9aa3-7651-4919-9663-eca6bc48a68b None None] Running txn n=1 command(idx=3): PgDelPortCommand(_result=None, port_group=neutron_pg_drop, lsp=['2b82f44d-fa95-4396-8c64-779ab9b563bc'], if_exists=False) {{(pid=103222) do_commit /opt/stack/data/venv/lib/python3.12/site-packages/ovsdbapp/backend/ovs_idl/transaction.py:89}}
