2026-03-06 01:47:02.831 7 INFO neutron.notifiers.nova [-] Nova event matching ['req-c60fe91f-d070-456d-a689-99a3d81d1a28'] response: {'server_uuid': '42259790-7e0a-41ab-8370-2a0a6412c6a6', 'name': 'network-vif-unplugged', 'status': 'completed', 'tag': '5c439742-f017-441c-83dc-b5dba43e46ec', 'code': 200}
2026-03-06 01:47:02.833 7 INFO neutron.notifiers.nova [-] Nova event matching ['req-c60fe91f-d070-456d-a689-99a3d81d1a28'] response: {'server_uuid': '42259790-7e0a-41ab-8370-2a0a6412c6a6', 'name': 'network-vif-unplugged', 'status': 'completed', 'tag': '5c439742-f017-441c-83dc-b5dba43e46ec', 'code': 200} [pid: 7|app: 0|req: 589/1238] 10.0.0.244 () {32 vars in 740 bytes} [Fri Mar 6 01:47:02 2026] DELETE /v2.0/security-groups/5ac891f3-d583-48d0-a5c6-a2ec04af811f => generated 0 bytes in 338 msecs (HTTP/1.1 204) 2 headers in 112 bytes (1 switches on core 0)
2026-03-06 01:47:03.403 8 INFO neutron.db.ovn_revision_numbers_db [None req-8c60fbea-c19f-4a75-8667-1e683e75eca8 1228cd1a2c684b4ba7cd1106bfcac004 bf937c29d8ca4cb48e544156b7abb0c2 - - default default] Successfully bumped revision number for resource 0ead384f-eb9e-4624-a475-74fe955ec14e (type: security_groups) to 1
2026-03-06 01:47:03.415 8 INFO neutron.db.ovn_revision_numbers_db [None req-8c60fbea-c19f-4a75-8667-1e683e75eca8 1228cd1a2c684b4ba7cd1106bfcac004 bf937c29d8ca4cb48e544156b7abb0c2 - - default default] Successfully bumped revision number for resource 1521994b-bba4-4f5c-b9a9-ee69bb3f8df3 (type: security_group_rules) to 0
2026-03-06 01:47:03.426 8 INFO neutron.db.ovn_revision_numbers_db [None req-8c60fbea-c19f-4a75-8667-1e683e75eca8 1228cd1a2c684b4ba7cd1106bfcac004 bf937c29d8ca4cb48e544156b7abb0c2 - - default default] Successfully bumped revision number for resource 3eff6497-2ee3-4981-a935-7e0d4d22f5e4 (type: security_group_rules) to 0
2026-03-06 01:47:03.436 8 INFO neutron.db.ovn_revision_numbers_db [None req-8c60fbea-c19f-4a75-8667-1e683e75eca8 1228cd1a2c684b4ba7cd1106bfcac004 bf937c29d8ca4cb48e544156b7abb0c2 - - default default] Successfully bumped revision number for resource 846d10ea-02bb-4202-aef1-32dced887641 (type: security_group_rules) to 0 [pid: 7|app: 0|req: 590/1239] 199.204.45.116 () {34 vars in 994 bytes} [Fri Mar 6 01:47:03 2026] GET /v2.0/ports?device_id=42259790-7e0a-41ab-8370-2a0a6412c6a6 => generated 973 bytes in 73 msecs (HTTP/1.1 200) 4 headers in 157 bytes (1 switches on core 0)
2026-03-06 01:47:03.447 8 INFO neutron.db.ovn_revision_numbers_db [None req-8c60fbea-c19f-4a75-8667-1e683e75eca8 1228cd1a2c684b4ba7cd1106bfcac004 bf937c29d8ca4cb48e544156b7abb0c2 - - default default] Successfully bumped revision number for resource c3b242d8-c804-4ae6-abe2-110a9dc920c0 (type: security_group_rules) to 0 [pid: 8|app: 0|req: 650/1240] 10.0.0.244 () {32 vars in 774 bytes} [Fri Mar 6 01:47:03 2026] GET /v2.0/security-groups?tenant_id=c590325afeb0404e9e7c1242a643c198&name=default => generated 2925 bytes in 293 msecs (HTTP/1.1 200) 4 headers in 158 bytes (1 switches on core 0)
2026-03-06 01:47:03.728 7 INFO neutron.db.ovn_revision_numbers_db [None req-8dddab94-dea9-459b-ac6d-b0033a093e1b 1228cd1a2c684b4ba7cd1106bfcac004 bf937c29d8ca4cb48e544156b7abb0c2 - - default default] Successfully bumped revision number for resource a4cad740-44e9-445a-99b0-2ad00b941ac2 (type: security_groups) to 1
2026-03-06 01:47:03.743 7 INFO neutron.db.ovn_revision_numbers_db [None req-8dddab94-dea9-459b-ac6d-b0033a093e1b 1228cd1a2c684b4ba7cd1106bfcac004 bf937c29d8ca4cb48e544156b7abb0c2 - - default default] Successfully bumped revision number for resource 1302fdf3-0c20-4787-becf-5722ab94db42 (type: security_group_rules) to 0
2026-03-06 01:47:03.747 8 INFO neutron_taas.services.taas.taas_plugin [req-c7b169fe-58b0-403a-bf76-d0141e07b3ab req-3f879f4b-1cd7-4964-aaeb-0870292fe47e ab90a0d24218468b9ba5f71c09531624 eb59406cf6134d9eaf21d5b3ab634c74 - - default default] TaaS: Handle Delete Port: 5c439742-f017-441c-83dc-b5dba43e46ec
2026-03-06 01:47:03.751 8 INFO neutron_taas.services.taas.tap_mirror_plugin [req-c7b169fe-58b0-403a-bf76-d0141e07b3ab req-3f879f4b-1cd7-4964-aaeb-0870292fe47e ab90a0d24218468b9ba5f71c09531624 eb59406cf6134d9eaf21d5b3ab634c74 - - default default] Tap Mirror: Handle Delete Port: 5c439742-f017-441c-83dc-b5dba43e46ec
2026-03-06 01:47:03.757 7 INFO neutron.db.ovn_revision_numbers_db [None req-8dddab94-dea9-459b-ac6d-b0033a093e1b 1228cd1a2c684b4ba7cd1106bfcac004 bf937c29d8ca4cb48e544156b7abb0c2 - - default default] Successfully bumped revision number for resource 43582502-0cee-45e1-beb8-2c7d41f447f0 (type: security_group_rules) to 0
2026-03-06 01:47:03.771 7 INFO neutron.db.ovn_revision_numbers_db [None req-8dddab94-dea9-459b-ac6d-b0033a093e1b 1228cd1a2c684b4ba7cd1106bfcac004 bf937c29d8ca4cb48e544156b7abb0c2 - - default default] Successfully bumped revision number for resource 57f68542-522e-4651-8eaa-936978fba666 (type: security_group_rules) to 0
2026-03-06 01:47:03.784 7 INFO neutron.db.ovn_revision_numbers_db [None req-8dddab94-dea9-459b-ac6d-b0033a093e1b 1228cd1a2c684b4ba7cd1106bfcac004 bf937c29d8ca4cb48e544156b7abb0c2 - - default default] Successfully bumped revision number for resource 5ecf4f39-85e9-4b4e-83eb-0f256cb22274 (type: security_group_rules) to 0 [pid: 7|app: 0|req: 591/1241] 10.0.0.244 () {32 vars in 774 bytes} [Fri Mar 6 01:47:03 2026] GET /v2.0/security-groups?tenant_id=844c7b125f144136a4de76509b342e29&name=default => generated 2925 bytes in 379 msecs (HTTP/1.1 200) 4 headers in 158 bytes (1 switches on core 0) [pid: 7|app: 0|req: 592/1242] 10.0.0.112 () {34 vars in 990 bytes} [Fri Mar 6 01:47:03 2026] GET /v2.0/ports?device_id=42259790-7e0a-41ab-8370-2a0a6412c6a6 => generated 973 bytes in 31 msecs (HTTP/1.1 200) 4 headers in 157 bytes (1 switches on core 0)
2026-03-06 01:47:03.952 8 INFO neutron.db.l3_db [req-c7b169fe-58b0-403a-bf76-d0141e07b3ab req-3f879f4b-1cd7-4964-aaeb-0870292fe47e ab90a0d24218468b9ba5f71c09531624 eb59406cf6134d9eaf21d5b3ab634c74 - - default default] Floating IP 8c25d17b-2e9b-4bb4-a420-7761d95e1a18 disassociated. External IP: 10.96.250.212, port: 5c439742-f017-441c-83dc-b5dba43e46ec. [pid: 8|app: 0|req: 651/1245] 199.204.45.116 () {36 vars in 997 bytes} [Fri Mar 6 01:47:03 2026] DELETE /v2.0/ports/5c439742-f017-441c-83dc-b5dba43e46ec => generated 0 bytes in 639 msecs (HTTP/1.1 204) 3 headers in 131 bytes (1 switches on core 0)
2026-03-06 01:47:04.190 8 INFO neutron.notifiers.nova [-] Nova event matching ['req-60b8f22f-99ce-45f3-8101-13f6a4ea4515'] response: {'server_uuid': '42259790-7e0a-41ab-8370-2a0a6412c6a6', 'name': 'network-vif-deleted', 'tag': '5c439742-f017-441c-83dc-b5dba43e46ec', 'status': 'completed', 'code': 200} [pid: 7|app: 0|req: 595/1246] 10.0.0.244 () {32 vars in 740 bytes} [Fri Mar 6 01:47:03 2026] DELETE /v2.0/security-groups/0ead384f-eb9e-4624-a475-74fe955ec14e => generated 0 bytes in 468 msecs (HTTP/1.1 204) 2 headers in 112 bytes (1 switches on core 0) /var/lib/openstack/lib/python3.12/site-packages/pycadf/identifier.py:70: UserWarning: Invalid uuid: neutron. To ensure interoperability, identifiers should be a valid uuid. warnings.warn(('Invalid uuid: %s. To ensure interoperability, ' [pid: 7|app: 0|req: 596/1247] 10.0.0.112 () {34 vars in 1040 bytes} [Fri Mar 6 01:47:04 2026] GET /v2.0/security-groups?id=843c1d05-26b4-4754-bcc0-9fa7839b396e&fields=id&fields=name => generated 113 bytes in 50 msecs (HTTP/1.1 200) 4 headers in 157 bytes (1 switches on core 0) [pid: 8|app: 0|req: 652/1248] 10.0.0.244 () {32 vars in 740 bytes} [Fri Mar 6 01:47:04 2026] DELETE /v2.0/security-groups/a4cad740-44e9-445a-99b0-2ad00b941ac2 => generated 0 bytes in 356 msecs (HTTP/1.1 204) 2 headers in 112 bytes (1 switches on core 0) [pid: 7|app: 0|req: 597/1249] 10.0.0.112 () {34 vars in 990 bytes} [Fri Mar 6 01:47:05 2026] GET /v2.0/ports?device_id=42259790-7e0a-41ab-8370-2a0a6412c6a6 => generated 12 bytes in 23 msecs (HTTP/1.1 200) 4 headers in 156 bytes (1 switches on core 0) [pid: 8|app: 0|req: 653/1250] 10.0.0.112 () {34 vars in 990 bytes} [Fri Mar 6 01:47:06 2026] GET /v2.0/ports?device_id=42259790-7e0a-41ab-8370-2a0a6412c6a6 => generated 12 bytes in 25 msecs (HTTP/1.1 200) 4 headers in 156 bytes (1 switches on core 0) [pid: 7|app: 0|req: 598/1251] 10.0.0.244 () {32 vars in 740 bytes} [Fri Mar 6 01:47:07 2026] DELETE /v2.0/security-groups/843c1d05-26b4-4754-bcc0-9fa7839b396e => generated 0 bytes in 182 msecs (HTTP/1.1 204) 2 headers in 112 bytes (1 switches on core 0)
2026-03-06 01:47:07.841 8 INFO neutron.api.v2.resource [None req-41b35b9f-fd0a-4654-8756-2fca20ac0afd ab90a0d24218468b9ba5f71c09531624 eb59406cf6134d9eaf21d5b3ab634c74 - - default default] show failed (client error): The resource could not be found. [pid: 8|app: 0|req: 654/1252] 10.0.0.244 () {32 vars in 737 bytes} [Fri Mar 6 01:47:07 2026] GET /v2.0/security-groups/843c1d05-26b4-4754-bcc0-9fa7839b396e => generated 146 bytes in 14 msecs (HTTP/1.1 404) 4 headers in 164 bytes (1 switches on core 0)
2026-03-06 01:47:07.986 7 INFO neutron_taas.services.taas.taas_plugin [None req-0fb78782-51a9-408f-9e83-4913534568ef ab90a0d24218468b9ba5f71c09531624 eb59406cf6134d9eaf21d5b3ab634c74 - - default default] TaaS: Handle Delete Port: a51566bb-787b-4007-b8ec-d13a3543d4e5
2026-03-06 01:47:07.990 7 INFO neutron_taas.services.taas.tap_mirror_plugin [None req-0fb78782-51a9-408f-9e83-4913534568ef ab90a0d24218468b9ba5f71c09531624 eb59406cf6134d9eaf21d5b3ab634c74 - - default default] Tap Mirror: Handle Delete Port: a51566bb-787b-4007-b8ec-d13a3543d4e5 [pid: 7|app: 0|req: 599/1253] 10.0.0.244 () {32 vars in 732 bytes} [Fri Mar 6 01:47:07 2026] DELETE /v2.0/floatingips/8c25d17b-2e9b-4bb4-a420-7761d95e1a18 => generated 0 bytes in 274 msecs (HTTP/1.1 204) 2 headers in 112 bytes (1 switches on core 0)
2026-03-06 01:47:08.215 8 INFO neutron.db.ovn_revision_numbers_db [None req-e541b21a-78ac-45bc-b842-637ef3d000c3 1228cd1a2c684b4ba7cd1106bfcac004 bf937c29d8ca4cb48e544156b7abb0c2 - - default default] Successfully bumped revision number for resource 1c014b69-ff5d-461a-8b68-be2680ea9865 (type: security_groups) to 1
2026-03-06 01:47:08.231 8 INFO neutron.db.ovn_revision_numbers_db [None req-e541b21a-78ac-45bc-b842-637ef3d000c3 1228cd1a2c684b4ba7cd1106bfcac004 bf937c29d8ca4cb48e544156b7abb0c2 - - default default] Successfully bumped revision number for resource 0bee71f2-70ff-4bad-8977-22eca237997a (type: security_group_rules) to 0
2026-03-06 01:47:08.245 8 INFO neutron.db.ovn_revision_numbers_db [None req-e541b21a-78ac-45bc-b842-637ef3d000c3 1228cd1a2c684b4ba7cd1106bfcac004 bf937c29d8ca4cb48e544156b7abb0c2 - - default default] Successfully bumped revision number for resource 5c0430e9-8d9e-475c-a0a2-253e882e6d4e (type: security_group_rules) to 0
2026-03-06 01:47:08.263 8 INFO neutron.db.ovn_revision_numbers_db [None req-e541b21a-78ac-45bc-b842-637ef3d000c3 1228cd1a2c684b4ba7cd1106bfcac004 bf937c29d8ca4cb48e544156b7abb0c2 - - default default] Successfully bumped revision number for resource c7557304-c72c-4330-9beb-be8b9bffbdb6 (type: security_group_rules) to 0
2026-03-06 01:47:08.280 8 INFO neutron.db.ovn_revision_numbers_db [None req-e541b21a-78ac-45bc-b842-637ef3d000c3 1228cd1a2c684b4ba7cd1106bfcac004 bf937c29d8ca4cb48e544156b7abb0c2 - - default default] Successfully bumped revision number for resource dbdddbbe-09f3-44fe-8596-4fa199387de6 (type: security_group_rules) to 0 [pid: 8|app: 0|req: 655/1254] 10.0.0.244 () {32 vars in 774 bytes} [Fri Mar 6 01:47:07 2026] GET /v2.0/security-groups?tenant_id=e87807a9633b4056a9ea40de38cf8c4e&name=default => generated 2925 bytes in 438 msecs (HTTP/1.1 200) 4 headers in 158 bytes (1 switches on core 0)
2026-03-06 01:47:08.391 7 INFO neutron.db.ovn_revision_numbers_db [None req-292658f5-1a7f-41b9-b1b2-24ae5177a653 1228cd1a2c684b4ba7cd1106bfcac004 bf937c29d8ca4cb48e544156b7abb0c2 - - default default] Successfully bumped revision number for resource 84019fc6-fdfd-41d5-abfc-4e7be1f1d5a1 (type: security_groups) to 1
2026-03-06 01:47:08.402 7 INFO neutron.db.ovn_revision_numbers_db [None req-292658f5-1a7f-41b9-b1b2-24ae5177a653 1228cd1a2c684b4ba7cd1106bfcac004 bf937c29d8ca4cb48e544156b7abb0c2 - - default default] Successfully bumped revision number for resource 3f5ff18a-5158-4519-a97b-47647adbde74 (type: security_group_rules) to 0
2026-03-06 01:47:08.416 7 INFO neutron.db.ovn_revision_numbers_db [None req-292658f5-1a7f-41b9-b1b2-24ae5177a653 1228cd1a2c684b4ba7cd1106bfcac004 bf937c29d8ca4cb48e544156b7abb0c2 - - default default] Successfully bumped revision number for resource 65e3c1ef-0fe4-4060-b248-00764f28b60f (type: security_group_rules) to 0
2026-03-06 01:47:08.428 7 INFO neutron.db.ovn_revision_numbers_db [None req-292658f5-1a7f-41b9-b1b2-24ae5177a653 1228cd1a2c684b4ba7cd1106bfcac004 bf937c29d8ca4cb48e544156b7abb0c2 - - default default] Successfully bumped revision number for resource a44cc67b-a4f4-4dfe-b21a-e191d0368eb8 (type: security_group_rules) to 0
2026-03-06 01:47:08.439 7 INFO neutron.db.ovn_revision_numbers_db [None req-292658f5-1a7f-41b9-b1b2-24ae5177a653 1228cd1a2c684b4ba7cd1106bfcac004 bf937c29d8ca4cb48e544156b7abb0c2 - - default default] Successfully bumped revision number for resource d4214fc9-f3d2-41d5-a583-684c5ceb5e5e (type: security_group_rules) to 0 [pid: 7|app: 0|req: 600/1255] 10.0.0.244 () {32 vars in 774 bytes} [Fri Mar 6 01:47:08 2026] GET /v2.0/security-groups?tenant_id=c1edfb9da62440cf9e11a84ce9a1286d&name=default => generated 2925 bytes in 353 msecs (HTTP/1.1 200) 4 headers in 158 bytes (1 switches on core 0)
2026-03-06 01:47:08.688 8 INFO neutron_taas.services.taas.taas_plugin [None req-01194385-0740-4f79-a77c-bcd75f57a279 1228cd1a2c684b4ba7cd1106bfcac004 bf937c29d8ca4cb48e544156b7abb0c2 - - default default] TaaS: Handle Delete Port: d912f69d-c44c-4b7b-9cbe-9f37e46d4390
2026-03-06 01:47:08.692 8 INFO neutron_taas.services.taas.tap_mirror_plugin [None req-01194385-0740-4f79-a77c-bcd75f57a279 1228cd1a2c684b4ba7cd1106bfcac004 bf937c29d8ca4cb48e544156b7abb0c2 - - default default] Tap Mirror: Handle Delete Port: d912f69d-c44c-4b7b-9cbe-9f37e46d4390 [pid: 7|app: 0|req: 601/1256] 10.0.0.244 () {32 vars in 740 bytes} [Fri Mar 6 01:47:08 2026] DELETE /v2.0/security-groups/1c014b69-ff5d-461a-8b68-be2680ea9865 => generated 0 bytes in 264 msecs (HTTP/1.1 204) 2 headers in 112 bytes (1 switches on core 0) [pid: 7|app: 0|req: 602/1257] 10.0.0.244 () {32 vars in 740 bytes} [Fri Mar 6 01:47:08 2026] DELETE /v2.0/security-groups/84019fc6-fdfd-41d5-abfc-4e7be1f1d5a1 => generated 0 bytes in 297 msecs (HTTP/1.1 204) 2 headers in 112 bytes (1 switches on core 0)
2026-03-06 01:47:09.372 7 INFO neutron.db.ovn_revision_numbers_db [None req-5334191c-18fe-42f5-bf6d-99fe54a3acbf 1228cd1a2c684b4ba7cd1106bfcac004 bf937c29d8ca4cb48e544156b7abb0c2 - - default default] Successfully bumped revision number for resource 96911cf2-f47a-4364-a8ff-d2d320615c94 (type: security_groups) to 1
2026-03-06 01:47:09.382 7 INFO neutron.db.ovn_revision_numbers_db [None req-5334191c-18fe-42f5-bf6d-99fe54a3acbf 1228cd1a2c684b4ba7cd1106bfcac004 bf937c29d8ca4cb48e544156b7abb0c2 - - default default] Successfully bumped revision number for resource 6322aacc-74e5-4a2f-8ce5-7b20ab0e41d7 (type: security_group_rules) to 0
2026-03-06 01:47:09.395 7 INFO neutron.db.ovn_revision_numbers_db [None req-5334191c-18fe-42f5-bf6d-99fe54a3acbf 1228cd1a2c684b4ba7cd1106bfcac004 bf937c29d8ca4cb48e544156b7abb0c2 - - default default] Successfully bumped revision number for resource 73ee029e-b2ee-4c91-b822-a8a351e45797 (type: security_group_rules) to 0
2026-03-06 01:47:09.411 7 INFO neutron.db.ovn_revision_numbers_db [None req-5334191c-18fe-42f5-bf6d-99fe54a3acbf 1228cd1a2c684b4ba7cd1106bfcac004 bf937c29d8ca4cb48e544156b7abb0c2 - - default default] Successfully bumped revision number for resource 77a91f61-d90d-4d65-8787-30d64423a141 (type: security_group_rules) to 0
2026-03-06 01:47:09.429 7 INFO neutron.db.ovn_revision_numbers_db [None req-5334191c-18fe-42f5-bf6d-99fe54a3acbf 1228cd1a2c684b4ba7cd1106bfcac004 bf937c29d8ca4cb48e544156b7abb0c2 - - default default] Successfully bumped revision number for resource dd842996-eea2-449f-8f3c-c9d8a1c6b704 (type: security_group_rules) to 0 [pid: 7|app: 0|req: 603/1258] 10.0.0.244 () {32 vars in 774 bytes} [Fri Mar 6 01:47:09 2026] GET /v2.0/security-groups?tenant_id=c2deed9cf8af4dd98b3e9fac610931b0&name=default => generated 2925 bytes in 273 msecs (HTTP/1.1 200) 4 headers in 158 bytes (1 switches on core 0) [pid: 8|app: 0|req: 656/1259] 10.0.0.244 () {34 vars in 789 bytes} [Fri Mar 6 01:47:08 2026] PUT /v2.0/routers/929acaaf-0eec-456e-bf96-16d3ac35246c/remove_router_interface => generated 309 bytes in 1198 msecs (HTTP/1.1 200) 4 headers in 157 bytes (1 switches on core 0) /var/lib/openstack/lib/python3.12/site-packages/pycadf/identifier.py:70: UserWarning: Invalid uuid: neutron. To ensure interoperability, identifiers should be a valid uuid. warnings.warn(('Invalid uuid: %s. To ensure interoperability, ' [pid: 7|app: 0|req: 604/1260] 10.0.0.244 () {32 vars in 740 bytes} [Fri Mar 6 01:47:09 2026] DELETE /v2.0/security-groups/96911cf2-f47a-4364-a8ff-d2d320615c94 => generated 0 bytes in 368 msecs (HTTP/1.1 204) 2 headers in 112 bytes (1 switches on core 0)
2026-03-06 01:47:09.900 8 INFO neutron_taas.services.taas.taas_plugin [None req-6d82e48c-00d5-4c24-b524-5a2e030ebb34 1228cd1a2c684b4ba7cd1106bfcac004 bf937c29d8ca4cb48e544156b7abb0c2 - - default default] TaaS: Handle Delete Port: b358e297-2fdd-495c-8442-af3a50c0a8a5
2026-03-06 01:47:09.903 8 INFO neutron_taas.services.taas.tap_mirror_plugin [None req-6d82e48c-00d5-4c24-b524-5a2e030ebb34 1228cd1a2c684b4ba7cd1106bfcac004 bf937c29d8ca4cb48e544156b7abb0c2 - - default default] Tap Mirror: Handle Delete Port: b358e297-2fdd-495c-8442-af3a50c0a8a5 [pid: 7|app: 0|req: 605/1261] 10.0.0.73 () {34 vars in 989 bytes} [Fri Mar 6 01:47:10 2026] GET /v2.0/ports?device_id=9118d80b-6a38-4487-b961-7c4690aa3531 => generated 1213 bytes in 64 msecs (HTTP/1.1 200) 4 headers in 158 bytes (1 switches on core 0) [pid: 8|app: 0|req: 657/1262] 10.0.0.244 () {32 vars in 724 bytes} [Fri Mar 6 01:47:09 2026] DELETE /v2.0/routers/929acaaf-0eec-456e-bf96-16d3ac35246c => generated 0 bytes in 881 msecs (HTTP/1.1 204) 2 headers in 112 bytes (1 switches on core 0) [pid: 7|app: 0|req: 606/1263] 10.0.0.73 () {34 vars in 1039 bytes} [Fri Mar 6 01:47:10 2026] GET /v2.0/security-groups?id=38c4c7ca-db99-4a7d-9e21-706000d655f0&fields=id&fields=name => generated 114 bytes in 94 msecs (HTTP/1.1 200) 4 headers in 157 bytes (1 switches on core 0) [pid: 8|app: 0|req: 658/1264] 10.0.0.244 () {32 vars in 724 bytes} [Fri Mar 6 01:47:10 2026] DELETE /v2.0/subnets/c45a16ee-48e3-4855-8987-37b73af7f30b => generated 0 bytes in 306 msecs (HTTP/1.1 204) 3 headers in 131 bytes (1 switches on core 0)
2026-03-06 01:47:10.894 7 INFO neutron_taas.services.taas.taas_plugin [None req-7232ba80-3b4e-44ab-8404-3f064a45e637 1228cd1a2c684b4ba7cd1106bfcac004 bf937c29d8ca4cb48e544156b7abb0c2 - - default default] TaaS: Handle Delete Port: d3db0d8e-4242-4907-8e9c-0951e9b17da5
2026-03-06 01:47:10.897 7 INFO neutron_taas.services.taas.tap_mirror_plugin [None req-7232ba80-3b4e-44ab-8404-3f064a45e637 1228cd1a2c684b4ba7cd1106bfcac004 bf937c29d8ca4cb48e544156b7abb0c2 - - default default] Tap Mirror: Handle Delete Port: d3db0d8e-4242-4907-8e9c-0951e9b17da5
2026-03-06 01:47:11.125 7 INFO neutron.services.segments.plugin [-] Segment b478d1b0-4cfc-4c82-9010-bf45d2afd112 resource provider aggregate not found
2026-03-06 01:47:11.131 7 INFO neutron.services.segments.plugin [-] Segment b478d1b0-4cfc-4c82-9010-bf45d2afd112 resource provider aggregate not found
2026-03-06 01:47:11.153 7 INFO neutron.services.segments.plugin [-] Segment b478d1b0-4cfc-4c82-9010-bf45d2afd112 resource provider not found; error: Placement Client Error (4xx): {"errors": [{"status": 404, "title": "Not Found", "detail": "The resource could not be found.\n\n No resource provider with uuid b478d1b0-4cfc-4c82-9010-bf45d2afd112 found for delete ", "request_id": "req-c558a5ce-24a3-4e10-810b-b4a7bd744b9a"}]}
2026-03-06 01:47:11.159 7 INFO neutron.services.segments.plugin [-] Segment b478d1b0-4cfc-4c82-9010-bf45d2afd112 resource provider not found; error: Placement Client Error (4xx): {"errors": [{"status": 404, "title": "Not Found", "detail": "The resource could not be found.\n\n No resource provider with uuid b478d1b0-4cfc-4c82-9010-bf45d2afd112 found for delete ", "request_id": "req-2c7bf6e7-c975-4519-85ed-1dc710317cef"}]} [pid: 7|app: 0|req: 607/1265] 10.0.0.244 () {32 vars in 726 bytes} [Fri Mar 6 01:47:10 2026] DELETE /v2.0/networks/f800b393-7eaa-41ce-9633-7f61fa035d0b => generated 0 bytes in 451 msecs (HTTP/1.1 204) 3 headers in 131 bytes (1 switches on core 0) [pid: 7|app: 0|req: 608/1266] 10.0.0.244 () {32 vars in 774 bytes} [Fri Mar 6 01:47:11 2026] GET /v2.0/security-groups?tenant_id=eb59406cf6134d9eaf21d5b3ab634c74&name=default => generated 2925 bytes in 35 msecs (HTTP/1.1 200) 4 headers in 158 bytes (1 switches on core 0)
2026-03-06 01:47:11.457 8 INFO neutron.db.ovn_revision_numbers_db [None req-5a26b34b-68ae-4847-b15b-39acadb42554 1228cd1a2c684b4ba7cd1106bfcac004 bf937c29d8ca4cb48e544156b7abb0c2 - - default default] Successfully bumped revision number for resource 073ddefb-d77d-448b-bfba-faa80bbe4b6e (type: security_groups) to 1
2026-03-06 01:47:11.470 8 INFO neutron.db.ovn_revision_numbers_db [None req-5a26b34b-68ae-4847-b15b-39acadb42554 1228cd1a2c684b4ba7cd1106bfcac004 bf937c29d8ca4cb48e544156b7abb0c2 - - default default] Successfully bumped revision number for resource 09ebc19b-57cd-4de8-a36a-1f0e41ecc4b0 (type: security_group_rules) to 0
2026-03-06 01:47:11.486 8 INFO neutron.db.ovn_revision_numbers_db [None req-5a26b34b-68ae-4847-b15b-39acadb42554 1228cd1a2c684b4ba7cd1106bfcac004 bf937c29d8ca4cb48e544156b7abb0c2 - - default default] Successfully bumped revision number for resource 26ce3c7c-bb24-4cd7-91a4-c82b469277fc (type: security_group_rules) to 0
2026-03-06 01:47:11.504 8 INFO neutron.db.ovn_revision_numbers_db [None req-5a26b34b-68ae-4847-b15b-39acadb42554 1228cd1a2c684b4ba7cd1106bfcac004 bf937c29d8ca4cb48e544156b7abb0c2 - - default default] Successfully bumped revision number for resource a7d669eb-ef75-4e80-a3d9-008b41c655e4 (type: security_group_rules) to 0
2026-03-06 01:47:11.522 8 INFO neutron.db.ovn_revision_numbers_db [None req-5a26b34b-68ae-4847-b15b-39acadb42554 1228cd1a2c684b4ba7cd1106bfcac004 bf937c29d8ca4cb48e544156b7abb0c2 - - default default] Successfully bumped revision number for resource e6d823a5-4cf9-484e-849e-be52aef786f7 (type: security_group_rules) to 0 [pid: 8|app: 0|req: 659/1267] 10.0.0.244 () {32 vars in 774 bytes} [Fri Mar 6 01:47:11 2026] GET /v2.0/security-groups?tenant_id=75c092438a044a52aba2c77b51ce92cf&name=default => generated 2925 bytes in 477 msecs (HTTP/1.1 200) 4 headers in 158 bytes (1 switches on core 0) [pid: 7|app: 0|req: 609/1268] 10.0.0.244 () {32 vars in 740 bytes} [Fri Mar 6 01:47:11 2026] DELETE /v2.0/security-groups/ac630ed4-6445-427d-96ac-8868b81dffe7 => generated 0 bytes in 395 msecs (HTTP/1.1 204) 2 headers in 112 bytes (1 switches on core 0) [pid: 8|app: 0|req: 660/1269] 10.0.0.244 () {32 vars in 740 bytes} [Fri Mar 6 01:47:11 2026] DELETE /v2.0/security-groups/073ddefb-d77d-448b-bfba-faa80bbe4b6e => generated 0 bytes in 443 msecs (HTTP/1.1 204) 2 headers in 112 bytes (1 switches on core 0)
2026-03-06 01:47:12.649 7 INFO neutron.db.ovn_revision_numbers_db [None req-22a6dd1e-8e04-417d-a6ad-a37fa92f73f1 1228cd1a2c684b4ba7cd1106bfcac004 bf937c29d8ca4cb48e544156b7abb0c2 - - default default] Successfully bumped revision number for resource 0df06066-aa2d-4c6e-854f-c741a52b9a19 (type: security_groups) to 1
2026-03-06 01:47:12.659 7 INFO neutron.db.ovn_revision_numbers_db [None req-22a6dd1e-8e04-417d-a6ad-a37fa92f73f1 1228cd1a2c684b4ba7cd1106bfcac004 bf937c29d8ca4cb48e544156b7abb0c2 - - default default] Successfully bumped revision number for resource 1e829947-e1f4-498d-abf8-a03469d0db44 (type: security_group_rules) to 0
2026-03-06 01:47:12.673 7 INFO neutron.db.ovn_revision_numbers_db [None req-22a6dd1e-8e04-417d-a6ad-a37fa92f73f1 1228cd1a2c684b4ba7cd1106bfcac004 bf937c29d8ca4cb48e544156b7abb0c2 - - default default] Successfully bumped revision number for resource 7aaff7c7-5219-49cc-bb91-df6996658b3f (type: security_group_rules) to 0
2026-03-06 01:47:12.685 7 INFO neutron.db.ovn_revision_numbers_db [None req-22a6dd1e-8e04-417d-a6ad-a37fa92f73f1 1228cd1a2c684b4ba7cd1106bfcac004 bf937c29d8ca4cb48e544156b7abb0c2 - - default default] Successfully bumped revision number for resource 8aec27c6-51b1-4a29-a31f-cb710c8e9226 (type: security_group_rules) to 0
2026-03-06 01:47:12.696 7 INFO neutron.db.ovn_revision_numbers_db [None req-22a6dd1e-8e04-417d-a6ad-a37fa92f73f1 1228cd1a2c684b4ba7cd1106bfcac004 bf937c29d8ca4cb48e544156b7abb0c2 - - default default] Successfully bumped revision number for resource 8d4bd67a-2bf6-47c9-b6e2-5cb1c6842b67 (type: security_group_rules) to 0 [pid: 7|app: 0|req: 610/1270] 10.0.0.244 () {32 vars in 774 bytes} [Fri Mar 6 01:47:12 2026] GET /v2.0/security-groups?tenant_id=492e90fbcdab4063a2a7c2fa33ff6743&name=default => generated 2925 bytes in 339 msecs (HTTP/1.1 200) 4 headers in 158 bytes (1 switches on core 0) [pid: 8|app: 0|req: 661/1271] 10.0.0.244 () {32 vars in 740 bytes} [Fri Mar 6 01:47:12 2026] DELETE /v2.0/security-groups/0df06066-aa2d-4c6e-854f-c741a52b9a19 => generated 0 bytes in 301 msecs (HTTP/1.1 204) 2 headers in 112 bytes (1 switches on core 0)
2026-03-06 01:47:13.874 7 INFO neutron.db.ovn_revision_numbers_db [None req-b7ffdce1-d4e6-4bd3-a5ac-c86b30115bfc 1228cd1a2c684b4ba7cd1106bfcac004 bf937c29d8ca4cb48e544156b7abb0c2 - - default default] Successfully bumped revision number for resource 64cb0eb7-c6cf-400a-b648-bcadc279af5d (type: security_groups) to 1
2026-03-06 01:47:13.887 7 INFO neutron.db.ovn_revision_numbers_db [None req-b7ffdce1-d4e6-4bd3-a5ac-c86b30115bfc 1228cd1a2c684b4ba7cd1106bfcac004 bf937c29d8ca4cb48e544156b7abb0c2 - - default default] Successfully bumped revision number for resource 6a724dac-bc92-400e-9e03-8d5b570f33eb (type: security_group_rules) to 0
2026-03-06 01:47:13.899 7 INFO neutron.db.ovn_revision_numbers_db [None req-b7ffdce1-d4e6-4bd3-a5ac-c86b30115bfc 1228cd1a2c684b4ba7cd1106bfcac004 bf937c29d8ca4cb48e544156b7abb0c2 - - default default] Successfully bumped revision number for resource 6b1a01b8-539f-4137-8108-77dd9cbfd878 (type: security_group_rules) to 0
2026-03-06 01:47:13.912 7 INFO neutron.db.ovn_revision_numbers_db [None req-b7ffdce1-d4e6-4bd3-a5ac-c86b30115bfc 1228cd1a2c684b4ba7cd1106bfcac004 bf937c29d8ca4cb48e544156b7abb0c2 - - default default] Successfully bumped revision number for resource 77abcc1a-9d38-432e-b626-3df70add9d9d (type: security_group_rules) to 0
2026-03-06 01:47:13.924 7 INFO neutron.db.ovn_revision_numbers_db [None req-b7ffdce1-d4e6-4bd3-a5ac-c86b30115bfc 1228cd1a2c684b4ba7cd1106bfcac004 bf937c29d8ca4cb48e544156b7abb0c2 - - default default] Successfully bumped revision number for resource bf5f1415-bbfb-4445-a964-d2f76418cd90 (type: security_group_rules) to 0
2026-03-06 01:47:13.996 7 INFO neutron.db.segments_db [None req-b7ffdce1-d4e6-4bd3-a5ac-c86b30115bfc 1228cd1a2c684b4ba7cd1106bfcac004 bf937c29d8ca4cb48e544156b7abb0c2 - - default default] Added segment 89d6951b-1baa-4e12-8ba3-896a76cae57d of type geneve for network f9e04627-b313-40b7-8337-dd32755b2b9e
2026-03-06 01:47:14.024 8 INFO neutron.db.ovn_revision_numbers_db [None req-f16281da-8fa6-43a4-ba27-08c9c0a15cd3 1228cd1a2c684b4ba7cd1106bfcac004 bf937c29d8ca4cb48e544156b7abb0c2 - - default default] Successfully bumped revision number for resource c36f3ecc-49c1-41af-aedb-517851713702 (type: security_groups) to 1
2026-03-06 01:47:14.036 8 INFO neutron.db.ovn_revision_numbers_db [None req-f16281da-8fa6-43a4-ba27-08c9c0a15cd3 1228cd1a2c684b4ba7cd1106bfcac004 bf937c29d8ca4cb48e544156b7abb0c2 - - default default] Successfully bumped revision number for resource 37097f7e-d05f-47de-94d9-631d8c55f352 (type: security_group_rules) to 0
2026-03-06 01:47:14.051 8 INFO neutron.db.ovn_revision_numbers_db [None req-f16281da-8fa6-43a4-ba27-08c9c0a15cd3 1228cd1a2c684b4ba7cd1106bfcac004 bf937c29d8ca4cb48e544156b7abb0c2 - - default default] Successfully bumped revision number for resource 834837e9-9e74-4610-8685-4a883dd358b6 (type: security_group_rules) to 0
2026-03-06 01:47:14.062 8 INFO neutron.db.ovn_revision_numbers_db [None req-f16281da-8fa6-43a4-ba27-08c9c0a15cd3 1228cd1a2c684b4ba7cd1106bfcac004 bf937c29d8ca4cb48e544156b7abb0c2 - - default default] Successfully bumped revision number for resource cd94a474-42aa-425a-825e-8fea0d6ffdfb (type: security_group_rules) to 0
2026-03-06 01:47:14.072 8 INFO neutron.db.ovn_revision_numbers_db [None req-f16281da-8fa6-43a4-ba27-08c9c0a15cd3 1228cd1a2c684b4ba7cd1106bfcac004 bf937c29d8ca4cb48e544156b7abb0c2 - - default default] Successfully bumped revision number for resource e1d2bb00-0343-48b8-823d-40ea844fcd59 (type: security_group_rules) to 0
2026-03-06 01:47:14.151 7 INFO neutron.db.ovn_revision_numbers_db [None req-b7ffdce1-d4e6-4bd3-a5ac-c86b30115bfc 1228cd1a2c684b4ba7cd1106bfcac004 bf937c29d8ca4cb48e544156b7abb0c2 - - default default] Successfully bumped revision number for resource f9e04627-b313-40b7-8337-dd32755b2b9e (type: networks) to 1
2026-03-06 01:47:14.173 8 INFO neutron.db.segments_db [None req-f16281da-8fa6-43a4-ba27-08c9c0a15cd3 1228cd1a2c684b4ba7cd1106bfcac004 bf937c29d8ca4cb48e544156b7abb0c2 - - default default] Added segment 326278b0-f74d-4a23-8d6d-7d083ce94c1b of type geneve for network b842294d-52ba-46dd-b86a-2da2b07b1590
2026-03-06 01:47:14.302 8 INFO neutron.db.ovn_revision_numbers_db [None req-f16281da-8fa6-43a4-ba27-08c9c0a15cd3 1228cd1a2c684b4ba7cd1106bfcac004 bf937c29d8ca4cb48e544156b7abb0c2 - - default default] Successfully bumped revision number for resource b842294d-52ba-46dd-b86a-2da2b07b1590 (type: networks) to 1
2026-03-06 01:47:14.364 7 WARNING neutron.scheduler.dhcp_agent_scheduler [None req-b7ffdce1-d4e6-4bd3-a5ac-c86b30115bfc 1228cd1a2c684b4ba7cd1106bfcac004 bf937c29d8ca4cb48e544156b7abb0c2 - - default default] No more DHCP agents
2026-03-06 01:47:14.365 7 WARNING neutron.api.rpc.agentnotifiers.dhcp_rpc_agent_api [None req-b7ffdce1-d4e6-4bd3-a5ac-c86b30115bfc 1228cd1a2c684b4ba7cd1106bfcac004 bf937c29d8ca4cb48e544156b7abb0c2 - - default default] Unable to schedule network f9e04627-b313-40b7-8337-dd32755b2b9e: no agents available; will retry on subsequent port and subnet creation events.
2026-03-06 01:47:14.443 7 INFO neutron.plugins.ml2.drivers.ovn.mech_driver.mech_driver [None req-2ca8e842-8adb-451a-b054-c15a773d1c2a - - - - - -] OVN reports status down for port: 2164302d-4afa-42d3-bb25-eb630d269ecb
2026-03-06 01:47:14.519 7 INFO neutron.db.ovn_revision_numbers_db [None req-b7ffdce1-d4e6-4bd3-a5ac-c86b30115bfc 1228cd1a2c684b4ba7cd1106bfcac004 bf937c29d8ca4cb48e544156b7abb0c2 - - default default] Successfully bumped revision number for resource 2164302d-4afa-42d3-bb25-eb630d269ecb (type: ports) to 1 [pid: 7|app: 0|req: 611/1272] 10.0.0.244 () {34 vars in 671 bytes} [Fri Mar 6 01:47:13 2026] POST /v2.0/networks => generated 749 bytes in 990 msecs (HTTP/1.1 201) 4 headers in 162 bytes (1 switches on core 0)
2026-03-06 01:47:14.573 8 WARNING neutron.scheduler.dhcp_agent_scheduler [None req-f16281da-8fa6-43a4-ba27-08c9c0a15cd3 1228cd1a2c684b4ba7cd1106bfcac004 bf937c29d8ca4cb48e544156b7abb0c2 - - default default] No more DHCP agents
2026-03-06 01:47:14.575 8 WARNING neutron.api.rpc.agentnotifiers.dhcp_rpc_agent_api [None req-f16281da-8fa6-43a4-ba27-08c9c0a15cd3 1228cd1a2c684b4ba7cd1106bfcac004 bf937c29d8ca4cb48e544156b7abb0c2 - - default default] Unable to schedule network b842294d-52ba-46dd-b86a-2da2b07b1590: no agents available; will retry on subsequent port and subnet creation events.
2026-03-06 01:47:14.705 7 INFO neutron.plugins.ml2.drivers.ovn.mech_driver.mech_driver [None req-2ca8e842-8adb-451a-b054-c15a773d1c2a - - - - - -] OVN reports status down for port: 6a4f2932-a19d-4e6e-b367-f77c61adbce7
2026-03-06 01:47:14.724 8 INFO neutron.db.ovn_revision_numbers_db [None req-f16281da-8fa6-43a4-ba27-08c9c0a15cd3 1228cd1a2c684b4ba7cd1106bfcac004 bf937c29d8ca4cb48e544156b7abb0c2 - - default default] Successfully bumped revision number for resource 6a4f2932-a19d-4e6e-b367-f77c61adbce7 (type: ports) to 1 [pid: 8|app: 0|req: 662/1273] 10.0.0.244 () {34 vars in 671 bytes} [Fri Mar 6 01:47:13 2026] POST /v2.0/networks => generated 743 bytes in 974 msecs (HTTP/1.1 201) 4 headers in 162 bytes (1 switches on core 0)
2026-03-06 01:47:14.858 7 WARNING neutron.scheduler.dhcp_agent_scheduler [None req-7e4c022d-4422-4c02-925f-e51c6fbd297b 1228cd1a2c684b4ba7cd1106bfcac004 bf937c29d8ca4cb48e544156b7abb0c2 - - default default] No more DHCP agents
2026-03-06 01:47:14.867 7 WARNING neutron.api.rpc.agentnotifiers.dhcp_rpc_agent_api [None req-7e4c022d-4422-4c02-925f-e51c6fbd297b 1228cd1a2c684b4ba7cd1106bfcac004 bf937c29d8ca4cb48e544156b7abb0c2 - - default default] Unable to schedule network f9e04627-b313-40b7-8337-dd32755b2b9e: no agents available; will retry on subsequent port and subnet creation events.
2026-03-06 01:47:14.877 8 WARNING neutron.scheduler.dhcp_agent_scheduler [None req-55895169-dc6e-4b6a-a281-08647bb83fde 1228cd1a2c684b4ba7cd1106bfcac004 bf937c29d8ca4cb48e544156b7abb0c2 - - default default] No more DHCP agents
2026-03-06 01:47:14.878 8 WARNING neutron.api.rpc.agentnotifiers.dhcp_rpc_agent_api [None req-55895169-dc6e-4b6a-a281-08647bb83fde 1228cd1a2c684b4ba7cd1106bfcac004 bf937c29d8ca4cb48e544156b7abb0c2 - - default default] Unable to schedule network b842294d-52ba-46dd-b86a-2da2b07b1590: no agents available; will retry on subsequent port and subnet creation events.
2026-03-06 01:47:15.465 8 INFO neutron.db.ovn_revision_numbers_db [None req-ee8539e2-1098-4799-9deb-d7f1104c3b0a - - - - - -] Successfully bumped revision number for resource 6a4f2932-a19d-4e6e-b367-f77c61adbce7 (type: ports) to 2
2026-03-06 01:47:15.524 8 INFO neutron.db.ovn_revision_numbers_db [None req-ee8539e2-1098-4799-9deb-d7f1104c3b0a - - - - - -] Successfully bumped revision number for resource 3e4f97f1-756e-427f-af39-a5a9d412cdfd (type: subnets) to 0 [pid: 8|app: 0|req: 663/1274] 10.0.0.244 () {34 vars in 669 bytes} [Fri Mar 6 01:47:14 2026] POST /v2.0/subnets => generated 687 bytes in 809 msecs (HTTP/1.1 201) 4 headers in 162 bytes (1 switches on core 0)
2026-03-06 01:47:15.591 7 INFO neutron.db.ovn_revision_numbers_db [None req-299e737b-003c-4f9b-8f76-e03e3d734152 - - - - - -] Successfully bumped revision number for resource 2164302d-4afa-42d3-bb25-eb630d269ecb (type: ports) to 2
2026-03-06 01:47:15.632 7 INFO neutron.db.ovn_revision_numbers_db [None req-299e737b-003c-4f9b-8f76-e03e3d734152 - - - - - -] Successfully bumped revision number for resource ea55cec5-6c18-45e7-9020-8f35cc28ed3b (type: subnets) to 0 [pid: 7|app: 0|req: 612/1275] 10.0.0.244 () {34 vars in 669 bytes} [Fri Mar 6 01:47:14 2026] POST /v2.0/subnets => generated 693 bytes in 1071 msecs (HTTP/1.1 201) 4 headers in 162 bytes (1 switches on core 0)
2026-03-06 01:47:15.885 8 INFO neutron.db.ovn_revision_numbers_db [None req-afd31db2-0b9f-4f2b-a104-e10a777d1fd1 fae5586231514c0e9ff97e2633302857 2abe743e5ab24b83b8beb5cfdcf917ee - - default default] Successfully bumped revision number for resource 6e5a6dd4-01ab-4ef0-a83b-16ea20013405 (type: security_groups) to 1
2026-03-06 01:47:15.902 8 INFO neutron.db.ovn_revision_numbers_db [None req-afd31db2-0b9f-4f2b-a104-e10a777d1fd1 fae5586231514c0e9ff97e2633302857 2abe743e5ab24b83b8beb5cfdcf917ee - - default default] Successfully bumped revision number for resource 00a16544-fd9c-46a4-bb5a-9062e5de93d6 (type: security_group_rules) to 0
2026-03-06 01:47:15.916 8 INFO neutron.db.ovn_revision_numbers_db [None req-afd31db2-0b9f-4f2b-a104-e10a777d1fd1 fae5586231514c0e9ff97e2633302857 2abe743e5ab24b83b8beb5cfdcf917ee - - default default] Successfully bumped revision number for resource 3d60e77c-3e98-4758-8d8d-2ffdd1442022 (type: security_group_rules) to 0
2026-03-06 01:47:15.932 8 INFO neutron.db.ovn_revision_numbers_db [None req-afd31db2-0b9f-4f2b-a104-e10a777d1fd1 fae5586231514c0e9ff97e2633302857 2abe743e5ab24b83b8beb5cfdcf917ee - - default default] Successfully bumped revision number for resource 6e9d26b7-e3c8-4a84-85ea-2252e58d1582 (type: security_group_rules) to 0
2026-03-06 01:47:15.945 8 INFO neutron.db.ovn_revision_numbers_db [None req-afd31db2-0b9f-4f2b-a104-e10a777d1fd1 fae5586231514c0e9ff97e2633302857 2abe743e5ab24b83b8beb5cfdcf917ee - - default default] Successfully bumped revision number for resource c47e7db1-87b4-4ac3-9936-8a027ceb97ae (type: security_group_rules) to 0
2026-03-06 01:47:16.040 8 INFO neutron.db.segments_db [None req-afd31db2-0b9f-4f2b-a104-e10a777d1fd1 fae5586231514c0e9ff97e2633302857 2abe743e5ab24b83b8beb5cfdcf917ee - - default default] Added segment f15ae4a1-62c0-48ae-aa3a-81e07eed6a7d of type geneve for network 34075d0e-15c1-4bbd-b3bf-b69e968397ac
2026-03-06 01:47:16.129 7 WARNING neutron.scheduler.dhcp_agent_scheduler [None req-f0b645e0-5662-401d-8bf6-8d7a0ceb6cea 1228cd1a2c684b4ba7cd1106bfcac004 bf937c29d8ca4cb48e544156b7abb0c2 - - default default] No more DHCP agents
2026-03-06 01:47:16.130 7 WARNING neutron.api.rpc.agentnotifiers.dhcp_rpc_agent_api [None req-f0b645e0-5662-401d-8bf6-8d7a0ceb6cea 1228cd1a2c684b4ba7cd1106bfcac004 bf937c29d8ca4cb48e544156b7abb0c2 - - default default] Unable to schedule network 8a2d0483-6c7e-4bdd-9b3e-d0dc1e7a4947: no agents available; will retry on subsequent port and subnet creation events.
2026-03-06 01:47:16.150 8 INFO neutron.db.segments_db [None req-afd31db2-0b9f-4f2b-a104-e10a777d1fd1 fae5586231514c0e9ff97e2633302857 2abe743e5ab24b83b8beb5cfdcf917ee - - default default] Added segment 4b16a802-e579-4566-a93b-71d680ab37ae of type geneve for network 297f524a-5473-45bb-84c3-74ac38ea2888
2026-03-06 01:47:16.277 8 INFO neutron.db.ovn_revision_numbers_db [None req-afd31db2-0b9f-4f2b-a104-e10a777d1fd1 fae5586231514c0e9ff97e2633302857 2abe743e5ab24b83b8beb5cfdcf917ee - - default default] Successfully bumped revision number for resource 34075d0e-15c1-4bbd-b3bf-b69e968397ac (type: networks) to 1
2026-03-06 01:47:16.324 7 INFO neutron.plugins.ml2.drivers.ovn.mech_driver.mech_driver [None req-2ca8e842-8adb-451a-b054-c15a773d1c2a - - - - - -] OVN reports status down for port: ebe2419e-171f-4d9b-8cb2-daa4eb8b7c0b
2026-03-06 01:47:16.402 7 INFO neutron.db.ovn_revision_numbers_db [None req-f0b645e0-5662-401d-8bf6-8d7a0ceb6cea 1228cd1a2c684b4ba7cd1106bfcac004 bf937c29d8ca4cb48e544156b7abb0c2 - - default default] Successfully bumped revision number for resource ebe2419e-171f-4d9b-8cb2-daa4eb8b7c0b (type: ports) to 1
2026-03-06 01:47:16.486 8 WARNING neutron.scheduler.dhcp_agent_scheduler [None req-afd31db2-0b9f-4f2b-a104-e10a777d1fd1 fae5586231514c0e9ff97e2633302857 2abe743e5ab24b83b8beb5cfdcf917ee - - default default] No more DHCP agents
2026-03-06 01:47:16.487 8 WARNING neutron.api.rpc.agentnotifiers.dhcp_rpc_agent_api [None req-afd31db2-0b9f-4f2b-a104-e10a777d1fd1 fae5586231514c0e9ff97e2633302857 2abe743e5ab24b83b8beb5cfdcf917ee - - default default] Unable to schedule network 34075d0e-15c1-4bbd-b3bf-b69e968397ac: no agents available; will retry on subsequent port and subnet creation events.
2026-03-06 01:47:16.593 8 INFO neutron.db.ovn_revision_numbers_db [None req-afd31db2-0b9f-4f2b-a104-e10a777d1fd1 fae5586231514c0e9ff97e2633302857 2abe743e5ab24b83b8beb5cfdcf917ee - - default default] Successfully bumped revision number for resource 7663c47c-ff2c-4cce-9585-1ff3f01562aa (type: ports) to 1
2026-03-06 01:47:16.600 7 INFO neutron.plugins.ml2.drivers.ovn.mech_driver.mech_driver [None req-2ca8e842-8adb-451a-b054-c15a773d1c2a - - - - - -] OVN reports status down for port: 7663c47c-ff2c-4cce-9585-1ff3f01562aa
2026-03-06 01:47:16.688 8 INFO neutron.db.ovn_revision_numbers_db [None req-afd31db2-0b9f-4f2b-a104-e10a777d1fd1 fae5586231514c0e9ff97e2633302857 2abe743e5ab24b83b8beb5cfdcf917ee - - default default] Successfully bumped revision number for resource 297f524a-5473-45bb-84c3-74ac38ea2888 (type: networks) to 1
2026-03-06 01:47:16.869 8 WARNING neutron.scheduler.dhcp_agent_scheduler [None req-afd31db2-0b9f-4f2b-a104-e10a777d1fd1 fae5586231514c0e9ff97e2633302857 2abe743e5ab24b83b8beb5cfdcf917ee - - default default] No more DHCP agents
2026-03-06 01:47:16.871 8 WARNING neutron.api.rpc.agentnotifiers.dhcp_rpc_agent_api [None req-afd31db2-0b9f-4f2b-a104-e10a777d1fd1 fae5586231514c0e9ff97e2633302857 2abe743e5ab24b83b8beb5cfdcf917ee - - default default] Unable to schedule network 297f524a-5473-45bb-84c3-74ac38ea2888: no agents available; will retry on subsequent port and subnet creation events.
2026-03-06 01:47:16.980 7 INFO neutron.plugins.ml2.drivers.ovn.mech_driver.mech_driver [None req-2ca8e842-8adb-451a-b054-c15a773d1c2a - - - - - -] OVN reports status down for port: 837cde2b-9ebe-43ae-af8a-6c3136b98c28
2026-03-06 01:47:16.983 8 INFO neutron.db.ovn_revision_numbers_db [None req-afd31db2-0b9f-4f2b-a104-e10a777d1fd1 fae5586231514c0e9ff97e2633302857 2abe743e5ab24b83b8beb5cfdcf917ee - - default default] Successfully bumped revision number for resource 837cde2b-9ebe-43ae-af8a-6c3136b98c28 (type: ports) to 1 [pid: 8|app: 0|req: 664/1276] 10.0.0.244 () {34 vars in 670 bytes} [Fri Mar 6 01:47:15 2026] POST /v2.0/networks => generated 1244 bytes in 1443 msecs (HTTP/1.1 201) 4 headers in 163 bytes (1 switches on core 0)
2026-03-06 01:47:17.227 7 INFO neutron.plugins.ml2.drivers.ovn.mech_driver.ovsdb.commands [-] Schedule LRP lrp-ebe2419e-171f-4d9b-8cb2-daa4eb8b7c0b on gateway 1c4fdf7d-c4ca-427a-8d56-3f0160daa416 with priority 1
2026-03-06 01:47:17.328 7 INFO neutron.plugins.ml2.drivers.ovn.mech_driver.ovsdb.ovsdb_monitor [None req-65e2a172-4d3d-4890-84ef-1c18f4a5d544 - - - - - -] Router f2d223d3-5018-4f5c-b3a6-a0787248af2b is bound to host instance
2026-03-06 01:47:17.365 7 INFO neutron.plugins.ml2.drivers.ovn.mech_driver.mech_driver [None req-2ca8e842-8adb-451a-b054-c15a773d1c2a - - - - - -] OVN reports status up for port: ebe2419e-171f-4d9b-8cb2-daa4eb8b7c0b
2026-03-06 01:47:17.423 7 INFO neutron.plugins.ml2.plugin [None req-2ca8e842-8adb-451a-b054-c15a773d1c2a - - - - - -] Attempt 1 to provision port ebe2419e-171f-4d9b-8cb2-daa4eb8b7c0b
2026-03-06 01:47:17.477 7 INFO neutron.db.ovn_revision_numbers_db [None req-f0b645e0-5662-401d-8bf6-8d7a0ceb6cea 1228cd1a2c684b4ba7cd1106bfcac004 bf937c29d8ca4cb48e544156b7abb0c2 - - default default] Successfully bumped revision number for resource ebe2419e-171f-4d9b-8cb2-daa4eb8b7c0b (type: router_ports) to 1
2026-03-06 01:47:17.543 8 WARNING neutron.scheduler.dhcp_agent_scheduler [None req-ff014f00-8c59-444a-b89a-361e28abe3e6 1228cd1a2c684b4ba7cd1106bfcac004 bf937c29d8ca4cb48e544156b7abb0c2 - - default default] No more DHCP agents
2026-03-06 01:47:17.545 8 WARNING neutron.api.rpc.agentnotifiers.dhcp_rpc_agent_api [None req-ff014f00-8c59-444a-b89a-361e28abe3e6 1228cd1a2c684b4ba7cd1106bfcac004 bf937c29d8ca4cb48e544156b7abb0c2 - - default default] Unable to schedule network 8a2d0483-6c7e-4bdd-9b3e-d0dc1e7a4947: no agents available; will retry on subsequent port and subnet creation events.
2026-03-06 01:47:17.710 8 INFO neutron.db.ovn_revision_numbers_db [None req-ff014f00-8c59-444a-b89a-361e28abe3e6 1228cd1a2c684b4ba7cd1106bfcac004 bf937c29d8ca4cb48e544156b7abb0c2 - - default default] Successfully bumped revision number for resource 69b708b6-deab-4351-a079-f271baa8a707 (type: ports) to 1
2026-03-06 01:47:17.750 7 INFO neutron.db.ovn_revision_numbers_db [None req-f0b645e0-5662-401d-8bf6-8d7a0ceb6cea 1228cd1a2c684b4ba7cd1106bfcac004 bf937c29d8ca4cb48e544156b7abb0c2 - - default default] Successfully bumped revision number for resource f2d223d3-5018-4f5c-b3a6-a0787248af2b (type: routers) to 2 [pid: 7|app: 0|req: 613/1277] 10.0.0.244 () {34 vars in 669 bytes} [Fri Mar 6 01:47:15 2026] POST /v2.0/routers => generated 965 bytes in 2158 msecs (HTTP/1.1 201) 4 headers in 162 bytes (1 switches on core 0) [pid: 7|app: 0|req: 614/1278] 10.0.0.112 () {34 vars in 990 bytes} [Fri Mar 6 01:47:17 2026] GET /v2.0/ports?device_id=9118d80b-6a38-4487-b961-7c4690aa3531 => generated 975 bytes in 136 msecs (HTTP/1.1 200) 4 headers in 157 bytes (1 switches on core 0) [pid: 7|app: 0|req: 615/1279] 10.0.0.244 () {32 vars in 649 bytes} [Fri Mar 6 01:47:17 2026] GET /v2.0/networks => generated 1855 bytes in 109 msecs (HTTP/1.1 200) 4 headers in 158 bytes (1 switches on core 0)
2026-03-06 01:47:18.384 8 INFO neutron.plugins.ml2.drivers.ovn.mech_driver.ovsdb.commands [-] Schedule LRP lrp-69b708b6-deab-4351-a079-f271baa8a707 on gateway 1c4fdf7d-c4ca-427a-8d56-3f0160daa416 with priority 1
2026-03-06 01:47:18.544 8 INFO neutron.db.ovn_revision_numbers_db [None req-ff014f00-8c59-444a-b89a-361e28abe3e6 1228cd1a2c684b4ba7cd1106bfcac004 bf937c29d8ca4cb48e544156b7abb0c2 - - default default] Successfully bumped revision number for resource 69b708b6-deab-4351-a079-f271baa8a707 (type: router_ports) to 1
2026-03-06 01:47:18.627 8 INFO neutron.db.ovn_revision_numbers_db [None req-ff014f00-8c59-444a-b89a-361e28abe3e6 1228cd1a2c684b4ba7cd1106bfcac004 bf937c29d8ca4cb48e544156b7abb0c2 - - default default] Successfully bumped revision number for resource 6ff0d6a9-cc68-4702-8b0f-e0a90935f77d (type: routers) to 2 [pid: 8|app: 0|req: 665/1280] 10.0.0.244 () {34 vars in 669 bytes} [Fri Mar 6 01:47:17 2026] POST /v2.0/routers => generated 971 bytes in 1638 msecs (HTTP/1.1 201) 4 headers in 162 bytes (1 switches on core 0) [pid: 8|app: 0|req: 666/1281] 10.0.0.112 () {34 vars in 1040 bytes} [Fri Mar 6 01:47:18 2026] GET /v2.0/security-groups?id=38c4c7ca-db99-4a7d-9e21-706000d655f0&fields=id&fields=name => generated 114 bytes in 36 msecs (HTTP/1.1 200) 4 headers in 157 bytes (1 switches on core 0)
2026-03-06 01:47:18.813 8 INFO neutron_taas.services.taas.taas_plugin [None req-d354c63f-b4ed-4dfe-b581-78b650ec239a fae5586231514c0e9ff97e2633302857 2abe743e5ab24b83b8beb5cfdcf917ee - - default default] TaaS: Handle Delete Port: 7663c47c-ff2c-4cce-9585-1ff3f01562aa
2026-03-06 01:47:18.815 8 INFO neutron_taas.services.taas.tap_mirror_plugin [None req-d354c63f-b4ed-4dfe-b581-78b650ec239a fae5586231514c0e9ff97e2633302857 2abe743e5ab24b83b8beb5cfdcf917ee - - default default] Tap Mirror: Handle Delete Port: 7663c47c-ff2c-4cce-9585-1ff3f01562aa
2026-03-06 01:47:19.063 8 INFO neutron.services.segments.plugin [-] Segment f15ae4a1-62c0-48ae-aa3a-81e07eed6a7d resource provider aggregate not found
2026-03-06 01:47:19.067 8 INFO neutron.services.segments.plugin [-] Segment f15ae4a1-62c0-48ae-aa3a-81e07eed6a7d resource provider aggregate not found
2026-03-06 01:47:19.084 8 INFO neutron.services.segments.plugin [-] Segment f15ae4a1-62c0-48ae-aa3a-81e07eed6a7d resource provider not found; error: Placement Client Error (4xx): {"errors": [{"status": 404, "title": "Not Found", "detail": "The resource could not be found.\n\n No resource provider with uuid f15ae4a1-62c0-48ae-aa3a-81e07eed6a7d found for delete ", "request_id": "req-ca567d32-b5a6-4765-bdd2-84c430e10401"}]}
2026-03-06 01:47:19.087 8 INFO neutron.services.segments.plugin [-] Segment f15ae4a1-62c0-48ae-aa3a-81e07eed6a7d resource provider not found; error: Placement Client Error (4xx): {"errors": [{"status": 404, "title": "Not Found", "detail": "The resource could not be found.\n\n No resource provider with uuid f15ae4a1-62c0-48ae-aa3a-81e07eed6a7d found for delete ", "request_id": "req-a917788a-2b92-4d77-9eb2-a53dc23b00a8"}]} [pid: 8|app: 0|req: 667/1282] 10.0.0.244 () {32 vars in 726 bytes} [Fri Mar 6 01:47:18 2026] DELETE /v2.0/networks/34075d0e-15c1-4bbd-b3bf-b69e968397ac => generated 0 bytes in 447 msecs (HTTP/1.1 204) 3 headers in 131 bytes (1 switches on core 0)
2026-03-06 01:47:19.382 7 INFO neutron.db.ovn_revision_numbers_db [None req-415a77b8-7fba-45c5-af7c-489652390b47 - - - - - -] Successfully bumped revision number for resource ebe2419e-171f-4d9b-8cb2-daa4eb8b7c0b (type: ports) to 4
2026-03-06 01:47:19.385 7 WARNING neutron.scheduler.dhcp_agent_scheduler [None req-d3ee984f-8531-4e41-9a2a-f77bd91ced7c 1228cd1a2c684b4ba7cd1106bfcac004 bf937c29d8ca4cb48e544156b7abb0c2 - - default default] No more DHCP agents
2026-03-06 01:47:19.388 7 WARNING neutron.api.rpc.agentnotifiers.dhcp_rpc_agent_api [None req-d3ee984f-8531-4e41-9a2a-f77bd91ced7c 1228cd1a2c684b4ba7cd1106bfcac004 bf937c29d8ca4cb48e544156b7abb0c2 - - default default] Unable to schedule network b842294d-52ba-46dd-b86a-2da2b07b1590: no agents available; will retry on subsequent port and subnet creation events.
2026-03-06 01:47:19.720 7 INFO neutron.db.ovn_revision_numbers_db [None req-d3ee984f-8531-4e41-9a2a-f77bd91ced7c 1228cd1a2c684b4ba7cd1106bfcac004 bf937c29d8ca4cb48e544156b7abb0c2 - - default default] Successfully bumped revision number for resource a65a3795-00fc-4d07-affd-5f1ce0742d8a (type: ports) to 1
2026-03-06 01:47:19.941 7 INFO neutron.plugins.ml2.drivers.ovn.mech_driver.mech_driver [None req-2ca8e842-8adb-451a-b054-c15a773d1c2a - - - - - -] OVN reports status down for port: 69b708b6-deab-4351-a079-f271baa8a707
2026-03-06 01:47:20.093 7 WARNING neutron.plugins.ml2.drivers.ovn.mech_driver.ovsdb.ovn_client [None req-2ca8e842-8adb-451a-b054-c15a773d1c2a - - - - - -] Logical_Switch_Port 69b708b6-deab-4351-a079-f271baa8a707 host information not removed, the port state is up
2026-03-06 01:47:20.093 7 INFO neutron.plugins.ml2.drivers.ovn.mech_driver.mech_driver [None req-2ca8e842-8adb-451a-b054-c15a773d1c2a - - - - - -] OVN reports status up for port: 69b708b6-deab-4351-a079-f271baa8a707
2026-03-06 01:47:20.126 7 INFO neutron.plugins.ml2.plugin [None req-2ca8e842-8adb-451a-b054-c15a773d1c2a - - - - - -] Attempt 1 to provision port 69b708b6-deab-4351-a079-f271baa8a707
2026-03-06 01:47:20.148 7 INFO neutron.db.ovn_revision_numbers_db [None req-415a77b8-7fba-45c5-af7c-489652390b47 - - - - - -] Successfully bumped revision number for resource ebe2419e-171f-4d9b-8cb2-daa4eb8b7c0b (type: ports) to 5
