2026-03-06 01:47:20.319 8 WARNING neutron.scheduler.dhcp_agent_scheduler [None req-ec733439-bfc9-40c5-a934-18264e2dc6c6 1228cd1a2c684b4ba7cd1106bfcac004 bf937c29d8ca4cb48e544156b7abb0c2 - - default default] No more DHCP agents
2026-03-06 01:47:20.321 8 WARNING neutron.api.rpc.agentnotifiers.dhcp_rpc_agent_api [None req-ec733439-bfc9-40c5-a934-18264e2dc6c6 1228cd1a2c684b4ba7cd1106bfcac004 bf937c29d8ca4cb48e544156b7abb0c2 - - default default] Unable to schedule network f9e04627-b313-40b7-8337-dd32755b2b9e: no agents available; will retry on subsequent port and subnet creation events.
2026-03-06 01:47:20.381 7 INFO neutron.plugins.ml2.drivers.ovn.mech_driver.ovsdb.ovsdb_monitor [None req-415a77b8-7fba-45c5-af7c-489652390b47 - - - - - -] Router 6ff0d6a9-cc68-4702-8b0f-e0a90935f77d is bound to host instance
2026-03-06 01:47:20.507 8 INFO neutron.db.ovn_revision_numbers_db [None req-ec733439-bfc9-40c5-a934-18264e2dc6c6 1228cd1a2c684b4ba7cd1106bfcac004 bf937c29d8ca4cb48e544156b7abb0c2 - - default default] Successfully bumped revision number for resource 4882c074-f35e-4fde-8efa-c478d92b1b08 (type: ports) to 1
2026-03-06 01:47:21.304 8 WARNING neutron.scheduler.dhcp_agent_scheduler [None req-ec733439-bfc9-40c5-a934-18264e2dc6c6 1228cd1a2c684b4ba7cd1106bfcac004 bf937c29d8ca4cb48e544156b7abb0c2 - - default default] No more DHCP agents
2026-03-06 01:47:21.306 8 WARNING neutron.api.rpc.agentnotifiers.dhcp_rpc_agent_api [None req-ec733439-bfc9-40c5-a934-18264e2dc6c6 1228cd1a2c684b4ba7cd1106bfcac004 bf937c29d8ca4cb48e544156b7abb0c2 - - default default] Unable to schedule network f9e04627-b313-40b7-8337-dd32755b2b9e: no agents available; will retry on subsequent port and subnet creation events.
2026-03-06 01:47:21.407 7 WARNING neutron.scheduler.dhcp_agent_scheduler [None req-d3ee984f-8531-4e41-9a2a-f77bd91ced7c 1228cd1a2c684b4ba7cd1106bfcac004 bf937c29d8ca4cb48e544156b7abb0c2 - - default default] No more DHCP agents
2026-03-06 01:47:21.413 7 WARNING neutron.api.rpc.agentnotifiers.dhcp_rpc_agent_api [None req-d3ee984f-8531-4e41-9a2a-f77bd91ced7c 1228cd1a2c684b4ba7cd1106bfcac004 bf937c29d8ca4cb48e544156b7abb0c2 - - default default] Unable to schedule network b842294d-52ba-46dd-b86a-2da2b07b1590: no agents available; will retry on subsequent port and subnet creation events.
2026-03-06 01:47:21.832 8 INFO neutron.db.ovn_revision_numbers_db [None req-ec733439-bfc9-40c5-a934-18264e2dc6c6 1228cd1a2c684b4ba7cd1106bfcac004 bf937c29d8ca4cb48e544156b7abb0c2 - - default default] Successfully bumped revision number for resource 4882c074-f35e-4fde-8efa-c478d92b1b08 (type: router_ports) to 1 [pid: 8|app: 0|req: 670/1285] 10.0.0.244 () {34 vars in 783 bytes} [Fri Mar 6 01:47:19 2026] PUT /v2.0/routers/6ff0d6a9-cc68-4702-8b0f-e0a90935f77d/add_router_interface => generated 309 bytes in 2707 msecs (HTTP/1.1 200) 4 headers in 157 bytes (1 switches on core 0) [pid: 8|app: 0|req: 671/1286] 10.0.0.112 () {34 vars in 990 bytes} [Fri Mar 6 01:47:21 2026] GET /v2.0/ports?device_id=9118d80b-6a38-4487-b961-7c4690aa3531 => generated 975 bytes in 75 msecs (HTTP/1.1 200) 4 headers in 157 bytes (1 switches on core 0)
2026-03-06 01:47:22.025 8 INFO neutron_taas.services.taas.taas_plugin [None req-a80525d3-0acb-4c9c-a504-b2e9f9026205 fae5586231514c0e9ff97e2633302857 2abe743e5ab24b83b8beb5cfdcf917ee - - default default] TaaS: Handle Delete Port: 837cde2b-9ebe-43ae-af8a-6c3136b98c28
2026-03-06 01:47:22.028 8 INFO neutron_taas.services.taas.tap_mirror_plugin [None req-a80525d3-0acb-4c9c-a504-b2e9f9026205 fae5586231514c0e9ff97e2633302857 2abe743e5ab24b83b8beb5cfdcf917ee - - default default] Tap Mirror: Handle Delete Port: 837cde2b-9ebe-43ae-af8a-6c3136b98c28
2026-03-06 01:47:22.274 8 INFO neutron.services.segments.plugin [-] Segment 4b16a802-e579-4566-a93b-71d680ab37ae resource provider aggregate not found
2026-03-06 01:47:22.285 8 INFO neutron.services.segments.plugin [-] Segment 4b16a802-e579-4566-a93b-71d680ab37ae resource provider aggregate not found
2026-03-06 01:47:22.299 8 INFO neutron.services.segments.plugin [-] Segment 4b16a802-e579-4566-a93b-71d680ab37ae resource provider not found; error: Placement Client Error (4xx): {"errors": [{"status": 404, "title": "Not Found", "detail": "The resource could not be found.\n\n No resource provider with uuid 4b16a802-e579-4566-a93b-71d680ab37ae found for delete ", "request_id": "req-4e55a8cb-5691-43de-84e8-3070ecafe3d4"}]}
2026-03-06 01:47:22.312 8 INFO neutron.services.segments.plugin [-] Segment 4b16a802-e579-4566-a93b-71d680ab37ae resource provider not found; error: Placement Client Error (4xx): {"errors": [{"status": 404, "title": "Not Found", "detail": "The resource could not be found.\n\n No resource provider with uuid 4b16a802-e579-4566-a93b-71d680ab37ae found for delete ", "request_id": "req-78c41684-84d2-4465-a296-1610e4c12fa5"}]}
2026-03-06 01:47:22.323 7 INFO neutron.db.ovn_revision_numbers_db [None req-69a3fcd9-47ef-4a10-b5e4-46f93fec4778 - - - - - -] Successfully bumped revision number for resource 69b708b6-deab-4351-a079-f271baa8a707 (type: ports) to 4 [pid: 8|app: 0|req: 672/1287] 10.0.0.244 () {32 vars in 726 bytes} [Fri Mar 6 01:47:21 2026] DELETE /v2.0/networks/297f524a-5473-45bb-84c3-74ac38ea2888 => generated 0 bytes in 454 msecs (HTTP/1.1 204) 3 headers in 131 bytes (1 switches on core 0) [pid: 8|app: 0|req: 673/1288] 10.0.0.112 () {34 vars in 1040 bytes} [Fri Mar 6 01:47:22 2026] GET /v2.0/security-groups?id=38c4c7ca-db99-4a7d-9e21-706000d655f0&fields=id&fields=name => generated 114 bytes in 46 msecs (HTTP/1.1 200) 4 headers in 157 bytes (1 switches on core 0) [pid: 8|app: 0|req: 674/1289] 10.0.0.244 () {32 vars in 649 bytes} [Fri Mar 6 01:47:22 2026] GET /v2.0/networks => generated 651 bytes in 54 msecs (HTTP/1.1 200) 4 headers in 157 bytes (1 switches on core 0)
2026-03-06 01:47:22.636 8 INFO neutron.db.segments_db [None req-64a07cf4-12c1-441f-aee1-dcd69a5a15ff fae5586231514c0e9ff97e2633302857 2abe743e5ab24b83b8beb5cfdcf917ee - - default default] Added segment 13451f24-e50d-4400-bea1-ca8fca31fa93 of type geneve for network 6d9808ea-5cd1-43e9-8b8d-52c20053bb9e
2026-03-06 01:47:22.758 8 INFO neutron.db.ovn_revision_numbers_db [None req-64a07cf4-12c1-441f-aee1-dcd69a5a15ff fae5586231514c0e9ff97e2633302857 2abe743e5ab24b83b8beb5cfdcf917ee - - default default] Successfully bumped revision number for resource 6d9808ea-5cd1-43e9-8b8d-52c20053bb9e (type: networks) to 1
2026-03-06 01:47:22.808 7 INFO neutron.db.ovn_revision_numbers_db [None req-d3ee984f-8531-4e41-9a2a-f77bd91ced7c 1228cd1a2c684b4ba7cd1106bfcac004 bf937c29d8ca4cb48e544156b7abb0c2 - - default default] Successfully bumped revision number for resource a65a3795-00fc-4d07-affd-5f1ce0742d8a (type: router_ports) to 1 [pid: 7|app: 0|req: 616/1290] 10.0.0.244 () {34 vars in 783 bytes} [Fri Mar 6 01:47:18 2026] PUT /v2.0/routers/f2d223d3-5018-4f5c-b3a6-a0787248af2b/add_router_interface => generated 309 bytes in 4763 msecs (HTTP/1.1 200) 4 headers in 157 bytes (1 switches on core 0)
2026-03-06 01:47:22.910 8 WARNING neutron.scheduler.dhcp_agent_scheduler [None req-64a07cf4-12c1-441f-aee1-dcd69a5a15ff fae5586231514c0e9ff97e2633302857 2abe743e5ab24b83b8beb5cfdcf917ee - - default default] No more DHCP agents
2026-03-06 01:47:22.911 8 WARNING neutron.api.rpc.agentnotifiers.dhcp_rpc_agent_api [None req-64a07cf4-12c1-441f-aee1-dcd69a5a15ff fae5586231514c0e9ff97e2633302857 2abe743e5ab24b83b8beb5cfdcf917ee - - default default] Unable to schedule network 6d9808ea-5cd1-43e9-8b8d-52c20053bb9e: no agents available; will retry on subsequent port and subnet creation events. [pid: 7|app: 0|req: 617/1291] 10.0.0.112 () {34 vars in 982 bytes} [Fri Mar 6 01:47:22 2026] GET /v2.0/networks?id=f9e04627-b313-40b7-8337-dd32755b2b9e => generated 678 bytes in 101 msecs (HTTP/1.1 200) 4 headers in 157 bytes (1 switches on core 0)
2026-03-06 01:47:23.037 8 INFO neutron.db.ovn_revision_numbers_db [None req-64a07cf4-12c1-441f-aee1-dcd69a5a15ff fae5586231514c0e9ff97e2633302857 2abe743e5ab24b83b8beb5cfdcf917ee - - default default] Successfully bumped revision number for resource fbbe0d63-c625-48e1-9dc2-85dc5c63908a (type: ports) to 1 [pid: 8|app: 0|req: 675/1292] 10.0.0.244 () {34 vars in 670 bytes} [Fri Mar 6 01:47:22 2026] POST /v2.0/networks => generated 652 bytes in 577 msecs (HTTP/1.1 201) 4 headers in 162 bytes (1 switches on core 0) [pid: 8|app: 0|req: 676/1293] 10.0.0.112 () {34 vars in 965 bytes} [Fri Mar 6 01:47:23 2026] GET /v2.0/quotas/c9580d31dc2246539fdaa8dc9894d962 => generated 292 bytes in 11 msecs (HTTP/1.1 200) 4 headers in 157 bytes (1 switches on core 0) [pid: 7|app: 0|req: 618/1294] 10.0.0.112 () {34 vars in 990 bytes} [Fri Mar 6 01:47:22 2026] GET /v2.0/ports?device_id=9118d80b-6a38-4487-b961-7c4690aa3531 => generated 975 bytes in 186 msecs (HTTP/1.1 200) 4 headers in 157 bytes (1 switches on core 0)
2026-03-06 01:47:23.190 7 INFO neutron.db.ovn_revision_numbers_db [None req-69a3fcd9-47ef-4a10-b5e4-46f93fec4778 - - - - - -] Successfully bumped revision number for resource 69b708b6-deab-4351-a079-f271baa8a707 (type: ports) to 5
2026-03-06 01:47:23.191 8 INFO neutron.db.segments_db [None req-e1bc5a1d-355e-473f-b790-abbddb3d1cfb fae5586231514c0e9ff97e2633302857 2abe743e5ab24b83b8beb5cfdcf917ee - - default default] Added segment 827749ee-0695-481f-8dbb-d66a69788f99 of type geneve for network 5f753557-73c1-4611-a957-ac7c6d3005b1 [pid: 7|app: 0|req: 619/1295] 10.0.0.112 () {34 vars in 1002 bytes} [Fri Mar 6 01:47:23 2026] GET /v2.0/ports?tenant_id=c9580d31dc2246539fdaa8dc9894d962&fields=id => generated 103 bytes in 161 msecs (HTTP/1.1 200) 4 headers in 157 bytes (1 switches on core 0)
2026-03-06 01:47:23.315 7 INFO neutron.plugins.ml2.drivers.ovn.mech_driver.mech_driver [None req-2ca8e842-8adb-451a-b054-c15a773d1c2a - - - - - -] OVN reports status down for port: a65a3795-00fc-4d07-affd-5f1ce0742d8a
2026-03-06 01:47:23.401 8 INFO neutron.db.ovn_revision_numbers_db [None req-e1bc5a1d-355e-473f-b790-abbddb3d1cfb fae5586231514c0e9ff97e2633302857 2abe743e5ab24b83b8beb5cfdcf917ee - - default default] Successfully bumped revision number for resource 5f753557-73c1-4611-a957-ac7c6d3005b1 (type: networks) to 1
2026-03-06 01:47:23.575 8 WARNING neutron.scheduler.dhcp_agent_scheduler [None req-e1bc5a1d-355e-473f-b790-abbddb3d1cfb fae5586231514c0e9ff97e2633302857 2abe743e5ab24b83b8beb5cfdcf917ee - - default default] No more DHCP agents
2026-03-06 01:47:23.577 8 WARNING neutron.api.rpc.agentnotifiers.dhcp_rpc_agent_api [None req-e1bc5a1d-355e-473f-b790-abbddb3d1cfb fae5586231514c0e9ff97e2633302857 2abe743e5ab24b83b8beb5cfdcf917ee - - default default] Unable to schedule network 5f753557-73c1-4611-a957-ac7c6d3005b1: no agents available; will retry on subsequent port and subnet creation events.
2026-03-06 01:47:23.686 8 INFO neutron.db.ovn_revision_numbers_db [None req-e1bc5a1d-355e-473f-b790-abbddb3d1cfb fae5586231514c0e9ff97e2633302857 2abe743e5ab24b83b8beb5cfdcf917ee - - default default] Successfully bumped revision number for resource e6e1c41a-16c7-4c6d-963b-414717b06355 (type: ports) to 1 [pid: 8|app: 0|req: 677/1296] 10.0.0.244 () {34 vars in 670 bytes} [Fri Mar 6 01:47:23 2026] POST /v2.0/networks => generated 654 bytes in 638 msecs (HTTP/1.1 201) 4 headers in 162 bytes (1 switches on core 0) [pid: 8|app: 0|req: 678/1297] 10.0.0.112 () {34 vars in 1008 bytes} [Fri Mar 6 01:47:23 2026] GET /v2.0/networks/f9e04627-b313-40b7-8337-dd32755b2b9e?fields=segments => generated 14 bytes in 60 msecs (HTTP/1.1 200) 4 headers in 156 bytes (1 switches on core 0) [pid: 7|app: 0|req: 620/1298] 10.0.0.112 () {34 vars in 1040 bytes} [Fri Mar 6 01:47:23 2026] GET /v2.0/security-groups?id=38c4c7ca-db99-4a7d-9e21-706000d655f0&fields=id&fields=name => generated 114 bytes in 759 msecs (HTTP/1.1 200) 4 headers in 157 bytes (1 switches on core 0)
2026-03-06 01:47:24.150 8 WARNING neutron.scheduler.dhcp_agent_scheduler [None req-b223e7f6-ddfa-45a8-b4bb-18aa0917a63f fae5586231514c0e9ff97e2633302857 2abe743e5ab24b83b8beb5cfdcf917ee - - default default] No more DHCP agents
2026-03-06 01:47:24.152 8 WARNING neutron.api.rpc.agentnotifiers.dhcp_rpc_agent_api [None req-b223e7f6-ddfa-45a8-b4bb-18aa0917a63f fae5586231514c0e9ff97e2633302857 2abe743e5ab24b83b8beb5cfdcf917ee - - default default] Unable to schedule network 6d9808ea-5cd1-43e9-8b8d-52c20053bb9e: no agents available; will retry on subsequent port and subnet creation events.
2026-03-06 01:47:24.168 7 WARNING neutron.plugins.ml2.drivers.ovn.mech_driver.ovsdb.ovn_client [None req-2ca8e842-8adb-451a-b054-c15a773d1c2a - - - - - -] Logical_Switch_Port a65a3795-00fc-4d07-affd-5f1ce0742d8a host information not removed, the port state is up
2026-03-06 01:47:24.169 7 INFO neutron.plugins.ml2.drivers.ovn.mech_driver.mech_driver [None req-2ca8e842-8adb-451a-b054-c15a773d1c2a - - - - - -] OVN reports status down for port: 4882c074-f35e-4fde-8efa-c478d92b1b08 [pid: 7|app: 0|req: 621/1299] 10.0.0.112 () {34 vars in 1108 bytes} [Fri Mar 6 01:47:24 2026] GET /v2.0/networks/f9e04627-b313-40b7-8337-dd32755b2b9e?fields=provider%3Aphysical_network&fields=provider%3Anetwork_type => generated 79 bytes in 230 msecs (HTTP/1.1 200) 4 headers in 156 bytes (1 switches on core 0)
2026-03-06 01:47:24.378 8 INFO neutron.db.ovn_revision_numbers_db [None req-b223e7f6-ddfa-45a8-b4bb-18aa0917a63f fae5586231514c0e9ff97e2633302857 2abe743e5ab24b83b8beb5cfdcf917ee - - default default] Successfully bumped revision number for resource 64fd444d-c4ac-448f-b497-9904a21f1da1 (type: ports) to 1
2026-03-06 01:47:24.430 8 WARNING neutron.scheduler.dhcp_agent_scheduler [None req-b223e7f6-ddfa-45a8-b4bb-18aa0917a63f fae5586231514c0e9ff97e2633302857 2abe743e5ab24b83b8beb5cfdcf917ee - - default default] No more DHCP agents
2026-03-06 01:47:24.431 8 WARNING neutron.api.rpc.agentnotifiers.dhcp_rpc_agent_api [None req-b223e7f6-ddfa-45a8-b4bb-18aa0917a63f fae5586231514c0e9ff97e2633302857 2abe743e5ab24b83b8beb5cfdcf917ee - - default default] Unable to schedule network 5f753557-73c1-4611-a957-ac7c6d3005b1: no agents available; will retry on subsequent port and subnet creation events.
2026-03-06 01:47:24.562 8 INFO neutron.db.ovn_revision_numbers_db [None req-b223e7f6-ddfa-45a8-b4bb-18aa0917a63f fae5586231514c0e9ff97e2633302857 2abe743e5ab24b83b8beb5cfdcf917ee - - default default] Successfully bumped revision number for resource 317a39a2-178c-4fc6-aae3-74d103feabee (type: ports) to 1
2026-03-06 01:47:24.627 7 WARNING neutron.plugins.ml2.drivers.ovn.mech_driver.ovsdb.ovn_client [None req-2ca8e842-8adb-451a-b054-c15a773d1c2a - - - - - -] Logical_Switch_Port 4882c074-f35e-4fde-8efa-c478d92b1b08 host information not removed, the port state is up
2026-03-06 01:47:24.630 7 INFO neutron.plugins.ml2.drivers.ovn.mech_driver.mech_driver [None req-2ca8e842-8adb-451a-b054-c15a773d1c2a - - - - - -] OVN reports status up for port: 4882c074-f35e-4fde-8efa-c478d92b1b08
2026-03-06 01:47:24.712 7 INFO neutron.db.ovn_revision_numbers_db [None req-e6180ee6-c4b8-4ea6-9290-350d9692b502 1228cd1a2c684b4ba7cd1106bfcac004 bf937c29d8ca4cb48e544156b7abb0c2 - - default default] Successfully bumped revision number for resource c5c64b3f-924a-46ea-aca8-4a486d124e5f (type: security_groups) to 1
2026-03-06 01:47:24.723 7 INFO neutron.plugins.ml2.plugin [None req-2ca8e842-8adb-451a-b054-c15a773d1c2a - - - - - -] Attempt 1 to provision port 4882c074-f35e-4fde-8efa-c478d92b1b08 [pid: 8|app: 0|req: 679/1300] 10.0.0.244 () {34 vars in 665 bytes} [Fri Mar 6 01:47:23 2026] POST /v2.0/ports => generated 1505 bytes in 953 msecs (HTTP/1.1 201) 4 headers in 163 bytes (1 switches on core 0) /var/lib/openstack/lib/python3.12/site-packages/pycadf/identifier.py:70: UserWarning: Invalid uuid: neutron. To ensure interoperability, identifiers should be a valid uuid. warnings.warn(('Invalid uuid: %s. To ensure interoperability, '
2026-03-06 01:47:24.736 7 INFO neutron.db.ovn_revision_numbers_db [None req-e6180ee6-c4b8-4ea6-9290-350d9692b502 1228cd1a2c684b4ba7cd1106bfcac004 bf937c29d8ca4cb48e544156b7abb0c2 - - default default] Successfully bumped revision number for resource 5a06bb89-33a9-4f2d-afea-c44d3e6318b2 (type: security_group_rules) to 0
2026-03-06 01:47:24.759 7 INFO neutron.db.ovn_revision_numbers_db [None req-e6180ee6-c4b8-4ea6-9290-350d9692b502 1228cd1a2c684b4ba7cd1106bfcac004 bf937c29d8ca4cb48e544156b7abb0c2 - - default default] Successfully bumped revision number for resource a0fa743e-5cd5-4bbf-b694-29cb10200dee (type: security_group_rules) to 0 [pid: 8|app: 0|req: 680/1301] 199.204.45.116 () {34 vars in 1080 bytes} [Fri Mar 6 01:47:24 2026] GET /v2.0/ports?tenant_id=154e52239e564146ae299a6cdd156507&device_id=9118d80b-6a38-4487-b961-7c4690aa3531 => generated 1213 bytes in 36 msecs (HTTP/1.1 200) 4 headers in 158 bytes (1 switches on core 0) [pid: 8|app: 0|req: 681/1302] 10.0.0.112 () {34 vars in 990 bytes} [Fri Mar 6 01:47:24 2026] GET /v2.0/ports?device_id=193a9d97-1da6-4cc5-b1b5-2992dcd2f866 => generated 12 bytes in 13 msecs (HTTP/1.1 200) 4 headers in 156 bytes (1 switches on core 0)
2026-03-06 01:47:24.784 7 INFO neutron.db.ovn_revision_numbers_db [None req-e6180ee6-c4b8-4ea6-9290-350d9692b502 1228cd1a2c684b4ba7cd1106bfcac004 bf937c29d8ca4cb48e544156b7abb0c2 - - default default] Successfully bumped revision number for resource f4c02de5-13c1-4c86-afc7-156b9136617f (type: security_group_rules) to 0
2026-03-06 01:47:24.812 7 INFO neutron.db.ovn_revision_numbers_db [None req-e6180ee6-c4b8-4ea6-9290-350d9692b502 1228cd1a2c684b4ba7cd1106bfcac004 bf937c29d8ca4cb48e544156b7abb0c2 - - default default] Successfully bumped revision number for resource fe83c903-0e55-4dcd-8d01-f478f7ee3fba (type: security_group_rules) to 0 [pid: 8|app: 0|req: 682/1303] 10.0.0.244 () {32 vars in 643 bytes} [Fri Mar 6 01:47:24 2026] GET /v2.0/ports => generated 3017 bytes in 73 msecs (HTTP/1.1 200) 4 headers in 158 bytes (1 switches on core 0) [pid: 8|app: 0|req: 683/1304] 199.204.45.116 () {34 vars in 986 bytes} [Fri Mar 6 01:47:24 2026] GET /v2.0/networks?id=8e284dfb-6afa-4146-92b7-ed1db72c4be4 => generated 774 bytes in 40 msecs (HTTP/1.1 200) 4 headers in 157 bytes (1 switches on core 0)
2026-03-06 01:47:24.929 7 INFO neutron.db.segments_db [None req-e6180ee6-c4b8-4ea6-9290-350d9692b502 1228cd1a2c684b4ba7cd1106bfcac004 bf937c29d8ca4cb48e544156b7abb0c2 - - default default] Added segment d2b21387-fa1e-414a-aaa1-d2d06754a116 of type geneve for network 4699acaa-1bad-4c89-98a6-d557da138f6f
2026-03-06 01:47:25.013 8 INFO neutron_taas.services.taas.taas_plugin [None req-9adaf998-9a25-4bf3-a2a7-488a8fd6f6eb fae5586231514c0e9ff97e2633302857 2abe743e5ab24b83b8beb5cfdcf917ee - - default default] TaaS: Handle Delete Port: 64fd444d-c4ac-448f-b497-9904a21f1da1
2026-03-06 01:47:25.016 8 INFO neutron_taas.services.taas.tap_mirror_plugin [None req-9adaf998-9a25-4bf3-a2a7-488a8fd6f6eb fae5586231514c0e9ff97e2633302857 2abe743e5ab24b83b8beb5cfdcf917ee - - default default] Tap Mirror: Handle Delete Port: 64fd444d-c4ac-448f-b497-9904a21f1da1
2026-03-06 01:47:25.177 7 INFO neutron.db.ovn_revision_numbers_db [None req-e6180ee6-c4b8-4ea6-9290-350d9692b502 1228cd1a2c684b4ba7cd1106bfcac004 bf937c29d8ca4cb48e544156b7abb0c2 - - default default] Successfully bumped revision number for resource 4699acaa-1bad-4c89-98a6-d557da138f6f (type: networks) to 1 [pid: 8|app: 0|req: 684/1305] 10.0.0.244 () {32 vars in 720 bytes} [Fri Mar 6 01:47:24 2026] DELETE /v2.0/ports/64fd444d-c4ac-448f-b497-9904a21f1da1 => generated 0 bytes in 335 msecs (HTTP/1.1 204) 3 headers in 131 bytes (1 switches on core 0) [pid: 8|app: 0|req: 685/1306] 199.204.45.116 () {34 vars in 1060 bytes} [Fri Mar 6 01:47:25 2026] GET /v2.0/floatingips?fixed_ip_address=10.100.0.10&port_id=6db924a8-aaf4-4d4f-8c60-af17ee99a698 => generated 861 bytes in 50 msecs (HTTP/1.1 200) 4 headers in 157 bytes (1 switches on core 0) [pid: 8|app: 0|req: 686/1307] 10.0.0.112 () {34 vars in 990 bytes} [Fri Mar 6 01:47:25 2026] GET /v2.0/ports?device_id=9118d80b-6a38-4487-b961-7c4690aa3531 => generated 975 bytes in 39 msecs (HTTP/1.1 200) 4 headers in 157 bytes (1 switches on core 0)
2026-03-06 01:47:25.464 8 INFO neutron_taas.services.taas.taas_plugin [None req-70a12051-57c7-48cd-8717-c10546b20230 fae5586231514c0e9ff97e2633302857 2abe743e5ab24b83b8beb5cfdcf917ee - - default default] TaaS: Handle Delete Port: 317a39a2-178c-4fc6-aae3-74d103feabee
2026-03-06 01:47:25.466 8 INFO neutron_taas.services.taas.tap_mirror_plugin [None req-70a12051-57c7-48cd-8717-c10546b20230 fae5586231514c0e9ff97e2633302857 2abe743e5ab24b83b8beb5cfdcf917ee - - default default] Tap Mirror: Handle Delete Port: 317a39a2-178c-4fc6-aae3-74d103feabee
2026-03-06 01:47:25.559 7 INFO neutron.db.ovn_revision_numbers_db [None req-2ca8e842-8adb-451a-b054-c15a773d1c2a - - - - - -] Successfully bumped revision number for resource 4882c074-f35e-4fde-8efa-c478d92b1b08 (type: ports) to 2 [pid: 8|app: 0|req: 687/1308] 10.0.0.244 () {32 vars in 720 bytes} [Fri Mar 6 01:47:25 2026] DELETE /v2.0/ports/317a39a2-178c-4fc6-aae3-74d103feabee => generated 0 bytes in 319 msecs (HTTP/1.1 204) 3 headers in 131 bytes (1 switches on core 0) [pid: 8|app: 0|req: 688/1309] 199.204.45.116 () {34 vars in 984 bytes} [Fri Mar 6 01:47:25 2026] GET /v2.0/subnets?id=caf8c03f-3a05-4cfd-8ade-8a53fbdb94d3 => generated 693 bytes in 36 msecs (HTTP/1.1 200) 4 headers in 157 bytes (1 switches on core 0)
2026-03-06 01:47:25.692 7 WARNING neutron.scheduler.dhcp_agent_scheduler [None req-e6180ee6-c4b8-4ea6-9290-350d9692b502 1228cd1a2c684b4ba7cd1106bfcac004 bf937c29d8ca4cb48e544156b7abb0c2 - - default default] No more DHCP agents [pid: 8|app: 0|req: 689/1310] 10.0.0.112 () {34 vars in 1040 bytes} [Fri Mar 6 01:47:25 2026] GET /v2.0/security-groups?id=38c4c7ca-db99-4a7d-9e21-706000d655f0&fields=id&fields=name => generated 114 bytes in 29 msecs (HTTP/1.1 200) 4 headers in 157 bytes (1 switches on core 0)
2026-03-06 01:47:25.703 7 WARNING neutron.api.rpc.agentnotifiers.dhcp_rpc_agent_api [None req-e6180ee6-c4b8-4ea6-9290-350d9692b502 1228cd1a2c684b4ba7cd1106bfcac004 bf937c29d8ca4cb48e544156b7abb0c2 - - default default] Unable to schedule network 4699acaa-1bad-4c89-98a6-d557da138f6f: no agents available; will retry on subsequent port and subnet creation events. [pid: 8|app: 0|req: 690/1311] 10.0.0.244 () {32 vars in 643 bytes} [Fri Mar 6 01:47:25 2026] GET /v2.0/ports => generated 1523 bytes in 41 msecs (HTTP/1.1 200) 4 headers in 158 bytes (1 switches on core 0) [pid: 8|app: 0|req: 691/1312] 199.204.45.116 () {34 vars in 1052 bytes} [Fri Mar 6 01:47:25 2026] GET /v2.0/ports?network_id=8e284dfb-6afa-4146-92b7-ed1db72c4be4&device_owner=network%3Adhcp => generated 12 bytes in 17 msecs (HTTP/1.1 200) 4 headers in 156 bytes (1 switches on core 0)
2026-03-06 01:47:25.873 8 INFO neutron.db.segments_db [None req-316b33a3-e129-4a8d-ad22-c57703afd50e fae5586231514c0e9ff97e2633302857 2abe743e5ab24b83b8beb5cfdcf917ee - - default default] Added segment dfab00fb-0253-48ab-83de-73307ac1a407 of type geneve for network 261499f5-7a74-44ce-bc26-ea31c2ba436b
2026-03-06 01:47:25.901 7 INFO neutron.db.ovn_revision_numbers_db [None req-e6180ee6-c4b8-4ea6-9290-350d9692b502 1228cd1a2c684b4ba7cd1106bfcac004 bf937c29d8ca4cb48e544156b7abb0c2 - - default default] Successfully bumped revision number for resource dd56f004-9c4a-4d86-b5e2-5f276a9d861c (type: ports) to 1 [pid: 7|app: 0|req: 622/1313] 10.0.0.244 () {34 vars in 671 bytes} [Fri Mar 6 01:47:24 2026] POST /v2.0/networks => generated 744 bytes in 1663 msecs (HTTP/1.1 201) 4 headers in 162 bytes (1 switches on core 0) [pid: 7|app: 0|req: 623/1314] 199.204.45.116 () {34 vars in 1012 bytes} [Fri Mar 6 01:47:25 2026] GET /v2.0/networks/8e284dfb-6afa-4146-92b7-ed1db72c4be4?fields=segments => generated 14 bytes in 37 msecs (HTTP/1.1 200) 4 headers in 156 bytes (1 switches on core 0) [pid: 7|app: 0|req: 624/1315] 10.0.0.112 () {34 vars in 990 bytes} [Fri Mar 6 01:47:25 2026] GET /v2.0/ports?device_id=193a9d97-1da6-4cc5-b1b5-2992dcd2f866 => generated 12 bytes in 44 msecs (HTTP/1.1 200) 4 headers in 156 bytes (1 switches on core 0)
2026-03-06 01:47:26.011 8 INFO neutron.db.ovn_revision_numbers_db [None req-316b33a3-e129-4a8d-ad22-c57703afd50e fae5586231514c0e9ff97e2633302857 2abe743e5ab24b83b8beb5cfdcf917ee - - default default] Successfully bumped revision number for resource 261499f5-7a74-44ce-bc26-ea31c2ba436b (type: networks) to 1
2026-03-06 01:47:26.165 7 WARNING neutron.scheduler.dhcp_agent_scheduler [None req-2c779833-f3b4-4012-af6d-07e26cbc3e9b 1228cd1a2c684b4ba7cd1106bfcac004 bf937c29d8ca4cb48e544156b7abb0c2 - - default default] No more DHCP agents
2026-03-06 01:47:26.167 7 WARNING neutron.api.rpc.agentnotifiers.dhcp_rpc_agent_api [None req-2c779833-f3b4-4012-af6d-07e26cbc3e9b 1228cd1a2c684b4ba7cd1106bfcac004 bf937c29d8ca4cb48e544156b7abb0c2 - - default default] Unable to schedule network 4699acaa-1bad-4c89-98a6-d557da138f6f: no agents available; will retry on subsequent port and subnet creation events.
2026-03-06 01:47:26.177 8 WARNING neutron.scheduler.dhcp_agent_scheduler [None req-316b33a3-e129-4a8d-ad22-c57703afd50e fae5586231514c0e9ff97e2633302857 2abe743e5ab24b83b8beb5cfdcf917ee - - default default] No more DHCP agents
2026-03-06 01:47:26.179 8 WARNING neutron.api.rpc.agentnotifiers.dhcp_rpc_agent_api [None req-316b33a3-e129-4a8d-ad22-c57703afd50e fae5586231514c0e9ff97e2633302857 2abe743e5ab24b83b8beb5cfdcf917ee - - default default] Unable to schedule network 261499f5-7a74-44ce-bc26-ea31c2ba436b: no agents available; will retry on subsequent port and subnet creation events.
2026-03-06 01:47:26.311 8 INFO neutron.db.ovn_revision_numbers_db [None req-316b33a3-e129-4a8d-ad22-c57703afd50e fae5586231514c0e9ff97e2633302857 2abe743e5ab24b83b8beb5cfdcf917ee - - default default] Successfully bumped revision number for resource 16d5b613-e606-43f4-9890-032fbc66223e (type: ports) to 1 [pid: 8|app: 0|req: 692/1316] 10.0.0.244 () {34 vars in 670 bytes} [Fri Mar 6 01:47:25 2026] POST /v2.0/networks => generated 654 bytes in 571 msecs (HTTP/1.1 201) 4 headers in 162 bytes (1 switches on core 0) [pid: 8|app: 0|req: 693/1317] 199.204.45.116 () {34 vars in 1112 bytes} [Fri Mar 6 01:47:26 2026] GET /v2.0/networks/8e284dfb-6afa-4146-92b7-ed1db72c4be4?fields=provider%3Aphysical_network&fields=provider%3Anetwork_type => generated 79 bytes in 36 msecs (HTTP/1.1 200) 4 headers in 156 bytes (1 switches on core 0)
2026-03-06 01:47:26.453 8 INFO neutron.db.segments_db [None req-06a7db05-3e20-4440-8c32-49db9d8c84af fae5586231514c0e9ff97e2633302857 2abe743e5ab24b83b8beb5cfdcf917ee - - default default] Added segment fbd7ac8e-b9e6-42d8-a5c4-10022098d981 of type geneve for network 0b8843e9-5c65-433c-b28a-9105a237ac81
2026-03-06 01:47:26.583 8 INFO neutron.db.ovn_revision_numbers_db [None req-06a7db05-3e20-4440-8c32-49db9d8c84af fae5586231514c0e9ff97e2633302857 2abe743e5ab24b83b8beb5cfdcf917ee - - default default] Successfully bumped revision number for resource 0b8843e9-5c65-433c-b28a-9105a237ac81 (type: networks) to 1
2026-03-06 01:47:26.649 7 INFO neutron.db.ovn_revision_numbers_db [None req-5fd2f609-87d8-496e-a1fb-848325537419 - - - - - -] Successfully bumped revision number for resource dd56f004-9c4a-4d86-b5e2-5f276a9d861c (type: ports) to 2
2026-03-06 01:47:26.676 7 INFO neutron.db.ovn_revision_numbers_db [None req-5fd2f609-87d8-496e-a1fb-848325537419 - - - - - -] Successfully bumped revision number for resource e28a7af4-7891-4395-bccc-3bdae79c8560 (type: subnets) to 0 [pid: 7|app: 0|req: 625/1318] 10.0.0.244 () {34 vars in 669 bytes} [Fri Mar 6 01:47:26 2026] POST /v2.0/subnets => generated 688 bytes in 685 msecs (HTTP/1.1 201) 4 headers in 162 bytes (1 switches on core 0)
2026-03-06 01:47:26.769 8 WARNING neutron.scheduler.dhcp_agent_scheduler [None req-06a7db05-3e20-4440-8c32-49db9d8c84af fae5586231514c0e9ff97e2633302857 2abe743e5ab24b83b8beb5cfdcf917ee - - default default] No more DHCP agents
2026-03-06 01:47:26.770 8 WARNING neutron.api.rpc.agentnotifiers.dhcp_rpc_agent_api [None req-06a7db05-3e20-4440-8c32-49db9d8c84af fae5586231514c0e9ff97e2633302857 2abe743e5ab24b83b8beb5cfdcf917ee - - default default] Unable to schedule network 0b8843e9-5c65-433c-b28a-9105a237ac81: no agents available; will retry on subsequent port and subnet creation events.
2026-03-06 01:47:26.896 8 INFO neutron.db.ovn_revision_numbers_db [None req-06a7db05-3e20-4440-8c32-49db9d8c84af fae5586231514c0e9ff97e2633302857 2abe743e5ab24b83b8beb5cfdcf917ee - - default default] Successfully bumped revision number for resource 9746da39-9101-44bd-9c89-741c7b1e1875 (type: ports) to 1 [pid: 8|app: 0|req: 694/1319] 10.0.0.244 () {34 vars in 670 bytes} [Fri Mar 6 01:47:26 2026] POST /v2.0/networks => generated 653 bytes in 556 msecs (HTTP/1.1 201) 4 headers in 162 bytes (1 switches on core 0) [pid: 8|app: 0|req: 695/1320] 10.0.0.112 () {34 vars in 990 bytes} [Fri Mar 6 01:47:26 2026] GET /v2.0/ports?device_id=9118d80b-6a38-4487-b961-7c4690aa3531 => generated 975 bytes in 71 msecs (HTTP/1.1 200) 4 headers in 157 bytes (1 switches on core 0) [pid: 8|app: 0|req: 696/1321] 10.0.0.112 () {34 vars in 1040 bytes} [Fri Mar 6 01:47:27 2026] GET /v2.0/security-groups?id=38c4c7ca-db99-4a7d-9e21-706000d655f0&fields=id&fields=name => generated 114 bytes in 45 msecs (HTTP/1.1 200) 4 headers in 157 bytes (1 switches on core 0) [pid: 8|app: 0|req: 697/1322] 10.0.0.112 () {34 vars in 990 bytes} [Fri Mar 6 01:47:27 2026] GET /v2.0/ports?device_id=193a9d97-1da6-4cc5-b1b5-2992dcd2f866 => generated 12 bytes in 21 msecs (HTTP/1.1 200) 4 headers in 156 bytes (1 switches on core 0)
2026-03-06 01:47:27.186 7 WARNING neutron.scheduler.dhcp_agent_scheduler [None req-cd675a6b-54dc-442b-88ce-06a120f761e2 1228cd1a2c684b4ba7cd1106bfcac004 bf937c29d8ca4cb48e544156b7abb0c2 - - default default] No more DHCP agents
2026-03-06 01:47:27.187 7 WARNING neutron.api.rpc.agentnotifiers.dhcp_rpc_agent_api [None req-cd675a6b-54dc-442b-88ce-06a120f761e2 1228cd1a2c684b4ba7cd1106bfcac004 bf937c29d8ca4cb48e544156b7abb0c2 - - default default] Unable to schedule network 8a2d0483-6c7e-4bdd-9b3e-d0dc1e7a4947: no agents available; will retry on subsequent port and subnet creation events.
2026-03-06 01:47:27.378 7 INFO neutron.db.ovn_revision_numbers_db [None req-cd675a6b-54dc-442b-88ce-06a120f761e2 1228cd1a2c684b4ba7cd1106bfcac004 bf937c29d8ca4cb48e544156b7abb0c2 - - default default] Successfully bumped revision number for resource cd23e19d-2ba1-45f7-a4be-d25ce6b3cc9c (type: ports) to 1
2026-03-06 01:47:27.726 8 WARNING neutron.scheduler.dhcp_agent_scheduler [None req-835a383c-53c7-4483-99bc-adc92ed2cb4d fae5586231514c0e9ff97e2633302857 2abe743e5ab24b83b8beb5cfdcf917ee - - default default] No more DHCP agents
2026-03-06 01:47:27.727 8 WARNING neutron.api.rpc.agentnotifiers.dhcp_rpc_agent_api [None req-835a383c-53c7-4483-99bc-adc92ed2cb4d fae5586231514c0e9ff97e2633302857 2abe743e5ab24b83b8beb5cfdcf917ee - - default default] Unable to schedule network 261499f5-7a74-44ce-bc26-ea31c2ba436b: no agents available; will retry on subsequent port and subnet creation events.
2026-03-06 01:47:27.767 8 INFO neutron.db.ovn_revision_numbers_db [None req-835a383c-53c7-4483-99bc-adc92ed2cb4d fae5586231514c0e9ff97e2633302857 2abe743e5ab24b83b8beb5cfdcf917ee - - default default] Successfully bumped revision number for resource a64b2aaf-e003-44d1-9159-4dcc25ddf786 (type: subnets) to 0
2026-03-06 01:47:27.796 8 WARNING neutron.scheduler.dhcp_agent_scheduler [None req-835a383c-53c7-4483-99bc-adc92ed2cb4d fae5586231514c0e9ff97e2633302857 2abe743e5ab24b83b8beb5cfdcf917ee - - default default] No more DHCP agents
2026-03-06 01:47:27.797 8 WARNING neutron.api.rpc.agentnotifiers.dhcp_rpc_agent_api [None req-835a383c-53c7-4483-99bc-adc92ed2cb4d fae5586231514c0e9ff97e2633302857 2abe743e5ab24b83b8beb5cfdcf917ee - - default default] Unable to schedule network 0b8843e9-5c65-433c-b28a-9105a237ac81: no agents available; will retry on subsequent port and subnet creation events.
2026-03-06 01:47:27.840 8 INFO neutron.db.ovn_revision_numbers_db [None req-835a383c-53c7-4483-99bc-adc92ed2cb4d fae5586231514c0e9ff97e2633302857 2abe743e5ab24b83b8beb5cfdcf917ee - - default default] Successfully bumped revision number for resource bb69c1b5-e800-4ab5-b0a2-072000862d14 (type: subnets) to 0 [pid: 8|app: 0|req: 698/1323] 10.0.0.244 () {34 vars in 669 bytes} [Fri Mar 6 01:47:27 2026] POST /v2.0/subnets => generated 1323 bytes in 441 msecs (HTTP/1.1 201) 4 headers in 163 bytes (1 switches on core 0) [pid: 8|app: 0|req: 699/1324] 10.0.0.244 () {32 vars in 647 bytes} [Fri Mar 6 01:47:27 2026] GET /v2.0/subnets => generated 1959 bytes in 42 msecs (HTTP/1.1 200) 4 headers in 158 bytes (1 switches on core 0)
2026-03-06 01:47:27.961 7 INFO neutron.plugins.ml2.drivers.ovn.mech_driver.ovsdb.commands [-] Schedule LRP lrp-cd23e19d-2ba1-45f7-a4be-d25ce6b3cc9c on gateway 1c4fdf7d-c4ca-427a-8d56-3f0160daa416 with priority 1
2026-03-06 01:47:28.094 7 INFO neutron.plugins.ml2.drivers.ovn.mech_driver.ovsdb.ovsdb_monitor [None req-69a3fcd9-47ef-4a10-b5e4-46f93fec4778 - - - - - -] Router 8003099d-7577-4357-9865-c78f11a4cc1a is bound to host instance [pid: 8|app: 0|req: 700/1325] 10.0.0.244 () {32 vars in 724 bytes} [Fri Mar 6 01:47:27 2026] DELETE /v2.0/subnets/a64b2aaf-e003-44d1-9159-4dcc25ddf786 => generated 0 bytes in 290 msecs (HTTP/1.1 204) 3 headers in 131 bytes (1 switches on core 0)
2026-03-06 01:47:28.209 7 INFO neutron.db.ovn_revision_numbers_db [None req-cd675a6b-54dc-442b-88ce-06a120f761e2 1228cd1a2c684b4ba7cd1106bfcac004 bf937c29d8ca4cb48e544156b7abb0c2 - - default default] Successfully bumped revision number for resource cd23e19d-2ba1-45f7-a4be-d25ce6b3cc9c (type: router_ports) to 1 [pid: 8|app: 0|req: 701/1326] 10.0.0.112 () {34 vars in 990 bytes} [Fri Mar 6 01:47:28 2026] GET /v2.0/ports?device_id=9118d80b-6a38-4487-b961-7c4690aa3531 => generated 975 bytes in 50 msecs (HTTP/1.1 200) 4 headers in 157 bytes (1 switches on core 0) [pid: 8|app: 0|req: 702/1327] 10.0.0.112 () {34 vars in 990 bytes} [Fri Mar 6 01:47:28 2026] GET /v2.0/ports?device_id=193a9d97-1da6-4cc5-b1b5-2992dcd2f866 => generated 12 bytes in 21 msecs (HTTP/1.1 200) 4 headers in 156 bytes (1 switches on core 0)
2026-03-06 01:47:28.360 7 INFO neutron.db.ovn_revision_numbers_db [None req-cd675a6b-54dc-442b-88ce-06a120f761e2 1228cd1a2c684b4ba7cd1106bfcac004 bf937c29d8ca4cb48e544156b7abb0c2 - - default default] Successfully bumped revision number for resource 8003099d-7577-4357-9865-c78f11a4cc1a (type: routers) to 2 [pid: 7|app: 0|req: 626/1328] 10.0.0.244 () {34 vars in 669 bytes} [Fri Mar 6 01:47:26 2026] POST /v2.0/routers => generated 966 bytes in 1696 msecs (HTTP/1.1 201) 4 headers in 162 bytes (1 switches on core 0) [pid: 8|app: 0|req: 703/1329] 10.0.0.244 () {32 vars in 724 bytes} [Fri Mar 6 01:47:28 2026] DELETE /v2.0/subnets/bb69c1b5-e800-4ab5-b0a2-072000862d14 => generated 0 bytes in 148 msecs (HTTP/1.1 204) 3 headers in 131 bytes (1 switches on core 0) [pid: 7|app: 0|req: 627/1330] 10.0.0.112 () {34 vars in 1040 bytes} [Fri Mar 6 01:47:28 2026] GET /v2.0/security-groups?id=38c4c7ca-db99-4a7d-9e21-706000d655f0&fields=id&fields=name => generated 114 bytes in 116 msecs (HTTP/1.1 200) 4 headers in 157 bytes (1 switches on core 0) [pid: 7|app: 0|req: 628/1331] 10.0.0.244 () {32 vars in 647 bytes} [Fri Mar 6 01:47:28 2026] GET /v2.0/subnets => generated 649 bytes in 115 msecs (HTTP/1.1 200) 4 headers in 157 bytes (1 switches on core 0)
2026-03-06 01:47:28.851 7 INFO neutron_taas.services.taas.taas_plugin [None req-ef33884c-68b6-491a-93cb-8102053812a0 fae5586231514c0e9ff97e2633302857 2abe743e5ab24b83b8beb5cfdcf917ee - - default default] TaaS: Handle Delete Port: 9746da39-9101-44bd-9c89-741c7b1e1875
2026-03-06 01:47:28.859 7 INFO neutron_taas.services.taas.tap_mirror_plugin [None req-ef33884c-68b6-491a-93cb-8102053812a0 fae5586231514c0e9ff97e2633302857 2abe743e5ab24b83b8beb5cfdcf917ee - - default default] Tap Mirror: Handle Delete Port: 9746da39-9101-44bd-9c89-741c7b1e1875
2026-03-06 01:47:28.915 8 WARNING neutron.scheduler.dhcp_agent_scheduler [None req-bfaa2456-61ec-4117-814f-98ddf783abba 1228cd1a2c684b4ba7cd1106bfcac004 bf937c29d8ca4cb48e544156b7abb0c2 - - default default] No more DHCP agents
2026-03-06 01:47:28.916 8 WARNING neutron.api.rpc.agentnotifiers.dhcp_rpc_agent_api [None req-bfaa2456-61ec-4117-814f-98ddf783abba 1228cd1a2c684b4ba7cd1106bfcac004 bf937c29d8ca4cb48e544156b7abb0c2 - - default default] Unable to schedule network 4699acaa-1bad-4c89-98a6-d557da138f6f: no agents available; will retry on subsequent port and subnet creation events.
2026-03-06 01:47:29.061 8 INFO neutron.db.ovn_revision_numbers_db [None req-bfaa2456-61ec-4117-814f-98ddf783abba 1228cd1a2c684b4ba7cd1106bfcac004 bf937c29d8ca4cb48e544156b7abb0c2 - - default default] Successfully bumped revision number for resource 76181ae8-984a-4ba2-b577-e6200bc56ee9 (type: ports) to 1
2026-03-06 01:47:29.319 7 INFO neutron.services.segments.plugin [-] Segment fbd7ac8e-b9e6-42d8-a5c4-10022098d981 resource provider aggregate not found
2026-03-06 01:47:29.324 7 INFO neutron.services.segments.plugin [-] Segment fbd7ac8e-b9e6-42d8-a5c4-10022098d981 resource provider aggregate not found
2026-03-06 01:47:29.342 7 INFO neutron.services.segments.plugin [-] Segment fbd7ac8e-b9e6-42d8-a5c4-10022098d981 resource provider not found; error: Placement Client Error (4xx): {"errors": [{"status": 404, "title": "Not Found", "detail": "The resource could not be found.\n\n No resource provider with uuid fbd7ac8e-b9e6-42d8-a5c4-10022098d981 found for delete ", "request_id": "req-1563984b-421c-4223-9aef-3281f17f0953"}]}
2026-03-06 01:47:29.343 7 INFO neutron.services.segments.plugin [-] Segment fbd7ac8e-b9e6-42d8-a5c4-10022098d981 resource provider not found; error: Placement Client Error (4xx): {"errors": [{"status": 404, "title": "Not Found", "detail": "The resource could not be found.\n\n No resource provider with uuid fbd7ac8e-b9e6-42d8-a5c4-10022098d981 found for delete ", "request_id": "req-2fc88fa8-7fe9-4718-9763-a9d05fc80778"}]} [pid: 7|app: 0|req: 629/1332] 10.0.0.244 () {32 vars in 726 bytes} [Fri Mar 6 01:47:28 2026] DELETE /v2.0/networks/0b8843e9-5c65-433c-b28a-9105a237ac81 => generated 0 bytes in 825 msecs (HTTP/1.1 204) 3 headers in 131 bytes (1 switches on core 0) [pid: 7|app: 0|req: 630/1333] 199.204.45.116 () {34 vars in 986 bytes} [Fri Mar 6 01:47:29 2026] GET /v2.0/networks?id=f9e04627-b313-40b7-8337-dd32755b2b9e => generated 678 bytes in 81 msecs (HTTP/1.1 200) 4 headers in 157 bytes (1 switches on core 0) [pid: 7|app: 0|req: 631/1334] 10.0.0.112 () {34 vars in 990 bytes} [Fri Mar 6 01:47:29 2026] GET /v2.0/ports?device_id=193a9d97-1da6-4cc5-b1b5-2992dcd2f866 => generated 12 bytes in 31 msecs (HTTP/1.1 200) 4 headers in 156 bytes (1 switches on core 0)
2026-03-06 01:47:29.813 8 WARNING neutron.scheduler.dhcp_agent_scheduler [None req-bfaa2456-61ec-4117-814f-98ddf783abba 1228cd1a2c684b4ba7cd1106bfcac004 bf937c29d8ca4cb48e544156b7abb0c2 - - default default] No more DHCP agents
2026-03-06 01:47:29.815 8 WARNING neutron.api.rpc.agentnotifiers.dhcp_rpc_agent_api [None req-bfaa2456-61ec-4117-814f-98ddf783abba 1228cd1a2c684b4ba7cd1106bfcac004 bf937c29d8ca4cb48e544156b7abb0c2 - - default default] Unable to schedule network 4699acaa-1bad-4c89-98a6-d557da138f6f: no agents available; will retry on subsequent port and subnet creation events.
2026-03-06 01:47:29.847 7 INFO neutron_taas.services.taas.taas_plugin [None req-3bee5233-e5f7-4786-9eae-fb9c8fd4bea6 fae5586231514c0e9ff97e2633302857 2abe743e5ab24b83b8beb5cfdcf917ee - - default default] TaaS: Handle Delete Port: 16d5b613-e606-43f4-9890-032fbc66223e
2026-03-06 01:47:29.853 7 INFO neutron_taas.services.taas.tap_mirror_plugin [None req-3bee5233-e5f7-4786-9eae-fb9c8fd4bea6 fae5586231514c0e9ff97e2633302857 2abe743e5ab24b83b8beb5cfdcf917ee - - default default] Tap Mirror: Handle Delete Port: 16d5b613-e606-43f4-9890-032fbc66223e
2026-03-06 01:47:29.862 7 INFO neutron.db.ovn_revision_numbers_db [None req-526fd7dc-da78-4a41-bab3-a31b484d2bee - - - - - -] Successfully bumped revision number for resource cd23e19d-2ba1-45f7-a4be-d25ce6b3cc9c (type: ports) to 4 [pid: 7|app: 0|req: 632/1335] 10.0.0.244 () {32 vars in 726 bytes} [Fri Mar 6 01:47:29 2026] DELETE /v2.0/networks/261499f5-7a74-44ce-bc26-ea31c2ba436b => generated 0 bytes in 743 msecs (HTTP/1.1 204) 3 headers in 131 bytes (1 switches on core 0)
2026-03-06 01:47:30.423 8 INFO neutron.db.ovn_revision_numbers_db [None req-bfaa2456-61ec-4117-814f-98ddf783abba 1228cd1a2c684b4ba7cd1106bfcac004 bf937c29d8ca4cb48e544156b7abb0c2 - - default default] Successfully bumped revision number for resource 76181ae8-984a-4ba2-b577-e6200bc56ee9 (type: router_ports) to 1 [pid: 8|app: 0|req: 704/1336] 10.0.0.244 () {34 vars in 783 bytes} [Fri Mar 6 01:47:28 2026] PUT /v2.0/routers/8003099d-7577-4357-9865-c78f11a4cc1a/add_router_interface => generated 309 bytes in 2000 msecs (HTTP/1.1 200) 4 headers in 157 bytes (1 switches on core 0) [pid: 8|app: 0|req: 705/1337] 10.0.0.112 () {34 vars in 990 bytes} [Fri Mar 6 01:47:30 2026] GET /v2.0/ports?device_id=9118d80b-6a38-4487-b961-7c4690aa3531 => generated 975 bytes in 38 msecs (HTTP/1.1 200) 4 headers in 157 bytes (1 switches on core 0)
2026-03-06 01:47:30.575 8 INFO neutron_taas.services.taas.taas_plugin [None req-c988af56-6f32-482d-b3e4-105ff9826d1c fae5586231514c0e9ff97e2633302857 2abe743e5ab24b83b8beb5cfdcf917ee - - default default] TaaS: Handle Delete Port: e6e1c41a-16c7-4c6d-963b-414717b06355
2026-03-06 01:47:30.577 8 INFO neutron_taas.services.taas.tap_mirror_plugin [None req-c988af56-6f32-482d-b3e4-105ff9826d1c fae5586231514c0e9ff97e2633302857 2abe743e5ab24b83b8beb5cfdcf917ee - - default default] Tap Mirror: Handle Delete Port: e6e1c41a-16c7-4c6d-963b-414717b06355
2026-03-06 01:47:30.729 7 WARNING neutron.plugins.ml2.drivers.ovn.mech_driver.ovsdb.ovn_client [None req-8f4dc9aa-d215-4986-9105-375260822ebc - - - - - -] No hosting information found for port 4882c074-f35e-4fde-8efa-c478d92b1b08: RuntimeError: No hosting information found for port 4882c074-f35e-4fde-8efa-c478d92b1b08
2026-03-06 01:47:30.729 7 INFO neutron.plugins.ml2.drivers.ovn.mech_driver.mech_driver [None req-8f4dc9aa-d215-4986-9105-375260822ebc - - - - - -] OVN reports status up for port: a65a3795-00fc-4d07-affd-5f1ce0742d8a
2026-03-06 01:47:30.785 8 INFO neutron.services.segments.plugin [-] Segment 827749ee-0695-481f-8dbb-d66a69788f99 resource provider aggregate not found
2026-03-06 01:47:30.788 7 INFO neutron.db.ovn_revision_numbers_db [None req-526fd7dc-da78-4a41-bab3-a31b484d2bee - - - - - -] Successfully bumped revision number for resource cd23e19d-2ba1-45f7-a4be-d25ce6b3cc9c (type: ports) to 5
2026-03-06 01:47:30.793 8 INFO neutron.services.segments.plugin [-] Segment 827749ee-0695-481f-8dbb-d66a69788f99 resource provider aggregate not found
2026-03-06 01:47:30.810 8 INFO neutron.services.segments.plugin [-] Segment 827749ee-0695-481f-8dbb-d66a69788f99 resource provider not found; error: Placement Client Error (4xx): {"errors": [{"status": 404, "title": "Not Found", "detail": "The resource could not be found.\n\n No resource provider with uuid 827749ee-0695-481f-8dbb-d66a69788f99 found for delete ", "request_id": "req-ef8ea1fc-8276-4fd6-a5e7-6720b6434713"}]}
2026-03-06 01:47:30.811 8 INFO neutron.services.segments.plugin [-] Segment 827749ee-0695-481f-8dbb-d66a69788f99 resource provider not found; error: Placement Client Error (4xx): {"errors": [{"status": 404, "title": "Not Found", "detail": "The resource could not be found.\n\n No resource provider with uuid 827749ee-0695-481f-8dbb-d66a69788f99 found for delete ", "request_id": "req-dded8114-a8cd-4e83-9a97-8eeffd9173af"}]} [pid: 8|app: 0|req: 706/1338] 10.0.0.244 () {32 vars in 726 bytes} [Fri Mar 6 01:47:30 2026] DELETE /v2.0/networks/5f753557-73c1-4611-a957-ac7c6d3005b1 => generated 0 bytes in 389 msecs (HTTP/1.1 204) 3 headers in 131 bytes (1 switches on core 0) [pid: 8|app: 0|req: 707/1339] 10.0.0.112 () {34 vars in 1040 bytes} [Fri Mar 6 01:47:30 2026] GET /v2.0/security-groups?id=38c4c7ca-db99-4a7d-9e21-706000d655f0&fields=id&fields=name => generated 114 bytes in 31 msecs (HTTP/1.1 200) 4 headers in 157 bytes (1 switches on core 0) [pid: 8|app: 0|req: 708/1340] 10.0.0.112 () {34 vars in 990 bytes} [Fri Mar 6 01:47:30 2026] GET /v2.0/ports?device_id=193a9d97-1da6-4cc5-b1b5-2992dcd2f866 => generated 12 bytes in 18 msecs (HTTP/1.1 200) 4 headers in 156 bytes (1 switches on core 0)
2026-03-06 01:47:30.922 7 INFO neutron.plugins.ml2.plugin [None req-8f4dc9aa-d215-4986-9105-375260822ebc - - - - - -] Attempt 1 to provision port a65a3795-00fc-4d07-affd-5f1ce0742d8a
2026-03-06 01:47:31.015 8 INFO neutron_taas.services.taas.taas_plugin [None req-23b3aa4d-ee8b-47bd-9e4f-66a188698343 fae5586231514c0e9ff97e2633302857 2abe743e5ab24b83b8beb5cfdcf917ee - - default default] TaaS: Handle Delete Port: fbbe0d63-c625-48e1-9dc2-85dc5c63908a
2026-03-06 01:47:31.017 8 INFO neutron_taas.services.taas.tap_mirror_plugin [None req-23b3aa4d-ee8b-47bd-9e4f-66a188698343 fae5586231514c0e9ff97e2633302857 2abe743e5ab24b83b8beb5cfdcf917ee - - default default] Tap Mirror: Handle Delete Port: fbbe0d63-c625-48e1-9dc2-85dc5c63908a
2026-03-06 01:47:31.225 7 WARNING neutron.scheduler.dhcp_agent_scheduler [req-ba86231d-c0b4-4777-bfe0-ffe50dfecdd8 req-3dc89914-ce98-4a65-af03-2947a87c9e3a 76fabfe6ce494e559d5b1d862a22d7fb c9580d31dc2246539fdaa8dc9894d962 - - default default] No more DHCP agents
2026-03-06 01:47:31.230 7 WARNING neutron.api.rpc.agentnotifiers.dhcp_rpc_agent_api [req-ba86231d-c0b4-4777-bfe0-ffe50dfecdd8 req-3dc89914-ce98-4a65-af03-2947a87c9e3a 76fabfe6ce494e559d5b1d862a22d7fb c9580d31dc2246539fdaa8dc9894d962 - - default default] Unable to schedule network f9e04627-b313-40b7-8337-dd32755b2b9e: no agents available; will retry on subsequent port and subnet creation events. [pid: 8|app: 0|req: 709/1341] 10.0.0.244 () {32 vars in 726 bytes} [Fri Mar 6 01:47:30 2026] DELETE /v2.0/networks/6d9808ea-5cd1-43e9-8b8d-52c20053bb9e => generated 0 bytes in 339 msecs (HTTP/1.1 204) 3 headers in 131 bytes (1 switches on core 0)
2026-03-06 01:47:31.363 7 INFO neutron.services.segments.plugin [-] Segment dfab00fb-0253-48ab-83de-73307ac1a407 resource provider aggregate not found
2026-03-06 01:47:31.370 7 INFO neutron.services.segments.plugin [-] Segment dfab00fb-0253-48ab-83de-73307ac1a407 resource provider aggregate not found
2026-03-06 01:47:31.385 8 INFO neutron.db.ovn_revision_numbers_db [None req-d070bd80-4830-4884-ac1d-a908a594c93f b30f91167f8c4752944383bfad85000b 23fd1c9cf8994a0893f6fed72c29dced - - default default] Successfully bumped revision number for resource 84db08db-28e5-4fce-acee-9e727d0e5a87 (type: security_groups) to 1
2026-03-06 01:47:31.385 7 INFO neutron.services.segments.plugin [-] Segment dfab00fb-0253-48ab-83de-73307ac1a407 resource provider not found; error: Placement Client Error (4xx): {"errors": [{"status": 404, "title": "Not Found", "detail": "The resource could not be found.\n\n No resource provider with uuid dfab00fb-0253-48ab-83de-73307ac1a407 found for delete ", "request_id": "req-7f14e6af-90a0-4dd4-92e0-bd3eb521327a"}]}
2026-03-06 01:47:31.389 7 INFO neutron.services.segments.plugin [-] Segment dfab00fb-0253-48ab-83de-73307ac1a407 resource provider not found; error: Placement Client Error (4xx): {"errors": [{"status": 404, "title": "Not Found", "detail": "The resource could not be found.\n\n No resource provider with uuid dfab00fb-0253-48ab-83de-73307ac1a407 found for delete ", "request_id": "req-f3bd715f-4e39-45f4-a01f-4bb5f4d4ea9e"}]}
2026-03-06 01:47:31.400 8 INFO neutron.db.ovn_revision_numbers_db [None req-d070bd80-4830-4884-ac1d-a908a594c93f b30f91167f8c4752944383bfad85000b 23fd1c9cf8994a0893f6fed72c29dced - - default default] Successfully bumped revision number for resource 88b9e137-3933-4763-9873-8888e2d1d07b (type: security_group_rules) to 0
2026-03-06 01:47:31.416 8 INFO neutron.db.ovn_revision_numbers_db [None req-d070bd80-4830-4884-ac1d-a908a594c93f b30f91167f8c4752944383bfad85000b 23fd1c9cf8994a0893f6fed72c29dced - - default default] Successfully bumped revision number for resource 8e44064f-4574-4c54-a149-25e3457194f9 (type: security_group_rules) to 0 [pid: 8|app: 0|req: 710/1342] 10.0.0.244 () {34 vars in 685 bytes} [Fri Mar 6 01:47:31 2026] POST /v2.0/security-groups => generated 1673 bytes in 208 msecs (HTTP/1.1 201) 4 headers in 163 bytes (1 switches on core 0)
2026-03-06 01:47:31.722 8 INFO neutron.db.ovn_revision_numbers_db [None req-869406df-6d3b-4a4a-9b7c-2304b1db2e74 b30f91167f8c4752944383bfad85000b 23fd1c9cf8994a0893f6fed72c29dced - - default default] Successfully bumped revision number for resource e2de0755-dbbb-47f5-85cb-8708f6565a32 (type: security_group_rules) to 0
2026-03-06 01:47:31.728 7 INFO neutron.db.ovn_revision_numbers_db [req-ba86231d-c0b4-4777-bfe0-ffe50dfecdd8 req-3dc89914-ce98-4a65-af03-2947a87c9e3a 76fabfe6ce494e559d5b1d862a22d7fb c9580d31dc2246539fdaa8dc9894d962 - - default default] Successfully bumped revision number for resource b77a5dd8-1a2c-4db9-913c-bd4f70478446 (type: ports) to 1 [pid: 8|app: 0|req: 711/1343] 10.0.0.244 () {34 vars in 695 bytes} [Fri Mar 6 01:47:31 2026] POST /v2.0/security-group-rules => generated 597 bytes in 294 msecs (HTTP/1.1 201) 4 headers in 162 bytes (1 switches on core 0)
2026-03-06 01:47:31.928 8 INFO neutron.db.ovn_revision_numbers_db [None req-fafbae9f-7aa3-4a76-809b-a5cd881d8d8d b30f91167f8c4752944383bfad85000b 23fd1c9cf8994a0893f6fed72c29dced - - default default] Successfully bumped revision number for resource 93016d4b-4680-4172-a83e-4353bdde75de (type: security_group_rules) to 0 [pid: 8|app: 0|req: 712/1344] 10.0.0.244 () {34 vars in 695 bytes} [Fri Mar 6 01:47:31 2026] POST /v2.0/security-group-rules => generated 596 bytes in 196 msecs (HTTP/1.1 201) 4 headers in 162 bytes (1 switches on core 0) [pid: 7|app: 0|req: 633/1345] 199.204.45.116 () {38 vars in 955 bytes} [Fri Mar 6 01:47:30 2026] POST /v2.0/ports => generated 954 bytes in 1680 msecs (HTTP/1.1 201) 4 headers in 162 bytes (1 switches on core 0)
