2026-03-04 02:27:58.451 8 INFO cinder.api.openstack.wsgi [None req-8ef9ccad-09e7-48d1-b0c8-459e5769ab8d ae119c5d3767453f841afc16aea85ca8 d415d15cad7c4e5dae1b340cf898c857 - - default default] http://cinder-api.openstack.svc.cluster.local:8776/v3/d415d15cad7c4e5dae1b340cf898c857/os-quota-sets/d415d15cad7c4e5dae1b340cf898c857?usage=true returned with HTTP 200 [pid: 8|app: 0|req: 305/609] 10.0.0.88 () {28 vars in 735 bytes} [Wed Mar 4 02:27:58 2026] GET /v3/d415d15cad7c4e5dae1b340cf898c857/os-quota-sets/d415d15cad7c4e5dae1b340cf898c857?usage=true => generated 845 bytes in 19 msecs (HTTP/1.1 200) 7 headers in 285 bytes (1 switches on core 0)
2026-03-04 02:27:58.472 7 INFO cinder.api.openstack.wsgi [None req-714215c0-e15b-44a7-897a-21274be1a6b4 ae119c5d3767453f841afc16aea85ca8 d415d15cad7c4e5dae1b340cf898c857 - - default default] GET http://cinder-api.openstack.svc.cluster.local:8776/v3/d415d15cad7c4e5dae1b340cf898c857/snapshots?all_tenants=true
2026-03-04 02:27:58.480 7 INFO cinder.volume.api [None req-714215c0-e15b-44a7-897a-21274be1a6b4 ae119c5d3767453f841afc16aea85ca8 d415d15cad7c4e5dae1b340cf898c857 - - default default] Get all snapshots completed successfully.
2026-03-04 02:27:58.480 7 INFO cinder.api.openstack.wsgi [None req-714215c0-e15b-44a7-897a-21274be1a6b4 ae119c5d3767453f841afc16aea85ca8 d415d15cad7c4e5dae1b340cf898c857 - - default default] http://cinder-api.openstack.svc.cluster.local:8776/v3/d415d15cad7c4e5dae1b340cf898c857/snapshots?all_tenants=true returned with HTTP 200 [pid: 7|app: 0|req: 305/610] 10.0.0.88 () {28 vars in 673 bytes} [Wed Mar 4 02:27:58 2026] GET /v3/d415d15cad7c4e5dae1b340cf898c857/snapshots?all_tenants=true => generated 17 bytes in 17 msecs (HTTP/1.1 200) 7 headers in 284 bytes (1 switches on core 0)
2026-03-04 02:27:58.496 8 INFO cinder.api.openstack.wsgi [None req-0745de44-15b3-40ca-aefa-019a153409be ae119c5d3767453f841afc16aea85ca8 d415d15cad7c4e5dae1b340cf898c857 - - default default] GET http://cinder-api.openstack.svc.cluster.local:8776/v3/d415d15cad7c4e5dae1b340cf898c857/scheduler-stats/get_pools?detail=true
2026-03-04 02:27:58.999 8 INFO cinder.api.openstack.wsgi [None req-0745de44-15b3-40ca-aefa-019a153409be ae119c5d3767453f841afc16aea85ca8 d415d15cad7c4e5dae1b340cf898c857 - - default default] http://cinder-api.openstack.svc.cluster.local:8776/v3/d415d15cad7c4e5dae1b340cf898c857/scheduler-stats/get_pools?detail=true returned with HTTP 200 [pid: 8|app: 0|req: 306/611] 10.0.0.88 () {28 vars in 695 bytes} [Wed Mar 4 02:27:58 2026] GET /v3/d415d15cad7c4e5dae1b340cf898c857/scheduler-stats/get_pools?detail=true => generated 668 bytes in 509 msecs (HTTP/1.1 200) 7 headers in 285 bytes (1 switches on core 0)
2026-03-04 02:27:59.012 7 INFO cinder.api.openstack.wsgi [None req-a3e000e9-2d11-40bc-bc0e-31240dbeeae8 ae119c5d3767453f841afc16aea85ca8 d415d15cad7c4e5dae1b340cf898c857 - - default default] GET http://cinder-api.openstack.svc.cluster.local:8776/v3/d415d15cad7c4e5dae1b340cf898c857/os-services
2026-03-04 02:27:59.018 7 INFO cinder.api.openstack.wsgi [None req-a3e000e9-2d11-40bc-bc0e-31240dbeeae8 ae119c5d3767453f841afc16aea85ca8 d415d15cad7c4e5dae1b340cf898c857 - - default default] http://cinder-api.openstack.svc.cluster.local:8776/v3/d415d15cad7c4e5dae1b340cf898c857/os-services returned with HTTP 200 [pid: 7|app: 0|req: 306/612] 10.0.0.88 () {28 vars in 644 bytes} [Wed Mar 4 02:27:59 2026] GET /v3/d415d15cad7c4e5dae1b340cf898c857/os-services => generated 646 bytes in 14 msecs (HTTP/1.1 200) 7 headers in 285 bytes (1 switches on core 0)
2026-03-04 02:28:06.548 7 INFO cinder.api.openstack.wsgi [None req-a3e000e9-2d11-40bc-bc0e-31240dbeeae8 ae119c5d3767453f841afc16aea85ca8 d415d15cad7c4e5dae1b340cf898c857 - - default default] GET http://10.0.0.251:8776/
2026-03-04 02:28:06.548 8 INFO cinder.api.openstack.wsgi [None req-0745de44-15b3-40ca-aefa-019a153409be ae119c5d3767453f841afc16aea85ca8 d415d15cad7c4e5dae1b340cf898c857 - - default default] GET http://10.0.0.251:8776/
2026-03-04 02:28:06.549 7 INFO cinder.api.openstack.wsgi [None req-a3e000e9-2d11-40bc-bc0e-31240dbeeae8 ae119c5d3767453f841afc16aea85ca8 d415d15cad7c4e5dae1b340cf898c857 - - default default] http://10.0.0.251:8776/ returned with HTTP 300
2026-03-04 02:28:06.550 8 INFO cinder.api.openstack.wsgi [None req-0745de44-15b3-40ca-aefa-019a153409be ae119c5d3767453f841afc16aea85ca8 d415d15cad7c4e5dae1b340cf898c857 - - default default] http://10.0.0.251:8776/ returned with HTTP 300
2026-03-04 02:28:16.548 7 INFO cinder.api.openstack.wsgi [None req-a3e000e9-2d11-40bc-bc0e-31240dbeeae8 ae119c5d3767453f841afc16aea85ca8 d415d15cad7c4e5dae1b340cf898c857 - - default default] GET http://10.0.0.251:8776/
2026-03-04 02:28:16.548 8 INFO cinder.api.openstack.wsgi [None req-0745de44-15b3-40ca-aefa-019a153409be ae119c5d3767453f841afc16aea85ca8 d415d15cad7c4e5dae1b340cf898c857 - - default default] GET http://10.0.0.251:8776/
2026-03-04 02:28:16.549 7 INFO cinder.api.openstack.wsgi [None req-a3e000e9-2d11-40bc-bc0e-31240dbeeae8 ae119c5d3767453f841afc16aea85ca8 d415d15cad7c4e5dae1b340cf898c857 - - default default] http://10.0.0.251:8776/ returned with HTTP 300
2026-03-04 02:28:16.550 8 INFO cinder.api.openstack.wsgi [None req-0745de44-15b3-40ca-aefa-019a153409be ae119c5d3767453f841afc16aea85ca8 d415d15cad7c4e5dae1b340cf898c857 - - default default] http://10.0.0.251:8776/ returned with HTTP 300
2026-03-04 02:28:26.549 7 INFO cinder.api.openstack.wsgi [None req-a3e000e9-2d11-40bc-bc0e-31240dbeeae8 ae119c5d3767453f841afc16aea85ca8 d415d15cad7c4e5dae1b340cf898c857 - - default default] GET http://10.0.0.251:8776/
2026-03-04 02:28:26.549 8 INFO cinder.api.openstack.wsgi [None req-0745de44-15b3-40ca-aefa-019a153409be ae119c5d3767453f841afc16aea85ca8 d415d15cad7c4e5dae1b340cf898c857 - - default default] GET http://10.0.0.251:8776/
2026-03-04 02:28:26.550 7 INFO cinder.api.openstack.wsgi [None req-a3e000e9-2d11-40bc-bc0e-31240dbeeae8 ae119c5d3767453f841afc16aea85ca8 d415d15cad7c4e5dae1b340cf898c857 - - default default] http://10.0.0.251:8776/ returned with HTTP 300
2026-03-04 02:28:26.550 8 INFO cinder.api.openstack.wsgi [None req-0745de44-15b3-40ca-aefa-019a153409be ae119c5d3767453f841afc16aea85ca8 d415d15cad7c4e5dae1b340cf898c857 - - default default] http://10.0.0.251:8776/ returned with HTTP 300
2026-03-04 02:28:36.548 7 INFO cinder.api.openstack.wsgi [None req-a3e000e9-2d11-40bc-bc0e-31240dbeeae8 ae119c5d3767453f841afc16aea85ca8 d415d15cad7c4e5dae1b340cf898c857 - - default default] GET http://10.0.0.251:8776/
2026-03-04 02:28:36.549 7 INFO cinder.api.openstack.wsgi [None req-a3e000e9-2d11-40bc-bc0e-31240dbeeae8 ae119c5d3767453f841afc16aea85ca8 d415d15cad7c4e5dae1b340cf898c857 - - default default] http://10.0.0.251:8776/ returned with HTTP 300
2026-03-04 02:28:36.549 8 INFO cinder.api.openstack.wsgi [None req-0745de44-15b3-40ca-aefa-019a153409be ae119c5d3767453f841afc16aea85ca8 d415d15cad7c4e5dae1b340cf898c857 - - default default] GET http://10.0.0.251:8776/
2026-03-04 02:28:36.551 8 INFO cinder.api.openstack.wsgi [None req-0745de44-15b3-40ca-aefa-019a153409be ae119c5d3767453f841afc16aea85ca8 d415d15cad7c4e5dae1b340cf898c857 - - default default] http://10.0.0.251:8776/ returned with HTTP 300
2026-03-04 02:28:46.548 7 INFO cinder.api.openstack.wsgi [None req-a3e000e9-2d11-40bc-bc0e-31240dbeeae8 ae119c5d3767453f841afc16aea85ca8 d415d15cad7c4e5dae1b340cf898c857 - - default default] GET http://10.0.0.251:8776/
2026-03-04 02:28:46.548 8 INFO cinder.api.openstack.wsgi [None req-0745de44-15b3-40ca-aefa-019a153409be ae119c5d3767453f841afc16aea85ca8 d415d15cad7c4e5dae1b340cf898c857 - - default default] GET http://10.0.0.251:8776/
2026-03-04 02:28:46.549 8 INFO cinder.api.openstack.wsgi [None req-0745de44-15b3-40ca-aefa-019a153409be ae119c5d3767453f841afc16aea85ca8 d415d15cad7c4e5dae1b340cf898c857 - - default default] http://10.0.0.251:8776/ returned with HTTP 300
2026-03-04 02:28:46.549 7 INFO cinder.api.openstack.wsgi [None req-a3e000e9-2d11-40bc-bc0e-31240dbeeae8 ae119c5d3767453f841afc16aea85ca8 d415d15cad7c4e5dae1b340cf898c857 - - default default] http://10.0.0.251:8776/ returned with HTTP 300
2026-03-04 02:28:56.548 7 INFO cinder.api.openstack.wsgi [None req-a3e000e9-2d11-40bc-bc0e-31240dbeeae8 ae119c5d3767453f841afc16aea85ca8 d415d15cad7c4e5dae1b340cf898c857 - - default default] GET http://10.0.0.251:8776/
2026-03-04 02:28:56.549 8 INFO cinder.api.openstack.wsgi [None req-0745de44-15b3-40ca-aefa-019a153409be ae119c5d3767453f841afc16aea85ca8 d415d15cad7c4e5dae1b340cf898c857 - - default default] GET http://10.0.0.251:8776/
2026-03-04 02:28:56.549 7 INFO cinder.api.openstack.wsgi [None req-a3e000e9-2d11-40bc-bc0e-31240dbeeae8 ae119c5d3767453f841afc16aea85ca8 d415d15cad7c4e5dae1b340cf898c857 - - default default] http://10.0.0.251:8776/ returned with HTTP 300
2026-03-04 02:28:56.550 8 INFO cinder.api.openstack.wsgi [None req-0745de44-15b3-40ca-aefa-019a153409be ae119c5d3767453f841afc16aea85ca8 d415d15cad7c4e5dae1b340cf898c857 - - default default] http://10.0.0.251:8776/ returned with HTTP 300
2026-03-04 02:28:58.628 7 INFO cinder.api.openstack.wsgi [None req-7d210e4a-35c4-4859-ae23-114085dfcacf ae119c5d3767453f841afc16aea85ca8 d415d15cad7c4e5dae1b340cf898c857 - - default default] GET http://cinder-api.openstack.svc.cluster.local:8776/v3/d415d15cad7c4e5dae1b340cf898c857/os-quota-sets/0b003c2c737b459ea7a0e825488f54da?usage=true
2026-03-04 02:28:58.650 7 INFO cinder.api.openstack.wsgi [None req-7d210e4a-35c4-4859-ae23-114085dfcacf ae119c5d3767453f841afc16aea85ca8 d415d15cad7c4e5dae1b340cf898c857 - - default default] http://cinder-api.openstack.svc.cluster.local:8776/v3/d415d15cad7c4e5dae1b340cf898c857/os-quota-sets/0b003c2c737b459ea7a0e825488f54da?usage=true returned with HTTP 200 [pid: 7|app: 0|req: 313/625] 10.0.0.88 () {28 vars in 735 bytes} [Wed Mar 4 02:28:58 2026] GET /v3/d415d15cad7c4e5dae1b340cf898c857/os-quota-sets/0b003c2c737b459ea7a0e825488f54da?usage=true => generated 847 bytes in 215 msecs (HTTP/1.1 200) 7 headers in 285 bytes (1 switches on core 0)
2026-03-04 02:28:58.664 8 INFO cinder.api.openstack.wsgi [None req-88ba8e15-2fc4-4cf6-9254-384fb1edc9b0 ae119c5d3767453f841afc16aea85ca8 d415d15cad7c4e5dae1b340cf898c857 - - default default] GET http://cinder-api.openstack.svc.cluster.local:8776/v3/d415d15cad7c4e5dae1b340cf898c857/os-quota-sets/c32371e678144ec3aed8ee604137877a?usage=true
2026-03-04 02:28:58.683 8 INFO cinder.api.openstack.wsgi [None req-88ba8e15-2fc4-4cf6-9254-384fb1edc9b0 ae119c5d3767453f841afc16aea85ca8 d415d15cad7c4e5dae1b340cf898c857 - - default default] http://cinder-api.openstack.svc.cluster.local:8776/v3/d415d15cad7c4e5dae1b340cf898c857/os-quota-sets/c32371e678144ec3aed8ee604137877a?usage=true returned with HTTP 200 [pid: 8|app: 0|req: 313/626] 10.0.0.88 () {28 vars in 735 bytes} [Wed Mar 4 02:28:58 2026] GET /v3/d415d15cad7c4e5dae1b340cf898c857/os-quota-sets/c32371e678144ec3aed8ee604137877a?usage=true => generated 845 bytes in 29 msecs (HTTP/1.1 200) 7 headers in 285 bytes (1 switches on core 0)
2026-03-04 02:28:58.692 7 INFO cinder.api.openstack.wsgi [None req-f1a3b28f-2af2-43a1-b90b-ce2a6eda139f ae119c5d3767453f841afc16aea85ca8 d415d15cad7c4e5dae1b340cf898c857 - - default default] GET http://cinder-api.openstack.svc.cluster.local:8776/v3/d415d15cad7c4e5dae1b340cf898c857/os-quota-sets/d415d15cad7c4e5dae1b340cf898c857?usage=true
2026-03-04 02:28:58.709 7 INFO cinder.api.openstack.wsgi [None req-f1a3b28f-2af2-43a1-b90b-ce2a6eda139f ae119c5d3767453f841afc16aea85ca8 d415d15cad7c4e5dae1b340cf898c857 - - default default] http://cinder-api.openstack.svc.cluster.local:8776/v3/d415d15cad7c4e5dae1b340cf898c857/os-quota-sets/d415d15cad7c4e5dae1b340cf898c857?usage=true returned with HTTP 200 [pid: 7|app: 0|req: 314/627] 10.0.0.88 () {28 vars in 735 bytes} [Wed Mar 4 02:28:58 2026] GET /v3/d415d15cad7c4e5dae1b340cf898c857/os-quota-sets/d415d15cad7c4e5dae1b340cf898c857?usage=true => generated 845 bytes in 21 msecs (HTTP/1.1 200) 7 headers in 285 bytes (1 switches on core 0)
2026-03-04 02:28:58.720 8 INFO cinder.api.openstack.wsgi [None req-89ab0095-ff48-4dd8-a908-c8650b7d4757 ae119c5d3767453f841afc16aea85ca8 d415d15cad7c4e5dae1b340cf898c857 - - default default] GET http://cinder-api.openstack.svc.cluster.local:8776/v3/d415d15cad7c4e5dae1b340cf898c857/volumes/detail?all_tenants=true
2026-03-04 02:28:58.729 8 INFO cinder.volume.api [None req-89ab0095-ff48-4dd8-a908-c8650b7d4757 ae119c5d3767453f841afc16aea85ca8 d415d15cad7c4e5dae1b340cf898c857 - - default default] Get all volumes completed successfully.
2026-03-04 02:28:58.731 8 INFO cinder.api.openstack.wsgi [None req-89ab0095-ff48-4dd8-a908-c8650b7d4757 ae119c5d3767453f841afc16aea85ca8 d415d15cad7c4e5dae1b340cf898c857 - - default default] http://cinder-api.openstack.svc.cluster.local:8776/v3/d415d15cad7c4e5dae1b340cf898c857/volumes/detail?all_tenants=true returned with HTTP 200 [pid: 8|app: 0|req: 314/628] 10.0.0.88 () {28 vars in 683 bytes} [Wed Mar 4 02:28:58 2026] GET /v3/d415d15cad7c4e5dae1b340cf898c857/volumes/detail?all_tenants=true => generated 15 bytes in 18 msecs (HTTP/1.1 200) 7 headers in 284 bytes (1 switches on core 0)
2026-03-04 02:28:58.740 7 INFO cinder.api.openstack.wsgi [None req-80ce766b-50f6-41d2-9946-6a1ba509d68a ae119c5d3767453f841afc16aea85ca8 d415d15cad7c4e5dae1b340cf898c857 - - default default] GET http://cinder-api.openstack.svc.cluster.local:8776/v3/d415d15cad7c4e5dae1b340cf898c857/volumes/detail?all_tenants=true
2026-03-04 02:28:58.747 7 INFO cinder.volume.api [None req-80ce766b-50f6-41d2-9946-6a1ba509d68a ae119c5d3767453f841afc16aea85ca8 d415d15cad7c4e5dae1b340cf898c857 - - default default] Get all volumes completed successfully.
2026-03-04 02:28:58.748 7 INFO cinder.api.openstack.wsgi [None req-80ce766b-50f6-41d2-9946-6a1ba509d68a ae119c5d3767453f841afc16aea85ca8 d415d15cad7c4e5dae1b340cf898c857 - - default default] http://cinder-api.openstack.svc.cluster.local:8776/v3/d415d15cad7c4e5dae1b340cf898c857/volumes/detail?all_tenants=true returned with HTTP 200 [pid: 7|app: 0|req: 315/629] 10.0.0.88 () {28 vars in 683 bytes} [Wed Mar 4 02:28:58 2026] GET /v3/d415d15cad7c4e5dae1b340cf898c857/volumes/detail?all_tenants=true => generated 15 bytes in 12 msecs (HTTP/1.1 200) 7 headers in 284 bytes (1 switches on core 0)
2026-03-04 02:28:58.757 8 INFO cinder.api.openstack.wsgi [None req-371b4c0d-1fcb-4fe9-bbb5-6737f4fef327 ae119c5d3767453f841afc16aea85ca8 d415d15cad7c4e5dae1b340cf898c857 - - default default] GET http://cinder-api.openstack.svc.cluster.local:8776/v3/d415d15cad7c4e5dae1b340cf898c857/os-services
2026-03-04 02:28:58.763 8 INFO cinder.api.openstack.wsgi [None req-371b4c0d-1fcb-4fe9-bbb5-6737f4fef327 ae119c5d3767453f841afc16aea85ca8 d415d15cad7c4e5dae1b340cf898c857 - - default default] http://cinder-api.openstack.svc.cluster.local:8776/v3/d415d15cad7c4e5dae1b340cf898c857/os-services returned with HTTP 200 [pid: 8|app: 0|req: 315/630] 10.0.0.88 () {28 vars in 644 bytes} [Wed Mar 4 02:28:58 2026] GET /v3/d415d15cad7c4e5dae1b340cf898c857/os-services => generated 646 bytes in 13 msecs (HTTP/1.1 200) 7 headers in 285 bytes (1 switches on core 0)
2026-03-04 02:28:58.775 7 INFO cinder.api.openstack.wsgi [None req-d0a3f359-5770-464d-95e9-b2394e395565 ae119c5d3767453f841afc16aea85ca8 d415d15cad7c4e5dae1b340cf898c857 - - default default] GET http://cinder-api.openstack.svc.cluster.local:8776/v3/d415d15cad7c4e5dae1b340cf898c857/snapshots?all_tenants=true
2026-03-04 02:28:58.781 7 INFO cinder.volume.api [None req-d0a3f359-5770-464d-95e9-b2394e395565 ae119c5d3767453f841afc16aea85ca8 d415d15cad7c4e5dae1b340cf898c857 - - default default] Get all snapshots completed successfully.
2026-03-04 02:28:58.781 7 INFO cinder.api.openstack.wsgi [None req-d0a3f359-5770-464d-95e9-b2394e395565 ae119c5d3767453f841afc16aea85ca8 d415d15cad7c4e5dae1b340cf898c857 - - default default] http://cinder-api.openstack.svc.cluster.local:8776/v3/d415d15cad7c4e5dae1b340cf898c857/snapshots?all_tenants=true returned with HTTP 200 [pid: 7|app: 0|req: 316/631] 10.0.0.88 () {28 vars in 673 bytes} [Wed Mar 4 02:28:58 2026] GET /v3/d415d15cad7c4e5dae1b340cf898c857/snapshots?all_tenants=true => generated 17 bytes in 13 msecs (HTTP/1.1 200) 7 headers in 284 bytes (1 switches on core 0)
2026-03-04 02:28:58.790 8 INFO cinder.api.openstack.wsgi [None req-30dbf41b-f68a-4437-b5ea-3cc29bdcbd39 ae119c5d3767453f841afc16aea85ca8 d415d15cad7c4e5dae1b340cf898c857 - - default default] GET http://cinder-api.openstack.svc.cluster.local:8776/v3/d415d15cad7c4e5dae1b340cf898c857/scheduler-stats/get_pools?detail=true
2026-03-04 02:28:59.294 8 INFO cinder.api.openstack.wsgi [None req-30dbf41b-f68a-4437-b5ea-3cc29bdcbd39 ae119c5d3767453f841afc16aea85ca8 d415d15cad7c4e5dae1b340cf898c857 - - default default] http://cinder-api.openstack.svc.cluster.local:8776/v3/d415d15cad7c4e5dae1b340cf898c857/scheduler-stats/get_pools?detail=true returned with HTTP 200 [pid: 8|app: 0|req: 316/632] 10.0.0.88 () {28 vars in 695 bytes} [Wed Mar 4 02:28:58 2026] GET /v3/d415d15cad7c4e5dae1b340cf898c857/scheduler-stats/get_pools?detail=true => generated 668 bytes in 511 msecs (HTTP/1.1 200) 7 headers in 285 bytes (1 switches on core 0)
2026-03-04 02:29:06.549 7 INFO cinder.api.openstack.wsgi [None req-d0a3f359-5770-464d-95e9-b2394e395565 ae119c5d3767453f841afc16aea85ca8 d415d15cad7c4e5dae1b340cf898c857 - - default default] GET http://10.0.0.251:8776/
2026-03-04 02:29:06.549 8 INFO cinder.api.openstack.wsgi [None req-30dbf41b-f68a-4437-b5ea-3cc29bdcbd39 ae119c5d3767453f841afc16aea85ca8 d415d15cad7c4e5dae1b340cf898c857 - - default default] GET http://10.0.0.251:8776/
2026-03-04 02:29:06.550 7 INFO cinder.api.openstack.wsgi [None req-d0a3f359-5770-464d-95e9-b2394e395565 ae119c5d3767453f841afc16aea85ca8 d415d15cad7c4e5dae1b340cf898c857 - - default default] http://10.0.0.251:8776/ returned with HTTP 300
2026-03-04 02:29:06.550 8 INFO cinder.api.openstack.wsgi [None req-30dbf41b-f68a-4437-b5ea-3cc29bdcbd39 ae119c5d3767453f841afc16aea85ca8 d415d15cad7c4e5dae1b340cf898c857 - - default default] http://10.0.0.251:8776/ returned with HTTP 300
2026-03-04 02:29:14.356 7 INFO cinder.api.openstack.wsgi [None req-4ec0863e-bfbe-4f8f-a6d1-ca4d1473ea57 ae119c5d3767453f841afc16aea85ca8 d415d15cad7c4e5dae1b340cf898c857 - - default default] GET http://cinder-api.openstack.svc.cluster.local:8776/v3/d415d15cad7c4e5dae1b340cf898c857/snapshots
2026-03-04 02:29:14.370 7 INFO cinder.volume.api [None req-4ec0863e-bfbe-4f8f-a6d1-ca4d1473ea57 ae119c5d3767453f841afc16aea85ca8 d415d15cad7c4e5dae1b340cf898c857 - - default default] Get all snapshots completed successfully.
2026-03-04 02:29:14.370 7 INFO cinder.api.openstack.wsgi [None req-4ec0863e-bfbe-4f8f-a6d1-ca4d1473ea57 ae119c5d3767453f841afc16aea85ca8 d415d15cad7c4e5dae1b340cf898c857 - - default default] http://cinder-api.openstack.svc.cluster.local:8776/v3/d415d15cad7c4e5dae1b340cf898c857/snapshots returned with HTTP 200 [pid: 7|app: 0|req: 318/635] 10.0.0.40 () {32 vars in 704 bytes} [Wed Mar 4 02:29:14 2026] GET /v3/d415d15cad7c4e5dae1b340cf898c857/snapshots => generated 17 bytes in 21 msecs (HTTP/1.1 200) 7 headers in 284 bytes (1 switches on core 0)
2026-03-04 02:29:14.385 8 INFO cinder.api.openstack.wsgi [None req-9c398c69-b230-442f-984a-3abc73f26aea ae119c5d3767453f841afc16aea85ca8 d415d15cad7c4e5dae1b340cf898c857 - - default default] GET http://cinder-api.openstack.svc.cluster.local:8776/v3/d415d15cad7c4e5dae1b340cf898c857/volumes
2026-03-04 02:29:14.415 8 INFO cinder.volume.api [None req-9c398c69-b230-442f-984a-3abc73f26aea ae119c5d3767453f841afc16aea85ca8 d415d15cad7c4e5dae1b340cf898c857 - - default default] Get all volumes completed successfully.
2026-03-04 02:29:14.416 8 INFO cinder.api.openstack.wsgi [None req-9c398c69-b230-442f-984a-3abc73f26aea ae119c5d3767453f841afc16aea85ca8 d415d15cad7c4e5dae1b340cf898c857 - - default default] http://cinder-api.openstack.svc.cluster.local:8776/v3/d415d15cad7c4e5dae1b340cf898c857/volumes returned with HTTP 200 [pid: 8|app: 0|req: 318/636] 10.0.0.40 () {32 vars in 700 bytes} [Wed Mar 4 02:29:14 2026] GET /v3/d415d15cad7c4e5dae1b340cf898c857/volumes => generated 15 bytes in 37 msecs (HTTP/1.1 200) 7 headers in 284 bytes (1 switches on core 0)
2026-03-04 02:29:16.548 8 INFO cinder.api.openstack.wsgi [None req-9c398c69-b230-442f-984a-3abc73f26aea ae119c5d3767453f841afc16aea85ca8 d415d15cad7c4e5dae1b340cf898c857 - - default default] GET http://10.0.0.251:8776/
2026-03-04 02:29:16.548 7 INFO cinder.api.openstack.wsgi [None req-4ec0863e-bfbe-4f8f-a6d1-ca4d1473ea57 ae119c5d3767453f841afc16aea85ca8 d415d15cad7c4e5dae1b340cf898c857 - - default default] GET http://10.0.0.251:8776/
2026-03-04 02:29:16.549 7 INFO cinder.api.openstack.wsgi [None req-4ec0863e-bfbe-4f8f-a6d1-ca4d1473ea57 ae119c5d3767453f841afc16aea85ca8 d415d15cad7c4e5dae1b340cf898c857 - - default default] http://10.0.0.251:8776/ returned with HTTP 300
2026-03-04 02:29:16.550 8 INFO cinder.api.openstack.wsgi [None req-9c398c69-b230-442f-984a-3abc73f26aea ae119c5d3767453f841afc16aea85ca8 d415d15cad7c4e5dae1b340cf898c857 - - default default] http://10.0.0.251:8776/ returned with HTTP 300
2026-03-04 02:29:26.549 8 INFO cinder.api.openstack.wsgi [None req-9c398c69-b230-442f-984a-3abc73f26aea ae119c5d3767453f841afc16aea85ca8 d415d15cad7c4e5dae1b340cf898c857 - - default default] GET http://10.0.0.251:8776/
2026-03-04 02:29:26.550 7 INFO cinder.api.openstack.wsgi [None req-4ec0863e-bfbe-4f8f-a6d1-ca4d1473ea57 ae119c5d3767453f841afc16aea85ca8 d415d15cad7c4e5dae1b340cf898c857 - - default default] GET http://10.0.0.251:8776/
2026-03-04 02:29:26.550 8 INFO cinder.api.openstack.wsgi [None req-9c398c69-b230-442f-984a-3abc73f26aea ae119c5d3767453f841afc16aea85ca8 d415d15cad7c4e5dae1b340cf898c857 - - default default] http://10.0.0.251:8776/ returned with HTTP 300
2026-03-04 02:29:26.552 7 INFO cinder.api.openstack.wsgi [None req-4ec0863e-bfbe-4f8f-a6d1-ca4d1473ea57 ae119c5d3767453f841afc16aea85ca8 d415d15cad7c4e5dae1b340cf898c857 - - default default] http://10.0.0.251:8776/ returned with HTTP 300
2026-03-04 02:29:36.549 8 INFO cinder.api.openstack.wsgi [None req-9c398c69-b230-442f-984a-3abc73f26aea ae119c5d3767453f841afc16aea85ca8 d415d15cad7c4e5dae1b340cf898c857 - - default default] GET http://10.0.0.251:8776/
2026-03-04 02:29:36.549 7 INFO cinder.api.openstack.wsgi [None req-4ec0863e-bfbe-4f8f-a6d1-ca4d1473ea57 ae119c5d3767453f841afc16aea85ca8 d415d15cad7c4e5dae1b340cf898c857 - - default default] GET http://10.0.0.251:8776/
2026-03-04 02:29:36.550 8 INFO cinder.api.openstack.wsgi [None req-9c398c69-b230-442f-984a-3abc73f26aea ae119c5d3767453f841afc16aea85ca8 d415d15cad7c4e5dae1b340cf898c857 - - default default] http://10.0.0.251:8776/ returned with HTTP 300
2026-03-04 02:29:36.550 7 INFO cinder.api.openstack.wsgi [None req-4ec0863e-bfbe-4f8f-a6d1-ca4d1473ea57 ae119c5d3767453f841afc16aea85ca8 d415d15cad7c4e5dae1b340cf898c857 - - default default] http://10.0.0.251:8776/ returned with HTTP 300
2026-03-04 02:29:46.548 7 INFO cinder.api.openstack.wsgi [None req-4ec0863e-bfbe-4f8f-a6d1-ca4d1473ea57 ae119c5d3767453f841afc16aea85ca8 d415d15cad7c4e5dae1b340cf898c857 - - default default] GET http://10.0.0.251:8776/
2026-03-04 02:29:46.548 8 INFO cinder.api.openstack.wsgi [None req-9c398c69-b230-442f-984a-3abc73f26aea ae119c5d3767453f841afc16aea85ca8 d415d15cad7c4e5dae1b340cf898c857 - - default default] GET http://10.0.0.251:8776/
2026-03-04 02:29:46.549 7 INFO cinder.api.openstack.wsgi [None req-4ec0863e-bfbe-4f8f-a6d1-ca4d1473ea57 ae119c5d3767453f841afc16aea85ca8 d415d15cad7c4e5dae1b340cf898c857 - - default default] http://10.0.0.251:8776/ returned with HTTP 300
2026-03-04 02:29:46.549 8 INFO cinder.api.openstack.wsgi [None req-9c398c69-b230-442f-984a-3abc73f26aea ae119c5d3767453f841afc16aea85ca8 d415d15cad7c4e5dae1b340cf898c857 - - default default] http://10.0.0.251:8776/ returned with HTTP 300
2026-03-04 02:29:56.553 7 INFO cinder.api.openstack.wsgi [None req-4ec0863e-bfbe-4f8f-a6d1-ca4d1473ea57 ae119c5d3767453f841afc16aea85ca8 d415d15cad7c4e5dae1b340cf898c857 - - default default] GET http://10.0.0.251:8776/
2026-03-04 02:29:56.553 8 INFO cinder.api.openstack.wsgi [None req-9c398c69-b230-442f-984a-3abc73f26aea ae119c5d3767453f841afc16aea85ca8 d415d15cad7c4e5dae1b340cf898c857 - - default default] GET http://10.0.0.251:8776/
2026-03-04 02:29:56.554 7 INFO cinder.api.openstack.wsgi [None req-4ec0863e-bfbe-4f8f-a6d1-ca4d1473ea57 ae119c5d3767453f841afc16aea85ca8 d415d15cad7c4e5dae1b340cf898c857 - - default default] http://10.0.0.251:8776/ returned with HTTP 300
2026-03-04 02:29:56.554 8 INFO cinder.api.openstack.wsgi [None req-9c398c69-b230-442f-984a-3abc73f26aea ae119c5d3767453f841afc16aea85ca8 d415d15cad7c4e5dae1b340cf898c857 - - default default] http://10.0.0.251:8776/ returned with HTTP 300
2026-03-04 02:29:58.537 7 INFO cinder.api.openstack.wsgi [None req-fd544fcf-fa82-4b9b-9dea-2765c3df940a ae119c5d3767453f841afc16aea85ca8 d415d15cad7c4e5dae1b340cf898c857 - - default default] GET http://cinder-api.openstack.svc.cluster.local:8776/v3/d415d15cad7c4e5dae1b340cf898c857/os-services
2026-03-04 02:29:58.545 7 INFO cinder.api.openstack.wsgi [None req-fd544fcf-fa82-4b9b-9dea-2765c3df940a ae119c5d3767453f841afc16aea85ca8 d415d15cad7c4e5dae1b340cf898c857 - - default default] http://cinder-api.openstack.svc.cluster.local:8776/v3/d415d15cad7c4e5dae1b340cf898c857/os-services returned with HTTP 200 [pid: 7|app: 0|req: 324/647] 10.0.0.88 () {28 vars in 644 bytes} [Wed Mar 4 02:29:58 2026] GET /v3/d415d15cad7c4e5dae1b340cf898c857/os-services => generated 646 bytes in 110 msecs (HTTP/1.1 200) 7 headers in 285 bytes (1 switches on core 0)
2026-03-04 02:29:58.556 8 INFO cinder.api.openstack.wsgi [None req-b1b29726-d1e6-4804-af30-100108358539 ae119c5d3767453f841afc16aea85ca8 d415d15cad7c4e5dae1b340cf898c857 - - default default] GET http://cinder-api.openstack.svc.cluster.local:8776/v3/d415d15cad7c4e5dae1b340cf898c857/scheduler-stats/get_pools?detail=true
2026-03-04 02:29:59.059 8 INFO cinder.api.openstack.wsgi [None req-b1b29726-d1e6-4804-af30-100108358539 ae119c5d3767453f841afc16aea85ca8 d415d15cad7c4e5dae1b340cf898c857 - - default default] http://cinder-api.openstack.svc.cluster.local:8776/v3/d415d15cad7c4e5dae1b340cf898c857/scheduler-stats/get_pools?detail=true returned with HTTP 200 [pid: 8|app: 0|req: 324/648] 10.0.0.88 () {28 vars in 695 bytes} [Wed Mar 4 02:29:58 2026] GET /v3/d415d15cad7c4e5dae1b340cf898c857/scheduler-stats/get_pools?detail=true => generated 668 bytes in 512 msecs (HTTP/1.1 200) 7 headers in 285 bytes (1 switches on core 0)
2026-03-04 02:29:59.073 7 INFO cinder.api.openstack.wsgi [None req-c1ce6298-c200-43b4-8fa0-8d79541f0c9c ae119c5d3767453f841afc16aea85ca8 d415d15cad7c4e5dae1b340cf898c857 - - default default] GET http://cinder-api.openstack.svc.cluster.local:8776/v3/d415d15cad7c4e5dae1b340cf898c857/volumes/detail?all_tenants=true
2026-03-04 02:29:59.085 7 INFO cinder.volume.api [None req-c1ce6298-c200-43b4-8fa0-8d79541f0c9c ae119c5d3767453f841afc16aea85ca8 d415d15cad7c4e5dae1b340cf898c857 - - default default] Get all volumes completed successfully.
2026-03-04 02:29:59.087 7 INFO cinder.api.openstack.wsgi [None req-c1ce6298-c200-43b4-8fa0-8d79541f0c9c ae119c5d3767453f841afc16aea85ca8 d415d15cad7c4e5dae1b340cf898c857 - - default default] http://cinder-api.openstack.svc.cluster.local:8776/v3/d415d15cad7c4e5dae1b340cf898c857/volumes/detail?all_tenants=true returned with HTTP 200 [pid: 7|app: 0|req: 325/649] 10.0.0.88 () {28 vars in 683 bytes} [Wed Mar 4 02:29:59 2026] GET /v3/d415d15cad7c4e5dae1b340cf898c857/volumes/detail?all_tenants=true => generated 15 bytes in 20 msecs (HTTP/1.1 200) 7 headers in 284 bytes (1 switches on core 0)
2026-03-04 02:29:59.119 8 INFO cinder.api.openstack.wsgi [None req-59a03c45-a3b4-4d9c-97c7-bd4d89ea8155 ae119c5d3767453f841afc16aea85ca8 d415d15cad7c4e5dae1b340cf898c857 - - default default] GET http://cinder-api.openstack.svc.cluster.local:8776/v3/d415d15cad7c4e5dae1b340cf898c857/os-quota-sets/0b003c2c737b459ea7a0e825488f54da?usage=true
2026-03-04 02:29:59.143 8 INFO cinder.api.openstack.wsgi [None req-59a03c45-a3b4-4d9c-97c7-bd4d89ea8155 ae119c5d3767453f841afc16aea85ca8 d415d15cad7c4e5dae1b340cf898c857 - - default default] http://cinder-api.openstack.svc.cluster.local:8776/v3/d415d15cad7c4e5dae1b340cf898c857/os-quota-sets/0b003c2c737b459ea7a0e825488f54da?usage=true returned with HTTP 200 [pid: 8|app: 0|req: 325/650] 10.0.0.88 () {28 vars in 735 bytes} [Wed Mar 4 02:29:59 2026] GET /v3/d415d15cad7c4e5dae1b340cf898c857/os-quota-sets/0b003c2c737b459ea7a0e825488f54da?usage=true => generated 847 bytes in 33 msecs (HTTP/1.1 200) 7 headers in 285 bytes (1 switches on core 0)
2026-03-04 02:29:59.155 7 INFO cinder.api.openstack.wsgi [None req-9477397b-2ca1-4934-835d-b930c8e142b4 ae119c5d3767453f841afc16aea85ca8 d415d15cad7c4e5dae1b340cf898c857 - - default default] GET http://cinder-api.openstack.svc.cluster.local:8776/v3/d415d15cad7c4e5dae1b340cf898c857/os-quota-sets/3373fd2c18a2463595396efa1d7b7622?usage=true
2026-03-04 02:29:59.177 7 INFO cinder.api.openstack.wsgi [None req-9477397b-2ca1-4934-835d-b930c8e142b4 ae119c5d3767453f841afc16aea85ca8 d415d15cad7c4e5dae1b340cf898c857 - - default default] http://cinder-api.openstack.svc.cluster.local:8776/v3/d415d15cad7c4e5dae1b340cf898c857/os-quota-sets/3373fd2c18a2463595396efa1d7b7622?usage=true returned with HTTP 200 [pid: 7|app: 0|req: 326/651] 10.0.0.88 () {28 vars in 735 bytes} [Wed Mar 4 02:29:59 2026] GET /v3/d415d15cad7c4e5dae1b340cf898c857/os-quota-sets/3373fd2c18a2463595396efa1d7b7622?usage=true => generated 847 bytes in 30 msecs (HTTP/1.1 200) 7 headers in 285 bytes (1 switches on core 0)
2026-03-04 02:29:59.190 8 INFO cinder.api.openstack.wsgi [None req-40e0e385-8d0d-445d-a6b6-ed63f9d5cb03 ae119c5d3767453f841afc16aea85ca8 d415d15cad7c4e5dae1b340cf898c857 - - default default] GET http://cinder-api.openstack.svc.cluster.local:8776/v3/d415d15cad7c4e5dae1b340cf898c857/os-quota-sets/4670cb13e5e1477dbc5003654d252861?usage=true
2026-03-04 02:29:59.217 8 INFO cinder.api.openstack.wsgi [None req-40e0e385-8d0d-445d-a6b6-ed63f9d5cb03 ae119c5d3767453f841afc16aea85ca8 d415d15cad7c4e5dae1b340cf898c857 - - default default] http://cinder-api.openstack.svc.cluster.local:8776/v3/d415d15cad7c4e5dae1b340cf898c857/os-quota-sets/4670cb13e5e1477dbc5003654d252861?usage=true returned with HTTP 200 [pid: 8|app: 0|req: 326/652] 10.0.0.88 () {28 vars in 735 bytes} [Wed Mar 4 02:29:59 2026] GET /v3/d415d15cad7c4e5dae1b340cf898c857/os-quota-sets/4670cb13e5e1477dbc5003654d252861?usage=true => generated 847 bytes in 37 msecs (HTTP/1.1 200) 7 headers in 285 bytes (1 switches on core 0)
2026-03-04 02:29:59.231 7 INFO cinder.api.openstack.wsgi [None req-ed22947f-5f19-427b-8831-5c60c517c158 ae119c5d3767453f841afc16aea85ca8 d415d15cad7c4e5dae1b340cf898c857 - - default default] GET http://cinder-api.openstack.svc.cluster.local:8776/v3/d415d15cad7c4e5dae1b340cf898c857/os-quota-sets/4f87187883ec444e967854cfb06a9d6d?usage=true
2026-03-04 02:29:59.255 7 INFO cinder.api.openstack.wsgi [None req-ed22947f-5f19-427b-8831-5c60c517c158 ae119c5d3767453f841afc16aea85ca8 d415d15cad7c4e5dae1b340cf898c857 - - default default] http://cinder-api.openstack.svc.cluster.local:8776/v3/d415d15cad7c4e5dae1b340cf898c857/os-quota-sets/4f87187883ec444e967854cfb06a9d6d?usage=true returned with HTTP 200 [pid: 7|app: 0|req: 327/653] 10.0.0.88 () {28 vars in 735 bytes} [Wed Mar 4 02:29:59 2026] GET /v3/d415d15cad7c4e5dae1b340cf898c857/os-quota-sets/4f87187883ec444e967854cfb06a9d6d?usage=true => generated 847 bytes in 32 msecs (HTTP/1.1 200) 7 headers in 285 bytes (1 switches on core 0)
2026-03-04 02:29:59.277 8 INFO cinder.api.openstack.wsgi [None req-10b8c37a-817a-4a8e-bc0a-12f5d8d6ab8a ae119c5d3767453f841afc16aea85ca8 d415d15cad7c4e5dae1b340cf898c857 - - default default] GET http://cinder-api.openstack.svc.cluster.local:8776/v3/d415d15cad7c4e5dae1b340cf898c857/os-quota-sets/c32371e678144ec3aed8ee604137877a?usage=true
2026-03-04 02:29:59.308 8 INFO cinder.api.openstack.wsgi [None req-10b8c37a-817a-4a8e-bc0a-12f5d8d6ab8a ae119c5d3767453f841afc16aea85ca8 d415d15cad7c4e5dae1b340cf898c857 - - default default] http://cinder-api.openstack.svc.cluster.local:8776/v3/d415d15cad7c4e5dae1b340cf898c857/os-quota-sets/c32371e678144ec3aed8ee604137877a?usage=true returned with HTTP 200 [pid: 8|app: 0|req: 327/654] 10.0.0.88 () {28 vars in 735 bytes} [Wed Mar 4 02:29:59 2026] GET /v3/d415d15cad7c4e5dae1b340cf898c857/os-quota-sets/c32371e678144ec3aed8ee604137877a?usage=true => generated 845 bytes in 51 msecs (HTTP/1.1 200) 7 headers in 285 bytes (1 switches on core 0)
2026-03-04 02:29:59.321 7 INFO cinder.api.openstack.wsgi [None req-676fe07f-5b1a-42dc-8feb-266423098c4a ae119c5d3767453f841afc16aea85ca8 d415d15cad7c4e5dae1b340cf898c857 - - default default] GET http://cinder-api.openstack.svc.cluster.local:8776/v3/d415d15cad7c4e5dae1b340cf898c857/os-quota-sets/d415d15cad7c4e5dae1b340cf898c857?usage=true
2026-03-04 02:29:59.342 7 INFO cinder.api.openstack.wsgi [None req-676fe07f-5b1a-42dc-8feb-266423098c4a ae119c5d3767453f841afc16aea85ca8 d415d15cad7c4e5dae1b340cf898c857 - - default default] http://cinder-api.openstack.svc.cluster.local:8776/v3/d415d15cad7c4e5dae1b340cf898c857/os-quota-sets/d415d15cad7c4e5dae1b340cf898c857?usage=true returned with HTTP 200 [pid: 7|app: 0|req: 328/655] 10.0.0.88 () {28 vars in 735 bytes} [Wed Mar 4 02:29:59 2026] GET /v3/d415d15cad7c4e5dae1b340cf898c857/os-quota-sets/d415d15cad7c4e5dae1b340cf898c857?usage=true => generated 845 bytes in 30 msecs (HTTP/1.1 200) 7 headers in 285 bytes (1 switches on core 0)
2026-03-04 02:29:59.355 8 INFO cinder.api.openstack.wsgi [None req-e1e2318c-3921-4e67-9236-54af14c2145d ae119c5d3767453f841afc16aea85ca8 d415d15cad7c4e5dae1b340cf898c857 - - default default] GET http://cinder-api.openstack.svc.cluster.local:8776/v3/d415d15cad7c4e5dae1b340cf898c857/os-quota-sets/eb644918f4014d2792720bed4cd20f95?usage=true
2026-03-04 02:29:59.378 8 INFO cinder.api.openstack.wsgi [None req-e1e2318c-3921-4e67-9236-54af14c2145d ae119c5d3767453f841afc16aea85ca8 d415d15cad7c4e5dae1b340cf898c857 - - default default] http://cinder-api.openstack.svc.cluster.local:8776/v3/d415d15cad7c4e5dae1b340cf898c857/os-quota-sets/eb644918f4014d2792720bed4cd20f95?usage=true returned with HTTP 200 [pid: 8|app: 0|req: 328/656] 10.0.0.88 () {28 vars in 735 bytes} [Wed Mar 4 02:29:59 2026] GET /v3/d415d15cad7c4e5dae1b340cf898c857/os-quota-sets/eb644918f4014d2792720bed4cd20f95?usage=true => generated 847 bytes in 32 msecs (HTTP/1.1 200) 7 headers in 285 bytes (1 switches on core 0)
2026-03-04 02:29:59.387 7 INFO cinder.api.openstack.wsgi [None req-b0b1447b-d202-4fcb-857c-310a884deeeb ae119c5d3767453f841afc16aea85ca8 d415d15cad7c4e5dae1b340cf898c857 - - default default] GET http://cinder-api.openstack.svc.cluster.local:8776/v3/d415d15cad7c4e5dae1b340cf898c857/volumes/detail?all_tenants=true
2026-03-04 02:29:59.392 8 INFO cinder.api.openstack.wsgi [None req-b4df510f-0983-4bd9-bcfb-329334526b70 025272a8333f4fe18d9f9a044294c742 eb644918f4014d2792720bed4cd20f95 - - default default] POST http://cinder-api.openstack.svc.cluster.local:8776/v3/eb644918f4014d2792720bed4cd20f95/volumes
2026-03-04 02:29:59.396 7 INFO cinder.volume.api [None req-b0b1447b-d202-4fcb-857c-310a884deeeb ae119c5d3767453f841afc16aea85ca8 d415d15cad7c4e5dae1b340cf898c857 - - default default] Get all volumes completed successfully.
2026-03-04 02:29:59.399 7 INFO cinder.api.openstack.wsgi [None req-b0b1447b-d202-4fcb-857c-310a884deeeb ae119c5d3767453f841afc16aea85ca8 d415d15cad7c4e5dae1b340cf898c857 - - default default] http://cinder-api.openstack.svc.cluster.local:8776/v3/d415d15cad7c4e5dae1b340cf898c857/volumes/detail?all_tenants=true returned with HTTP 200 [pid: 7|app: 0|req: 329/657] 10.0.0.88 () {28 vars in 683 bytes} [Wed Mar 4 02:29:59 2026] GET /v3/d415d15cad7c4e5dae1b340cf898c857/volumes/detail?all_tenants=true => generated 15 bytes in 17 msecs (HTTP/1.1 200) 7 headers in 284 bytes (1 switches on core 0)
2026-03-04 02:29:59.407 7 INFO cinder.api.openstack.wsgi [None req-e8e5b6b3-5ae6-42bb-b399-9f77300e364f ae119c5d3767453f841afc16aea85ca8 d415d15cad7c4e5dae1b340cf898c857 - - default default] GET http://cinder-api.openstack.svc.cluster.local:8776/v3/d415d15cad7c4e5dae1b340cf898c857/snapshots?all_tenants=true
2026-03-04 02:29:59.413 7 INFO cinder.volume.api [None req-e8e5b6b3-5ae6-42bb-b399-9f77300e364f ae119c5d3767453f841afc16aea85ca8 d415d15cad7c4e5dae1b340cf898c857 - - default default] Get all snapshots completed successfully.
2026-03-04 02:29:59.414 7 INFO cinder.api.openstack.wsgi [None req-e8e5b6b3-5ae6-42bb-b399-9f77300e364f ae119c5d3767453f841afc16aea85ca8 d415d15cad7c4e5dae1b340cf898c857 - - default default] http://cinder-api.openstack.svc.cluster.local:8776/v3/d415d15cad7c4e5dae1b340cf898c857/snapshots?all_tenants=true returned with HTTP 200 [pid: 7|app: 0|req: 330/658] 10.0.0.88 () {28 vars in 673 bytes} [Wed Mar 4 02:29:59 2026] GET /v3/d415d15cad7c4e5dae1b340cf898c857/snapshots?all_tenants=true => generated 17 bytes in 13 msecs (HTTP/1.1 200) 7 headers in 284 bytes (1 switches on core 0)
2026-03-04 02:29:59.882 8 INFO cinder.api.v3.volumes [None req-b4df510f-0983-4bd9-bcfb-329334526b70 025272a8333f4fe18d9f9a044294c742 eb644918f4014d2792720bed4cd20f95 - - default default] Create volume of 1 GB
2026-03-04 02:29:59.900 8 INFO cinder.volume.api [None req-b4df510f-0983-4bd9-bcfb-329334526b70 025272a8333f4fe18d9f9a044294c742 eb644918f4014d2792720bed4cd20f95 - - default default] Availability Zones retrieved successfully.
2026-03-04 02:30:00.226 8 INFO cinder.volume.api [None req-b4df510f-0983-4bd9-bcfb-329334526b70 025272a8333f4fe18d9f9a044294c742 eb644918f4014d2792720bed4cd20f95 - - default default] Create volume request issued successfully.
2026-03-04 02:30:00.227 8 INFO cinder.api.openstack.wsgi [None req-b4df510f-0983-4bd9-bcfb-329334526b70 025272a8333f4fe18d9f9a044294c742 eb644918f4014d2792720bed4cd20f95 - - default default] http://cinder-api.openstack.svc.cluster.local:8776/v3/eb644918f4014d2792720bed4cd20f95/volumes returned with HTTP 202 /var/lib/openstack/lib/python3.12/site-packages/pycadf/timestamp.py:28: DeprecationWarning: datetime.datetime.utcnow() is deprecated and scheduled for removal in a future version. Use timezone-aware objects to represent datetimes in UTC: datetime.datetime.now(datetime.UTC). utc_datetime = pytz.utc.localize(datetime.datetime.utcnow()) [pid: 8|app: 0|req: 329/659] 10.0.0.40 () {34 vars in 722 bytes} [Wed Mar 4 02:29:59 2026] POST /v3/eb644918f4014d2792720bed4cd20f95/volumes => generated 865 bytes in 842 msecs (HTTP/1.1 202) 7 headers in 291 bytes (1 switches on core 0)
2026-03-04 02:30:00.247 7 INFO cinder.api.openstack.wsgi [None req-7d6aeecc-37a5-44b4-9b72-3e9bba8403fc 025272a8333f4fe18d9f9a044294c742 eb644918f4014d2792720bed4cd20f95 - - default default] GET http://cinder-api.openstack.svc.cluster.local:8776/v3/eb644918f4014d2792720bed4cd20f95/volumes/e86851ff-a588-4c4d-924e-381d2a8dd7e9 /var/lib/openstack/lib/python3.12/site-packages/oslo_context/context.py:100: DeprecationWarning: Policy enforcement is depending on the value of is_admin. This key is deprecated. Please update your policy file to use the standard policy values. warnings.warn('Policy enforcement is depending on the value of '
2026-03-04 02:30:00.284 7 INFO cinder.volume.api [None req-7d6aeecc-37a5-44b4-9b72-3e9bba8403fc 025272a8333f4fe18d9f9a044294c742 eb644918f4014d2792720bed4cd20f95 - - default default] Volume info retrieved successfully.
2026-03-04 02:30:00.299 7 INFO cinder.api.openstack.wsgi [None req-7d6aeecc-37a5-44b4-9b72-3e9bba8403fc 025272a8333f4fe18d9f9a044294c742 eb644918f4014d2792720bed4cd20f95 - - default default] http://cinder-api.openstack.svc.cluster.local:8776/v3/eb644918f4014d2792720bed4cd20f95/volumes/e86851ff-a588-4c4d-924e-381d2a8dd7e9 returned with HTTP 200 /var/lib/openstack/lib/python3.12/site-packages/pycadf/timestamp.py:28: DeprecationWarning: datetime.datetime.utcnow() is deprecated and scheduled for removal in a future version. Use timezone-aware objects to represent datetimes in UTC: datetime.datetime.now(datetime.UTC). utc_datetime = pytz.utc.localize(datetime.datetime.utcnow()) [pid: 7|app: 0|req: 331/660] 10.0.0.40 () {32 vars in 774 bytes} [Wed Mar 4 02:30:00 2026] GET /v3/eb644918f4014d2792720bed4cd20f95/volumes/e86851ff-a588-4c4d-924e-381d2a8dd7e9 => generated 933 bytes in 56 msecs (HTTP/1.1 200) 7 headers in 285 bytes (1 switches on core 0) /var/lib/openstack/lib/python3.12/site-packages/pycadf/identifier.py:71: UserWarning: Invalid uuid: cinderv3. To ensure interoperability, identifiers should be a valid uuid. warnings.warn(('Invalid uuid: %s. To ensure interoperability, '
2026-03-04 02:30:01.322 8 INFO cinder.api.openstack.wsgi [None req-3c4c0091-3b33-4dc9-932f-7afcae84e992 025272a8333f4fe18d9f9a044294c742 eb644918f4014d2792720bed4cd20f95 - - default default] GET http://cinder-api.openstack.svc.cluster.local:8776/v3/eb644918f4014d2792720bed4cd20f95/volumes/e86851ff-a588-4c4d-924e-381d2a8dd7e9 /var/lib/openstack/lib/python3.12/site-packages/oslo_context/context.py:100: DeprecationWarning: Policy enforcement is depending on the value of is_admin. This key is deprecated. Please update your policy file to use the standard policy values. warnings.warn('Policy enforcement is depending on the value of '
2026-03-04 02:30:01.337 8 INFO cinder.volume.api [None req-3c4c0091-3b33-4dc9-932f-7afcae84e992 025272a8333f4fe18d9f9a044294c742 eb644918f4014d2792720bed4cd20f95 - - default default] Volume info retrieved successfully.
2026-03-04 02:30:01.342 8 INFO cinder.api.openstack.wsgi [None req-3c4c0091-3b33-4dc9-932f-7afcae84e992 025272a8333f4fe18d9f9a044294c742 eb644918f4014d2792720bed4cd20f95 - - default default] http://cinder-api.openstack.svc.cluster.local:8776/v3/eb644918f4014d2792720bed4cd20f95/volumes/e86851ff-a588-4c4d-924e-381d2a8dd7e9 returned with HTTP 200 /var/lib/openstack/lib/python3.12/site-packages/pycadf/timestamp.py:28: DeprecationWarning: datetime.datetime.utcnow() is deprecated and scheduled for removal in a future version. Use timezone-aware objects to represent datetimes in UTC: datetime.datetime.now(datetime.UTC). utc_datetime = pytz.utc.localize(datetime.datetime.utcnow()) [pid: 8|app: 0|req: 330/661] 10.0.0.40 () {32 vars in 774 bytes} [Wed Mar 4 02:30:01 2026] GET /v3/eb644918f4014d2792720bed4cd20f95/volumes/e86851ff-a588-4c4d-924e-381d2a8dd7e9 => generated 957 bytes in 25 msecs (HTTP/1.1 200) 7 headers in 285 bytes (1 switches on core 0) /var/lib/openstack/lib/python3.12/site-packages/pycadf/identifier.py:71: UserWarning: Invalid uuid: cinderv3. To ensure interoperability, identifiers should be a valid uuid. warnings.warn(('Invalid uuid: %s. To ensure interoperability, '
2026-03-04 02:30:02.364 7 INFO cinder.api.openstack.wsgi [None req-704f1e10-de9a-4075-9d9e-f992a8b30c4e 025272a8333f4fe18d9f9a044294c742 eb644918f4014d2792720bed4cd20f95 - - default default] GET http://cinder-api.openstack.svc.cluster.local:8776/v3/eb644918f4014d2792720bed4cd20f95/volumes/e86851ff-a588-4c4d-924e-381d2a8dd7e9 /var/lib/openstack/lib/python3.12/site-packages/oslo_context/context.py:100: DeprecationWarning: Policy enforcement is depending on the value of is_admin. This key is deprecated. Please update your policy file to use the standard policy values. warnings.warn('Policy enforcement is depending on the value of '
2026-03-04 02:30:02.379 7 INFO cinder.volume.api [None req-704f1e10-de9a-4075-9d9e-f992a8b30c4e 025272a8333f4fe18d9f9a044294c742 eb644918f4014d2792720bed4cd20f95 - - default default] Volume info retrieved successfully.
2026-03-04 02:30:02.384 7 INFO cinder.api.openstack.wsgi [None req-704f1e10-de9a-4075-9d9e-f992a8b30c4e 025272a8333f4fe18d9f9a044294c742 eb644918f4014d2792720bed4cd20f95 - - default default] http://cinder-api.openstack.svc.cluster.local:8776/v3/eb644918f4014d2792720bed4cd20f95/volumes/e86851ff-a588-4c4d-924e-381d2a8dd7e9 returned with HTTP 200 /var/lib/openstack/lib/python3.12/site-packages/pycadf/timestamp.py:28: DeprecationWarning: datetime.datetime.utcnow() is deprecated and scheduled for removal in a future version. Use timezone-aware objects to represent datetimes in UTC: datetime.datetime.now(datetime.UTC). utc_datetime = pytz.utc.localize(datetime.datetime.utcnow()) [pid: 7|app: 0|req: 332/662] 10.0.0.40 () {32 vars in 774 bytes} [Wed Mar 4 02:30:02 2026] GET /v3/eb644918f4014d2792720bed4cd20f95/volumes/e86851ff-a588-4c4d-924e-381d2a8dd7e9 => generated 957 bytes in 28 msecs (HTTP/1.1 200) 7 headers in 285 bytes (1 switches on core 0) /var/lib/openstack/lib/python3.12/site-packages/pycadf/identifier.py:71: UserWarning: Invalid uuid: cinderv3. To ensure interoperability, identifiers should be a valid uuid. warnings.warn(('Invalid uuid: %s. To ensure interoperability, '
2026-03-04 02:30:03.409 8 INFO cinder.api.openstack.wsgi [None req-ae2f7a29-50c5-4edd-9642-86247289ea3a 025272a8333f4fe18d9f9a044294c742 eb644918f4014d2792720bed4cd20f95 - - default default] GET http://cinder-api.openstack.svc.cluster.local:8776/v3/eb644918f4014d2792720bed4cd20f95/volumes/e86851ff-a588-4c4d-924e-381d2a8dd7e9 /var/lib/openstack/lib/python3.12/site-packages/oslo_context/context.py:100: DeprecationWarning: Policy enforcement is depending on the value of is_admin. This key is deprecated. Please update your policy file to use the standard policy values. warnings.warn('Policy enforcement is depending on the value of '
2026-03-04 02:30:03.431 8 INFO cinder.volume.api [None req-ae2f7a29-50c5-4edd-9642-86247289ea3a 025272a8333f4fe18d9f9a044294c742 eb644918f4014d2792720bed4cd20f95 - - default default] Volume info retrieved successfully.
2026-03-04 02:30:03.437 8 INFO cinder.api.openstack.wsgi [None req-ae2f7a29-50c5-4edd-9642-86247289ea3a 025272a8333f4fe18d9f9a044294c742 eb644918f4014d2792720bed4cd20f95 - - default default] http://cinder-api.openstack.svc.cluster.local:8776/v3/eb644918f4014d2792720bed4cd20f95/volumes/e86851ff-a588-4c4d-924e-381d2a8dd7e9 returned with HTTP 200 /var/lib/openstack/lib/python3.12/site-packages/pycadf/timestamp.py:28: DeprecationWarning: datetime.datetime.utcnow() is deprecated and scheduled for removal in a future version. Use timezone-aware objects to represent datetimes in UTC: datetime.datetime.now(datetime.UTC). utc_datetime = pytz.utc.localize(datetime.datetime.utcnow()) [pid: 8|app: 0|req: 331/663] 10.0.0.40 () {32 vars in 774 bytes} [Wed Mar 4 02:30:03 2026] GET /v3/eb644918f4014d2792720bed4cd20f95/volumes/e86851ff-a588-4c4d-924e-381d2a8dd7e9 => generated 1342 bytes in 35 msecs (HTTP/1.1 200) 7 headers in 286 bytes (1 switches on core 0) /var/lib/openstack/lib/python3.12/site-packages/pycadf/identifier.py:71: UserWarning: Invalid uuid: cinderv3. To ensure interoperability, identifiers should be a valid uuid. warnings.warn(('Invalid uuid: %s. To ensure interoperability, '
2026-03-04 02:30:03.540 7 INFO cinder.api.openstack.wsgi [req-98eabe13-74b9-45a0-a736-55fc01e7e5f7 req-71ce3cbc-4a19-4c7b-bada-b407bd03a95f 025272a8333f4fe18d9f9a044294c742 eb644918f4014d2792720bed4cd20f95 - - default default] GET http://cinder-api.openstack.svc.cluster.local:8776/v3/eb644918f4014d2792720bed4cd20f95/volumes/e86851ff-a588-4c4d-924e-381d2a8dd7e9 /var/lib/openstack/lib/python3.12/site-packages/oslo_context/context.py:100: DeprecationWarning: Policy enforcement is depending on the value of is_admin. This key is deprecated. Please update your policy file to use the standard policy values. warnings.warn('Policy enforcement is depending on the value of '
2026-03-04 02:30:03.562 7 INFO cinder.volume.api [req-98eabe13-74b9-45a0-a736-55fc01e7e5f7 req-71ce3cbc-4a19-4c7b-bada-b407bd03a95f 025272a8333f4fe18d9f9a044294c742 eb644918f4014d2792720bed4cd20f95 - - default default] Volume info retrieved successfully.
2026-03-04 02:30:03.567 7 INFO cinder.api.openstack.wsgi [req-98eabe13-74b9-45a0-a736-55fc01e7e5f7 req-71ce3cbc-4a19-4c7b-bada-b407bd03a95f 025272a8333f4fe18d9f9a044294c742 eb644918f4014d2792720bed4cd20f95 - - default default] http://cinder-api.openstack.svc.cluster.local:8776/v3/eb644918f4014d2792720bed4cd20f95/volumes/e86851ff-a588-4c4d-924e-381d2a8dd7e9 returned with HTTP 200 /var/lib/openstack/lib/python3.12/site-packages/pycadf/timestamp.py:28: DeprecationWarning: datetime.datetime.utcnow() is deprecated and scheduled for removal in a future version. Use timezone-aware objects to represent datetimes in UTC: datetime.datetime.now(datetime.UTC). utc_datetime = pytz.utc.localize(datetime.datetime.utcnow()) [pid: 7|app: 0|req: 333/664] 10.0.0.84 () {34 vars in 1027 bytes} [Wed Mar 4 02:30:03 2026] GET /v3/eb644918f4014d2792720bed4cd20f95/volumes/e86851ff-a588-4c4d-924e-381d2a8dd7e9 => generated 1342 bytes in 37 msecs (HTTP/1.1 200) 7 headers in 286 bytes (1 switches on core 0) /var/lib/openstack/lib/python3.12/site-packages/pycadf/identifier.py:71: UserWarning: Invalid uuid: cinderv3. To ensure interoperability, identifiers should be a valid uuid. warnings.warn(('Invalid uuid: %s. To ensure interoperability, '
2026-03-04 02:30:03.928 8 INFO cinder.api.openstack.wsgi [req-98eabe13-74b9-45a0-a736-55fc01e7e5f7 req-c02408bd-be78-4654-8ae8-e74a7f68183b 025272a8333f4fe18d9f9a044294c742 eb644918f4014d2792720bed4cd20f95 - - default default] GET http://cinder-api.openstack.svc.cluster.local:8776/v3/eb644918f4014d2792720bed4cd20f95/volumes/e86851ff-a588-4c4d-924e-381d2a8dd7e9 /var/lib/openstack/lib/python3.12/site-packages/oslo_context/context.py:100: DeprecationWarning: Policy enforcement is depending on the value of is_admin. This key is deprecated. Please update your policy file to use the standard policy values. warnings.warn('Policy enforcement is depending on the value of '
2026-03-04 02:30:03.946 8 INFO cinder.volume.api [req-98eabe13-74b9-45a0-a736-55fc01e7e5f7 req-c02408bd-be78-4654-8ae8-e74a7f68183b 025272a8333f4fe18d9f9a044294c742 eb644918f4014d2792720bed4cd20f95 - - default default] Volume info retrieved successfully.
