2026-03-04 02:37:15.802 9 INFO neutron.api.wsgi [None req-cd6c088c-f1fd-48c2-8a3f-67a7233d26ac ae119c5d3767453f841afc16aea85ca8 d415d15cad7c4e5dae1b340cf898c857 - - default default] 199.204.45.122 "GET /v2.0/subnets/8ed39f52-598f-42be-bd84-4050cb1e0c85 HTTP/1.1" status: 200 len: 875 time: 0.0252993
2026-03-04 02:37:15.844 9 INFO neutron.api.wsgi [None req-33277917-1480-412f-afac-003b7193ae46 ae119c5d3767453f841afc16aea85ca8 d415d15cad7c4e5dae1b340cf898c857 - - default default] 199.204.45.122 "GET /v2.0/ports?device_id=b417a909-15f6-4703-b177-9db9116ec1ba HTTP/1.1" status: 200 len: 2727 time: 0.0376616
2026-03-04 02:37:15.889 9 INFO neutron.api.wsgi [None req-e10aeec6-84d1-47f6-9103-3701e5240a10 ae119c5d3767453f841afc16aea85ca8 d415d15cad7c4e5dae1b340cf898c857 - - default default] 199.204.45.122 "GET /v2.0/ports?device_id=b417a909-15f6-4703-b177-9db9116ec1ba HTTP/1.1" status: 200 len: 2727 time: 0.0360668
2026-03-04 02:37:15.989 9 INFO neutron.api.wsgi [None req-3946467e-5639-4d83-bac7-2d33986fe381 ae119c5d3767453f841afc16aea85ca8 d415d15cad7c4e5dae1b340cf898c857 - - default default] 199.204.45.122 "GET /v2.0/ports?device_id=b417a909-15f6-4703-b177-9db9116ec1ba HTTP/1.1" status: 200 len: 2727 time: 0.0265512
2026-03-04 02:37:17.037 9 INFO neutron.api.wsgi [None req-73bfe045-6b00-485f-8f35-0ab8024076be ae119c5d3767453f841afc16aea85ca8 d415d15cad7c4e5dae1b340cf898c857 - - default default] 199.204.45.122 "GET /v2.0/ports?device_id=b417a909-15f6-4703-b177-9db9116ec1ba HTTP/1.1" status: 200 len: 2727 time: 0.0371053
2026-03-04 02:37:17.751 8 INFO neutron.plugins.ml2.drivers.ovn.mech_driver.mech_driver [None req-6b45a1c3-c6b2-4153-9f49-9566aba62493 - - - - - -] OVN reports status down for port: b3f89127-cc04-4055-8c4a-75c7b070acc2
2026-03-04 02:37:17.755 9 INFO neutron.plugins.ml2.drivers.ovn.mech_driver.mech_driver [None req-3b6c33c1-5541-42f9-9bc8-c7be7f426c6b - - - - - -] OVN reports status down for port: 2937e3e1-ce41-4394-a12a-e664dbc7acdd
2026-03-04 02:37:17.805 8 INFO neutron.api.wsgi [req-e0d1a1c7-7878-4fe7-9335-ddb518e8db36 req-7c95f7b2-347e-45ef-8a91-3a4643566790 2967cf0343a74bbbaed3c2e15e1704a4 c32371e678144ec3aed8ee604137877a - - 0832263700184f97aff006fb9cce7bff 0832263700184f97aff006fb9cce7bff] 199.204.45.122 "GET /v2.0/ports/b3f89127-cc04-4055-8c4a-75c7b070acc2 HTTP/1.1" status: 200 len: 1518 time: 0.0287476
2026-03-04 02:37:17.849 8 INFO neutron.api.wsgi [req-e0d1a1c7-7878-4fe7-9335-ddb518e8db36 req-f74e46ef-0c68-4246-9477-e219d72dec31 ae119c5d3767453f841afc16aea85ca8 d415d15cad7c4e5dae1b340cf898c857 - - default default] 199.204.45.122 "GET /v2.0/ports/b3f89127-cc04-4055-8c4a-75c7b070acc2?fields=binding%3Aprofile&fields=network_id HTTP/1.1" status: 200 len: 281 time: 0.0380712
2026-03-04 02:37:17.918 8 INFO neutron.api.wsgi [req-e0d1a1c7-7878-4fe7-9335-ddb518e8db36 req-4e26f2cd-d3f0-481a-9c5b-12f41db73e98 ae119c5d3767453f841afc16aea85ca8 d415d15cad7c4e5dae1b340cf898c857 - - default default] 199.204.45.122 "GET /v2.0/networks/730d6105-87ce-4974-ad8d-81e704316467?fields=dns_domain HTTP/1.1" status: 200 len: 227 time: 0.0653758
2026-03-04 02:37:17.928 9 INFO neutron.db.ovn_revision_numbers_db [None req-6bf0b6b0-5f9e-4393-bbf1-c4e09bdfa1a6 - - - - - -] Successfully bumped revision number for resource 2937e3e1-ce41-4394-a12a-e664dbc7acdd (type: ports) to 6
2026-03-04 02:37:17.941 8 INFO neutron.notifiers.nova [-] Nova event matching ['req-aa919c6f-78a3-4372-883d-d656518ac209'] response: {'server_uuid': 'b417a909-15f6-4703-b177-9db9116ec1ba', 'name': 'network-vif-unplugged', 'status': 'completed', 'tag': 'b3f89127-cc04-4055-8c4a-75c7b070acc2', 'code': 200}
2026-03-04 02:37:18.081 9 INFO neutron.api.wsgi [None req-f0f056c0-3364-450f-b5aa-5ed72d72ee04 ae119c5d3767453f841afc16aea85ca8 d415d15cad7c4e5dae1b340cf898c857 - - default default] 199.204.45.122 "GET /v2.0/ports?device_id=b417a909-15f6-4703-b177-9db9116ec1ba HTTP/1.1" status: 200 len: 2725 time: 0.0323679
2026-03-04 02:37:18.296 8 INFO neutron.db.ovn_revision_numbers_db [None req-6b45a1c3-c6b2-4153-9f49-9566aba62493 - - - - - -] Successfully bumped revision number for resource b3f89127-cc04-4055-8c4a-75c7b070acc2 (type: ports) to 8
2026-03-04 02:37:18.553 8 INFO neutron.db.ovn_revision_numbers_db [req-e0d1a1c7-7878-4fe7-9335-ddb518e8db36 req-8016d5bb-d7c2-414a-a906-25aaeb55f885 2967cf0343a74bbbaed3c2e15e1704a4 c32371e678144ec3aed8ee604137877a - - 0832263700184f97aff006fb9cce7bff 0832263700184f97aff006fb9cce7bff] Successfully bumped revision number for resource b3f89127-cc04-4055-8c4a-75c7b070acc2 (type: ports) to 9
2026-03-04 02:37:18.570 8 INFO neutron.api.wsgi [req-e0d1a1c7-7878-4fe7-9335-ddb518e8db36 req-8016d5bb-d7c2-414a-a906-25aaeb55f885 2967cf0343a74bbbaed3c2e15e1704a4 c32371e678144ec3aed8ee604137877a - - 0832263700184f97aff006fb9cce7bff 0832263700184f97aff006fb9cce7bff] 199.204.45.122 "PUT /v2.0/ports/b3f89127-cc04-4055-8c4a-75c7b070acc2 HTTP/1.1" status: 200 len: 1350 time: 0.6457717
2026-03-04 02:37:19.125 9 INFO neutron.api.wsgi [None req-db4df368-871d-4a7a-b473-aea6376791a8 ae119c5d3767453f841afc16aea85ca8 d415d15cad7c4e5dae1b340cf898c857 - - default default] 199.204.45.122 "GET /v2.0/ports?device_id=b417a909-15f6-4703-b177-9db9116ec1ba HTTP/1.1" status: 200 len: 1417 time: 0.0351713
2026-03-04 02:37:19.523 9 INFO neutron.db.ovn_revision_numbers_db [None req-6ba6b7df-5f4b-4005-9b26-6bb7caf82a4b ae119c5d3767453f841afc16aea85ca8 d415d15cad7c4e5dae1b340cf898c857 - - default default] Successfully bumped revision number for resource b3f89127-cc04-4055-8c4a-75c7b070acc2 (type: ports) to 10
2026-03-04 02:37:19.548 9 INFO neutron.api.wsgi [None req-6ba6b7df-5f4b-4005-9b26-6bb7caf82a4b ae119c5d3767453f841afc16aea85ca8 d415d15cad7c4e5dae1b340cf898c857 - - default default] 199.204.45.122 "PUT /v2.0/ports/b3f89127-cc04-4055-8c4a-75c7b070acc2 HTTP/1.1" status: 200 len: 1291 time: 0.4115026 /var/lib/openstack/lib/python3.12/site-packages/pycadf/identifier.py:71: UserWarning: Invalid uuid: neutron. To ensure interoperability, identifiers should be a valid uuid. warnings.warn(('Invalid uuid: %s. To ensure interoperability, '
2026-03-04 02:37:19.584 9 INFO neutron.api.wsgi [None req-325a3f5f-bea2-4b7f-b1bd-15cee7bef9bd ae119c5d3767453f841afc16aea85ca8 d415d15cad7c4e5dae1b340cf898c857 - - default default] 199.204.45.122 "GET /v2.0/ports/b3f89127-cc04-4055-8c4a-75c7b070acc2 HTTP/1.1" status: 200 len: 1291 time: 0.0286617
2026-03-04 02:37:19.638 9 INFO neutron.db.ovn_revision_numbers_db [None req-6bf0b6b0-5f9e-4393-bbf1-c4e09bdfa1a6 - - - - - -] Successfully bumped revision number for resource 2937e3e1-ce41-4394-a12a-e664dbc7acdd (type: ports) to 8
2026-03-04 02:37:19.899 9 INFO neutron.api.wsgi [None req-f0732605-80e9-4824-aa42-d1ef6129a1e1 ae119c5d3767453f841afc16aea85ca8 d415d15cad7c4e5dae1b340cf898c857 - - default default] 199.204.45.122 "DELETE /v2.0/ports/b3f89127-cc04-4055-8c4a-75c7b070acc2 HTTP/1.1" status: 204 len: 173 time: 0.3083067
2026-03-04 02:37:19.971 8 INFO neutron.notifiers.nova [-] Nova event matching ['req-b3794201-e984-4e94-b0b5-0c8de70b840e'] response: {'server_uuid': 'b417a909-15f6-4703-b177-9db9116ec1ba', 'name': 'network-vif-unplugged', 'status': 'completed', 'tag': 'b3f89127-cc04-4055-8c4a-75c7b070acc2', 'code': 200}
2026-03-04 02:37:19.983 9 INFO neutron.api.wsgi [None req-aeebb53e-3f3d-44fd-a314-763060b42992 ae119c5d3767453f841afc16aea85ca8 d415d15cad7c4e5dae1b340cf898c857 - - default default] 199.204.45.122 "GET /v2.0/extensions/security-group HTTP/1.1" status: 200 len: 369 time: 0.0071454
2026-03-04 02:37:19.991 9 INFO neutron.api.wsgi [None req-5ba0d625-a050-4b06-80db-931a94aae68f ae119c5d3767453f841afc16aea85ca8 d415d15cad7c4e5dae1b340cf898c857 - - default default] 199.204.45.122 "GET /v2.0/extensions/dns-integration HTTP/1.1" status: 200 len: 371 time: 0.0036950
2026-03-04 02:37:19.998 9 INFO neutron.api.wsgi [None req-800271ab-5d47-4ee4-8653-06fb231d2be6 ae119c5d3767453f841afc16aea85ca8 d415d15cad7c4e5dae1b340cf898c857 - - default default] 199.204.45.122 "GET /v2.0/extensions/qos HTTP/1.1" status: 200 len: 365 time: 0.0035956
2026-03-04 02:37:20.004 9 INFO neutron.api.wsgi [None req-f84a2822-c1de-4fa1-98b1-ded0dd66e353 ae119c5d3767453f841afc16aea85ca8 d415d15cad7c4e5dae1b340cf898c857 - - default default] 199.204.45.122 "GET /v2.0/extensions/allowed-address-pairs HTTP/1.1" status: 200 len: 383 time: 0.0035527
2026-03-04 02:37:20.022 9 INFO neutron.pecan_wsgi.hooks.translation [None req-b7d23d42-b663-4cfd-8150-dea9a666d059 ae119c5d3767453f841afc16aea85ca8 d415d15cad7c4e5dae1b340cf898c857 - - default default] DELETE failed (client error): The resource could not be found.
2026-03-04 02:37:20.024 9 INFO neutron.api.wsgi [None req-b7d23d42-b663-4cfd-8150-dea9a666d059 ae119c5d3767453f841afc16aea85ca8 d415d15cad7c4e5dae1b340cf898c857 - - default default] 199.204.45.122 "DELETE /v2.0/ports/b3f89127-cc04-4055-8c4a-75c7b070acc2 HTTP/1.1" status: 404 len: 338 time: 0.0158708
2026-03-04 02:37:20.053 9 INFO neutron.api.wsgi [None req-1e3c84bf-d366-4b35-8367-7587cf7d86a8 ae119c5d3767453f841afc16aea85ca8 d415d15cad7c4e5dae1b340cf898c857 - - default default] 199.204.45.122 "GET /v2.0/ports/2937e3e1-ce41-4394-a12a-e664dbc7acdd HTTP/1.1" status: 200 len: 1328 time: 0.0245047
2026-03-04 02:37:20.069 9 INFO neutron.api.v2.resource [None req-3dd63553-c9e9-4659-9bc4-e749ad63e686 ae119c5d3767453f841afc16aea85ca8 d415d15cad7c4e5dae1b340cf898c857 - - default default] show failed (client error): The resource could not be found.
2026-03-04 02:37:20.071 9 INFO neutron.api.wsgi [None req-3dd63553-c9e9-4659-9bc4-e749ad63e686 ae119c5d3767453f841afc16aea85ca8 d415d15cad7c4e5dae1b340cf898c857 - - default default] 199.204.45.122 "GET /v2.0/security-groups/lb-e892b2a6-7830-4d65-9fea-5ef67be5c9fc HTTP/1.1" status: 404 len: 355 time: 0.0111439 /var/lib/openstack/lib/python3.12/site-packages/pycadf/identifier.py:71: UserWarning: Invalid uuid: neutron. To ensure interoperability, identifiers should be a valid uuid. warnings.warn(('Invalid uuid: %s. To ensure interoperability, '
2026-03-04 02:37:20.103 9 INFO neutron.api.wsgi [None req-efcd2573-91c0-4511-8a42-16ccd0e8ad38 ae119c5d3767453f841afc16aea85ca8 d415d15cad7c4e5dae1b340cf898c857 - - default default] 199.204.45.122 "GET /v2.0/security-groups?name=lb-e892b2a6-7830-4d65-9fea-5ef67be5c9fc HTTP/1.1" status: 200 len: 1837 time: 0.0302248
2026-03-04 02:37:20.127 8 INFO neutron.api.wsgi [req-e0d1a1c7-7878-4fe7-9335-ddb518e8db36 req-9db9a538-db54-42eb-8aae-657b678477f4 2967cf0343a74bbbaed3c2e15e1704a4 c32371e678144ec3aed8ee604137877a - - 0832263700184f97aff006fb9cce7bff 0832263700184f97aff006fb9cce7bff] 199.204.45.122 "GET /v2.0/ports?tenant_id=d415d15cad7c4e5dae1b340cf898c857&device_id=b417a909-15f6-4703-b177-9db9116ec1ba HTTP/1.1" status: 200 len: 1417 time: 0.0376785
2026-03-04 02:37:20.135 9 INFO neutron.api.wsgi [None req-a304032c-8357-4171-a719-bba18769e0b5 ae119c5d3767453f841afc16aea85ca8 d415d15cad7c4e5dae1b340cf898c857 - - default default] 199.204.45.122 "GET /v2.0/ports/2937e3e1-ce41-4394-a12a-e664dbc7acdd HTTP/1.1" status: 200 len: 1328 time: 0.0277221
2026-03-04 02:37:20.182 8 INFO neutron.api.wsgi [req-e0d1a1c7-7878-4fe7-9335-ddb518e8db36 req-211bedfa-0436-41ba-b801-6b4a202f531d 2967cf0343a74bbbaed3c2e15e1704a4 c32371e678144ec3aed8ee604137877a - - 0832263700184f97aff006fb9cce7bff 0832263700184f97aff006fb9cce7bff] 199.204.45.122 "GET /v2.0/networks?id=46e97121-7563-49cb-8078-e951c1d55302&id=730d6105-87ce-4974-ad8d-81e704316467 HTTP/1.1" status: 200 len: 1729 time: 0.0480902
2026-03-04 02:37:20.209 8 INFO neutron.api.wsgi [req-e0d1a1c7-7878-4fe7-9335-ddb518e8db36 req-faeb681b-401a-4165-a96f-48a8109e7dcb 2967cf0343a74bbbaed3c2e15e1704a4 c32371e678144ec3aed8ee604137877a - - 0832263700184f97aff006fb9cce7bff 0832263700184f97aff006fb9cce7bff] 199.204.45.122 "GET /v2.0/floatingips?fixed_ip_address=172.24.1.147&port_id=a42fe345-7b9d-4bea-9172-8d2dca63b8b8 HTTP/1.1" status: 200 len: 217 time: 0.0195045
2026-03-04 02:37:20.238 8 INFO neutron.api.wsgi [req-e0d1a1c7-7878-4fe7-9335-ddb518e8db36 req-3b8d6b04-840c-4f1c-a3c7-d3b05a8c1f28 2967cf0343a74bbbaed3c2e15e1704a4 c32371e678144ec3aed8ee604137877a - - 0832263700184f97aff006fb9cce7bff 0832263700184f97aff006fb9cce7bff] 199.204.45.122 "GET /v2.0/subnets?id=8f1ed311-b241-4f90-816e-04973f8c260f HTTP/1.1" status: 200 len: 853 time: 0.0259526
2026-03-04 02:37:20.260 8 INFO neutron.api.wsgi [req-e0d1a1c7-7878-4fe7-9335-ddb518e8db36 req-4b242c46-f9ab-4bc4-9dd1-b8997145dda1 2967cf0343a74bbbaed3c2e15e1704a4 c32371e678144ec3aed8ee604137877a - - 0832263700184f97aff006fb9cce7bff 0832263700184f97aff006fb9cce7bff] 199.204.45.122 "GET /v2.0/ports?network_id=46e97121-7563-49cb-8078-e951c1d55302&device_owner=network%3Adhcp HTTP/1.1" status: 200 len: 210 time: 0.0159073
2026-03-04 02:37:20.306 8 INFO neutron.api.wsgi [req-e0d1a1c7-7878-4fe7-9335-ddb518e8db36 req-dda2463f-f9fa-48f1-8f0e-d10b14e5f6c8 2967cf0343a74bbbaed3c2e15e1704a4 c32371e678144ec3aed8ee604137877a - - 0832263700184f97aff006fb9cce7bff 0832263700184f97aff006fb9cce7bff] 199.204.45.122 "GET /v2.0/networks/46e97121-7563-49cb-8078-e951c1d55302?fields=segments HTTP/1.1" status: 200 len: 212 time: 0.0408149
2026-03-04 02:37:20.356 8 INFO neutron.api.wsgi [req-e0d1a1c7-7878-4fe7-9335-ddb518e8db36 req-fa556303-20b8-46a7-94ed-8f45a4082435 2967cf0343a74bbbaed3c2e15e1704a4 c32371e678144ec3aed8ee604137877a - - 0832263700184f97aff006fb9cce7bff 0832263700184f97aff006fb9cce7bff] 199.204.45.122 "GET /v2.0/networks/46e97121-7563-49cb-8078-e951c1d55302?fields=provider%3Aphysical_network&fields=provider%3Anetwork_type HTTP/1.1" status: 200 len: 277 time: 0.0442381
2026-03-04 02:37:20.443 9 INFO neutron.db.ovn_revision_numbers_db [None req-36741c64-7d01-433b-9b6f-6b842abc747b ae119c5d3767453f841afc16aea85ca8 d415d15cad7c4e5dae1b340cf898c857 - - default default] Successfully bumped revision number for resource 2937e3e1-ce41-4394-a12a-e664dbc7acdd (type: ports) to 9
2026-03-04 02:37:20.457 9 INFO neutron.api.wsgi [None req-36741c64-7d01-433b-9b6f-6b842abc747b ae119c5d3767453f841afc16aea85ca8 d415d15cad7c4e5dae1b340cf898c857 - - default default] 199.204.45.122 "PUT /v2.0/ports/2937e3e1-ce41-4394-a12a-e664dbc7acdd HTTP/1.1" status: 200 len: 1290 time: 0.3170102
2026-03-04 02:37:20.558 9 INFO neutron.api.wsgi [None req-9ed2f90f-6cbe-4aa2-b288-4d834aebaecd ae119c5d3767453f841afc16aea85ca8 d415d15cad7c4e5dae1b340cf898c857 - - default default] 199.204.45.122 "DELETE /v2.0/security-groups/e8975bdc-91fc-4e57-b728-5bd24812e76a HTTP/1.1" status: 204 len: 173 time: 0.0905466
2026-03-04 02:37:20.812 9 INFO neutron.api.wsgi [None req-8a4eaf2b-f817-4470-b677-6c3923f1bb84 ae119c5d3767453f841afc16aea85ca8 d415d15cad7c4e5dae1b340cf898c857 - - default default] 199.204.45.122 "DELETE /v2.0/ports/2937e3e1-ce41-4394-a12a-e664dbc7acdd HTTP/1.1" status: 204 len: 173 time: 0.2480280
2026-03-04 02:37:21.609 9 INFO neutron.plugins.ml2.drivers.ovn.mech_driver.mech_driver [None req-3b6c33c1-5541-42f9-9bc8-c7be7f426c6b - - - - - -] OVN reports status down for port: a42fe345-7b9d-4bea-9172-8d2dca63b8b8
2026-03-04 02:37:21.735 9 INFO neutron.notifiers.nova [-] Nova event matching ['req-17e0d65e-0814-483b-b669-e1503fd718d8'] response: {'server_uuid': 'b417a909-15f6-4703-b177-9db9116ec1ba', 'name': 'network-vif-unplugged', 'status': 'completed', 'tag': 'a42fe345-7b9d-4bea-9172-8d2dca63b8b8', 'code': 200}
2026-03-04 02:37:21.823 9 INFO neutron.db.ovn_revision_numbers_db [None req-3b6c33c1-5541-42f9-9bc8-c7be7f426c6b - - - - - -] Successfully bumped revision number for resource a42fe345-7b9d-4bea-9172-8d2dca63b8b8 (type: ports) to 6
2026-03-04 02:37:22.791 8 INFO neutron.api.wsgi [req-2232a2d7-8fa9-46b5-ac97-a89390ae948c req-27cc8307-cc91-4a53-9cd8-1d1ac7b3883e ae119c5d3767453f841afc16aea85ca8 d415d15cad7c4e5dae1b340cf898c857 - - default default] 199.204.45.122 "GET /v2.0/ports?device_id=b417a909-15f6-4703-b177-9db9116ec1ba HTTP/1.1" status: 200 len: 1415 time: 0.0316842
2026-03-04 02:37:23.058 8 INFO neutron.api.wsgi [req-2232a2d7-8fa9-46b5-ac97-a89390ae948c req-dde651c9-0f66-4217-89cf-7cf34413fef7 ae119c5d3767453f841afc16aea85ca8 d415d15cad7c4e5dae1b340cf898c857 - - default default] 199.204.45.122 "DELETE /v2.0/ports/a42fe345-7b9d-4bea-9172-8d2dca63b8b8 HTTP/1.1" status: 204 len: 173 time: 0.2620554
2026-03-04 02:37:23.091 8 INFO neutron.notifiers.nova [-] Nova event matching ['req-d2ba9f22-aa1e-46a0-8636-36aeb5d16af9'] response: {'server_uuid': 'b417a909-15f6-4703-b177-9db9116ec1ba', 'name': 'network-vif-deleted', 'tag': 'a42fe345-7b9d-4bea-9172-8d2dca63b8b8', 'status': 'completed', 'code': 200}
2026-03-04 02:37:23.770 9 INFO neutron.notifiers.nova [-] Nova event matching ['req-96f5de12-71d4-406b-bc5e-e3532a00da5f'] response: {'server_uuid': 'b417a909-15f6-4703-b177-9db9116ec1ba', 'name': 'network-vif-unplugged', 'status': 'completed', 'tag': 'a42fe345-7b9d-4bea-9172-8d2dca63b8b8', 'code': 200} /var/lib/openstack/lib/python3.12/site-packages/pycadf/identifier.py:71: UserWarning: Invalid uuid: neutron. To ensure interoperability, identifiers should be a valid uuid. warnings.warn(('Invalid uuid: %s. To ensure interoperability, '
2026-03-04 02:37:25.031 9 INFO neutron.db.l3_db [None req-f6331d74-9c48-4c00-b619-28427cab2bce 1961d405d6c046c59f866dd2acda7600 3e2f7676103d470281aaf43ba57f27cb - - default default] Floating IP f56f4be1-433c-4ca7-958c-268972c04d11 disassociated (deleted). External IP: 10.96.250.208, port: 18da22be-ad4a-47af-a875-2bc046022c77.
2026-03-04 02:37:25.061 9 INFO neutron.api.wsgi [None req-f6331d74-9c48-4c00-b619-28427cab2bce 1961d405d6c046c59f866dd2acda7600 3e2f7676103d470281aaf43ba57f27cb - - default default] 10.0.0.40 "DELETE /v2.0/floatingips/f56f4be1-433c-4ca7-958c-268972c04d11 HTTP/1.1" status: 204 len: 168 time: 0.4217975 /var/lib/openstack/lib/python3.12/site-packages/pycadf/identifier.py:71: UserWarning: Invalid uuid: neutron. To ensure interoperability, identifiers should be a valid uuid. warnings.warn(('Invalid uuid: %s. To ensure interoperability, '
2026-03-04 02:37:25.081 9 INFO neutron.api.v2.resource [None req-c07479d0-f653-46b9-bbbf-043b5b8235ce 1961d405d6c046c59f866dd2acda7600 3e2f7676103d470281aaf43ba57f27cb - - default default] show failed (client error): The resource could not be found.
2026-03-04 02:37:25.084 9 INFO neutron.api.wsgi [None req-c07479d0-f653-46b9-bbbf-043b5b8235ce 1961d405d6c046c59f866dd2acda7600 3e2f7676103d470281aaf43ba57f27cb - - default default] 10.0.0.40 "GET /v2.0/floatingips/f56f4be1-433c-4ca7-958c-268972c04d11 HTTP/1.1" status: 404 len: 345 time: 0.0181205
2026-03-04 02:37:25.400 9 INFO neutron.api.wsgi [req-59b1c3a8-8a80-4466-98db-0bec516799f1 req-b9d23619-c68d-4580-99ab-b562dc86f172 1961d405d6c046c59f866dd2acda7600 3e2f7676103d470281aaf43ba57f27cb - - default default] 10.0.0.84 "GET /v2.0/ports?device_id=73753a56-2845-4aea-a22d-5489d91aa047 HTTP/1.1" status: 200 len: 1400 time: 0.1553800
2026-03-04 02:37:25.433 9 INFO neutron.api.wsgi [req-59b1c3a8-8a80-4466-98db-0bec516799f1 req-233b1845-495f-43c4-9217-216a72ea5e4b 1961d405d6c046c59f866dd2acda7600 3e2f7676103d470281aaf43ba57f27cb - - default default] 10.0.0.84 "GET /v2.0/security-groups?id=2dd6c6c3-4820-406e-94c5-4ca9f03cb016&fields=id&fields=name HTTP/1.1" status: 200 len: 311 time: 0.0280375
2026-03-04 02:37:25.779 8 INFO neutron.plugins.ml2.drivers.ovn.mech_driver.mech_driver [None req-3b3eda9d-d4d9-4fec-8d58-abc42d0636f1 - - - - - -] OVN reports status down for port: 18da22be-ad4a-47af-a875-2bc046022c77
2026-03-04 02:37:25.804 9 INFO neutron.notifiers.nova [-] Nova event matching ['req-a1fffd99-130c-4e31-8515-f6e66ad2e8dc'] response: {'name': 'network-changed', 'server_uuid': '73753a56-2845-4aea-a22d-5489d91aa047', 'tag': '18da22be-ad4a-47af-a875-2bc046022c77', 'status': 'completed', 'code': 200}
2026-03-04 02:37:25.895 8 INFO neutron.notifiers.nova [-] Nova event matching ['req-bd1a85f8-fc1b-4eb3-9cff-7783f4780a86'] response: {'server_uuid': '73753a56-2845-4aea-a22d-5489d91aa047', 'name': 'network-vif-unplugged', 'status': 'completed', 'tag': '18da22be-ad4a-47af-a875-2bc046022c77', 'code': 200}
2026-03-04 02:37:26.014 8 INFO neutron.db.ovn_revision_numbers_db [None req-3b3eda9d-d4d9-4fec-8d58-abc42d0636f1 - - - - - -] Successfully bumped revision number for resource 18da22be-ad4a-47af-a875-2bc046022c77 (type: ports) to 6 /var/lib/openstack/lib/python3.12/site-packages/pycadf/identifier.py:71: UserWarning: Invalid uuid: neutron. To ensure interoperability, identifiers should be a valid uuid. warnings.warn(('Invalid uuid: %s. To ensure interoperability, '
2026-03-04 02:37:26.355 8 INFO neutron.api.wsgi [req-5376f86a-c1d2-47f6-9e98-048babbd3d51 req-276d58ee-e989-4c90-b069-698e52cecb6e 2967cf0343a74bbbaed3c2e15e1704a4 c32371e678144ec3aed8ee604137877a - - 0832263700184f97aff006fb9cce7bff 0832263700184f97aff006fb9cce7bff] 199.204.45.122 "GET /v2.0/ports?tenant_id=3e2f7676103d470281aaf43ba57f27cb&device_id=73753a56-2845-4aea-a22d-5489d91aa047 HTTP/1.1" status: 200 len: 1636 time: 0.0356457
2026-03-04 02:37:26.406 8 INFO neutron.api.wsgi [req-5376f86a-c1d2-47f6-9e98-048babbd3d51 req-b5477439-077b-4185-82a8-352e92b58df5 2967cf0343a74bbbaed3c2e15e1704a4 c32371e678144ec3aed8ee604137877a - - 0832263700184f97aff006fb9cce7bff 0832263700184f97aff006fb9cce7bff] 199.204.45.122 "GET /v2.0/networks?id=10a84851-01fd-4d96-9781-7b4c6cf6aad7 HTTP/1.1" status: 200 len: 1003 time: 0.0432680
2026-03-04 02:37:26.431 8 INFO neutron.api.wsgi [req-5376f86a-c1d2-47f6-9e98-048babbd3d51 req-e2f5ed7c-46f4-4b68-b160-86f84e08c3f2 2967cf0343a74bbbaed3c2e15e1704a4 c32371e678144ec3aed8ee604137877a - - 0832263700184f97aff006fb9cce7bff 0832263700184f97aff006fb9cce7bff] 199.204.45.122 "GET /v2.0/floatingips?fixed_ip_address=10.2.2.91&port_id=18da22be-ad4a-47af-a875-2bc046022c77 HTTP/1.1" status: 200 len: 217 time: 0.0188017
2026-03-04 02:37:26.454 8 INFO neutron.api.wsgi [req-5376f86a-c1d2-47f6-9e98-048babbd3d51 req-6a373a74-b2c4-4cdc-b260-2d9036b162cb 2967cf0343a74bbbaed3c2e15e1704a4 c32371e678144ec3aed8ee604137877a - - 0832263700184f97aff006fb9cce7bff 0832263700184f97aff006fb9cce7bff] 199.204.45.122 "GET /v2.0/floatingips?fixed_ip_address=fd77%3A1457%3A4cf0%3A26a8%3A%3A11f&port_id=18da22be-ad4a-47af-a875-2bc046022c77 HTTP/1.1" status: 200 len: 217 time: 0.0166841
2026-03-04 02:37:26.488 8 INFO neutron.api.wsgi [req-5376f86a-c1d2-47f6-9e98-048babbd3d51 req-544e935f-f152-4a4b-a893-ecef560b3122 2967cf0343a74bbbaed3c2e15e1704a4 c32371e678144ec3aed8ee604137877a - - 0832263700184f97aff006fb9cce7bff 0832263700184f97aff006fb9cce7bff] 199.204.45.122 "GET /v2.0/subnets?id=be11238e-8421-4d5a-afb7-f94df882db78&id=4c77db38-2119-4d08-b401-ff80b29f513d HTTP/1.1" status: 200 len: 1614 time: 0.0290067
2026-03-04 02:37:26.512 8 INFO neutron.api.wsgi [req-5376f86a-c1d2-47f6-9e98-048babbd3d51 req-ba69fd0f-cf5d-49f8-b4d9-fbfb9f85ee6b 2967cf0343a74bbbaed3c2e15e1704a4 c32371e678144ec3aed8ee604137877a - - 0832263700184f97aff006fb9cce7bff 0832263700184f97aff006fb9cce7bff] 199.204.45.122 "GET /v2.0/ports?network_id=10a84851-01fd-4d96-9781-7b4c6cf6aad7&device_owner=network%3Adhcp HTTP/1.1" status: 200 len: 210 time: 0.0179882
2026-03-04 02:37:26.533 8 INFO neutron.api.wsgi [req-5376f86a-c1d2-47f6-9e98-048babbd3d51 req-dabb92a1-71aa-4006-97cc-e58daa28ef0f 2967cf0343a74bbbaed3c2e15e1704a4 c32371e678144ec3aed8ee604137877a - - 0832263700184f97aff006fb9cce7bff 0832263700184f97aff006fb9cce7bff] 199.204.45.122 "GET /v2.0/ports?network_id=10a84851-01fd-4d96-9781-7b4c6cf6aad7&device_owner=network%3Adhcp HTTP/1.1" status: 200 len: 210 time: 0.0154734
2026-03-04 02:37:26.583 8 INFO neutron.api.wsgi [req-5376f86a-c1d2-47f6-9e98-048babbd3d51 req-d10a6c64-67d4-435a-ad9e-edb49a168703 2967cf0343a74bbbaed3c2e15e1704a4 c32371e678144ec3aed8ee604137877a - - 0832263700184f97aff006fb9cce7bff 0832263700184f97aff006fb9cce7bff] 199.204.45.122 "GET /v2.0/networks/10a84851-01fd-4d96-9781-7b4c6cf6aad7?fields=segments HTTP/1.1" status: 200 len: 212 time: 0.0432494
2026-03-04 02:37:26.630 8 INFO neutron.api.wsgi [req-5376f86a-c1d2-47f6-9e98-048babbd3d51 req-c5f027bb-ab2c-4441-8af4-ae1a62708ed9 2967cf0343a74bbbaed3c2e15e1704a4 c32371e678144ec3aed8ee604137877a - - 0832263700184f97aff006fb9cce7bff 0832263700184f97aff006fb9cce7bff] 199.204.45.122 "GET /v2.0/networks/10a84851-01fd-4d96-9781-7b4c6cf6aad7?fields=provider%3Aphysical_network&fields=provider%3Anetwork_type HTTP/1.1" status: 200 len: 277 time: 0.0426629
2026-03-04 02:37:27.055 8 INFO neutron.api.wsgi [req-388081da-9e97-4204-badb-243f87641ad5 req-3ccfb37d-c159-4898-b56c-2910374e59b2 1961d405d6c046c59f866dd2acda7600 3e2f7676103d470281aaf43ba57f27cb - - default default] 199.204.45.122 "GET /v2.0/ports?device_id=73753a56-2845-4aea-a22d-5489d91aa047 HTTP/1.1" status: 200 len: 1398 time: 0.0742970
2026-03-04 02:37:27.313 8 INFO neutron.api.wsgi [req-388081da-9e97-4204-badb-243f87641ad5 req-95251427-1499-47e3-832b-a0a57a5975c5 1961d405d6c046c59f866dd2acda7600 3e2f7676103d470281aaf43ba57f27cb - - default default] 199.204.45.122 "DELETE /v2.0/ports/18da22be-ad4a-47af-a875-2bc046022c77 HTTP/1.1" status: 204 len: 173 time: 0.2550268
2026-03-04 02:37:27.930 8 INFO neutron.notifiers.nova [-] Nova event matching ['req-2d222782-53f4-4b2b-b0b6-06ffb1270fa8'] response: {'server_uuid': '73753a56-2845-4aea-a22d-5489d91aa047', 'name': 'network-vif-unplugged', 'status': 'completed', 'tag': '18da22be-ad4a-47af-a875-2bc046022c77', 'code': 200}
2026-03-04 02:37:27.931 8 INFO neutron.notifiers.nova [-] Nova event matching ['req-2d222782-53f4-4b2b-b0b6-06ffb1270fa8'] response: {'server_uuid': '73753a56-2845-4aea-a22d-5489d91aa047', 'name': 'network-vif-deleted', 'tag': '18da22be-ad4a-47af-a875-2bc046022c77', 'status': 'completed', 'code': 200}
2026-03-04 02:37:30.098 8 INFO neutron.api.wsgi [-] 10.0.0.138 "GET / HTTP/1.1" status: 200 len: 246 time: 0.0027690
2026-03-04 02:37:30.098 9 INFO neutron.api.wsgi [-] 10.0.0.138 "GET / HTTP/1.1" status: 200 len: 246 time: 0.0032036
2026-03-04 02:37:30.535 9 INFO neutron.api.wsgi [req-83be553c-8b92-47f2-a15c-6687ebf62452 req-87eda5f2-49d2-4caf-b0da-7ad79b73b2ed 1961d405d6c046c59f866dd2acda7600 3e2f7676103d470281aaf43ba57f27cb - - default default] 10.0.0.84 "GET /v2.0/ports?device_id=73753a56-2845-4aea-a22d-5489d91aa047 HTTP/1.1" status: 200 len: 210 time: 0.0222042
2026-03-04 02:37:35.902 8 INFO neutron.api.wsgi [req-db7b046b-990e-48de-81ae-f10522bcbd46 req-7bdd91fd-b791-4c78-a2aa-7f0e4746d15d 2967cf0343a74bbbaed3c2e15e1704a4 c32371e678144ec3aed8ee604137877a - - 0832263700184f97aff006fb9cce7bff 0832263700184f97aff006fb9cce7bff] 199.204.45.122 "GET /v2.0/ports?device_id=150c0bb4-b2e1-490b-920e-a64be6da1371&fields=binding%3Ahost_id&fields=binding%3Avif_type HTTP/1.1" status: 200 len: 265 time: 0.0324290
2026-03-04 02:37:35.947 9 INFO neutron.db.l3_db [None req-e4430a9e-4ec0-4708-a8d0-309c13f4a4f3 1961d405d6c046c59f866dd2acda7600 3e2f7676103d470281aaf43ba57f27cb - - default default] Floating IP 4bfe8c89-fef7-4971-85f3-508e3cf98b33 disassociated (deleted). External IP: 10.96.250.218, port: e5881df7-c3b7-4e2b-a745-3e58848f608d.
2026-03-04 02:37:35.977 9 INFO neutron.api.wsgi [None req-e4430a9e-4ec0-4708-a8d0-309c13f4a4f3 1961d405d6c046c59f866dd2acda7600 3e2f7676103d470281aaf43ba57f27cb - - default default] 10.0.0.40 "DELETE /v2.0/floatingips/4bfe8c89-fef7-4971-85f3-508e3cf98b33 HTTP/1.1" status: 204 len: 168 time: 0.3866575
2026-03-04 02:37:36.001 8 INFO neutron.api.v2.resource [None req-a5224ed8-f6d4-4ad9-93c2-2498eb1a43f7 1961d405d6c046c59f866dd2acda7600 3e2f7676103d470281aaf43ba57f27cb - - default default] show failed (client error): The resource could not be found.
2026-03-04 02:37:36.003 8 INFO neutron.api.wsgi [None req-a5224ed8-f6d4-4ad9-93c2-2498eb1a43f7 1961d405d6c046c59f866dd2acda7600 3e2f7676103d470281aaf43ba57f27cb - - default default] 10.0.0.40 "GET /v2.0/floatingips/4bfe8c89-fef7-4971-85f3-508e3cf98b33 HTTP/1.1" status: 404 len: 345 time: 0.0202579
2026-03-04 02:37:36.017 9 INFO neutron.notifiers.nova [-] Nova event matching ['req-ec64cd91-b3eb-4c1f-9779-2eec0eb3c156'] response: {'name': 'network-changed', 'server_uuid': '150c0bb4-b2e1-490b-920e-a64be6da1371', 'tag': 'e5881df7-c3b7-4e2b-a745-3e58848f608d', 'status': 'completed', 'code': 200} /var/lib/openstack/lib/python3.12/site-packages/pycadf/identifier.py:71: UserWarning: Invalid uuid: neutron. To ensure interoperability, identifiers should be a valid uuid. warnings.warn(('Invalid uuid: %s. To ensure interoperability, '
2026-03-04 02:37:36.208 9 INFO neutron.api.wsgi [req-94551eca-2cc8-4118-9ede-43a20b68f946 req-c13da4bc-3612-47f9-af6f-e0265b413eb7 1961d405d6c046c59f866dd2acda7600 3e2f7676103d470281aaf43ba57f27cb - - default default] 10.0.0.84 "GET /v2.0/ports?device_id=150c0bb4-b2e1-490b-920e-a64be6da1371 HTTP/1.1" status: 200 len: 1400 time: 0.0782907
2026-03-04 02:37:36.252 9 INFO neutron.api.wsgi [req-94551eca-2cc8-4118-9ede-43a20b68f946 req-72e859d1-6642-45cd-8987-c680adaba4d3 1961d405d6c046c59f866dd2acda7600 3e2f7676103d470281aaf43ba57f27cb - - default default] 10.0.0.84 "GET /v2.0/security-groups?id=2dd6c6c3-4820-406e-94c5-4ca9f03cb016&fields=id&fields=name HTTP/1.1" status: 200 len: 311 time: 0.0380764
2026-03-04 02:37:36.688 8 INFO neutron.plugins.ml2.drivers.ovn.mech_driver.mech_driver [None req-dfb39dd7-70a0-4525-ab39-6558bd56f98c - - - - - -] OVN reports status down for port: e5881df7-c3b7-4e2b-a745-3e58848f608d
2026-03-04 02:37:36.814 8 INFO neutron.notifiers.nova [-] Nova event matching ['req-05314c55-4e49-45e9-9cbb-3cda5910c744'] response: {'server_uuid': '150c0bb4-b2e1-490b-920e-a64be6da1371', 'name': 'network-vif-unplugged', 'status': 'completed', 'tag': 'e5881df7-c3b7-4e2b-a745-3e58848f608d', 'code': 200}
2026-03-04 02:37:36.897 8 INFO neutron.db.ovn_revision_numbers_db [None req-dfb39dd7-70a0-4525-ab39-6558bd56f98c - - - - - -] Successfully bumped revision number for resource e5881df7-c3b7-4e2b-a745-3e58848f608d (type: ports) to 6
2026-03-04 02:37:36.962 8 INFO neutron.api.wsgi [req-db7b046b-990e-48de-81ae-f10522bcbd46 req-0b4cdbc5-7fbd-4932-9a05-b69fddafda87 2967cf0343a74bbbaed3c2e15e1704a4 c32371e678144ec3aed8ee604137877a - - 0832263700184f97aff006fb9cce7bff 0832263700184f97aff006fb9cce7bff] 199.204.45.122 "GET /v2.0/ports?tenant_id=3e2f7676103d470281aaf43ba57f27cb&device_id=150c0bb4-b2e1-490b-920e-a64be6da1371 HTTP/1.1" status: 200 len: 1636 time: 0.0434783 /var/lib/openstack/lib/python3.12/site-packages/pycadf/identifier.py:71: UserWarning: Invalid uuid: neutron. To ensure interoperability, identifiers should be a valid uuid. warnings.warn(('Invalid uuid: %s. To ensure interoperability, '
2026-03-04 02:37:37.523 8 INFO neutron.api.wsgi [req-db7b046b-990e-48de-81ae-f10522bcbd46 req-f76343aa-a411-49ad-9362-e0c68c431d2b 2967cf0343a74bbbaed3c2e15e1704a4 c32371e678144ec3aed8ee604137877a - - 0832263700184f97aff006fb9cce7bff 0832263700184f97aff006fb9cce7bff] 199.204.45.122 "GET /v2.0/networks?id=a5190503-acad-4a22-8df2-73b90cd5cadc HTTP/1.1" status: 200 len: 1002 time: 0.0518310
2026-03-04 02:37:37.544 8 INFO neutron.api.wsgi [req-db7b046b-990e-48de-81ae-f10522bcbd46 req-e971b1b0-be03-40a6-93ae-99870be5cbde 2967cf0343a74bbbaed3c2e15e1704a4 c32371e678144ec3aed8ee604137877a - - 0832263700184f97aff006fb9cce7bff 0832263700184f97aff006fb9cce7bff] 199.204.45.122 "GET /v2.0/floatingips?fixed_ip_address=10.2.1.236&port_id=e5881df7-c3b7-4e2b-a745-3e58848f608d HTTP/1.1" status: 200 len: 217 time: 0.0169139
2026-03-04 02:37:37.562 8 INFO neutron.api.wsgi [req-db7b046b-990e-48de-81ae-f10522bcbd46 req-0697eb93-646a-4e01-80b3-8c393ad17761 2967cf0343a74bbbaed3c2e15e1704a4 c32371e678144ec3aed8ee604137877a - - 0832263700184f97aff006fb9cce7bff 0832263700184f97aff006fb9cce7bff] 199.204.45.122 "GET /v2.0/floatingips?fixed_ip_address=fd7b%3Af9f7%3Afff%3A4eca%3A%3A2d4&port_id=e5881df7-c3b7-4e2b-a745-3e58848f608d HTTP/1.1" status: 200 len: 217 time: 0.0146036
2026-03-04 02:37:37.592 8 INFO neutron.api.wsgi [req-db7b046b-990e-48de-81ae-f10522bcbd46 req-8acbff0b-2e1f-4508-8f49-43cfef9088cb 2967cf0343a74bbbaed3c2e15e1704a4 c32371e678144ec3aed8ee604137877a - - 0832263700184f97aff006fb9cce7bff 0832263700184f97aff006fb9cce7bff] 199.204.45.122 "GET /v2.0/subnets?id=7672ca7f-9e7a-4123-a341-0ee8f0a5ce04&id=65967447-01c2-41c2-9fff-a8fb6f6247d6 HTTP/1.1" status: 200 len: 1611 time: 0.0266092
2026-03-04 02:37:37.612 8 INFO neutron.api.wsgi [req-db7b046b-990e-48de-81ae-f10522bcbd46 req-5fde2d20-d892-46c8-89ea-aa9d2a3e17d1 2967cf0343a74bbbaed3c2e15e1704a4 c32371e678144ec3aed8ee604137877a - - 0832263700184f97aff006fb9cce7bff 0832263700184f97aff006fb9cce7bff] 199.204.45.122 "GET /v2.0/ports?network_id=a5190503-acad-4a22-8df2-73b90cd5cadc&device_owner=network%3Adhcp HTTP/1.1" status: 200 len: 210 time: 0.0141294
2026-03-04 02:37:37.631 8 INFO neutron.api.wsgi [req-db7b046b-990e-48de-81ae-f10522bcbd46 req-5f9e5aa4-d50e-4f0d-8010-d4c49a55c14a 2967cf0343a74bbbaed3c2e15e1704a4 c32371e678144ec3aed8ee604137877a - - 0832263700184f97aff006fb9cce7bff 0832263700184f97aff006fb9cce7bff] 199.204.45.122 "GET /v2.0/ports?network_id=a5190503-acad-4a22-8df2-73b90cd5cadc&device_owner=network%3Adhcp HTTP/1.1" status: 200 len: 210 time: 0.0156662
2026-03-04 02:37:37.675 8 INFO neutron.api.wsgi [req-db7b046b-990e-48de-81ae-f10522bcbd46 req-c895e6d9-8a3d-4da0-a9c3-b258d1dbd12a 2967cf0343a74bbbaed3c2e15e1704a4 c32371e678144ec3aed8ee604137877a - - 0832263700184f97aff006fb9cce7bff 0832263700184f97aff006fb9cce7bff] 199.204.45.122 "GET /v2.0/networks/a5190503-acad-4a22-8df2-73b90cd5cadc?fields=segments HTTP/1.1" status: 200 len: 212 time: 0.0375061
2026-03-04 02:37:37.721 8 INFO neutron.api.wsgi [req-db7b046b-990e-48de-81ae-f10522bcbd46 req-2521db1a-a343-47a4-914c-0d25047615ca 2967cf0343a74bbbaed3c2e15e1704a4 c32371e678144ec3aed8ee604137877a - - 0832263700184f97aff006fb9cce7bff 0832263700184f97aff006fb9cce7bff] 199.204.45.122 "GET /v2.0/networks/a5190503-acad-4a22-8df2-73b90cd5cadc?fields=provider%3Aphysical_network&fields=provider%3Anetwork_type HTTP/1.1" status: 200 len: 277 time: 0.0406933
2026-03-04 02:37:38.346 8 INFO neutron.api.wsgi [req-1477ab23-14e3-46eb-8d4f-25a191cbcf55 req-3932d0c0-b883-4ff2-b1a1-f08e010920c7 1961d405d6c046c59f866dd2acda7600 3e2f7676103d470281aaf43ba57f27cb - - default default] 199.204.45.122 "GET /v2.0/ports?device_id=150c0bb4-b2e1-490b-920e-a64be6da1371 HTTP/1.1" status: 200 len: 1398 time: 0.4676955
2026-03-04 02:37:38.601 8 INFO neutron.api.wsgi [req-1477ab23-14e3-46eb-8d4f-25a191cbcf55 req-b815e582-ba44-444b-b4a6-5510ca3da902 1961d405d6c046c59f866dd2acda7600 3e2f7676103d470281aaf43ba57f27cb - - default default] 199.204.45.122 "DELETE /v2.0/ports/e5881df7-c3b7-4e2b-a745-3e58848f608d HTTP/1.1" status: 204 len: 173 time: 0.2506750
2026-03-04 02:37:38.750 8 INFO neutron.api.wsgi [req-f67841c9-a886-4af3-a5ab-afa5a9325fa5 req-6a4eabaf-f928-438a-9c71-8353dc9f2983 2967cf0343a74bbbaed3c2e15e1704a4 c32371e678144ec3aed8ee604137877a - - 0832263700184f97aff006fb9cce7bff 0832263700184f97aff006fb9cce7bff] 199.204.45.122 "GET /v2.0/ports?tenant_id=3e2f7676103d470281aaf43ba57f27cb&device_id=150c0bb4-b2e1-490b-920e-a64be6da1371 HTTP/1.1" status: 200 len: 210 time: 0.0179143
2026-03-04 02:37:38.846 8 INFO neutron.notifiers.nova [-] Nova event matching ['req-eb6adccb-8116-43ef-87a7-a03fda3f8b5a'] response: {'server_uuid': '150c0bb4-b2e1-490b-920e-a64be6da1371', 'name': 'network-vif-unplugged', 'status': 'completed', 'tag': 'e5881df7-c3b7-4e2b-a745-3e58848f608d', 'code': 200}
2026-03-04 02:37:38.846 8 INFO neutron.notifiers.nova [-] Nova event matching ['req-eb6adccb-8116-43ef-87a7-a03fda3f8b5a'] response: {'server_uuid': '150c0bb4-b2e1-490b-920e-a64be6da1371', 'name': 'network-vif-deleted', 'tag': 'e5881df7-c3b7-4e2b-a745-3e58848f608d', 'status': 'completed', 'code': 200}
2026-03-04 02:37:39.697 14 INFO neutron.db.ovn_revision_numbers_db [None req-8ccb482c-a96c-468b-bc75-028a19932388 - - - - - -] Successfully bumped revision number for resource 730d6105-87ce-4974-ad8d-81e704316467 (type: networks) to 3
2026-03-04 02:37:39.767 14 INFO neutron.db.ovn_revision_numbers_db [None req-8ccb482c-a96c-468b-bc75-028a19932388 - - - - - -] Successfully bumped revision number for resource a5190503-acad-4a22-8df2-73b90cd5cadc (type: networks) to 3
2026-03-04 02:37:39.850 14 INFO neutron.db.ovn_revision_numbers_db [None req-8ccb482c-a96c-468b-bc75-028a19932388 - - - - - -] Successfully bumped revision number for resource 10a84851-01fd-4d96-9781-7b4c6cf6aad7 (type: networks) to 3
2026-03-04 02:37:39.897 14 INFO neutron.db.ovn_revision_numbers_db [None req-8ccb482c-a96c-468b-bc75-028a19932388 - - - - - -] Successfully bumped revision number for resource 2dd6c6c3-4820-406e-94c5-4ca9f03cb016 (type: security_groups) to 12
2026-03-04 02:37:40.026 14 INFO neutron.db.ovn_revision_numbers_db [None req-8ccb482c-a96c-468b-bc75-028a19932388 - - - - - -] Successfully bumped revision number for resource d685605c-1a8e-458b-9a19-4127da0a6512 (type: routers) to 5
2026-03-04 02:37:40.187 14 INFO neutron.db.ovn_revision_numbers_db [None req-8ccb482c-a96c-468b-bc75-028a19932388 - - - - - -] Successfully bumped revision number for resource 954928b8-eec0-4e53-beb2-21189e042eea (type: router_ports) to 5
2026-03-04 02:37:40.759 14 INFO neutron.plugins.ml2.drivers.ovn.mech_driver.ovsdb.maintenance [None req-8ccb482c-a96c-468b-bc75-028a19932388 - - - - - -] Maintenance task: Synchronization completed (took 1.15 seconds)
2026-03-04 02:37:41.333 9 INFO neutron.api.wsgi [req-c797dd65-ef14-457c-8daa-c3c7c99f61f2 req-5b5563d6-8836-4039-af75-bd16b55ef6c5 1961d405d6c046c59f866dd2acda7600 3e2f7676103d470281aaf43ba57f27cb - - default default] 10.0.0.84 "GET /v2.0/ports?device_id=150c0bb4-b2e1-490b-920e-a64be6da1371 HTTP/1.1" status: 200 len: 210 time: 0.0178156
2026-03-04 02:37:45.097 9 INFO neutron.api.wsgi [-] 10.0.0.138 "GET / HTTP/1.1" status: 200 len: 246 time: 0.0026462
2026-03-04 02:37:45.097 8 INFO neutron.api.wsgi [-] 10.0.0.138 "GET / HTTP/1.1" status: 200 len: 246 time: 0.0025558
2026-03-04 02:37:46.560 8 INFO neutron.api.wsgi [None req-c677ea3e-cb04-4859-bb65-61a42899ddc7 1961d405d6c046c59f866dd2acda7600 3e2f7676103d470281aaf43ba57f27cb - - default default] 10.0.0.40 "DELETE /v2.0/security-group-rules/1589204d-174d-4678-9e65-cbc8ad11b854 HTTP/1.1" status: 204 len: 168 time: 0.1728153
2026-03-04 02:37:46.573 8 INFO neutron.api.v2.resource [None req-3bae544c-c645-4a3b-ac44-4139263eec36 1961d405d6c046c59f866dd2acda7600 3e2f7676103d470281aaf43ba57f27cb - - default default] show failed (client error): The resource could not be found.
2026-03-04 02:37:46.574 8 INFO neutron.api.wsgi [None req-3bae544c-c645-4a3b-ac44-4139263eec36 1961d405d6c046c59f866dd2acda7600 3e2f7676103d470281aaf43ba57f27cb - - default default] 10.0.0.40 "GET /v2.0/security-group-rules/1589204d-174d-4678-9e65-cbc8ad11b854 HTTP/1.1" status: 404 len: 356 time: 0.0081971
2026-03-04 02:37:46.800 8 INFO neutron.api.wsgi [None req-5e97d688-b69c-4782-920a-5de9376fd84b 1961d405d6c046c59f866dd2acda7600 3e2f7676103d470281aaf43ba57f27cb - - default default] 10.0.0.40 "DELETE /v2.0/security-group-rules/b8569bbb-474a-4c4f-a4a5-09faa724c3c9 HTTP/1.1" status: 204 len: 168 time: 0.2213583
2026-03-04 02:37:46.809 8 INFO neutron.api.v2.resource [None req-7eec1e6d-c768-4b28-82dc-32c08cf0311c 1961d405d6c046c59f866dd2acda7600 3e2f7676103d470281aaf43ba57f27cb - - default default] show failed (client error): The resource could not be found.
2026-03-04 02:37:46.810 8 INFO neutron.api.wsgi [None req-7eec1e6d-c768-4b28-82dc-32c08cf0311c 1961d405d6c046c59f866dd2acda7600 3e2f7676103d470281aaf43ba57f27cb - - default default] 10.0.0.40 "GET /v2.0/security-group-rules/b8569bbb-474a-4c4f-a4a5-09faa724c3c9 HTTP/1.1" status: 404 len: 356 time: 0.0059943
2026-03-04 02:37:46.952 8 INFO neutron.api.wsgi [None req-33eae79f-8b62-49d0-a50e-9cd984a627f6 1961d405d6c046c59f866dd2acda7600 3e2f7676103d470281aaf43ba57f27cb - - default default] 10.0.0.40 "DELETE /v2.0/security-group-rules/ce5e1747-c5f4-42a7-941e-bc3cec08c40b HTTP/1.1" status: 204 len: 168 time: 0.1375566
2026-03-04 02:37:46.964 9 INFO neutron.api.v2.resource [None req-133c5c82-878c-49ee-bdf4-14ac711f72bd 1961d405d6c046c59f866dd2acda7600 3e2f7676103d470281aaf43ba57f27cb - - default default] show failed (client error): The resource could not be found.
2026-03-04 02:37:46.965 9 INFO neutron.api.wsgi [None req-133c5c82-878c-49ee-bdf4-14ac711f72bd 1961d405d6c046c59f866dd2acda7600 3e2f7676103d470281aaf43ba57f27cb - - default default] 10.0.0.40 "GET /v2.0/security-group-rules/ce5e1747-c5f4-42a7-941e-bc3cec08c40b HTTP/1.1" status: 404 len: 356 time: 0.0074480
2026-03-04 02:37:47.111 9 INFO neutron.api.wsgi [None req-cb77e736-a4c0-4c70-93c6-854f7cccd198 1961d405d6c046c59f866dd2acda7600 3e2f7676103d470281aaf43ba57f27cb - - default default] 10.0.0.40 "DELETE /v2.0/security-group-rules/5218d923-fd64-487d-8deb-a0267a69a013 HTTP/1.1" status: 204 len: 168 time: 0.1432016
2026-03-04 02:37:47.124 9 INFO neutron.api.v2.resource [None req-c5c297fb-fdec-4e0e-9c3d-a2126ab3c3b6 1961d405d6c046c59f866dd2acda7600 3e2f7676103d470281aaf43ba57f27cb - - default default] show failed (client error): The resource could not be found.
2026-03-04 02:37:47.125 9 INFO neutron.api.wsgi [None req-c5c297fb-fdec-4e0e-9c3d-a2126ab3c3b6 1961d405d6c046c59f866dd2acda7600 3e2f7676103d470281aaf43ba57f27cb - - default default] 10.0.0.40 "GET /v2.0/security-group-rules/5218d923-fd64-487d-8deb-a0267a69a013 HTTP/1.1" status: 404 len: 356 time: 0.0070248
2026-03-04 02:37:47.245 9 INFO neutron.api.wsgi [None req-d91b2d6c-284a-4a24-9a93-06b2246fdbae 1961d405d6c046c59f866dd2acda7600 3e2f7676103d470281aaf43ba57f27cb - - default default] 10.0.0.40 "DELETE /v2.0/security-group-rules/af85ee54-97d4-4f92-8e95-461f98c9cea5 HTTP/1.1" status: 204 len: 168 time: 0.1159523
2026-03-04 02:37:47.257 9 INFO neutron.api.v2.resource [None req-e23c875f-4ba1-4f6a-a8c9-f2e6f6d6a189 1961d405d6c046c59f866dd2acda7600 3e2f7676103d470281aaf43ba57f27cb - - default default] show failed (client error): The resource could not be found.
2026-03-04 02:37:47.258 9 INFO neutron.api.wsgi [None req-e23c875f-4ba1-4f6a-a8c9-f2e6f6d6a189 1961d405d6c046c59f866dd2acda7600 3e2f7676103d470281aaf43ba57f27cb - - default default] 10.0.0.40 "GET /v2.0/security-group-rules/af85ee54-97d4-4f92-8e95-461f98c9cea5 HTTP/1.1" status: 404 len: 356 time: 0.0080984
2026-03-04 02:37:47.436 8 INFO neutron.api.wsgi [None req-c4dfca2e-6ba0-49c6-ac0b-b0049814da8e 1961d405d6c046c59f866dd2acda7600 3e2f7676103d470281aaf43ba57f27cb - - default default] 10.0.0.40 "DELETE /v2.0/security-group-rules/b5e7bf20-f671-4260-9ebe-6dfd9f8f2559 HTTP/1.1" status: 204 len: 168 time: 0.1746173
2026-03-04 02:37:47.449 8 INFO neutron.api.v2.resource [None req-f9191590-5899-490c-b164-b8eba37b5238 1961d405d6c046c59f866dd2acda7600 3e2f7676103d470281aaf43ba57f27cb - - default default] show failed (client error): The resource could not be found.
2026-03-04 02:37:47.450 8 INFO neutron.api.wsgi [None req-f9191590-5899-490c-b164-b8eba37b5238 1961d405d6c046c59f866dd2acda7600 3e2f7676103d470281aaf43ba57f27cb - - default default] 10.0.0.40 "GET /v2.0/security-group-rules/b5e7bf20-f671-4260-9ebe-6dfd9f8f2559 HTTP/1.1" status: 404 len: 356 time: 0.0087957
2026-03-04 02:37:47.595 8 INFO neutron.api.wsgi [None req-39600ae3-8818-4753-84b5-1d56f496c496 1961d405d6c046c59f866dd2acda7600 3e2f7676103d470281aaf43ba57f27cb - - default default] 10.0.0.40 "DELETE /v2.0/security-group-rules/e1abaacd-ad81-4771-a7d5-b3a12e89147e HTTP/1.1" status: 204 len: 168 time: 0.1402268
2026-03-04 02:37:47.608 9 INFO neutron.api.v2.resource [None req-928930b2-6053-4ce2-bbed-4f8417f56ad4 1961d405d6c046c59f866dd2acda7600 3e2f7676103d470281aaf43ba57f27cb - - default default] show failed (client error): The resource could not be found.
2026-03-04 02:37:47.609 9 INFO neutron.api.wsgi [None req-928930b2-6053-4ce2-bbed-4f8417f56ad4 1961d405d6c046c59f866dd2acda7600 3e2f7676103d470281aaf43ba57f27cb - - default default] 10.0.0.40 "GET /v2.0/security-group-rules/e1abaacd-ad81-4771-a7d5-b3a12e89147e HTTP/1.1" status: 404 len: 356 time: 0.0092154
2026-03-04 02:37:47.721 9 INFO neutron.api.wsgi [None req-eaac58a8-87c3-4efe-86d1-aac68ca4d4a2 1961d405d6c046c59f866dd2acda7600 3e2f7676103d470281aaf43ba57f27cb - - default default] 10.0.0.40 "DELETE /v2.0/security-group-rules/bebd3c61-0e10-4d4e-9d79-f59524f65423 HTTP/1.1" status: 204 len: 168 time: 0.1081078
2026-03-04 02:37:47.740 9 INFO neutron.api.v2.resource [None req-54e739fa-a725-47ca-bee8-f1c0b8703435 1961d405d6c046c59f866dd2acda7600 3e2f7676103d470281aaf43ba57f27cb - - default default] show failed (client error): The resource could not be found.
2026-03-04 02:37:47.741 9 INFO neutron.api.wsgi [None req-54e739fa-a725-47ca-bee8-f1c0b8703435 1961d405d6c046c59f866dd2acda7600 3e2f7676103d470281aaf43ba57f27cb - - default default] 10.0.0.40 "GET /v2.0/security-group-rules/bebd3c61-0e10-4d4e-9d79-f59524f65423 HTTP/1.1" status: 404 len: 356 time: 0.0101535
2026-03-04 02:37:47.879 9 INFO neutron.api.wsgi [None req-87c2290d-541a-4a39-9f65-15988e14c816 1961d405d6c046c59f866dd2acda7600 3e2f7676103d470281aaf43ba57f27cb - - default default] 10.0.0.40 "DELETE /v2.0/security-group-rules/94448f9f-ae1a-4e5e-979d-bd91ab5bca0d HTTP/1.1" status: 204 len: 168 time: 0.1332691
2026-03-04 02:37:47.891 9 INFO neutron.api.v2.resource [None req-e6eb7015-516c-43c8-83f8-7bc85a941cca 1961d405d6c046c59f866dd2acda7600 3e2f7676103d470281aaf43ba57f27cb - - default default] show failed (client error): The resource could not be found.
2026-03-04 02:37:47.892 9 INFO neutron.api.wsgi [None req-e6eb7015-516c-43c8-83f8-7bc85a941cca 1961d405d6c046c59f866dd2acda7600 3e2f7676103d470281aaf43ba57f27cb - - default default] 10.0.0.40 "GET /v2.0/security-group-rules/94448f9f-ae1a-4e5e-979d-bd91ab5bca0d HTTP/1.1" status: 404 len: 356 time: 0.0080400
2026-03-04 02:37:48.025 9 INFO neutron.api.wsgi [None req-4b9fa1ea-d009-44d4-a94d-1d4f7599d7ae 1961d405d6c046c59f866dd2acda7600 3e2f7676103d470281aaf43ba57f27cb - - default default] 10.0.0.40 "DELETE /v2.0/security-group-rules/f32f69b7-93b9-4d71-af78-b36c0982eabf HTTP/1.1" status: 204 len: 168 time: 0.1293378
2026-03-04 02:37:48.037 9 INFO neutron.api.v2.resource [None req-d4d7eb8a-7c7c-4a65-b955-696ff47916b4 1961d405d6c046c59f866dd2acda7600 3e2f7676103d470281aaf43ba57f27cb - - default default] show failed (client error): The resource could not be found.
2026-03-04 02:37:48.038 9 INFO neutron.api.wsgi [None req-d4d7eb8a-7c7c-4a65-b955-696ff47916b4 1961d405d6c046c59f866dd2acda7600 3e2f7676103d470281aaf43ba57f27cb - - default default] 10.0.0.40 "GET /v2.0/security-group-rules/f32f69b7-93b9-4d71-af78-b36c0982eabf HTTP/1.1" status: 404 len: 356 time: 0.0071549
2026-03-04 02:37:48.163 8 INFO neutron.api.wsgi [None req-45c226ca-d344-441b-b743-1824bb1c71cc 1961d405d6c046c59f866dd2acda7600 3e2f7676103d470281aaf43ba57f27cb - - default default] 10.0.0.40 "DELETE /v2.0/security-group-rules/e8acd8d1-bd8f-4e0b-9326-a8879ccbe3f5 HTTP/1.1" status: 204 len: 168 time: 0.1220357
2026-03-04 02:37:48.179 9 INFO neutron.api.v2.resource [None req-79072501-4cb9-4a9e-bfe1-d6d9a3f42c36 1961d405d6c046c59f866dd2acda7600 3e2f7676103d470281aaf43ba57f27cb - - default default] show failed (client error): The resource could not be found.
2026-03-04 02:37:48.180 9 INFO neutron.api.wsgi [None req-79072501-4cb9-4a9e-bfe1-d6d9a3f42c36 1961d405d6c046c59f866dd2acda7600 3e2f7676103d470281aaf43ba57f27cb - - default default] 10.0.0.40 "GET /v2.0/security-group-rules/e8acd8d1-bd8f-4e0b-9326-a8879ccbe3f5 HTTP/1.1" status: 404 len: 356 time: 0.0106211
2026-03-04 02:37:48.297 9 INFO neutron.api.wsgi [None req-3217d302-42aa-4d81-8227-dc7801aebcb0 1961d405d6c046c59f866dd2acda7600 3e2f7676103d470281aaf43ba57f27cb - - default default] 10.0.0.40 "DELETE /v2.0/security-groups/2dd6c6c3-4820-406e-94c5-4ca9f03cb016 HTTP/1.1" status: 204 len: 168 time: 0.1130984
2026-03-04 02:37:48.310 9 INFO neutron.api.v2.resource [None req-0df3a6ca-ae52-4807-a329-5c2e8b3262f5 1961d405d6c046c59f866dd2acda7600 3e2f7676103d470281aaf43ba57f27cb - - default default] show failed (client error): The resource could not be found.
2026-03-04 02:37:48.311 9 INFO neutron.api.wsgi [None req-0df3a6ca-ae52-4807-a329-5c2e8b3262f5 1961d405d6c046c59f866dd2acda7600 3e2f7676103d470281aaf43ba57f27cb - - default default] 10.0.0.40 "GET /v2.0/security-groups/2dd6c6c3-4820-406e-94c5-4ca9f03cb016 HTTP/1.1" status: 404 len: 347 time: 0.0097980
2026-03-04 02:37:49.396 8 INFO neutron.api.wsgi [None req-77e66910-0a79-472c-8699-f5efbe0579a8 1961d405d6c046c59f866dd2acda7600 3e2f7676103d470281aaf43ba57f27cb - - default default] 10.0.0.40 "PUT /v2.0/routers/d685605c-1a8e-458b-9a19-4127da0a6512/remove_router_interface HTTP/1.1" status: 200 len: 503 time: 1.0234027
2026-03-04 02:37:49.507 9 INFO neutron.api.v2.resource [None req-df07d689-c6cb-4fd9-9ecd-3680196feb46 1961d405d6c046c59f866dd2acda7600 3e2f7676103d470281aaf43ba57f27cb - - default default] remove_router_interface failed (client error): The resource could not be found.
2026-03-04 02:37:49.508 9 INFO neutron.api.wsgi [None req-df07d689-c6cb-4fd9-9ecd-3680196feb46 1961d405d6c046c59f866dd2acda7600 3e2f7676103d470281aaf43ba57f27cb - - default default] 10.0.0.40 "PUT /v2.0/routers/d685605c-1a8e-458b-9a19-4127da0a6512/remove_router_interface HTTP/1.1" status: 404 len: 399 time: 0.1069124 /var/lib/openstack/lib/python3.12/site-packages/pycadf/identifier.py:71: UserWarning: Invalid uuid: neutron. To ensure interoperability, identifiers should be a valid uuid. warnings.warn(('Invalid uuid: %s. To ensure interoperability, '
2026-03-04 02:37:50.354 8 INFO neutron.api.wsgi [None req-35f5578d-c463-492c-958b-5e4c47450c8a 1961d405d6c046c59f866dd2acda7600 3e2f7676103d470281aaf43ba57f27cb - - default default] 10.0.0.40 "PUT /v2.0/routers/d685605c-1a8e-458b-9a19-4127da0a6512/remove_router_interface HTTP/1.1" status: 200 len: 503 time: 0.8400025 /var/lib/openstack/lib/python3.12/site-packages/pycadf/identifier.py:71: UserWarning: Invalid uuid: neutron. To ensure interoperability, identifiers should be a valid uuid. warnings.warn(('Invalid uuid: %s. To ensure interoperability, '
