2026-03-04 02:31:55.323 8 INFO neutron.api.wsgi [None req-3ecde664-09d8-460a-8f22-4da7dc4aa6cd 8e592b30d2f74dd8bd326a710b21db1f 2d07543f9060489ba73709dbee3efdb9 - - default default] 10.0.0.40 "PUT /v2.0/policies/bf1280a4-b19b-4614-bf1b-77dec15ddd27/tags HTTP/1.1" status: 200 len: 212 time: 0.0288088
2026-03-04 02:31:55.370 8 INFO neutron.notifiers.nova [-] Nova event matching ['req-2d0245fa-175e-490b-a6d8-3c84dbdeb568'] response: {'server_uuid': 'ec4e940c-2cc2-49e0-8c80-ced5574daab1', 'name': 'network-vif-plugged', 'status': 'completed', 'tag': '10438310-e408-497c-8533-476d11dfb9c5', 'code': 200}
2026-03-04 02:31:55.370 8 INFO neutron.notifiers.nova [-] Nova event matching ['req-2d0245fa-175e-490b-a6d8-3c84dbdeb568'] response: {'server_uuid': 'ec4e940c-2cc2-49e0-8c80-ced5574daab1', 'name': 'network-vif-plugged', 'status': 'completed', 'tag': '10438310-e408-497c-8533-476d11dfb9c5', 'code': 200}
2026-03-04 02:31:55.380 8 INFO neutron.db.ovn_revision_numbers_db [None req-53420994-846e-4b24-9c15-5ae2d61966d3 4cc8fe9d909c48e6aab0e0eec2d302fe 3e7b6e7a5b7a47648e4b7f8f609af63d - - default default] Successfully bumped revision number for resource 88e648aa-ef9a-41d1-bee9-1e50d5b28119 (type: networks) to 1
2026-03-04 02:31:55.533 9 INFO neutron.api.wsgi [req-be43aec0-44d5-4b28-9182-2cbad19fb58a req-ac0a0725-f9a5-4aeb-b08d-7060958d69c6 59e9935c2768477096c054ab45e9fb93 ed7010776fc741e2a690198c30b66a80 - - default default] 10.0.0.84 "GET /v2.0/ports?device_id=ec4e940c-2cc2-49e0-8c80-ced5574daab1 HTTP/1.1" status: 200 len: 1174 time: 0.0313358
2026-03-04 02:31:55.552 8 WARNING neutron.scheduler.dhcp_agent_scheduler [None req-53420994-846e-4b24-9c15-5ae2d61966d3 4cc8fe9d909c48e6aab0e0eec2d302fe 3e7b6e7a5b7a47648e4b7f8f609af63d - - default default] No more DHCP agents
2026-03-04 02:31:55.553 8 WARNING neutron.api.rpc.agentnotifiers.dhcp_rpc_agent_api [None req-53420994-846e-4b24-9c15-5ae2d61966d3 4cc8fe9d909c48e6aab0e0eec2d302fe 3e7b6e7a5b7a47648e4b7f8f609af63d - - default default] Unable to schedule network 88e648aa-ef9a-41d1-bee9-1e50d5b28119: no agents available; will retry on subsequent port and subnet creation events.
2026-03-04 02:31:55.575 9 INFO neutron.api.wsgi [req-be43aec0-44d5-4b28-9182-2cbad19fb58a req-6fe185c2-6198-4ea8-b47d-dc13bc8f580a 59e9935c2768477096c054ab45e9fb93 ed7010776fc741e2a690198c30b66a80 - - default default] 10.0.0.84 "GET /v2.0/security-groups?id=a89e2e79-6bf8-4b5c-aff7-fd5baab5b6dc&fields=id&fields=name HTTP/1.1" status: 200 len: 312 time: 0.0354559
2026-03-04 02:31:55.620 8 INFO neutron.db.ovn_revision_numbers_db [None req-53420994-846e-4b24-9c15-5ae2d61966d3 4cc8fe9d909c48e6aab0e0eec2d302fe 3e7b6e7a5b7a47648e4b7f8f609af63d - - default default] Successfully bumped revision number for resource 2d5db033-02f1-4ea8-b107-74c775212849 (type: ports) to 1
2026-03-04 02:31:55.658 8 INFO neutron.api.wsgi [None req-53420994-846e-4b24-9c15-5ae2d61966d3 4cc8fe9d909c48e6aab0e0eec2d302fe 3e7b6e7a5b7a47648e4b7f8f609af63d - - default default] 10.0.0.40 "POST /v2.0/networks HTTP/1.1" status: 201 len: 831 time: 0.5057068
2026-03-04 02:31:55.667 8 WARNING neutron_lib.context [None req-8ba84a9e-ee93-4fcc-8b90-31494cafd638 4cc8fe9d909c48e6aab0e0eec2d302fe 3e7b6e7a5b7a47648e4b7f8f609af63d - - default default] Method 'is_advsvc' is deprecated since 2023.2 release (neutron-lib 3.8.0) and will be removed once support for the old RBAC API policies will be removed from Neutron. Please use method 'is_service_role' instead.
2026-03-04 02:31:55.687 9 INFO neutron.api.wsgi [req-21f0c5d4-c311-4dba-a5f3-143c0792947d req-da3dcfe1-f5b0-4640-87b1-85cb1589089a 27b5a1daa4c84f40906f6ebd41448260 65a72ec9ec7a4f8ba63b6106ba963381 - - default default] 10.0.0.84 "GET /v2.0/ports?device_id=01cf1c4f-5279-408f-aa7d-1982aa154639 HTTP/1.1" status: 200 len: 210 time: 0.0186698
2026-03-04 02:31:55.839 9 INFO neutron.api.wsgi [None req-f0222c61-c6ea-444a-a3db-8c12dd5a0382 250d9f32d33d40bb9d8984948b06f41e 8d61c97a57134bcf84f73077f7d36732 - - default default] 10.0.0.40 "GET /v2.0/qos/policies?tags=red HTTP/1.1" status: 200 len: 1296 time: 0.1124980
2026-03-04 02:31:55.851 8 WARNING neutron.scheduler.dhcp_agent_scheduler [None req-8ba84a9e-ee93-4fcc-8b90-31494cafd638 4cc8fe9d909c48e6aab0e0eec2d302fe 3e7b6e7a5b7a47648e4b7f8f609af63d - - default default] No more DHCP agents
2026-03-04 02:31:55.853 8 WARNING neutron.api.rpc.agentnotifiers.dhcp_rpc_agent_api [None req-8ba84a9e-ee93-4fcc-8b90-31494cafd638 4cc8fe9d909c48e6aab0e0eec2d302fe 3e7b6e7a5b7a47648e4b7f8f609af63d - - default default] Unable to schedule network 88e648aa-ef9a-41d1-bee9-1e50d5b28119: no agents available; will retry on subsequent port and subnet creation events.
2026-03-04 02:31:55.884 8 INFO neutron.db.ovn_revision_numbers_db [None req-8ba84a9e-ee93-4fcc-8b90-31494cafd638 4cc8fe9d909c48e6aab0e0eec2d302fe 3e7b6e7a5b7a47648e4b7f8f609af63d - - default default] Successfully bumped revision number for resource 47e32326-5c77-4b65-b5f4-4002b93aa1c1 (type: subnets) to 0
2026-03-04 02:31:55.889 9 INFO neutron.api.wsgi [None req-4107c9e2-a97c-4303-9fe9-58d6b5ff1a40 250d9f32d33d40bb9d8984948b06f41e 8d61c97a57134bcf84f73077f7d36732 - - default default] 10.0.0.40 "GET /v2.0/qos/policies?tags=red%2Cblue HTTP/1.1" status: 200 len: 941 time: 0.0441728
2026-03-04 02:31:55.913 8 INFO neutron.api.wsgi [None req-8ba84a9e-ee93-4fcc-8b90-31494cafd638 4cc8fe9d909c48e6aab0e0eec2d302fe 3e7b6e7a5b7a47648e4b7f8f609af63d - - default default] 10.0.0.40 "POST /v2.0/subnets HTTP/1.1" status: 201 len: 845 time: 0.2499990
2026-03-04 02:31:55.938 9 WARNING neutron_lib.context [None req-83a9bf19-b2e4-43cc-a7fb-3dde29177abc 4cc8fe9d909c48e6aab0e0eec2d302fe 3e7b6e7a5b7a47648e4b7f8f609af63d - - default default] Method 'is_advsvc' is deprecated since 2023.2 release (neutron-lib 3.8.0) and will be removed once support for the old RBAC API policies will be removed from Neutron. Please use method 'is_service_role' instead.
2026-03-04 02:31:55.967 9 INFO neutron.api.wsgi [None req-2a80dd6c-752c-404e-949b-15f538ae87a0 250d9f32d33d40bb9d8984948b06f41e 8d61c97a57134bcf84f73077f7d36732 - - default default] 10.0.0.40 "GET /v2.0/qos/policies?tags-any=blue HTTP/1.1" status: 200 len: 941 time: 0.0735633
2026-03-04 02:31:56.032 8 INFO neutron.api.wsgi [None req-73ff78be-d927-4602-baa9-d3ebc23efe01 250d9f32d33d40bb9d8984948b06f41e 8d61c97a57134bcf84f73077f7d36732 - - default default] 10.0.0.40 "GET /v2.0/qos/policies?tags-any=red%2Cblue HTTP/1.1" status: 200 len: 1296 time: 0.0606871
2026-03-04 02:31:56.044 9 INFO neutron.db.ovn_revision_numbers_db [None req-83a9bf19-b2e4-43cc-a7fb-3dde29177abc 4cc8fe9d909c48e6aab0e0eec2d302fe 3e7b6e7a5b7a47648e4b7f8f609af63d - - default default] Successfully bumped revision number for resource 8061bcb1-d393-4ffc-9e3d-eee35741bf2c (type: routers) to 1
2026-03-04 02:31:56.064 9 INFO neutron.api.wsgi [None req-83a9bf19-b2e4-43cc-a7fb-3dde29177abc 4cc8fe9d909c48e6aab0e0eec2d302fe 3e7b6e7a5b7a47648e4b7f8f609af63d - - default default] 10.0.0.40 "POST /v2.0/routers HTTP/1.1" status: 201 len: 806 time: 0.1333168
2026-03-04 02:31:56.090 8 INFO neutron.api.wsgi [None req-772450d8-7650-4968-94f6-580c13e6fd37 250d9f32d33d40bb9d8984948b06f41e 8d61c97a57134bcf84f73077f7d36732 - - default default] 10.0.0.40 "GET /v2.0/qos/policies?not-tags=red HTTP/1.1" status: 200 len: 913 time: 0.0541317
2026-03-04 02:31:56.162 9 INFO neutron.api.wsgi [None req-7c10a533-4f04-42bb-a25e-f75cc9e18745 250d9f32d33d40bb9d8984948b06f41e 8d61c97a57134bcf84f73077f7d36732 - - default default] 10.0.0.40 "GET /v2.0/qos/policies?not-tags=red%2Cblue HTTP/1.1" status: 200 len: 1268 time: 0.0683160
2026-03-04 02:31:56.231 9 INFO neutron.api.wsgi [None req-95ea2744-132e-4564-b42f-f10817c65693 250d9f32d33d40bb9d8984948b06f41e 8d61c97a57134bcf84f73077f7d36732 - - default default] 10.0.0.40 "GET /v2.0/qos/policies?not-tags-any=blue HTTP/1.1" status: 200 len: 1268 time: 0.0648913
2026-03-04 02:31:56.274 9 INFO neutron.api.wsgi [None req-c726e501-071a-40e4-b00b-db31ade4808b 250d9f32d33d40bb9d8984948b06f41e 8d61c97a57134bcf84f73077f7d36732 - - default default] 10.0.0.40 "GET /v2.0/qos/policies?not-tags-any=red%2Cblue HTTP/1.1" status: 200 len: 913 time: 0.0376513
2026-03-04 02:31:56.347 9 INFO neutron.api.wsgi [None req-38a3caed-897f-4848-a41e-718020adb638 8e592b30d2f74dd8bd326a710b21db1f 2d07543f9060489ba73709dbee3efdb9 - - default default] 10.0.0.40 "DELETE /v2.0/qos/policies/cef85f44-2ebc-446e-bfa5-17855e4062fa HTTP/1.1" status: 204 len: 168 time: 0.0670602
2026-03-04 02:31:56.403 9 INFO neutron.api.wsgi [None req-b4da90ab-40ea-4a4e-8ce8-20e93dd510b1 8e592b30d2f74dd8bd326a710b21db1f 2d07543f9060489ba73709dbee3efdb9 - - default default] 10.0.0.40 "DELETE /v2.0/qos/policies/902568e3-f35c-41eb-8150-10665add4736 HTTP/1.1" status: 204 len: 168 time: 0.0505333
2026-03-04 02:31:56.418 8 WARNING neutron.scheduler.dhcp_agent_scheduler [None req-0e113f96-7856-4cb4-bdb2-4a56f59f3337 4cc8fe9d909c48e6aab0e0eec2d302fe 3e7b6e7a5b7a47648e4b7f8f609af63d - - default default] No more DHCP agents
2026-03-04 02:31:56.420 8 WARNING neutron.api.rpc.agentnotifiers.dhcp_rpc_agent_api [None req-0e113f96-7856-4cb4-bdb2-4a56f59f3337 4cc8fe9d909c48e6aab0e0eec2d302fe 3e7b6e7a5b7a47648e4b7f8f609af63d - - default default] Unable to schedule network 88e648aa-ef9a-41d1-bee9-1e50d5b28119: no agents available; will retry on subsequent port and subnet creation events.
2026-03-04 02:31:56.515 9 INFO neutron.api.wsgi [None req-79c0b71b-51d9-419f-9222-94c63cfa082b 8e592b30d2f74dd8bd326a710b21db1f 2d07543f9060489ba73709dbee3efdb9 - - default default] 10.0.0.40 "DELETE /v2.0/qos/policies/7ffd3a68-6d89-4ae0-b7f9-aa7c5def1093 HTTP/1.1" status: 204 len: 168 time: 0.1056578
2026-03-04 02:31:56.533 8 INFO neutron.db.ovn_revision_numbers_db [None req-0e113f96-7856-4cb4-bdb2-4a56f59f3337 4cc8fe9d909c48e6aab0e0eec2d302fe 3e7b6e7a5b7a47648e4b7f8f609af63d - - default default] Successfully bumped revision number for resource cd021df0-cb3c-4c90-824c-b6a37e781ab1 (type: ports) to 1
2026-03-04 02:31:56.589 9 INFO neutron.api.wsgi [None req-d00874dc-535c-4802-9790-0de10f06c762 8e592b30d2f74dd8bd326a710b21db1f 2d07543f9060489ba73709dbee3efdb9 - - default default] 10.0.0.40 "DELETE /v2.0/qos/policies/bf1280a4-b19b-4614-bf1b-77dec15ddd27 HTTP/1.1" status: 204 len: 168 time: 0.0688779
2026-03-04 02:31:56.650 9 INFO neutron.api.wsgi [None req-5f38d823-eaab-4df1-beed-755d485550b5 8e592b30d2f74dd8bd326a710b21db1f 2d07543f9060489ba73709dbee3efdb9 - - default default] 10.0.0.40 "DELETE /v2.0/qos/policies/cc07c3c6-9921-4b2d-9097-2700486b8c19 HTTP/1.1" status: 204 len: 168 time: 0.0551310
2026-03-04 02:31:56.663 9 INFO neutron.api.wsgi [req-8c70ab00-a39a-4b7f-8051-5669e5f36928 req-ca5e0f29-048b-4f4b-a035-f6b8475688b2 59e9935c2768477096c054ab45e9fb93 ed7010776fc741e2a690198c30b66a80 - - default default] 10.0.0.84 "GET /v2.0/ports?device_id=ec4e940c-2cc2-49e0-8c80-ced5574daab1 HTTP/1.1" status: 200 len: 1174 time: 0.0279620
2026-03-04 02:31:56.695 9 INFO neutron.api.wsgi [req-8c70ab00-a39a-4b7f-8051-5669e5f36928 req-213faf42-cc08-4431-a42e-5f14b2ba52ed 59e9935c2768477096c054ab45e9fb93 ed7010776fc741e2a690198c30b66a80 - - default default] 10.0.0.84 "GET /v2.0/security-groups?id=a89e2e79-6bf8-4b5c-aff7-fd5baab5b6dc&fields=id&fields=name HTTP/1.1" status: 200 len: 312 time: 0.0274413
2026-03-04 02:31:56.792 9 INFO neutron.api.wsgi [req-5576e869-467b-42c2-9837-93189d3fa329 req-3a48c4c7-d1b4-4f50-b17b-4c8a5bc2f202 59e9935c2768477096c054ab45e9fb93 ed7010776fc741e2a690198c30b66a80 - - default default] 10.0.0.84 "GET /v2.0/ports?device_id=ec4e940c-2cc2-49e0-8c80-ced5574daab1 HTTP/1.1" status: 200 len: 1174 time: 0.0368085
2026-03-04 02:31:56.843 9 INFO neutron.api.wsgi [req-5576e869-467b-42c2-9837-93189d3fa329 req-d366320a-62ce-49c3-83dd-33d31ebddfec 59e9935c2768477096c054ab45e9fb93 ed7010776fc741e2a690198c30b66a80 - - default default] 10.0.0.84 "GET /v2.0/security-groups?id=a89e2e79-6bf8-4b5c-aff7-fd5baab5b6dc&fields=id&fields=name HTTP/1.1" status: 200 len: 312 time: 0.0460865
2026-03-04 02:31:56.898 9 INFO neutron.api.wsgi [None req-55152cd5-dc42-4709-829a-3eaee21c8030 b3ac0804c5b940bca9017e956b5631dc 4df10cb2c190432b88439888e269c442 - - default default] 10.0.0.40 "GET /v2.0/ports?device_id=ec4e940c-2cc2-49e0-8c80-ced5574daab1 HTTP/1.1" status: 200 len: 1408 time: 0.0279722
2026-03-04 02:31:56.906 9 WARNING neutron_lib.context [None req-07a7a1fe-aec3-46f6-b0df-8fa2895a86f2 59e9935c2768477096c054ab45e9fb93 ed7010776fc741e2a690198c30b66a80 - - default default] Method 'is_advsvc' is deprecated since 2023.2 release (neutron-lib 3.8.0) and will be removed once support for the old RBAC API policies will be removed from Neutron. Please use method 'is_service_role' instead.
2026-03-04 02:31:56.943 8 INFO neutron.db.ovn_revision_numbers_db [None req-0e113f96-7856-4cb4-bdb2-4a56f59f3337 4cc8fe9d909c48e6aab0e0eec2d302fe 3e7b6e7a5b7a47648e4b7f8f609af63d - - default default] Successfully bumped revision number for resource cd021df0-cb3c-4c90-824c-b6a37e781ab1 (type: ports) to 1
2026-03-04 02:31:56.997 8 WARNING neutron.scheduler.dhcp_agent_scheduler [None req-0e113f96-7856-4cb4-bdb2-4a56f59f3337 4cc8fe9d909c48e6aab0e0eec2d302fe 3e7b6e7a5b7a47648e4b7f8f609af63d - - default default] No more DHCP agents
2026-03-04 02:31:56.998 8 WARNING neutron.api.rpc.agentnotifiers.dhcp_rpc_agent_api [None req-0e113f96-7856-4cb4-bdb2-4a56f59f3337 4cc8fe9d909c48e6aab0e0eec2d302fe 3e7b6e7a5b7a47648e4b7f8f609af63d - - default default] Unable to schedule network 88e648aa-ef9a-41d1-bee9-1e50d5b28119: no agents available; will retry on subsequent port and subnet creation events.
2026-03-04 02:31:57.127 9 WARNING neutron.scheduler.dhcp_agent_scheduler [None req-07a7a1fe-aec3-46f6-b0df-8fa2895a86f2 59e9935c2768477096c054ab45e9fb93 ed7010776fc741e2a690198c30b66a80 - - default default] No more DHCP agents
2026-03-04 02:31:57.128 9 WARNING neutron.api.rpc.agentnotifiers.dhcp_rpc_agent_api [None req-07a7a1fe-aec3-46f6-b0df-8fa2895a86f2 59e9935c2768477096c054ab45e9fb93 ed7010776fc741e2a690198c30b66a80 - - default default] Unable to schedule network 9c30c68c-68f4-45f5-9b2c-8d6fb79c4d19: no agents available; will retry on subsequent port and subnet creation events.
2026-03-04 02:31:57.176 8 INFO neutron.db.ovn_revision_numbers_db [None req-0e113f96-7856-4cb4-bdb2-4a56f59f3337 4cc8fe9d909c48e6aab0e0eec2d302fe 3e7b6e7a5b7a47648e4b7f8f609af63d - - default default] Successfully bumped revision number for resource cd021df0-cb3c-4c90-824c-b6a37e781ab1 (type: router_ports) to 1
2026-03-04 02:31:57.181 8 INFO neutron.api.wsgi [None req-0e113f96-7856-4cb4-bdb2-4a56f59f3337 4cc8fe9d909c48e6aab0e0eec2d302fe 3e7b6e7a5b7a47648e4b7f8f609af63d - - default default] 10.0.0.40 "PUT /v2.0/routers/8061bcb1-d393-4ffc-9e3d-eee35741bf2c/add_router_interface HTTP/1.1" status: 200 len: 503 time: 1.1109073
2026-03-04 02:31:57.265 9 INFO neutron.api.wsgi [None req-079a0933-fed2-4e0c-a5ff-6f8b33958366 4cc8fe9d909c48e6aab0e0eec2d302fe 3e7b6e7a5b7a47648e4b7f8f609af63d - - default default] 10.0.0.40 "GET /v2.0/ports/cd021df0-cb3c-4c90-824c-b6a37e781ab1 HTTP/1.1" status: 200 len: 1139 time: 0.0803661
2026-03-04 02:31:57.305 9 INFO neutron.api.wsgi [None req-9ab71faf-c686-49a1-b9f2-d39d724f6410 4cc8fe9d909c48e6aab0e0eec2d302fe 3e7b6e7a5b7a47648e4b7f8f609af63d - - default default] 10.0.0.40 "GET /v2.0/ports/cd021df0-cb3c-4c90-824c-b6a37e781ab1 HTTP/1.1" status: 200 len: 1139 time: 0.0366423
2026-03-04 02:31:57.526 9 WARNING neutron.plugins.ml2.drivers.ovn.mech_driver.ovsdb.ovn_client [None req-c1b451be-59c1-461f-8d79-18618fffd45b - - - - - -] No port found with ID 29432aed-c66f-4854-b630-bda8c77cc7f5: RuntimeError: No port found with ID 29432aed-c66f-4854-b630-bda8c77cc7f5
2026-03-04 02:31:57.533 9 INFO neutron.plugins.ml2.drivers.ovn.mech_driver.mech_driver [None req-c1b451be-59c1-461f-8d79-18618fffd45b - - - - - -] OVN reports status up for port: cd021df0-cb3c-4c90-824c-b6a37e781ab1
2026-03-04 02:31:57.541 9 INFO neutron.plugins.ml2.plugin [None req-c1b451be-59c1-461f-8d79-18618fffd45b - - - - - -] Attempt 1 to provision port cd021df0-cb3c-4c90-824c-b6a37e781ab1
2026-03-04 02:31:57.635 8 INFO neutron.db.ovn_revision_numbers_db [None req-0cc69579-56d9-4cad-9bdf-a031a177caca ae119c5d3767453f841afc16aea85ca8 d415d15cad7c4e5dae1b340cf898c857 - - default default] Successfully bumped revision number for resource 1a5ec698-d379-4ffb-8ee4-a4442abcb0b7 (type: security_groups) to 1
2026-03-04 02:31:57.654 8 INFO neutron.db.ovn_revision_numbers_db [None req-0cc69579-56d9-4cad-9bdf-a031a177caca ae119c5d3767453f841afc16aea85ca8 d415d15cad7c4e5dae1b340cf898c857 - - default default] Successfully bumped revision number for resource 1d605cf1-8e43-4762-a9ac-2dc13af60556 (type: security_group_rules) to 0
2026-03-04 02:31:57.668 8 INFO neutron.db.ovn_revision_numbers_db [None req-0cc69579-56d9-4cad-9bdf-a031a177caca ae119c5d3767453f841afc16aea85ca8 d415d15cad7c4e5dae1b340cf898c857 - - default default] Successfully bumped revision number for resource 84a0d28c-503f-4b50-bdeb-1298fcc1f85b (type: security_group_rules) to 0
2026-03-04 02:31:57.680 8 INFO neutron.db.ovn_revision_numbers_db [None req-0cc69579-56d9-4cad-9bdf-a031a177caca ae119c5d3767453f841afc16aea85ca8 d415d15cad7c4e5dae1b340cf898c857 - - default default] Successfully bumped revision number for resource e9c112e9-f884-4318-a1e0-596add7c1371 (type: security_group_rules) to 0
2026-03-04 02:31:57.692 8 INFO neutron.db.ovn_revision_numbers_db [None req-0cc69579-56d9-4cad-9bdf-a031a177caca ae119c5d3767453f841afc16aea85ca8 d415d15cad7c4e5dae1b340cf898c857 - - default default] Successfully bumped revision number for resource fc9df464-6c13-4bab-aeea-0d38ac736e4b (type: security_group_rules) to 0
2026-03-04 02:31:57.722 8 INFO neutron.api.wsgi [None req-0cc69579-56d9-4cad-9bdf-a031a177caca ae119c5d3767453f841afc16aea85ca8 d415d15cad7c4e5dae1b340cf898c857 - - default default] 10.0.0.40 "GET /v2.0/security-groups?tenant_id=8d61c97a57134bcf84f73077f7d36732&name=default HTTP/1.1" status: 200 len: 3120 time: 0.2874575
2026-03-04 02:31:57.797 9 INFO neutron.db.ovn_revision_numbers_db [None req-07a7a1fe-aec3-46f6-b0df-8fa2895a86f2 59e9935c2768477096c054ab45e9fb93 ed7010776fc741e2a690198c30b66a80 - - default default] Successfully bumped revision number for resource b10813a6-8c78-4c42-b623-2a39179dacdf (type: floatingips) to -1
2026-03-04 02:31:57.947 8 INFO neutron.api.wsgi [None req-5d2bd492-7460-4b1d-8c39-aa67ce42f1c4 ae119c5d3767453f841afc16aea85ca8 d415d15cad7c4e5dae1b340cf898c857 - - default default] 10.0.0.40 "DELETE /v2.0/security-groups/1a5ec698-d379-4ffb-8ee4-a4442abcb0b7 HTTP/1.1" status: 204 len: 168 time: 0.2204773 /var/lib/openstack/lib/python3.12/site-packages/pycadf/identifier.py:71: UserWarning: Invalid uuid: neutron. To ensure interoperability, identifiers should be a valid uuid. warnings.warn(('Invalid uuid: %s. To ensure interoperability, '
2026-03-04 02:31:58.140 9 INFO neutron.db.ovn_revision_numbers_db [None req-c1b451be-59c1-461f-8d79-18618fffd45b - - - - - -] Successfully bumped revision number for resource cd021df0-cb3c-4c90-824c-b6a37e781ab1 (type: ports) to 2
2026-03-04 02:31:58.145 9 INFO neutron.db.ovn_revision_numbers_db [None req-07a7a1fe-aec3-46f6-b0df-8fa2895a86f2 59e9935c2768477096c054ab45e9fb93 ed7010776fc741e2a690198c30b66a80 - - default default] Successfully bumped revision number for resource b10813a6-8c78-4c42-b623-2a39179dacdf (type: floatingips) to 1
2026-03-04 02:31:58.146 9 INFO neutron.db.l3_db [None req-07a7a1fe-aec3-46f6-b0df-8fa2895a86f2 59e9935c2768477096c054ab45e9fb93 ed7010776fc741e2a690198c30b66a80 - - default default] Floating IP b10813a6-8c78-4c42-b623-2a39179dacdf associated. External IP: 10.96.250.218, port: 10438310-e408-497c-8533-476d11dfb9c5.
2026-03-04 02:31:58.192 9 INFO neutron.api.wsgi [None req-07a7a1fe-aec3-46f6-b0df-8fa2895a86f2 59e9935c2768477096c054ab45e9fb93 ed7010776fc741e2a690198c30b66a80 - - default default] 10.0.0.40 "POST /v2.0/floatingips HTTP/1.1" status: 201 len: 1055 time: 1.2893114
2026-03-04 02:31:58.198 8 INFO neutron.db.ovn_revision_numbers_db [None req-046a42b5-2a83-452c-b168-d82ae5c06917 ae119c5d3767453f841afc16aea85ca8 d415d15cad7c4e5dae1b340cf898c857 - - default default] Successfully bumped revision number for resource 6488ae75-f932-43ad-a25e-765c4b1659b4 (type: security_groups) to 1
2026-03-04 02:31:58.226 8 INFO neutron.db.ovn_revision_numbers_db [None req-046a42b5-2a83-452c-b168-d82ae5c06917 ae119c5d3767453f841afc16aea85ca8 d415d15cad7c4e5dae1b340cf898c857 - - default default] Successfully bumped revision number for resource 5216c4b9-ae53-4539-81bb-b1b4369c67a3 (type: security_group_rules) to 0
2026-03-04 02:31:58.236 9 INFO neutron.notifiers.nova [-] Nova event matching ['req-f2b22060-6288-4ff3-824c-b19dbcfb86fa'] response: {'name': 'network-changed', 'server_uuid': 'ec4e940c-2cc2-49e0-8c80-ced5574daab1', 'tag': '10438310-e408-497c-8533-476d11dfb9c5', 'status': 'completed', 'code': 200}
2026-03-04 02:31:58.246 8 INFO neutron.db.ovn_revision_numbers_db [None req-046a42b5-2a83-452c-b168-d82ae5c06917 ae119c5d3767453f841afc16aea85ca8 d415d15cad7c4e5dae1b340cf898c857 - - default default] Successfully bumped revision number for resource 9be54388-cf70-4f3c-a6f2-c49df353d27d (type: security_group_rules) to 0
2026-03-04 02:31:58.254 8 INFO neutron.api.wsgi [None req-507d4810-099f-43f1-9232-e5d3bcef2d62 59e9935c2768477096c054ab45e9fb93 ed7010776fc741e2a690198c30b66a80 - - default default] 10.0.0.40 "GET /v2.0/floatingips/b10813a6-8c78-4c42-b623-2a39179dacdf HTTP/1.1" status: 200 len: 1052 time: 0.0506635
2026-03-04 02:31:58.264 8 INFO neutron.db.ovn_revision_numbers_db [None req-046a42b5-2a83-452c-b168-d82ae5c06917 ae119c5d3767453f841afc16aea85ca8 d415d15cad7c4e5dae1b340cf898c857 - - default default] Successfully bumped revision number for resource d69b7e77-4faa-4b0e-861b-7b2a2ca42637 (type: security_group_rules) to 0
2026-03-04 02:31:58.276 8 INFO neutron.db.ovn_revision_numbers_db [None req-046a42b5-2a83-452c-b168-d82ae5c06917 ae119c5d3767453f841afc16aea85ca8 d415d15cad7c4e5dae1b340cf898c857 - - default default] Successfully bumped revision number for resource ff09685c-8db9-4189-91cc-5ea4339e5d91 (type: security_group_rules) to 0
2026-03-04 02:31:58.326 8 INFO neutron.api.wsgi [None req-046a42b5-2a83-452c-b168-d82ae5c06917 ae119c5d3767453f841afc16aea85ca8 d415d15cad7c4e5dae1b340cf898c857 - - default default] 10.0.0.40 "GET /v2.0/security-groups?tenant_id=6eb4d4193f4840538c31748944cf07d6&name=default HTTP/1.1" status: 200 len: 3120 time: 0.2451308
2026-03-04 02:31:58.344 9 INFO neutron.api.wsgi [None req-8ffa8a1e-8620-4415-b4a0-4f9648ee17f7 4cc8fe9d909c48e6aab0e0eec2d302fe 3e7b6e7a5b7a47648e4b7f8f609af63d - - default default] 10.0.0.40 "GET /v2.0/ports/cd021df0-cb3c-4c90-824c-b6a37e781ab1 HTTP/1.1" status: 200 len: 1141 time: 0.0314589
2026-03-04 02:31:58.525 9 INFO neutron.api.wsgi [None req-8fbfdcd9-6f3a-4808-8833-0f863bb2df41 ae119c5d3767453f841afc16aea85ca8 d415d15cad7c4e5dae1b340cf898c857 - - default default] 10.0.0.40 "DELETE /v2.0/security-groups/6488ae75-f932-43ad-a25e-765c4b1659b4 HTTP/1.1" status: 204 len: 168 time: 0.1901901
2026-03-04 02:31:58.748 9 INFO neutron.db.ovn_revision_numbers_db [None req-7767f61e-ffef-484e-8a68-d6caf529b59b ae119c5d3767453f841afc16aea85ca8 d415d15cad7c4e5dae1b340cf898c857 - - default default] Successfully bumped revision number for resource a4c8c29b-a350-4107-b52c-3bbcb5d71e4a (type: security_groups) to 1
2026-03-04 02:31:58.765 9 INFO neutron.db.ovn_revision_numbers_db [None req-7767f61e-ffef-484e-8a68-d6caf529b59b ae119c5d3767453f841afc16aea85ca8 d415d15cad7c4e5dae1b340cf898c857 - - default default] Successfully bumped revision number for resource 5473f526-33fb-4b54-a4bf-29a6c565027c (type: security_group_rules) to 0
2026-03-04 02:31:58.778 9 INFO neutron.db.ovn_revision_numbers_db [None req-7767f61e-ffef-484e-8a68-d6caf529b59b ae119c5d3767453f841afc16aea85ca8 d415d15cad7c4e5dae1b340cf898c857 - - default default] Successfully bumped revision number for resource 55332109-17b5-44b4-9462-0657a6f86293 (type: security_group_rules) to 0
2026-03-04 02:31:58.787 8 INFO neutron.api.wsgi [req-2d628ed6-c095-4653-a676-d9b2a0cf0280 req-4fc29c81-4815-4537-93e7-c7bf12c094ab 2967cf0343a74bbbaed3c2e15e1704a4 c32371e678144ec3aed8ee604137877a - - 0832263700184f97aff006fb9cce7bff 0832263700184f97aff006fb9cce7bff] 199.204.45.122 "GET /v2.0/ports?tenant_id=ed7010776fc741e2a690198c30b66a80&device_id=ec4e940c-2cc2-49e0-8c80-ced5574daab1 HTTP/1.1" status: 200 len: 1413 time: 0.0402629
2026-03-04 02:31:58.795 9 INFO neutron.db.ovn_revision_numbers_db [None req-7767f61e-ffef-484e-8a68-d6caf529b59b ae119c5d3767453f841afc16aea85ca8 d415d15cad7c4e5dae1b340cf898c857 - - default default] Successfully bumped revision number for resource 9a20352b-4d17-483c-a7bc-160d4eb4f6b0 (type: security_group_rules) to 0
2026-03-04 02:31:58.807 9 INFO neutron.db.ovn_revision_numbers_db [None req-7767f61e-ffef-484e-8a68-d6caf529b59b ae119c5d3767453f841afc16aea85ca8 d415d15cad7c4e5dae1b340cf898c857 - - default default] Successfully bumped revision number for resource b3c8ee76-29ba-4e39-99a7-829c0e58dca5 (type: security_group_rules) to 0
2026-03-04 02:31:58.860 9 INFO neutron.api.wsgi [None req-7767f61e-ffef-484e-8a68-d6caf529b59b ae119c5d3767453f841afc16aea85ca8 d415d15cad7c4e5dae1b340cf898c857 - - default default] 10.0.0.40 "GET /v2.0/security-groups?tenant_id=2d07543f9060489ba73709dbee3efdb9&name=default HTTP/1.1" status: 200 len: 3120 time: 0.2402055
2026-03-04 02:31:58.864 8 INFO neutron.api.wsgi [None req-95dd3dad-a406-4fcb-8d91-bcf83c9ba00e ae119c5d3767453f841afc16aea85ca8 d415d15cad7c4e5dae1b340cf898c857 - - default default] 10.0.0.88 "GET /v2.0/networks HTTP/1.1" status: 200 len: 4596 time: 0.1868470
2026-03-04 02:31:58.887 8 INFO neutron.api.wsgi [req-2d628ed6-c095-4653-a676-d9b2a0cf0280 req-9bdbcd34-c28f-42cb-8aee-f16e2382c6be 2967cf0343a74bbbaed3c2e15e1704a4 c32371e678144ec3aed8ee604137877a - - 0832263700184f97aff006fb9cce7bff 0832263700184f97aff006fb9cce7bff] 199.204.45.122 "GET /v2.0/networks?id=7058bdd0-c7c8-43f4-9aa6-59c89a876052 HTTP/1.1" status: 200 len: 959 time: 0.0924323
2026-03-04 02:31:58.942 8 INFO neutron.api.wsgi [None req-61294601-cd00-4371-a4bc-044a66dd721e ae119c5d3767453f841afc16aea85ca8 d415d15cad7c4e5dae1b340cf898c857 - - default default] 10.0.0.88 "GET /v2.0/security-groups HTTP/1.1" status: 200 len: 34526 time: 0.0758617
2026-03-04 02:31:58.989 8 INFO neutron.api.wsgi [req-2d628ed6-c095-4653-a676-d9b2a0cf0280 req-81430e14-d220-4b38-9581-ad56518798b2 2967cf0343a74bbbaed3c2e15e1704a4 c32371e678144ec3aed8ee604137877a - - 0832263700184f97aff006fb9cce7bff 0832263700184f97aff006fb9cce7bff] 199.204.45.122 "GET /v2.0/floatingips?fixed_ip_address=10.100.0.14&port_id=10438310-e408-497c-8533-476d11dfb9c5 HTTP/1.1" status: 200 len: 1060 time: 0.0967028
2026-03-04 02:31:59.034 8 INFO neutron.api.wsgi [None req-484aa3a5-673b-4112-95e8-d2dda55d5aa2 ae119c5d3767453f841afc16aea85ca8 d415d15cad7c4e5dae1b340cf898c857 - - default default] 10.0.0.88 "GET /v2.0/ports HTTP/1.1" status: 200 len: 13811 time: 0.0787210
2026-03-04 02:31:59.082 9 INFO neutron.api.wsgi [None req-f2e9aadb-c86e-44ee-b120-895354bb16ad ae119c5d3767453f841afc16aea85ca8 d415d15cad7c4e5dae1b340cf898c857 - - default default] 10.0.0.40 "DELETE /v2.0/security-groups/a4c8c29b-a350-4107-b52c-3bbcb5d71e4a HTTP/1.1" status: 204 len: 168 time: 0.2153189
2026-03-04 02:31:59.168 9 INFO neutron.api.wsgi [req-4d53f551-563d-4c7d-a0d7-2638ae6d23f4 req-4632db39-41d5-4435-9d87-f495a3fa1b7b ae119c5d3767453f841afc16aea85ca8 d415d15cad7c4e5dae1b340cf898c857 - - default default] 10.0.0.84 "GET /v2.0/ports?device_id=ec4e940c-2cc2-49e0-8c80-ced5574daab1 HTTP/1.1" status: 200 len: 1413 time: 0.0330226
2026-03-04 02:31:59.264 9 INFO neutron.api.wsgi [req-4d53f551-563d-4c7d-a0d7-2638ae6d23f4 req-b6cbefcb-2892-49cf-93b1-d26165ff9819 ae119c5d3767453f841afc16aea85ca8 d415d15cad7c4e5dae1b340cf898c857 - - default default] 10.0.0.84 "GET /v2.0/security-groups?id=a89e2e79-6bf8-4b5c-aff7-fd5baab5b6dc&fields=id&fields=name HTTP/1.1" status: 200 len: 312 time: 0.0816045
2026-03-04 02:31:59.280 8 INFO neutron.api.wsgi [req-2d628ed6-c095-4653-a676-d9b2a0cf0280 req-b5862e36-99ae-41b2-b61c-8331a653e317 2967cf0343a74bbbaed3c2e15e1704a4 c32371e678144ec3aed8ee604137877a - - 0832263700184f97aff006fb9cce7bff 0832263700184f97aff006fb9cce7bff] 199.204.45.122 "GET /v2.0/subnets?id=1e9f30ab-ad23-41d8-89b1-b0d27d347e39 HTTP/1.1" status: 200 len: 876 time: 0.2797825 /var/lib/openstack/lib/python3.12/site-packages/pycadf/identifier.py:71: UserWarning: Invalid uuid: neutron. To ensure interoperability, identifiers should be a valid uuid. warnings.warn(('Invalid uuid: %s. To ensure interoperability, '
2026-03-04 02:31:59.327 8 INFO neutron.api.wsgi [None req-5fcd68a1-83d8-4752-96bb-f69eb5e7b693 ae119c5d3767453f841afc16aea85ca8 d415d15cad7c4e5dae1b340cf898c857 - - default default] 10.0.0.88 "GET /v2.0/subnets HTTP/1.1" status: 200 len: 3479 time: 0.2788172
2026-03-04 02:31:59.340 8 INFO neutron.api.wsgi [req-2d628ed6-c095-4653-a676-d9b2a0cf0280 req-9688b172-7f40-4451-89ff-f70eb4ba8e9a 2967cf0343a74bbbaed3c2e15e1704a4 c32371e678144ec3aed8ee604137877a - - 0832263700184f97aff006fb9cce7bff 0832263700184f97aff006fb9cce7bff] 199.204.45.122 "GET /v2.0/ports?network_id=7058bdd0-c7c8-43f4-9aa6-59c89a876052&device_owner=network%3Adhcp HTTP/1.1" status: 200 len: 210 time: 0.0313210
2026-03-04 02:31:59.343 8 INFO neutron.api.wsgi [None req-f2e615d9-72e2-487f-90c4-847b51f8c7fc 4cc8fe9d909c48e6aab0e0eec2d302fe 3e7b6e7a5b7a47648e4b7f8f609af63d - - default default] 10.0.0.40 "PUT /v2.0/routers/8061bcb1-d393-4ffc-9e3d-eee35741bf2c/remove_router_interface HTTP/1.1" status: 200 len: 503 time: 0.9928989
2026-03-04 02:31:59.348 8 INFO neutron.api.wsgi [None req-45c91303-839b-4fcb-9522-7be9b5aeae46 ae119c5d3767453f841afc16aea85ca8 d415d15cad7c4e5dae1b340cf898c857 - - default default] 10.0.0.88 "GET /v2.0/subnetpools HTTP/1.1" status: 200 len: 193 time: 0.0184312
2026-03-04 02:31:59.365 9 INFO neutron.api.wsgi [None req-59e79996-1cd0-4705-863d-b99de148b1fc 4cc8fe9d909c48e6aab0e0eec2d302fe 3e7b6e7a5b7a47648e4b7f8f609af63d - - default default] 10.0.0.40 "GET /v2.0/ports?device_id=8061bcb1-d393-4ffc-9e3d-eee35741bf2c HTTP/1.1" status: 200 len: 205 time: 0.0167069
2026-03-04 02:31:59.401 8 INFO neutron.api.wsgi [None req-65715b49-b72c-4d31-ba76-1b584b381c97 ae119c5d3767453f841afc16aea85ca8 d415d15cad7c4e5dae1b340cf898c857 - - default default] 10.0.0.88 "GET /v2.0/floatingips HTTP/1.1" status: 200 len: 1036 time: 0.0459785
2026-03-04 02:31:59.413 8 INFO neutron.api.wsgi [req-2d628ed6-c095-4653-a676-d9b2a0cf0280 req-a9c43fd3-42d8-41cf-ae06-27dd6bf61fa8 2967cf0343a74bbbaed3c2e15e1704a4 c32371e678144ec3aed8ee604137877a - - 0832263700184f97aff006fb9cce7bff 0832263700184f97aff006fb9cce7bff] 199.204.45.122 "GET /v2.0/networks/7058bdd0-c7c8-43f4-9aa6-59c89a876052?fields=segments HTTP/1.1" status: 200 len: 212 time: 0.0678349
2026-03-04 02:31:59.449 8 INFO neutron.api.wsgi [None req-cd0b0a15-7254-46f5-bec3-5bbf202e5dda ae119c5d3767453f841afc16aea85ca8 d415d15cad7c4e5dae1b340cf898c857 - - default default] 10.0.0.88 "GET /v2.0/subnets HTTP/1.1" status: 200 len: 3479 time: 0.0469079
2026-03-04 02:31:59.537 8 INFO neutron.api.wsgi [req-2d628ed6-c095-4653-a676-d9b2a0cf0280 req-d0f97c58-c40c-4256-9dbf-c65781687b59 2967cf0343a74bbbaed3c2e15e1704a4 c32371e678144ec3aed8ee604137877a - - 0832263700184f97aff006fb9cce7bff 0832263700184f97aff006fb9cce7bff] 199.204.45.122 "GET /v2.0/networks/7058bdd0-c7c8-43f4-9aa6-59c89a876052?fields=provider%3Aphysical_network&fields=provider%3Anetwork_type HTTP/1.1" status: 200 len: 277 time: 0.1153898
2026-03-04 02:31:59.554 9 INFO neutron.api.wsgi [None req-1786dae8-a4b9-4539-bd59-e521861ea64a 4cc8fe9d909c48e6aab0e0eec2d302fe 3e7b6e7a5b7a47648e4b7f8f609af63d - - default default] 10.0.0.40 "DELETE /v2.0/routers/8061bcb1-d393-4ffc-9e3d-eee35741bf2c HTTP/1.1" status: 204 len: 168 time: 0.1855078
2026-03-04 02:31:59.556 8 INFO neutron.api.wsgi [None req-c7b439a8-95af-4b61-96cc-768d4d13b219 ae119c5d3767453f841afc16aea85ca8 d415d15cad7c4e5dae1b340cf898c857 - - default default] 10.0.0.40 "PUT /v2.0/routers/36924369-5cae-44aa-83df-30b1f1ab1b2b/remove_router_interface HTTP/1.1" status: 200 len: 503 time: 1.6010463
2026-03-04 02:31:59.563 8 INFO neutron.api.wsgi [None req-d0c20c9f-9625-4e34-b2dd-a634679a2736 ae119c5d3767453f841afc16aea85ca8 d415d15cad7c4e5dae1b340cf898c857 - - default default] 10.0.0.88 "GET /v2.0/routers HTTP/1.1" status: 200 len: 2722 time: 0.1110260 /var/lib/openstack/lib/python3.12/site-packages/pycadf/identifier.py:71: UserWarning: Invalid uuid: neutron. To ensure interoperability, identifiers should be a valid uuid. warnings.warn(('Invalid uuid: %s. To ensure interoperability, '
2026-03-04 02:31:59.577 8 INFO neutron.api.wsgi [None req-fdb76770-b457-4d70-a3e5-dc08b15d5389 ae119c5d3767453f841afc16aea85ca8 d415d15cad7c4e5dae1b340cf898c857 - - default default] 10.0.0.88 "GET /v2.0/agents?binary=ovn-controller HTTP/1.1" status: 200 len: 591 time: 0.0127628
2026-03-04 02:31:59.598 8 INFO neutron.api.wsgi [None req-82cf60b7-309b-407c-baa7-6118638f037a ae119c5d3767453f841afc16aea85ca8 d415d15cad7c4e5dae1b340cf898c857 - - default default] 10.0.0.88 "GET /v2.0/agents HTTP/1.1" status: 200 len: 1390 time: 0.0198319
2026-03-04 02:31:59.612 8 INFO neutron.api.wsgi [None req-71a6e849-8417-4c75-9ce4-fd11f78556af ae119c5d3767453f841afc16aea85ca8 d415d15cad7c4e5dae1b340cf898c857 - - default default] 10.0.0.88 "GET /v2.0/network-ip-availabilities HTTP/1.1" status: 200 len: 2647 time: 0.0122666
2026-03-04 02:31:59.756 9 INFO neutron.api.wsgi [None req-eebb3c7d-2f73-48bf-8f35-aba5fdee84fb 4cc8fe9d909c48e6aab0e0eec2d302fe 3e7b6e7a5b7a47648e4b7f8f609af63d - - default default] 10.0.0.40 "DELETE /v2.0/subnets/47e32326-5c77-4b65-b5f4-4002b93aa1c1 HTTP/1.1" status: 204 len: 168 time: 0.1980786
2026-03-04 02:32:00.067 8 INFO neutron.services.segments.plugin [-] Segment f25bfe26-a064-4053-abce-895bce3c967c resource provider aggregate not found
2026-03-04 02:32:00.074 8 INFO neutron.services.segments.plugin [-] Segment f25bfe26-a064-4053-abce-895bce3c967c resource provider aggregate not found
2026-03-04 02:32:00.092 8 INFO neutron.services.segments.plugin [-] Segment f25bfe26-a064-4053-abce-895bce3c967c resource provider not found; error: Placement Client Error (4xx): {"errors": [{"status": 404, "title": "Not Found", "detail": "The resource could not be found.\n\n No resource provider with uuid f25bfe26-a064-4053-abce-895bce3c967c found for delete ", "request_id": "req-1f0ac8b5-5e79-4cd9-9c1e-a494cbe8195f"}]}
2026-03-04 02:32:00.096 8 INFO neutron.api.wsgi [-] 10.0.0.138 "GET / HTTP/1.1" status: 200 len: 246 time: 0.0023196
2026-03-04 02:32:00.099 8 INFO neutron.api.wsgi [-] 10.0.0.138 "GET / HTTP/1.1" status: 200 len: 246 time: 0.0019722
2026-03-04 02:32:00.100 8 INFO neutron.services.segments.plugin [-] Segment f25bfe26-a064-4053-abce-895bce3c967c resource provider not found; error: Placement Client Error (4xx): {"errors": [{"status": 404, "title": "Not Found", "detail": "The resource could not be found.\n\n No resource provider with uuid f25bfe26-a064-4053-abce-895bce3c967c found for delete ", "request_id": "req-1f8a7046-9fd8-410e-90ac-8612116e07d9"}]}
2026-03-04 02:32:00.117 8 INFO neutron.api.wsgi [None req-2fa8e65d-3b7a-4704-b3f3-02029e76f55c 4cc8fe9d909c48e6aab0e0eec2d302fe 3e7b6e7a5b7a47648e4b7f8f609af63d - - default default] 10.0.0.40 "DELETE /v2.0/networks/88e648aa-ef9a-41d1-bee9-1e50d5b28119 HTTP/1.1" status: 204 len: 168 time: 0.3555305
2026-03-04 02:32:00.126 8 WARNING neutron_lib.context [None req-c88d62a0-dc04-44ae-b62b-28088ab6a425 4cc8fe9d909c48e6aab0e0eec2d302fe 3e7b6e7a5b7a47648e4b7f8f609af63d - - default default] Method 'is_advsvc' is deprecated since 2023.2 release (neutron-lib 3.8.0) and will be removed once support for the old RBAC API policies will be removed from Neutron. Please use method 'is_service_role' instead.
2026-03-04 02:32:00.263 9 INFO neutron.api.wsgi [None req-56f96003-d568-4a21-9076-05e7c1585250 ae119c5d3767453f841afc16aea85ca8 d415d15cad7c4e5dae1b340cf898c857 - - default default] 10.0.0.40 "DELETE /v2.0/routers/36924369-5cae-44aa-83df-30b1f1ab1b2b HTTP/1.1" status: 204 len: 168 time: 0.6947386
2026-03-04 02:32:00.443 9 INFO neutron.api.wsgi [None req-6a4f7483-96e1-448c-b9f3-21fdd6c0fa11 ae119c5d3767453f841afc16aea85ca8 d415d15cad7c4e5dae1b340cf898c857 - - default default] 10.0.0.40 "DELETE /v2.0/subnets/dd872921-6cc2-4722-b440-fca260d27ab9 HTTP/1.1" status: 204 len: 168 time: 0.1752286
2026-03-04 02:32:00.525 8 WARNING neutron.scheduler.dhcp_agent_scheduler [None req-c88d62a0-dc04-44ae-b62b-28088ab6a425 4cc8fe9d909c48e6aab0e0eec2d302fe 3e7b6e7a5b7a47648e4b7f8f609af63d - - default default] No more DHCP agents
2026-03-04 02:32:00.526 8 WARNING neutron.api.rpc.agentnotifiers.dhcp_rpc_agent_api [None req-c88d62a0-dc04-44ae-b62b-28088ab6a425 4cc8fe9d909c48e6aab0e0eec2d302fe 3e7b6e7a5b7a47648e4b7f8f609af63d - - default default] Unable to schedule network 9c30c68c-68f4-45f5-9b2c-8d6fb79c4d19: no agents available; will retry on subsequent port and subnet creation events.
2026-03-04 02:32:00.649 8 INFO neutron.db.ovn_revision_numbers_db [None req-c88d62a0-dc04-44ae-b62b-28088ab6a425 4cc8fe9d909c48e6aab0e0eec2d302fe 3e7b6e7a5b7a47648e4b7f8f609af63d - - default default] Successfully bumped revision number for resource 02ffdb17-b2c7-4a90-98ba-467a6cd47a7d (type: ports) to 1
2026-03-04 02:32:00.734 9 INFO neutron.services.segments.plugin [-] Segment 1fa62487-8962-41f9-8af4-3a3cc260b2c8 resource provider aggregate not found
2026-03-04 02:32:00.742 9 INFO neutron.services.segments.plugin [-] Segment 1fa62487-8962-41f9-8af4-3a3cc260b2c8 resource provider aggregate not found
2026-03-04 02:32:00.746 9 INFO neutron.services.segments.plugin [-] Segment 1fa62487-8962-41f9-8af4-3a3cc260b2c8 resource provider not found; error: Placement Client Error (4xx): {"errors": [{"status": 404, "title": "Not Found", "detail": "The resource could not be found.\n\n No resource provider with uuid 1fa62487-8962-41f9-8af4-3a3cc260b2c8 found for delete ", "request_id": "req-51641352-0538-402f-ba21-bde27f53cd00"}]}
2026-03-04 02:32:00.760 9 INFO neutron.services.segments.plugin [-] Segment 1fa62487-8962-41f9-8af4-3a3cc260b2c8 resource provider not found; error: Placement Client Error (4xx): {"errors": [{"status": 404, "title": "Not Found", "detail": "The resource could not be found.\n\n No resource provider with uuid 1fa62487-8962-41f9-8af4-3a3cc260b2c8 found for delete ", "request_id": "req-3583e97c-78d6-4cc7-8121-a5b5f26b76d9"}]}
2026-03-04 02:32:00.793 9 INFO neutron.api.wsgi [None req-328cb0ba-e331-475b-8a94-5efee489b576 ae119c5d3767453f841afc16aea85ca8 d415d15cad7c4e5dae1b340cf898c857 - - default default] 10.0.0.40 "DELETE /v2.0/networks/805804da-7955-4297-98a8-976b8688e4f7 HTTP/1.1" status: 204 len: 168 time: 0.3460193
2026-03-04 02:32:01.017 9 INFO neutron.api.wsgi [None req-bba64521-5ac7-49e6-b436-a55c457c43f6 ae119c5d3767453f841afc16aea85ca8 d415d15cad7c4e5dae1b340cf898c857 - - default default] 10.0.0.40 "GET /v2.0/security-groups?tenant_id=65a72ec9ec7a4f8ba63b6106ba963381&name=default HTTP/1.1" status: 200 len: 3120 time: 0.0370238
2026-03-04 02:32:01.166 8 INFO neutron.plugins.ml2.drivers.ovn.mech_driver.ovsdb.commands [None req-73e8e0b0-eccc-41a9-8e6d-9104875a9c11 - - - - - -] Schedule LRP lrp-02ffdb17-b2c7-4a90-98ba-467a6cd47a7d on gateway 7bdb9c0d-7b5a-457f-a5f3-7706425d9cbd with priority 1
2026-03-04 02:32:01.210 8 INFO neutron.db.ovn_revision_numbers_db [None req-c88d62a0-dc04-44ae-b62b-28088ab6a425 4cc8fe9d909c48e6aab0e0eec2d302fe 3e7b6e7a5b7a47648e4b7f8f609af63d - - default default] Successfully bumped revision number for resource 02ffdb17-b2c7-4a90-98ba-467a6cd47a7d (type: router_ports) to 1
2026-03-04 02:32:01.245 9 INFO neutron.api.wsgi [None req-9eaab4c9-17da-40a7-809e-bbcdb7cc636b ae119c5d3767453f841afc16aea85ca8 d415d15cad7c4e5dae1b340cf898c857 - - default default] 10.0.0.40 "DELETE /v2.0/security-groups/91dd7fbf-6a69-465d-89f3-68b5ec517b6c HTTP/1.1" status: 204 len: 168 time: 0.2234597
2026-03-04 02:32:01.290 8 INFO neutron.db.ovn_revision_numbers_db [None req-c88d62a0-dc04-44ae-b62b-28088ab6a425 4cc8fe9d909c48e6aab0e0eec2d302fe 3e7b6e7a5b7a47648e4b7f8f609af63d - - default default] Successfully bumped revision number for resource 20d401c6-b91f-4cae-a1b2-35f288f1499b (type: routers) to 2
2026-03-04 02:32:01.310 8 INFO neutron.api.wsgi [None req-c88d62a0-dc04-44ae-b62b-28088ab6a425 4cc8fe9d909c48e6aab0e0eec2d302fe 3e7b6e7a5b7a47648e4b7f8f609af63d - - default default] 10.0.0.40 "POST /v2.0/routers HTTP/1.1" status: 201 len: 1151 time: 1.1879618
2026-03-04 02:32:01.385 9 INFO neutron.api.wsgi [None req-0bd35be8-a230-4c75-a83b-adc298aa780d 4cc8fe9d909c48e6aab0e0eec2d302fe 3e7b6e7a5b7a47648e4b7f8f609af63d - - default default] 10.0.0.40 "GET /v2.0/routers/20d401c6-b91f-4cae-a1b2-35f288f1499b HTTP/1.1" status: 200 len: 1152 time: 0.0705760
2026-03-04 02:32:01.450 9 INFO neutron.api.wsgi [None req-4169f6f2-2e36-4f45-9b68-8d28dd610c89 4cc8fe9d909c48e6aab0e0eec2d302fe 3e7b6e7a5b7a47648e4b7f8f609af63d - - default default] 10.0.0.40 "GET /v2.0/routers HTTP/1.1" status: 200 len: 1155 time: 0.0599766
2026-03-04 02:32:01.872 9 INFO neutron.db.ovn_revision_numbers_db [None req-6c93c840-04ec-4fb7-942b-214b50a92bdf 4cc8fe9d909c48e6aab0e0eec2d302fe 3e7b6e7a5b7a47648e4b7f8f609af63d - - default default] Successfully bumped revision number for resource 20d401c6-b91f-4cae-a1b2-35f288f1499b (type: routers) to 3
2026-03-04 02:32:01.877 9 INFO neutron.api.wsgi [None req-6c93c840-04ec-4fb7-942b-214b50a92bdf 4cc8fe9d909c48e6aab0e0eec2d302fe 3e7b6e7a5b7a47648e4b7f8f609af63d - - default default] 10.0.0.40 "PUT /v2.0/routers/20d401c6-b91f-4cae-a1b2-35f288f1499b HTTP/1.1" status: 200 len: 1159 time: 0.4239202
2026-03-04 02:32:01.933 9 INFO neutron.api.wsgi [None req-bd10228d-5442-4326-880d-eab1adcbf28c 4cc8fe9d909c48e6aab0e0eec2d302fe 3e7b6e7a5b7a47648e4b7f8f609af63d - - default default] 10.0.0.40 "GET /v2.0/routers/20d401c6-b91f-4cae-a1b2-35f288f1499b HTTP/1.1" status: 200 len: 1159 time: 0.0510504
2026-03-04 02:32:01.971 9 INFO neutron.api.wsgi [None req-a975a18b-8590-4913-af29-61b867e0ca9b 4cc8fe9d909c48e6aab0e0eec2d302fe 3e7b6e7a5b7a47648e4b7f8f609af63d - - default default] 10.0.0.40 "GET /v2.0/ports?device_id=20d401c6-b91f-4cae-a1b2-35f288f1499b HTTP/1.1" status: 200 len: 205 time: 0.0276234
2026-03-04 02:32:02.544 9 INFO neutron.api.wsgi [None req-3d10b150-2af1-42a5-a79b-177cab615e76 4cc8fe9d909c48e6aab0e0eec2d302fe 3e7b6e7a5b7a47648e4b7f8f609af63d - - default default] 10.0.0.40 "DELETE /v2.0/routers/20d401c6-b91f-4cae-a1b2-35f288f1499b HTTP/1.1" status: 204 len: 168 time: 0.5691137
2026-03-04 02:32:02.563 9 INFO neutron.api.wsgi [None req-bdecd01f-4c89-493a-a55c-03e8525e8e24 4cc8fe9d909c48e6aab0e0eec2d302fe 3e7b6e7a5b7a47648e4b7f8f609af63d - - default default] 10.0.0.40 "GET /v2.0/ports?device_id=20d401c6-b91f-4cae-a1b2-35f288f1499b HTTP/1.1" status: 200 len: 205 time: 0.0134177
2026-03-04 02:32:02.580 9 INFO neutron.api.v2.resource [None req-076c3b08-1051-489d-87e5-19dc87a69fc7 4cc8fe9d909c48e6aab0e0eec2d302fe 3e7b6e7a5b7a47648e4b7f8f609af63d - - default default] delete failed (client error): The resource could not be found.
2026-03-04 02:32:02.581 9 INFO neutron.api.wsgi [None req-076c3b08-1051-489d-87e5-19dc87a69fc7 4cc8fe9d909c48e6aab0e0eec2d302fe 3e7b6e7a5b7a47648e4b7f8f609af63d - - default default] 10.0.0.40 "DELETE /v2.0/routers/20d401c6-b91f-4cae-a1b2-35f288f1499b HTTP/1.1" status: 404 len: 336 time: 0.0140095
2026-03-04 02:32:02.607 8 INFO neutron.api.wsgi [None req-3b814979-7224-4915-b3b4-94cdd52247f3 4cc8fe9d909c48e6aab0e0eec2d302fe 3e7b6e7a5b7a47648e4b7f8f609af63d - - default default] 10.0.0.40 "GET /v2.0/ports?device_id=8061bcb1-d393-4ffc-9e3d-eee35741bf2c HTTP/1.1" status: 200 len: 205 time: 0.0198116
2026-03-04 02:32:02.626 8 INFO neutron.api.v2.resource [None req-2f6824e7-0623-4d46-b651-25375b6e0403 4cc8fe9d909c48e6aab0e0eec2d302fe 3e7b6e7a5b7a47648e4b7f8f609af63d - - default default] delete failed (client error): The resource could not be found.
2026-03-04 02:32:02.627 8 INFO neutron.api.wsgi [None req-2f6824e7-0623-4d46-b651-25375b6e0403 4cc8fe9d909c48e6aab0e0eec2d302fe 3e7b6e7a5b7a47648e4b7f8f609af63d - - default default] 10.0.0.40 "DELETE /v2.0/routers/8061bcb1-d393-4ffc-9e3d-eee35741bf2c HTTP/1.1" status: 404 len: 336 time: 0.0154114
2026-03-04 02:32:02.642 8 INFO neutron.pecan_wsgi.hooks.translation [None req-cadb046a-767a-4d77-8714-3acaabd6d2e7 4cc8fe9d909c48e6aab0e0eec2d302fe 3e7b6e7a5b7a47648e4b7f8f609af63d - - default default] DELETE failed (client error): The resource could not be found.
2026-03-04 02:32:02.644 8 INFO neutron.api.wsgi [None req-cadb046a-767a-4d77-8714-3acaabd6d2e7 4cc8fe9d909c48e6aab0e0eec2d302fe 3e7b6e7a5b7a47648e4b7f8f609af63d - - default default] 10.0.0.40 "DELETE /v2.0/subnets/47e32326-5c77-4b65-b5f4-4002b93aa1c1 HTTP/1.1" status: 404 len: 337 time: 0.0137165
2026-03-04 02:32:02.662 8 INFO neutron.api.wsgi [None req-71038373-e35e-4a12-a316-3b87b717d7c4 4cc8fe9d909c48e6aab0e0eec2d302fe 3e7b6e7a5b7a47648e4b7f8f609af63d - - default default] 10.0.0.40 "GET /v2.0/ports?device_id=6b94d764-c65a-489d-873d-f8aebc59fc83 HTTP/1.1" status: 200 len: 205 time: 0.0142810
2026-03-04 02:32:02.680 9 INFO neutron.api.v2.resource [None req-188ebf11-0a9b-451c-8fe0-e9c8c98c2f1f 4cc8fe9d909c48e6aab0e0eec2d302fe 3e7b6e7a5b7a47648e4b7f8f609af63d - - default default] delete failed (client error): The resource could not be found.
2026-03-04 02:32:02.681 9 INFO neutron.api.wsgi [None req-188ebf11-0a9b-451c-8fe0-e9c8c98c2f1f 4cc8fe9d909c48e6aab0e0eec2d302fe 3e7b6e7a5b7a47648e4b7f8f609af63d - - default default] 10.0.0.40 "DELETE /v2.0/routers/6b94d764-c65a-489d-873d-f8aebc59fc83 HTTP/1.1" status: 404 len: 336 time: 0.0154765
2026-03-04 02:32:02.698 8 INFO neutron.pecan_wsgi.hooks.translation [None req-bbcb8879-f236-438e-947b-f432974de0b3 4cc8fe9d909c48e6aab0e0eec2d302fe 3e7b6e7a5b7a47648e4b7f8f609af63d - - default default] DELETE failed (client error): The resource could not be found.
2026-03-04 02:32:02.700 8 INFO neutron.api.wsgi [None req-bbcb8879-f236-438e-947b-f432974de0b3 4cc8fe9d909c48e6aab0e0eec2d302fe 3e7b6e7a5b7a47648e4b7f8f609af63d - - default default] 10.0.0.40 "DELETE /v2.0/subnets/131524eb-d487-44a6-b4c1-9155a727094b HTTP/1.1" status: 404 len: 337 time: 0.0139835
2026-03-04 02:32:02.720 8 INFO neutron.api.wsgi [None req-ee302d87-6f1c-4117-920b-6d3322e8182d 4cc8fe9d909c48e6aab0e0eec2d302fe 3e7b6e7a5b7a47648e4b7f8f609af63d - - default default] 10.0.0.40 "GET /v2.0/ports?device_id=60d88ebf-2a96-409b-b55b-b10b10708dfb HTTP/1.1" status: 200 len: 205 time: 0.0147510
2026-03-04 02:32:02.738 8 INFO neutron.api.v2.resource [None req-5109691f-53c7-4459-b513-e418520e241c 4cc8fe9d909c48e6aab0e0eec2d302fe 3e7b6e7a5b7a47648e4b7f8f609af63d - - default default] delete failed (client error): The resource could not be found.
2026-03-04 02:32:02.741 8 INFO neutron.api.wsgi [None req-5109691f-53c7-4459-b513-e418520e241c 4cc8fe9d909c48e6aab0e0eec2d302fe 3e7b6e7a5b7a47648e4b7f8f609af63d - - default default] 10.0.0.40 "DELETE /v2.0/routers/60d88ebf-2a96-409b-b55b-b10b10708dfb HTTP/1.1" status: 404 len: 336 time: 0.0169618
2026-03-04 02:32:02.758 8 INFO neutron.pecan_wsgi.hooks.translation [None req-6af43267-2dce-4fde-bb05-c389661632ad 4cc8fe9d909c48e6aab0e0eec2d302fe 3e7b6e7a5b7a47648e4b7f8f609af63d - - default default] DELETE failed (client error): The resource could not be found.
2026-03-04 02:32:02.760 8 INFO neutron.api.wsgi [None req-6af43267-2dce-4fde-bb05-c389661632ad 4cc8fe9d909c48e6aab0e0eec2d302fe 3e7b6e7a5b7a47648e4b7f8f609af63d - - default default] 10.0.0.40 "DELETE /v2.0/subnets/f42c33b2-42ad-4d74-b4ee-64eca1bc4be6 HTTP/1.1" status: 404 len: 337 time: 0.0132301
2026-03-04 02:32:02.780 8 INFO neutron.pecan_wsgi.hooks.translation [None req-b64954fd-89fc-494f-9fcd-edcce2fc0398 4cc8fe9d909c48e6aab0e0eec2d302fe 3e7b6e7a5b7a47648e4b7f8f609af63d - - default default] DELETE failed (client error): The resource could not be found.
2026-03-04 02:32:02.783 8 INFO neutron.api.wsgi [None req-b64954fd-89fc-494f-9fcd-edcce2fc0398 4cc8fe9d909c48e6aab0e0eec2d302fe 3e7b6e7a5b7a47648e4b7f8f609af63d - - default default] 10.0.0.40 "DELETE /v2.0/subnets/28190df8-c0d9-41ca-a782-8fe886f7d7c8 HTTP/1.1" status: 404 len: 337 time: 0.0167265
2026-03-04 02:32:03.138 9 WARNING neutron.plugins.ml2.drivers.ovn.mech_driver.ovsdb.ovn_client [None req-c6ffcda4-b1e7-4dfa-a60e-52fb9a7232c7 - - - - - -] No port found with ID cd021df0-cb3c-4c90-824c-b6a37e781ab1: RuntimeError: No port found with ID cd021df0-cb3c-4c90-824c-b6a37e781ab1
2026-03-04 02:32:03.154 9 INFO neutron.plugins.ml2.drivers.ovn.mech_driver.mech_driver [None req-c6ffcda4-b1e7-4dfa-a60e-52fb9a7232c7 - - - - - -] OVN reports status up for port: 02ffdb17-b2c7-4a90-98ba-467a6cd47a7d
2026-03-04 02:32:03.203 9 WARNING neutron_lib.context [None req-6e81bedd-09f6-4b48-91ed-f76598c1d240 0029a6fb58f54fcdacd42e7f8b6fae36 cb4bdb88197545519a7c7285f7e72dce - - default default] Method 'is_advsvc' is deprecated since 2023.2 release (neutron-lib 3.8.0) and will be removed once support for the old RBAC API policies will be removed from Neutron. Please use method 'is_service_role' instead.
2026-03-04 02:32:03.305 9 INFO neutron.db.ovn_revision_numbers_db [None req-6e81bedd-09f6-4b48-91ed-f76598c1d240 0029a6fb58f54fcdacd42e7f8b6fae36 cb4bdb88197545519a7c7285f7e72dce - - default default] Successfully bumped revision number for resource 99b02b83-d89c-41a6-a983-fba807991409 (type: security_groups) to 1
2026-03-04 02:32:03.318 9 INFO neutron.db.ovn_revision_numbers_db [None req-6e81bedd-09f6-4b48-91ed-f76598c1d240 0029a6fb58f54fcdacd42e7f8b6fae36 cb4bdb88197545519a7c7285f7e72dce - - default default] Successfully bumped revision number for resource 6ca7497a-7a9f-4658-82ae-99f613587049 (type: security_group_rules) to 0
