2026-03-04 02:29:55.036 9 INFO neutron.db.ovn_revision_numbers_db [None req-5f95f04a-2271-436a-86a5-aee6eab80468 ae119c5d3767453f841afc16aea85ca8 d415d15cad7c4e5dae1b340cf898c857 - - default default] Successfully bumped revision number for resource 81936489-6be4-4866-a4bb-1601eb35ff77 (type: router_ports) to 1 /var/lib/openstack/lib/python3.12/site-packages/pycadf/identifier.py:71: UserWarning: Invalid uuid: neutron. To ensure interoperability, identifiers should be a valid uuid. warnings.warn(('Invalid uuid: %s. To ensure interoperability, '
2026-03-04 02:29:55.118 9 INFO neutron.api.wsgi [req-d3bc16c3-3808-45ba-9f85-80e501b82721 req-ca6ef0d4-4c34-4705-9bcc-ab6a8ea1ae34 e78c77361aa54838aad6086fefef51d2 4f87187883ec444e967854cfb06a9d6d - - default default] 10.0.0.84 "GET /v2.0/ports?device_id=92ed8e81-7b8e-451e-b006-08c96d4ae253 HTTP/1.1" status: 200 len: 1172 time: 0.0751140
2026-03-04 02:29:55.170 9 INFO neutron.db.ovn_revision_numbers_db [None req-5f95f04a-2271-436a-86a5-aee6eab80468 ae119c5d3767453f841afc16aea85ca8 d415d15cad7c4e5dae1b340cf898c857 - - default default] Successfully bumped revision number for resource cef4e9ec-7364-442a-a5e2-ed931c367952 (type: routers) to 2
2026-03-04 02:29:55.203 9 INFO neutron.api.wsgi [None req-5f95f04a-2271-436a-86a5-aee6eab80468 ae119c5d3767453f841afc16aea85ca8 d415d15cad7c4e5dae1b340cf898c857 - - default default] 10.0.0.40 "POST /v2.0/routers HTTP/1.1" status: 201 len: 1172 time: 1.7148545
2026-03-04 02:29:55.209 9 INFO neutron.api.wsgi [req-d3bc16c3-3808-45ba-9f85-80e501b82721 req-ad2ee63b-94e8-43f1-8b7e-58f3af9267fa e78c77361aa54838aad6086fefef51d2 4f87187883ec444e967854cfb06a9d6d - - default default] 10.0.0.84 "GET /v2.0/security-groups?id=29942eef-ae04-49f8-9acf-b9c47c61e069&fields=id&fields=name HTTP/1.1" status: 200 len: 313 time: 0.0838103
2026-03-04 02:29:55.307 9 INFO neutron.db.ovn_revision_numbers_db [None req-3ceff677-1225-4a20-8f18-3e730394d13a b694b9629e1444bd85d633409135e348 3373fd2c18a2463595396efa1d7b7622 - - default default] Successfully bumped revision number for resource 08b90494-15eb-469b-9f38-5c3fabaf61e0 (type: floatingips) to 1
2026-03-04 02:29:55.451 9 INFO neutron.db.ovn_revision_numbers_db [None req-3ceff677-1225-4a20-8f18-3e730394d13a b694b9629e1444bd85d633409135e348 3373fd2c18a2463595396efa1d7b7622 - - default default] Successfully bumped revision number for resource 08b90494-15eb-469b-9f38-5c3fabaf61e0 (type: floatingips) to 2
2026-03-04 02:29:55.452 9 INFO neutron.db.l3_db [None req-3ceff677-1225-4a20-8f18-3e730394d13a b694b9629e1444bd85d633409135e348 3373fd2c18a2463595396efa1d7b7622 - - default default] Floating IP 08b90494-15eb-469b-9f38-5c3fabaf61e0 associated. External IP: 10.96.250.210, port: afd7a4d7-a7db-4dfc-bec6-6338bf52b12c.
2026-03-04 02:29:55.480 9 INFO neutron.api.wsgi [None req-3ceff677-1225-4a20-8f18-3e730394d13a b694b9629e1444bd85d633409135e348 3373fd2c18a2463595396efa1d7b7622 - - default default] 10.0.0.40 "PUT /v2.0/floatingips/08b90494-15eb-469b-9f38-5c3fabaf61e0 HTTP/1.1" status: 200 len: 1050 time: 0.8384638
2026-03-04 02:29:55.572 9 INFO neutron.api.wsgi [req-c50810db-a723-4b2a-b8ff-da22d69883e7 req-6af60454-44f4-41c6-81df-dd4f9f32443b b694b9629e1444bd85d633409135e348 3373fd2c18a2463595396efa1d7b7622 - - default default] 10.0.0.84 "GET /v2.0/ports?device_id=7c63aa9b-113e-45e5-885b-a27525501f04 HTTP/1.1" status: 200 len: 1174 time: 0.0512643
2026-03-04 02:29:55.615 9 INFO neutron.api.wsgi [req-c50810db-a723-4b2a-b8ff-da22d69883e7 req-7e450f88-e3fe-4999-a5c5-0459c0131675 b694b9629e1444bd85d633409135e348 3373fd2c18a2463595396efa1d7b7622 - - default default] 10.0.0.84 "GET /v2.0/security-groups?id=f802ab91-7186-423d-bdec-e9cf04a1b5cf&fields=id&fields=name HTTP/1.1" status: 200 len: 313 time: 0.0360119
2026-03-04 02:29:55.643 9 INFO neutron.db.ovn_revision_numbers_db [None req-ac6548f5-e7ee-4ee8-a296-01a44e9d839d - - - - - -] Successfully bumped revision number for resource 81936489-6be4-4866-a4bb-1601eb35ff77 (type: ports) to 1
2026-03-04 02:29:55.653 8 WARNING neutron.scheduler.dhcp_agent_scheduler [None req-fef9271d-14fe-45f1-a651-ad3ddae394d2 ae119c5d3767453f841afc16aea85ca8 d415d15cad7c4e5dae1b340cf898c857 - - default default] No more DHCP agents
2026-03-04 02:29:55.654 8 WARNING neutron.api.rpc.agentnotifiers.dhcp_rpc_agent_api [None req-fef9271d-14fe-45f1-a651-ad3ddae394d2 ae119c5d3767453f841afc16aea85ca8 d415d15cad7c4e5dae1b340cf898c857 - - default default] Unable to schedule network fb2087b0-e1e0-4230-bec5-1657b04e0097: no agents available; will retry on subsequent port and subnet creation events. /var/lib/openstack/lib/python3.12/site-packages/pycadf/identifier.py:71: UserWarning: Invalid uuid: neutron. To ensure interoperability, identifiers should be a valid uuid. warnings.warn(('Invalid uuid: %s. To ensure interoperability, '
2026-03-04 02:29:55.775 8 INFO neutron.api.wsgi [req-8269b1d1-9acb-4743-b07d-b2daba092d5d req-dccae10c-c2bf-47af-94df-7613488c63f9 e78c77361aa54838aad6086fefef51d2 4f87187883ec444e967854cfb06a9d6d - - default default] 199.204.45.122 "GET /v2.0/ports?device_id=92ed8e81-7b8e-451e-b006-08c96d4ae253 HTTP/1.1" status: 200 len: 1172 time: 0.0931563
2026-03-04 02:29:55.796 8 INFO neutron.db.ovn_revision_numbers_db [None req-fef9271d-14fe-45f1-a651-ad3ddae394d2 ae119c5d3767453f841afc16aea85ca8 d415d15cad7c4e5dae1b340cf898c857 - - default default] Successfully bumped revision number for resource e8b8dc8e-dd5b-470e-a84b-e660ffeb4605 (type: ports) to 1
2026-03-04 02:29:55.875 9 INFO neutron.db.ovn_revision_numbers_db [None req-ac6548f5-e7ee-4ee8-a296-01a44e9d839d - - - - - -] Successfully bumped revision number for resource 81936489-6be4-4866-a4bb-1601eb35ff77 (type: ports) to 4
2026-03-04 02:29:56.156 9 INFO neutron.db.ovn_revision_numbers_db [None req-ac6548f5-e7ee-4ee8-a296-01a44e9d839d - - - - - -] Successfully bumped revision number for resource 81936489-6be4-4866-a4bb-1601eb35ff77 (type: ports) to 5
2026-03-04 02:29:56.359 9 INFO neutron.api.wsgi [req-e1c29683-9661-41f4-9bec-c7ae7a13fa7b req-0fb6f994-faea-4424-a99b-6a936142ac91 e78c77361aa54838aad6086fefef51d2 4f87187883ec444e967854cfb06a9d6d - - default default] 10.0.0.84 "GET /v2.0/ports?device_id=92ed8e81-7b8e-451e-b006-08c96d4ae253 HTTP/1.1" status: 200 len: 1172 time: 0.0572007
2026-03-04 02:29:56.363 8 INFO neutron.db.l3_db [req-8269b1d1-9acb-4743-b07d-b2daba092d5d req-26d165da-c4f7-45a5-8da5-06882dca52d1 e78c77361aa54838aad6086fefef51d2 4f87187883ec444e967854cfb06a9d6d - - default default] Floating IP 6dfb88b4-dda9-4a1f-876e-8cb069228c90 disassociated. External IP: 10.96.250.213, port: ae500488-7ac5-4446-923e-0428bb40555f.
2026-03-04 02:29:56.389 9 INFO neutron.api.wsgi [req-e1c29683-9661-41f4-9bec-c7ae7a13fa7b req-2b8d16c2-23ae-46af-9ced-874f9ee11ede e78c77361aa54838aad6086fefef51d2 4f87187883ec444e967854cfb06a9d6d - - default default] 10.0.0.84 "GET /v2.0/security-groups?id=29942eef-ae04-49f8-9acf-b9c47c61e069&fields=id&fields=name HTTP/1.1" status: 200 len: 313 time: 0.0257385
2026-03-04 02:29:56.561 8 INFO neutron.api.wsgi [req-8269b1d1-9acb-4743-b07d-b2daba092d5d req-26d165da-c4f7-45a5-8da5-06882dca52d1 e78c77361aa54838aad6086fefef51d2 4f87187883ec444e967854cfb06a9d6d - - default default] 199.204.45.122 "DELETE /v2.0/ports/ae500488-7ac5-4446-923e-0428bb40555f HTTP/1.1" status: 204 len: 173 time: 0.7805424
2026-03-04 02:29:56.609 8 INFO neutron.notifiers.nova [-] Nova event matching ['req-312d5100-9d7c-410f-93fa-f70d606099ae'] response: {'server_uuid': '92ed8e81-7b8e-451e-b006-08c96d4ae253', 'name': 'network-vif-deleted', 'tag': 'ae500488-7ac5-4446-923e-0428bb40555f', 'status': 'completed', 'code': 200}
2026-03-04 02:29:56.716 8 INFO neutron.db.ovn_revision_numbers_db [None req-fef9271d-14fe-45f1-a651-ad3ddae394d2 ae119c5d3767453f841afc16aea85ca8 d415d15cad7c4e5dae1b340cf898c857 - - default default] Successfully bumped revision number for resource e8b8dc8e-dd5b-470e-a84b-e660ffeb4605 (type: ports) to 1
2026-03-04 02:29:56.762 8 WARNING neutron.scheduler.dhcp_agent_scheduler [None req-fef9271d-14fe-45f1-a651-ad3ddae394d2 ae119c5d3767453f841afc16aea85ca8 d415d15cad7c4e5dae1b340cf898c857 - - default default] No more DHCP agents
2026-03-04 02:29:56.763 8 WARNING neutron.api.rpc.agentnotifiers.dhcp_rpc_agent_api [None req-fef9271d-14fe-45f1-a651-ad3ddae394d2 ae119c5d3767453f841afc16aea85ca8 d415d15cad7c4e5dae1b340cf898c857 - - default default] Unable to schedule network fb2087b0-e1e0-4230-bec5-1657b04e0097: no agents available; will retry on subsequent port and subnet creation events.
2026-03-04 02:29:56.869 9 INFO neutron.notifiers.nova [-] Nova event matching ['req-31d3f12c-ae65-4c9e-9e19-37df1d8b010e'] response: {'server_uuid': '92ed8e81-7b8e-451e-b006-08c96d4ae253', 'name': 'network-vif-unplugged', 'status': 'completed', 'tag': 'ae500488-7ac5-4446-923e-0428bb40555f', 'code': 200}
2026-03-04 02:29:56.870 9 INFO neutron.notifiers.nova [-] Nova event matching ['req-31d3f12c-ae65-4c9e-9e19-37df1d8b010e'] response: {'name': 'network-changed', 'server_uuid': '7c63aa9b-113e-45e5-885b-a27525501f04', 'tag': 'afd7a4d7-a7db-4dfc-bec6-6338bf52b12c', 'status': 'completed', 'code': 200} /var/lib/openstack/lib/python3.12/site-packages/pycadf/identifier.py:71: UserWarning: Invalid uuid: neutron. To ensure interoperability, identifiers should be a valid uuid. warnings.warn(('Invalid uuid: %s. To ensure interoperability, '
2026-03-04 02:29:57.424 8 INFO neutron.api.wsgi [req-49d32fd5-2136-4747-9346-b2c34c10883e req-c87f26d9-334c-46df-9aff-da758b0e8927 2967cf0343a74bbbaed3c2e15e1704a4 c32371e678144ec3aed8ee604137877a - - 0832263700184f97aff006fb9cce7bff 0832263700184f97aff006fb9cce7bff] 199.204.45.122 "GET /v2.0/ports?tenant_id=3373fd2c18a2463595396efa1d7b7622&device_id=7c63aa9b-113e-45e5-885b-a27525501f04 HTTP/1.1" status: 200 len: 1413 time: 0.0404580
2026-03-04 02:29:57.425 8 INFO neutron.db.ovn_revision_numbers_db [None req-fef9271d-14fe-45f1-a651-ad3ddae394d2 ae119c5d3767453f841afc16aea85ca8 d415d15cad7c4e5dae1b340cf898c857 - - default default] Successfully bumped revision number for resource e8b8dc8e-dd5b-470e-a84b-e660ffeb4605 (type: router_ports) to 1
2026-03-04 02:29:57.430 8 INFO neutron.api.wsgi [None req-fef9271d-14fe-45f1-a651-ad3ddae394d2 ae119c5d3767453f841afc16aea85ca8 d415d15cad7c4e5dae1b340cf898c857 - - default default] 10.0.0.40 "PUT /v2.0/routers/cef4e9ec-7364-442a-a5e2-ed931c367952/add_router_interface HTTP/1.1" status: 200 len: 503 time: 2.2207007
2026-03-04 02:29:57.478 9 INFO neutron.api.wsgi [req-9ebc161f-78b4-4177-9f74-be562096dd94 req-09e6ca84-070a-46b3-9089-e272d3ff9e51 e78c77361aa54838aad6086fefef51d2 4f87187883ec444e967854cfb06a9d6d - - default default] 10.0.0.84 "GET /v2.0/ports?device_id=92ed8e81-7b8e-451e-b006-08c96d4ae253 HTTP/1.1" status: 200 len: 210 time: 0.0237958
2026-03-04 02:29:57.480 8 INFO neutron.api.wsgi [req-49d32fd5-2136-4747-9346-b2c34c10883e req-2fb5e4c2-28da-4385-80e4-75f98eea03b9 2967cf0343a74bbbaed3c2e15e1704a4 c32371e678144ec3aed8ee604137877a - - 0832263700184f97aff006fb9cce7bff 0832263700184f97aff006fb9cce7bff] 199.204.45.122 "GET /v2.0/networks?id=4739cf7b-e4c5-42d5-a169-adadeef66a0a HTTP/1.1" status: 200 len: 982 time: 0.0479321
2026-03-04 02:29:57.512 8 INFO neutron.api.wsgi [req-49d32fd5-2136-4747-9346-b2c34c10883e req-3daf23f5-54e2-4b5c-b8f4-e6df87effc63 2967cf0343a74bbbaed3c2e15e1704a4 c32371e678144ec3aed8ee604137877a - - 0832263700184f97aff006fb9cce7bff 0832263700184f97aff006fb9cce7bff] 199.204.45.122 "GET /v2.0/floatingips?fixed_ip_address=10.100.0.14&port_id=afd7a4d7-a7db-4dfc-bec6-6338bf52b12c HTTP/1.1" status: 200 len: 1060 time: 0.0285294
2026-03-04 02:29:57.538 8 INFO neutron.api.wsgi [req-49d32fd5-2136-4747-9346-b2c34c10883e req-a41de36f-762f-4494-af43-4872528deb3b 2967cf0343a74bbbaed3c2e15e1704a4 c32371e678144ec3aed8ee604137877a - - 0832263700184f97aff006fb9cce7bff 0832263700184f97aff006fb9cce7bff] 199.204.45.122 "GET /v2.0/subnets?id=ddb8de3e-5ff6-4dfe-b218-b19b0e09e526 HTTP/1.1" status: 200 len: 901 time: 0.0201390
2026-03-04 02:29:57.560 8 INFO neutron.api.wsgi [req-49d32fd5-2136-4747-9346-b2c34c10883e req-ce17fb00-51c8-44f7-8147-2438226b39e2 2967cf0343a74bbbaed3c2e15e1704a4 c32371e678144ec3aed8ee604137877a - - 0832263700184f97aff006fb9cce7bff 0832263700184f97aff006fb9cce7bff] 199.204.45.122 "GET /v2.0/ports?network_id=4739cf7b-e4c5-42d5-a169-adadeef66a0a&device_owner=network%3Adhcp HTTP/1.1" status: 200 len: 210 time: 0.0153267
2026-03-04 02:29:57.601 8 INFO neutron.api.wsgi [req-49d32fd5-2136-4747-9346-b2c34c10883e req-20ac02eb-dedc-4690-ad87-7fe30bf624c3 2967cf0343a74bbbaed3c2e15e1704a4 c32371e678144ec3aed8ee604137877a - - 0832263700184f97aff006fb9cce7bff 0832263700184f97aff006fb9cce7bff] 199.204.45.122 "GET /v2.0/networks/4739cf7b-e4c5-42d5-a169-adadeef66a0a?fields=segments HTTP/1.1" status: 200 len: 212 time: 0.0332990
2026-03-04 02:29:57.643 8 INFO neutron.api.wsgi [req-49d32fd5-2136-4747-9346-b2c34c10883e req-7bdb4918-ebec-4be8-9133-c562604ae7d5 2967cf0343a74bbbaed3c2e15e1704a4 c32371e678144ec3aed8ee604137877a - - 0832263700184f97aff006fb9cce7bff 0832263700184f97aff006fb9cce7bff] 199.204.45.122 "GET /v2.0/networks/4739cf7b-e4c5-42d5-a169-adadeef66a0a?fields=provider%3Aphysical_network&fields=provider%3Anetwork_type HTTP/1.1" status: 200 len: 277 time: 0.0350771
2026-03-04 02:29:57.940 8 WARNING neutron_lib.context [None req-9f9ecf22-2333-4bbe-9c48-4f10877190f2 025272a8333f4fe18d9f9a044294c742 eb644918f4014d2792720bed4cd20f95 - - default default] Method 'is_advsvc' is deprecated since 2023.2 release (neutron-lib 3.8.0) and will be removed once support for the old RBAC API policies will be removed from Neutron. Please use method 'is_service_role' instead.
2026-03-04 02:29:58.042 8 INFO neutron.db.ovn_revision_numbers_db [None req-9f9ecf22-2333-4bbe-9c48-4f10877190f2 025272a8333f4fe18d9f9a044294c742 eb644918f4014d2792720bed4cd20f95 - - default default] Successfully bumped revision number for resource f911eb5b-23e9-4fcc-b8b8-f00b0bf7c3c2 (type: security_groups) to 1
2026-03-04 02:29:58.055 8 INFO neutron.db.ovn_revision_numbers_db [None req-9f9ecf22-2333-4bbe-9c48-4f10877190f2 025272a8333f4fe18d9f9a044294c742 eb644918f4014d2792720bed4cd20f95 - - default default] Successfully bumped revision number for resource 64d83395-2977-4027-987a-6fff066a1916 (type: security_group_rules) to 0
2026-03-04 02:29:58.067 8 INFO neutron.db.ovn_revision_numbers_db [None req-9f9ecf22-2333-4bbe-9c48-4f10877190f2 025272a8333f4fe18d9f9a044294c742 eb644918f4014d2792720bed4cd20f95 - - default default] Successfully bumped revision number for resource ec05ab38-b2f0-434f-91cf-b0b68d9bbf06 (type: security_group_rules) to 0
2026-03-04 02:29:58.099 8 INFO neutron.api.wsgi [None req-9f9ecf22-2333-4bbe-9c48-4f10877190f2 025272a8333f4fe18d9f9a044294c742 eb644918f4014d2792720bed4cd20f95 - - default default] 10.0.0.40 "POST /v2.0/security-groups HTTP/1.1" status: 201 len: 1860 time: 0.1648374
2026-03-04 02:29:58.108 8 WARNING neutron_lib.context [None req-002befc1-d0e7-46cd-b4b9-2724485ccbe3 025272a8333f4fe18d9f9a044294c742 eb644918f4014d2792720bed4cd20f95 - - default default] Method 'is_advsvc' is deprecated since 2023.2 release (neutron-lib 3.8.0) and will be removed once support for the old RBAC API policies will be removed from Neutron. Please use method 'is_service_role' instead.
2026-03-04 02:29:58.143 9 INFO neutron.plugins.ml2.drivers.ovn.mech_driver.mech_driver [None req-3e63f561-29fb-4453-a887-4442e7b9cba8 - - - - - -] OVN reports status up for port: e8b8dc8e-dd5b-470e-a84b-e660ffeb4605
2026-03-04 02:29:58.149 9 INFO neutron.plugins.ml2.plugin [None req-3e63f561-29fb-4453-a887-4442e7b9cba8 - - - - - -] Attempt 1 to provision port e8b8dc8e-dd5b-470e-a84b-e660ffeb4605
2026-03-04 02:29:58.214 8 INFO neutron.db.ovn_revision_numbers_db [None req-002befc1-d0e7-46cd-b4b9-2724485ccbe3 025272a8333f4fe18d9f9a044294c742 eb644918f4014d2792720bed4cd20f95 - - default default] Successfully bumped revision number for resource 79695f9e-8fe0-4f7b-b432-46a5a98c427b (type: security_group_rules) to 0
2026-03-04 02:29:58.238 8 INFO neutron.api.wsgi [None req-002befc1-d0e7-46cd-b4b9-2724485ccbe3 025272a8333f4fe18d9f9a044294c742 eb644918f4014d2792720bed4cd20f95 - - default default] 10.0.0.40 "POST /v2.0/security-group-rules HTTP/1.1" status: 201 len: 796 time: 0.1341324
2026-03-04 02:29:58.248 8 WARNING neutron_lib.context [None req-c4acdd19-983c-42fd-a56d-4dc2f559586b 025272a8333f4fe18d9f9a044294c742 eb644918f4014d2792720bed4cd20f95 - - default default] Method 'is_advsvc' is deprecated since 2023.2 release (neutron-lib 3.8.0) and will be removed once support for the old RBAC API policies will be removed from Neutron. Please use method 'is_service_role' instead.
2026-03-04 02:29:58.351 8 INFO neutron.db.ovn_revision_numbers_db [None req-c4acdd19-983c-42fd-a56d-4dc2f559586b 025272a8333f4fe18d9f9a044294c742 eb644918f4014d2792720bed4cd20f95 - - default default] Successfully bumped revision number for resource 8b4d7400-76d2-4563-bb87-b9e55e58ebb8 (type: security_group_rules) to 0
2026-03-04 02:29:58.380 8 INFO neutron.api.wsgi [None req-c4acdd19-983c-42fd-a56d-4dc2f559586b 025272a8333f4fe18d9f9a044294c742 eb644918f4014d2792720bed4cd20f95 - - default default] 10.0.0.40 "POST /v2.0/security-group-rules HTTP/1.1" status: 201 len: 801 time: 0.1362417
2026-03-04 02:29:58.398 8 WARNING neutron_lib.context [None req-eb800a06-c163-45fe-b41a-05699afc55d6 025272a8333f4fe18d9f9a044294c742 eb644918f4014d2792720bed4cd20f95 - - default default] Method 'is_advsvc' is deprecated since 2023.2 release (neutron-lib 3.8.0) and will be removed once support for the old RBAC API policies will be removed from Neutron. Please use method 'is_service_role' instead.
2026-03-04 02:29:58.507 9 INFO neutron.db.ovn_revision_numbers_db [None req-3e63f561-29fb-4453-a887-4442e7b9cba8 - - - - - -] Successfully bumped revision number for resource e8b8dc8e-dd5b-470e-a84b-e660ffeb4605 (type: ports) to 2
2026-03-04 02:29:58.560 9 INFO neutron.api.wsgi [req-a3027edc-6f17-42d7-a4d4-ab3dfdd3bd2b req-cada536c-8c69-4df8-8d91-f7ebf0a41c17 e78c77361aa54838aad6086fefef51d2 4f87187883ec444e967854cfb06a9d6d - - default default] 10.0.0.84 "GET /v2.0/ports?device_id=92ed8e81-7b8e-451e-b006-08c96d4ae253 HTTP/1.1" status: 200 len: 210 time: 0.0194445
2026-03-04 02:29:58.612 8 INFO neutron.api.wsgi [None req-c0732e6f-d2c7-4702-84ab-54971d442e02 ae119c5d3767453f841afc16aea85ca8 d415d15cad7c4e5dae1b340cf898c857 - - default default] 10.0.0.88 "GET /v2.0/floatingips HTTP/1.1" status: 200 len: 2418 time: 0.1731493
2026-03-04 02:29:58.659 8 WARNING neutron.scheduler.dhcp_agent_scheduler [None req-eb800a06-c163-45fe-b41a-05699afc55d6 025272a8333f4fe18d9f9a044294c742 eb644918f4014d2792720bed4cd20f95 - - default default] No more DHCP agents
2026-03-04 02:29:58.661 8 WARNING neutron.api.rpc.agentnotifiers.dhcp_rpc_agent_api [None req-eb800a06-c163-45fe-b41a-05699afc55d6 025272a8333f4fe18d9f9a044294c742 eb644918f4014d2792720bed4cd20f95 - - default default] Unable to schedule network 9c30c68c-68f4-45f5-9b2c-8d6fb79c4d19: no agents available; will retry on subsequent port and subnet creation events.
2026-03-04 02:29:58.671 8 INFO neutron.api.wsgi [None req-b2b28223-8da3-4b53-9267-901c1d9d2edc ae119c5d3767453f841afc16aea85ca8 d415d15cad7c4e5dae1b340cf898c857 - - default default] 10.0.0.88 "GET /v2.0/networks HTTP/1.1" status: 200 len: 5400 time: 0.0580673
2026-03-04 02:29:58.693 8 INFO neutron.api.wsgi [None req-1446babc-3584-44c7-a07f-db2725e21822 ae119c5d3767453f841afc16aea85ca8 d415d15cad7c4e5dae1b340cf898c857 - - default default] 10.0.0.88 "GET /v2.0/agents HTTP/1.1" status: 200 len: 1390 time: 0.0165024
2026-03-04 02:29:58.751 8 INFO neutron.api.wsgi [None req-eeb00232-8fc1-43d5-b11d-52621c4b66b8 ae119c5d3767453f841afc16aea85ca8 d415d15cad7c4e5dae1b340cf898c857 - - default default] 10.0.0.88 "GET /v2.0/security-groups HTTP/1.1" status: 200 len: 40635 time: 0.0550442
2026-03-04 02:29:58.835 8 INFO neutron.api.wsgi [None req-57539f64-53c7-4964-bf49-9650e77a7ff1 ae119c5d3767453f841afc16aea85ca8 d415d15cad7c4e5dae1b340cf898c857 - - default default] 10.0.0.88 "GET /v2.0/ports HTTP/1.1" status: 200 len: 24591 time: 0.0735288
2026-03-04 02:29:58.932 8 INFO neutron.api.wsgi [None req-5cc0b1bd-cfc3-4b93-aa09-994d31c86fd9 ae119c5d3767453f841afc16aea85ca8 d415d15cad7c4e5dae1b340cf898c857 - - default default] 10.0.0.88 "GET /v2.0/routers HTTP/1.1" status: 200 len: 4055 time: 0.0824125
2026-03-04 02:29:58.945 8 INFO neutron.api.wsgi [None req-13df07e7-28e1-48da-9740-8172a793a0a1 ae119c5d3767453f841afc16aea85ca8 d415d15cad7c4e5dae1b340cf898c857 - - default default] 10.0.0.88 "GET /v2.0/agents?binary=ovn-controller HTTP/1.1" status: 200 len: 591 time: 0.0113876
2026-03-04 02:29:58.975 8 INFO neutron.api.wsgi [None req-3f4dd19a-9e97-4a7b-9bb9-81a9eca64fb8 ae119c5d3767453f841afc16aea85ca8 d415d15cad7c4e5dae1b340cf898c857 - - default default] 10.0.0.88 "GET /v2.0/subnets HTTP/1.1" status: 200 len: 4214 time: 0.0289931
2026-03-04 02:29:59.008 8 INFO neutron.api.wsgi [None req-0d534aa8-4984-4f8b-9545-f3d21d968ea5 ae119c5d3767453f841afc16aea85ca8 d415d15cad7c4e5dae1b340cf898c857 - - default default] 10.0.0.88 "GET /v2.0/subnets HTTP/1.1" status: 200 len: 4214 time: 0.0313165
2026-03-04 02:29:59.021 8 INFO neutron.api.wsgi [None req-c39e3fcd-7be9-45ae-bcee-596336004bad ae119c5d3767453f841afc16aea85ca8 d415d15cad7c4e5dae1b340cf898c857 - - default default] 10.0.0.88 "GET /v2.0/subnetpools HTTP/1.1" status: 200 len: 193 time: 0.0084922
2026-03-04 02:29:59.034 8 INFO neutron.api.wsgi [None req-16ef4bab-5448-46c5-801c-0e8bea2c1b59 ae119c5d3767453f841afc16aea85ca8 d415d15cad7c4e5dae1b340cf898c857 - - default default] 10.0.0.88 "GET /v2.0/network-ip-availabilities HTTP/1.1" status: 200 len: 3204 time: 0.0117347
2026-03-04 02:29:59.076 8 INFO neutron.api.wsgi [None req-eb800a06-c163-45fe-b41a-05699afc55d6 025272a8333f4fe18d9f9a044294c742 eb644918f4014d2792720bed4cd20f95 - - default default] 10.0.0.40 "POST /v2.0/floatingips HTTP/1.1" status: 201 len: 751 time: 0.6837702
2026-03-04 02:29:59.119 9 INFO neutron.api.wsgi [req-034f383c-c17d-4561-a561-2ad1a57466c7 req-addbf541-1bf0-4b2e-bea6-02ce848a7f03 ae119c5d3767453f841afc16aea85ca8 d415d15cad7c4e5dae1b340cf898c857 - - default default] 10.0.0.84 "GET /v2.0/ports?device_id=1478cbf5-c4cf-40ed-add4-11051cdb1cb6&device_id=7c63aa9b-113e-45e5-885b-a27525501f04&device_id=92ed8e81-7b8e-451e-b006-08c96d4ae253 HTTP/1.1" status: 200 len: 2611 time: 0.0485661
2026-03-04 02:29:59.160 9 INFO neutron.api.wsgi [req-034f383c-c17d-4561-a561-2ad1a57466c7 req-9c3b9dc0-f3a7-41cc-a518-f053fb062316 ae119c5d3767453f841afc16aea85ca8 d415d15cad7c4e5dae1b340cf898c857 - - default default] 10.0.0.84 "GET /v2.0/security-groups?id=ca271f3f-cbf1-489d-a4bf-71ea27108f78&id=f802ab91-7186-423d-bdec-e9cf04a1b5cf&fields=id&fields=name HTTP/1.1" status: 200 len: 405 time: 0.0347273
2026-03-04 02:29:59.641 9 INFO neutron.api.wsgi [req-cd26facb-0486-4d0e-9b79-908a42cd2a35 req-eca7c7d3-eca2-4f6c-a921-459d2fdb25d5 e78c77361aa54838aad6086fefef51d2 4f87187883ec444e967854cfb06a9d6d - - default default] 10.0.0.84 "GET /v2.0/ports?device_id=92ed8e81-7b8e-451e-b006-08c96d4ae253 HTTP/1.1" status: 200 len: 210 time: 0.0129237
2026-03-04 02:30:00.095 8 INFO neutron.api.wsgi [-] 10.0.0.138 "GET / HTTP/1.1" status: 200 len: 246 time: 0.0013511
2026-03-04 02:30:00.097 9 INFO neutron.api.wsgi [-] 10.0.0.138 "GET / HTTP/1.1" status: 200 len: 246 time: 0.0027661
2026-03-04 02:30:00.842 9 INFO neutron.api.wsgi [None req-3f1d2950-8730-4be4-a5ad-43c47d599224 e78c77361aa54838aad6086fefef51d2 4f87187883ec444e967854cfb06a9d6d - - default default] 10.0.0.40 "DELETE /v2.0/security-groups/29942eef-ae04-49f8-9acf-b9c47c61e069 HTTP/1.1" status: 204 len: 168 time: 0.1242728
2026-03-04 02:30:00.856 9 INFO neutron.api.v2.resource [None req-f697d6d4-a1ea-4a2d-b3c0-a69fbc8ae878 e78c77361aa54838aad6086fefef51d2 4f87187883ec444e967854cfb06a9d6d - - default default] show failed (client error): The resource could not be found.
2026-03-04 02:30:00.857 9 INFO neutron.api.wsgi [None req-f697d6d4-a1ea-4a2d-b3c0-a69fbc8ae878 e78c77361aa54838aad6086fefef51d2 4f87187883ec444e967854cfb06a9d6d - - default default] 10.0.0.40 "GET /v2.0/security-groups/29942eef-ae04-49f8-9acf-b9c47c61e069 HTTP/1.1" status: 404 len: 347 time: 0.0090001
2026-03-04 02:30:01.164 9 INFO neutron.api.wsgi [None req-1124e32f-84c4-45c5-8c3a-188630fa8d74 e78c77361aa54838aad6086fefef51d2 4f87187883ec444e967854cfb06a9d6d - - default default] 10.0.0.40 "DELETE /v2.0/floatingips/6dfb88b4-dda9-4a1f-876e-8cb069228c90 HTTP/1.1" status: 204 len: 168 time: 0.3021646
2026-03-04 02:30:01.802 8 INFO neutron.api.wsgi [req-3bcb726a-03fa-4709-a8fc-1dcfd2bac5b4 req-b40ba753-8dec-4db7-adab-403e792c1466 2967cf0343a74bbbaed3c2e15e1704a4 c32371e678144ec3aed8ee604137877a - - 0832263700184f97aff006fb9cce7bff 0832263700184f97aff006fb9cce7bff] 10.0.0.118 "GET /v2.0/ports?device_id=1478cbf5-c4cf-40ed-add4-11051cdb1cb6 HTTP/1.1" status: 200 len: 1409 time: 0.1127188
2026-03-04 02:30:01.841 8 INFO neutron.api.wsgi [req-3bcb726a-03fa-4709-a8fc-1dcfd2bac5b4 req-7051bbd3-9f6a-4857-b79d-5307a39cac2e 2967cf0343a74bbbaed3c2e15e1704a4 c32371e678144ec3aed8ee604137877a - - 0832263700184f97aff006fb9cce7bff 0832263700184f97aff006fb9cce7bff] 10.0.0.118 "GET /v2.0/security-groups?id=ca271f3f-cbf1-489d-a4bf-71ea27108f78&fields=id&fields=name HTTP/1.1" status: 200 len: 312 time: 0.0327063
2026-03-04 02:30:02.444 9 INFO neutron.api.wsgi [None req-fec71ccd-072c-4bf6-b0ec-a4f4aaf37ef6 ae119c5d3767453f841afc16aea85ca8 d415d15cad7c4e5dae1b340cf898c857 - - default default] 10.0.0.40 "PUT /v2.0/routers/b6a3b501-fdb6-4258-910d-38b6daf0550b/remove_router_interface HTTP/1.1" status: 200 len: 503 time: 1.2721269 /var/lib/openstack/lib/python3.12/site-packages/pycadf/identifier.py:71: UserWarning: Invalid uuid: neutron. To ensure interoperability, identifiers should be a valid uuid. warnings.warn(('Invalid uuid: %s. To ensure interoperability, '
2026-03-04 02:30:03.049 9 INFO neutron.api.wsgi [None req-d0c4689f-a263-42be-9dcb-47b7e6ab30dd ae119c5d3767453f841afc16aea85ca8 d415d15cad7c4e5dae1b340cf898c857 - - default default] 10.0.0.40 "DELETE /v2.0/routers/b6a3b501-fdb6-4258-910d-38b6daf0550b HTTP/1.1" status: 204 len: 168 time: 0.5985217
2026-03-04 02:30:03.217 9 INFO neutron.api.wsgi [None req-9beebfc4-eaca-45fc-b4da-8891d85b5b2d ae119c5d3767453f841afc16aea85ca8 d415d15cad7c4e5dae1b340cf898c857 - - default default] 10.0.0.40 "DELETE /v2.0/subnets/25f958b1-33e0-48c4-ac85-a0550de1aeea HTTP/1.1" status: 204 len: 168 time: 0.1644549
2026-03-04 02:30:03.534 9 INFO neutron.services.segments.plugin [-] Segment 5c62bdc8-a8a7-4513-a7de-d70ad9a7ccd5 resource provider aggregate not found
2026-03-04 02:30:03.538 9 INFO neutron.services.segments.plugin [-] Segment 5c62bdc8-a8a7-4513-a7de-d70ad9a7ccd5 resource provider aggregate not found
2026-03-04 02:30:03.555 9 INFO neutron.services.segments.plugin [-] Segment 5c62bdc8-a8a7-4513-a7de-d70ad9a7ccd5 resource provider not found; error: Placement Client Error (4xx): {"errors": [{"status": 404, "title": "Not Found", "detail": "The resource could not be found.\n\n No resource provider with uuid 5c62bdc8-a8a7-4513-a7de-d70ad9a7ccd5 found for delete ", "request_id": "req-77bf60ec-382a-4d29-8994-ec48d0a6c5c1"}]}
2026-03-04 02:30:03.560 9 INFO neutron.services.segments.plugin [-] Segment 5c62bdc8-a8a7-4513-a7de-d70ad9a7ccd5 resource provider not found; error: Placement Client Error (4xx): {"errors": [{"status": 404, "title": "Not Found", "detail": "The resource could not be found.\n\n No resource provider with uuid 5c62bdc8-a8a7-4513-a7de-d70ad9a7ccd5 found for delete ", "request_id": "req-6bbb901b-bde1-43b2-a7d8-51bd05e2b43d"}]}
2026-03-04 02:30:03.574 9 INFO neutron.api.wsgi [None req-c29eedaf-6d02-46fe-8635-952007aa41b0 ae119c5d3767453f841afc16aea85ca8 d415d15cad7c4e5dae1b340cf898c857 - - default default] 10.0.0.40 "DELETE /v2.0/networks/5995c4a3-4f63-419e-8a63-5bfd4abfe950 HTTP/1.1" status: 204 len: 168 time: 0.3516321
2026-03-04 02:30:03.581 9 WARNING neutron.plugins.ml2.drivers.ovn.mech_driver.ovsdb.ovn_client [None req-88240d48-d3a9-477d-a946-4e35d7815777 - - - - - -] No hosting information found for port e8b8dc8e-dd5b-470e-a84b-e660ffeb4605: RuntimeError: No hosting information found for port e8b8dc8e-dd5b-470e-a84b-e660ffeb4605
2026-03-04 02:30:03.611 9 INFO neutron.api.wsgi [req-98eabe13-74b9-45a0-a736-55fc01e7e5f7 req-c3e8c034-5874-4355-b7b0-43dd6e97dedc 025272a8333f4fe18d9f9a044294c742 eb644918f4014d2792720bed4cd20f95 - - default default] 10.0.0.84 "GET /v2.0/security-groups?name=tempest-securitygroup--827647533&fields=id&tenant_id=eb644918f4014d2792720bed4cd20f95 HTTP/1.1" status: 200 len: 267 time: 0.0351796
2026-03-04 02:30:03.663 9 INFO neutron.db.ovn_revision_numbers_db [None req-88240d48-d3a9-477d-a946-4e35d7815777 - - - - - -] Successfully bumped revision number for resource e8b8dc8e-dd5b-470e-a84b-e660ffeb4605 (type: router_ports) to 2
2026-03-04 02:30:03.674 9 INFO neutron.api.wsgi [req-98eabe13-74b9-45a0-a736-55fc01e7e5f7 req-f43bb4c6-8218-4a45-856e-75588c0c604a 025272a8333f4fe18d9f9a044294c742 eb644918f4014d2792720bed4cd20f95 - - default default] 10.0.0.84 "GET /v2.0/networks?id=fb2087b0-e1e0-4230-bec5-1657b04e0097 HTTP/1.1" status: 200 len: 879 time: 0.0519352
2026-03-04 02:30:03.688 9 INFO neutron.api.wsgi [req-98eabe13-74b9-45a0-a736-55fc01e7e5f7 req-6295d60c-3930-4311-b894-35614acaf9a4 025272a8333f4fe18d9f9a044294c742 eb644918f4014d2792720bed4cd20f95 - - default default] 10.0.0.84 "GET /v2.0/quotas/eb644918f4014d2792720bed4cd20f95 HTTP/1.1" status: 200 len: 491 time: 0.0098040
2026-03-04 02:30:03.707 8 INFO neutron.api.wsgi [None req-535171be-9939-4b21-bde7-73008e7212de ae119c5d3767453f841afc16aea85ca8 d415d15cad7c4e5dae1b340cf898c857 - - default default] 10.0.0.40 "GET /v2.0/security-groups?tenant_id=4f87187883ec444e967854cfb06a9d6d&name=default HTTP/1.1" status: 200 len: 3116 time: 0.0324495
2026-03-04 02:30:03.762 9 INFO neutron.api.wsgi [req-98eabe13-74b9-45a0-a736-55fc01e7e5f7 req-9caff73a-1213-440d-b7e4-68e5e19cd9eb 025272a8333f4fe18d9f9a044294c742 eb644918f4014d2792720bed4cd20f95 - - default default] 10.0.0.84 "GET /v2.0/ports?tenant_id=eb644918f4014d2792720bed4cd20f95&fields=id HTTP/1.1" status: 200 len: 302 time: 0.0679765
2026-03-04 02:30:03.811 9 INFO neutron.api.wsgi [req-98eabe13-74b9-45a0-a736-55fc01e7e5f7 req-07e2caf3-15b9-42bb-ae4a-325bc4029fd5 2967cf0343a74bbbaed3c2e15e1704a4 c32371e678144ec3aed8ee604137877a - - 0832263700184f97aff006fb9cce7bff 0832263700184f97aff006fb9cce7bff] 10.0.0.84 "GET /v2.0/networks/fb2087b0-e1e0-4230-bec5-1657b04e0097?fields=segments HTTP/1.1" status: 200 len: 212 time: 0.0386410
2026-03-04 02:30:03.857 9 INFO neutron.api.wsgi [req-98eabe13-74b9-45a0-a736-55fc01e7e5f7 req-58267dfe-3948-4d28-82f7-e58df9f5a66f 2967cf0343a74bbbaed3c2e15e1704a4 c32371e678144ec3aed8ee604137877a - - 0832263700184f97aff006fb9cce7bff 0832263700184f97aff006fb9cce7bff] 10.0.0.84 "GET /v2.0/networks/fb2087b0-e1e0-4230-bec5-1657b04e0097?fields=provider%3Aphysical_network&fields=provider%3Anetwork_type HTTP/1.1" status: 200 len: 277 time: 0.0383880
2026-03-04 02:30:03.909 8 INFO neutron.api.wsgi [None req-e5ddbabf-e150-466f-8518-9e59710cef82 ae119c5d3767453f841afc16aea85ca8 d415d15cad7c4e5dae1b340cf898c857 - - default default] 10.0.0.40 "DELETE /v2.0/security-groups/3a9eab30-7dbb-4d6f-b092-ec6dc4ae6f15 HTTP/1.1" status: 204 len: 168 time: 0.1976073
2026-03-04 02:30:04.291 9 INFO neutron.api.wsgi [req-ee04dfa6-bfce-41a0-8b0d-255e9253df0a req-a790fa3d-115a-4223-ba9a-1731be60b4be 025272a8333f4fe18d9f9a044294c742 eb644918f4014d2792720bed4cd20f95 - - default default] 10.0.0.84 "GET /v2.0/ports?device_id=f6b01dd5-592e-4cc9-896e-0770df903456 HTTP/1.1" status: 200 len: 210 time: 0.0213397
2026-03-04 02:30:04.978 8 INFO neutron.api.wsgi [req-4a2e93ca-b2c8-4748-996f-4ed57337bcbd req-09bd8231-0e8a-4232-8c8c-e9b214ce63ce 2967cf0343a74bbbaed3c2e15e1704a4 c32371e678144ec3aed8ee604137877a - - 0832263700184f97aff006fb9cce7bff 0832263700184f97aff006fb9cce7bff] 10.0.0.118 "GET /v2.0/ports?device_id=7c63aa9b-113e-45e5-885b-a27525501f04 HTTP/1.1" status: 200 len: 1413 time: 0.0305111
2026-03-04 02:30:05.013 8 INFO neutron.api.wsgi [req-4a2e93ca-b2c8-4748-996f-4ed57337bcbd req-80bb286a-b3ad-4e94-b378-7c454a2bb21e 2967cf0343a74bbbaed3c2e15e1704a4 c32371e678144ec3aed8ee604137877a - - 0832263700184f97aff006fb9cce7bff 0832263700184f97aff006fb9cce7bff] 10.0.0.118 "GET /v2.0/security-groups?id=f802ab91-7186-423d-bdec-e9cf04a1b5cf&fields=id&fields=name HTTP/1.1" status: 200 len: 313 time: 0.0292630
2026-03-04 02:30:05.360 9 INFO neutron.api.wsgi [req-ed812e54-db3f-40cd-83ce-2b1a94412452 req-d6c8f182-d515-4dd8-8643-a7b9ffeccab5 025272a8333f4fe18d9f9a044294c742 eb644918f4014d2792720bed4cd20f95 - - default default] 10.0.0.84 "GET /v2.0/ports?device_id=f6b01dd5-592e-4cc9-896e-0770df903456 HTTP/1.1" status: 200 len: 210 time: 0.0168645
2026-03-04 02:30:05.989 9 INFO neutron.db.ovn_revision_numbers_db [None req-580d0e17-9ceb-4d3e-9908-0a30448617a4 ae119c5d3767453f841afc16aea85ca8 d415d15cad7c4e5dae1b340cf898c857 - - default default] Successfully bumped revision number for resource 3cc0ba79-096b-418f-9d49-b693beb96d01 (type: security_groups) to 1
2026-03-04 02:30:06.002 9 INFO neutron.db.ovn_revision_numbers_db [None req-580d0e17-9ceb-4d3e-9908-0a30448617a4 ae119c5d3767453f841afc16aea85ca8 d415d15cad7c4e5dae1b340cf898c857 - - default default] Successfully bumped revision number for resource 4cd01eb1-80f9-4427-a04b-643dc0c8351c (type: security_group_rules) to 0
2026-03-04 02:30:06.017 9 INFO neutron.db.ovn_revision_numbers_db [None req-580d0e17-9ceb-4d3e-9908-0a30448617a4 ae119c5d3767453f841afc16aea85ca8 d415d15cad7c4e5dae1b340cf898c857 - - default default] Successfully bumped revision number for resource a3cc84a8-b255-4afd-94b9-9702309cec21 (type: security_group_rules) to 0
2026-03-04 02:30:06.038 9 INFO neutron.db.ovn_revision_numbers_db [None req-580d0e17-9ceb-4d3e-9908-0a30448617a4 ae119c5d3767453f841afc16aea85ca8 d415d15cad7c4e5dae1b340cf898c857 - - default default] Successfully bumped revision number for resource cc95c418-e4c8-4c7a-8cf2-bd9ead6b76f6 (type: security_group_rules) to 0
2026-03-04 02:30:06.062 9 INFO neutron.db.ovn_revision_numbers_db [None req-580d0e17-9ceb-4d3e-9908-0a30448617a4 ae119c5d3767453f841afc16aea85ca8 d415d15cad7c4e5dae1b340cf898c857 - - default default] Successfully bumped revision number for resource f825e3a5-45a2-4426-9681-2cf1e14d02a6 (type: security_group_rules) to 0
2026-03-04 02:30:06.144 9 INFO neutron.db.segments_db [None req-580d0e17-9ceb-4d3e-9908-0a30448617a4 ae119c5d3767453f841afc16aea85ca8 d415d15cad7c4e5dae1b340cf898c857 - - default default] Added segment 2818fca8-fb3f-4ef5-ba6b-e6eb3bfbd39a of type geneve for network ee16576c-1a7f-4059-a60c-78abf441773c
2026-03-04 02:30:06.248 9 INFO neutron.db.ovn_revision_numbers_db [None req-580d0e17-9ceb-4d3e-9908-0a30448617a4 ae119c5d3767453f841afc16aea85ca8 d415d15cad7c4e5dae1b340cf898c857 - - default default] Successfully bumped revision number for resource ee16576c-1a7f-4059-a60c-78abf441773c (type: networks) to 1
2026-03-04 02:30:06.390 9 WARNING neutron.scheduler.dhcp_agent_scheduler [None req-580d0e17-9ceb-4d3e-9908-0a30448617a4 ae119c5d3767453f841afc16aea85ca8 d415d15cad7c4e5dae1b340cf898c857 - - default default] No more DHCP agents
2026-03-04 02:30:06.391 9 WARNING neutron.api.rpc.agentnotifiers.dhcp_rpc_agent_api [None req-580d0e17-9ceb-4d3e-9908-0a30448617a4 ae119c5d3767453f841afc16aea85ca8 d415d15cad7c4e5dae1b340cf898c857 - - default default] Unable to schedule network ee16576c-1a7f-4059-a60c-78abf441773c: no agents available; will retry on subsequent port and subnet creation events.
2026-03-04 02:30:06.435 9 INFO neutron.api.wsgi [req-247072c6-41de-42b2-9547-3a0b529cd8f8 req-c8129d75-86d8-4ee9-a3b4-3373b3ed5b0f 025272a8333f4fe18d9f9a044294c742 eb644918f4014d2792720bed4cd20f95 - - default default] 10.0.0.84 "GET /v2.0/ports?device_id=f6b01dd5-592e-4cc9-896e-0770df903456 HTTP/1.1" status: 200 len: 210 time: 0.0213060
2026-03-04 02:30:06.477 9 INFO neutron.db.ovn_revision_numbers_db [None req-580d0e17-9ceb-4d3e-9908-0a30448617a4 ae119c5d3767453f841afc16aea85ca8 d415d15cad7c4e5dae1b340cf898c857 - - default default] Successfully bumped revision number for resource c1486f61-9b88-4e26-92c1-8935125bfdbf (type: ports) to 1
2026-03-04 02:30:06.497 9 INFO neutron.api.wsgi [None req-580d0e17-9ceb-4d3e-9908-0a30448617a4 ae119c5d3767453f841afc16aea85ca8 d415d15cad7c4e5dae1b340cf898c857 - - default default] 10.0.0.40 "POST /v2.0/networks HTTP/1.1" status: 201 len: 946 time: 0.8135037
2026-03-04 02:30:06.625 9 WARNING neutron.scheduler.dhcp_agent_scheduler [None req-cc11dd2e-9166-47f3-97bb-c3ea5c717a2c ae119c5d3767453f841afc16aea85ca8 d415d15cad7c4e5dae1b340cf898c857 - - default default] No more DHCP agents
2026-03-04 02:30:06.627 9 WARNING neutron.api.rpc.agentnotifiers.dhcp_rpc_agent_api [None req-cc11dd2e-9166-47f3-97bb-c3ea5c717a2c ae119c5d3767453f841afc16aea85ca8 d415d15cad7c4e5dae1b340cf898c857 - - default default] Unable to schedule network ee16576c-1a7f-4059-a60c-78abf441773c: no agents available; will retry on subsequent port and subnet creation events.
2026-03-04 02:30:07.017 9 INFO neutron.api.wsgi [req-a4f20cb5-bc64-4201-8ca5-71101cbf4b17 req-7cb70d27-cd76-4463-bf89-f5921c463dd4 f346acea9e31420298898c897b5aeb06 4670cb13e5e1477dbc5003654d252861 - - default default] 10.0.0.84 "GET /v2.0/ports?device_id=1478cbf5-c4cf-40ed-add4-11051cdb1cb6 HTTP/1.1" status: 200 len: 1170 time: 0.0819955
2026-03-04 02:30:07.073 9 INFO neutron.api.wsgi [req-a4f20cb5-bc64-4201-8ca5-71101cbf4b17 req-755c1430-33ab-4ce7-a63a-4210698e9f02 f346acea9e31420298898c897b5aeb06 4670cb13e5e1477dbc5003654d252861 - - default default] 10.0.0.84 "GET /v2.0/security-groups?id=ca271f3f-cbf1-489d-a4bf-71ea27108f78&fields=id&fields=name HTTP/1.1" status: 200 len: 312 time: 0.0397463
2026-03-04 02:30:07.099 9 INFO neutron.db.ovn_revision_numbers_db [None req-4f2278b7-0d42-4a6b-9662-dba5f0d36744 - - - - - -] Successfully bumped revision number for resource c1486f61-9b88-4e26-92c1-8935125bfdbf (type: ports) to 2
2026-03-04 02:30:07.125 9 INFO neutron.db.ovn_revision_numbers_db [None req-4f2278b7-0d42-4a6b-9662-dba5f0d36744 - - - - - -] Successfully bumped revision number for resource f1d3970a-a3d4-4cbb-9f1a-560a0ebc30ab (type: subnets) to 0
2026-03-04 02:30:07.141 9 INFO neutron.api.wsgi [None req-cc11dd2e-9166-47f3-97bb-c3ea5c717a2c ae119c5d3767453f841afc16aea85ca8 d415d15cad7c4e5dae1b340cf898c857 - - default default] 10.0.0.40 "POST /v2.0/subnets HTTP/1.1" status: 201 len: 891 time: 0.6392174
2026-03-04 02:30:07.158 9 INFO neutron.api.wsgi [req-81c39a23-ed99-4e12-bb17-d41aa5f6af00 req-5c72de80-eda2-49af-9bd4-9a5209e28572 f346acea9e31420298898c897b5aeb06 4670cb13e5e1477dbc5003654d252861 - - default default] 10.0.0.84 "GET /v2.0/ports?device_id=1478cbf5-c4cf-40ed-add4-11051cdb1cb6 HTTP/1.1" status: 200 len: 1170 time: 0.0262308
2026-03-04 02:30:07.196 9 INFO neutron.api.wsgi [req-81c39a23-ed99-4e12-bb17-d41aa5f6af00 req-fe205050-b3c1-41ae-be13-a0325938ee73 f346acea9e31420298898c897b5aeb06 4670cb13e5e1477dbc5003654d252861 - - default default] 10.0.0.84 "GET /v2.0/security-groups?id=ca271f3f-cbf1-489d-a4bf-71ea27108f78&fields=id&fields=name HTTP/1.1" status: 200 len: 312 time: 0.0302987
2026-03-04 02:30:07.505 8 WARNING neutron.scheduler.dhcp_agent_scheduler [None req-377c23a3-e50a-4009-9553-dee9ae7215c4 ae119c5d3767453f841afc16aea85ca8 d415d15cad7c4e5dae1b340cf898c857 - - default default] No more DHCP agents
2026-03-04 02:30:07.506 8 WARNING neutron.api.rpc.agentnotifiers.dhcp_rpc_agent_api [None req-377c23a3-e50a-4009-9553-dee9ae7215c4 ae119c5d3767453f841afc16aea85ca8 d415d15cad7c4e5dae1b340cf898c857 - - default default] Unable to schedule network 9c30c68c-68f4-45f5-9b2c-8d6fb79c4d19: no agents available; will retry on subsequent port and subnet creation events.
2026-03-04 02:30:07.521 9 INFO neutron.api.wsgi [req-14264b1f-2d2e-4281-a60e-37d251345f07 req-f3680bef-cca0-47ce-94a0-c403a8640881 025272a8333f4fe18d9f9a044294c742 eb644918f4014d2792720bed4cd20f95 - - default default] 10.0.0.84 "GET /v2.0/ports?device_id=f6b01dd5-592e-4cc9-896e-0770df903456 HTTP/1.1" status: 200 len: 210 time: 0.0189893
2026-03-04 02:30:07.565 9 INFO neutron.api.wsgi [req-d20a3c47-7f1a-4884-939f-d03e4674310c req-4653560e-e584-41cf-91ea-904d742763a8 f346acea9e31420298898c897b5aeb06 4670cb13e5e1477dbc5003654d252861 - - default default] 10.0.0.84 "GET /v2.0/ports?device_id=1478cbf5-c4cf-40ed-add4-11051cdb1cb6 HTTP/1.1" status: 200 len: 1170 time: 0.0367804
2026-03-04 02:30:07.600 8 INFO neutron.db.ovn_revision_numbers_db [None req-377c23a3-e50a-4009-9553-dee9ae7215c4 ae119c5d3767453f841afc16aea85ca8 d415d15cad7c4e5dae1b340cf898c857 - - default default] Successfully bumped revision number for resource fb6aa9ab-4403-4832-8149-2e94cc4dcf29 (type: ports) to 1
2026-03-04 02:30:07.601 9 INFO neutron.api.wsgi [req-d20a3c47-7f1a-4884-939f-d03e4674310c req-63f72c38-b627-41af-8f4d-18390845ed65 f346acea9e31420298898c897b5aeb06 4670cb13e5e1477dbc5003654d252861 - - default default] 10.0.0.84 "GET /v2.0/security-groups?id=ca271f3f-cbf1-489d-a4bf-71ea27108f78&fields=id&fields=name HTTP/1.1" status: 200 len: 312 time: 0.0304220
2026-03-04 02:30:08.029 8 INFO neutron.plugins.ml2.drivers.ovn.mech_driver.ovsdb.commands [None req-73e8e0b0-eccc-41a9-8e6d-9104875a9c11 - - - - - -] Schedule LRP lrp-fb6aa9ab-4403-4832-8149-2e94cc4dcf29 on gateway 7bdb9c0d-7b5a-457f-a5f3-7706425d9cbd with priority 1
2026-03-04 02:30:08.045 8 INFO neutron.plugins.ml2.drivers.ovn.mech_driver.mech_driver [None req-65bde950-b218-4707-b888-12a51b066187 - - - - - -] OVN reports status up for port: fb6aa9ab-4403-4832-8149-2e94cc4dcf29
2026-03-04 02:30:08.053 9 INFO neutron.plugins.ml2.drivers.ovn.mech_driver.ovsdb.ovsdb_monitor [None req-ac6548f5-e7ee-4ee8-a296-01a44e9d839d - - - - - -] Router d15157ad-dfab-43b2-9968-96c862fd3faa is bound to host instance
2026-03-04 02:30:08.060 8 INFO neutron.plugins.ml2.plugin [None req-65bde950-b218-4707-b888-12a51b066187 - - - - - -] Attempt 1 to provision port fb6aa9ab-4403-4832-8149-2e94cc4dcf29
2026-03-04 02:30:08.077 8 INFO neutron.db.ovn_revision_numbers_db [None req-377c23a3-e50a-4009-9553-dee9ae7215c4 ae119c5d3767453f841afc16aea85ca8 d415d15cad7c4e5dae1b340cf898c857 - - default default] Successfully bumped revision number for resource fb6aa9ab-4403-4832-8149-2e94cc4dcf29 (type: router_ports) to 1
2026-03-04 02:30:08.140 8 INFO neutron.db.ovn_revision_numbers_db [None req-377c23a3-e50a-4009-9553-dee9ae7215c4 ae119c5d3767453f841afc16aea85ca8 d415d15cad7c4e5dae1b340cf898c857 - - default default] Successfully bumped revision number for resource d15157ad-dfab-43b2-9968-96c862fd3faa (type: routers) to 2
2026-03-04 02:30:08.154 8 INFO neutron.api.wsgi [None req-377c23a3-e50a-4009-9553-dee9ae7215c4 ae119c5d3767453f841afc16aea85ca8 d415d15cad7c4e5dae1b340cf898c857 - - default default] 10.0.0.40 "POST /v2.0/routers HTTP/1.1" status: 201 len: 1169 time: 1.0067008
2026-03-04 02:30:08.426 9 INFO neutron.db.ovn_revision_numbers_db [None req-c4b9691d-64d2-49af-abdf-13cac63b0598 - - - - - -] Successfully bumped revision number for resource fb6aa9ab-4403-4832-8149-2e94cc4dcf29 (type: ports) to 1
2026-03-04 02:30:08.563 8 WARNING neutron.scheduler.dhcp_agent_scheduler [None req-6caba021-024f-4ebf-9a4c-6e60b4c160e9 ae119c5d3767453f841afc16aea85ca8 d415d15cad7c4e5dae1b340cf898c857 - - default default] No more DHCP agents
2026-03-04 02:30:08.565 8 WARNING neutron.api.rpc.agentnotifiers.dhcp_rpc_agent_api [None req-6caba021-024f-4ebf-9a4c-6e60b4c160e9 ae119c5d3767453f841afc16aea85ca8 d415d15cad7c4e5dae1b340cf898c857 - - default default] Unable to schedule network ee16576c-1a7f-4059-a60c-78abf441773c: no agents available; will retry on subsequent port and subnet creation events.
2026-03-04 02:30:08.581 8 INFO neutron.api.wsgi [req-98eabe13-74b9-45a0-a736-55fc01e7e5f7 req-d2e4b821-abcd-4c98-a5a5-a97de003c317 025272a8333f4fe18d9f9a044294c742 eb644918f4014d2792720bed4cd20f95 - - default default] 199.204.45.122 "GET /v2.0/networks?id=fb2087b0-e1e0-4230-bec5-1657b04e0097 HTTP/1.1" status: 200 len: 879 time: 0.0424869
2026-03-04 02:30:08.594 9 INFO neutron.api.wsgi [req-1827f6c1-6cbb-4a13-81de-329ebe0cc368 req-415bc621-5113-44b3-ab55-2a4821e5acda 025272a8333f4fe18d9f9a044294c742 eb644918f4014d2792720bed4cd20f95 - - default default] 10.0.0.84 "GET /v2.0/ports?device_id=f6b01dd5-592e-4cc9-896e-0770df903456 HTTP/1.1" status: 200 len: 210 time: 0.0209234
2026-03-04 02:30:08.619 8 INFO neutron.api.wsgi [req-98eabe13-74b9-45a0-a736-55fc01e7e5f7 req-f438e477-ceaf-461e-b147-3eec7f04f9d0 025272a8333f4fe18d9f9a044294c742 eb644918f4014d2792720bed4cd20f95 - - default default] 199.204.45.122 "GET /v2.0/security-groups?fields=id&fields=name&tenant_id=eb644918f4014d2792720bed4cd20f95 HTTP/1.1" status: 200 len: 379 time: 0.0335538
2026-03-04 02:30:08.627 8 WARNING neutron_lib.context [req-98eabe13-74b9-45a0-a736-55fc01e7e5f7 req-ab2491f5-325d-4374-8099-4f74d9b5b65b 025272a8333f4fe18d9f9a044294c742 eb644918f4014d2792720bed4cd20f95 - - default default] Method 'is_advsvc' is deprecated since 2023.2 release (neutron-lib 3.8.0) and will be removed once support for the old RBAC API policies will be removed from Neutron. Please use method 'is_service_role' instead.
2026-03-04 02:30:08.683 8 INFO neutron.db.ovn_revision_numbers_db [None req-6caba021-024f-4ebf-9a4c-6e60b4c160e9 ae119c5d3767453f841afc16aea85ca8 d415d15cad7c4e5dae1b340cf898c857 - - default default] Successfully bumped revision number for resource 36bc6a23-caa5-44f5-9dc8-2d02186a6c3e (type: ports) to 1
2026-03-04 02:30:08.696 9 INFO neutron.api.wsgi [req-b7eb15f7-dd0a-4dc3-9c90-649b5c27052a req-b5aa73a1-8fce-4c8e-8a39-841787108ff5 f346acea9e31420298898c897b5aeb06 4670cb13e5e1477dbc5003654d252861 - - default default] 10.0.0.84 "GET /v2.0/ports?device_id=1478cbf5-c4cf-40ed-add4-11051cdb1cb6 HTTP/1.1" status: 200 len: 1170 time: 0.0392797
2026-03-04 02:30:08.769 9 INFO neutron.api.wsgi [req-b7eb15f7-dd0a-4dc3-9c90-649b5c27052a req-01a43e14-e5fd-45a2-894b-cc4a5a3f5286 f346acea9e31420298898c897b5aeb06 4670cb13e5e1477dbc5003654d252861 - - default default] 10.0.0.84 "GET /v2.0/security-groups?id=ca271f3f-cbf1-489d-a4bf-71ea27108f78&fields=id&fields=name HTTP/1.1" status: 200 len: 312 time: 0.0627296
2026-03-04 02:30:08.804 9 INFO neutron.db.ovn_revision_numbers_db [None req-c4b9691d-64d2-49af-abdf-13cac63b0598 - - - - - -] Successfully bumped revision number for resource fb6aa9ab-4403-4832-8149-2e94cc4dcf29 (type: ports) to 4
2026-03-04 02:30:08.897 8 WARNING neutron.scheduler.dhcp_agent_scheduler [req-98eabe13-74b9-45a0-a736-55fc01e7e5f7 req-ab2491f5-325d-4374-8099-4f74d9b5b65b 025272a8333f4fe18d9f9a044294c742 eb644918f4014d2792720bed4cd20f95 - - default default] No more DHCP agents
2026-03-04 02:30:08.899 8 WARNING neutron.api.rpc.agentnotifiers.dhcp_rpc_agent_api [req-98eabe13-74b9-45a0-a736-55fc01e7e5f7 req-ab2491f5-325d-4374-8099-4f74d9b5b65b 025272a8333f4fe18d9f9a044294c742 eb644918f4014d2792720bed4cd20f95 - - default default] Unable to schedule network fb2087b0-e1e0-4230-bec5-1657b04e0097: no agents available; will retry on subsequent port and subnet creation events.
2026-03-04 02:30:09.030 8 INFO neutron.db.ovn_revision_numbers_db [req-98eabe13-74b9-45a0-a736-55fc01e7e5f7 req-ab2491f5-325d-4374-8099-4f74d9b5b65b 025272a8333f4fe18d9f9a044294c742 eb644918f4014d2792720bed4cd20f95 - - default default] Successfully bumped revision number for resource 5b7bd825-0154-4a22-bdaa-14647fe13d3d (type: ports) to 1
2026-03-04 02:30:09.057 8 INFO neutron.api.wsgi [req-98eabe13-74b9-45a0-a736-55fc01e7e5f7 req-ab2491f5-325d-4374-8099-4f74d9b5b65b 025272a8333f4fe18d9f9a044294c742 eb644918f4014d2792720bed4cd20f95 - - default default] 199.204.45.122 "POST /v2.0/ports HTTP/1.1" status: 201 len: 1162 time: 0.4341450
2026-03-04 02:30:09.063 9 INFO neutron.db.ovn_revision_numbers_db [None req-c4b9691d-64d2-49af-abdf-13cac63b0598 - - - - - -] Successfully bumped revision number for resource fb6aa9ab-4403-4832-8149-2e94cc4dcf29 (type: ports) to 5 /var/lib/openstack/lib/python3.12/site-packages/pycadf/identifier.py:71: UserWarning: Invalid uuid: neutron. To ensure interoperability, identifiers should be a valid uuid. warnings.warn(('Invalid uuid: %s. To ensure interoperability, '
2026-03-04 02:30:09.125 9 INFO neutron.api.wsgi [req-2897bf83-e3d3-44a9-b647-a69008f5b65c req-5d59e1c8-25ab-4638-8527-edab726908a7 2967cf0343a74bbbaed3c2e15e1704a4 c32371e678144ec3aed8ee604137877a - - 0832263700184f97aff006fb9cce7bff 0832263700184f97aff006fb9cce7bff] 199.204.45.122 "GET /v2.0/ports?tenant_id=4670cb13e5e1477dbc5003654d252861&device_id=1478cbf5-c4cf-40ed-add4-11051cdb1cb6 HTTP/1.1" status: 200 len: 1409 time: 0.0384133
2026-03-04 02:30:09.192 9 INFO neutron.api.wsgi [req-2897bf83-e3d3-44a9-b647-a69008f5b65c req-2dec3d0b-5c23-40f3-997a-58345a74c7cf 2967cf0343a74bbbaed3c2e15e1704a4 c32371e678144ec3aed8ee604137877a - - 0832263700184f97aff006fb9cce7bff 0832263700184f97aff006fb9cce7bff] 199.204.45.122 "GET /v2.0/networks?id=67d03345-6da4-46df-b83f-76a69f8bdb49 HTTP/1.1" status: 200 len: 974 time: 0.0630250
2026-03-04 02:30:09.234 9 INFO neutron.plugins.ml2.drivers.ovn.mech_driver.mech_driver [None req-88240d48-d3a9-477d-a946-4e35d7815777 - - - - - -] OVN reports status up for port: 36bc6a23-caa5-44f5-9dc8-2d02186a6c3e
2026-03-04 02:30:09.243 9 INFO neutron.api.wsgi [req-2897bf83-e3d3-44a9-b647-a69008f5b65c req-487fdfa2-877f-4c97-ae50-4d1b36946402 2967cf0343a74bbbaed3c2e15e1704a4 c32371e678144ec3aed8ee604137877a - - 0832263700184f97aff006fb9cce7bff 0832263700184f97aff006fb9cce7bff] 199.204.45.122 "GET /v2.0/floatingips?fixed_ip_address=10.100.0.6&port_id=2cac8c19-2983-4800-aeda-be5d275a89ac HTTP/1.1" status: 200 len: 1059 time: 0.0454428
