2026-03-04 02:30:09.256 8 INFO neutron.db.ovn_revision_numbers_db [None req-6caba021-024f-4ebf-9a4c-6e60b4c160e9 ae119c5d3767453f841afc16aea85ca8 d415d15cad7c4e5dae1b340cf898c857 - - default default] Successfully bumped revision number for resource 36bc6a23-caa5-44f5-9dc8-2d02186a6c3e (type: ports) to 1
2026-03-04 02:30:09.261 9 INFO neutron.plugins.ml2.plugin [None req-88240d48-d3a9-477d-a946-4e35d7815777 - - - - - -] Attempt 1 to provision port 36bc6a23-caa5-44f5-9dc8-2d02186a6c3e
2026-03-04 02:30:09.275 9 INFO neutron.api.wsgi [req-2897bf83-e3d3-44a9-b647-a69008f5b65c req-ca8cf582-f029-4fa0-9b31-5f64cf940961 2967cf0343a74bbbaed3c2e15e1704a4 c32371e678144ec3aed8ee604137877a - - 0832263700184f97aff006fb9cce7bff 0832263700184f97aff006fb9cce7bff] 199.204.45.122 "GET /v2.0/subnets?id=a6ebccdb-368b-450c-a035-d8f9a35967e7 HTTP/1.1" status: 200 len: 893 time: 0.0296092
2026-03-04 02:30:09.295 9 INFO neutron.api.wsgi [req-2897bf83-e3d3-44a9-b647-a69008f5b65c req-7f1532e9-6f72-4529-b933-0984e720d8a1 2967cf0343a74bbbaed3c2e15e1704a4 c32371e678144ec3aed8ee604137877a - - 0832263700184f97aff006fb9cce7bff 0832263700184f97aff006fb9cce7bff] 199.204.45.122 "GET /v2.0/ports?network_id=67d03345-6da4-46df-b83f-76a69f8bdb49&device_owner=network%3Adhcp HTTP/1.1" status: 200 len: 210 time: 0.0174024
2026-03-04 02:30:09.341 8 WARNING neutron.scheduler.dhcp_agent_scheduler [None req-6caba021-024f-4ebf-9a4c-6e60b4c160e9 ae119c5d3767453f841afc16aea85ca8 d415d15cad7c4e5dae1b340cf898c857 - - default default] No more DHCP agents
2026-03-04 02:30:09.344 8 WARNING neutron.api.rpc.agentnotifiers.dhcp_rpc_agent_api [None req-6caba021-024f-4ebf-9a4c-6e60b4c160e9 ae119c5d3767453f841afc16aea85ca8 d415d15cad7c4e5dae1b340cf898c857 - - default default] Unable to schedule network ee16576c-1a7f-4059-a60c-78abf441773c: no agents available; will retry on subsequent port and subnet creation events.
2026-03-04 02:30:09.354 9 INFO neutron.api.wsgi [req-2897bf83-e3d3-44a9-b647-a69008f5b65c req-cc87afe8-1663-441a-ad9b-b34d3b98eeb0 2967cf0343a74bbbaed3c2e15e1704a4 c32371e678144ec3aed8ee604137877a - - 0832263700184f97aff006fb9cce7bff 0832263700184f97aff006fb9cce7bff] 199.204.45.122 "GET /v2.0/networks/67d03345-6da4-46df-b83f-76a69f8bdb49?fields=segments HTTP/1.1" status: 200 len: 212 time: 0.0550420
2026-03-04 02:30:09.415 9 INFO neutron.api.wsgi [req-2897bf83-e3d3-44a9-b647-a69008f5b65c req-92262c25-0a41-44f9-8aa0-07d1419eb605 2967cf0343a74bbbaed3c2e15e1704a4 c32371e678144ec3aed8ee604137877a - - 0832263700184f97aff006fb9cce7bff 0832263700184f97aff006fb9cce7bff] 199.204.45.122 "GET /v2.0/networks/67d03345-6da4-46df-b83f-76a69f8bdb49?fields=provider%3Aphysical_network&fields=provider%3Anetwork_type HTTP/1.1" status: 200 len: 277 time: 0.0560918
2026-03-04 02:30:09.474 8 INFO neutron.db.ovn_revision_numbers_db [req-98eabe13-74b9-45a0-a736-55fc01e7e5f7 req-22fef51d-9e96-48f3-be76-ee2d03ad52f1 2967cf0343a74bbbaed3c2e15e1704a4 c32371e678144ec3aed8ee604137877a - - 0832263700184f97aff006fb9cce7bff 0832263700184f97aff006fb9cce7bff] Successfully bumped revision number for resource 5b7bd825-0154-4a22-bdaa-14647fe13d3d (type: ports) to 2
2026-03-04 02:30:09.641 9 INFO neutron.db.ovn_revision_numbers_db [None req-88240d48-d3a9-477d-a946-4e35d7815777 - - - - - -] Successfully bumped revision number for resource 36bc6a23-caa5-44f5-9dc8-2d02186a6c3e (type: ports) to 2
2026-03-04 02:30:09.732 9 INFO neutron.api.wsgi [req-71aaf8d9-a975-41d0-b814-63ec99ffed6d req-d1bed1c1-a40a-4d16-a71a-d60227bc3ee7 025272a8333f4fe18d9f9a044294c742 eb644918f4014d2792720bed4cd20f95 - - default default] 10.0.0.84 "GET /v2.0/ports?device_id=f6b01dd5-592e-4cc9-896e-0770df903456 HTTP/1.1" status: 200 len: 1172 time: 0.0817711
2026-03-04 02:30:09.747 8 INFO neutron.db.ovn_revision_numbers_db [req-98eabe13-74b9-45a0-a736-55fc01e7e5f7 req-22fef51d-9e96-48f3-be76-ee2d03ad52f1 2967cf0343a74bbbaed3c2e15e1704a4 c32371e678144ec3aed8ee604137877a - - 0832263700184f97aff006fb9cce7bff 0832263700184f97aff006fb9cce7bff] Successfully bumped revision number for resource 5b7bd825-0154-4a22-bdaa-14647fe13d3d (type: ports) to 4
2026-03-04 02:30:09.768 8 INFO neutron.api.wsgi [req-98eabe13-74b9-45a0-a736-55fc01e7e5f7 req-22fef51d-9e96-48f3-be76-ee2d03ad52f1 2967cf0343a74bbbaed3c2e15e1704a4 c32371e678144ec3aed8ee604137877a - - 0832263700184f97aff006fb9cce7bff 0832263700184f97aff006fb9cce7bff] 199.204.45.122 "PUT /v2.0/ports/5b7bd825-0154-4a22-bdaa-14647fe13d3d HTTP/1.1" status: 200 len: 1408 time: 0.7034140
2026-03-04 02:30:09.772 9 INFO neutron.api.wsgi [req-71aaf8d9-a975-41d0-b814-63ec99ffed6d req-7e1a7259-1ed3-4159-b897-27214dce6e14 025272a8333f4fe18d9f9a044294c742 eb644918f4014d2792720bed4cd20f95 - - default default] 10.0.0.84 "GET /v2.0/security-groups?id=f911eb5b-23e9-4fcc-b8b8-f00b0bf7c3c2&fields=id&fields=name HTTP/1.1" status: 200 len: 312 time: 0.0340915
2026-03-04 02:30:09.810 8 INFO neutron.notifiers.nova [-] Nova event matching ['req-b89b4344-a033-4c9a-8d88-63df195d2281'] response: {'name': 'network-changed', 'server_uuid': 'f6b01dd5-592e-4cc9-896e-0770df903456', 'tag': '5b7bd825-0154-4a22-bdaa-14647fe13d3d', 'status': 'completed', 'code': 200}
2026-03-04 02:30:09.866 9 INFO neutron.api.wsgi [req-b89fa93b-ea71-4090-baec-5bffa8a0bc16 req-c03ba92c-58d3-4225-9173-a6db5c180bb7 f346acea9e31420298898c897b5aeb06 4670cb13e5e1477dbc5003654d252861 - - default default] 10.0.0.84 "GET /v2.0/ports?device_id=1478cbf5-c4cf-40ed-add4-11051cdb1cb6 HTTP/1.1" status: 200 len: 1170 time: 0.0357287
2026-03-04 02:30:09.921 9 INFO neutron.api.wsgi [req-b89fa93b-ea71-4090-baec-5bffa8a0bc16 req-736032e4-bc63-4dcf-9678-674f3344d811 f346acea9e31420298898c897b5aeb06 4670cb13e5e1477dbc5003654d252861 - - default default] 10.0.0.84 "GET /v2.0/security-groups?id=ca271f3f-cbf1-489d-a4bf-71ea27108f78&fields=id&fields=name HTTP/1.1" status: 200 len: 312 time: 0.0494294
2026-03-04 02:30:10.309 8 INFO neutron.db.ovn_revision_numbers_db [None req-6caba021-024f-4ebf-9a4c-6e60b4c160e9 ae119c5d3767453f841afc16aea85ca8 d415d15cad7c4e5dae1b340cf898c857 - - default default] Successfully bumped revision number for resource 36bc6a23-caa5-44f5-9dc8-2d02186a6c3e (type: router_ports) to 1
2026-03-04 02:30:10.314 8 INFO neutron.api.wsgi [None req-6caba021-024f-4ebf-9a4c-6e60b4c160e9 ae119c5d3767453f841afc16aea85ca8 d415d15cad7c4e5dae1b340cf898c857 - - default default] 10.0.0.40 "PUT /v2.0/routers/d15157ad-dfab-43b2-9968-96c862fd3faa/add_router_interface HTTP/1.1" status: 200 len: 503 time: 2.1551800 /var/lib/openstack/lib/python3.12/site-packages/pycadf/identifier.py:71: UserWarning: Invalid uuid: neutron. To ensure interoperability, identifiers should be a valid uuid. warnings.warn(('Invalid uuid: %s. To ensure interoperability, '
2026-03-04 02:30:10.348 8 INFO neutron.api.wsgi [req-0ef21006-1a07-4cb9-b4ec-b9fe94b863a0 req-298f56a8-1521-4401-8a00-056eceeb654f 2967cf0343a74bbbaed3c2e15e1704a4 c32371e678144ec3aed8ee604137877a - - 0832263700184f97aff006fb9cce7bff 0832263700184f97aff006fb9cce7bff] 199.204.45.122 "GET /v2.0/ports?tenant_id=eb644918f4014d2792720bed4cd20f95&device_id=f6b01dd5-592e-4cc9-896e-0770df903456 HTTP/1.1" status: 200 len: 1411 time: 0.0286715
2026-03-04 02:30:10.394 8 INFO neutron.api.wsgi [req-0ef21006-1a07-4cb9-b4ec-b9fe94b863a0 req-6ac077ca-32e1-42bb-85f2-e9280bb048c7 2967cf0343a74bbbaed3c2e15e1704a4 c32371e678144ec3aed8ee604137877a - - 0832263700184f97aff006fb9cce7bff 0832263700184f97aff006fb9cce7bff] 199.204.45.122 "GET /v2.0/networks?tenant_id=eb644918f4014d2792720bed4cd20f95&shared=False HTTP/1.1" status: 200 len: 978 time: 0.0409703
2026-03-04 02:30:10.443 8 INFO neutron.api.wsgi [req-0ef21006-1a07-4cb9-b4ec-b9fe94b863a0 req-a996ec62-f27d-4bf8-bdc6-9e545d7e8ebb 2967cf0343a74bbbaed3c2e15e1704a4 c32371e678144ec3aed8ee604137877a - - 0832263700184f97aff006fb9cce7bff 0832263700184f97aff006fb9cce7bff] 199.204.45.122 "GET /v2.0/networks?shared=True HTTP/1.1" status: 200 len: 952 time: 0.0437140
2026-03-04 02:30:10.874 9 INFO neutron.api.wsgi [req-82af7ec3-ee19-4535-bb68-2ea6baa553d0 req-a2030962-8278-4778-8dbb-6d1efff86b6c 025272a8333f4fe18d9f9a044294c742 eb644918f4014d2792720bed4cd20f95 - - default default] 10.0.0.84 "GET /v2.0/ports?device_id=f6b01dd5-592e-4cc9-896e-0770df903456 HTTP/1.1" status: 200 len: 1172 time: 0.0459366
2026-03-04 02:30:10.955 9 INFO neutron.api.wsgi [req-82af7ec3-ee19-4535-bb68-2ea6baa553d0 req-18476107-3795-433c-b7df-1b8179b5f99d 025272a8333f4fe18d9f9a044294c742 eb644918f4014d2792720bed4cd20f95 - - default default] 10.0.0.84 "GET /v2.0/security-groups?id=f911eb5b-23e9-4fcc-b8b8-f00b0bf7c3c2&fields=id&fields=name HTTP/1.1" status: 200 len: 312 time: 0.0735955
2026-03-04 02:30:11.020 9 INFO neutron.api.wsgi [req-797b4609-a222-43c8-a863-026c6bb2d9c5 req-7252730b-302f-47e1-8a2e-934a49161893 f346acea9e31420298898c897b5aeb06 4670cb13e5e1477dbc5003654d252861 - - default default] 10.0.0.84 "GET /v2.0/ports?device_id=1478cbf5-c4cf-40ed-add4-11051cdb1cb6 HTTP/1.1" status: 200 len: 1170 time: 0.0325775
2026-03-04 02:30:11.059 8 INFO neutron.plugins.ml2.drivers.ovn.mech_driver.mech_driver [None req-65bde950-b218-4707-b888-12a51b066187 - - - - - -] OVN reports status down for port: 2cac8c19-2983-4800-aeda-be5d275a89ac
2026-03-04 02:30:11.081 9 INFO neutron.api.wsgi [req-797b4609-a222-43c8-a863-026c6bb2d9c5 req-bf309823-d694-476f-9940-2a21304ad018 f346acea9e31420298898c897b5aeb06 4670cb13e5e1477dbc5003654d252861 - - default default] 10.0.0.84 "GET /v2.0/security-groups?id=ca271f3f-cbf1-489d-a4bf-71ea27108f78&fields=id&fields=name HTTP/1.1" status: 200 len: 312 time: 0.0484900
2026-03-04 02:30:11.136 9 INFO neutron.api.wsgi [req-9ea0939a-6169-4ddf-9b15-570bdb8a378a req-25fa85e8-4e17-4ff3-87b6-391e7446877b b694b9629e1444bd85d633409135e348 3373fd2c18a2463595396efa1d7b7622 - - default default] 10.0.0.84 "GET /v2.0/ports?device_id=7c63aa9b-113e-45e5-885b-a27525501f04 HTTP/1.1" status: 200 len: 1174 time: 0.0962262
2026-03-04 02:30:11.229 9 INFO neutron.api.wsgi [req-a426e5d0-d448-4cab-aae4-22a4bd95a269 req-4dbfce19-0f46-49db-8dce-981ecefc625e b694b9629e1444bd85d633409135e348 3373fd2c18a2463595396efa1d7b7622 - - default default] 10.0.0.84 "GET /v2.0/ports/afd7a4d7-a7db-4dfc-bec6-6338bf52b12c HTTP/1.1" status: 200 len: 1171 time: 0.0449042
2026-03-04 02:30:11.349 8 INFO neutron.db.ovn_revision_numbers_db [None req-65bde950-b218-4707-b888-12a51b066187 - - - - - -] Successfully bumped revision number for resource 2cac8c19-2983-4800-aeda-be5d275a89ac (type: ports) to 6
2026-03-04 02:30:11.391 9 INFO neutron.api.wsgi [req-7d73836c-70c7-4d17-aac3-9990136ff4ce req-77c1a10a-1e50-46e8-aecc-b6f6db5f4840 22522b9e95264cac831685db027269e4 27ad4b8ef65f4b2a9b4de981bb816e70 - - default default] 10.0.0.84 "GET /v2.0/networks?id=ee16576c-1a7f-4059-a60c-78abf441773c HTTP/1.1" status: 200 len: 876 time: 0.0656183
2026-03-04 02:30:11.404 9 INFO neutron.api.wsgi [req-7d73836c-70c7-4d17-aac3-9990136ff4ce req-5ff4566d-a0b4-40d3-be89-d8ca121f029f 22522b9e95264cac831685db027269e4 27ad4b8ef65f4b2a9b4de981bb816e70 - - default default] 10.0.0.84 "GET /v2.0/quotas/27ad4b8ef65f4b2a9b4de981bb816e70 HTTP/1.1" status: 200 len: 491 time: 0.0085962 /var/lib/openstack/lib/python3.12/site-packages/pycadf/identifier.py:71: UserWarning: Invalid uuid: neutron. To ensure interoperability, identifiers should be a valid uuid. warnings.warn(('Invalid uuid: %s. To ensure interoperability, '
2026-03-04 02:30:11.476 9 INFO neutron.api.wsgi [req-7d73836c-70c7-4d17-aac3-9990136ff4ce req-933cd3a9-3518-4ec6-b8c9-7086e5014048 22522b9e95264cac831685db027269e4 27ad4b8ef65f4b2a9b4de981bb816e70 - - default default] 10.0.0.84 "GET /v2.0/ports?tenant_id=27ad4b8ef65f4b2a9b4de981bb816e70&fields=id HTTP/1.1" status: 200 len: 302 time: 0.0638614
2026-03-04 02:30:11.487 8 INFO neutron.api.wsgi [req-98eabe13-74b9-45a0-a736-55fc01e7e5f7 req-5c2dc01f-3d01-4722-9f44-4bb76aae2065 2967cf0343a74bbbaed3c2e15e1704a4 c32371e678144ec3aed8ee604137877a - - 0832263700184f97aff006fb9cce7bff 0832263700184f97aff006fb9cce7bff] 199.204.45.122 "GET /v2.0/ports?tenant_id=eb644918f4014d2792720bed4cd20f95&device_id=f6b01dd5-592e-4cc9-896e-0770df903456 HTTP/1.1" status: 200 len: 1411 time: 0.0320871
2026-03-04 02:30:11.507 8 INFO neutron.api.wsgi [req-98eabe13-74b9-45a0-a736-55fc01e7e5f7 req-ea71025b-46ac-409f-b829-414cf93f2783 2967cf0343a74bbbaed3c2e15e1704a4 c32371e678144ec3aed8ee604137877a - - 0832263700184f97aff006fb9cce7bff 0832263700184f97aff006fb9cce7bff] 199.204.45.122 "GET /v2.0/floatingips?fixed_ip_address=10.100.0.14&port_id=5b7bd825-0154-4a22-bdaa-14647fe13d3d HTTP/1.1" status: 200 len: 217 time: 0.0148056
2026-03-04 02:30:11.523 9 INFO neutron.api.wsgi [req-7d73836c-70c7-4d17-aac3-9990136ff4ce req-2df88517-16e2-4997-8eb0-4b6170f759f8 2967cf0343a74bbbaed3c2e15e1704a4 c32371e678144ec3aed8ee604137877a - - 0832263700184f97aff006fb9cce7bff 0832263700184f97aff006fb9cce7bff] 10.0.0.84 "GET /v2.0/networks/ee16576c-1a7f-4059-a60c-78abf441773c?fields=segments HTTP/1.1" status: 200 len: 212 time: 0.0394609
2026-03-04 02:30:11.535 8 INFO neutron.api.wsgi [req-98eabe13-74b9-45a0-a736-55fc01e7e5f7 req-6003698d-22c8-4284-a868-15a25bac0600 2967cf0343a74bbbaed3c2e15e1704a4 c32371e678144ec3aed8ee604137877a - - 0832263700184f97aff006fb9cce7bff 0832263700184f97aff006fb9cce7bff] 199.204.45.122 "GET /v2.0/subnets?id=f95e12d8-4141-43af-b922-58303d12180e HTTP/1.1" status: 200 len: 897 time: 0.0248175
2026-03-04 02:30:11.556 8 INFO neutron.api.wsgi [req-98eabe13-74b9-45a0-a736-55fc01e7e5f7 req-b07d70a1-118d-458b-883c-38d305a7511e 2967cf0343a74bbbaed3c2e15e1704a4 c32371e678144ec3aed8ee604137877a - - 0832263700184f97aff006fb9cce7bff 0832263700184f97aff006fb9cce7bff] 199.204.45.122 "GET /v2.0/ports?network_id=fb2087b0-e1e0-4230-bec5-1657b04e0097&device_owner=network%3Adhcp HTTP/1.1" status: 200 len: 210 time: 0.0152481
2026-03-04 02:30:11.561 9 INFO neutron.api.wsgi [req-7d73836c-70c7-4d17-aac3-9990136ff4ce req-6cb82359-b2ea-4b02-945a-e5e2001400bd 2967cf0343a74bbbaed3c2e15e1704a4 c32371e678144ec3aed8ee604137877a - - 0832263700184f97aff006fb9cce7bff 0832263700184f97aff006fb9cce7bff] 10.0.0.84 "GET /v2.0/networks/ee16576c-1a7f-4059-a60c-78abf441773c?fields=provider%3Aphysical_network&fields=provider%3Anetwork_type HTTP/1.1" status: 200 len: 277 time: 0.0329895
2026-03-04 02:30:11.599 8 INFO neutron.api.wsgi [req-98eabe13-74b9-45a0-a736-55fc01e7e5f7 req-b439afb5-642b-4c4c-9a58-b6228b1c601e 2967cf0343a74bbbaed3c2e15e1704a4 c32371e678144ec3aed8ee604137877a - - 0832263700184f97aff006fb9cce7bff 0832263700184f97aff006fb9cce7bff] 199.204.45.122 "GET /v2.0/networks/fb2087b0-e1e0-4230-bec5-1657b04e0097?fields=segments HTTP/1.1" status: 200 len: 212 time: 0.0350695
2026-03-04 02:30:11.657 8 INFO neutron.api.wsgi [req-98eabe13-74b9-45a0-a736-55fc01e7e5f7 req-b848dff2-a254-410e-a8ee-6608b927a970 2967cf0343a74bbbaed3c2e15e1704a4 c32371e678144ec3aed8ee604137877a - - 0832263700184f97aff006fb9cce7bff 0832263700184f97aff006fb9cce7bff] 199.204.45.122 "GET /v2.0/networks/fb2087b0-e1e0-4230-bec5-1657b04e0097?fields=provider%3Aphysical_network&fields=provider%3Anetwork_type HTTP/1.1" status: 200 len: 277 time: 0.0508463
2026-03-04 02:30:11.676 9 INFO neutron.api.wsgi [req-bd34f632-2a86-450f-ae9f-634252dcdd6d req-07cb817a-90bd-4931-bcbc-a8f0e056b1cf 22522b9e95264cac831685db027269e4 27ad4b8ef65f4b2a9b4de981bb816e70 - - default default] 10.0.0.84 "GET /v2.0/ports?device_id=1c10d284-8286-4bb9-808f-9b6d3bc8a8e4 HTTP/1.1" status: 200 len: 210 time: 0.0189345
2026-03-04 02:30:11.840 8 INFO neutron.notifiers.nova [-] Nova event matching ['req-698a6aa9-7c79-4cec-943a-a36537caecff'] response: {'server_uuid': '1478cbf5-c4cf-40ed-add4-11051cdb1cb6', 'name': 'network-vif-unplugged', 'status': 'completed', 'tag': '2cac8c19-2983-4800-aeda-be5d275a89ac', 'code': 200}
2026-03-04 02:30:11.841 8 INFO neutron.notifiers.nova [-] Nova event matching ['req-698a6aa9-7c79-4cec-943a-a36537caecff'] response: {'server_uuid': '1478cbf5-c4cf-40ed-add4-11051cdb1cb6', 'name': 'network-vif-unplugged', 'status': 'completed', 'tag': '2cac8c19-2983-4800-aeda-be5d275a89ac', 'code': 200}
2026-03-04 02:30:11.850 8 INFO neutron.api.wsgi [req-089d2d14-9b8f-477e-a1ac-fa64a1446d7f req-e18e56a2-3cdd-4e54-ac52-257bf5462c80 b694b9629e1444bd85d633409135e348 3373fd2c18a2463595396efa1d7b7622 - - default default] 199.204.45.122 "GET /v2.0/subnets?network_id=4739cf7b-e4c5-42d5-a169-adadeef66a0a HTTP/1.1" status: 200 len: 883 time: 0.0322311
2026-03-04 02:30:11.946 8 INFO neutron.api.wsgi [req-089d2d14-9b8f-477e-a1ac-fa64a1446d7f req-47bdf097-2d1d-45a0-90ce-9a8dbadebb30 b694b9629e1444bd85d633409135e348 3373fd2c18a2463595396efa1d7b7622 - - default default] 199.204.45.122 "GET /v2.0/ports?device_id=7c63aa9b-113e-45e5-885b-a27525501f04&device_owner=compute%3Anova&network_id=4739cf7b-e4c5-42d5-a169-adadeef66a0a HTTP/1.1" status: 200 len: 1174 time: 0.0912294
2026-03-04 02:30:12.072 9 INFO neutron.api.wsgi [req-fe76f2ab-9ab6-4337-94b3-8dcbb921b476 req-344ff549-22b4-4763-8f44-6cc9841df46c 025272a8333f4fe18d9f9a044294c742 eb644918f4014d2792720bed4cd20f95 - - default default] 10.0.0.84 "GET /v2.0/ports?device_id=f6b01dd5-592e-4cc9-896e-0770df903456 HTTP/1.1" status: 200 len: 1172 time: 0.0357692
2026-03-04 02:30:12.107 9 INFO neutron.api.wsgi [req-fe76f2ab-9ab6-4337-94b3-8dcbb921b476 req-3b395825-3e26-4fe2-9340-5ce9a0d89782 025272a8333f4fe18d9f9a044294c742 eb644918f4014d2792720bed4cd20f95 - - default default] 10.0.0.84 "GET /v2.0/security-groups?id=f911eb5b-23e9-4fcc-b8b8-f00b0bf7c3c2&fields=id&fields=name HTTP/1.1" status: 200 len: 312 time: 0.0287879
2026-03-04 02:30:12.213 9 INFO neutron.api.wsgi [req-35b99897-e974-489a-ba44-076237459f0a req-60ca13a3-716f-491b-8816-555a5ee5bb68 f346acea9e31420298898c897b5aeb06 4670cb13e5e1477dbc5003654d252861 - - default default] 10.0.0.84 "GET /v2.0/ports?device_id=1478cbf5-c4cf-40ed-add4-11051cdb1cb6 HTTP/1.1" status: 200 len: 1168 time: 0.0718689
2026-03-04 02:30:12.261 9 INFO neutron.api.wsgi [req-35b99897-e974-489a-ba44-076237459f0a req-05b4e343-7b5c-4e4f-99ab-f7460d1a97c9 f346acea9e31420298898c897b5aeb06 4670cb13e5e1477dbc5003654d252861 - - default default] 10.0.0.84 "GET /v2.0/security-groups?id=ca271f3f-cbf1-489d-a4bf-71ea27108f78&fields=id&fields=name HTTP/1.1" status: 200 len: 312 time: 0.0423234
2026-03-04 02:30:12.505 8 INFO neutron.db.ovn_revision_numbers_db [req-089d2d14-9b8f-477e-a1ac-fa64a1446d7f req-4971c9aa-f409-45c6-853e-da95fc6aad10 b694b9629e1444bd85d633409135e348 3373fd2c18a2463595396efa1d7b7622 - - default default] Successfully bumped revision number for resource afd7a4d7-a7db-4dfc-bec6-6338bf52b12c (type: ports) to 6
2026-03-04 02:30:12.516 8 INFO neutron.api.wsgi [req-089d2d14-9b8f-477e-a1ac-fa64a1446d7f req-4971c9aa-f409-45c6-853e-da95fc6aad10 b694b9629e1444bd85d633409135e348 3373fd2c18a2463595396efa1d7b7622 - - default default] 199.204.45.122 "PUT /v2.0/ports/afd7a4d7-a7db-4dfc-bec6-6338bf52b12c HTTP/1.1" status: 200 len: 1353 time: 0.5589843
2026-03-04 02:30:12.748 9 INFO neutron.api.wsgi [req-ff5fb6fa-accb-4332-9884-9e411b7d2a61 req-6579f801-bda5-40d9-abbc-fc7eaef32247 22522b9e95264cac831685db027269e4 27ad4b8ef65f4b2a9b4de981bb816e70 - - default default] 10.0.0.84 "GET /v2.0/ports?device_id=1c10d284-8286-4bb9-808f-9b6d3bc8a8e4 HTTP/1.1" status: 200 len: 210 time: 0.0161977 /var/lib/openstack/lib/python3.12/site-packages/pycadf/identifier.py:71: UserWarning: Invalid uuid: neutron. To ensure interoperability, identifiers should be a valid uuid. warnings.warn(('Invalid uuid: %s. To ensure interoperability, '
2026-03-04 02:30:13.060 8 INFO neutron.api.wsgi [req-089d2d14-9b8f-477e-a1ac-fa64a1446d7f req-1db9f83a-d9d4-44c9-9529-32b24564509e 2967cf0343a74bbbaed3c2e15e1704a4 c32371e678144ec3aed8ee604137877a - - 0832263700184f97aff006fb9cce7bff 0832263700184f97aff006fb9cce7bff] 199.204.45.122 "GET /v2.0/ports?tenant_id=3373fd2c18a2463595396efa1d7b7622&device_id=7c63aa9b-113e-45e5-885b-a27525501f04 HTTP/1.1" status: 200 len: 1594 time: 0.0342863
2026-03-04 02:30:13.107 8 INFO neutron.api.wsgi [req-089d2d14-9b8f-477e-a1ac-fa64a1446d7f req-d7f6a47a-c289-466a-90b7-2b653cb5dd99 2967cf0343a74bbbaed3c2e15e1704a4 c32371e678144ec3aed8ee604137877a - - 0832263700184f97aff006fb9cce7bff 0832263700184f97aff006fb9cce7bff] 199.204.45.122 "GET /v2.0/networks?id=4739cf7b-e4c5-42d5-a169-adadeef66a0a HTTP/1.1" status: 200 len: 982 time: 0.0415127
2026-03-04 02:30:13.129 8 INFO neutron.api.wsgi [req-089d2d14-9b8f-477e-a1ac-fa64a1446d7f req-85d2a325-e93a-4fc9-b7a3-f5387a2cd5e0 2967cf0343a74bbbaed3c2e15e1704a4 c32371e678144ec3aed8ee604137877a - - 0832263700184f97aff006fb9cce7bff 0832263700184f97aff006fb9cce7bff] 199.204.45.122 "GET /v2.0/floatingips?fixed_ip_address=10.100.0.10&port_id=afd7a4d7-a7db-4dfc-bec6-6338bf52b12c HTTP/1.1" status: 200 len: 217 time: 0.0152464
2026-03-04 02:30:13.173 8 INFO neutron.api.wsgi [req-089d2d14-9b8f-477e-a1ac-fa64a1446d7f req-030ceffa-e08f-4f6a-b55a-476eb369f285 2967cf0343a74bbbaed3c2e15e1704a4 c32371e678144ec3aed8ee604137877a - - 0832263700184f97aff006fb9cce7bff 0832263700184f97aff006fb9cce7bff] 199.204.45.122 "GET /v2.0/floatingips?fixed_ip_address=10.100.0.14&port_id=afd7a4d7-a7db-4dfc-bec6-6338bf52b12c HTTP/1.1" status: 200 len: 1060 time: 0.0395367
2026-03-04 02:30:13.199 8 INFO neutron.api.wsgi [req-089d2d14-9b8f-477e-a1ac-fa64a1446d7f req-c25946fe-2ee3-4e5b-bf21-791bca813c18 2967cf0343a74bbbaed3c2e15e1704a4 c32371e678144ec3aed8ee604137877a - - 0832263700184f97aff006fb9cce7bff 0832263700184f97aff006fb9cce7bff] 199.204.45.122 "GET /v2.0/subnets?id=ddb8de3e-5ff6-4dfe-b218-b19b0e09e526 HTTP/1.1" status: 200 len: 901 time: 0.0213342
2026-03-04 02:30:13.216 9 INFO neutron.api.wsgi [req-e18781ac-f241-4eee-a68e-07d401b0b18d req-1a652d63-77c7-45d8-af29-1cbdbc947701 025272a8333f4fe18d9f9a044294c742 eb644918f4014d2792720bed4cd20f95 - - default default] 10.0.0.84 "GET /v2.0/ports?device_id=f6b01dd5-592e-4cc9-896e-0770df903456 HTTP/1.1" status: 200 len: 1172 time: 0.0342538
2026-03-04 02:30:13.227 8 INFO neutron.api.wsgi [req-089d2d14-9b8f-477e-a1ac-fa64a1446d7f req-5c517428-0b97-4d1c-98da-4b850a8eb04b 2967cf0343a74bbbaed3c2e15e1704a4 c32371e678144ec3aed8ee604137877a - - 0832263700184f97aff006fb9cce7bff 0832263700184f97aff006fb9cce7bff] 199.204.45.122 "GET /v2.0/ports?network_id=4739cf7b-e4c5-42d5-a169-adadeef66a0a&device_owner=network%3Adhcp HTTP/1.1" status: 200 len: 210 time: 0.0213807
2026-03-04 02:30:13.255 9 INFO neutron.api.wsgi [req-e18781ac-f241-4eee-a68e-07d401b0b18d req-8ea0df10-0b0e-49c3-a644-e45ada9348c9 025272a8333f4fe18d9f9a044294c742 eb644918f4014d2792720bed4cd20f95 - - default default] 10.0.0.84 "GET /v2.0/security-groups?id=f911eb5b-23e9-4fcc-b8b8-f00b0bf7c3c2&fields=id&fields=name HTTP/1.1" status: 200 len: 312 time: 0.0320911
2026-03-04 02:30:13.266 8 INFO neutron.api.wsgi [req-089d2d14-9b8f-477e-a1ac-fa64a1446d7f req-a577755f-2ae7-4940-863e-fb729f580ee5 2967cf0343a74bbbaed3c2e15e1704a4 c32371e678144ec3aed8ee604137877a - - 0832263700184f97aff006fb9cce7bff 0832263700184f97aff006fb9cce7bff] 199.204.45.122 "GET /v2.0/networks/4739cf7b-e4c5-42d5-a169-adadeef66a0a?fields=segments HTTP/1.1" status: 200 len: 212 time: 0.0332634
2026-03-04 02:30:13.313 8 INFO neutron.api.wsgi [req-089d2d14-9b8f-477e-a1ac-fa64a1446d7f req-f6593ae7-d703-4436-8e01-f567f289d588 2967cf0343a74bbbaed3c2e15e1704a4 c32371e678144ec3aed8ee604137877a - - 0832263700184f97aff006fb9cce7bff 0832263700184f97aff006fb9cce7bff] 199.204.45.122 "GET /v2.0/networks/4739cf7b-e4c5-42d5-a169-adadeef66a0a?fields=provider%3Aphysical_network&fields=provider%3Anetwork_type HTTP/1.1" status: 200 len: 277 time: 0.0376112
2026-03-04 02:30:13.354 9 INFO neutron.api.wsgi [req-a09e677d-2faf-48fd-a7ae-cd11639f5145 req-9ca22a93-3ead-461d-b387-604ba73d06aa f346acea9e31420298898c897b5aeb06 4670cb13e5e1477dbc5003654d252861 - - default default] 10.0.0.84 "GET /v2.0/ports?device_id=1478cbf5-c4cf-40ed-add4-11051cdb1cb6 HTTP/1.1" status: 200 len: 1168 time: 0.0304055
2026-03-04 02:30:13.391 9 INFO neutron.api.wsgi [req-a09e677d-2faf-48fd-a7ae-cd11639f5145 req-ed10dfc0-e172-4041-867b-51a6a6ab7ca4 f346acea9e31420298898c897b5aeb06 4670cb13e5e1477dbc5003654d252861 - - default default] 10.0.0.84 "GET /v2.0/security-groups?id=ca271f3f-cbf1-489d-a4bf-71ea27108f78&fields=id&fields=name HTTP/1.1" status: 200 len: 312 time: 0.0313666
2026-03-04 02:30:13.490 9 INFO neutron.api.wsgi [req-c1dcc965-ef39-4b58-b2b3-2ca35c9c1aee req-3ffe07b6-11e8-487c-8808-885ecbb28907 b694b9629e1444bd85d633409135e348 3373fd2c18a2463595396efa1d7b7622 - - default default] 10.0.0.84 "GET /v2.0/ports?device_id=7c63aa9b-113e-45e5-885b-a27525501f04 HTTP/1.1" status: 200 len: 1356 time: 0.0278580
2026-03-04 02:30:13.519 9 INFO neutron.api.wsgi [req-c1dcc965-ef39-4b58-b2b3-2ca35c9c1aee req-41a56bb1-58c8-4b66-a7aa-52b14f98a226 b694b9629e1444bd85d633409135e348 3373fd2c18a2463595396efa1d7b7622 - - default default] 10.0.0.84 "GET /v2.0/security-groups?id=f802ab91-7186-423d-bdec-e9cf04a1b5cf&fields=id&fields=name HTTP/1.1" status: 200 len: 313 time: 0.0250535
2026-03-04 02:30:13.821 9 INFO neutron.api.wsgi [req-33e0fdce-009d-43bf-ab38-2571bb596f6d req-531742f4-000b-4c56-97e7-53bc93e18dfa 22522b9e95264cac831685db027269e4 27ad4b8ef65f4b2a9b4de981bb816e70 - - default default] 10.0.0.84 "GET /v2.0/ports?device_id=1c10d284-8286-4bb9-808f-9b6d3bc8a8e4 HTTP/1.1" status: 200 len: 210 time: 0.0190878
2026-03-04 02:30:13.877 8 INFO neutron.notifiers.nova [-] Nova event matching ['req-742ee657-1f17-48af-bb8b-5c1f4e8f370f'] response: {'name': 'network-changed', 'server_uuid': '7c63aa9b-113e-45e5-885b-a27525501f04', 'tag': 'afd7a4d7-a7db-4dfc-bec6-6338bf52b12c', 'status': 'completed', 'code': 200}
2026-03-04 02:30:14.073 8 INFO neutron.plugins.ml2.drivers.ovn.mech_driver.mech_driver [None req-95525e02-7bfa-41bd-b216-ca4ff6caa2bd - - - - - -] OVN reports status up for port: 2cac8c19-2983-4800-aeda-be5d275a89ac
2026-03-04 02:30:14.087 8 INFO neutron.plugins.ml2.plugin [None req-95525e02-7bfa-41bd-b216-ca4ff6caa2bd - - - - - -] Attempt 1 to provision port 2cac8c19-2983-4800-aeda-be5d275a89ac
2026-03-04 02:30:14.348 8 INFO neutron.db.ovn_revision_numbers_db [None req-95525e02-7bfa-41bd-b216-ca4ff6caa2bd - - - - - -] Successfully bumped revision number for resource 2cac8c19-2983-4800-aeda-be5d275a89ac (type: ports) to 7
2026-03-04 02:30:14.374 9 INFO neutron.api.wsgi [req-97caca66-9989-4b5b-8bb3-01bc03e6434b req-e1f8a37c-e874-444e-a238-62d70c81844d 025272a8333f4fe18d9f9a044294c742 eb644918f4014d2792720bed4cd20f95 - - default default] 10.0.0.84 "GET /v2.0/ports?device_id=f6b01dd5-592e-4cc9-896e-0770df903456 HTTP/1.1" status: 200 len: 1172 time: 0.0430059 /var/lib/openstack/lib/python3.12/site-packages/pycadf/identifier.py:71: UserWarning: Invalid uuid: neutron. To ensure interoperability, identifiers should be a valid uuid. warnings.warn(('Invalid uuid: %s. To ensure interoperability, '
2026-03-04 02:30:14.426 9 INFO neutron.api.wsgi [req-97caca66-9989-4b5b-8bb3-01bc03e6434b req-c948c623-9796-4234-9d01-448a95163c8f 025272a8333f4fe18d9f9a044294c742 eb644918f4014d2792720bed4cd20f95 - - default default] 10.0.0.84 "GET /v2.0/security-groups?id=f911eb5b-23e9-4fcc-b8b8-f00b0bf7c3c2&fields=id&fields=name HTTP/1.1" status: 200 len: 312 time: 0.0466547
2026-03-04 02:30:14.435 8 INFO neutron.api.wsgi [req-5140cc6b-37d6-41ae-9861-1e517996a051 req-dfda75ad-87d6-46d9-85bc-9c0b2da5d91e 2967cf0343a74bbbaed3c2e15e1704a4 c32371e678144ec3aed8ee604137877a - - 0832263700184f97aff006fb9cce7bff 0832263700184f97aff006fb9cce7bff] 199.204.45.122 "GET /v2.0/ports?tenant_id=3373fd2c18a2463595396efa1d7b7622&device_id=7c63aa9b-113e-45e5-885b-a27525501f04 HTTP/1.1" status: 200 len: 1594 time: 0.0440619
2026-03-04 02:30:14.489 8 INFO neutron.api.wsgi [req-5140cc6b-37d6-41ae-9861-1e517996a051 req-d3d51f08-6cc5-40a3-bea7-183cfc5695cd 2967cf0343a74bbbaed3c2e15e1704a4 c32371e678144ec3aed8ee604137877a - - 0832263700184f97aff006fb9cce7bff 0832263700184f97aff006fb9cce7bff] 199.204.45.122 "GET /v2.0/networks?id=4739cf7b-e4c5-42d5-a169-adadeef66a0a HTTP/1.1" status: 200 len: 982 time: 0.0513310
2026-03-04 02:30:14.496 9 INFO neutron.api.wsgi [req-ba1d28c6-e1cf-48e5-a03e-d8dd65f29150 req-1fa8d465-cef3-4f1d-b323-25634a2697f9 f346acea9e31420298898c897b5aeb06 4670cb13e5e1477dbc5003654d252861 - - default default] 10.0.0.84 "GET /v2.0/ports?device_id=1478cbf5-c4cf-40ed-add4-11051cdb1cb6 HTTP/1.1" status: 200 len: 1170 time: 0.0407331
2026-03-04 02:30:14.532 8 INFO neutron.api.wsgi [req-5140cc6b-37d6-41ae-9861-1e517996a051 req-7cad24f5-732e-4bb3-86fd-f336f664bced 2967cf0343a74bbbaed3c2e15e1704a4 c32371e678144ec3aed8ee604137877a - - 0832263700184f97aff006fb9cce7bff 0832263700184f97aff006fb9cce7bff] 199.204.45.122 "GET /v2.0/floatingips?fixed_ip_address=10.100.0.10&port_id=afd7a4d7-a7db-4dfc-bec6-6338bf52b12c HTTP/1.1" status: 200 len: 217 time: 0.0303993
2026-03-04 02:30:14.549 9 INFO neutron.api.wsgi [req-ba1d28c6-e1cf-48e5-a03e-d8dd65f29150 req-b37fc7d7-f291-4489-844a-b7d08b86fcb4 f346acea9e31420298898c897b5aeb06 4670cb13e5e1477dbc5003654d252861 - - default default] 10.0.0.84 "GET /v2.0/security-groups?id=ca271f3f-cbf1-489d-a4bf-71ea27108f78&fields=id&fields=name HTTP/1.1" status: 200 len: 312 time: 0.0476022
2026-03-04 02:30:14.591 8 INFO neutron.api.wsgi [req-5140cc6b-37d6-41ae-9861-1e517996a051 req-d76dbdd2-8760-415d-8d73-e2cf5a24f7c4 2967cf0343a74bbbaed3c2e15e1704a4 c32371e678144ec3aed8ee604137877a - - 0832263700184f97aff006fb9cce7bff 0832263700184f97aff006fb9cce7bff] 199.204.45.122 "GET /v2.0/floatingips?fixed_ip_address=10.100.0.14&port_id=afd7a4d7-a7db-4dfc-bec6-6338bf52b12c HTTP/1.1" status: 200 len: 1060 time: 0.0443819
2026-03-04 02:30:14.615 9 WARNING neutron.plugins.ml2.drivers.ovn.mech_driver.ovsdb.ovn_client [None req-7e017fca-c0be-4a6e-9bea-319b708ff981 - - - - - -] No hosting information found for port 36bc6a23-caa5-44f5-9dc8-2d02186a6c3e: RuntimeError: No hosting information found for port 36bc6a23-caa5-44f5-9dc8-2d02186a6c3e
2026-03-04 02:30:14.628 8 INFO neutron.api.wsgi [req-5140cc6b-37d6-41ae-9861-1e517996a051 req-eafcd811-2d4c-4f2f-b30e-1a624c5d04b3 2967cf0343a74bbbaed3c2e15e1704a4 c32371e678144ec3aed8ee604137877a - - 0832263700184f97aff006fb9cce7bff 0832263700184f97aff006fb9cce7bff] 199.204.45.122 "GET /v2.0/subnets?id=ddb8de3e-5ff6-4dfe-b218-b19b0e09e526 HTTP/1.1" status: 200 len: 901 time: 0.0292230
2026-03-04 02:30:14.653 8 INFO neutron.api.wsgi [req-5140cc6b-37d6-41ae-9861-1e517996a051 req-ba5a9277-7f1d-4ef0-9712-43d8d7952022 2967cf0343a74bbbaed3c2e15e1704a4 c32371e678144ec3aed8ee604137877a - - 0832263700184f97aff006fb9cce7bff 0832263700184f97aff006fb9cce7bff] 199.204.45.122 "GET /v2.0/ports?network_id=4739cf7b-e4c5-42d5-a169-adadeef66a0a&device_owner=network%3Adhcp HTTP/1.1" status: 200 len: 210 time: 0.0191040
2026-03-04 02:30:14.693 9 INFO neutron.db.ovn_revision_numbers_db [None req-7e017fca-c0be-4a6e-9bea-319b708ff981 - - - - - -] Successfully bumped revision number for resource 36bc6a23-caa5-44f5-9dc8-2d02186a6c3e (type: router_ports) to 2
2026-03-04 02:30:14.712 8 INFO neutron.api.wsgi [req-5140cc6b-37d6-41ae-9861-1e517996a051 req-0a5a99d1-b53d-4df0-b8ee-5fa64b28b259 2967cf0343a74bbbaed3c2e15e1704a4 c32371e678144ec3aed8ee604137877a - - 0832263700184f97aff006fb9cce7bff 0832263700184f97aff006fb9cce7bff] 199.204.45.122 "GET /v2.0/networks/4739cf7b-e4c5-42d5-a169-adadeef66a0a?fields=segments HTTP/1.1" status: 200 len: 212 time: 0.0544128
2026-03-04 02:30:14.758 8 INFO neutron.api.wsgi [req-5140cc6b-37d6-41ae-9861-1e517996a051 req-c9013da2-6a3a-4b5c-86b0-d5669e877783 2967cf0343a74bbbaed3c2e15e1704a4 c32371e678144ec3aed8ee604137877a - - 0832263700184f97aff006fb9cce7bff 0832263700184f97aff006fb9cce7bff] 199.204.45.122 "GET /v2.0/networks/4739cf7b-e4c5-42d5-a169-adadeef66a0a?fields=provider%3Aphysical_network&fields=provider%3Anetwork_type HTTP/1.1" status: 200 len: 277 time: 0.0402746
2026-03-04 02:30:14.898 9 INFO neutron.api.wsgi [req-11fcfb00-0b21-4b40-9ee5-6ce86e2eff5a req-6ae66b96-057b-4e8e-a31f-b528afefb6cf 22522b9e95264cac831685db027269e4 27ad4b8ef65f4b2a9b4de981bb816e70 - - default default] 10.0.0.84 "GET /v2.0/ports?device_id=1c10d284-8286-4bb9-808f-9b6d3bc8a8e4 HTTP/1.1" status: 200 len: 210 time: 0.0188632
2026-03-04 02:30:15.097 9 INFO neutron.api.wsgi [-] 10.0.0.138 "GET / HTTP/1.1" status: 200 len: 246 time: 0.0032547
2026-03-04 02:30:15.102 8 INFO neutron.api.wsgi [-] 10.0.0.138 "GET / HTTP/1.1" status: 200 len: 246 time: 0.0038011
2026-03-04 02:30:15.330 8 INFO neutron.api.wsgi [req-429dc105-f278-460c-b5ae-e9cdd94e3ca5 req-4b5488f7-9553-4a9b-bc41-895d52d5958a b694b9629e1444bd85d633409135e348 3373fd2c18a2463595396efa1d7b7622 - - default default] 199.204.45.122 "GET /v2.0/ports?device_id=7c63aa9b-113e-45e5-885b-a27525501f04&device_owner=compute%3Anova&fixed_ips=ip_address%3D10.100.0.10 HTTP/1.1" status: 200 len: 1356 time: 0.0618570
2026-03-04 02:30:15.607 9 INFO neutron.api.wsgi [req-5cc44987-6c07-4282-ba59-02ef2c2aacd8 req-fba9d414-3696-4701-8678-b4be33c27833 025272a8333f4fe18d9f9a044294c742 eb644918f4014d2792720bed4cd20f95 - - default default] 10.0.0.84 "GET /v2.0/ports?device_id=f6b01dd5-592e-4cc9-896e-0770df903456 HTTP/1.1" status: 200 len: 1172 time: 0.1159914
2026-03-04 02:30:15.650 9 INFO neutron.api.wsgi [req-5cc44987-6c07-4282-ba59-02ef2c2aacd8 req-cf64622b-3f84-4d2d-80f5-5ffb2dfecfc1 025272a8333f4fe18d9f9a044294c742 eb644918f4014d2792720bed4cd20f95 - - default default] 10.0.0.84 "GET /v2.0/security-groups?id=f911eb5b-23e9-4fcc-b8b8-f00b0bf7c3c2&fields=id&fields=name HTTP/1.1" status: 200 len: 312 time: 0.0379424
2026-03-04 02:30:15.654 9 INFO neutron.api.wsgi [req-d048fe8c-7f5d-450d-8356-d94e5dd35d49 req-64b8a346-c015-4e0e-8662-bb6f4d62a908 f346acea9e31420298898c897b5aeb06 4670cb13e5e1477dbc5003654d252861 - - default default] 10.0.0.84 "GET /v2.0/ports?device_id=1478cbf5-c4cf-40ed-add4-11051cdb1cb6 HTTP/1.1" status: 200 len: 1170 time: 0.0329592
2026-03-04 02:30:15.693 9 INFO neutron.api.wsgi [req-d048fe8c-7f5d-450d-8356-d94e5dd35d49 req-f0c6d7e1-1baf-4458-b290-a2bb17cc9718 f346acea9e31420298898c897b5aeb06 4670cb13e5e1477dbc5003654d252861 - - default default] 10.0.0.84 "GET /v2.0/security-groups?id=ca271f3f-cbf1-489d-a4bf-71ea27108f78&fields=id&fields=name HTTP/1.1" status: 200 len: 312 time: 0.0326364
2026-03-04 02:30:15.912 8 INFO neutron.notifiers.nova [-] Nova event matching ['req-e5a64920-4f95-474c-9ca9-5103c061e685'] response: {'server_uuid': '1478cbf5-c4cf-40ed-add4-11051cdb1cb6', 'name': 'network-vif-plugged', 'status': 'completed', 'tag': '2cac8c19-2983-4800-aeda-be5d275a89ac', 'code': 200}
2026-03-04 02:30:15.912 8 INFO neutron.notifiers.nova [-] Nova event matching ['req-e5a64920-4f95-474c-9ca9-5103c061e685'] response: {'server_uuid': '1478cbf5-c4cf-40ed-add4-11051cdb1cb6', 'name': 'network-vif-plugged', 'status': 'completed', 'tag': '2cac8c19-2983-4800-aeda-be5d275a89ac', 'code': 200}
2026-03-04 02:30:15.913 8 INFO neutron.db.ovn_revision_numbers_db [req-429dc105-f278-460c-b5ae-e9cdd94e3ca5 req-92412880-605b-4387-a8f4-692242f7906c b694b9629e1444bd85d633409135e348 3373fd2c18a2463595396efa1d7b7622 - - default default] Successfully bumped revision number for resource afd7a4d7-a7db-4dfc-bec6-6338bf52b12c (type: ports) to 7
2026-03-04 02:30:15.923 8 INFO neutron.api.wsgi [req-429dc105-f278-460c-b5ae-e9cdd94e3ca5 req-92412880-605b-4387-a8f4-692242f7906c b694b9629e1444bd85d633409135e348 3373fd2c18a2463595396efa1d7b7622 - - default default] 199.204.45.122 "PUT /v2.0/ports/afd7a4d7-a7db-4dfc-bec6-6338bf52b12c HTTP/1.1" status: 200 len: 1171 time: 0.5887446
2026-03-04 02:30:15.981 9 INFO neutron.api.wsgi [req-76b796a6-6b25-4876-9260-257ba741f762 req-a2428675-0e32-45e8-ad12-2df91175d86a 22522b9e95264cac831685db027269e4 27ad4b8ef65f4b2a9b4de981bb816e70 - - default default] 10.0.0.84 "GET /v2.0/ports?device_id=1c10d284-8286-4bb9-808f-9b6d3bc8a8e4 HTTP/1.1" status: 200 len: 210 time: 0.0206602 /var/lib/openstack/lib/python3.12/site-packages/pycadf/identifier.py:71: UserWarning: Invalid uuid: neutron. To ensure interoperability, identifiers should be a valid uuid. warnings.warn(('Invalid uuid: %s. To ensure interoperability, '
2026-03-04 02:30:16.053 8 INFO neutron.api.wsgi [req-7d73836c-70c7-4d17-aac3-9990136ff4ce req-630a1111-0429-456d-9a3a-1f76fbacf31d 22522b9e95264cac831685db027269e4 27ad4b8ef65f4b2a9b4de981bb816e70 - - default default] 199.204.45.122 "GET /v2.0/networks?id=ee16576c-1a7f-4059-a60c-78abf441773c HTTP/1.1" status: 200 len: 876 time: 0.0552564
2026-03-04 02:30:16.061 8 WARNING neutron_lib.context [req-7d73836c-70c7-4d17-aac3-9990136ff4ce req-f9971c50-479e-4601-bc1c-7d4bbcc241b7 22522b9e95264cac831685db027269e4 27ad4b8ef65f4b2a9b4de981bb816e70 - - default default] Method 'is_advsvc' is deprecated since 2023.2 release (neutron-lib 3.8.0) and will be removed once support for the old RBAC API policies will be removed from Neutron. Please use method 'is_service_role' instead.
2026-03-04 02:30:16.335 8 WARNING neutron.scheduler.dhcp_agent_scheduler [req-7d73836c-70c7-4d17-aac3-9990136ff4ce req-f9971c50-479e-4601-bc1c-7d4bbcc241b7 22522b9e95264cac831685db027269e4 27ad4b8ef65f4b2a9b4de981bb816e70 - - default default] No more DHCP agents
2026-03-04 02:30:16.337 8 WARNING neutron.api.rpc.agentnotifiers.dhcp_rpc_agent_api [req-7d73836c-70c7-4d17-aac3-9990136ff4ce req-f9971c50-479e-4601-bc1c-7d4bbcc241b7 22522b9e95264cac831685db027269e4 27ad4b8ef65f4b2a9b4de981bb816e70 - - default default] Unable to schedule network ee16576c-1a7f-4059-a60c-78abf441773c: no agents available; will retry on subsequent port and subnet creation events.
2026-03-04 02:30:16.445 8 INFO neutron.db.ovn_revision_numbers_db [req-7d73836c-70c7-4d17-aac3-9990136ff4ce req-f9971c50-479e-4601-bc1c-7d4bbcc241b7 22522b9e95264cac831685db027269e4 27ad4b8ef65f4b2a9b4de981bb816e70 - - default default] Successfully bumped revision number for resource 90fa3442-7a0a-446a-a217-260a9be14945 (type: ports) to 1
2026-03-04 02:30:16.466 9 INFO neutron.api.wsgi [req-429dc105-f278-460c-b5ae-e9cdd94e3ca5 req-855e5e7b-2673-4675-8471-2e13184d0388 2967cf0343a74bbbaed3c2e15e1704a4 c32371e678144ec3aed8ee604137877a - - 0832263700184f97aff006fb9cce7bff 0832263700184f97aff006fb9cce7bff] 199.204.45.122 "GET /v2.0/ports?tenant_id=3373fd2c18a2463595396efa1d7b7622&device_id=7c63aa9b-113e-45e5-885b-a27525501f04 HTTP/1.1" status: 200 len: 1413 time: 0.0352974
2026-03-04 02:30:16.479 8 INFO neutron.api.wsgi [req-7d73836c-70c7-4d17-aac3-9990136ff4ce req-f9971c50-479e-4601-bc1c-7d4bbcc241b7 22522b9e95264cac831685db027269e4 27ad4b8ef65f4b2a9b4de981bb816e70 - - default default] 199.204.45.122 "POST /v2.0/ports HTTP/1.1" status: 201 len: 1158 time: 0.4221315 /var/lib/openstack/lib/python3.12/site-packages/pycadf/identifier.py:71: UserWarning: Invalid uuid: neutron. To ensure interoperability, identifiers should be a valid uuid. warnings.warn(('Invalid uuid: %s. To ensure interoperability, '
2026-03-04 02:30:16.505 9 INFO neutron.api.wsgi [req-429dc105-f278-460c-b5ae-e9cdd94e3ca5 req-76d2244d-fff9-40ac-9c3b-691b44b1f836 2967cf0343a74bbbaed3c2e15e1704a4 c32371e678144ec3aed8ee604137877a - - 0832263700184f97aff006fb9cce7bff 0832263700184f97aff006fb9cce7bff] 199.204.45.122 "GET /v2.0/networks?id=4739cf7b-e4c5-42d5-a169-adadeef66a0a HTTP/1.1" status: 200 len: 982 time: 0.0354133
2026-03-04 02:30:16.541 9 INFO neutron.api.wsgi [req-429dc105-f278-460c-b5ae-e9cdd94e3ca5 req-a92bda42-0592-4b89-aef4-c86fcf6d16c9 2967cf0343a74bbbaed3c2e15e1704a4 c32371e678144ec3aed8ee604137877a - - 0832263700184f97aff006fb9cce7bff 0832263700184f97aff006fb9cce7bff] 199.204.45.122 "GET /v2.0/floatingips?fixed_ip_address=10.100.0.14&port_id=afd7a4d7-a7db-4dfc-bec6-6338bf52b12c HTTP/1.1" status: 200 len: 1060 time: 0.0316775
2026-03-04 02:30:16.571 9 INFO neutron.api.wsgi [req-429dc105-f278-460c-b5ae-e9cdd94e3ca5 req-05b1b283-bd99-4f47-9c34-07eebdeda7b3 2967cf0343a74bbbaed3c2e15e1704a4 c32371e678144ec3aed8ee604137877a - - 0832263700184f97aff006fb9cce7bff 0832263700184f97aff006fb9cce7bff] 199.204.45.122 "GET /v2.0/subnets?id=ddb8de3e-5ff6-4dfe-b218-b19b0e09e526 HTTP/1.1" status: 200 len: 901 time: 0.0243430
2026-03-04 02:30:16.595 9 INFO neutron.api.wsgi [req-429dc105-f278-460c-b5ae-e9cdd94e3ca5 req-fa210aac-d231-47e7-a56e-982418da5ca1 2967cf0343a74bbbaed3c2e15e1704a4 c32371e678144ec3aed8ee604137877a - - 0832263700184f97aff006fb9cce7bff 0832263700184f97aff006fb9cce7bff] 199.204.45.122 "GET /v2.0/ports?network_id=4739cf7b-e4c5-42d5-a169-adadeef66a0a&device_owner=network%3Adhcp HTTP/1.1" status: 200 len: 210 time: 0.0164833
2026-03-04 02:30:16.687 8 INFO neutron.plugins.ml2.drivers.ovn.mech_driver.mech_driver [None req-a9bac716-afe3-475d-91cf-d6ee44d8199e - - - - - -] OVN reports status up for port: 5b7bd825-0154-4a22-bdaa-14647fe13d3d
2026-03-04 02:30:16.704 8 INFO neutron.plugins.ml2.plugin [None req-a9bac716-afe3-475d-91cf-d6ee44d8199e - - - - - -] Attempt 1 to provision port 5b7bd825-0154-4a22-bdaa-14647fe13d3d
2026-03-04 02:30:16.708 9 INFO neutron.api.wsgi [req-429dc105-f278-460c-b5ae-e9cdd94e3ca5 req-c353b0f9-8ce3-4ee4-8748-4e175e1e5e32 2967cf0343a74bbbaed3c2e15e1704a4 c32371e678144ec3aed8ee604137877a - - 0832263700184f97aff006fb9cce7bff 0832263700184f97aff006fb9cce7bff] 199.204.45.122 "GET /v2.0/networks/4739cf7b-e4c5-42d5-a169-adadeef66a0a?fields=segments HTTP/1.1" status: 200 len: 212 time: 0.1091070
2026-03-04 02:30:16.772 9 INFO neutron.api.wsgi [req-67859ade-70e5-4640-a32c-5a07f05596d6 req-93c22f75-b0b8-40ac-abaf-1a8f94b49714 025272a8333f4fe18d9f9a044294c742 eb644918f4014d2792720bed4cd20f95 - - default default] 10.0.0.84 "GET /v2.0/ports?device_id=f6b01dd5-592e-4cc9-896e-0770df903456 HTTP/1.1" status: 200 len: 1172 time: 0.0374391
2026-03-04 02:30:16.778 9 INFO neutron.api.wsgi [req-429dc105-f278-460c-b5ae-e9cdd94e3ca5 req-5c0f7d3b-eb67-490c-927e-253e77628d47 2967cf0343a74bbbaed3c2e15e1704a4 c32371e678144ec3aed8ee604137877a - - 0832263700184f97aff006fb9cce7bff 0832263700184f97aff006fb9cce7bff] 199.204.45.122 "GET /v2.0/networks/4739cf7b-e4c5-42d5-a169-adadeef66a0a?fields=provider%3Aphysical_network&fields=provider%3Anetwork_type HTTP/1.1" status: 200 len: 277 time: 0.0657890
2026-03-04 02:30:16.807 9 INFO neutron.api.wsgi [req-67859ade-70e5-4640-a32c-5a07f05596d6 req-59bfdd85-285a-45bc-b8e1-70437be2c4a7 025272a8333f4fe18d9f9a044294c742 eb644918f4014d2792720bed4cd20f95 - - default default] 10.0.0.84 "GET /v2.0/security-groups?id=f911eb5b-23e9-4fcc-b8b8-f00b0bf7c3c2&fields=id&fields=name HTTP/1.1" status: 200 len: 312 time: 0.0284297
2026-03-04 02:30:16.899 8 INFO neutron.db.ovn_revision_numbers_db [req-7d73836c-70c7-4d17-aac3-9990136ff4ce req-4b70648d-666f-4e83-abdd-eceb01daedfb 2967cf0343a74bbbaed3c2e15e1704a4 c32371e678144ec3aed8ee604137877a - - 0832263700184f97aff006fb9cce7bff 0832263700184f97aff006fb9cce7bff] Successfully bumped revision number for resource 90fa3442-7a0a-446a-a217-260a9be14945 (type: ports) to 2
2026-03-04 02:30:16.974 8 INFO neutron.db.ovn_revision_numbers_db [None req-a9bac716-afe3-475d-91cf-d6ee44d8199e - - - - - -] Successfully bumped revision number for resource 5b7bd825-0154-4a22-bdaa-14647fe13d3d (type: ports) to 5
2026-03-04 02:30:17.126 9 INFO neutron.api.wsgi [req-dbfdcbfb-cf99-462b-bf45-1629101a4bc9 req-99cbf670-b294-4d82-960a-71ebb80ed2bc 22522b9e95264cac831685db027269e4 27ad4b8ef65f4b2a9b4de981bb816e70 - - default default] 10.0.0.84 "GET /v2.0/ports?device_id=1c10d284-8286-4bb9-808f-9b6d3bc8a8e4 HTTP/1.1" status: 200 len: 1168 time: 0.0585356
2026-03-04 02:30:17.142 8 INFO neutron.db.ovn_revision_numbers_db [req-7d73836c-70c7-4d17-aac3-9990136ff4ce req-4b70648d-666f-4e83-abdd-eceb01daedfb 2967cf0343a74bbbaed3c2e15e1704a4 c32371e678144ec3aed8ee604137877a - - 0832263700184f97aff006fb9cce7bff 0832263700184f97aff006fb9cce7bff] Successfully bumped revision number for resource 90fa3442-7a0a-446a-a217-260a9be14945 (type: ports) to 4
2026-03-04 02:30:17.160 8 INFO neutron.api.wsgi [req-7d73836c-70c7-4d17-aac3-9990136ff4ce req-4b70648d-666f-4e83-abdd-eceb01daedfb 2967cf0343a74bbbaed3c2e15e1704a4 c32371e678144ec3aed8ee604137877a - - 0832263700184f97aff006fb9cce7bff 0832263700184f97aff006fb9cce7bff] 199.204.45.122 "PUT /v2.0/ports/90fa3442-7a0a-446a-a217-260a9be14945 HTTP/1.1" status: 200 len: 1404 time: 0.6784811
2026-03-04 02:30:17.169 9 INFO neutron.api.wsgi [req-dbfdcbfb-cf99-462b-bf45-1629101a4bc9 req-9cc36a77-0c7c-4126-a8d9-00743bb2a4dc 22522b9e95264cac831685db027269e4 27ad4b8ef65f4b2a9b4de981bb816e70 - - default default] 10.0.0.84 "GET /v2.0/security-groups?id=3cc0ba79-096b-418f-9d49-b693beb96d01&fields=id&fields=name HTTP/1.1" status: 200 len: 286 time: 0.0364585
2026-03-04 02:30:17.904 9 INFO neutron.api.wsgi [req-1170ed0e-c857-4e33-8bb8-1ff02e13a8f9 req-83ba1510-eeac-4ac1-b502-7dbd6dc09049 025272a8333f4fe18d9f9a044294c742 eb644918f4014d2792720bed4cd20f95 - - default default] 10.0.0.84 "GET /v2.0/ports?device_id=f6b01dd5-592e-4cc9-896e-0770df903456 HTTP/1.1" status: 200 len: 1174 time: 0.0348096
2026-03-04 02:30:17.953 9 INFO neutron.api.wsgi [req-1170ed0e-c857-4e33-8bb8-1ff02e13a8f9 req-73a4fae0-7452-4a57-984b-d5b407256083 025272a8333f4fe18d9f9a044294c742 eb644918f4014d2792720bed4cd20f95 - - default default] 10.0.0.84 "GET /v2.0/security-groups?id=f911eb5b-23e9-4fcc-b8b8-f00b0bf7c3c2&fields=id&fields=name HTTP/1.1" status: 200 len: 312 time: 0.0427213
2026-03-04 02:30:17.987 8 INFO neutron.notifiers.nova [-] Nova event matching ['req-ce491662-afbf-4852-9937-37c7797170c2'] response: {'name': 'network-changed', 'server_uuid': '7c63aa9b-113e-45e5-885b-a27525501f04', 'tag': 'afd7a4d7-a7db-4dfc-bec6-6338bf52b12c', 'status': 'completed', 'code': 200}
2026-03-04 02:30:17.988 8 INFO neutron.notifiers.nova [-] Nova event matching ['req-ce491662-afbf-4852-9937-37c7797170c2'] response: {'server_uuid': 'f6b01dd5-592e-4cc9-896e-0770df903456', 'name': 'network-vif-plugged', 'status': 'completed', 'tag': '5b7bd825-0154-4a22-bdaa-14647fe13d3d', 'code': 200}
2026-03-04 02:30:17.988 8 INFO neutron.notifiers.nova [-] Nova event matching ['req-ce491662-afbf-4852-9937-37c7797170c2'] response: {'server_uuid': 'f6b01dd5-592e-4cc9-896e-0770df903456', 'name': 'network-vif-plugged', 'status': 'completed', 'tag': '5b7bd825-0154-4a22-bdaa-14647fe13d3d', 'code': 200}
2026-03-04 02:30:17.988 9 INFO neutron.api.wsgi [req-3efffb04-457e-4fc3-b33b-e75639d9de29 req-c8fd809b-5fa9-498d-abce-7fdd6b6f317d b694b9629e1444bd85d633409135e348 3373fd2c18a2463595396efa1d7b7622 - - default default] 10.0.0.84 "GET /v2.0/ports?device_id=7c63aa9b-113e-45e5-885b-a27525501f04 HTTP/1.1" status: 200 len: 1174 time: 0.0724750
2026-03-04 02:30:17.988 8 INFO neutron.notifiers.nova [-] Nova event matching ['req-ce491662-afbf-4852-9937-37c7797170c2'] response: {'name': 'network-changed', 'server_uuid': '1c10d284-8286-4bb9-808f-9b6d3bc8a8e4', 'tag': '90fa3442-7a0a-446a-a217-260a9be14945', 'status': 'completed', 'code': 200}
2026-03-04 02:30:18.024 9 INFO neutron.api.wsgi [req-3efffb04-457e-4fc3-b33b-e75639d9de29 req-285de481-e2c2-40e0-9067-3b9f9aa50823 b694b9629e1444bd85d633409135e348 3373fd2c18a2463595396efa1d7b7622 - - default default] 10.0.0.84 "GET /v2.0/security-groups?id=f802ab91-7186-423d-bdec-e9cf04a1b5cf&fields=id&fields=name HTTP/1.1" status: 200 len: 313 time: 0.0284121 /var/lib/openstack/lib/python3.12/site-packages/pycadf/identifier.py:71: UserWarning: Invalid uuid: neutron. To ensure interoperability, identifiers should be a valid uuid. warnings.warn(('Invalid uuid: %s. To ensure interoperability, '
2026-03-04 02:30:18.210 8 INFO neutron.api.wsgi [req-7d73836c-70c7-4d17-aac3-9990136ff4ce req-f9bb7694-b28b-451f-9590-24dfb691f226 2967cf0343a74bbbaed3c2e15e1704a4 c32371e678144ec3aed8ee604137877a - - 0832263700184f97aff006fb9cce7bff 0832263700184f97aff006fb9cce7bff] 199.204.45.122 "GET /v2.0/ports?tenant_id=27ad4b8ef65f4b2a9b4de981bb816e70&device_id=1c10d284-8286-4bb9-808f-9b6d3bc8a8e4 HTTP/1.1" status: 200 len: 1407 time: 0.0343246
2026-03-04 02:30:18.248 8 INFO neutron.api.wsgi [req-7d73836c-70c7-4d17-aac3-9990136ff4ce req-0ec3bb9b-f5d1-4e0e-98dd-1669df8a13a3 2967cf0343a74bbbaed3c2e15e1704a4 c32371e678144ec3aed8ee604137877a - - 0832263700184f97aff006fb9cce7bff 0832263700184f97aff006fb9cce7bff] 199.204.45.122 "GET /v2.0/floatingips?fixed_ip_address=10.100.0.7&port_id=90fa3442-7a0a-446a-a217-260a9be14945 HTTP/1.1" status: 200 len: 217 time: 0.0322678
2026-03-04 02:30:18.264 9 INFO neutron.api.wsgi [req-69ed561c-4450-49b6-a74e-492b2a97e1d1 req-cde2da51-09f7-43eb-80d8-d70a185e2005 22522b9e95264cac831685db027269e4 27ad4b8ef65f4b2a9b4de981bb816e70 - - default default] 10.0.0.84 "GET /v2.0/ports?device_id=1c10d284-8286-4bb9-808f-9b6d3bc8a8e4 HTTP/1.1" status: 200 len: 1168 time: 0.0308077
2026-03-04 02:30:18.294 8 INFO neutron.api.wsgi [req-7d73836c-70c7-4d17-aac3-9990136ff4ce req-450fcc90-92e6-47b3-bf18-14a7e86bc427 2967cf0343a74bbbaed3c2e15e1704a4 c32371e678144ec3aed8ee604137877a - - 0832263700184f97aff006fb9cce7bff 0832263700184f97aff006fb9cce7bff] 199.204.45.122 "GET /v2.0/subnets?id=f1d3970a-a3d4-4cbb-9f1a-560a0ebc30ab HTTP/1.1" status: 200 len: 894 time: 0.0237310
2026-03-04 02:30:18.300 9 INFO neutron.api.wsgi [req-69ed561c-4450-49b6-a74e-492b2a97e1d1 req-0b5fd3e3-cb00-453c-a608-d2a24d25adb0 22522b9e95264cac831685db027269e4 27ad4b8ef65f4b2a9b4de981bb816e70 - - default default] 10.0.0.84 "GET /v2.0/security-groups?id=3cc0ba79-096b-418f-9d49-b693beb96d01&fields=id&fields=name HTTP/1.1" status: 200 len: 286 time: 0.0301387
2026-03-04 02:30:18.313 8 INFO neutron.api.wsgi [req-7d73836c-70c7-4d17-aac3-9990136ff4ce req-40e6b3cf-8c71-4fb9-a6dc-36d51749e5db 2967cf0343a74bbbaed3c2e15e1704a4 c32371e678144ec3aed8ee604137877a - - 0832263700184f97aff006fb9cce7bff 0832263700184f97aff006fb9cce7bff] 199.204.45.122 "GET /v2.0/ports?network_id=ee16576c-1a7f-4059-a60c-78abf441773c&device_owner=network%3Adhcp HTTP/1.1" status: 200 len: 210 time: 0.0142219
