2026-03-04 02:29:40.441 9 INFO neutron.api.wsgi [req-9967971d-1acb-4c2d-abd1-b8e14be37d27 req-bd36e9d5-304f-48b0-97cc-6278a4c9b565 b694b9629e1444bd85d633409135e348 3373fd2c18a2463595396efa1d7b7622 - - default default] 10.0.0.84 "GET /v2.0/ports?device_id=7c63aa9b-113e-45e5-885b-a27525501f04 HTTP/1.1" status: 200 len: 1160 time: 0.0695479
2026-03-04 02:29:40.482 9 INFO neutron.api.wsgi [req-9967971d-1acb-4c2d-abd1-b8e14be37d27 req-5789eea0-0a78-47c1-a78c-e4d3b48bb37f b694b9629e1444bd85d633409135e348 3373fd2c18a2463595396efa1d7b7622 - - default default] 10.0.0.84 "GET /v2.0/security-groups?id=f802ab91-7186-423d-bdec-e9cf04a1b5cf&fields=id&fields=name HTTP/1.1" status: 200 len: 313 time: 0.0344932
2026-03-04 02:29:40.523 9 INFO neutron.db.ovn_revision_numbers_db [None req-d8d7bd27-f9e0-43d4-821d-0305ff03decc ae119c5d3767453f841afc16aea85ca8 d415d15cad7c4e5dae1b340cf898c857 - - default default] Successfully bumped revision number for resource 0334495f-4226-4aef-bb04-ee994b403d93 (type: security_groups) to 1
2026-03-04 02:29:40.535 9 INFO neutron.db.ovn_revision_numbers_db [None req-d8d7bd27-f9e0-43d4-821d-0305ff03decc ae119c5d3767453f841afc16aea85ca8 d415d15cad7c4e5dae1b340cf898c857 - - default default] Successfully bumped revision number for resource 46b0ce43-71f3-41ef-9636-e2f445ccebea (type: security_group_rules) to 0
2026-03-04 02:29:40.546 9 INFO neutron.db.ovn_revision_numbers_db [None req-d8d7bd27-f9e0-43d4-821d-0305ff03decc ae119c5d3767453f841afc16aea85ca8 d415d15cad7c4e5dae1b340cf898c857 - - default default] Successfully bumped revision number for resource be3788b5-81ef-4e8f-a303-23ed96545b97 (type: security_group_rules) to 0
2026-03-04 02:29:40.558 9 INFO neutron.db.ovn_revision_numbers_db [None req-d8d7bd27-f9e0-43d4-821d-0305ff03decc ae119c5d3767453f841afc16aea85ca8 d415d15cad7c4e5dae1b340cf898c857 - - default default] Successfully bumped revision number for resource caa65eff-ff98-4259-b425-0d698d525d81 (type: security_group_rules) to 0
2026-03-04 02:29:40.570 9 INFO neutron.db.ovn_revision_numbers_db [None req-d8d7bd27-f9e0-43d4-821d-0305ff03decc ae119c5d3767453f841afc16aea85ca8 d415d15cad7c4e5dae1b340cf898c857 - - default default] Successfully bumped revision number for resource f065b392-9e19-4a80-9586-2b24e891de00 (type: security_group_rules) to 0
2026-03-04 02:29:40.643 9 INFO neutron.db.segments_db [None req-d8d7bd27-f9e0-43d4-821d-0305ff03decc ae119c5d3767453f841afc16aea85ca8 d415d15cad7c4e5dae1b340cf898c857 - - default default] Added segment a8cb9ace-90f9-4c8f-8076-86d4221bb5d7 of type geneve for network 5cb1c6c2-851e-4db3-b612-918291ff1ae8
2026-03-04 02:29:40.886 9 INFO neutron.api.wsgi [req-69a1e625-270f-43de-b520-5b8b7cd3d763 req-77681fcc-cdb8-42f0-9e23-2291b0b71515 f346acea9e31420298898c897b5aeb06 4670cb13e5e1477dbc5003654d252861 - - default default] 10.0.0.84 "GET /v2.0/ports?device_id=1478cbf5-c4cf-40ed-add4-11051cdb1cb6 HTTP/1.1" status: 200 len: 210 time: 0.0125196
2026-03-04 02:29:40.898 9 INFO neutron.db.ovn_revision_numbers_db [None req-d8d7bd27-f9e0-43d4-821d-0305ff03decc ae119c5d3767453f841afc16aea85ca8 d415d15cad7c4e5dae1b340cf898c857 - - default default] Successfully bumped revision number for resource 5cb1c6c2-851e-4db3-b612-918291ff1ae8 (type: networks) to 1
2026-03-04 02:29:40.982 8 INFO neutron.db.ovn_revision_numbers_db [req-7b9d9ce8-921b-4a88-ada5-13ca01e0c5ad req-2dabe4d4-d61c-4b80-8550-c774c1836991 2967cf0343a74bbbaed3c2e15e1704a4 c32371e678144ec3aed8ee604137877a - - 0832263700184f97aff006fb9cce7bff 0832263700184f97aff006fb9cce7bff] Successfully bumped revision number for resource afd7a4d7-a7db-4dfc-bec6-6338bf52b12c (type: ports) to 2
2026-03-04 02:29:41.046 9 WARNING neutron.scheduler.dhcp_agent_scheduler [None req-d8d7bd27-f9e0-43d4-821d-0305ff03decc ae119c5d3767453f841afc16aea85ca8 d415d15cad7c4e5dae1b340cf898c857 - - default default] No more DHCP agents
2026-03-04 02:29:41.047 9 WARNING neutron.api.rpc.agentnotifiers.dhcp_rpc_agent_api [None req-d8d7bd27-f9e0-43d4-821d-0305ff03decc ae119c5d3767453f841afc16aea85ca8 d415d15cad7c4e5dae1b340cf898c857 - - default default] Unable to schedule network 5cb1c6c2-851e-4db3-b612-918291ff1ae8: no agents available; will retry on subsequent port and subnet creation events.
2026-03-04 02:29:41.099 9 INFO neutron.db.ovn_revision_numbers_db [None req-d8d7bd27-f9e0-43d4-821d-0305ff03decc ae119c5d3767453f841afc16aea85ca8 d415d15cad7c4e5dae1b340cf898c857 - - default default] Successfully bumped revision number for resource 21fc7628-db03-4292-9936-f5c0046938d1 (type: ports) to 1
2026-03-04 02:29:41.118 9 INFO neutron.api.wsgi [None req-d8d7bd27-f9e0-43d4-821d-0305ff03decc ae119c5d3767453f841afc16aea85ca8 d415d15cad7c4e5dae1b340cf898c857 - - default default] 10.0.0.40 "POST /v2.0/networks HTTP/1.1" status: 201 len: 947 time: 0.8355887
2026-03-04 02:29:41.185 8 INFO neutron.db.ovn_revision_numbers_db [req-7b9d9ce8-921b-4a88-ada5-13ca01e0c5ad req-2dabe4d4-d61c-4b80-8550-c774c1836991 2967cf0343a74bbbaed3c2e15e1704a4 c32371e678144ec3aed8ee604137877a - - 0832263700184f97aff006fb9cce7bff 0832263700184f97aff006fb9cce7bff] Successfully bumped revision number for resource afd7a4d7-a7db-4dfc-bec6-6338bf52b12c (type: ports) to 4
2026-03-04 02:29:41.200 8 INFO neutron.api.wsgi [req-7b9d9ce8-921b-4a88-ada5-13ca01e0c5ad req-2dabe4d4-d61c-4b80-8550-c774c1836991 2967cf0343a74bbbaed3c2e15e1704a4 c32371e678144ec3aed8ee604137877a - - 0832263700184f97aff006fb9cce7bff 0832263700184f97aff006fb9cce7bff] 199.204.45.122 "PUT /v2.0/ports/afd7a4d7-a7db-4dfc-bec6-6338bf52b12c HTTP/1.1" status: 200 len: 1408 time: 0.5600231
2026-03-04 02:29:41.226 9 WARNING neutron.scheduler.dhcp_agent_scheduler [None req-5a409e38-d022-47f1-af32-bfbad1dde01d ae119c5d3767453f841afc16aea85ca8 d415d15cad7c4e5dae1b340cf898c857 - - default default] No more DHCP agents
2026-03-04 02:29:41.228 9 WARNING neutron.api.rpc.agentnotifiers.dhcp_rpc_agent_api [None req-5a409e38-d022-47f1-af32-bfbad1dde01d ae119c5d3767453f841afc16aea85ca8 d415d15cad7c4e5dae1b340cf898c857 - - default default] Unable to schedule network 5cb1c6c2-851e-4db3-b612-918291ff1ae8: no agents available; will retry on subsequent port and subnet creation events. /var/lib/openstack/lib/python3.12/site-packages/pycadf/identifier.py:71: UserWarning: Invalid uuid: neutron. To ensure interoperability, identifiers should be a valid uuid. warnings.warn(('Invalid uuid: %s. To ensure interoperability, '
2026-03-04 02:29:41.357 8 INFO neutron.api.wsgi [req-93e74b6b-b661-44fd-8037-b856831f520c req-55782464-b57a-4679-b896-10f329bd2a13 f346acea9e31420298898c897b5aeb06 4670cb13e5e1477dbc5003654d252861 - - default default] 199.204.45.122 "GET /v2.0/networks?id=67d03345-6da4-46df-b83f-76a69f8bdb49 HTTP/1.1" status: 200 len: 875 time: 0.0416493
2026-03-04 02:29:41.394 8 INFO neutron.api.wsgi [req-93e74b6b-b661-44fd-8037-b856831f520c req-8413d601-a05a-43e7-9e79-dfa920313664 f346acea9e31420298898c897b5aeb06 4670cb13e5e1477dbc5003654d252861 - - default default] 199.204.45.122 "GET /v2.0/security-groups?fields=id&fields=name&tenant_id=4670cb13e5e1477dbc5003654d252861 HTTP/1.1" status: 200 len: 379 time: 0.0312223
2026-03-04 02:29:41.400 8 WARNING neutron_lib.context [req-93e74b6b-b661-44fd-8037-b856831f520c req-072da6e5-fe17-4a6d-8fc2-a2ac14382a5e f346acea9e31420298898c897b5aeb06 4670cb13e5e1477dbc5003654d252861 - - default default] Method 'is_advsvc' is deprecated since 2023.2 release (neutron-lib 3.8.0) and will be removed once support for the old RBAC API policies will be removed from Neutron. Please use method 'is_service_role' instead.
2026-03-04 02:29:41.441 9 INFO neutron.api.wsgi [req-466cbca5-07d4-40cd-8bde-5432df2934b3 req-6fe33dae-dd57-4d69-b275-ee4ab31752ab e78c77361aa54838aad6086fefef51d2 4f87187883ec444e967854cfb06a9d6d - - default default] 10.0.0.84 "GET /v2.0/ports?device_id=92ed8e81-7b8e-451e-b006-08c96d4ae253 HTTP/1.1" status: 200 len: 210 time: 0.0208297
2026-03-04 02:29:41.504 9 WARNING neutron.plugins.ml2.drivers.ovn.mech_driver.ovsdb.ovn_client [None req-be3ce2c9-40ad-41e2-ad68-0c101ee61cd5 - - - - - -] No hosting information found for port 723b7dfe-69d5-42b7-b6a5-303a843135ce: RuntimeError: No hosting information found for port 723b7dfe-69d5-42b7-b6a5-303a843135ce
2026-03-04 02:29:41.510 8 WARNING neutron.plugins.ml2.drivers.ovn.mech_driver.ovsdb.ovn_client [None req-1f8ed463-c009-4a3d-9bcd-23d1c0cce0e4 - - - - - -] No hosting information found for port 27d37a43-9286-4700-80cf-c6aa8d546f4f: RuntimeError: No hosting information found for port 27d37a43-9286-4700-80cf-c6aa8d546f4f
2026-03-04 02:29:41.510 8 INFO neutron.plugins.ml2.drivers.ovn.mech_driver.mech_driver [None req-1f8ed463-c009-4a3d-9bcd-23d1c0cce0e4 - - - - - -] OVN reports status up for port: 464282e0-9cec-49dd-b07a-e80390bbe792
2026-03-04 02:29:41.524 8 INFO neutron.plugins.ml2.plugin [None req-1f8ed463-c009-4a3d-9bcd-23d1c0cce0e4 - - - - - -] Attempt 1 to provision port 464282e0-9cec-49dd-b07a-e80390bbe792
2026-03-04 02:29:41.605 9 INFO neutron.api.wsgi [req-c027da29-24c0-41c5-bece-53975a1fa09b req-7c3a841c-9e79-4442-a0d5-15aa970e3892 b694b9629e1444bd85d633409135e348 3373fd2c18a2463595396efa1d7b7622 - - default default] 10.0.0.84 "GET /v2.0/ports?device_id=7c63aa9b-113e-45e5-885b-a27525501f04 HTTP/1.1" status: 200 len: 1172 time: 0.0578480
2026-03-04 02:29:41.617 9 INFO neutron.db.ovn_revision_numbers_db [None req-be3ce2c9-40ad-41e2-ad68-0c101ee61cd5 - - - - - -] Successfully bumped revision number for resource 723b7dfe-69d5-42b7-b6a5-303a843135ce (type: router_ports) to 2
2026-03-04 02:29:41.661 9 INFO neutron.api.wsgi [req-c027da29-24c0-41c5-bece-53975a1fa09b req-1d54b0e8-8ca0-45d5-8387-63814afc86f8 b694b9629e1444bd85d633409135e348 3373fd2c18a2463595396efa1d7b7622 - - default default] 10.0.0.84 "GET /v2.0/security-groups?id=f802ab91-7186-423d-bdec-e9cf04a1b5cf&fields=id&fields=name HTTP/1.1" status: 200 len: 313 time: 0.0512929
2026-03-04 02:29:41.682 8 INFO neutron.notifiers.nova [-] Nova event matching ['req-57887a21-e95a-4e36-97b7-8cab6a61314a'] response: {'name': 'network-changed', 'server_uuid': '7c63aa9b-113e-45e5-885b-a27525501f04', 'tag': 'afd7a4d7-a7db-4dfc-bec6-6338bf52b12c', 'status': 'completed', 'code': 200}
2026-03-04 02:29:41.708 8 WARNING neutron.scheduler.dhcp_agent_scheduler [req-93e74b6b-b661-44fd-8037-b856831f520c req-072da6e5-fe17-4a6d-8fc2-a2ac14382a5e f346acea9e31420298898c897b5aeb06 4670cb13e5e1477dbc5003654d252861 - - default default] No more DHCP agents
2026-03-04 02:29:41.710 8 WARNING neutron.api.rpc.agentnotifiers.dhcp_rpc_agent_api [req-93e74b6b-b661-44fd-8037-b856831f520c req-072da6e5-fe17-4a6d-8fc2-a2ac14382a5e f346acea9e31420298898c897b5aeb06 4670cb13e5e1477dbc5003654d252861 - - default default] Unable to schedule network 67d03345-6da4-46df-b83f-76a69f8bdb49: no agents available; will retry on subsequent port and subnet creation events.
2026-03-04 02:29:41.721 8 INFO neutron.db.ovn_revision_numbers_db [None req-1f8ed463-c009-4a3d-9bcd-23d1c0cce0e4 - - - - - -] Successfully bumped revision number for resource e72d18bb-4eca-42a6-95fa-8abd42ab0b8c (type: router_ports) to 2
2026-03-04 02:29:41.728 9 INFO neutron.db.ovn_revision_numbers_db [None req-556bb939-4ce6-4fae-ab08-190f9a5d7f64 - - - - - -] Successfully bumped revision number for resource 21fc7628-db03-4292-9936-f5c0046938d1 (type: ports) to 2
2026-03-04 02:29:41.754 9 INFO neutron.db.ovn_revision_numbers_db [None req-556bb939-4ce6-4fae-ab08-190f9a5d7f64 - - - - - -] Successfully bumped revision number for resource 6e3ed03b-7a99-4414-8ebd-52d8745882d2 (type: subnets) to 0
2026-03-04 02:29:41.769 9 INFO neutron.api.wsgi [None req-5a409e38-d022-47f1-af32-bfbad1dde01d ae119c5d3767453f841afc16aea85ca8 d415d15cad7c4e5dae1b340cf898c857 - - default default] 10.0.0.40 "POST /v2.0/subnets HTTP/1.1" status: 201 len: 891 time: 0.6456804
2026-03-04 02:29:41.796 8 INFO neutron.db.ovn_revision_numbers_db [None req-1f8ed463-c009-4a3d-9bcd-23d1c0cce0e4 - - - - - -] Successfully bumped revision number for resource 27d37a43-9286-4700-80cf-c6aa8d546f4f (type: router_ports) to 2
2026-03-04 02:29:41.830 8 INFO neutron.db.ovn_revision_numbers_db [req-93e74b6b-b661-44fd-8037-b856831f520c req-072da6e5-fe17-4a6d-8fc2-a2ac14382a5e f346acea9e31420298898c897b5aeb06 4670cb13e5e1477dbc5003654d252861 - - default default] Successfully bumped revision number for resource 2cac8c19-2983-4800-aeda-be5d275a89ac (type: ports) to 1
2026-03-04 02:29:41.853 8 INFO neutron.api.wsgi [req-93e74b6b-b661-44fd-8037-b856831f520c req-072da6e5-fe17-4a6d-8fc2-a2ac14382a5e f346acea9e31420298898c897b5aeb06 4670cb13e5e1477dbc5003654d252861 - - default default] 199.204.45.122 "POST /v2.0/ports HTTP/1.1" status: 201 len: 1158 time: 0.4558115 /var/lib/openstack/lib/python3.12/site-packages/pycadf/identifier.py:71: UserWarning: Invalid uuid: neutron. To ensure interoperability, identifiers should be a valid uuid. warnings.warn(('Invalid uuid: %s. To ensure interoperability, '
2026-03-04 02:29:42.037 9 INFO neutron.api.wsgi [req-e65bf363-3426-4202-892c-4ff3c6a7b9bf req-7c9b8c87-ca9a-47f7-8024-3a54b47045a2 f346acea9e31420298898c897b5aeb06 4670cb13e5e1477dbc5003654d252861 - - default default] 10.0.0.84 "GET /v2.0/ports?device_id=1478cbf5-c4cf-40ed-add4-11051cdb1cb6 HTTP/1.1" status: 200 len: 1156 time: 0.0892057
2026-03-04 02:29:42.089 9 INFO neutron.api.wsgi [req-e65bf363-3426-4202-892c-4ff3c6a7b9bf req-f36bcef1-d810-4a1b-a11b-c0925e1887c4 f346acea9e31420298898c897b5aeb06 4670cb13e5e1477dbc5003654d252861 - - default default] 10.0.0.84 "GET /v2.0/security-groups?id=ca271f3f-cbf1-489d-a4bf-71ea27108f78&fields=id&fields=name HTTP/1.1" status: 200 len: 312 time: 0.0472634
2026-03-04 02:29:42.187 9 WARNING neutron.scheduler.dhcp_agent_scheduler [None req-bd19e9cd-a0a8-4168-ac94-267755e9ee5b ae119c5d3767453f841afc16aea85ca8 d415d15cad7c4e5dae1b340cf898c857 - - default default] No more DHCP agents
2026-03-04 02:29:42.189 9 WARNING neutron.api.rpc.agentnotifiers.dhcp_rpc_agent_api [None req-bd19e9cd-a0a8-4168-ac94-267755e9ee5b ae119c5d3767453f841afc16aea85ca8 d415d15cad7c4e5dae1b340cf898c857 - - default default] Unable to schedule network 9c30c68c-68f4-45f5-9b2c-8d6fb79c4d19: no agents available; will retry on subsequent port and subnet creation events.
2026-03-04 02:29:42.191 8 INFO neutron.db.ovn_revision_numbers_db [req-93e74b6b-b661-44fd-8037-b856831f520c req-ece3c2fe-8e67-4ed5-9573-df810ee131f4 2967cf0343a74bbbaed3c2e15e1704a4 c32371e678144ec3aed8ee604137877a - - 0832263700184f97aff006fb9cce7bff 0832263700184f97aff006fb9cce7bff] Successfully bumped revision number for resource 2cac8c19-2983-4800-aeda-be5d275a89ac (type: ports) to 2 /var/lib/openstack/lib/python3.12/site-packages/pycadf/identifier.py:71: UserWarning: Invalid uuid: neutron. To ensure interoperability, identifiers should be a valid uuid. warnings.warn(('Invalid uuid: %s. To ensure interoperability, '
2026-03-04 02:29:42.253 8 INFO neutron.api.wsgi [req-2ff25eb2-e43b-4cb1-a7d1-9b13a4639d8c req-45a104b7-1011-41d9-8850-7494c9c12466 2967cf0343a74bbbaed3c2e15e1704a4 c32371e678144ec3aed8ee604137877a - - 0832263700184f97aff006fb9cce7bff 0832263700184f97aff006fb9cce7bff] 199.204.45.122 "GET /v2.0/ports?tenant_id=3373fd2c18a2463595396efa1d7b7622&device_id=7c63aa9b-113e-45e5-885b-a27525501f04 HTTP/1.1" status: 200 len: 1411 time: 0.0592008
2026-03-04 02:29:42.299 9 INFO neutron.db.ovn_revision_numbers_db [None req-bd19e9cd-a0a8-4168-ac94-267755e9ee5b ae119c5d3767453f841afc16aea85ca8 d415d15cad7c4e5dae1b340cf898c857 - - default default] Successfully bumped revision number for resource a69ca6eb-81d3-43b4-aded-578eab9d24e5 (type: ports) to 1
2026-03-04 02:29:42.322 8 INFO neutron.api.wsgi [req-2ff25eb2-e43b-4cb1-a7d1-9b13a4639d8c req-ac88df36-fc07-4b57-a175-6f73c0549b8a 2967cf0343a74bbbaed3c2e15e1704a4 c32371e678144ec3aed8ee604137877a - - 0832263700184f97aff006fb9cce7bff 0832263700184f97aff006fb9cce7bff] 199.204.45.122 "GET /v2.0/networks?tenant_id=3373fd2c18a2463595396efa1d7b7622&shared=False HTTP/1.1" status: 200 len: 982 time: 0.0634842
2026-03-04 02:29:42.391 8 INFO neutron.api.wsgi [req-2ff25eb2-e43b-4cb1-a7d1-9b13a4639d8c req-7631cc34-ec66-436b-a0aa-d15016dc0ade 2967cf0343a74bbbaed3c2e15e1704a4 c32371e678144ec3aed8ee604137877a - - 0832263700184f97aff006fb9cce7bff 0832263700184f97aff006fb9cce7bff] 199.204.45.122 "GET /v2.0/networks?shared=True HTTP/1.1" status: 200 len: 952 time: 0.0634782
2026-03-04 02:29:42.489 8 INFO neutron.db.ovn_revision_numbers_db [req-93e74b6b-b661-44fd-8037-b856831f520c req-ece3c2fe-8e67-4ed5-9573-df810ee131f4 2967cf0343a74bbbaed3c2e15e1704a4 c32371e678144ec3aed8ee604137877a - - 0832263700184f97aff006fb9cce7bff 0832263700184f97aff006fb9cce7bff] Successfully bumped revision number for resource 2cac8c19-2983-4800-aeda-be5d275a89ac (type: ports) to 4
2026-03-04 02:29:42.506 8 INFO neutron.api.wsgi [req-93e74b6b-b661-44fd-8037-b856831f520c req-ece3c2fe-8e67-4ed5-9573-df810ee131f4 2967cf0343a74bbbaed3c2e15e1704a4 c32371e678144ec3aed8ee604137877a - - 0832263700184f97aff006fb9cce7bff 0832263700184f97aff006fb9cce7bff] 199.204.45.122 "PUT /v2.0/ports/2cac8c19-2983-4800-aeda-be5d275a89ac HTTP/1.1" status: 200 len: 1404 time: 0.6496894
2026-03-04 02:29:42.520 9 INFO neutron.api.wsgi [req-094f21e1-5db7-4d6b-b1e3-b0c07766000f req-bcd7223d-e0b3-4a82-8eb9-2cf5d833d6b6 e78c77361aa54838aad6086fefef51d2 4f87187883ec444e967854cfb06a9d6d - - default default] 10.0.0.84 "GET /v2.0/ports?device_id=92ed8e81-7b8e-451e-b006-08c96d4ae253 HTTP/1.1" status: 200 len: 210 time: 0.0187047
2026-03-04 02:29:42.749 9 INFO neutron.api.wsgi [req-cab6d820-3af4-40e6-bc77-3c7d5bc2b70a req-25ef82dc-c517-4526-be5e-63a50702f252 b694b9629e1444bd85d633409135e348 3373fd2c18a2463595396efa1d7b7622 - - default default] 10.0.0.84 "GET /v2.0/ports?device_id=7c63aa9b-113e-45e5-885b-a27525501f04 HTTP/1.1" status: 200 len: 1172 time: 0.0326862
2026-03-04 02:29:42.796 9 INFO neutron.api.wsgi [req-cab6d820-3af4-40e6-bc77-3c7d5bc2b70a req-09ed7dcc-5018-497e-b437-083a917bdc9d b694b9629e1444bd85d633409135e348 3373fd2c18a2463595396efa1d7b7622 - - default default] 10.0.0.84 "GET /v2.0/security-groups?id=f802ab91-7186-423d-bdec-e9cf04a1b5cf&fields=id&fields=name HTTP/1.1" status: 200 len: 313 time: 0.0436554
2026-03-04 02:29:42.863 9 INFO neutron.plugins.ml2.drivers.ovn.mech_driver.ovsdb.commands [None req-707342e5-15d1-47ec-936f-78a71305f7c0 - - - - - -] Schedule LRP lrp-a69ca6eb-81d3-43b4-aded-578eab9d24e5 on gateway 7bdb9c0d-7b5a-457f-a5f3-7706425d9cbd with priority 1
2026-03-04 02:29:42.872 8 INFO neutron.plugins.ml2.drivers.ovn.mech_driver.mech_driver [None req-1f8ed463-c009-4a3d-9bcd-23d1c0cce0e4 - - - - - -] OVN reports status up for port: a69ca6eb-81d3-43b4-aded-578eab9d24e5
2026-03-04 02:29:42.884 8 INFO neutron.plugins.ml2.plugin [None req-1f8ed463-c009-4a3d-9bcd-23d1c0cce0e4 - - - - - -] Attempt 1 to provision port a69ca6eb-81d3-43b4-aded-578eab9d24e5
2026-03-04 02:29:42.891 9 INFO neutron.plugins.ml2.drivers.ovn.mech_driver.ovsdb.ovsdb_monitor [None req-a7453864-0fca-417d-8165-a1f15978f3f5 - - - - - -] Router bb327947-c741-4fd6-89fb-9475c27e1e72 is bound to host instance
2026-03-04 02:29:42.913 9 INFO neutron.db.ovn_revision_numbers_db [None req-bd19e9cd-a0a8-4168-ac94-267755e9ee5b ae119c5d3767453f841afc16aea85ca8 d415d15cad7c4e5dae1b340cf898c857 - - default default] Successfully bumped revision number for resource a69ca6eb-81d3-43b4-aded-578eab9d24e5 (type: router_ports) to 1
2026-03-04 02:29:42.987 9 INFO neutron.db.ovn_revision_numbers_db [None req-bd19e9cd-a0a8-4168-ac94-267755e9ee5b ae119c5d3767453f841afc16aea85ca8 d415d15cad7c4e5dae1b340cf898c857 - - default default] Successfully bumped revision number for resource bb327947-c741-4fd6-89fb-9475c27e1e72 (type: routers) to 2
2026-03-04 02:29:43.004 9 INFO neutron.api.wsgi [None req-bd19e9cd-a0a8-4168-ac94-267755e9ee5b ae119c5d3767453f841afc16aea85ca8 d415d15cad7c4e5dae1b340cf898c857 - - default default] 10.0.0.40 "POST /v2.0/routers HTTP/1.1" status: 201 len: 1169 time: 1.2299149
2026-03-04 02:29:43.181 9 INFO neutron.api.wsgi [req-ae57314e-1f1a-4c72-a47a-69702bd27ca0 req-15465ce4-836e-47b5-8c2c-fb1c81a7deaf f346acea9e31420298898c897b5aeb06 4670cb13e5e1477dbc5003654d252861 - - default default] 10.0.0.84 "GET /v2.0/ports?device_id=1478cbf5-c4cf-40ed-add4-11051cdb1cb6 HTTP/1.1" status: 200 len: 1168 time: 0.0378704
2026-03-04 02:29:43.234 9 INFO neutron.api.wsgi [req-ae57314e-1f1a-4c72-a47a-69702bd27ca0 req-70332314-38a7-404d-b822-b84c3334a937 f346acea9e31420298898c897b5aeb06 4670cb13e5e1477dbc5003654d252861 - - default default] 10.0.0.84 "GET /v2.0/security-groups?id=ca271f3f-cbf1-489d-a4bf-71ea27108f78&fields=id&fields=name HTTP/1.1" status: 200 len: 312 time: 0.0491104 /var/lib/openstack/lib/python3.12/site-packages/pycadf/identifier.py:71: UserWarning: Invalid uuid: neutron. To ensure interoperability, identifiers should be a valid uuid. warnings.warn(('Invalid uuid: %s. To ensure interoperability, '
2026-03-04 02:29:43.424 9 INFO neutron.db.ovn_revision_numbers_db [None req-5b0460f7-482b-4c73-8fe4-184147d4cd52 - - - - - -] Successfully bumped revision number for resource a69ca6eb-81d3-43b4-aded-578eab9d24e5 (type: ports) to 1
2026-03-04 02:29:43.461 8 INFO neutron.api.wsgi [req-7b9d9ce8-921b-4a88-ada5-13ca01e0c5ad req-61a45d27-9170-4314-9fe7-0a12d18c4e25 2967cf0343a74bbbaed3c2e15e1704a4 c32371e678144ec3aed8ee604137877a - - 0832263700184f97aff006fb9cce7bff 0832263700184f97aff006fb9cce7bff] 199.204.45.122 "GET /v2.0/ports?tenant_id=3373fd2c18a2463595396efa1d7b7622&device_id=7c63aa9b-113e-45e5-885b-a27525501f04 HTTP/1.1" status: 200 len: 1411 time: 0.0556250
2026-03-04 02:29:43.504 8 INFO neutron.api.wsgi [req-7b9d9ce8-921b-4a88-ada5-13ca01e0c5ad req-b3ae5435-78d9-4e23-af35-0820fbd5b20d 2967cf0343a74bbbaed3c2e15e1704a4 c32371e678144ec3aed8ee604137877a - - 0832263700184f97aff006fb9cce7bff 0832263700184f97aff006fb9cce7bff] 199.204.45.122 "GET /v2.0/floatingips?fixed_ip_address=10.100.0.14&port_id=afd7a4d7-a7db-4dfc-bec6-6338bf52b12c HTTP/1.1" status: 200 len: 217 time: 0.0379777
2026-03-04 02:29:43.519 9 WARNING neutron.scheduler.dhcp_agent_scheduler [None req-849c4c8b-9f49-446f-b244-b0d972fee633 ae119c5d3767453f841afc16aea85ca8 d415d15cad7c4e5dae1b340cf898c857 - - default default] No more DHCP agents
2026-03-04 02:29:43.529 9 WARNING neutron.api.rpc.agentnotifiers.dhcp_rpc_agent_api [None req-849c4c8b-9f49-446f-b244-b0d972fee633 ae119c5d3767453f841afc16aea85ca8 d415d15cad7c4e5dae1b340cf898c857 - - default default] Unable to schedule network 5cb1c6c2-851e-4db3-b612-918291ff1ae8: no agents available; will retry on subsequent port and subnet creation events.
2026-03-04 02:29:43.550 8 INFO neutron.api.wsgi [req-452928fd-7a01-43e0-b984-552215e14de5 req-cd6a668f-aafa-480f-89cf-dd51b78319bb e78c77361aa54838aad6086fefef51d2 4f87187883ec444e967854cfb06a9d6d - - default default] 199.204.45.122 "GET /v2.0/networks?id=5995c4a3-4f63-419e-8a63-5bfd4abfe950 HTTP/1.1" status: 200 len: 869 time: 0.1175990
2026-03-04 02:29:43.556 8 INFO neutron.api.wsgi [req-7b9d9ce8-921b-4a88-ada5-13ca01e0c5ad req-cfedeb22-5a52-4792-8432-9227958051af 2967cf0343a74bbbaed3c2e15e1704a4 c32371e678144ec3aed8ee604137877a - - 0832263700184f97aff006fb9cce7bff 0832263700184f97aff006fb9cce7bff] 199.204.45.122 "GET /v2.0/subnets?id=ddb8de3e-5ff6-4dfe-b218-b19b0e09e526 HTTP/1.1" status: 200 len: 901 time: 0.0471721
2026-03-04 02:29:43.599 8 INFO neutron.api.wsgi [req-7b9d9ce8-921b-4a88-ada5-13ca01e0c5ad req-295d8cdf-c59b-4ddb-9af5-76c2f60f67df 2967cf0343a74bbbaed3c2e15e1704a4 c32371e678144ec3aed8ee604137877a - - 0832263700184f97aff006fb9cce7bff 0832263700184f97aff006fb9cce7bff] 199.204.45.122 "GET /v2.0/ports?network_id=4739cf7b-e4c5-42d5-a169-adadeef66a0a&device_owner=network%3Adhcp HTTP/1.1" status: 200 len: 210 time: 0.0367770
2026-03-04 02:29:43.626 9 INFO neutron.api.wsgi [req-93e74b6b-b661-44fd-8037-b856831f520c req-382e49b2-bfc7-4821-88d7-d0effa8224d0 2967cf0343a74bbbaed3c2e15e1704a4 c32371e678144ec3aed8ee604137877a - - 0832263700184f97aff006fb9cce7bff 0832263700184f97aff006fb9cce7bff] 199.204.45.122 "GET /v2.0/ports?tenant_id=4670cb13e5e1477dbc5003654d252861&device_id=1478cbf5-c4cf-40ed-add4-11051cdb1cb6 HTTP/1.1" status: 200 len: 1407 time: 0.1062682
2026-03-04 02:29:43.631 9 INFO neutron.api.wsgi [req-2e341f8b-4b25-4129-aa4d-1dbc63010a56 req-14443bcc-33b6-45b7-933c-7e1d1ada68a5 e78c77361aa54838aad6086fefef51d2 4f87187883ec444e967854cfb06a9d6d - - default default] 10.0.0.84 "GET /v2.0/ports?device_id=92ed8e81-7b8e-451e-b006-08c96d4ae253 HTTP/1.1" status: 200 len: 210 time: 0.0395594
2026-03-04 02:29:43.667 9 INFO neutron.api.wsgi [req-93e74b6b-b661-44fd-8037-b856831f520c req-dac1fad2-f5fe-49ea-a40d-0004164c6646 2967cf0343a74bbbaed3c2e15e1704a4 c32371e678144ec3aed8ee604137877a - - 0832263700184f97aff006fb9cce7bff 0832263700184f97aff006fb9cce7bff] 199.204.45.122 "GET /v2.0/floatingips?fixed_ip_address=10.100.0.6&port_id=2cac8c19-2983-4800-aeda-be5d275a89ac HTTP/1.1" status: 200 len: 217 time: 0.0350494
2026-03-04 02:29:43.709 9 INFO neutron.api.wsgi [req-93e74b6b-b661-44fd-8037-b856831f520c req-181deaa8-3442-42c1-973e-409860080ca1 2967cf0343a74bbbaed3c2e15e1704a4 c32371e678144ec3aed8ee604137877a - - 0832263700184f97aff006fb9cce7bff 0832263700184f97aff006fb9cce7bff] 199.204.45.122 "GET /v2.0/subnets?id=a6ebccdb-368b-450c-a035-d8f9a35967e7 HTTP/1.1" status: 200 len: 893 time: 0.0344095
2026-03-04 02:29:43.749 9 INFO neutron.api.wsgi [req-93e74b6b-b661-44fd-8037-b856831f520c req-38f6da86-ba44-4579-8943-dbfb06643751 2967cf0343a74bbbaed3c2e15e1704a4 c32371e678144ec3aed8ee604137877a - - 0832263700184f97aff006fb9cce7bff 0832263700184f97aff006fb9cce7bff] 199.204.45.122 "GET /v2.0/ports?network_id=67d03345-6da4-46df-b83f-76a69f8bdb49&device_owner=network%3Adhcp HTTP/1.1" status: 200 len: 210 time: 0.0365887
2026-03-04 02:29:43.760 8 INFO neutron.api.wsgi [req-452928fd-7a01-43e0-b984-552215e14de5 req-2f93aa7a-59ae-445b-8c5e-b48ffcc20d64 e78c77361aa54838aad6086fefef51d2 4f87187883ec444e967854cfb06a9d6d - - default default] 199.204.45.122 "GET /v2.0/security-groups?fields=id&fields=name&tenant_id=4f87187883ec444e967854cfb06a9d6d HTTP/1.1" status: 200 len: 380 time: 0.1990340
2026-03-04 02:29:43.767 8 WARNING neutron_lib.context [req-452928fd-7a01-43e0-b984-552215e14de5 req-fd0b0d4c-c327-4ff8-bfaf-1683c19c1420 e78c77361aa54838aad6086fefef51d2 4f87187883ec444e967854cfb06a9d6d - - default default] Method 'is_advsvc' is deprecated since 2023.2 release (neutron-lib 3.8.0) and will be removed once support for the old RBAC API policies will be removed from Neutron. Please use method 'is_service_role' instead.
2026-03-04 02:29:43.775 8 INFO neutron.notifiers.nova [-] Nova event matching ['req-fa434c17-0952-44b6-a918-2bbcaa17af47'] response: {'name': 'network-changed', 'server_uuid': '1478cbf5-c4cf-40ed-add4-11051cdb1cb6', 'tag': '2cac8c19-2983-4800-aeda-be5d275a89ac', 'status': 'completed', 'code': 200}
2026-03-04 02:29:43.788 8 INFO neutron.api.wsgi [req-7b9d9ce8-921b-4a88-ada5-13ca01e0c5ad req-9fcbadbf-8734-49ce-834c-45846663cb41 2967cf0343a74bbbaed3c2e15e1704a4 c32371e678144ec3aed8ee604137877a - - 0832263700184f97aff006fb9cce7bff 0832263700184f97aff006fb9cce7bff] 199.204.45.122 "GET /v2.0/networks/4739cf7b-e4c5-42d5-a169-adadeef66a0a?fields=segments HTTP/1.1" status: 200 len: 212 time: 0.1755271
2026-03-04 02:29:43.823 9 INFO neutron.api.wsgi [req-93e74b6b-b661-44fd-8037-b856831f520c req-780f60d9-3399-4827-8f56-01d6317d74a9 2967cf0343a74bbbaed3c2e15e1704a4 c32371e678144ec3aed8ee604137877a - - 0832263700184f97aff006fb9cce7bff 0832263700184f97aff006fb9cce7bff] 199.204.45.122 "GET /v2.0/networks/67d03345-6da4-46df-b83f-76a69f8bdb49?fields=segments HTTP/1.1" status: 200 len: 212 time: 0.0650921
2026-03-04 02:29:43.846 9 INFO neutron.db.ovn_revision_numbers_db [None req-849c4c8b-9f49-446f-b244-b0d972fee633 ae119c5d3767453f841afc16aea85ca8 d415d15cad7c4e5dae1b340cf898c857 - - default default] Successfully bumped revision number for resource 714c5e5d-5a83-4a0c-8368-b88b6353e912 (type: ports) to 1
2026-03-04 02:29:43.850 8 INFO neutron.api.wsgi [req-7b9d9ce8-921b-4a88-ada5-13ca01e0c5ad req-a4b001c5-c5eb-4c8a-8156-3286b4a3ecea 2967cf0343a74bbbaed3c2e15e1704a4 c32371e678144ec3aed8ee604137877a - - 0832263700184f97aff006fb9cce7bff 0832263700184f97aff006fb9cce7bff] 199.204.45.122 "GET /v2.0/networks/4739cf7b-e4c5-42d5-a169-adadeef66a0a?fields=provider%3Aphysical_network&fields=provider%3Anetwork_type HTTP/1.1" status: 200 len: 277 time: 0.0577898
2026-03-04 02:29:43.903 9 INFO neutron.api.wsgi [req-62f1d987-201c-4899-a2e2-c26e0f5903d5 req-11d8d100-083b-4575-ba20-adfb6b005211 b694b9629e1444bd85d633409135e348 3373fd2c18a2463595396efa1d7b7622 - - default default] 10.0.0.84 "GET /v2.0/ports?device_id=7c63aa9b-113e-45e5-885b-a27525501f04 HTTP/1.1" status: 200 len: 1172 time: 0.0499349
2026-03-04 02:29:43.911 9 INFO neutron.api.wsgi [req-93e74b6b-b661-44fd-8037-b856831f520c req-fd2dc5d9-99d1-451c-a73f-6c69cc116613 2967cf0343a74bbbaed3c2e15e1704a4 c32371e678144ec3aed8ee604137877a - - 0832263700184f97aff006fb9cce7bff 0832263700184f97aff006fb9cce7bff] 199.204.45.122 "GET /v2.0/networks/67d03345-6da4-46df-b83f-76a69f8bdb49?fields=provider%3Aphysical_network&fields=provider%3Anetwork_type HTTP/1.1" status: 200 len: 277 time: 0.0807431
2026-03-04 02:29:43.970 9 INFO neutron.api.wsgi [req-62f1d987-201c-4899-a2e2-c26e0f5903d5 req-e4fd14a6-998e-4663-9c87-61ae98397eec b694b9629e1444bd85d633409135e348 3373fd2c18a2463595396efa1d7b7622 - - default default] 10.0.0.84 "GET /v2.0/security-groups?id=f802ab91-7186-423d-bdec-e9cf04a1b5cf&fields=id&fields=name HTTP/1.1" status: 200 len: 313 time: 0.0587206
2026-03-04 02:29:44.046 8 WARNING neutron.scheduler.dhcp_agent_scheduler [req-452928fd-7a01-43e0-b984-552215e14de5 req-fd0b0d4c-c327-4ff8-bfaf-1683c19c1420 e78c77361aa54838aad6086fefef51d2 4f87187883ec444e967854cfb06a9d6d - - default default] No more DHCP agents
2026-03-04 02:29:44.048 8 WARNING neutron.api.rpc.agentnotifiers.dhcp_rpc_agent_api [req-452928fd-7a01-43e0-b984-552215e14de5 req-fd0b0d4c-c327-4ff8-bfaf-1683c19c1420 e78c77361aa54838aad6086fefef51d2 4f87187883ec444e967854cfb06a9d6d - - default default] Unable to schedule network 5995c4a3-4f63-419e-8a63-5bfd4abfe950: no agents available; will retry on subsequent port and subnet creation events.
2026-03-04 02:29:44.150 8 INFO neutron.db.ovn_revision_numbers_db [req-452928fd-7a01-43e0-b984-552215e14de5 req-fd0b0d4c-c327-4ff8-bfaf-1683c19c1420 e78c77361aa54838aad6086fefef51d2 4f87187883ec444e967854cfb06a9d6d - - default default] Successfully bumped revision number for resource ae500488-7ac5-4446-923e-0428bb40555f (type: ports) to 1
2026-03-04 02:29:44.182 8 INFO neutron.api.wsgi [req-452928fd-7a01-43e0-b984-552215e14de5 req-fd0b0d4c-c327-4ff8-bfaf-1683c19c1420 e78c77361aa54838aad6086fefef51d2 4f87187883ec444e967854cfb06a9d6d - - default default] 199.204.45.122 "POST /v2.0/ports HTTP/1.1" status: 201 len: 1162 time: 0.4188170 /var/lib/openstack/lib/python3.12/site-packages/pycadf/identifier.py:71: UserWarning: Invalid uuid: neutron. To ensure interoperability, identifiers should be a valid uuid. warnings.warn(('Invalid uuid: %s. To ensure interoperability, '
2026-03-04 02:29:44.237 9 INFO neutron.db.ovn_revision_numbers_db [None req-5b0460f7-482b-4c73-8fe4-184147d4cd52 - - - - - -] Successfully bumped revision number for resource a69ca6eb-81d3-43b4-aded-578eab9d24e5 (type: ports) to 4
2026-03-04 02:29:44.336 9 INFO neutron.api.wsgi [req-aa2386ff-2693-4309-9828-0206a7c957cf req-09930967-08b8-44ba-aa5b-99d4e9d6bb4f f346acea9e31420298898c897b5aeb06 4670cb13e5e1477dbc5003654d252861 - - default default] 10.0.0.84 "GET /v2.0/ports?device_id=1478cbf5-c4cf-40ed-add4-11051cdb1cb6 HTTP/1.1" status: 200 len: 1168 time: 0.0463262
2026-03-04 02:29:44.394 9 INFO neutron.api.wsgi [req-aa2386ff-2693-4309-9828-0206a7c957cf req-7fac72d5-5b4b-469d-8f06-1f2577e71252 f346acea9e31420298898c897b5aeb06 4670cb13e5e1477dbc5003654d252861 - - default default] 10.0.0.84 "GET /v2.0/security-groups?id=ca271f3f-cbf1-489d-a4bf-71ea27108f78&fields=id&fields=name HTTP/1.1" status: 200 len: 312 time: 0.0512383
2026-03-04 02:29:44.549 8 INFO neutron.db.ovn_revision_numbers_db [req-452928fd-7a01-43e0-b984-552215e14de5 req-f415754d-5194-43fa-a6b6-f76a9bee0a71 2967cf0343a74bbbaed3c2e15e1704a4 c32371e678144ec3aed8ee604137877a - - 0832263700184f97aff006fb9cce7bff 0832263700184f97aff006fb9cce7bff] Successfully bumped revision number for resource ae500488-7ac5-4446-923e-0428bb40555f (type: ports) to 2
2026-03-04 02:29:44.591 9 INFO neutron.db.ovn_revision_numbers_db [None req-5b0460f7-482b-4c73-8fe4-184147d4cd52 - - - - - -] Successfully bumped revision number for resource a69ca6eb-81d3-43b4-aded-578eab9d24e5 (type: ports) to 5
2026-03-04 02:29:44.645 9 INFO neutron.plugins.ml2.drivers.ovn.mech_driver.mech_driver [None req-be3ce2c9-40ad-41e2-ad68-0c101ee61cd5 - - - - - -] OVN reports status up for port: 714c5e5d-5a83-4a0c-8368-b88b6353e912
2026-03-04 02:29:44.656 9 INFO neutron.plugins.ml2.plugin [None req-be3ce2c9-40ad-41e2-ad68-0c101ee61cd5 - - - - - -] Attempt 1 to provision port 714c5e5d-5a83-4a0c-8368-b88b6353e912
2026-03-04 02:29:44.673 9 INFO neutron.db.ovn_revision_numbers_db [None req-849c4c8b-9f49-446f-b244-b0d972fee633 ae119c5d3767453f841afc16aea85ca8 d415d15cad7c4e5dae1b340cf898c857 - - default default] Successfully bumped revision number for resource 714c5e5d-5a83-4a0c-8368-b88b6353e912 (type: ports) to 1
2026-03-04 02:29:44.743 8 INFO neutron.db.ovn_revision_numbers_db [req-452928fd-7a01-43e0-b984-552215e14de5 req-f415754d-5194-43fa-a6b6-f76a9bee0a71 2967cf0343a74bbbaed3c2e15e1704a4 c32371e678144ec3aed8ee604137877a - - 0832263700184f97aff006fb9cce7bff 0832263700184f97aff006fb9cce7bff] Successfully bumped revision number for resource ae500488-7ac5-4446-923e-0428bb40555f (type: ports) to 4
2026-03-04 02:29:44.755 9 WARNING neutron.scheduler.dhcp_agent_scheduler [None req-849c4c8b-9f49-446f-b244-b0d972fee633 ae119c5d3767453f841afc16aea85ca8 d415d15cad7c4e5dae1b340cf898c857 - - default default] No more DHCP agents
2026-03-04 02:29:44.759 9 WARNING neutron.api.rpc.agentnotifiers.dhcp_rpc_agent_api [None req-849c4c8b-9f49-446f-b244-b0d972fee633 ae119c5d3767453f841afc16aea85ca8 d415d15cad7c4e5dae1b340cf898c857 - - default default] Unable to schedule network 5cb1c6c2-851e-4db3-b612-918291ff1ae8: no agents available; will retry on subsequent port and subnet creation events.
2026-03-04 02:29:44.761 8 INFO neutron.api.wsgi [req-452928fd-7a01-43e0-b984-552215e14de5 req-f415754d-5194-43fa-a6b6-f76a9bee0a71 2967cf0343a74bbbaed3c2e15e1704a4 c32371e678144ec3aed8ee604137877a - - 0832263700184f97aff006fb9cce7bff 0832263700184f97aff006fb9cce7bff] 199.204.45.122 "PUT /v2.0/ports/ae500488-7ac5-4446-923e-0428bb40555f HTTP/1.1" status: 200 len: 1408 time: 0.5728102
2026-03-04 02:29:44.776 9 INFO neutron.api.wsgi [req-2e85f9a1-d5b8-4653-9bed-cbcdb2bf4e83 req-16b0c07b-18c8-496c-819f-d89c31c4dfea e78c77361aa54838aad6086fefef51d2 4f87187883ec444e967854cfb06a9d6d - - default default] 10.0.0.84 "GET /v2.0/ports?device_id=92ed8e81-7b8e-451e-b006-08c96d4ae253 HTTP/1.1" status: 200 len: 1172 time: 0.0907371
2026-03-04 02:29:44.845 9 INFO neutron.api.wsgi [req-2e85f9a1-d5b8-4653-9bed-cbcdb2bf4e83 req-f8998005-1492-44b3-8f90-3893eb0d7f84 e78c77361aa54838aad6086fefef51d2 4f87187883ec444e967854cfb06a9d6d - - default default] 10.0.0.84 "GET /v2.0/security-groups?id=29942eef-ae04-49f8-9acf-b9c47c61e069&fields=id&fields=name HTTP/1.1" status: 200 len: 313 time: 0.0590668 /var/lib/openstack/lib/python3.12/site-packages/pycadf/identifier.py:71: UserWarning: Invalid uuid: neutron. To ensure interoperability, identifiers should be a valid uuid. warnings.warn(('Invalid uuid: %s. To ensure interoperability, '
2026-03-04 02:29:45.070 9 INFO neutron.api.wsgi [req-9a45bc20-0281-477e-bcd9-88d6698520d3 req-a4802e83-61e5-46cc-8186-6f52e078886f b694b9629e1444bd85d633409135e348 3373fd2c18a2463595396efa1d7b7622 - - default default] 10.0.0.84 "GET /v2.0/ports?device_id=7c63aa9b-113e-45e5-885b-a27525501f04 HTTP/1.1" status: 200 len: 1172 time: 0.0468125
2026-03-04 02:29:45.071 9 INFO neutron.db.ovn_revision_numbers_db [None req-be3ce2c9-40ad-41e2-ad68-0c101ee61cd5 - - - - - -] Successfully bumped revision number for resource 714c5e5d-5a83-4a0c-8368-b88b6353e912 (type: ports) to 2
2026-03-04 02:29:45.083 8 INFO neutron.api.wsgi [req-7d297e09-0c6a-4ae9-89ac-ba9f1476e614 req-322a59b5-368d-43ce-85ae-f05d60411736 2967cf0343a74bbbaed3c2e15e1704a4 c32371e678144ec3aed8ee604137877a - - 0832263700184f97aff006fb9cce7bff 0832263700184f97aff006fb9cce7bff] 199.204.45.122 "GET /v2.0/ports?tenant_id=4670cb13e5e1477dbc5003654d252861&device_id=1478cbf5-c4cf-40ed-add4-11051cdb1cb6 HTTP/1.1" status: 200 len: 1407 time: 0.0338190
2026-03-04 02:29:45.096 9 INFO neutron.api.wsgi [-] 10.0.0.138 "GET / HTTP/1.1" status: 200 len: 246 time: 0.0012422
2026-03-04 02:29:45.097 9 INFO neutron.api.wsgi [-] 10.0.0.138 "GET / HTTP/1.1" status: 200 len: 246 time: 0.0009096
2026-03-04 02:29:45.129 9 INFO neutron.api.wsgi [req-9a45bc20-0281-477e-bcd9-88d6698520d3 req-3aa2a358-883b-4b66-bf17-4935c3885c49 b694b9629e1444bd85d633409135e348 3373fd2c18a2463595396efa1d7b7622 - - default default] 10.0.0.84 "GET /v2.0/security-groups?id=f802ab91-7186-423d-bdec-e9cf04a1b5cf&fields=id&fields=name HTTP/1.1" status: 200 len: 313 time: 0.0534210
2026-03-04 02:29:45.134 8 INFO neutron.api.wsgi [req-7d297e09-0c6a-4ae9-89ac-ba9f1476e614 req-80b791a0-1e65-4f42-9a89-915be9639231 2967cf0343a74bbbaed3c2e15e1704a4 c32371e678144ec3aed8ee604137877a - - 0832263700184f97aff006fb9cce7bff 0832263700184f97aff006fb9cce7bff] 199.204.45.122 "GET /v2.0/networks?id=67d03345-6da4-46df-b83f-76a69f8bdb49 HTTP/1.1" status: 200 len: 974 time: 0.0473206
2026-03-04 02:29:45.160 8 INFO neutron.api.wsgi [req-7d297e09-0c6a-4ae9-89ac-ba9f1476e614 req-1aa27808-e87e-4595-8ad8-9f6181abc877 2967cf0343a74bbbaed3c2e15e1704a4 c32371e678144ec3aed8ee604137877a - - 0832263700184f97aff006fb9cce7bff 0832263700184f97aff006fb9cce7bff] 199.204.45.122 "GET /v2.0/floatingips?fixed_ip_address=10.100.0.6&port_id=2cac8c19-2983-4800-aeda-be5d275a89ac HTTP/1.1" status: 200 len: 217 time: 0.0195622
2026-03-04 02:29:45.188 8 INFO neutron.api.wsgi [req-7d297e09-0c6a-4ae9-89ac-ba9f1476e614 req-0a7e6cb0-dd26-428a-9b6d-919a581344b6 2967cf0343a74bbbaed3c2e15e1704a4 c32371e678144ec3aed8ee604137877a - - 0832263700184f97aff006fb9cce7bff 0832263700184f97aff006fb9cce7bff] 199.204.45.122 "GET /v2.0/subnets?id=a6ebccdb-368b-450c-a035-d8f9a35967e7 HTTP/1.1" status: 200 len: 893 time: 0.0224078
2026-03-04 02:29:45.208 8 INFO neutron.api.wsgi [req-7d297e09-0c6a-4ae9-89ac-ba9f1476e614 req-53f59c99-308d-4d22-8fb9-648b0a886546 2967cf0343a74bbbaed3c2e15e1704a4 c32371e678144ec3aed8ee604137877a - - 0832263700184f97aff006fb9cce7bff 0832263700184f97aff006fb9cce7bff] 199.204.45.122 "GET /v2.0/ports?network_id=67d03345-6da4-46df-b83f-76a69f8bdb49&device_owner=network%3Adhcp HTTP/1.1" status: 200 len: 210 time: 0.0146761
2026-03-04 02:29:45.251 8 INFO neutron.api.wsgi [req-7d297e09-0c6a-4ae9-89ac-ba9f1476e614 req-2af19c05-1b2b-4c94-b2de-4b61ef5e643a 2967cf0343a74bbbaed3c2e15e1704a4 c32371e678144ec3aed8ee604137877a - - 0832263700184f97aff006fb9cce7bff 0832263700184f97aff006fb9cce7bff] 199.204.45.122 "GET /v2.0/networks/67d03345-6da4-46df-b83f-76a69f8bdb49?fields=segments HTTP/1.1" status: 200 len: 212 time: 0.0375543
2026-03-04 02:29:45.292 8 INFO neutron.api.wsgi [req-7d297e09-0c6a-4ae9-89ac-ba9f1476e614 req-4799d4a5-c5a5-4a17-8c88-b1ce329ff914 2967cf0343a74bbbaed3c2e15e1704a4 c32371e678144ec3aed8ee604137877a - - 0832263700184f97aff006fb9cce7bff 0832263700184f97aff006fb9cce7bff] 199.204.45.122 "GET /v2.0/networks/67d03345-6da4-46df-b83f-76a69f8bdb49?fields=provider%3Aphysical_network&fields=provider%3Anetwork_type HTTP/1.1" status: 200 len: 277 time: 0.0350237
2026-03-04 02:29:45.501 9 INFO neutron.api.wsgi [req-d9b1d744-fd9f-4476-90e6-f0638aee1905 req-cfa2dad3-1202-41a1-8461-f56cd6e84888 f346acea9e31420298898c897b5aeb06 4670cb13e5e1477dbc5003654d252861 - - default default] 10.0.0.84 "GET /v2.0/ports?device_id=1478cbf5-c4cf-40ed-add4-11051cdb1cb6 HTTP/1.1" status: 200 len: 1168 time: 0.0480072
2026-03-04 02:29:45.543 9 INFO neutron.api.wsgi [req-d9b1d744-fd9f-4476-90e6-f0638aee1905 req-62190d29-65aa-4c3b-8294-4be556a380bb f346acea9e31420298898c897b5aeb06 4670cb13e5e1477dbc5003654d252861 - - default default] 10.0.0.84 "GET /v2.0/security-groups?id=ca271f3f-cbf1-489d-a4bf-71ea27108f78&fields=id&fields=name HTTP/1.1" status: 200 len: 312 time: 0.0374689
2026-03-04 02:29:45.577 9 INFO neutron.db.ovn_revision_numbers_db [None req-849c4c8b-9f49-446f-b244-b0d972fee633 ae119c5d3767453f841afc16aea85ca8 d415d15cad7c4e5dae1b340cf898c857 - - default default] Successfully bumped revision number for resource 714c5e5d-5a83-4a0c-8368-b88b6353e912 (type: router_ports) to 1
2026-03-04 02:29:45.582 9 INFO neutron.api.wsgi [None req-849c4c8b-9f49-446f-b244-b0d972fee633 ae119c5d3767453f841afc16aea85ca8 d415d15cad7c4e5dae1b340cf898c857 - - default default] 10.0.0.40 "PUT /v2.0/routers/bb327947-c741-4fd6-89fb-9475c27e1e72/add_router_interface HTTP/1.1" status: 200 len: 503 time: 2.5733936
2026-03-04 02:29:45.811 8 INFO neutron.notifiers.nova [-] Nova event matching ['req-2f18565f-0095-469b-a431-a02630cd7224'] response: {'name': 'network-changed', 'server_uuid': '92ed8e81-7b8e-451e-b006-08c96d4ae253', 'tag': 'ae500488-7ac5-4446-923e-0428bb40555f', 'status': 'completed', 'code': 200}
2026-03-04 02:29:45.827 8 INFO neutron.api.wsgi [req-452928fd-7a01-43e0-b984-552215e14de5 req-fa7e0bfa-5667-4a7d-a529-dd44362e7696 2967cf0343a74bbbaed3c2e15e1704a4 c32371e678144ec3aed8ee604137877a - - 0832263700184f97aff006fb9cce7bff 0832263700184f97aff006fb9cce7bff] 199.204.45.122 "GET /v2.0/ports?tenant_id=4f87187883ec444e967854cfb06a9d6d&device_id=92ed8e81-7b8e-451e-b006-08c96d4ae253 HTTP/1.1" status: 200 len: 1411 time: 0.0424471
2026-03-04 02:29:45.854 8 INFO neutron.api.wsgi [req-452928fd-7a01-43e0-b984-552215e14de5 req-1654ab26-9930-4c10-a0c0-dc1c1292d171 2967cf0343a74bbbaed3c2e15e1704a4 c32371e678144ec3aed8ee604137877a - - 0832263700184f97aff006fb9cce7bff 0832263700184f97aff006fb9cce7bff] 199.204.45.122 "GET /v2.0/floatingips?fixed_ip_address=10.100.0.12&port_id=ae500488-7ac5-4446-923e-0428bb40555f HTTP/1.1" status: 200 len: 217 time: 0.0182726
2026-03-04 02:29:45.901 8 INFO neutron.api.wsgi [req-452928fd-7a01-43e0-b984-552215e14de5 req-3dd7a709-143e-44e5-a53d-bf4c35b793a9 2967cf0343a74bbbaed3c2e15e1704a4 c32371e678144ec3aed8ee604137877a - - 0832263700184f97aff006fb9cce7bff 0832263700184f97aff006fb9cce7bff] 199.204.45.122 "GET /v2.0/subnets?id=25f958b1-33e0-48c4-ac85-a0550de1aeea HTTP/1.1" status: 200 len: 887 time: 0.0430915
2026-03-04 02:29:45.926 8 INFO neutron.api.wsgi [req-452928fd-7a01-43e0-b984-552215e14de5 req-2b43536c-5010-490b-adbe-56a9ed8648ae 2967cf0343a74bbbaed3c2e15e1704a4 c32371e678144ec3aed8ee604137877a - - 0832263700184f97aff006fb9cce7bff 0832263700184f97aff006fb9cce7bff] 199.204.45.122 "GET /v2.0/ports?network_id=5995c4a3-4f63-419e-8a63-5bfd4abfe950&device_owner=network%3Adhcp HTTP/1.1" status: 200 len: 210 time: 0.0172374
2026-03-04 02:29:45.944 9 INFO neutron.api.wsgi [req-edc98f41-3a7b-4eca-b8f5-23d5e0b4c452 req-80b9f414-9c69-4d79-9e53-8eae09b326e3 e78c77361aa54838aad6086fefef51d2 4f87187883ec444e967854cfb06a9d6d - - default default] 10.0.0.84 "GET /v2.0/ports?device_id=92ed8e81-7b8e-451e-b006-08c96d4ae253 HTTP/1.1" status: 200 len: 1172 time: 0.0276067
2026-03-04 02:29:45.967 8 INFO neutron.api.wsgi [req-452928fd-7a01-43e0-b984-552215e14de5 req-6e7e731f-8f09-4dba-99e5-42605e184296 2967cf0343a74bbbaed3c2e15e1704a4 c32371e678144ec3aed8ee604137877a - - 0832263700184f97aff006fb9cce7bff 0832263700184f97aff006fb9cce7bff] 199.204.45.122 "GET /v2.0/networks/5995c4a3-4f63-419e-8a63-5bfd4abfe950?fields=segments HTTP/1.1" status: 200 len: 212 time: 0.0363102
2026-03-04 02:29:45.981 9 INFO neutron.api.wsgi [req-edc98f41-3a7b-4eca-b8f5-23d5e0b4c452 req-ff561edf-acf8-40a4-9f47-97e838bde54c e78c77361aa54838aad6086fefef51d2 4f87187883ec444e967854cfb06a9d6d - - default default] 10.0.0.84 "GET /v2.0/security-groups?id=29942eef-ae04-49f8-9acf-b9c47c61e069&fields=id&fields=name HTTP/1.1" status: 200 len: 313 time: 0.0311215
2026-03-04 02:29:46.019 8 INFO neutron.api.wsgi [req-452928fd-7a01-43e0-b984-552215e14de5 req-568f174a-0ef4-45be-b147-9348de94d347 2967cf0343a74bbbaed3c2e15e1704a4 c32371e678144ec3aed8ee604137877a - - 0832263700184f97aff006fb9cce7bff 0832263700184f97aff006fb9cce7bff] 199.204.45.122 "GET /v2.0/networks/5995c4a3-4f63-419e-8a63-5bfd4abfe950?fields=provider%3Aphysical_network&fields=provider%3Anetwork_type HTTP/1.1" status: 200 len: 277 time: 0.0458589
2026-03-04 02:29:46.049 9 WARNING neutron_lib.context [req-976fa1f0-6c46-405c-90ad-45901ec4a3d1 req-6c25a9ce-d0fe-41e9-a2e4-25d30878bec7 29d70a21752a4732ad022fa737afbf3f 102c87ed761b4edab20b479de48685d9 - - default default] Method 'is_advsvc' is deprecated since 2023.2 release (neutron-lib 3.8.0) and will be removed once support for the old RBAC API policies will be removed from Neutron. Please use method 'is_service_role' instead.
2026-03-04 02:29:46.134 9 INFO neutron.db.ovn_revision_numbers_db [req-976fa1f0-6c46-405c-90ad-45901ec4a3d1 req-6c25a9ce-d0fe-41e9-a2e4-25d30878bec7 29d70a21752a4732ad022fa737afbf3f 102c87ed761b4edab20b479de48685d9 - - default default] Successfully bumped revision number for resource 059a4239-989d-44dc-bffa-17e419b95486 (type: security_groups) to 1
2026-03-04 02:29:46.145 9 INFO neutron.db.ovn_revision_numbers_db [req-976fa1f0-6c46-405c-90ad-45901ec4a3d1 req-6c25a9ce-d0fe-41e9-a2e4-25d30878bec7 29d70a21752a4732ad022fa737afbf3f 102c87ed761b4edab20b479de48685d9 - - default default] Successfully bumped revision number for resource 04cd1abc-a39f-4143-9ade-50c35b5ca18d (type: security_group_rules) to 0
2026-03-04 02:29:46.157 9 INFO neutron.db.ovn_revision_numbers_db [req-976fa1f0-6c46-405c-90ad-45901ec4a3d1 req-6c25a9ce-d0fe-41e9-a2e4-25d30878bec7 29d70a21752a4732ad022fa737afbf3f 102c87ed761b4edab20b479de48685d9 - - default default] Successfully bumped revision number for resource 356039d9-e3b4-42c7-8a46-c4b7d4537bd4 (type: security_group_rules) to 0
2026-03-04 02:29:46.201 9 INFO neutron.api.wsgi [req-976fa1f0-6c46-405c-90ad-45901ec4a3d1 req-6c25a9ce-d0fe-41e9-a2e4-25d30878bec7 29d70a21752a4732ad022fa737afbf3f 102c87ed761b4edab20b479de48685d9 - - default default] 10.0.0.84 "POST /v2.0/security-groups HTTP/1.1" status: 201 len: 1886 time: 0.1571336
2026-03-04 02:29:46.230 9 WARNING neutron_lib.context [req-a36fed81-0faa-44f7-9024-a1f28aaa121a req-d9fbe650-6360-43ec-b79f-271f79d74ec6 29d70a21752a4732ad022fa737afbf3f 102c87ed761b4edab20b479de48685d9 - - default default] Method 'is_advsvc' is deprecated since 2023.2 release (neutron-lib 3.8.0) and will be removed once support for the old RBAC API policies will be removed from Neutron. Please use method 'is_service_role' instead.
2026-03-04 02:29:46.260 9 INFO neutron.api.wsgi [req-28a3ce41-66b4-4a4f-8fa8-16e1e71e95cf req-2260a7f0-3636-4479-ade1-73657dc7d2d0 b694b9629e1444bd85d633409135e348 3373fd2c18a2463595396efa1d7b7622 - - default default] 10.0.0.84 "GET /v2.0/ports?device_id=7c63aa9b-113e-45e5-885b-a27525501f04 HTTP/1.1" status: 200 len: 1172 time: 0.0773640
2026-03-04 02:29:46.300 9 INFO neutron.api.wsgi [req-28a3ce41-66b4-4a4f-8fa8-16e1e71e95cf req-7b4bff06-62ab-4d76-8036-93909601fc19 b694b9629e1444bd85d633409135e348 3373fd2c18a2463595396efa1d7b7622 - - default default] 10.0.0.84 "GET /v2.0/security-groups?id=f802ab91-7186-423d-bdec-e9cf04a1b5cf&fields=id&fields=name HTTP/1.1" status: 200 len: 313 time: 0.0338609
2026-03-04 02:29:46.345 9 INFO neutron.db.ovn_revision_numbers_db [req-a36fed81-0faa-44f7-9024-a1f28aaa121a req-d9fbe650-6360-43ec-b79f-271f79d74ec6 29d70a21752a4732ad022fa737afbf3f 102c87ed761b4edab20b479de48685d9 - - default default] Successfully bumped revision number for resource a3d0cc5d-53ea-4025-8df4-3b9c24c85115 (type: security_groups) to 1
2026-03-04 02:29:46.357 9 INFO neutron.db.ovn_revision_numbers_db [req-a36fed81-0faa-44f7-9024-a1f28aaa121a req-d9fbe650-6360-43ec-b79f-271f79d74ec6 29d70a21752a4732ad022fa737afbf3f 102c87ed761b4edab20b479de48685d9 - - default default] Successfully bumped revision number for resource bdd227db-c623-4865-9587-9cfceb47b066 (type: security_group_rules) to 0
2026-03-04 02:29:46.369 9 INFO neutron.db.ovn_revision_numbers_db [req-a36fed81-0faa-44f7-9024-a1f28aaa121a req-d9fbe650-6360-43ec-b79f-271f79d74ec6 29d70a21752a4732ad022fa737afbf3f 102c87ed761b4edab20b479de48685d9 - - default default] Successfully bumped revision number for resource ff4c8fb7-5ed1-4cf1-aced-54446186d539 (type: security_group_rules) to 0
2026-03-04 02:29:46.399 9 INFO neutron.api.wsgi [req-a36fed81-0faa-44f7-9024-a1f28aaa121a req-d9fbe650-6360-43ec-b79f-271f79d74ec6 29d70a21752a4732ad022fa737afbf3f 102c87ed761b4edab20b479de48685d9 - - default default] 10.0.0.84 "POST /v2.0/security-groups HTTP/1.1" status: 201 len: 1887 time: 0.1754212
2026-03-04 02:29:46.428 9 WARNING neutron_lib.context [req-16513d76-0418-41ac-8990-2aeb2aba31b9 req-36e2b947-edff-4fcc-aafb-090a909dbb6e 29d70a21752a4732ad022fa737afbf3f 102c87ed761b4edab20b479de48685d9 - - default default] Method 'is_advsvc' is deprecated since 2023.2 release (neutron-lib 3.8.0) and will be removed once support for the old RBAC API policies will be removed from Neutron. Please use method 'is_service_role' instead.
2026-03-04 02:29:46.523 9 INFO neutron.db.ovn_revision_numbers_db [req-16513d76-0418-41ac-8990-2aeb2aba31b9 req-36e2b947-edff-4fcc-aafb-090a909dbb6e 29d70a21752a4732ad022fa737afbf3f 102c87ed761b4edab20b479de48685d9 - - default default] Successfully bumped revision number for resource 690af87a-286a-4d6b-a528-4961cdde8caa (type: security_groups) to 1
