2026-03-04 02:34:26.490 8 INFO neutron.api.wsgi [None req-fe207376-1535-4c01-839d-3cf12b63c022 e4e75d0e8ff04aa2a5dcade370cff897 d5818bc0caba4acfac07f2a6624c0466 - - default default] 10.0.0.40 "DELETE /v2.0/ports/914914da-2b40-41ee-8468-d2cc1a8fd148 HTTP/1.1" status: 204 len: 168 time: 0.2121916
2026-03-04 02:34:26.493 9 INFO neutron.db.ovn_revision_numbers_db [req-f6c38eed-ef59-4b78-8b0e-ff5332566f68 req-67308792-3035-41d6-9947-ccbd941ed3b4 2967cf0343a74bbbaed3c2e15e1704a4 c32371e678144ec3aed8ee604137877a - - 0832263700184f97aff006fb9cce7bff 0832263700184f97aff006fb9cce7bff] Successfully bumped revision number for resource b3f89127-cc04-4055-8c4a-75c7b070acc2 (type: ports) to 4
2026-03-04 02:34:26.508 9 INFO neutron.api.wsgi [req-f6c38eed-ef59-4b78-8b0e-ff5332566f68 req-67308792-3035-41d6-9947-ccbd941ed3b4 2967cf0343a74bbbaed3c2e15e1704a4 c32371e678144ec3aed8ee604137877a - - 0832263700184f97aff006fb9cce7bff 0832263700184f97aff006fb9cce7bff] 199.204.45.122 "PUT /v2.0/ports/b3f89127-cc04-4055-8c4a-75c7b070acc2 HTTP/1.1" status: 200 len: 1456 time: 0.6319251
2026-03-04 02:34:26.542 9 INFO neutron.notifiers.nova [-] Nova event matching ['req-de16716a-5279-4dae-8920-eadc2f2409d9'] response: {'name': 'network-changed', 'server_uuid': 'b417a909-15f6-4703-b177-9db9116ec1ba', 'tag': 'b3f89127-cc04-4055-8c4a-75c7b070acc2', 'status': 'completed', 'code': 200}
2026-03-04 02:34:26.710 8 INFO neutron.api.wsgi [None req-96cbf55e-9d78-4b02-9d6c-a634a5b40e9f e4e75d0e8ff04aa2a5dcade370cff897 d5818bc0caba4acfac07f2a6624c0466 - - default default] 10.0.0.40 "DELETE /v2.0/ports/2323fdae-3861-478c-a8fd-d8e9e834474e HTTP/1.1" status: 204 len: 168 time: 0.2154577
2026-03-04 02:34:26.919 8 INFO neutron.api.wsgi [None req-76c817e5-ce03-4be5-9e51-2a3302cd80ed e4e75d0e8ff04aa2a5dcade370cff897 d5818bc0caba4acfac07f2a6624c0466 - - default default] 10.0.0.40 "DELETE /v2.0/ports/957f8d49-2870-44df-9941-e3ea21d5b1f9 HTTP/1.1" status: 204 len: 168 time: 0.2044735 /var/lib/openstack/lib/python3.12/site-packages/pycadf/identifier.py:71: UserWarning: Invalid uuid: neutron. To ensure interoperability, identifiers should be a valid uuid. warnings.warn(('Invalid uuid: %s. To ensure interoperability, '
2026-03-04 02:34:27.090 9 INFO neutron.api.wsgi [req-296e2f95-d632-44f9-b2d5-fa6f46c479ba req-d540efd0-701f-4ff5-85e8-db1c9f6420b1 2967cf0343a74bbbaed3c2e15e1704a4 c32371e678144ec3aed8ee604137877a - - 0832263700184f97aff006fb9cce7bff 0832263700184f97aff006fb9cce7bff] 199.204.45.122 "GET /v2.0/ports?tenant_id=d415d15cad7c4e5dae1b340cf898c857&device_id=b417a909-15f6-4703-b177-9db9116ec1ba HTTP/1.1" status: 200 len: 2665 time: 0.0380502
2026-03-04 02:34:27.128 9 INFO neutron.api.wsgi [req-296e2f95-d632-44f9-b2d5-fa6f46c479ba req-857393c7-ac7f-49fb-a834-f90a9c09f4e5 2967cf0343a74bbbaed3c2e15e1704a4 c32371e678144ec3aed8ee604137877a - - 0832263700184f97aff006fb9cce7bff 0832263700184f97aff006fb9cce7bff] 199.204.45.122 "GET /v2.0/networks?id=730d6105-87ce-4974-ad8d-81e704316467 HTTP/1.1" status: 200 len: 1004 time: 0.0323834
2026-03-04 02:34:27.151 9 INFO neutron.api.wsgi [req-296e2f95-d632-44f9-b2d5-fa6f46c479ba req-607d3e3f-eac7-43fa-ac48-bd2105947dcb 2967cf0343a74bbbaed3c2e15e1704a4 c32371e678144ec3aed8ee604137877a - - 0832263700184f97aff006fb9cce7bff 0832263700184f97aff006fb9cce7bff] 199.204.45.122 "GET /v2.0/floatingips?fixed_ip_address=10.1.1.164&port_id=b3f89127-cc04-4055-8c4a-75c7b070acc2 HTTP/1.1" status: 200 len: 217 time: 0.0177240
2026-03-04 02:34:27.173 9 INFO neutron.api.wsgi [req-296e2f95-d632-44f9-b2d5-fa6f46c479ba req-99f112da-bf96-4040-885d-fdaf9e3e166a 2967cf0343a74bbbaed3c2e15e1704a4 c32371e678144ec3aed8ee604137877a - - 0832263700184f97aff006fb9cce7bff 0832263700184f97aff006fb9cce7bff] 199.204.45.122 "GET /v2.0/subnets?id=8ed39f52-598f-42be-bd84-4050cb1e0c85 HTTP/1.1" status: 200 len: 878 time: 0.0171282
2026-03-04 02:34:27.190 9 INFO neutron.api.wsgi [req-296e2f95-d632-44f9-b2d5-fa6f46c479ba req-dadd4af9-7cc1-4fa4-9ee7-2599cdaf0dc8 2967cf0343a74bbbaed3c2e15e1704a4 c32371e678144ec3aed8ee604137877a - - 0832263700184f97aff006fb9cce7bff 0832263700184f97aff006fb9cce7bff] 199.204.45.122 "GET /v2.0/ports?network_id=730d6105-87ce-4974-ad8d-81e704316467&device_owner=network%3Adhcp HTTP/1.1" status: 200 len: 210 time: 0.0124693
2026-03-04 02:34:27.219 8 INFO neutron.services.segments.plugin [-] Segment 6ad20086-3317-43bf-b480-f24b1f6156cb resource provider aggregate not found
2026-03-04 02:34:27.222 8 INFO neutron.services.segments.plugin [-] Segment 6ad20086-3317-43bf-b480-f24b1f6156cb resource provider aggregate not found
2026-03-04 02:34:27.225 9 INFO neutron.api.wsgi [req-296e2f95-d632-44f9-b2d5-fa6f46c479ba req-03d130d5-9d47-4cde-a5f2-39593890faa5 2967cf0343a74bbbaed3c2e15e1704a4 c32371e678144ec3aed8ee604137877a - - 0832263700184f97aff006fb9cce7bff 0832263700184f97aff006fb9cce7bff] 199.204.45.122 "GET /v2.0/networks/730d6105-87ce-4974-ad8d-81e704316467?fields=segments HTTP/1.1" status: 200 len: 212 time: 0.0311909
2026-03-04 02:34:27.230 8 INFO neutron.services.segments.plugin [-] Segment 6ad20086-3317-43bf-b480-f24b1f6156cb resource provider not found; error: Placement Client Error (4xx): {"errors": [{"status": 404, "title": "Not Found", "detail": "The resource could not be found.\n\n No resource provider with uuid 6ad20086-3317-43bf-b480-f24b1f6156cb found for delete ", "request_id": "req-0ea55cb6-de4d-4d7b-93e2-e9fbb2cd4fc7"}]}
2026-03-04 02:34:27.235 8 INFO neutron.services.segments.plugin [-] Segment 6ad20086-3317-43bf-b480-f24b1f6156cb resource provider not found; error: Placement Client Error (4xx): {"errors": [{"status": 404, "title": "Not Found", "detail": "The resource could not be found.\n\n No resource provider with uuid 6ad20086-3317-43bf-b480-f24b1f6156cb found for delete ", "request_id": "req-d973a821-ac34-4cba-9896-974fd88a5c79"}]}
2026-03-04 02:34:27.249 8 INFO neutron.api.wsgi [None req-1c5016a1-9f81-4d2b-b706-cb5872cb28c5 e4e75d0e8ff04aa2a5dcade370cff897 d5818bc0caba4acfac07f2a6624c0466 - - default default] 10.0.0.40 "DELETE /v2.0/networks/f5060d27-fdf6-4636-ac0b-5c135e3a513e HTTP/1.1" status: 204 len: 168 time: 0.3243122
2026-03-04 02:34:27.269 9 INFO neutron.api.wsgi [req-296e2f95-d632-44f9-b2d5-fa6f46c479ba req-2794cbfd-a08e-4921-8c64-858fd03c73d7 2967cf0343a74bbbaed3c2e15e1704a4 c32371e678144ec3aed8ee604137877a - - 0832263700184f97aff006fb9cce7bff 0832263700184f97aff006fb9cce7bff] 199.204.45.122 "GET /v2.0/networks/730d6105-87ce-4974-ad8d-81e704316467?fields=provider%3Aphysical_network&fields=provider%3Anetwork_type HTTP/1.1" status: 200 len: 277 time: 0.0406137
2026-03-04 02:34:27.533 8 INFO neutron.api.wsgi [None req-782e80e8-db84-4198-8eeb-07ac7e221ed0 e4e75d0e8ff04aa2a5dcade370cff897 d5818bc0caba4acfac07f2a6624c0466 - - default default] 10.0.0.40 "DELETE /v2.0/networks/0dde6779-a16a-45d7-935d-74327019beaf HTTP/1.1" status: 204 len: 168 time: 0.2787797
2026-03-04 02:34:27.846 8 INFO neutron.api.wsgi [None req-d24bc6eb-4e25-403d-a91d-6ccb9de2438e e4e75d0e8ff04aa2a5dcade370cff897 d5818bc0caba4acfac07f2a6624c0466 - - default default] 10.0.0.40 "DELETE /v2.0/networks/88252bbb-242a-41bf-83cc-a3c130c7368b HTTP/1.1" status: 204 len: 168 time: 0.3074574
2026-03-04 02:34:28.133 8 INFO neutron.api.wsgi [None req-05042b97-111d-43b7-b6c2-fadbe82fbbee e4e75d0e8ff04aa2a5dcade370cff897 d5818bc0caba4acfac07f2a6624c0466 - - default default] 10.0.0.40 "DELETE /v2.0/networks/5277a279-f523-4539-b0b6-e5d77da62449 HTTP/1.1" status: 204 len: 168 time: 0.2811813
2026-03-04 02:34:28.319 9 INFO neutron.api.wsgi [req-f6c38eed-ef59-4b78-8b0e-ff5332566f68 req-faa35780-c969-480d-9171-24658b20b759 2967cf0343a74bbbaed3c2e15e1704a4 c32371e678144ec3aed8ee604137877a - - 0832263700184f97aff006fb9cce7bff 0832263700184f97aff006fb9cce7bff] 199.204.45.122 "GET /v2.0/ports?tenant_id=d415d15cad7c4e5dae1b340cf898c857&device_id=b417a909-15f6-4703-b177-9db9116ec1ba HTTP/1.1" status: 200 len: 2665 time: 0.0365419
2026-03-04 02:34:28.343 9 INFO neutron.api.wsgi [req-f6c38eed-ef59-4b78-8b0e-ff5332566f68 req-bc6c1ba0-af67-440d-8408-904507418076 2967cf0343a74bbbaed3c2e15e1704a4 c32371e678144ec3aed8ee604137877a - - 0832263700184f97aff006fb9cce7bff 0832263700184f97aff006fb9cce7bff] 199.204.45.122 "GET /v2.0/floatingips?fixed_ip_address=172.24.1.147&port_id=a42fe345-7b9d-4bea-9172-8d2dca63b8b8 HTTP/1.1" status: 200 len: 217 time: 0.0173213
2026-03-04 02:34:28.371 9 INFO neutron.api.wsgi [req-f6c38eed-ef59-4b78-8b0e-ff5332566f68 req-cb595d73-70bc-460e-bb28-da49cb3ac5b2 2967cf0343a74bbbaed3c2e15e1704a4 c32371e678144ec3aed8ee604137877a - - 0832263700184f97aff006fb9cce7bff 0832263700184f97aff006fb9cce7bff] 199.204.45.122 "GET /v2.0/subnets?id=8f1ed311-b241-4f90-816e-04973f8c260f HTTP/1.1" status: 200 len: 853 time: 0.0225530
2026-03-04 02:34:28.392 9 INFO neutron.api.wsgi [req-f6c38eed-ef59-4b78-8b0e-ff5332566f68 req-529feea9-e424-49a1-961a-3340bc0c2c4b 2967cf0343a74bbbaed3c2e15e1704a4 c32371e678144ec3aed8ee604137877a - - 0832263700184f97aff006fb9cce7bff 0832263700184f97aff006fb9cce7bff] 199.204.45.122 "GET /v2.0/ports?network_id=46e97121-7563-49cb-8078-e951c1d55302&device_owner=network%3Adhcp HTTP/1.1" status: 200 len: 210 time: 0.0171180
2026-03-04 02:34:28.430 8 INFO neutron.api.wsgi [None req-c16ccad0-60f3-4a96-a9bc-975fd02fc147 e4e75d0e8ff04aa2a5dcade370cff897 d5818bc0caba4acfac07f2a6624c0466 - - default default] 10.0.0.40 "DELETE /v2.0/networks/aae55ba2-f651-4e2a-8dcd-51e3e8ea7cb5 HTTP/1.1" status: 204 len: 168 time: 0.2909951
2026-03-04 02:34:28.435 9 INFO neutron.api.wsgi [req-f6c38eed-ef59-4b78-8b0e-ff5332566f68 req-417def38-14f5-45a0-a11a-5615a86eb317 2967cf0343a74bbbaed3c2e15e1704a4 c32371e678144ec3aed8ee604137877a - - 0832263700184f97aff006fb9cce7bff 0832263700184f97aff006fb9cce7bff] 199.204.45.122 "GET /v2.0/networks/46e97121-7563-49cb-8078-e951c1d55302?fields=segments HTTP/1.1" status: 200 len: 212 time: 0.0379162
2026-03-04 02:34:28.484 9 INFO neutron.api.wsgi [req-f6c38eed-ef59-4b78-8b0e-ff5332566f68 req-ed6b28db-3607-4cb0-bbf3-43dd93b92333 2967cf0343a74bbbaed3c2e15e1704a4 c32371e678144ec3aed8ee604137877a - - 0832263700184f97aff006fb9cce7bff 0832263700184f97aff006fb9cce7bff] 199.204.45.122 "GET /v2.0/networks/46e97121-7563-49cb-8078-e951c1d55302?fields=provider%3Aphysical_network&fields=provider%3Anetwork_type HTTP/1.1" status: 200 len: 277 time: 0.0431249
2026-03-04 02:34:28.505 9 INFO neutron.api.wsgi [req-f6c38eed-ef59-4b78-8b0e-ff5332566f68 req-3bb7547b-ec5f-44f1-a8de-ca7a222093a2 2967cf0343a74bbbaed3c2e15e1704a4 c32371e678144ec3aed8ee604137877a - - 0832263700184f97aff006fb9cce7bff 0832263700184f97aff006fb9cce7bff] 199.204.45.122 "GET /v2.0/floatingips?fixed_ip_address=10.1.1.164&port_id=b3f89127-cc04-4055-8c4a-75c7b070acc2 HTTP/1.1" status: 200 len: 217 time: 0.0155337
2026-03-04 02:34:28.536 9 INFO neutron.api.wsgi [req-f6c38eed-ef59-4b78-8b0e-ff5332566f68 req-ae28d9a6-27ac-4d32-8665-edf84715eaa3 2967cf0343a74bbbaed3c2e15e1704a4 c32371e678144ec3aed8ee604137877a - - 0832263700184f97aff006fb9cce7bff 0832263700184f97aff006fb9cce7bff] 199.204.45.122 "GET /v2.0/subnets?id=8ed39f52-598f-42be-bd84-4050cb1e0c85 HTTP/1.1" status: 200 len: 878 time: 0.0262468
2026-03-04 02:34:28.561 9 INFO neutron.api.wsgi [req-f6c38eed-ef59-4b78-8b0e-ff5332566f68 req-9817b48b-4c00-4969-abca-fd6cd478ae71 2967cf0343a74bbbaed3c2e15e1704a4 c32371e678144ec3aed8ee604137877a - - 0832263700184f97aff006fb9cce7bff 0832263700184f97aff006fb9cce7bff] 199.204.45.122 "GET /v2.0/ports?network_id=730d6105-87ce-4974-ad8d-81e704316467&device_owner=network%3Adhcp HTTP/1.1" status: 200 len: 210 time: 0.0188515
2026-03-04 02:34:28.614 9 INFO neutron.api.wsgi [req-f6c38eed-ef59-4b78-8b0e-ff5332566f68 req-1b9e7434-e418-435b-a542-168199c7c5da 2967cf0343a74bbbaed3c2e15e1704a4 c32371e678144ec3aed8ee604137877a - - 0832263700184f97aff006fb9cce7bff 0832263700184f97aff006fb9cce7bff] 199.204.45.122 "GET /v2.0/networks/730d6105-87ce-4974-ad8d-81e704316467?fields=segments HTTP/1.1" status: 200 len: 212 time: 0.0469999
2026-03-04 02:34:28.666 9 INFO neutron.api.wsgi [req-f6c38eed-ef59-4b78-8b0e-ff5332566f68 req-0671ec42-11b5-4f83-895c-494f5ed160bc 2967cf0343a74bbbaed3c2e15e1704a4 c32371e678144ec3aed8ee604137877a - - 0832263700184f97aff006fb9cce7bff 0832263700184f97aff006fb9cce7bff] 199.204.45.122 "GET /v2.0/networks/730d6105-87ce-4974-ad8d-81e704316467?fields=provider%3Aphysical_network&fields=provider%3Anetwork_type HTTP/1.1" status: 200 len: 277 time: 0.0466697
2026-03-04 02:34:29.244 8 INFO neutron.services.segments.plugin [-] Segment 039f648d-fd51-4f52-8dca-b2fa7dfdf371 resource provider aggregate not found
2026-03-04 02:34:29.258 8 INFO neutron.services.segments.plugin [-] Segment 039f648d-fd51-4f52-8dca-b2fa7dfdf371 resource provider aggregate not found
2026-03-04 02:34:29.263 8 INFO neutron.services.segments.plugin [-] Segment 039f648d-fd51-4f52-8dca-b2fa7dfdf371 resource provider not found; error: Placement Client Error (4xx): {"errors": [{"status": 404, "title": "Not Found", "detail": "The resource could not be found.\n\n No resource provider with uuid 039f648d-fd51-4f52-8dca-b2fa7dfdf371 found for delete ", "request_id": "req-3cd0c0db-428e-4bee-ba11-6894da48e436"}]}
2026-03-04 02:34:29.266 8 INFO neutron.plugins.ml2.drivers.ovn.mech_driver.mech_driver [None req-cc191b52-564e-444f-bbeb-2ef4db3e0cbd - - - - - -] OVN reports status up for port: b3f89127-cc04-4055-8c4a-75c7b070acc2
2026-03-04 02:34:29.276 8 INFO neutron.services.segments.plugin [-] Segment 039f648d-fd51-4f52-8dca-b2fa7dfdf371 resource provider not found; error: Placement Client Error (4xx): {"errors": [{"status": 404, "title": "Not Found", "detail": "The resource could not be found.\n\n No resource provider with uuid 039f648d-fd51-4f52-8dca-b2fa7dfdf371 found for delete ", "request_id": "req-8829ac99-b8a4-4278-b399-8bebf46680fc"}]}
2026-03-04 02:34:29.280 8 INFO neutron.services.segments.plugin [-] Segment efdd166e-cc27-49b9-9c61-dc56f9b0e077 resource provider aggregate not found
2026-03-04 02:34:29.284 8 INFO neutron.plugins.ml2.plugin [None req-cc191b52-564e-444f-bbeb-2ef4db3e0cbd - - - - - -] Attempt 1 to provision port b3f89127-cc04-4055-8c4a-75c7b070acc2
2026-03-04 02:34:29.288 8 INFO neutron.services.segments.plugin [-] Segment efdd166e-cc27-49b9-9c61-dc56f9b0e077 resource provider aggregate not found
2026-03-04 02:34:29.291 8 INFO neutron.services.segments.plugin [-] Segment efdd166e-cc27-49b9-9c61-dc56f9b0e077 resource provider not found; error: Placement Client Error (4xx): {"errors": [{"status": 404, "title": "Not Found", "detail": "The resource could not be found.\n\n No resource provider with uuid efdd166e-cc27-49b9-9c61-dc56f9b0e077 found for delete ", "request_id": "req-2f5f6c0e-1731-4e4b-ade9-3e14a5072259"}]}
2026-03-04 02:34:29.303 8 INFO neutron.services.segments.plugin [-] Segment 0fe36b88-7ca1-4017-b57a-90a9dc1717b6 resource provider aggregate not found
2026-03-04 02:34:29.308 8 INFO neutron.services.segments.plugin [-] Segment efdd166e-cc27-49b9-9c61-dc56f9b0e077 resource provider not found; error: Placement Client Error (4xx): {"errors": [{"status": 404, "title": "Not Found", "detail": "The resource could not be found.\n\n No resource provider with uuid efdd166e-cc27-49b9-9c61-dc56f9b0e077 found for delete ", "request_id": "req-25e6fae3-1dbd-4ea2-bb73-220aa9c0d738"}]}
2026-03-04 02:34:29.330 8 INFO neutron.services.segments.plugin [-] Segment 0fe36b88-7ca1-4017-b57a-90a9dc1717b6 resource provider aggregate not found
2026-03-04 02:34:29.334 8 INFO neutron.services.segments.plugin [-] Segment 0fe36b88-7ca1-4017-b57a-90a9dc1717b6 resource provider not found; error: Placement Client Error (4xx): {"errors": [{"status": 404, "title": "Not Found", "detail": "The resource could not be found.\n\n No resource provider with uuid 0fe36b88-7ca1-4017-b57a-90a9dc1717b6 found for delete ", "request_id": "req-68bedae7-a6e8-49cf-8bba-c113180ee362"}]}
2026-03-04 02:34:29.349 8 INFO neutron.services.segments.plugin [-] Segment 0fe36b88-7ca1-4017-b57a-90a9dc1717b6 resource provider not found; error: Placement Client Error (4xx): {"errors": [{"status": 404, "title": "Not Found", "detail": "The resource could not be found.\n\n No resource provider with uuid 0fe36b88-7ca1-4017-b57a-90a9dc1717b6 found for delete ", "request_id": "req-4d933aa8-33d1-4c9a-8820-73a3dc81f161"}]}
2026-03-04 02:34:29.354 8 INFO neutron.services.segments.plugin [-] Segment 544047bf-7e02-42ea-8ab3-35ae892addbd resource provider aggregate not found
2026-03-04 02:34:29.366 8 INFO neutron.services.segments.plugin [-] Segment 544047bf-7e02-42ea-8ab3-35ae892addbd resource provider aggregate not found
2026-03-04 02:34:29.369 8 INFO neutron.services.segments.plugin [-] Segment 544047bf-7e02-42ea-8ab3-35ae892addbd resource provider not found; error: Placement Client Error (4xx): {"errors": [{"status": 404, "title": "Not Found", "detail": "The resource could not be found.\n\n No resource provider with uuid 544047bf-7e02-42ea-8ab3-35ae892addbd found for delete ", "request_id": "req-7c942104-8687-4c4f-8387-ef65dcedcf5e"}]}
2026-03-04 02:34:29.381 8 INFO neutron.services.segments.plugin [-] Segment 544047bf-7e02-42ea-8ab3-35ae892addbd resource provider not found; error: Placement Client Error (4xx): {"errors": [{"status": 404, "title": "Not Found", "detail": "The resource could not be found.\n\n No resource provider with uuid 544047bf-7e02-42ea-8ab3-35ae892addbd found for delete ", "request_id": "req-5817846a-eca5-4de9-a4c2-3d59f8e16d4f"}]}
2026-03-04 02:34:29.456 8 INFO neutron.notifiers.nova [-] Nova event matching ['req-6a84a966-520b-4fe4-b023-cd596abfd978'] response: {'server_uuid': 'b417a909-15f6-4703-b177-9db9116ec1ba', 'name': 'network-vif-plugged', 'status': 'completed', 'tag': 'b3f89127-cc04-4055-8c4a-75c7b070acc2', 'code': 200}
2026-03-04 02:34:29.561 8 INFO neutron.db.ovn_revision_numbers_db [None req-cc191b52-564e-444f-bbeb-2ef4db3e0cbd - - - - - -] Successfully bumped revision number for resource b3f89127-cc04-4055-8c4a-75c7b070acc2 (type: ports) to 5
2026-03-04 02:34:29.572 8 INFO neutron.db.ovn_revision_numbers_db [None req-5186420c-eac0-41d8-b0ea-fd5ea880a0d0 ae119c5d3767453f841afc16aea85ca8 d415d15cad7c4e5dae1b340cf898c857 - - default default] Successfully bumped revision number for resource 39903b58-4f20-4b25-bcc2-9aa9579cb348 (type: security_groups) to 1
2026-03-04 02:34:29.587 8 INFO neutron.db.ovn_revision_numbers_db [None req-5186420c-eac0-41d8-b0ea-fd5ea880a0d0 ae119c5d3767453f841afc16aea85ca8 d415d15cad7c4e5dae1b340cf898c857 - - default default] Successfully bumped revision number for resource 07259b87-50d5-4ea7-9b0b-c110d5fe1335 (type: security_group_rules) to 0
2026-03-04 02:34:29.602 8 INFO neutron.db.ovn_revision_numbers_db [None req-5186420c-eac0-41d8-b0ea-fd5ea880a0d0 ae119c5d3767453f841afc16aea85ca8 d415d15cad7c4e5dae1b340cf898c857 - - default default] Successfully bumped revision number for resource 469579ae-9b62-40eb-9341-8af0fed5dc01 (type: security_group_rules) to 0
2026-03-04 02:34:29.622 8 INFO neutron.db.ovn_revision_numbers_db [None req-5186420c-eac0-41d8-b0ea-fd5ea880a0d0 ae119c5d3767453f841afc16aea85ca8 d415d15cad7c4e5dae1b340cf898c857 - - default default] Successfully bumped revision number for resource 835536f5-1542-48ba-a2e7-06d1bfbd5be9 (type: security_group_rules) to 0
2026-03-04 02:34:29.635 8 INFO neutron.db.ovn_revision_numbers_db [None req-5186420c-eac0-41d8-b0ea-fd5ea880a0d0 ae119c5d3767453f841afc16aea85ca8 d415d15cad7c4e5dae1b340cf898c857 - - default default] Successfully bumped revision number for resource a016b3ce-caed-459a-bcc7-b50a7d1f0bde (type: security_group_rules) to 0
2026-03-04 02:34:29.669 8 INFO neutron.api.wsgi [None req-5186420c-eac0-41d8-b0ea-fd5ea880a0d0 ae119c5d3767453f841afc16aea85ca8 d415d15cad7c4e5dae1b340cf898c857 - - default default] 10.0.0.40 "GET /v2.0/security-groups?tenant_id=30a54726ec8b40f88df3830ab799f166&name=default HTTP/1.1" status: 200 len: 3124 time: 0.4954550
2026-03-04 02:34:29.865 9 INFO neutron.api.wsgi [None req-86b9f340-db68-4080-82de-2c72f2d9aa8b ae119c5d3767453f841afc16aea85ca8 d415d15cad7c4e5dae1b340cf898c857 - - default default] 10.0.0.40 "DELETE /v2.0/security-groups/39903b58-4f20-4b25-bcc2-9aa9579cb348 HTTP/1.1" status: 204 len: 168 time: 0.1856384
2026-03-04 02:34:30.066 9 INFO neutron.db.ovn_revision_numbers_db [None req-8abfaf81-9e66-497b-9906-b8259d646198 ae119c5d3767453f841afc16aea85ca8 d415d15cad7c4e5dae1b340cf898c857 - - default default] Successfully bumped revision number for resource 436fca2e-dab5-40ae-846a-951277827d5b (type: security_groups) to 1
2026-03-04 02:34:30.078 9 INFO neutron.db.ovn_revision_numbers_db [None req-8abfaf81-9e66-497b-9906-b8259d646198 ae119c5d3767453f841afc16aea85ca8 d415d15cad7c4e5dae1b340cf898c857 - - default default] Successfully bumped revision number for resource 3cfdc728-3c09-4c64-ad19-189ff307b893 (type: security_group_rules) to 0
2026-03-04 02:34:30.089 9 INFO neutron.db.ovn_revision_numbers_db [None req-8abfaf81-9e66-497b-9906-b8259d646198 ae119c5d3767453f841afc16aea85ca8 d415d15cad7c4e5dae1b340cf898c857 - - default default] Successfully bumped revision number for resource 4729bf8d-35c7-46f4-9dce-d1b26d9523ae (type: security_group_rules) to 0
2026-03-04 02:34:30.095 8 INFO neutron.api.wsgi [-] 10.0.0.138 "GET / HTTP/1.1" status: 200 len: 246 time: 0.0016153
2026-03-04 02:34:30.098 8 INFO neutron.api.wsgi [-] 10.0.0.138 "GET / HTTP/1.1" status: 200 len: 246 time: 0.0012424
2026-03-04 02:34:30.101 9 INFO neutron.db.ovn_revision_numbers_db [None req-8abfaf81-9e66-497b-9906-b8259d646198 ae119c5d3767453f841afc16aea85ca8 d415d15cad7c4e5dae1b340cf898c857 - - default default] Successfully bumped revision number for resource 5d2ca3ec-9613-4234-8135-0c080b6ca298 (type: security_group_rules) to 0
2026-03-04 02:34:30.113 9 INFO neutron.db.ovn_revision_numbers_db [None req-8abfaf81-9e66-497b-9906-b8259d646198 ae119c5d3767453f841afc16aea85ca8 d415d15cad7c4e5dae1b340cf898c857 - - default default] Successfully bumped revision number for resource 6bccfb1b-8593-44ce-ae24-4e8615e5a7bb (type: security_group_rules) to 0
2026-03-04 02:34:30.152 9 INFO neutron.api.wsgi [None req-8abfaf81-9e66-497b-9906-b8259d646198 ae119c5d3767453f841afc16aea85ca8 d415d15cad7c4e5dae1b340cf898c857 - - default default] 10.0.0.40 "GET /v2.0/security-groups?tenant_id=5ad81ec534574520a161d7eb31156232&name=default HTTP/1.1" status: 200 len: 3124 time: 0.2015142
2026-03-04 02:34:30.359 9 INFO neutron.api.wsgi [None req-d46d534c-78ed-43a5-9d63-03afa137eb6b ae119c5d3767453f841afc16aea85ca8 d415d15cad7c4e5dae1b340cf898c857 - - default default] 10.0.0.40 "DELETE /v2.0/security-groups/436fca2e-dab5-40ae-846a-951277827d5b HTTP/1.1" status: 204 len: 168 time: 0.2007642 /var/lib/openstack/lib/python3.12/site-packages/pycadf/identifier.py:71: UserWarning: Invalid uuid: neutron. To ensure interoperability, identifiers should be a valid uuid. warnings.warn(('Invalid uuid: %s. To ensure interoperability, '
2026-03-04 02:34:30.528 8 INFO neutron.api.wsgi [None req-6ca72c3c-f53a-44b4-8a6f-90e086391c16 ae119c5d3767453f841afc16aea85ca8 d415d15cad7c4e5dae1b340cf898c857 - - default default] 10.0.0.40 "GET /v2.0/security-groups?tenant_id=d5818bc0caba4acfac07f2a6624c0466&name=default HTTP/1.1" status: 200 len: 3124 time: 0.0320754
2026-03-04 02:34:30.740 8 INFO neutron.api.wsgi [None req-f41515d1-7629-4534-91aa-704c455ee644 ae119c5d3767453f841afc16aea85ca8 d415d15cad7c4e5dae1b340cf898c857 - - default default] 10.0.0.40 "DELETE /v2.0/security-groups/3d16ee9f-127c-48a3-9323-eed584d0692d HTTP/1.1" status: 204 len: 168 time: 0.2083273
2026-03-04 02:34:31.494 8 INFO neutron.notifiers.nova [-] Nova event matching ['req-a95427dc-2160-4d25-a618-3b277c46895f'] response: {'server_uuid': 'b417a909-15f6-4703-b177-9db9116ec1ba', 'name': 'network-vif-plugged', 'status': 'completed', 'tag': 'b3f89127-cc04-4055-8c4a-75c7b070acc2', 'code': 200}
2026-03-04 02:34:32.357 9 INFO neutron.api.wsgi [req-f6c38eed-ef59-4b78-8b0e-ff5332566f68 req-6d05e017-6831-4355-ae30-6f1e990a5e4e ae119c5d3767453f841afc16aea85ca8 d415d15cad7c4e5dae1b340cf898c857 - - default default] 10.0.0.84 "GET /v2.0/ports/b3f89127-cc04-4055-8c4a-75c7b070acc2 HTTP/1.1" status: 200 len: 1458 time: 0.2205799
2026-03-04 02:34:32.708 8 INFO neutron.db.ovn_revision_numbers_db [None req-d3625688-2464-42b4-856e-1b9a985fc34f ae119c5d3767453f841afc16aea85ca8 d415d15cad7c4e5dae1b340cf898c857 - - default default] Successfully bumped revision number for resource b3f89127-cc04-4055-8c4a-75c7b070acc2 (type: ports) to 6
2026-03-04 02:34:32.718 8 INFO neutron.api.wsgi [None req-d3625688-2464-42b4-856e-1b9a985fc34f ae119c5d3767453f841afc16aea85ca8 d415d15cad7c4e5dae1b340cf898c857 - - default default] 199.204.45.122 "PUT /v2.0/ports/b3f89127-cc04-4055-8c4a-75c7b070acc2 HTTP/1.1" status: 200 len: 1490 time: 0.3511772 /var/lib/openstack/lib/python3.12/site-packages/pycadf/identifier.py:71: UserWarning: Invalid uuid: neutron. To ensure interoperability, identifiers should be a valid uuid. warnings.warn(('Invalid uuid: %s. To ensure interoperability, '
2026-03-04 02:34:32.733 8 INFO neutron.api.v2.resource [None req-510de5b4-e8b5-4e72-9094-2559ad8aa2c8 ae119c5d3767453f841afc16aea85ca8 d415d15cad7c4e5dae1b340cf898c857 - - default default] show failed (client error): The resource could not be found.
2026-03-04 02:34:32.734 8 INFO neutron.api.wsgi [None req-510de5b4-e8b5-4e72-9094-2559ad8aa2c8 ae119c5d3767453f841afc16aea85ca8 d415d15cad7c4e5dae1b340cf898c857 - - default default] 199.204.45.122 "GET /v2.0/security-groups/lb-e892b2a6-7830-4d65-9fea-5ef67be5c9fc HTTP/1.1" status: 404 len: 355 time: 0.0074165
2026-03-04 02:34:32.763 8 INFO neutron.api.wsgi [None req-654e650b-ec58-47c5-a2c8-691179829bb4 ae119c5d3767453f841afc16aea85ca8 d415d15cad7c4e5dae1b340cf898c857 - - default default] 199.204.45.122 "GET /v2.0/security-groups?name=lb-e892b2a6-7830-4d65-9fea-5ef67be5c9fc HTTP/1.1" status: 200 len: 1837 time: 0.0269547
2026-03-04 02:34:33.097 8 INFO neutron.db.ovn_revision_numbers_db [None req-4da8eb4d-0791-4905-b691-4afb6c5977e4 ae119c5d3767453f841afc16aea85ca8 d415d15cad7c4e5dae1b340cf898c857 - - default default] Successfully bumped revision number for resource b3f89127-cc04-4055-8c4a-75c7b070acc2 (type: ports) to 7
2026-03-04 02:34:33.107 8 INFO neutron.api.wsgi [None req-4da8eb4d-0791-4905-b691-4afb6c5977e4 ae119c5d3767453f841afc16aea85ca8 d415d15cad7c4e5dae1b340cf898c857 - - default default] 199.204.45.122 "PUT /v2.0/ports/b3f89127-cc04-4055-8c4a-75c7b070acc2 HTTP/1.1" status: 200 len: 1490 time: 0.3336816
2026-03-04 02:34:33.416 9 INFO neutron.api.wsgi [req-d3b0a49c-9024-4d00-b7db-11a22209011a req-fd0871ae-8769-4dd9-b67f-984df2a2eef6 2967cf0343a74bbbaed3c2e15e1704a4 c32371e678144ec3aed8ee604137877a - - 0832263700184f97aff006fb9cce7bff 0832263700184f97aff006fb9cce7bff] 199.204.45.122 "GET /v2.0/ports?device_id=150c0bb4-b2e1-490b-920e-a64be6da1371&fields=binding%3Ahost_id&fields=binding%3Avif_type HTTP/1.1" status: 200 len: 265 time: 0.0475533
2026-03-04 02:34:33.528 8 INFO neutron.notifiers.nova [-] Nova event matching ['req-d51d9f7a-77eb-4cba-95ab-955983b7aae6'] response: {'name': 'network-changed', 'server_uuid': 'b417a909-15f6-4703-b177-9db9116ec1ba', 'tag': 'b3f89127-cc04-4055-8c4a-75c7b070acc2', 'status': 'completed', 'code': 200}
2026-03-04 02:34:33.528 8 INFO neutron.notifiers.nova [-] Nova event matching ['req-d51d9f7a-77eb-4cba-95ab-955983b7aae6'] response: {'name': 'network-changed', 'server_uuid': 'b417a909-15f6-4703-b177-9db9116ec1ba', 'tag': 'b3f89127-cc04-4055-8c4a-75c7b070acc2', 'status': 'completed', 'code': 200} /var/lib/openstack/lib/python3.12/site-packages/pycadf/identifier.py:71: UserWarning: Invalid uuid: neutron. To ensure interoperability, identifiers should be a valid uuid. warnings.warn(('Invalid uuid: %s. To ensure interoperability, '
2026-03-04 02:34:33.671 8 INFO neutron.api.wsgi [None req-5199ed1d-cc10-421f-b1e8-d107fb23174e ae119c5d3767453f841afc16aea85ca8 d415d15cad7c4e5dae1b340cf898c857 - - default default] 199.204.45.122 "GET /v2.0/extensions/security-group HTTP/1.1" status: 200 len: 369 time: 0.0062122
2026-03-04 02:34:33.681 8 INFO neutron.api.wsgi [None req-be01d4de-e619-4422-b47e-7b66cb121afd ae119c5d3767453f841afc16aea85ca8 d415d15cad7c4e5dae1b340cf898c857 - - default default] 199.204.45.122 "GET /v2.0/extensions/dns-integration HTTP/1.1" status: 200 len: 371 time: 0.0043766
2026-03-04 02:34:33.691 8 INFO neutron.api.wsgi [None req-941b283d-839f-40e3-8ba6-be6876fa2c84 ae119c5d3767453f841afc16aea85ca8 d415d15cad7c4e5dae1b340cf898c857 - - default default] 199.204.45.122 "GET /v2.0/extensions/qos HTTP/1.1" status: 200 len: 365 time: 0.0071306
2026-03-04 02:34:33.699 8 INFO neutron.api.wsgi [None req-5526401c-9a11-48d3-a4e9-0cf90a6c7322 ae119c5d3767453f841afc16aea85ca8 d415d15cad7c4e5dae1b340cf898c857 - - default default] 199.204.45.122 "GET /v2.0/extensions/allowed-address-pairs HTTP/1.1" status: 200 len: 383 time: 0.0038323
2026-03-04 02:34:33.720 8 INFO neutron.api.wsgi [None req-50856983-7d04-41e6-8b52-b49bbfb4e4cb ae119c5d3767453f841afc16aea85ca8 d415d15cad7c4e5dae1b340cf898c857 - - default default] 199.204.45.122 "GET /v2.0/subnets/8ed39f52-598f-42be-bd84-4050cb1e0c85 HTTP/1.1" status: 200 len: 875 time: 0.0179782
2026-03-04 02:34:33.751 8 INFO neutron.api.wsgi [None req-7fd39de0-b3eb-46ea-bbe6-b54792e0e964 ae119c5d3767453f841afc16aea85ca8 d415d15cad7c4e5dae1b340cf898c857 - - default default] 199.204.45.122 "GET /v2.0/ports/2937e3e1-ce41-4394-a12a-e664dbc7acdd HTTP/1.1" status: 200 len: 1328 time: 0.0252199
2026-03-04 02:34:33.785 8 INFO neutron.api.wsgi [None req-d68b5e46-90cf-440f-9197-b3a1bd40cc09 ae119c5d3767453f841afc16aea85ca8 d415d15cad7c4e5dae1b340cf898c857 - - default default] 199.204.45.122 "GET /v2.0/ports/b3f89127-cc04-4055-8c4a-75c7b070acc2 HTTP/1.1" status: 200 len: 1518 time: 0.0268233
2026-03-04 02:34:33.812 8 INFO neutron.api.wsgi [None req-4b65e4fb-6bad-4c5e-a633-feea57d9de0d ae119c5d3767453f841afc16aea85ca8 d415d15cad7c4e5dae1b340cf898c857 - - default default] 199.204.45.122 "GET /v2.0/subnets/8ed39f52-598f-42be-bd84-4050cb1e0c85 HTTP/1.1" status: 200 len: 875 time: 0.0202641
2026-03-04 02:34:33.817 8 WARNING neutron_lib.context [None req-6a534faf-054a-42fd-ac6f-18b45ab5b0aa d22edaab344249bb94375c35c82f82be 5f00b846f3e545bd957ca17a402835a4 - - default default] Method 'is_advsvc' is deprecated since 2023.2 release (neutron-lib 3.8.0) and will be removed once support for the old RBAC API policies will be removed from Neutron. Please use method 'is_service_role' instead.
2026-03-04 02:34:33.859 8 INFO neutron.api.wsgi [None req-cb4da98a-843e-4abe-ab9f-e56cc31eed5b ae119c5d3767453f841afc16aea85ca8 d415d15cad7c4e5dae1b340cf898c857 - - default default] 199.204.45.122 "GET /v2.0/networks/730d6105-87ce-4974-ad8d-81e704316467 HTTP/1.1" status: 200 len: 1001 time: 0.0390728
2026-03-04 02:34:33.896 8 INFO neutron.api.wsgi [None req-ba741b0b-8295-4a5b-8a29-0f4d5d7cad26 ae119c5d3767453f841afc16aea85ca8 d415d15cad7c4e5dae1b340cf898c857 - - default default] 199.204.45.122 "GET /v2.0/ports/2937e3e1-ce41-4394-a12a-e664dbc7acdd HTTP/1.1" status: 200 len: 1328 time: 0.0315440
2026-03-04 02:34:33.919 8 INFO neutron.db.ovn_revision_numbers_db [None req-6a534faf-054a-42fd-ac6f-18b45ab5b0aa d22edaab344249bb94375c35c82f82be 5f00b846f3e545bd957ca17a402835a4 - - default default] Successfully bumped revision number for resource 840a70f5-bb42-4e77-9650-8df334a4c9b8 (type: routers) to 1
2026-03-04 02:34:33.923 8 INFO neutron.api.wsgi [None req-cea4dd91-2c63-4662-80e0-0637226738ca ae119c5d3767453f841afc16aea85ca8 d415d15cad7c4e5dae1b340cf898c857 - - default default] 199.204.45.122 "GET /v2.0/subnets/8ed39f52-598f-42be-bd84-4050cb1e0c85 HTTP/1.1" status: 200 len: 875 time: 0.0206227
2026-03-04 02:34:33.935 8 INFO neutron.api.wsgi [None req-6a534faf-054a-42fd-ac6f-18b45ab5b0aa d22edaab344249bb94375c35c82f82be 5f00b846f3e545bd957ca17a402835a4 - - default default] 10.0.0.40 "POST /v2.0/routers HTTP/1.1" status: 201 len: 769 time: 0.2516334
2026-03-04 02:34:33.982 8 INFO neutron.api.wsgi [None req-acead294-a2f1-4201-9ccc-8ae5d7b6c983 d22edaab344249bb94375c35c82f82be 5f00b846f3e545bd957ca17a402835a4 - - default default] 10.0.0.40 "PUT /v2.0/routers/840a70f5-bb42-4e77-9650-8df334a4c9b8/tags HTTP/1.1" status: 200 len: 218 time: 0.0403125
2026-03-04 02:34:34.017 8 INFO neutron.api.wsgi [None req-110f5b55-5307-4cd2-aa8f-8583fdc533b8 d22edaab344249bb94375c35c82f82be 5f00b846f3e545bd957ca17a402835a4 - - default default] 10.0.0.40 "GET /v2.0/routers/840a70f5-bb42-4e77-9650-8df334a4c9b8/tags HTTP/1.1" status: 200 len: 218 time: 0.0309391
2026-03-04 02:34:34.067 8 INFO neutron.api.wsgi [None req-a5eb4e72-3241-4004-b1d7-b5c8657bb51d d22edaab344249bb94375c35c82f82be 5f00b846f3e545bd957ca17a402835a4 - - default default] 10.0.0.40 "PUT /v2.0/routers/840a70f5-bb42-4e77-9650-8df334a4c9b8/tags/green HTTP/1.1" status: 201 len: 201 time: 0.0467515
2026-03-04 02:34:34.075 9 INFO neutron.api.wsgi [req-ef141e91-8ecf-4c2e-afe1-62c5e5d63a2a req-17eeec0e-7ee3-4053-b9bc-d6787a7466ee 2967cf0343a74bbbaed3c2e15e1704a4 c32371e678144ec3aed8ee604137877a - - 0832263700184f97aff006fb9cce7bff 0832263700184f97aff006fb9cce7bff] 199.204.45.122 "GET /v2.0/ports?tenant_id=d415d15cad7c4e5dae1b340cf898c857&device_id=b417a909-15f6-4703-b177-9db9116ec1ba HTTP/1.1" status: 200 len: 2727 time: 0.0384872
2026-03-04 02:34:34.106 8 INFO neutron.api.wsgi [None req-01c05d60-7073-4c3f-a75b-e1c08c3c8f97 d22edaab344249bb94375c35c82f82be 5f00b846f3e545bd957ca17a402835a4 - - default default] 10.0.0.40 "GET /v2.0/routers/840a70f5-bb42-4e77-9650-8df334a4c9b8/tags HTTP/1.1" status: 200 len: 227 time: 0.0337570
2026-03-04 02:34:34.131 9 INFO neutron.api.wsgi [req-ef141e91-8ecf-4c2e-afe1-62c5e5d63a2a req-df8558a7-f0fd-49bd-bd7d-b67336fa919c 2967cf0343a74bbbaed3c2e15e1704a4 c32371e678144ec3aed8ee604137877a - - 0832263700184f97aff006fb9cce7bff 0832263700184f97aff006fb9cce7bff] 199.204.45.122 "GET /v2.0/networks?id=730d6105-87ce-4974-ad8d-81e704316467 HTTP/1.1" status: 200 len: 1004 time: 0.0511785
2026-03-04 02:34:34.148 8 INFO neutron.api.wsgi [None req-d815daee-8301-4487-b642-158825d98c23 d22edaab344249bb94375c35c82f82be 5f00b846f3e545bd957ca17a402835a4 - - default default] 10.0.0.40 "PUT /v2.0/routers/840a70f5-bb42-4e77-9650-8df334a4c9b8/tags/red HTTP/1.1" status: 201 len: 201 time: 0.0379922
2026-03-04 02:34:34.156 9 INFO neutron.api.wsgi [req-ef141e91-8ecf-4c2e-afe1-62c5e5d63a2a req-951cceb6-4ad1-4185-9cf8-6ad8e9c20bf5 2967cf0343a74bbbaed3c2e15e1704a4 c32371e678144ec3aed8ee604137877a - - 0832263700184f97aff006fb9cce7bff 0832263700184f97aff006fb9cce7bff] 199.204.45.122 "GET /v2.0/floatingips?fixed_ip_address=10.1.1.164&port_id=b3f89127-cc04-4055-8c4a-75c7b070acc2 HTTP/1.1" status: 200 len: 217 time: 0.0203855
2026-03-04 02:34:34.186 8 INFO neutron.api.wsgi [None req-0fb9fded-41f1-431b-b892-8d385204391d d22edaab344249bb94375c35c82f82be 5f00b846f3e545bd957ca17a402835a4 - - default default] 10.0.0.40 "GET /v2.0/routers/840a70f5-bb42-4e77-9650-8df334a4c9b8/tags HTTP/1.1" status: 200 len: 227 time: 0.0332694
2026-03-04 02:34:34.187 9 INFO neutron.api.wsgi [req-ef141e91-8ecf-4c2e-afe1-62c5e5d63a2a req-e0492552-67a0-4e4e-9722-a54aefd315e1 2967cf0343a74bbbaed3c2e15e1704a4 c32371e678144ec3aed8ee604137877a - - 0832263700184f97aff006fb9cce7bff 0832263700184f97aff006fb9cce7bff] 199.204.45.122 "GET /v2.0/subnets?id=8ed39f52-598f-42be-bd84-4050cb1e0c85 HTTP/1.1" status: 200 len: 878 time: 0.0267770
2026-03-04 02:34:34.211 9 INFO neutron.api.wsgi [req-ef141e91-8ecf-4c2e-afe1-62c5e5d63a2a req-03030b14-1ef1-4b0b-aaae-1b16baf75e60 2967cf0343a74bbbaed3c2e15e1704a4 c32371e678144ec3aed8ee604137877a - - 0832263700184f97aff006fb9cce7bff 0832263700184f97aff006fb9cce7bff] 199.204.45.122 "GET /v2.0/ports?network_id=730d6105-87ce-4974-ad8d-81e704316467&device_owner=network%3Adhcp HTTP/1.1" status: 200 len: 210 time: 0.0187311
2026-03-04 02:34:34.248 8 INFO neutron.api.wsgi [None req-66de697d-c535-4e3c-8317-ef3115ec9cee d22edaab344249bb94375c35c82f82be 5f00b846f3e545bd957ca17a402835a4 - - default default] 10.0.0.40 "PUT /v2.0/routers/840a70f5-bb42-4e77-9650-8df334a4c9b8/tags/black.or.white HTTP/1.1" status: 201 len: 201 time: 0.0574532
2026-03-04 02:34:34.262 9 INFO neutron.api.wsgi [req-ef141e91-8ecf-4c2e-afe1-62c5e5d63a2a req-da8aa0e4-1599-45f1-91bc-14a2850b0503 2967cf0343a74bbbaed3c2e15e1704a4 c32371e678144ec3aed8ee604137877a - - 0832263700184f97aff006fb9cce7bff 0832263700184f97aff006fb9cce7bff] 199.204.45.122 "GET /v2.0/networks/730d6105-87ce-4974-ad8d-81e704316467?fields=segments HTTP/1.1" status: 200 len: 212 time: 0.0451903
2026-03-04 02:34:34.300 9 INFO neutron.api.wsgi [req-ef141e91-8ecf-4c2e-afe1-62c5e5d63a2a req-b4bfdb8d-49af-4ee9-98e2-55908c541dd4 2967cf0343a74bbbaed3c2e15e1704a4 c32371e678144ec3aed8ee604137877a - - 0832263700184f97aff006fb9cce7bff 0832263700184f97aff006fb9cce7bff] 199.204.45.122 "GET /v2.0/networks/730d6105-87ce-4974-ad8d-81e704316467?fields=provider%3Aphysical_network&fields=provider%3Anetwork_type HTTP/1.1" status: 200 len: 277 time: 0.0318754
2026-03-04 02:34:34.464 9 INFO neutron.api.wsgi [req-d3b0a49c-9024-4d00-b7db-11a22209011a req-c656b07e-97b8-47ca-9f58-9fced73ae3cc 2967cf0343a74bbbaed3c2e15e1704a4 c32371e678144ec3aed8ee604137877a - - 0832263700184f97aff006fb9cce7bff 0832263700184f97aff006fb9cce7bff] 199.204.45.122 "GET /v2.0/ports?tenant_id=3e2f7676103d470281aaf43ba57f27cb&device_id=150c0bb4-b2e1-490b-920e-a64be6da1371 HTTP/1.1" status: 200 len: 1638 time: 0.0341506
2026-03-04 02:34:34.546 8 INFO neutron.api.wsgi [None req-6747b02a-34d9-4eb2-adae-13513c224b94 d22edaab344249bb94375c35c82f82be 5f00b846f3e545bd957ca17a402835a4 - - default default] 10.0.0.40 "GET /v2.0/routers/840a70f5-bb42-4e77-9650-8df334a4c9b8/tags HTTP/1.1" status: 200 len: 245 time: 0.2936065
2026-03-04 02:34:34.594 8 INFO neutron.api.wsgi [None req-5c453c5f-df56-488c-b6c1-9025ec510d1f d22edaab344249bb94375c35c82f82be 5f00b846f3e545bd957ca17a402835a4 - - default default] 10.0.0.40 "PUT /v2.0/routers/840a70f5-bb42-4e77-9650-8df334a4c9b8/tags HTTP/1.1" status: 200 len: 230 time: 0.0454266
2026-03-04 02:34:34.628 8 INFO neutron.api.wsgi [None req-0e8613dc-18f1-4816-b525-9c9cdafec00a d22edaab344249bb94375c35c82f82be 5f00b846f3e545bd957ca17a402835a4 - - default default] 10.0.0.40 "GET /v2.0/routers/840a70f5-bb42-4e77-9650-8df334a4c9b8/tags HTTP/1.1" status: 200 len: 230 time: 0.0289221
2026-03-04 02:34:34.660 8 INFO neutron.api.wsgi [None req-ead3c923-6719-4753-a686-ba359accca4f d22edaab344249bb94375c35c82f82be 5f00b846f3e545bd957ca17a402835a4 - - default default] 10.0.0.40 "GET /v2.0/routers/840a70f5-bb42-4e77-9650-8df334a4c9b8/tags/red HTTP/1.1" status: 204 len: 168 time: 0.0274987
2026-03-04 02:34:34.699 8 INFO neutron.api.v2.resource [None req-16bbea0c-955f-4448-b665-4cb852cf5276 d22edaab344249bb94375c35c82f82be 5f00b846f3e545bd957ca17a402835a4 - - default default] show failed (client error): The resource could not be found.
2026-03-04 02:34:34.701 8 INFO neutron.api.wsgi [None req-16bbea0c-955f-4448-b665-4cb852cf5276 d22edaab344249bb94375c35c82f82be 5f00b846f3e545bd957ca17a402835a4 - - default default] 10.0.0.40 "GET /v2.0/routers/840a70f5-bb42-4e77-9650-8df334a4c9b8/tags/green HTTP/1.1" status: 404 len: 299 time: 0.0365226
2026-03-04 02:34:34.750 8 INFO neutron.api.wsgi [None req-3ef28110-9682-400b-9831-2f67c5cf5018 d22edaab344249bb94375c35c82f82be 5f00b846f3e545bd957ca17a402835a4 - - default default] 10.0.0.40 "DELETE /v2.0/routers/840a70f5-bb42-4e77-9650-8df334a4c9b8/tags/red HTTP/1.1" status: 204 len: 168 time: 0.0460558
2026-03-04 02:34:34.793 8 INFO neutron.api.wsgi [None req-59e30d83-a568-47d6-a890-8aaf69b67db2 d22edaab344249bb94375c35c82f82be 5f00b846f3e545bd957ca17a402835a4 - - default default] 10.0.0.40 "GET /v2.0/routers/840a70f5-bb42-4e77-9650-8df334a4c9b8/tags HTTP/1.1" status: 200 len: 223 time: 0.0383105
2026-03-04 02:34:34.829 8 INFO neutron.api.v2.resource [None req-a6c1bdb6-5fc4-45a1-9877-fd58c3daf8ad d22edaab344249bb94375c35c82f82be 5f00b846f3e545bd957ca17a402835a4 - - default default] delete failed (client error): The resource could not be found.
2026-03-04 02:34:34.831 8 INFO neutron.api.wsgi [None req-a6c1bdb6-5fc4-45a1-9877-fd58c3daf8ad d22edaab344249bb94375c35c82f82be 5f00b846f3e545bd957ca17a402835a4 - - default default] 10.0.0.40 "DELETE /v2.0/routers/840a70f5-bb42-4e77-9650-8df334a4c9b8/tags/green HTTP/1.1" status: 404 len: 299 time: 0.0324259
2026-03-04 02:34:34.881 8 INFO neutron.api.wsgi [None req-b66bf401-3b95-4b5b-a182-8744d796b52c d22edaab344249bb94375c35c82f82be 5f00b846f3e545bd957ca17a402835a4 - - default default] 10.0.0.40 "DELETE /v2.0/routers/840a70f5-bb42-4e77-9650-8df334a4c9b8/tags HTTP/1.1" status: 204 len: 168 time: 0.0454767
2026-03-04 02:34:34.913 8 INFO neutron.api.wsgi [None req-b99d804c-7b4c-4dbe-9e5f-7898eefeb13b d22edaab344249bb94375c35c82f82be 5f00b846f3e545bd957ca17a402835a4 - - default default] 10.0.0.40 "GET /v2.0/routers/840a70f5-bb42-4e77-9650-8df334a4c9b8/tags HTTP/1.1" status: 200 len: 205 time: 0.0260189
2026-03-04 02:34:34.957 9 INFO neutron.api.wsgi [None req-99897d70-a14a-49a6-9872-c7af8c092bcc d22edaab344249bb94375c35c82f82be 5f00b846f3e545bd957ca17a402835a4 - - default default] 10.0.0.40 "GET /v2.0/routers/840a70f5-bb42-4e77-9650-8df334a4c9b8 HTTP/1.1" status: 200 len: 770 time: 0.0315418
2026-03-04 02:34:35.043 9 INFO neutron.api.wsgi [req-d3b0a49c-9024-4d00-b7db-11a22209011a req-93cd373d-f4db-4179-a1e2-95cdf2d95978 2967cf0343a74bbbaed3c2e15e1704a4 c32371e678144ec3aed8ee604137877a - - 0832263700184f97aff006fb9cce7bff 0832263700184f97aff006fb9cce7bff] 199.204.45.122 "GET /v2.0/networks?id=a5190503-acad-4a22-8df2-73b90cd5cadc HTTP/1.1" status: 200 len: 1002 time: 0.0659180
2026-03-04 02:34:35.105 9 INFO neutron.api.wsgi [req-d3b0a49c-9024-4d00-b7db-11a22209011a req-d9abf270-8d25-4df4-923c-b8bc64cda969 2967cf0343a74bbbaed3c2e15e1704a4 c32371e678144ec3aed8ee604137877a - - 0832263700184f97aff006fb9cce7bff 0832263700184f97aff006fb9cce7bff] 199.204.45.122 "GET /v2.0/floatingips?fixed_ip_address=10.2.1.236&port_id=e5881df7-c3b7-4e2b-a745-3e58848f608d HTTP/1.1" status: 200 len: 1059 time: 0.0551674
2026-03-04 02:34:35.132 9 INFO neutron.api.wsgi [req-d3b0a49c-9024-4d00-b7db-11a22209011a req-7fc2755d-d873-4cf4-8774-7782e802cdac 2967cf0343a74bbbaed3c2e15e1704a4 c32371e678144ec3aed8ee604137877a - - 0832263700184f97aff006fb9cce7bff 0832263700184f97aff006fb9cce7bff] 199.204.45.122 "GET /v2.0/floatingips?fixed_ip_address=fd7b%3Af9f7%3Afff%3A4eca%3A%3A2d4&port_id=e5881df7-c3b7-4e2b-a745-3e58848f608d HTTP/1.1" status: 200 len: 217 time: 0.0180063
2026-03-04 02:34:35.174 9 INFO neutron.api.wsgi [req-d3b0a49c-9024-4d00-b7db-11a22209011a req-e823103a-fc50-4a37-ba6a-807329f7807d 2967cf0343a74bbbaed3c2e15e1704a4 c32371e678144ec3aed8ee604137877a - - 0832263700184f97aff006fb9cce7bff 0832263700184f97aff006fb9cce7bff] 199.204.45.122 "GET /v2.0/subnets?id=7672ca7f-9e7a-4123-a341-0ee8f0a5ce04&id=65967447-01c2-41c2-9fff-a8fb6f6247d6 HTTP/1.1" status: 200 len: 1611 time: 0.0365834
2026-03-04 02:34:35.206 9 INFO neutron.api.wsgi [req-d3b0a49c-9024-4d00-b7db-11a22209011a req-36827f3e-bc77-44db-9109-4a64fb1b3121 2967cf0343a74bbbaed3c2e15e1704a4 c32371e678144ec3aed8ee604137877a - - 0832263700184f97aff006fb9cce7bff 0832263700184f97aff006fb9cce7bff] 199.204.45.122 "GET /v2.0/ports?network_id=a5190503-acad-4a22-8df2-73b90cd5cadc&device_owner=network%3Adhcp HTTP/1.1" status: 200 len: 210 time: 0.0231748
2026-03-04 02:34:35.224 9 INFO neutron.api.wsgi [req-d3b0a49c-9024-4d00-b7db-11a22209011a req-210541e9-8c06-4cbb-bed6-e741ea19bb2f 2967cf0343a74bbbaed3c2e15e1704a4 c32371e678144ec3aed8ee604137877a - - 0832263700184f97aff006fb9cce7bff 0832263700184f97aff006fb9cce7bff] 199.204.45.122 "GET /v2.0/ports?network_id=a5190503-acad-4a22-8df2-73b90cd5cadc&device_owner=network%3Adhcp HTTP/1.1" status: 200 len: 210 time: 0.0132935
2026-03-04 02:34:35.260 9 INFO neutron.db.ovn_revision_numbers_db [None req-8ceabd86-0925-4201-a32d-e30f1e70b007 d22edaab344249bb94375c35c82f82be 5f00b846f3e545bd957ca17a402835a4 - - default default] Successfully bumped revision number for resource 840a70f5-bb42-4e77-9650-8df334a4c9b8 (type: routers) to 7
2026-03-04 02:34:35.265 9 INFO neutron.api.wsgi [None req-8ceabd86-0925-4201-a32d-e30f1e70b007 d22edaab344249bb94375c35c82f82be 5f00b846f3e545bd957ca17a402835a4 - - default default] 10.0.0.40 "PUT /v2.0/routers/840a70f5-bb42-4e77-9650-8df334a4c9b8 HTTP/1.1" status: 200 len: 770 time: 0.3032620
2026-03-04 02:34:35.274 9 INFO neutron.api.wsgi [req-d3b0a49c-9024-4d00-b7db-11a22209011a req-bb1ca4bb-8832-44fb-b3bc-245d2d7d6754 2967cf0343a74bbbaed3c2e15e1704a4 c32371e678144ec3aed8ee604137877a - - 0832263700184f97aff006fb9cce7bff 0832263700184f97aff006fb9cce7bff] 199.204.45.122 "GET /v2.0/networks/a5190503-acad-4a22-8df2-73b90cd5cadc?fields=segments HTTP/1.1" status: 200 len: 212 time: 0.0424883
2026-03-04 02:34:35.289 8 INFO neutron.api.wsgi [None req-758d9a2f-5bf0-44a5-b74a-447cb740fd5a d22edaab344249bb94375c35c82f82be 5f00b846f3e545bd957ca17a402835a4 - - default default] 10.0.0.40 "GET /v2.0/ports?device_id=840a70f5-bb42-4e77-9650-8df334a4c9b8 HTTP/1.1" status: 200 len: 205 time: 0.0193887
2026-03-04 02:34:35.323 9 INFO neutron.api.wsgi [req-d3b0a49c-9024-4d00-b7db-11a22209011a req-644cb0f3-4a01-49f6-a1f2-99f1f9f74e86 2967cf0343a74bbbaed3c2e15e1704a4 c32371e678144ec3aed8ee604137877a - - 0832263700184f97aff006fb9cce7bff 0832263700184f97aff006fb9cce7bff] 199.204.45.122 "GET /v2.0/networks/a5190503-acad-4a22-8df2-73b90cd5cadc?fields=provider%3Aphysical_network&fields=provider%3Anetwork_type HTTP/1.1" status: 200 len: 277 time: 0.0429225
2026-03-04 02:34:35.372 8 INFO neutron.api.wsgi [req-ef141e91-8ecf-4c2e-afe1-62c5e5d63a2a req-2f7c2721-6a57-4ccf-8e50-f3886fd3cc7b 2967cf0343a74bbbaed3c2e15e1704a4 c32371e678144ec3aed8ee604137877a - - 0832263700184f97aff006fb9cce7bff 0832263700184f97aff006fb9cce7bff] 199.204.45.122 "GET /v2.0/ports?tenant_id=d415d15cad7c4e5dae1b340cf898c857&device_id=b417a909-15f6-4703-b177-9db9116ec1ba HTTP/1.1" status: 200 len: 2727 time: 0.0571468
2026-03-04 02:34:35.450 8 INFO neutron.api.wsgi [req-ef141e91-8ecf-4c2e-afe1-62c5e5d63a2a req-ee20f390-0717-43b2-87c2-89ac1d2eff88 2967cf0343a74bbbaed3c2e15e1704a4 c32371e678144ec3aed8ee604137877a - - 0832263700184f97aff006fb9cce7bff 0832263700184f97aff006fb9cce7bff] 199.204.45.122 "GET /v2.0/networks?id=730d6105-87ce-4974-ad8d-81e704316467 HTTP/1.1" status: 200 len: 1004 time: 0.0670927
2026-03-04 02:34:35.473 8 INFO neutron.api.wsgi [req-ef141e91-8ecf-4c2e-afe1-62c5e5d63a2a req-86b5b01b-a45e-40d0-9e82-9a2f14b15000 2967cf0343a74bbbaed3c2e15e1704a4 c32371e678144ec3aed8ee604137877a - - 0832263700184f97aff006fb9cce7bff 0832263700184f97aff006fb9cce7bff] 199.204.45.122 "GET /v2.0/floatingips?fixed_ip_address=10.1.1.164&port_id=b3f89127-cc04-4055-8c4a-75c7b070acc2 HTTP/1.1" status: 200 len: 217 time: 0.0129311
2026-03-04 02:34:35.490 8 INFO neutron.api.wsgi [None req-a766507b-f06c-4e18-b71e-28ad65173f34 d22edaab344249bb94375c35c82f82be 5f00b846f3e545bd957ca17a402835a4 - - default default] 10.0.0.40 "DELETE /v2.0/routers/840a70f5-bb42-4e77-9650-8df334a4c9b8 HTTP/1.1" status: 204 len: 168 time: 0.1963518
2026-03-04 02:34:35.501 8 INFO neutron.api.wsgi [req-ef141e91-8ecf-4c2e-afe1-62c5e5d63a2a req-c776f764-130b-4727-8eb6-97dbffae2f64 2967cf0343a74bbbaed3c2e15e1704a4 c32371e678144ec3aed8ee604137877a - - 0832263700184f97aff006fb9cce7bff 0832263700184f97aff006fb9cce7bff] 199.204.45.122 "GET /v2.0/subnets?id=8ed39f52-598f-42be-bd84-4050cb1e0c85 HTTP/1.1" status: 200 len: 878 time: 0.0230625
2026-03-04 02:34:35.523 8 INFO neutron.api.wsgi [req-ef141e91-8ecf-4c2e-afe1-62c5e5d63a2a req-095f6483-0e21-4d04-8434-c9dbbe44b4fe 2967cf0343a74bbbaed3c2e15e1704a4 c32371e678144ec3aed8ee604137877a - - 0832263700184f97aff006fb9cce7bff 0832263700184f97aff006fb9cce7bff] 199.204.45.122 "GET /v2.0/ports?network_id=730d6105-87ce-4974-ad8d-81e704316467&device_owner=network%3Adhcp HTTP/1.1" status: 200 len: 210 time: 0.0167148
2026-03-04 02:34:35.564 8 INFO neutron.api.wsgi [req-ef141e91-8ecf-4c2e-afe1-62c5e5d63a2a req-6473e0cd-6bb7-4d1e-a201-cad1b30a6288 2967cf0343a74bbbaed3c2e15e1704a4 c32371e678144ec3aed8ee604137877a - - 0832263700184f97aff006fb9cce7bff 0832263700184f97aff006fb9cce7bff] 199.204.45.122 "GET /v2.0/networks/730d6105-87ce-4974-ad8d-81e704316467?fields=segments HTTP/1.1" status: 200 len: 212 time: 0.0360994
2026-03-04 02:34:35.605 8 INFO neutron.api.wsgi [req-ef141e91-8ecf-4c2e-afe1-62c5e5d63a2a req-39add1ec-c00d-4709-92ec-702cb0bdb593 2967cf0343a74bbbaed3c2e15e1704a4 c32371e678144ec3aed8ee604137877a - - 0832263700184f97aff006fb9cce7bff 0832263700184f97aff006fb9cce7bff] 199.204.45.122 "GET /v2.0/networks/730d6105-87ce-4974-ad8d-81e704316467?fields=provider%3Aphysical_network&fields=provider%3Anetwork_type HTTP/1.1" status: 200 len: 277 time: 0.0354025
2026-03-04 02:34:36.282 9 INFO neutron.db.ovn_revision_numbers_db [None req-b2c1b6a5-9cae-4412-ab4d-e392664851b4 ae119c5d3767453f841afc16aea85ca8 d415d15cad7c4e5dae1b340cf898c857 - - default default] Successfully bumped revision number for resource f54ca68e-4f59-494f-ac88-19ab3af75d8a (type: security_groups) to 1
2026-03-04 02:34:36.293 9 INFO neutron.db.ovn_revision_numbers_db [None req-b2c1b6a5-9cae-4412-ab4d-e392664851b4 ae119c5d3767453f841afc16aea85ca8 d415d15cad7c4e5dae1b340cf898c857 - - default default] Successfully bumped revision number for resource 373b7882-f53e-4f41-9138-6d66d91102cb (type: security_group_rules) to 0
2026-03-04 02:34:36.305 9 INFO neutron.db.ovn_revision_numbers_db [None req-b2c1b6a5-9cae-4412-ab4d-e392664851b4 ae119c5d3767453f841afc16aea85ca8 d415d15cad7c4e5dae1b340cf898c857 - - default default] Successfully bumped revision number for resource 9446ae58-832d-4ea2-8ad0-ac8a81db171f (type: security_group_rules) to 0
