2026-03-04 02:32:56.065 8 INFO neutron.db.ovn_revision_numbers_db [None req-f96a3cfc-d23b-4ad6-b1ec-ef90b92b9c37 0563909a31084b2baef5f158bc65a4b8 f2666387b228487985eb48993747b723 - - default default] Successfully bumped revision number for resource ae1be28b-72ed-4efd-9956-32e465e3b368 (type: ports) to 1
2026-03-04 02:32:56.099 8 INFO neutron.api.wsgi [None req-f96a3cfc-d23b-4ad6-b1ec-ef90b92b9c37 0563909a31084b2baef5f158bc65a4b8 f2666387b228487985eb48993747b723 - - default default] 10.0.0.40 "POST /v2.0/networks HTTP/1.1" status: 201 len: 830 time: 0.8662362
2026-03-04 02:32:56.100 9 INFO neutron.api.wsgi [req-702c929a-4185-4d10-9567-775d306d6346 req-7a893e24-366d-4066-b5de-76d34940ec19 2967cf0343a74bbbaed3c2e15e1704a4 c32371e678144ec3aed8ee604137877a - - 0832263700184f97aff006fb9cce7bff 0832263700184f97aff006fb9cce7bff] 10.0.0.84 "GET /v2.0/networks/10a84851-01fd-4d96-9781-7b4c6cf6aad7?fields=provider%3Aphysical_network&fields=provider%3Anetwork_type HTTP/1.1" status: 200 len: 277 time: 0.0551093
2026-03-04 02:32:56.154 8 WARNING neutron.scheduler.dhcp_agent_scheduler [None req-e5955da7-4e51-4d21-a0f0-6ac6e0b4c06b ae119c5d3767453f841afc16aea85ca8 d415d15cad7c4e5dae1b340cf898c857 - - default default] No more DHCP agents
2026-03-04 02:32:56.154 9 INFO neutron.api.wsgi [None req-87fe2fc8-1fe4-49aa-a824-81e4184c99e2 0563909a31084b2baef5f158bc65a4b8 f2666387b228487985eb48993747b723 - - default default] 10.0.0.40 "PUT /v2.0/networks/ec67d88b-1c18-49be-9e60-d283ed6c47c5/tags HTTP/1.1" status: 200 len: 218 time: 0.0420775
2026-03-04 02:32:56.155 8 WARNING neutron.api.rpc.agentnotifiers.dhcp_rpc_agent_api [None req-e5955da7-4e51-4d21-a0f0-6ac6e0b4c06b ae119c5d3767453f841afc16aea85ca8 d415d15cad7c4e5dae1b340cf898c857 - - default default] Unable to schedule network 7f2026e8-63e9-4c60-ad70-baf85ebf2d8a: no agents available; will retry on subsequent port and subnet creation events.
2026-03-04 02:32:56.203 9 INFO neutron.api.wsgi [None req-5fff80e9-e14f-4728-ac71-19f2e7400bf6 0563909a31084b2baef5f158bc65a4b8 f2666387b228487985eb48993747b723 - - default default] 10.0.0.40 "GET /v2.0/networks/ec67d88b-1c18-49be-9e60-d283ed6c47c5/tags HTTP/1.1" status: 200 len: 218 time: 0.0387001
2026-03-04 02:32:56.220 8 INFO neutron.api.wsgi [req-93a8e3bc-2c22-4a8a-bcdb-3c13e80018e5 req-fe180f93-a09c-4f98-9434-998303640729 2967cf0343a74bbbaed3c2e15e1704a4 c32371e678144ec3aed8ee604137877a - - 0832263700184f97aff006fb9cce7bff 0832263700184f97aff006fb9cce7bff] 199.204.45.122 "GET /v2.0/ports?tenant_id=3e2f7676103d470281aaf43ba57f27cb&device_id=150c0bb4-b2e1-490b-920e-a64be6da1371 HTTP/1.1" status: 200 len: 1638 time: 0.0365124
2026-03-04 02:32:56.240 9 INFO neutron.api.wsgi [req-f9c84af3-6439-4e3d-a5b1-03ef515f7e7c req-0b13352e-fda7-4293-b456-d0e9710b49df 1961d405d6c046c59f866dd2acda7600 3e2f7676103d470281aaf43ba57f27cb - - default default] 10.0.0.84 "GET /v2.0/ports?device_id=73753a56-2845-4aea-a22d-5489d91aa047 HTTP/1.1" status: 200 len: 210 time: 0.0209494
2026-03-04 02:32:56.261 9 INFO neutron.api.wsgi [None req-f104bbe0-47e5-4905-a4da-e62fb6c7b6cc 0563909a31084b2baef5f158bc65a4b8 f2666387b228487985eb48993747b723 - - default default] 10.0.0.40 "PUT /v2.0/networks/ec67d88b-1c18-49be-9e60-d283ed6c47c5/tags/green HTTP/1.1" status: 201 len: 201 time: 0.0508318
2026-03-04 02:32:56.292 8 INFO neutron.api.wsgi [req-93a8e3bc-2c22-4a8a-bcdb-3c13e80018e5 req-3deaa521-5680-4112-8d07-0b5c2315f8c1 2967cf0343a74bbbaed3c2e15e1704a4 c32371e678144ec3aed8ee604137877a - - 0832263700184f97aff006fb9cce7bff 0832263700184f97aff006fb9cce7bff] 199.204.45.122 "GET /v2.0/networks?id=a5190503-acad-4a22-8df2-73b90cd5cadc HTTP/1.1" status: 200 len: 1002 time: 0.0596650
2026-03-04 02:32:56.322 8 INFO neutron.db.ovn_revision_numbers_db [None req-e5955da7-4e51-4d21-a0f0-6ac6e0b4c06b ae119c5d3767453f841afc16aea85ca8 d415d15cad7c4e5dae1b340cf898c857 - - default default] Successfully bumped revision number for resource a75fbc89-845e-4d4f-a8b6-4fc761b56ab4 (type: ports) to 1
2026-03-04 02:32:56.324 8 INFO neutron.api.wsgi [None req-a058be21-13ff-4da0-97c4-972abcd6dc88 0563909a31084b2baef5f158bc65a4b8 f2666387b228487985eb48993747b723 - - default default] 10.0.0.40 "GET /v2.0/networks/ec67d88b-1c18-49be-9e60-d283ed6c47c5/tags HTTP/1.1" status: 200 len: 227 time: 0.0511196
2026-03-04 02:32:56.339 8 INFO neutron.api.wsgi [req-93a8e3bc-2c22-4a8a-bcdb-3c13e80018e5 req-5120dbef-b8fd-4fde-a55e-e23fc6a8bbee 2967cf0343a74bbbaed3c2e15e1704a4 c32371e678144ec3aed8ee604137877a - - 0832263700184f97aff006fb9cce7bff 0832263700184f97aff006fb9cce7bff] 199.204.45.122 "GET /v2.0/floatingips?fixed_ip_address=10.2.1.236&port_id=e5881df7-c3b7-4e2b-a745-3e58848f608d HTTP/1.1" status: 200 len: 1059 time: 0.0418501
2026-03-04 02:32:56.355 9 INFO neutron.api.wsgi [None req-1b9f0f3c-f84a-496f-bea1-c7a2afcd066c 0563909a31084b2baef5f158bc65a4b8 f2666387b228487985eb48993747b723 - - default default] 10.0.0.40 "PUT /v2.0/networks/ec67d88b-1c18-49be-9e60-d283ed6c47c5/tags/red HTTP/1.1" status: 201 len: 201 time: 0.0260804
2026-03-04 02:32:56.381 8 INFO neutron.api.wsgi [req-93a8e3bc-2c22-4a8a-bcdb-3c13e80018e5 req-65bcb9d5-60ce-47d6-bdf8-c11831ef7c28 2967cf0343a74bbbaed3c2e15e1704a4 c32371e678144ec3aed8ee604137877a - - 0832263700184f97aff006fb9cce7bff 0832263700184f97aff006fb9cce7bff] 199.204.45.122 "GET /v2.0/floatingips?fixed_ip_address=fd7b%3Af9f7%3Afff%3A4eca%3A%3A2d4&port_id=e5881df7-c3b7-4e2b-a745-3e58848f608d HTTP/1.1" status: 200 len: 217 time: 0.0160627
2026-03-04 02:32:56.404 8 INFO neutron.api.wsgi [None req-b7a76486-e578-4ec8-801a-814f7173680e 0563909a31084b2baef5f158bc65a4b8 f2666387b228487985eb48993747b723 - - default default] 10.0.0.40 "GET /v2.0/networks/ec67d88b-1c18-49be-9e60-d283ed6c47c5/tags HTTP/1.1" status: 200 len: 227 time: 0.0461595
2026-03-04 02:32:56.433 8 INFO neutron.api.wsgi [req-93a8e3bc-2c22-4a8a-bcdb-3c13e80018e5 req-f62720ad-b1e6-418e-b1cd-6eb4c89735aa 2967cf0343a74bbbaed3c2e15e1704a4 c32371e678144ec3aed8ee604137877a - - 0832263700184f97aff006fb9cce7bff 0832263700184f97aff006fb9cce7bff] 199.204.45.122 "GET /v2.0/subnets?id=7672ca7f-9e7a-4123-a341-0ee8f0a5ce04&id=65967447-01c2-41c2-9fff-a8fb6f6247d6 HTTP/1.1" status: 200 len: 1611 time: 0.0397289
2026-03-04 02:32:56.441 9 INFO neutron.db.ovn_revision_numbers_db [None req-6bf0b6b0-5f9e-4393-bbf1-c4e09bdfa1a6 - - - - - -] Successfully bumped revision number for resource 974944bc-498b-40dd-a5f8-88632ec7f1ec (type: ports) to 4
2026-03-04 02:32:56.456 8 INFO neutron.api.wsgi [req-93a8e3bc-2c22-4a8a-bcdb-3c13e80018e5 req-2edfa482-a820-4fd6-97c4-c4db23ba0028 2967cf0343a74bbbaed3c2e15e1704a4 c32371e678144ec3aed8ee604137877a - - 0832263700184f97aff006fb9cce7bff 0832263700184f97aff006fb9cce7bff] 199.204.45.122 "GET /v2.0/ports?network_id=a5190503-acad-4a22-8df2-73b90cd5cadc&device_owner=network%3Adhcp HTTP/1.1" status: 200 len: 210 time: 0.0162017
2026-03-04 02:32:56.465 9 INFO neutron.api.wsgi [None req-50ea5b85-54b9-4422-ac35-fb857149ef83 0563909a31084b2baef5f158bc65a4b8 f2666387b228487985eb48993747b723 - - default default] 10.0.0.40 "PUT /v2.0/networks/ec67d88b-1c18-49be-9e60-d283ed6c47c5/tags/black.or.white HTTP/1.1" status: 201 len: 201 time: 0.0564196
2026-03-04 02:32:56.487 8 INFO neutron.api.wsgi [req-93a8e3bc-2c22-4a8a-bcdb-3c13e80018e5 req-d7d28c23-8378-439c-ba6d-758cc5b9ea2e 2967cf0343a74bbbaed3c2e15e1704a4 c32371e678144ec3aed8ee604137877a - - 0832263700184f97aff006fb9cce7bff 0832263700184f97aff006fb9cce7bff] 199.204.45.122 "GET /v2.0/ports?network_id=a5190503-acad-4a22-8df2-73b90cd5cadc&device_owner=network%3Adhcp HTTP/1.1" status: 200 len: 210 time: 0.0256112
2026-03-04 02:32:56.502 9 INFO neutron.api.wsgi [None req-5efeabc1-8685-453e-8b85-39f5adb34e53 0563909a31084b2baef5f158bc65a4b8 f2666387b228487985eb48993747b723 - - default default] 10.0.0.40 "GET /v2.0/networks/ec67d88b-1c18-49be-9e60-d283ed6c47c5/tags HTTP/1.1" status: 200 len: 245 time: 0.0326478
2026-03-04 02:32:56.635 8 INFO neutron.api.wsgi [req-93a8e3bc-2c22-4a8a-bcdb-3c13e80018e5 req-0e5c50a3-e954-4d53-82b9-85dd1214151e 2967cf0343a74bbbaed3c2e15e1704a4 c32371e678144ec3aed8ee604137877a - - 0832263700184f97aff006fb9cce7bff 0832263700184f97aff006fb9cce7bff] 199.204.45.122 "GET /v2.0/networks/a5190503-acad-4a22-8df2-73b90cd5cadc?fields=segments HTTP/1.1" status: 200 len: 212 time: 0.1383941
2026-03-04 02:32:56.650 9 INFO neutron.api.wsgi [None req-92e5a96b-a333-4483-bfe0-bdab5d6ed3cb 0563909a31084b2baef5f158bc65a4b8 f2666387b228487985eb48993747b723 - - default default] 10.0.0.40 "PUT /v2.0/networks/ec67d88b-1c18-49be-9e60-d283ed6c47c5/tags HTTP/1.1" status: 200 len: 230 time: 0.1443436
2026-03-04 02:32:56.685 9 INFO neutron.api.wsgi [None req-585e2b51-6381-4fe2-841d-2261340bd67b 0563909a31084b2baef5f158bc65a4b8 f2666387b228487985eb48993747b723 - - default default] 10.0.0.40 "GET /v2.0/networks/ec67d88b-1c18-49be-9e60-d283ed6c47c5/tags HTTP/1.1" status: 200 len: 230 time: 0.0295601
2026-03-04 02:32:56.699 8 INFO neutron.api.wsgi [req-93a8e3bc-2c22-4a8a-bcdb-3c13e80018e5 req-1d7dafa0-40b6-4599-ac60-367c35638316 2967cf0343a74bbbaed3c2e15e1704a4 c32371e678144ec3aed8ee604137877a - - 0832263700184f97aff006fb9cce7bff 0832263700184f97aff006fb9cce7bff] 199.204.45.122 "GET /v2.0/networks/a5190503-acad-4a22-8df2-73b90cd5cadc?fields=provider%3Aphysical_network&fields=provider%3Anetwork_type HTTP/1.1" status: 200 len: 277 time: 0.0600853
2026-03-04 02:32:56.733 9 INFO neutron.api.wsgi [None req-bf8a66d0-db24-4e1e-9710-3d5631be1c0b 0563909a31084b2baef5f158bc65a4b8 f2666387b228487985eb48993747b723 - - default default] 10.0.0.40 "GET /v2.0/networks/ec67d88b-1c18-49be-9e60-d283ed6c47c5/tags/red HTTP/1.1" status: 204 len: 168 time: 0.0425808
2026-03-04 02:32:56.768 9 INFO neutron.api.v2.resource [None req-bb8e34bd-4748-4be4-ad1a-4acb01dc9ac4 0563909a31084b2baef5f158bc65a4b8 f2666387b228487985eb48993747b723 - - default default] show failed (client error): The resource could not be found.
2026-03-04 02:32:56.769 9 INFO neutron.api.wsgi [None req-bb8e34bd-4748-4be4-ad1a-4acb01dc9ac4 0563909a31084b2baef5f158bc65a4b8 f2666387b228487985eb48993747b723 - - default default] 10.0.0.40 "GET /v2.0/networks/ec67d88b-1c18-49be-9e60-d283ed6c47c5/tags/green HTTP/1.1" status: 404 len: 299 time: 0.0304101
2026-03-04 02:32:56.819 9 INFO neutron.api.wsgi [None req-3b44439d-83c6-47f3-80f2-183b9f5c4783 0563909a31084b2baef5f158bc65a4b8 f2666387b228487985eb48993747b723 - - default default] 10.0.0.40 "DELETE /v2.0/networks/ec67d88b-1c18-49be-9e60-d283ed6c47c5/tags/red HTTP/1.1" status: 204 len: 168 time: 0.0440557
2026-03-04 02:32:56.855 9 INFO neutron.db.ovn_revision_numbers_db [None req-6bf0b6b0-5f9e-4393-bbf1-c4e09bdfa1a6 - - - - - -] Successfully bumped revision number for resource 974944bc-498b-40dd-a5f8-88632ec7f1ec (type: ports) to 5
2026-03-04 02:32:56.858 8 INFO neutron.api.wsgi [None req-47fd8a23-8b26-4a9e-9dcc-584067f90c5f 0563909a31084b2baef5f158bc65a4b8 f2666387b228487985eb48993747b723 - - default default] 10.0.0.40 "GET /v2.0/networks/ec67d88b-1c18-49be-9e60-d283ed6c47c5/tags HTTP/1.1" status: 200 len: 223 time: 0.0334678
2026-03-04 02:32:56.891 9 INFO neutron.api.v2.resource [None req-1912f69e-4ec0-4e3b-a2db-160082495974 0563909a31084b2baef5f158bc65a4b8 f2666387b228487985eb48993747b723 - - default default] delete failed (client error): The resource could not be found.
2026-03-04 02:32:56.892 9 INFO neutron.api.wsgi [None req-1912f69e-4ec0-4e3b-a2db-160082495974 0563909a31084b2baef5f158bc65a4b8 f2666387b228487985eb48993747b723 - - default default] 10.0.0.40 "DELETE /v2.0/networks/ec67d88b-1c18-49be-9e60-d283ed6c47c5/tags/green HTTP/1.1" status: 404 len: 299 time: 0.0279729
2026-03-04 02:32:56.935 9 INFO neutron.api.wsgi [None req-b0348d11-933b-4602-8f54-2db5f1bb7005 0563909a31084b2baef5f158bc65a4b8 f2666387b228487985eb48993747b723 - - default default] 10.0.0.40 "DELETE /v2.0/networks/ec67d88b-1c18-49be-9e60-d283ed6c47c5/tags HTTP/1.1" status: 204 len: 168 time: 0.0374856
2026-03-04 02:32:56.965 9 INFO neutron.api.wsgi [None req-f1ff39f4-8fb6-4faf-8bd8-67bc5899ade5 0563909a31084b2baef5f158bc65a4b8 f2666387b228487985eb48993747b723 - - default default] 10.0.0.40 "GET /v2.0/networks/ec67d88b-1c18-49be-9e60-d283ed6c47c5/tags HTTP/1.1" status: 200 len: 205 time: 0.0212369
2026-03-04 02:32:57.001 8 INFO neutron.plugins.ml2.drivers.ovn.mech_driver.mech_driver [None req-bcbeecf3-15de-4a22-a67a-ebf7a37358ac - - - - - -] OVN reports status up for port: a75fbc89-845e-4d4f-a8b6-4fc761b56ab4
2026-03-04 02:32:57.009 8 INFO neutron.plugins.ml2.plugin [None req-bcbeecf3-15de-4a22-a67a-ebf7a37358ac - - - - - -] Attempt 1 to provision port a75fbc89-845e-4d4f-a8b6-4fc761b56ab4
2026-03-04 02:32:57.025 8 INFO neutron.db.ovn_revision_numbers_db [None req-e5955da7-4e51-4d21-a0f0-6ac6e0b4c06b ae119c5d3767453f841afc16aea85ca8 d415d15cad7c4e5dae1b340cf898c857 - - default default] Successfully bumped revision number for resource a75fbc89-845e-4d4f-a8b6-4fc761b56ab4 (type: ports) to 1
2026-03-04 02:32:57.073 8 WARNING neutron.scheduler.dhcp_agent_scheduler [None req-e5955da7-4e51-4d21-a0f0-6ac6e0b4c06b ae119c5d3767453f841afc16aea85ca8 d415d15cad7c4e5dae1b340cf898c857 - - default default] No more DHCP agents
2026-03-04 02:32:57.074 8 WARNING neutron.api.rpc.agentnotifiers.dhcp_rpc_agent_api [None req-e5955da7-4e51-4d21-a0f0-6ac6e0b4c06b ae119c5d3767453f841afc16aea85ca8 d415d15cad7c4e5dae1b340cf898c857 - - default default] Unable to schedule network 7f2026e8-63e9-4c60-ad70-baf85ebf2d8a: no agents available; will retry on subsequent port and subnet creation events.
2026-03-04 02:32:57.272 9 INFO neutron.services.segments.plugin [-] Segment dece218f-0457-4808-acb6-783a1f99d4b7 resource provider aggregate not found
2026-03-04 02:32:57.277 9 INFO neutron.services.segments.plugin [-] Segment dece218f-0457-4808-acb6-783a1f99d4b7 resource provider aggregate not found
2026-03-04 02:32:57.284 9 INFO neutron.services.segments.plugin [-] Segment dece218f-0457-4808-acb6-783a1f99d4b7 resource provider not found; error: Placement Client Error (4xx): {"errors": [{"status": 404, "title": "Not Found", "detail": "The resource could not be found.\n\n No resource provider with uuid dece218f-0457-4808-acb6-783a1f99d4b7 found for delete ", "request_id": "req-87e6d647-66b2-4c96-9b4d-c82c7120fd55"}]}
2026-03-04 02:32:57.299 9 INFO neutron.services.segments.plugin [-] Segment dece218f-0457-4808-acb6-783a1f99d4b7 resource provider not found; error: Placement Client Error (4xx): {"errors": [{"status": 404, "title": "Not Found", "detail": "The resource could not be found.\n\n No resource provider with uuid dece218f-0457-4808-acb6-783a1f99d4b7 found for delete ", "request_id": "req-74b72126-0d63-440a-9a90-af6ebbc72833"}]}
2026-03-04 02:32:57.303 9 INFO neutron.api.wsgi [None req-95adb326-6940-432f-a8a0-b2706cbf0084 0563909a31084b2baef5f158bc65a4b8 f2666387b228487985eb48993747b723 - - default default] 10.0.0.40 "DELETE /v2.0/networks/ec67d88b-1c18-49be-9e60-d283ed6c47c5 HTTP/1.1" status: 204 len: 168 time: 0.3231661
2026-03-04 02:32:57.353 8 INFO neutron.db.ovn_revision_numbers_db [None req-bcbeecf3-15de-4a22-a67a-ebf7a37358ac - - - - - -] Successfully bumped revision number for resource a75fbc89-845e-4d4f-a8b6-4fc761b56ab4 (type: ports) to 2
2026-03-04 02:32:57.636 8 INFO neutron.db.ovn_revision_numbers_db [None req-e5955da7-4e51-4d21-a0f0-6ac6e0b4c06b ae119c5d3767453f841afc16aea85ca8 d415d15cad7c4e5dae1b340cf898c857 - - default default] Successfully bumped revision number for resource a75fbc89-845e-4d4f-a8b6-4fc761b56ab4 (type: router_ports) to 1
2026-03-04 02:32:57.641 8 INFO neutron.api.wsgi [None req-e5955da7-4e51-4d21-a0f0-6ac6e0b4c06b ae119c5d3767453f841afc16aea85ca8 d415d15cad7c4e5dae1b340cf898c857 - - default default] 10.0.0.40 "PUT /v2.0/routers/8c75b0e9-709d-4ddf-a4ff-6f15fb554e0a/add_router_interface HTTP/1.1" status: 200 len: 503 time: 2.0313172
2026-03-04 02:32:58.081 9 INFO neutron.db.ovn_revision_numbers_db [None req-f55a794f-3e61-41cc-bfd4-6d5d7aa3340a ae119c5d3767453f841afc16aea85ca8 d415d15cad7c4e5dae1b340cf898c857 - - default default] Successfully bumped revision number for resource 3cf56283-0281-44e0-964b-73c3140ab8ce (type: security_groups) to 1
2026-03-04 02:32:58.097 9 INFO neutron.db.ovn_revision_numbers_db [None req-f55a794f-3e61-41cc-bfd4-6d5d7aa3340a ae119c5d3767453f841afc16aea85ca8 d415d15cad7c4e5dae1b340cf898c857 - - default default] Successfully bumped revision number for resource 392365ca-3294-4488-8850-2e423ad73a55 (type: security_group_rules) to 0
2026-03-04 02:32:58.111 9 INFO neutron.db.ovn_revision_numbers_db [None req-f55a794f-3e61-41cc-bfd4-6d5d7aa3340a ae119c5d3767453f841afc16aea85ca8 d415d15cad7c4e5dae1b340cf898c857 - - default default] Successfully bumped revision number for resource 41c1d953-9959-4093-803c-522f56c4e73e (type: security_group_rules) to 0
2026-03-04 02:32:58.123 9 INFO neutron.db.ovn_revision_numbers_db [None req-f55a794f-3e61-41cc-bfd4-6d5d7aa3340a ae119c5d3767453f841afc16aea85ca8 d415d15cad7c4e5dae1b340cf898c857 - - default default] Successfully bumped revision number for resource 718f7426-38f5-4c1c-a1f9-73ed805516e3 (type: security_group_rules) to 0
2026-03-04 02:32:58.134 9 INFO neutron.db.ovn_revision_numbers_db [None req-f55a794f-3e61-41cc-bfd4-6d5d7aa3340a ae119c5d3767453f841afc16aea85ca8 d415d15cad7c4e5dae1b340cf898c857 - - default default] Successfully bumped revision number for resource db4a96ed-2690-4605-8d11-01f1980430db (type: security_group_rules) to 0
2026-03-04 02:32:58.165 9 INFO neutron.api.wsgi [None req-f55a794f-3e61-41cc-bfd4-6d5d7aa3340a ae119c5d3767453f841afc16aea85ca8 d415d15cad7c4e5dae1b340cf898c857 - - default default] 10.0.0.40 "GET /v2.0/security-groups?tenant_id=afb36dfcb34c4cf6bc2f1941e50846e0&name=default HTTP/1.1" status: 200 len: 3120 time: 0.2969646
2026-03-04 02:32:58.358 9 INFO neutron.api.wsgi [None req-cf73399e-590c-4988-a89a-5f7aac53f359 ae119c5d3767453f841afc16aea85ca8 d415d15cad7c4e5dae1b340cf898c857 - - default default] 10.0.0.40 "DELETE /v2.0/security-groups/3cf56283-0281-44e0-964b-73c3140ab8ce HTTP/1.1" status: 204 len: 168 time: 0.1886616
2026-03-04 02:32:58.479 9 INFO neutron.api.wsgi [None req-7a4e16bc-2225-4f3a-a166-60eacd33c7c9 ae119c5d3767453f841afc16aea85ca8 d415d15cad7c4e5dae1b340cf898c857 - - default default] 10.0.0.40 "GET /v2.0/security-groups?tenant_id=f2666387b228487985eb48993747b723&name=default HTTP/1.1" status: 200 len: 3120 time: 0.0303090
2026-03-04 02:32:58.707 9 INFO neutron.api.wsgi [None req-c7b1f3d0-5905-4ffa-a4e5-d17c5753f67c ae119c5d3767453f841afc16aea85ca8 d415d15cad7c4e5dae1b340cf898c857 - - default default] 10.0.0.40 "DELETE /v2.0/security-groups/427349fa-77c1-4a8a-8fbb-2be4f5cc680c HTTP/1.1" status: 204 len: 168 time: 0.2237284
2026-03-04 02:32:58.779 8 INFO neutron.api.wsgi [None req-b61d608f-ec24-477f-bcd3-7936ed442b79 ae119c5d3767453f841afc16aea85ca8 d415d15cad7c4e5dae1b340cf898c857 - - default default] 10.0.0.88 "GET /v2.0/subnets HTTP/1.1" status: 200 len: 6367 time: 0.2358623
2026-03-04 02:32:58.796 8 INFO neutron.api.wsgi [None req-cab518d4-d720-4c6e-aafe-5c59db5cabad ae119c5d3767453f841afc16aea85ca8 d415d15cad7c4e5dae1b340cf898c857 - - default default] 10.0.0.88 "GET /v2.0/network-ip-availabilities HTTP/1.1" status: 200 len: 3837 time: 0.0141947
2026-03-04 02:32:58.859 8 INFO neutron.api.wsgi [None req-61f6a9ab-d1d7-4ba1-ab32-5cca2fc35c85 ae119c5d3767453f841afc16aea85ca8 d415d15cad7c4e5dae1b340cf898c857 - - default default] 10.0.0.88 "GET /v2.0/routers HTTP/1.1" status: 200 len: 2103 time: 0.0616298
2026-03-04 02:32:58.875 8 INFO neutron.api.wsgi [None req-f05a94d8-496b-413d-aa56-94f4350cd7bd ae119c5d3767453f841afc16aea85ca8 d415d15cad7c4e5dae1b340cf898c857 - - default default] 10.0.0.88 "GET /v2.0/agents?binary=ovn-controller HTTP/1.1" status: 200 len: 591 time: 0.0133686
2026-03-04 02:32:58.940 8 INFO neutron.api.wsgi [None req-a7866555-a2fd-4a0d-bc67-3fa24a7daaee ae119c5d3767453f841afc16aea85ca8 d415d15cad7c4e5dae1b340cf898c857 - - default default] 10.0.0.88 "GET /v2.0/networks HTTP/1.1" status: 200 len: 5478 time: 0.0627904
2026-03-04 02:32:59.019 8 INFO neutron.api.wsgi [None req-d3bfceee-9fb6-4f6f-9697-d0a266c084f2 ae119c5d3767453f841afc16aea85ca8 d415d15cad7c4e5dae1b340cf898c857 - - default default] 10.0.0.88 "GET /v2.0/security-groups HTTP/1.1" status: 200 len: 31713 time: 0.0768409
2026-03-04 02:32:59.100 8 INFO neutron.api.wsgi [None req-b8de2452-ebe5-450e-abaa-3a973da1f96f ae119c5d3767453f841afc16aea85ca8 d415d15cad7c4e5dae1b340cf898c857 - - default default] 10.0.0.88 "GET /v2.0/ports HTTP/1.1" status: 200 len: 18379 time: 0.0666013
2026-03-04 02:32:59.128 8 INFO neutron.api.wsgi [None req-c7dfeb93-6267-45bc-9992-4e0b14bd5253 ae119c5d3767453f841afc16aea85ca8 d415d15cad7c4e5dae1b340cf898c857 - - default default] 10.0.0.88 "GET /v2.0/agents HTTP/1.1" status: 200 len: 1390 time: 0.0145216
2026-03-04 02:32:59.136 9 INFO neutron.api.wsgi [req-a52aa0c7-0af4-4a9c-952c-d90930e88aac req-c91c4b30-66e1-42b1-a5b2-64ab4ca6d6c3 ae119c5d3767453f841afc16aea85ca8 d415d15cad7c4e5dae1b340cf898c857 - - default default] 10.0.0.84 "GET /v2.0/ports?device_id=73753a56-2845-4aea-a22d-5489d91aa047&device_id=150c0bb4-b2e1-490b-920e-a64be6da1371 HTTP/1.1" status: 200 len: 1638 time: 0.0291686
2026-03-04 02:32:59.163 8 INFO neutron.api.wsgi [None req-be38a557-2211-4eeb-8b72-2824610300fc ae119c5d3767453f841afc16aea85ca8 d415d15cad7c4e5dae1b340cf898c857 - - default default] 10.0.0.88 "GET /v2.0/subnets HTTP/1.1" status: 200 len: 6367 time: 0.0328717
2026-03-04 02:32:59.171 8 INFO neutron.api.wsgi [None req-f56bd14c-7aba-4df2-90c6-5beb3603f3fa ae119c5d3767453f841afc16aea85ca8 d415d15cad7c4e5dae1b340cf898c857 - - default default] 10.0.0.88 "GET /v2.0/subnetpools HTTP/1.1" status: 200 len: 193 time: 0.0062447
2026-03-04 02:32:59.180 9 INFO neutron.api.wsgi [req-a52aa0c7-0af4-4a9c-952c-d90930e88aac req-4a654801-fc73-49ba-b2b4-5b9a7febb1bb ae119c5d3767453f841afc16aea85ca8 d415d15cad7c4e5dae1b340cf898c857 - - default default] 10.0.0.84 "GET /v2.0/security-groups?id=2dd6c6c3-4820-406e-94c5-4ca9f03cb016&fields=id&fields=name HTTP/1.1" status: 200 len: 311 time: 0.0401738
2026-03-04 02:32:59.217 8 INFO neutron.db.ovn_revision_numbers_db [None req-f27b5520-0f57-4b2e-8f53-17c45a21d78e ae119c5d3767453f841afc16aea85ca8 d415d15cad7c4e5dae1b340cf898c857 - - default default] Successfully bumped revision number for resource e38a5938-5697-4e0f-9180-460ae51044a1 (type: security_groups) to 1
2026-03-04 02:32:59.220 8 INFO neutron.api.wsgi [None req-87eea9dc-7609-4d20-a6a9-d82665cadce0 ae119c5d3767453f841afc16aea85ca8 d415d15cad7c4e5dae1b340cf898c857 - - default default] 10.0.0.88 "GET /v2.0/floatingips HTTP/1.1" status: 200 len: 1035 time: 0.0477586
2026-03-04 02:32:59.231 8 INFO neutron.db.ovn_revision_numbers_db [None req-f27b5520-0f57-4b2e-8f53-17c45a21d78e ae119c5d3767453f841afc16aea85ca8 d415d15cad7c4e5dae1b340cf898c857 - - default default] Successfully bumped revision number for resource 7a72b82b-4f78-4918-a851-8003d898f083 (type: security_group_rules) to 0
2026-03-04 02:32:59.241 8 INFO neutron.db.ovn_revision_numbers_db [None req-f27b5520-0f57-4b2e-8f53-17c45a21d78e ae119c5d3767453f841afc16aea85ca8 d415d15cad7c4e5dae1b340cf898c857 - - default default] Successfully bumped revision number for resource 85345d41-0121-4790-85f2-b64f07f0e6e7 (type: security_group_rules) to 0
2026-03-04 02:32:59.261 8 INFO neutron.db.ovn_revision_numbers_db [None req-f27b5520-0f57-4b2e-8f53-17c45a21d78e ae119c5d3767453f841afc16aea85ca8 d415d15cad7c4e5dae1b340cf898c857 - - default default] Successfully bumped revision number for resource 900aea0d-58b7-4237-b6ee-1e137897069b (type: security_group_rules) to 0
2026-03-04 02:32:59.275 8 INFO neutron.db.ovn_revision_numbers_db [None req-f27b5520-0f57-4b2e-8f53-17c45a21d78e ae119c5d3767453f841afc16aea85ca8 d415d15cad7c4e5dae1b340cf898c857 - - default default] Successfully bumped revision number for resource e5c3747b-f0d2-40b0-8185-7ee608b16766 (type: security_group_rules) to 0
2026-03-04 02:32:59.339 8 INFO neutron.db.segments_db [None req-f27b5520-0f57-4b2e-8f53-17c45a21d78e ae119c5d3767453f841afc16aea85ca8 d415d15cad7c4e5dae1b340cf898c857 - - default default] Added segment 9d8d3ff7-0c21-4d8a-abb0-f8e4464e2de7 of type geneve for network a0db557f-19c1-4588-a619-a84f1552af63
2026-03-04 02:32:59.475 8 INFO neutron.db.ovn_revision_numbers_db [None req-f27b5520-0f57-4b2e-8f53-17c45a21d78e ae119c5d3767453f841afc16aea85ca8 d415d15cad7c4e5dae1b340cf898c857 - - default default] Successfully bumped revision number for resource a0db557f-19c1-4588-a619-a84f1552af63 (type: networks) to 1
2026-03-04 02:32:59.628 8 WARNING neutron.scheduler.dhcp_agent_scheduler [None req-f27b5520-0f57-4b2e-8f53-17c45a21d78e ae119c5d3767453f841afc16aea85ca8 d415d15cad7c4e5dae1b340cf898c857 - - default default] No more DHCP agents
2026-03-04 02:32:59.629 8 WARNING neutron.api.rpc.agentnotifiers.dhcp_rpc_agent_api [None req-f27b5520-0f57-4b2e-8f53-17c45a21d78e ae119c5d3767453f841afc16aea85ca8 d415d15cad7c4e5dae1b340cf898c857 - - default default] Unable to schedule network a0db557f-19c1-4588-a619-a84f1552af63: no agents available; will retry on subsequent port and subnet creation events.
2026-03-04 02:32:59.689 8 INFO neutron.db.ovn_revision_numbers_db [None req-f27b5520-0f57-4b2e-8f53-17c45a21d78e ae119c5d3767453f841afc16aea85ca8 d415d15cad7c4e5dae1b340cf898c857 - - default default] Successfully bumped revision number for resource 84f9651a-5a13-42ba-adac-99dff2c3872f (type: ports) to 1
2026-03-04 02:32:59.709 8 INFO neutron.api.wsgi [None req-f27b5520-0f57-4b2e-8f53-17c45a21d78e ae119c5d3767453f841afc16aea85ca8 d415d15cad7c4e5dae1b340cf898c857 - - default default] 10.0.0.40 "POST /v2.0/networks HTTP/1.1" status: 201 len: 942 time: 0.7601113
2026-03-04 02:32:59.832 8 WARNING neutron.scheduler.dhcp_agent_scheduler [None req-aa3da156-358f-4d47-b26c-3a715242e98a ae119c5d3767453f841afc16aea85ca8 d415d15cad7c4e5dae1b340cf898c857 - - default default] No more DHCP agents
2026-03-04 02:32:59.834 8 WARNING neutron.api.rpc.agentnotifiers.dhcp_rpc_agent_api [None req-aa3da156-358f-4d47-b26c-3a715242e98a ae119c5d3767453f841afc16aea85ca8 d415d15cad7c4e5dae1b340cf898c857 - - default default] Unable to schedule network a0db557f-19c1-4588-a619-a84f1552af63: no agents available; will retry on subsequent port and subnet creation events.
2026-03-04 02:33:00.095 8 INFO neutron.api.wsgi [-] 10.0.0.138 "GET / HTTP/1.1" status: 200 len: 246 time: 0.0012119
2026-03-04 02:33:00.097 9 INFO neutron.api.wsgi [-] 10.0.0.138 "GET / HTTP/1.1" status: 200 len: 246 time: 0.0027928
2026-03-04 02:33:00.258 8 INFO neutron.db.ovn_revision_numbers_db [None req-195a82a3-dfef-4c99-975e-44733b0431b2 - - - - - -] Successfully bumped revision number for resource 84f9651a-5a13-42ba-adac-99dff2c3872f (type: ports) to 2
2026-03-04 02:33:00.283 8 INFO neutron.db.ovn_revision_numbers_db [None req-195a82a3-dfef-4c99-975e-44733b0431b2 - - - - - -] Successfully bumped revision number for resource b4f337d1-0ecb-46e6-a515-b6e9f61fd85d (type: subnets) to 0
2026-03-04 02:33:00.295 8 INFO neutron.api.wsgi [None req-aa3da156-358f-4d47-b26c-3a715242e98a ae119c5d3767453f841afc16aea85ca8 d415d15cad7c4e5dae1b340cf898c857 - - default default] 10.0.0.40 "POST /v2.0/subnets HTTP/1.1" status: 201 len: 887 time: 0.5813489
2026-03-04 02:33:00.534 8 INFO neutron.api.wsgi [req-702c929a-4185-4d10-9567-775d306d6346 req-22084e4a-18a3-4a97-bdff-2eb1234bf513 1961d405d6c046c59f866dd2acda7600 3e2f7676103d470281aaf43ba57f27cb - - default default] 199.204.45.122 "GET /v2.0/networks?id=10a84851-01fd-4d96-9781-7b4c6cf6aad7 HTTP/1.1" status: 200 len: 904 time: 0.0461962
2026-03-04 02:33:00.812 8 INFO neutron.api.wsgi [req-702c929a-4185-4d10-9567-775d306d6346 req-f7ad5ce6-3506-416b-8765-d9bd4bfcd79b 1961d405d6c046c59f866dd2acda7600 3e2f7676103d470281aaf43ba57f27cb - - default default] 199.204.45.122 "GET /v2.0/security-groups?fields=id&fields=name&tenant_id=3e2f7676103d470281aaf43ba57f27cb HTTP/1.1" status: 200 len: 378 time: 0.2723975
2026-03-04 02:33:00.821 8 WARNING neutron_lib.context [req-702c929a-4185-4d10-9567-775d306d6346 req-a048c437-7e5e-4466-9e31-997dc0beb05e 1961d405d6c046c59f866dd2acda7600 3e2f7676103d470281aaf43ba57f27cb - - default default] Method 'is_advsvc' is deprecated since 2023.2 release (neutron-lib 3.8.0) and will be removed once support for the old RBAC API policies will be removed from Neutron. Please use method 'is_service_role' instead.
2026-03-04 02:33:00.900 8 WARNING neutron.scheduler.dhcp_agent_scheduler [None req-d0ae36ce-0765-4f5a-a476-fe649752d217 ae119c5d3767453f841afc16aea85ca8 d415d15cad7c4e5dae1b340cf898c857 - - default default] No more DHCP agents
2026-03-04 02:33:00.902 8 WARNING neutron.api.rpc.agentnotifiers.dhcp_rpc_agent_api [None req-d0ae36ce-0765-4f5a-a476-fe649752d217 ae119c5d3767453f841afc16aea85ca8 d415d15cad7c4e5dae1b340cf898c857 - - default default] Unable to schedule network 9c30c68c-68f4-45f5-9b2c-8d6fb79c4d19: no agents available; will retry on subsequent port and subnet creation events.
2026-03-04 02:33:01.036 8 INFO neutron.db.ovn_revision_numbers_db [None req-d0ae36ce-0765-4f5a-a476-fe649752d217 ae119c5d3767453f841afc16aea85ca8 d415d15cad7c4e5dae1b340cf898c857 - - default default] Successfully bumped revision number for resource 804e6e4f-1147-4911-abd2-49e31e4c006e (type: ports) to 1
2026-03-04 02:33:01.153 8 WARNING neutron.scheduler.dhcp_agent_scheduler [req-702c929a-4185-4d10-9567-775d306d6346 req-a048c437-7e5e-4466-9e31-997dc0beb05e 1961d405d6c046c59f866dd2acda7600 3e2f7676103d470281aaf43ba57f27cb - - default default] No more DHCP agents
2026-03-04 02:33:01.154 8 WARNING neutron.api.rpc.agentnotifiers.dhcp_rpc_agent_api [req-702c929a-4185-4d10-9567-775d306d6346 req-a048c437-7e5e-4466-9e31-997dc0beb05e 1961d405d6c046c59f866dd2acda7600 3e2f7676103d470281aaf43ba57f27cb - - default default] Unable to schedule network 10a84851-01fd-4d96-9781-7b4c6cf6aad7: no agents available; will retry on subsequent port and subnet creation events.
2026-03-04 02:33:01.291 8 INFO neutron.db.ovn_revision_numbers_db [req-702c929a-4185-4d10-9567-775d306d6346 req-a048c437-7e5e-4466-9e31-997dc0beb05e 1961d405d6c046c59f866dd2acda7600 3e2f7676103d470281aaf43ba57f27cb - - default default] Successfully bumped revision number for resource 18da22be-ad4a-47af-a875-2bc046022c77 (type: ports) to 1
2026-03-04 02:33:01.315 8 INFO neutron.api.wsgi [req-702c929a-4185-4d10-9567-775d306d6346 req-a048c437-7e5e-4466-9e31-997dc0beb05e 1961d405d6c046c59f866dd2acda7600 3e2f7676103d470281aaf43ba57f27cb - - default default] 199.204.45.122 "POST /v2.0/ports HTTP/1.1" status: 201 len: 1388 time: 0.4978633 /var/lib/openstack/lib/python3.12/site-packages/pycadf/identifier.py:71: UserWarning: Invalid uuid: neutron. To ensure interoperability, identifiers should be a valid uuid. warnings.warn(('Invalid uuid: %s. To ensure interoperability, '
2026-03-04 02:33:01.370 9 INFO neutron.api.wsgi [req-b1879a3e-80fc-4ae4-ab47-856469a71d37 req-dc265c36-ad79-4e79-a57b-50190760b79d 1961d405d6c046c59f866dd2acda7600 3e2f7676103d470281aaf43ba57f27cb - - default default] 10.0.0.84 "GET /v2.0/ports?device_id=73753a56-2845-4aea-a22d-5489d91aa047 HTTP/1.1" status: 200 len: 1386 time: 0.0760112
2026-03-04 02:33:01.413 9 INFO neutron.api.wsgi [req-b1879a3e-80fc-4ae4-ab47-856469a71d37 req-beac11ba-c9d1-4790-a7e0-533ad7705fde 1961d405d6c046c59f866dd2acda7600 3e2f7676103d470281aaf43ba57f27cb - - default default] 10.0.0.84 "GET /v2.0/security-groups?id=2dd6c6c3-4820-406e-94c5-4ca9f03cb016&fields=id&fields=name HTTP/1.1" status: 200 len: 311 time: 0.0372856
2026-03-04 02:33:01.639 8 INFO neutron.plugins.ml2.drivers.ovn.mech_driver.ovsdb.commands [None req-73e8e0b0-eccc-41a9-8e6d-9104875a9c11 - - - - - -] Schedule LRP lrp-804e6e4f-1147-4911-abd2-49e31e4c006e on gateway 7bdb9c0d-7b5a-457f-a5f3-7706425d9cbd with priority 1
2026-03-04 02:33:01.654 9 INFO neutron.plugins.ml2.drivers.ovn.mech_driver.mech_driver [None req-334de903-77de-499c-a6e9-d413ff46018a - - - - - -] OVN reports status up for port: 804e6e4f-1147-4911-abd2-49e31e4c006e
2026-03-04 02:33:01.661 9 INFO neutron.plugins.ml2.plugin [None req-334de903-77de-499c-a6e9-d413ff46018a - - - - - -] Attempt 1 to provision port 804e6e4f-1147-4911-abd2-49e31e4c006e
2026-03-04 02:33:01.702 8 INFO neutron.db.ovn_revision_numbers_db [None req-d0ae36ce-0765-4f5a-a476-fe649752d217 ae119c5d3767453f841afc16aea85ca8 d415d15cad7c4e5dae1b340cf898c857 - - default default] Successfully bumped revision number for resource 804e6e4f-1147-4911-abd2-49e31e4c006e (type: router_ports) to 1
2026-03-04 02:33:01.713 8 INFO neutron.db.ovn_revision_numbers_db [req-702c929a-4185-4d10-9567-775d306d6346 req-e79b1e05-abe2-4171-a72e-56ac52b9093a 2967cf0343a74bbbaed3c2e15e1704a4 c32371e678144ec3aed8ee604137877a - - 0832263700184f97aff006fb9cce7bff 0832263700184f97aff006fb9cce7bff] Successfully bumped revision number for resource 18da22be-ad4a-47af-a875-2bc046022c77 (type: ports) to 2
2026-03-04 02:33:01.766 8 INFO neutron.db.ovn_revision_numbers_db [None req-d0ae36ce-0765-4f5a-a476-fe649752d217 ae119c5d3767453f841afc16aea85ca8 d415d15cad7c4e5dae1b340cf898c857 - - default default] Successfully bumped revision number for resource 03a9ae93-7bef-4a92-8f76-53894e0c361e (type: routers) to 2
2026-03-04 02:33:01.782 8 INFO neutron.api.wsgi [None req-d0ae36ce-0765-4f5a-a476-fe649752d217 ae119c5d3767453f841afc16aea85ca8 d415d15cad7c4e5dae1b340cf898c857 - - default default] 10.0.0.40 "POST /v2.0/routers HTTP/1.1" status: 201 len: 1165 time: 1.4809172
2026-03-04 02:33:01.910 8 INFO neutron.db.ovn_revision_numbers_db [req-702c929a-4185-4d10-9567-775d306d6346 req-e79b1e05-abe2-4171-a72e-56ac52b9093a 2967cf0343a74bbbaed3c2e15e1704a4 c32371e678144ec3aed8ee604137877a - - 0832263700184f97aff006fb9cce7bff 0832263700184f97aff006fb9cce7bff] Successfully bumped revision number for resource 18da22be-ad4a-47af-a875-2bc046022c77 (type: ports) to 4
2026-03-04 02:33:01.925 8 INFO neutron.api.wsgi [req-702c929a-4185-4d10-9567-775d306d6346 req-e79b1e05-abe2-4171-a72e-56ac52b9093a 2967cf0343a74bbbaed3c2e15e1704a4 c32371e678144ec3aed8ee604137877a - - 0832263700184f97aff006fb9cce7bff 0832263700184f97aff006fb9cce7bff] 199.204.45.122 "PUT /v2.0/ports/18da22be-ad4a-47af-a875-2bc046022c77 HTTP/1.1" status: 200 len: 1633 time: 0.6036041
2026-03-04 02:33:01.961 8 INFO neutron.notifiers.nova [-] Nova event matching ['req-177d43a8-4f08-4a2c-8a80-340c7538c8ac'] response: {'name': 'network-changed', 'server_uuid': '73753a56-2845-4aea-a22d-5489d91aa047', 'tag': '18da22be-ad4a-47af-a875-2bc046022c77', 'status': 'completed', 'code': 200} /var/lib/openstack/lib/python3.12/site-packages/pycadf/identifier.py:71: UserWarning: Invalid uuid: neutron. To ensure interoperability, identifiers should be a valid uuid. warnings.warn(('Invalid uuid: %s. To ensure interoperability, '
2026-03-04 02:33:02.173 8 INFO neutron.api.wsgi [req-bfe1a77a-be73-4251-b924-4c15bf023593 req-c8a42ccd-e8c6-4853-96e8-aa6ff6deb000 2967cf0343a74bbbaed3c2e15e1704a4 c32371e678144ec3aed8ee604137877a - - 0832263700184f97aff006fb9cce7bff 0832263700184f97aff006fb9cce7bff] 10.0.0.118 "GET /v2.0/ports?device_id=150c0bb4-b2e1-490b-920e-a64be6da1371 HTTP/1.1" status: 200 len: 1638 time: 0.0315611
2026-03-04 02:33:02.204 8 INFO neutron.api.wsgi [req-bfe1a77a-be73-4251-b924-4c15bf023593 req-82ab2977-96ce-48f8-a4a1-446e15fad7d3 2967cf0343a74bbbaed3c2e15e1704a4 c32371e678144ec3aed8ee604137877a - - 0832263700184f97aff006fb9cce7bff 0832263700184f97aff006fb9cce7bff] 10.0.0.118 "GET /v2.0/security-groups?id=2dd6c6c3-4820-406e-94c5-4ca9f03cb016&fields=id&fields=name HTTP/1.1" status: 200 len: 311 time: 0.0250285
2026-03-04 02:33:02.230 9 WARNING neutron.scheduler.dhcp_agent_scheduler [None req-3a70c104-cd11-408d-9370-e60f3015593a ae119c5d3767453f841afc16aea85ca8 d415d15cad7c4e5dae1b340cf898c857 - - default default] No more DHCP agents
2026-03-04 02:33:02.231 9 WARNING neutron.api.rpc.agentnotifiers.dhcp_rpc_agent_api [None req-3a70c104-cd11-408d-9370-e60f3015593a ae119c5d3767453f841afc16aea85ca8 d415d15cad7c4e5dae1b340cf898c857 - - default default] Unable to schedule network a0db557f-19c1-4588-a619-a84f1552af63: no agents available; will retry on subsequent port and subnet creation events.
2026-03-04 02:33:02.341 9 INFO neutron.db.ovn_revision_numbers_db [None req-3a70c104-cd11-408d-9370-e60f3015593a ae119c5d3767453f841afc16aea85ca8 d415d15cad7c4e5dae1b340cf898c857 - - default default] Successfully bumped revision number for resource 4de34fc8-2fd0-4007-a9de-17157096247e (type: ports) to 1
2026-03-04 02:33:02.503 8 INFO neutron.api.wsgi [req-38a47e76-30dd-4c2a-b1b5-a1d510261c3b req-7872ef3e-7fba-4c0b-a0f6-72cf2c241df3 2967cf0343a74bbbaed3c2e15e1704a4 c32371e678144ec3aed8ee604137877a - - 0832263700184f97aff006fb9cce7bff 0832263700184f97aff006fb9cce7bff] 199.204.45.122 "GET /v2.0/ports?tenant_id=3e2f7676103d470281aaf43ba57f27cb&device_id=73753a56-2845-4aea-a22d-5489d91aa047 HTTP/1.1" status: 200 len: 1636 time: 0.0335083
2026-03-04 02:33:02.553 8 INFO neutron.api.wsgi [req-38a47e76-30dd-4c2a-b1b5-a1d510261c3b req-37dcce2f-5b3f-4975-9163-1ab9352c90c7 2967cf0343a74bbbaed3c2e15e1704a4 c32371e678144ec3aed8ee604137877a - - 0832263700184f97aff006fb9cce7bff 0832263700184f97aff006fb9cce7bff] 199.204.45.122 "GET /v2.0/networks?tenant_id=3e2f7676103d470281aaf43ba57f27cb&shared=False HTTP/1.1" status: 200 len: 2584 time: 0.0462546
2026-03-04 02:33:02.590 8 INFO neutron.api.wsgi [req-38a47e76-30dd-4c2a-b1b5-a1d510261c3b req-dbd621ca-194c-4d6a-8d70-688b33f4a22c 2967cf0343a74bbbaed3c2e15e1704a4 c32371e678144ec3aed8ee604137877a - - 0832263700184f97aff006fb9cce7bff 0832263700184f97aff006fb9cce7bff] 199.204.45.122 "GET /v2.0/networks?shared=True HTTP/1.1" status: 200 len: 952 time: 0.0323877
2026-03-04 02:33:02.634 8 WARNING neutron.plugins.ml2.drivers.ovn.mech_driver.ovsdb.ovn_client [None req-e0e3e330-9290-4936-b775-80d21229be1c - - - - - -] No hosting information found for port a75fbc89-845e-4d4f-a8b6-4fc761b56ab4: RuntimeError: No hosting information found for port a75fbc89-845e-4d4f-a8b6-4fc761b56ab4
2026-03-04 02:33:02.708 8 INFO neutron.db.ovn_revision_numbers_db [None req-e0e3e330-9290-4936-b775-80d21229be1c - - - - - -] Successfully bumped revision number for resource a75fbc89-845e-4d4f-a8b6-4fc761b56ab4 (type: router_ports) to 2
2026-03-04 02:33:02.855 8 INFO neutron.plugins.ml2.drivers.ovn.mech_driver.mech_driver [None req-e0e3e330-9290-4936-b775-80d21229be1c - - - - - -] OVN reports status up for port: 4de34fc8-2fd0-4007-a9de-17157096247e
2026-03-04 02:33:02.861 8 INFO neutron.plugins.ml2.plugin [None req-e0e3e330-9290-4936-b775-80d21229be1c - - - - - -] Attempt 1 to provision port 4de34fc8-2fd0-4007-a9de-17157096247e
2026-03-04 02:33:02.875 9 INFO neutron.db.ovn_revision_numbers_db [None req-3a70c104-cd11-408d-9370-e60f3015593a ae119c5d3767453f841afc16aea85ca8 d415d15cad7c4e5dae1b340cf898c857 - - default default] Successfully bumped revision number for resource 4de34fc8-2fd0-4007-a9de-17157096247e (type: ports) to 1
2026-03-04 02:33:02.920 9 WARNING neutron.scheduler.dhcp_agent_scheduler [None req-3a70c104-cd11-408d-9370-e60f3015593a ae119c5d3767453f841afc16aea85ca8 d415d15cad7c4e5dae1b340cf898c857 - - default default] No more DHCP agents
2026-03-04 02:33:02.921 9 WARNING neutron.api.rpc.agentnotifiers.dhcp_rpc_agent_api [None req-3a70c104-cd11-408d-9370-e60f3015593a ae119c5d3767453f841afc16aea85ca8 d415d15cad7c4e5dae1b340cf898c857 - - default default] Unable to schedule network a0db557f-19c1-4588-a619-a84f1552af63: no agents available; will retry on subsequent port and subnet creation events.
2026-03-04 02:33:03.132 8 INFO neutron.db.ovn_revision_numbers_db [None req-e0e3e330-9290-4936-b775-80d21229be1c - - - - - -] Successfully bumped revision number for resource 4de34fc8-2fd0-4007-a9de-17157096247e (type: ports) to 2
2026-03-04 02:33:03.499 9 INFO neutron.db.ovn_revision_numbers_db [None req-3a70c104-cd11-408d-9370-e60f3015593a ae119c5d3767453f841afc16aea85ca8 d415d15cad7c4e5dae1b340cf898c857 - - default default] Successfully bumped revision number for resource 4de34fc8-2fd0-4007-a9de-17157096247e (type: router_ports) to 1
2026-03-04 02:33:03.505 9 INFO neutron.api.wsgi [None req-3a70c104-cd11-408d-9370-e60f3015593a ae119c5d3767453f841afc16aea85ca8 d415d15cad7c4e5dae1b340cf898c857 - - default default] 10.0.0.40 "PUT /v2.0/routers/03a9ae93-7bef-4a92-8f76-53894e0c361e/add_router_interface HTTP/1.1" status: 200 len: 503 time: 1.7175970
2026-03-04 02:33:03.636 8 INFO neutron.api.wsgi [req-702c929a-4185-4d10-9567-775d306d6346 req-2c9c2498-315f-44ab-bdf8-a002f337db5c 2967cf0343a74bbbaed3c2e15e1704a4 c32371e678144ec3aed8ee604137877a - - 0832263700184f97aff006fb9cce7bff 0832263700184f97aff006fb9cce7bff] 199.204.45.122 "GET /v2.0/ports?tenant_id=3e2f7676103d470281aaf43ba57f27cb&device_id=73753a56-2845-4aea-a22d-5489d91aa047 HTTP/1.1" status: 200 len: 1636 time: 0.0335002
2026-03-04 02:33:03.654 8 INFO neutron.api.wsgi [req-702c929a-4185-4d10-9567-775d306d6346 req-e3aec831-e79d-4863-acf9-df9db2492f87 2967cf0343a74bbbaed3c2e15e1704a4 c32371e678144ec3aed8ee604137877a - - 0832263700184f97aff006fb9cce7bff 0832263700184f97aff006fb9cce7bff] 199.204.45.122 "GET /v2.0/floatingips?fixed_ip_address=10.2.2.91&port_id=18da22be-ad4a-47af-a875-2bc046022c77 HTTP/1.1" status: 200 len: 217 time: 0.0129039
2026-03-04 02:33:03.683 8 INFO neutron.api.wsgi [req-702c929a-4185-4d10-9567-775d306d6346 req-ffd6df36-8b76-4d52-8463-be1c8194480f 2967cf0343a74bbbaed3c2e15e1704a4 c32371e678144ec3aed8ee604137877a - - 0832263700184f97aff006fb9cce7bff 0832263700184f97aff006fb9cce7bff] 199.204.45.122 "GET /v2.0/floatingips?fixed_ip_address=fd77%3A1457%3A4cf0%3A26a8%3A%3A11f&port_id=18da22be-ad4a-47af-a875-2bc046022c77 HTTP/1.1" status: 200 len: 217 time: 0.0250776
2026-03-04 02:33:03.712 8 INFO neutron.api.wsgi [req-702c929a-4185-4d10-9567-775d306d6346 req-8bd04ebb-bb8b-48c8-a8a5-ed7cac964f92 2967cf0343a74bbbaed3c2e15e1704a4 c32371e678144ec3aed8ee604137877a - - 0832263700184f97aff006fb9cce7bff 0832263700184f97aff006fb9cce7bff] 199.204.45.122 "GET /v2.0/subnets?id=be11238e-8421-4d5a-afb7-f94df882db78&id=4c77db38-2119-4d08-b401-ff80b29f513d HTTP/1.1" status: 200 len: 1614 time: 0.0235281
2026-03-04 02:33:03.731 8 INFO neutron.api.wsgi [req-702c929a-4185-4d10-9567-775d306d6346 req-3c76838a-12c3-4485-8813-a46746c3dcd9 2967cf0343a74bbbaed3c2e15e1704a4 c32371e678144ec3aed8ee604137877a - - 0832263700184f97aff006fb9cce7bff 0832263700184f97aff006fb9cce7bff] 199.204.45.122 "GET /v2.0/ports?network_id=10a84851-01fd-4d96-9781-7b4c6cf6aad7&device_owner=network%3Adhcp HTTP/1.1" status: 200 len: 210 time: 0.0140831
2026-03-04 02:33:03.752 8 INFO neutron.api.wsgi [req-702c929a-4185-4d10-9567-775d306d6346 req-4703c4f8-330b-4b4d-8e08-55bd38825cdf 2967cf0343a74bbbaed3c2e15e1704a4 c32371e678144ec3aed8ee604137877a - - 0832263700184f97aff006fb9cce7bff 0832263700184f97aff006fb9cce7bff] 199.204.45.122 "GET /v2.0/ports?network_id=10a84851-01fd-4d96-9781-7b4c6cf6aad7&device_owner=network%3Adhcp HTTP/1.1" status: 200 len: 210 time: 0.0163043
2026-03-04 02:33:03.794 8 INFO neutron.api.wsgi [req-702c929a-4185-4d10-9567-775d306d6346 req-5bd7fec2-4fd2-4918-b7a0-e20c423ff7c1 2967cf0343a74bbbaed3c2e15e1704a4 c32371e678144ec3aed8ee604137877a - - 0832263700184f97aff006fb9cce7bff 0832263700184f97aff006fb9cce7bff] 199.204.45.122 "GET /v2.0/networks/10a84851-01fd-4d96-9781-7b4c6cf6aad7?fields=segments HTTP/1.1" status: 200 len: 212 time: 0.0360653
2026-03-04 02:33:03.837 8 INFO neutron.api.wsgi [req-702c929a-4185-4d10-9567-775d306d6346 req-153337c9-31de-4d01-89cf-bbc864162f00 2967cf0343a74bbbaed3c2e15e1704a4 c32371e678144ec3aed8ee604137877a - - 0832263700184f97aff006fb9cce7bff 0832263700184f97aff006fb9cce7bff] 199.204.45.122 "GET /v2.0/networks/10a84851-01fd-4d96-9781-7b4c6cf6aad7?fields=provider%3Aphysical_network&fields=provider%3Anetwork_type HTTP/1.1" status: 200 len: 277 time: 0.0376863
2026-03-04 02:33:04.050 8 WARNING neutron_lib.context [None req-00f119b5-9178-4788-a682-9b5fbb13f0b8 8defc876fcb34acb995f1434f7aebb32 85e0658adec04a26b850610b10e68893 - - default default] Method 'is_advsvc' is deprecated since 2023.2 release (neutron-lib 3.8.0) and will be removed once support for the old RBAC API policies will be removed from Neutron. Please use method 'is_service_role' instead.
2026-03-04 02:33:04.148 8 INFO neutron.db.ovn_revision_numbers_db [None req-00f119b5-9178-4788-a682-9b5fbb13f0b8 8defc876fcb34acb995f1434f7aebb32 85e0658adec04a26b850610b10e68893 - - default default] Successfully bumped revision number for resource ca8222a8-1dd2-4b20-8408-e4245204cdf7 (type: security_groups) to 1
2026-03-04 02:33:04.160 8 INFO neutron.db.ovn_revision_numbers_db [None req-00f119b5-9178-4788-a682-9b5fbb13f0b8 8defc876fcb34acb995f1434f7aebb32 85e0658adec04a26b850610b10e68893 - - default default] Successfully bumped revision number for resource 34c1cd2a-ad2e-4aff-8951-156c137d6279 (type: security_group_rules) to 0
2026-03-04 02:33:04.172 8 INFO neutron.db.ovn_revision_numbers_db [None req-00f119b5-9178-4788-a682-9b5fbb13f0b8 8defc876fcb34acb995f1434f7aebb32 85e0658adec04a26b850610b10e68893 - - default default] Successfully bumped revision number for resource d051589e-cd12-4eb7-aa60-6ce820675513 (type: security_group_rules) to 0
2026-03-04 02:33:04.203 8 INFO neutron.api.wsgi [None req-00f119b5-9178-4788-a682-9b5fbb13f0b8 8defc876fcb34acb995f1434f7aebb32 85e0658adec04a26b850610b10e68893 - - default default] 10.0.0.40 "POST /v2.0/security-groups HTTP/1.1" status: 201 len: 1875 time: 0.1570628
2026-03-04 02:33:04.211 8 WARNING neutron_lib.context [None req-04e14c92-69d4-4366-abdc-3f5b466bd5c6 8defc876fcb34acb995f1434f7aebb32 85e0658adec04a26b850610b10e68893 - - default default] Method 'is_advsvc' is deprecated since 2023.2 release (neutron-lib 3.8.0) and will be removed once support for the old RBAC API policies will be removed from Neutron. Please use method 'is_service_role' instead.
2026-03-04 02:33:04.323 8 INFO neutron.db.ovn_revision_numbers_db [None req-04e14c92-69d4-4366-abdc-3f5b466bd5c6 8defc876fcb34acb995f1434f7aebb32 85e0658adec04a26b850610b10e68893 - - default default] Successfully bumped revision number for resource 3e8cd2a2-f69b-4d2e-b85a-3c8f9085e264 (type: security_group_rules) to 0
2026-03-04 02:33:04.351 8 INFO neutron.api.wsgi [None req-04e14c92-69d4-4366-abdc-3f5b466bd5c6 8defc876fcb34acb995f1434f7aebb32 85e0658adec04a26b850610b10e68893 - - default default] 10.0.0.40 "POST /v2.0/security-group-rules HTTP/1.1" status: 201 len: 796 time: 0.1431670
2026-03-04 02:33:04.360 8 WARNING neutron_lib.context [None req-62e45ed5-3ddf-491c-a828-5de4b209f13d 8defc876fcb34acb995f1434f7aebb32 85e0658adec04a26b850610b10e68893 - - default default] Method 'is_advsvc' is deprecated since 2023.2 release (neutron-lib 3.8.0) and will be removed once support for the old RBAC API policies will be removed from Neutron. Please use method 'is_service_role' instead.
2026-03-04 02:33:04.460 8 INFO neutron.db.ovn_revision_numbers_db [None req-62e45ed5-3ddf-491c-a828-5de4b209f13d 8defc876fcb34acb995f1434f7aebb32 85e0658adec04a26b850610b10e68893 - - default default] Successfully bumped revision number for resource 4c37a2e1-c55e-4e60-89e5-467977c5e764 (type: security_group_rules) to 0
2026-03-04 02:33:04.487 8 INFO neutron.api.wsgi [None req-62e45ed5-3ddf-491c-a828-5de4b209f13d 8defc876fcb34acb995f1434f7aebb32 85e0658adec04a26b850610b10e68893 - - default default] 10.0.0.40 "POST /v2.0/security-group-rules HTTP/1.1" status: 201 len: 795 time: 0.1308820
2026-03-04 02:33:04.496 8 WARNING neutron_lib.context [None req-00e71429-21a2-48b3-9aac-a5297b35e7b7 8defc876fcb34acb995f1434f7aebb32 85e0658adec04a26b850610b10e68893 - - default default] Method 'is_advsvc' is deprecated since 2023.2 release (neutron-lib 3.8.0) and will be removed once support for the old RBAC API policies will be removed from Neutron. Please use method 'is_service_role' instead.
2026-03-04 02:33:04.602 8 INFO neutron.db.ovn_revision_numbers_db [None req-00e71429-21a2-48b3-9aac-a5297b35e7b7 8defc876fcb34acb995f1434f7aebb32 85e0658adec04a26b850610b10e68893 - - default default] Successfully bumped revision number for resource 70bc83a3-53c4-4997-907b-799b9f1c8728 (type: security_group_rules) to 0
2026-03-04 02:33:04.629 8 INFO neutron.api.wsgi [None req-00e71429-21a2-48b3-9aac-a5297b35e7b7 8defc876fcb34acb995f1434f7aebb32 85e0658adec04a26b850610b10e68893 - - default default] 10.0.0.40 "POST /v2.0/security-group-rules HTTP/1.1" status: 201 len: 801 time: 0.1369615
2026-03-04 02:33:04.641 9 WARNING neutron_lib.context [None req-0cc8ce39-ddd4-4f4e-ab31-bfef1f29c7c7 8defc876fcb34acb995f1434f7aebb32 85e0658adec04a26b850610b10e68893 - - default default] Method 'is_advsvc' is deprecated since 2023.2 release (neutron-lib 3.8.0) and will be removed once support for the old RBAC API policies will be removed from Neutron. Please use method 'is_service_role' instead.
2026-03-04 02:33:04.767 9 INFO neutron.db.ovn_revision_numbers_db [None req-0cc8ce39-ddd4-4f4e-ab31-bfef1f29c7c7 8defc876fcb34acb995f1434f7aebb32 85e0658adec04a26b850610b10e68893 - - default default] Successfully bumped revision number for resource f983a6ac-6747-45b8-b18b-e7194b2a9f85 (type: security_group_rules) to 0
2026-03-04 02:33:04.794 9 INFO neutron.api.wsgi [None req-0cc8ce39-ddd4-4f4e-ab31-bfef1f29c7c7 8defc876fcb34acb995f1434f7aebb32 85e0658adec04a26b850610b10e68893 - - default default] 10.0.0.40 "POST /v2.0/security-group-rules HTTP/1.1" status: 201 len: 800 time: 0.1598744
2026-03-04 02:33:04.804 9 WARNING neutron_lib.context [None req-13350bd9-4c4b-4f8e-a898-693a29a43b6b 8defc876fcb34acb995f1434f7aebb32 85e0658adec04a26b850610b10e68893 - - default default] Method 'is_advsvc' is deprecated since 2023.2 release (neutron-lib 3.8.0) and will be removed once support for the old RBAC API policies will be removed from Neutron. Please use method 'is_service_role' instead.
