2026-03-04 02:31:02.811 9 WARNING neutron_lib.context [None req-80a8130b-adb2-4fe5-90bb-8b83acd8d944 2c4f355b1eee48e4a0bd7b7fbc47ce62 12ce9f17dd3e4e3eb164a5c56251e2b9 - - default default] Method 'is_advsvc' is deprecated since 2023.2 release (neutron-lib 3.8.0) and will be removed once support for the old RBAC API policies will be removed from Neutron. Please use method 'is_service_role' instead.
2026-03-04 02:31:02.901 9 INFO neutron.db.ovn_revision_numbers_db [None req-80a8130b-adb2-4fe5-90bb-8b83acd8d944 2c4f355b1eee48e4a0bd7b7fbc47ce62 12ce9f17dd3e4e3eb164a5c56251e2b9 - - default default] Successfully bumped revision number for resource f266374e-2863-4ce4-b4f3-3508b76be8df (type: security_group_rules) to 0
2026-03-04 02:31:02.937 9 INFO neutron.api.wsgi [None req-80a8130b-adb2-4fe5-90bb-8b83acd8d944 2c4f355b1eee48e4a0bd7b7fbc47ce62 12ce9f17dd3e4e3eb164a5c56251e2b9 - - default default] 10.0.0.40 "POST /v2.0/security-group-rules HTTP/1.1" status: 201 len: 801 time: 0.1289198
2026-03-04 02:31:02.958 9 INFO neutron.api.wsgi [None req-ce2462d4-3a91-4eba-99a5-81ba72dc019e 2c4f355b1eee48e4a0bd7b7fbc47ce62 12ce9f17dd3e4e3eb164a5c56251e2b9 - - default default] 10.0.0.40 "GET /v2.0/security-group-rules/f266374e-2863-4ce4-b4f3-3508b76be8df HTTP/1.1" status: 200 len: 796 time: 0.0166261
2026-03-04 02:31:03.013 9 INFO neutron.api.wsgi [None req-51ffeb1b-a7de-495d-931f-4ca97dc105a5 2c4f355b1eee48e4a0bd7b7fbc47ce62 12ce9f17dd3e4e3eb164a5c56251e2b9 - - default default] 10.0.0.40 "GET /v2.0/security-group-rules HTTP/1.1" status: 200 len: 4334 time: 0.0494332
2026-03-04 02:31:03.055 8 INFO neutron.api.wsgi [None req-09065a1f-65cf-41ae-80de-a5241afa34fd 90b02827d1fc49e9bdc6cb5ea6194450 e33f70f02acd4a7b866995c472c1a951 - - default default] 10.0.0.40 "DELETE /v2.0/ports/1dcdf65e-017e-4f76-a421-3d16334a2112 HTTP/1.1" status: 204 len: 168 time: 0.2524853
2026-03-04 02:31:03.099 8 INFO neutron.db.ovn_revision_numbers_db [None req-f6a8ffd7-cbf6-4b5f-a29e-7999411fe541 - - - - - -] Successfully bumped revision number for resource 46907e2f-a7f1-444d-a28b-95cc30dc7785 (type: ports) to 2
2026-03-04 02:31:03.142 8 INFO neutron.db.ovn_revision_numbers_db [None req-f6a8ffd7-cbf6-4b5f-a29e-7999411fe541 - - - - - -] Successfully bumped revision number for resource e56fb285-b14a-4f7d-8504-1d0cd45ae5b0 (type: subnets) to 1
2026-03-04 02:31:03.145 8 INFO neutron.api.wsgi [None req-01805949-0201-4723-8a07-8e4932818ce6 d215ac1450644911b35127cf30d0bffa d6066b3f86d949d1b946d958506272b6 - - default default] 10.0.0.40 "PUT /v2.0/subnets/e56fb285-b14a-4f7d-8504-1d0cd45ae5b0 HTTP/1.1" status: 200 len: 850 time: 0.6177018
2026-03-04 02:31:03.166 9 INFO neutron.api.wsgi [None req-52474399-0e0b-4b9a-896f-2cb574a9b491 2c4f355b1eee48e4a0bd7b7fbc47ce62 12ce9f17dd3e4e3eb164a5c56251e2b9 - - default default] 10.0.0.40 "DELETE /v2.0/security-group-rules/f266374e-2863-4ce4-b4f3-3508b76be8df HTTP/1.1" status: 204 len: 168 time: 0.1489148
2026-03-04 02:31:03.223 9 INFO neutron.api.wsgi [None req-9e20cd31-b1d4-420a-b496-dfd99fa8d491 2c4f355b1eee48e4a0bd7b7fbc47ce62 12ce9f17dd3e4e3eb164a5c56251e2b9 - - default default] 10.0.0.40 "GET /v2.0/security-group-rules HTTP/1.1" status: 200 len: 3755 time: 0.0536649
2026-03-04 02:31:03.326 9 INFO neutron.api.wsgi [None req-cd2a7884-0b76-4032-9410-04032cc9bb8d 90b02827d1fc49e9bdc6cb5ea6194450 e33f70f02acd4a7b866995c472c1a951 - - default default] 10.0.0.40 "DELETE /v2.0/ports/58be7b2c-9aa8-4c65-93b7-356e7f565ae5 HTTP/1.1" status: 204 len: 168 time: 0.2664905
2026-03-04 02:31:03.339 9 INFO neutron.api.wsgi [None req-8f2489c1-ac78-46d3-b542-eeab9c5eb38d 2c4f355b1eee48e4a0bd7b7fbc47ce62 12ce9f17dd3e4e3eb164a5c56251e2b9 - - default default] 10.0.0.40 "DELETE /v2.0/security-groups/670330de-f876-4abd-8ec3-b4f2df3a9fd7 HTTP/1.1" status: 204 len: 168 time: 0.1111331
2026-03-04 02:31:03.364 9 INFO neutron.api.wsgi [None req-e332b456-5d80-43af-a7c1-0edec1bcc501 90b02827d1fc49e9bdc6cb5ea6194450 e33f70f02acd4a7b866995c472c1a951 - - default default] 10.0.0.40 "GET /v2.0/ports HTTP/1.1" status: 200 len: 1718 time: 0.0332706
2026-03-04 02:31:03.375 8 INFO neutron.api.wsgi [None req-4708eaaa-e785-4726-9366-d5b67c696ad5 2c4f355b1eee48e4a0bd7b7fbc47ce62 12ce9f17dd3e4e3eb164a5c56251e2b9 - - default default] 10.0.0.40 "GET /v2.0/security-groups HTTP/1.1" status: 200 len: 3120 time: 0.0295033
2026-03-04 02:31:03.375 9 WARNING neutron_lib.context [None req-ed7f3dd2-6ba8-42b4-96ec-5577223ac29b 90b02827d1fc49e9bdc6cb5ea6194450 e33f70f02acd4a7b866995c472c1a951 - - default default] Method 'is_advsvc' is deprecated since 2023.2 release (neutron-lib 3.8.0) and will be removed once support for the old RBAC API policies will be removed from Neutron. Please use method 'is_service_role' instead.
2026-03-04 02:31:03.410 8 INFO neutron.api.wsgi [None req-56ba13f6-0b3e-40bc-a12e-5fc1e4fa1af5 2c4f355b1eee48e4a0bd7b7fbc47ce62 12ce9f17dd3e4e3eb164a5c56251e2b9 - - default default] 10.0.0.40 "GET /v2.0/security-groups HTTP/1.1" status: 200 len: 3120 time: 0.0306334
2026-03-04 02:31:03.461 9 INFO neutron.db.segments_db [None req-ed7f3dd2-6ba8-42b4-96ec-5577223ac29b 90b02827d1fc49e9bdc6cb5ea6194450 e33f70f02acd4a7b866995c472c1a951 - - default default] Added segment 8b6e5bef-2bc2-47ee-b54d-45ff3a0dddf7 of type geneve for network 63bdd273-366b-4ebe-9398-072bed14e4a3
2026-03-04 02:31:03.504 8 INFO neutron.services.segments.plugin [-] Segment bf0ecad6-7a38-43d0-a980-b6f6a147d16c resource provider aggregate not found
2026-03-04 02:31:03.508 8 INFO neutron.services.segments.plugin [-] Segment bf0ecad6-7a38-43d0-a980-b6f6a147d16c resource provider aggregate not found
2026-03-04 02:31:03.516 8 INFO neutron.services.segments.plugin [-] Segment bf0ecad6-7a38-43d0-a980-b6f6a147d16c resource provider not found; error: Placement Client Error (4xx): {"errors": [{"status": 404, "title": "Not Found", "detail": "The resource could not be found.\n\n No resource provider with uuid bf0ecad6-7a38-43d0-a980-b6f6a147d16c found for delete ", "request_id": "req-31961713-4bc7-407a-baa3-aaf883fb2e64"}]}
2026-03-04 02:31:03.520 8 INFO neutron.services.segments.plugin [-] Segment bf0ecad6-7a38-43d0-a980-b6f6a147d16c resource provider not found; error: Placement Client Error (4xx): {"errors": [{"status": 404, "title": "Not Found", "detail": "The resource could not be found.\n\n No resource provider with uuid bf0ecad6-7a38-43d0-a980-b6f6a147d16c found for delete ", "request_id": "req-45cd700d-e357-4d33-907f-610d50343a49"}]}
2026-03-04 02:31:03.537 8 INFO neutron.api.wsgi [None req-0c6c1263-3871-40cc-bd8a-e67f737f3c1b d215ac1450644911b35127cf30d0bffa d6066b3f86d949d1b946d958506272b6 - - default default] 10.0.0.40 "DELETE /v2.0/networks/11d46c0c-2cac-4e76-bf79-e909cababf80 HTTP/1.1" status: 204 len: 168 time: 0.3875797
2026-03-04 02:31:03.551 8 INFO neutron.pecan_wsgi.hooks.translation [None req-8b4dac74-fc74-4102-ad78-a834628cb5cf d215ac1450644911b35127cf30d0bffa d6066b3f86d949d1b946d958506272b6 - - default default] DELETE failed (client error): The resource could not be found.
2026-03-04 02:31:03.553 8 INFO neutron.api.wsgi [None req-8b4dac74-fc74-4102-ad78-a834628cb5cf d215ac1450644911b35127cf30d0bffa d6066b3f86d949d1b946d958506272b6 - - default default] 10.0.0.40 "DELETE /v2.0/networks/11d46c0c-2cac-4e76-bf79-e909cababf80 HTTP/1.1" status: 404 len: 339 time: 0.0107906
2026-03-04 02:31:03.580 9 INFO neutron.db.ovn_revision_numbers_db [None req-ed7f3dd2-6ba8-42b4-96ec-5577223ac29b 90b02827d1fc49e9bdc6cb5ea6194450 e33f70f02acd4a7b866995c472c1a951 - - default default] Successfully bumped revision number for resource 63bdd273-366b-4ebe-9398-072bed14e4a3 (type: networks) to 1
2026-03-04 02:31:03.611 8 INFO neutron.api.wsgi [None req-9a5605de-eccc-4406-a402-801cf2d5e566 d215ac1450644911b35127cf30d0bffa d6066b3f86d949d1b946d958506272b6 - - default default] 10.0.0.40 "GET /v2.0/networks?router%3Aexternal=True HTTP/1.1" status: 200 len: 845 time: 0.0500033
2026-03-04 02:31:03.637 8 INFO neutron.api.wsgi [None req-93eb1f63-f082-4b71-ba5d-bd81e8100317 d215ac1450644911b35127cf30d0bffa d6066b3f86d949d1b946d958506272b6 - - default default] 10.0.0.40 "GET /v2.0/subnets?network_id=9c30c68c-68f4-45f5-9b2c-8d6fb79c4d19 HTTP/1.1" status: 200 len: 843 time: 0.0208418
2026-03-04 02:31:03.638 8 INFO neutron.db.ovn_revision_numbers_db [None req-4d0b9ae4-5c55-49ec-9913-e5be8428822f ae119c5d3767453f841afc16aea85ca8 d415d15cad7c4e5dae1b340cf898c857 - - default default] Successfully bumped revision number for resource 384132a3-1e1f-40be-9549-25d22f0112ed (type: security_groups) to 1
2026-03-04 02:31:03.647 9 INFO neutron.api.wsgi [None req-37821bc2-c384-4756-97ef-22e0dc4ee97b d215ac1450644911b35127cf30d0bffa d6066b3f86d949d1b946d958506272b6 - - default default] 10.0.0.40 "GET /v2.0/extensions HTTP/1.1" status: 200 len: 19293 time: 0.0058055
2026-03-04 02:31:03.648 8 INFO neutron.db.ovn_revision_numbers_db [None req-4d0b9ae4-5c55-49ec-9913-e5be8428822f ae119c5d3767453f841afc16aea85ca8 d415d15cad7c4e5dae1b340cf898c857 - - default default] Successfully bumped revision number for resource 15b3318c-ee36-43d8-9689-1839400f6b1d (type: security_group_rules) to 0
2026-03-04 02:31:03.661 8 INFO neutron.db.ovn_revision_numbers_db [None req-4d0b9ae4-5c55-49ec-9913-e5be8428822f ae119c5d3767453f841afc16aea85ca8 d415d15cad7c4e5dae1b340cf898c857 - - default default] Successfully bumped revision number for resource 4a9da5a4-ec7a-488c-8079-07396767d09d (type: security_group_rules) to 0
2026-03-04 02:31:03.670 8 INFO neutron.db.ovn_revision_numbers_db [None req-4d0b9ae4-5c55-49ec-9913-e5be8428822f ae119c5d3767453f841afc16aea85ca8 d415d15cad7c4e5dae1b340cf898c857 - - default default] Successfully bumped revision number for resource a8bf1e18-4515-4fa9-9fab-b43d1501a88b (type: security_group_rules) to 0
2026-03-04 02:31:03.681 8 INFO neutron.db.ovn_revision_numbers_db [None req-4d0b9ae4-5c55-49ec-9913-e5be8428822f ae119c5d3767453f841afc16aea85ca8 d415d15cad7c4e5dae1b340cf898c857 - - default default] Successfully bumped revision number for resource c71fed05-c549-47c8-ba22-34548de51bbb (type: security_group_rules) to 0
2026-03-04 02:31:03.710 9 INFO neutron.api.wsgi [None req-6eab2b79-b8fd-45c1-84e8-dd4703f77bc0 d215ac1450644911b35127cf30d0bffa d6066b3f86d949d1b946d958506272b6 - - default default] 10.0.0.40 "GET /v2.0/networks HTTP/1.1" status: 200 len: 1508 time: 0.0588968
2026-03-04 02:31:03.713 8 INFO neutron.api.wsgi [None req-4d0b9ae4-5c55-49ec-9913-e5be8428822f ae119c5d3767453f841afc16aea85ca8 d415d15cad7c4e5dae1b340cf898c857 - - default default] 10.0.0.40 "GET /v2.0/security-groups?tenant_id=f780bb1cb61d4751b7eceb0623fcb270&name=default HTTP/1.1" status: 200 len: 3120 time: 0.3381791
2026-03-04 02:31:03.744 9 INFO neutron.api.wsgi [None req-b830775d-49de-4c41-ac73-5f01fb8eb4b4 d215ac1450644911b35127cf30d0bffa d6066b3f86d949d1b946d958506272b6 - - default default] 10.0.0.40 "GET /v2.0/subnets HTTP/1.1" status: 200 len: 1507 time: 0.0284941
2026-03-04 02:31:03.770 9 WARNING neutron.scheduler.dhcp_agent_scheduler [None req-ed7f3dd2-6ba8-42b4-96ec-5577223ac29b 90b02827d1fc49e9bdc6cb5ea6194450 e33f70f02acd4a7b866995c472c1a951 - - default default] No more DHCP agents
2026-03-04 02:31:03.771 9 WARNING neutron.api.rpc.agentnotifiers.dhcp_rpc_agent_api [None req-ed7f3dd2-6ba8-42b4-96ec-5577223ac29b 90b02827d1fc49e9bdc6cb5ea6194450 e33f70f02acd4a7b866995c472c1a951 - - default default] Unable to schedule network 63bdd273-366b-4ebe-9398-072bed14e4a3: no agents available; will retry on subsequent port and subnet creation events.
2026-03-04 02:31:03.806 8 INFO neutron.api.wsgi [None req-344bf828-1721-4adb-9920-30ca96f828c3 d215ac1450644911b35127cf30d0bffa d6066b3f86d949d1b946d958506272b6 - - default default] 10.0.0.40 "GET /v2.0/networks/bcc7a2d6-1d9a-4120-9c49-b5cdb1026027 HTTP/1.1" status: 200 len: 867 time: 0.0558245
2026-03-04 02:31:03.842 9 INFO neutron.api.wsgi [None req-80026a38-36bb-4364-804f-00d67eed197a d215ac1450644911b35127cf30d0bffa d6066b3f86d949d1b946d958506272b6 - - default default] 10.0.0.40 "GET /v2.0/subnets/c643efb9-026b-48c0-b1ff-7ea524648a56 HTTP/1.1" status: 200 len: 867 time: 0.0293128
2026-03-04 02:31:03.854 9 INFO neutron.db.ovn_revision_numbers_db [None req-ed7f3dd2-6ba8-42b4-96ec-5577223ac29b 90b02827d1fc49e9bdc6cb5ea6194450 e33f70f02acd4a7b866995c472c1a951 - - default default] Successfully bumped revision number for resource 812dbeee-f40d-44e9-9564-0cdec1175761 (type: ports) to 1
2026-03-04 02:31:03.858 8 INFO neutron.pecan_wsgi.hooks.translation [None req-271c704b-c9a1-492d-8a67-816574a4369f d215ac1450644911b35127cf30d0bffa d6066b3f86d949d1b946d958506272b6 - - default default] DELETE failed (client error): The resource could not be found.
2026-03-04 02:31:03.860 8 INFO neutron.api.wsgi [None req-271c704b-c9a1-492d-8a67-816574a4369f d215ac1450644911b35127cf30d0bffa d6066b3f86d949d1b946d958506272b6 - - default default] 10.0.0.40 "DELETE /v2.0/subnets/e56fb285-b14a-4f7d-8504-1d0cd45ae5b0 HTTP/1.1" status: 404 len: 337 time: 0.0122368
2026-03-04 02:31:03.873 8 INFO neutron.pecan_wsgi.hooks.translation [None req-5a74957a-3138-49bc-8bb4-7d42661d2f4e d215ac1450644911b35127cf30d0bffa d6066b3f86d949d1b946d958506272b6 - - default default] DELETE failed (client error): The resource could not be found.
2026-03-04 02:31:03.874 9 INFO neutron.api.wsgi [None req-ed7f3dd2-6ba8-42b4-96ec-5577223ac29b 90b02827d1fc49e9bdc6cb5ea6194450 e33f70f02acd4a7b866995c472c1a951 - - default default] 10.0.0.40 "POST /v2.0/networks HTTP/1.1" status: 201 len: 849 time: 0.5024688
2026-03-04 02:31:03.875 8 INFO neutron.api.wsgi [None req-5a74957a-3138-49bc-8bb4-7d42661d2f4e d215ac1450644911b35127cf30d0bffa d6066b3f86d949d1b946d958506272b6 - - default default] 10.0.0.40 "DELETE /v2.0/networks/11d46c0c-2cac-4e76-bf79-e909cababf80 HTTP/1.1" status: 404 len: 339 time: 0.0093694
2026-03-04 02:31:03.882 8 WARNING neutron_lib.context [None req-e5a47794-5065-4c2f-9fc2-b1ae1c6bc441 90b02827d1fc49e9bdc6cb5ea6194450 e33f70f02acd4a7b866995c472c1a951 - - default default] Method 'is_advsvc' is deprecated since 2023.2 release (neutron-lib 3.8.0) and will be removed once support for the old RBAC API policies will be removed from Neutron. Please use method 'is_service_role' instead.
2026-03-04 02:31:03.935 8 INFO neutron.api.wsgi [None req-ad134e43-8eaa-4e4b-82c2-be8920b56f9d ae119c5d3767453f841afc16aea85ca8 d415d15cad7c4e5dae1b340cf898c857 - - default default] 10.0.0.40 "DELETE /v2.0/security-groups/384132a3-1e1f-40be-9549-25d22f0112ed HTTP/1.1" status: 204 len: 168 time: 0.2166593
2026-03-04 02:31:03.959 8 INFO neutron.db.segments_db [None req-e5a47794-5065-4c2f-9fc2-b1ae1c6bc441 90b02827d1fc49e9bdc6cb5ea6194450 e33f70f02acd4a7b866995c472c1a951 - - default default] Added segment 6355deaa-1b23-41e2-b871-7c0887307310 of type geneve for network 9b401761-e39d-4bfb-b921-e3a0cbfd6424
2026-03-04 02:31:03.967 9 INFO neutron.api.wsgi [None req-f74f2bb6-5bf3-44fc-ab5d-1ad14a5bd8a0 ae119c5d3767453f841afc16aea85ca8 d415d15cad7c4e5dae1b340cf898c857 - - default default] 10.0.0.40 "GET /v2.0/security-groups?tenant_id=12ce9f17dd3e4e3eb164a5c56251e2b9&name=default HTTP/1.1" status: 200 len: 3120 time: 0.1156006
2026-03-04 02:31:04.026 9 INFO neutron.api.wsgi [None req-3dfd7bbd-9e1e-41fc-b19c-61d4e9e67cf1 d215ac1450644911b35127cf30d0bffa d6066b3f86d949d1b946d958506272b6 - - default default] 10.0.0.40 "DELETE /v2.0/subnets/c643efb9-026b-48c0-b1ff-7ea524648a56 HTTP/1.1" status: 204 len: 168 time: 0.1475098
2026-03-04 02:31:04.070 8 INFO neutron.db.ovn_revision_numbers_db [None req-e5a47794-5065-4c2f-9fc2-b1ae1c6bc441 90b02827d1fc49e9bdc6cb5ea6194450 e33f70f02acd4a7b866995c472c1a951 - - default default] Successfully bumped revision number for resource 9b401761-e39d-4bfb-b921-e3a0cbfd6424 (type: networks) to 1
2026-03-04 02:31:04.128 8 INFO neutron.db.ovn_revision_numbers_db [None req-b2386482-809a-4f7e-ac02-c6470aa17912 ae119c5d3767453f841afc16aea85ca8 d415d15cad7c4e5dae1b340cf898c857 - - default default] Successfully bumped revision number for resource 9d3885a0-57ff-450e-bb93-607d55352bde (type: security_groups) to 1
2026-03-04 02:31:04.145 8 INFO neutron.db.ovn_revision_numbers_db [None req-b2386482-809a-4f7e-ac02-c6470aa17912 ae119c5d3767453f841afc16aea85ca8 d415d15cad7c4e5dae1b340cf898c857 - - default default] Successfully bumped revision number for resource 218b79e2-05a0-403e-b3a3-e6ff34f8b198 (type: security_group_rules) to 0
2026-03-04 02:31:04.158 8 INFO neutron.db.ovn_revision_numbers_db [None req-b2386482-809a-4f7e-ac02-c6470aa17912 ae119c5d3767453f841afc16aea85ca8 d415d15cad7c4e5dae1b340cf898c857 - - default default] Successfully bumped revision number for resource 3b1846c3-111a-4606-a4e2-124eae69a4ac (type: security_group_rules) to 0
2026-03-04 02:31:04.173 8 INFO neutron.db.ovn_revision_numbers_db [None req-b2386482-809a-4f7e-ac02-c6470aa17912 ae119c5d3767453f841afc16aea85ca8 d415d15cad7c4e5dae1b340cf898c857 - - default default] Successfully bumped revision number for resource 719dc30d-5323-4c3d-bd5b-ced2a9ccea85 (type: security_group_rules) to 0
2026-03-04 02:31:04.186 8 INFO neutron.db.ovn_revision_numbers_db [None req-b2386482-809a-4f7e-ac02-c6470aa17912 ae119c5d3767453f841afc16aea85ca8 d415d15cad7c4e5dae1b340cf898c857 - - default default] Successfully bumped revision number for resource aef7679d-7500-4bbb-b717-75315ba46fe3 (type: security_group_rules) to 0
2026-03-04 02:31:04.195 9 INFO neutron.api.wsgi [None req-e02c068b-6422-492c-9aed-2b8f9b378191 ae119c5d3767453f841afc16aea85ca8 d415d15cad7c4e5dae1b340cf898c857 - - default default] 10.0.0.40 "DELETE /v2.0/security-groups/1bac4394-2323-4082-82b9-e78ae338fb78 HTTP/1.1" status: 204 len: 168 time: 0.2234139
2026-03-04 02:31:04.217 8 WARNING neutron.scheduler.dhcp_agent_scheduler [None req-e5a47794-5065-4c2f-9fc2-b1ae1c6bc441 90b02827d1fc49e9bdc6cb5ea6194450 e33f70f02acd4a7b866995c472c1a951 - - default default] No more DHCP agents
2026-03-04 02:31:04.218 8 WARNING neutron.api.rpc.agentnotifiers.dhcp_rpc_agent_api [None req-e5a47794-5065-4c2f-9fc2-b1ae1c6bc441 90b02827d1fc49e9bdc6cb5ea6194450 e33f70f02acd4a7b866995c472c1a951 - - default default] Unable to schedule network 9b401761-e39d-4bfb-b921-e3a0cbfd6424: no agents available; will retry on subsequent port and subnet creation events.
2026-03-04 02:31:04.224 8 INFO neutron.api.wsgi [None req-b2386482-809a-4f7e-ac02-c6470aa17912 ae119c5d3767453f841afc16aea85ca8 d415d15cad7c4e5dae1b340cf898c857 - - default default] 10.0.0.40 "GET /v2.0/security-groups?tenant_id=673d76162fce43ad8625688a179a238b&name=default HTTP/1.1" status: 200 len: 3120 time: 0.2136998
2026-03-04 02:31:04.297 8 INFO neutron.db.ovn_revision_numbers_db [None req-e5a47794-5065-4c2f-9fc2-b1ae1c6bc441 90b02827d1fc49e9bdc6cb5ea6194450 e33f70f02acd4a7b866995c472c1a951 - - default default] Successfully bumped revision number for resource 0cd40a37-3e35-4dfa-8aec-fa09d2463fe5 (type: ports) to 1
2026-03-04 02:31:04.305 9 INFO neutron.services.segments.plugin [-] Segment b587eb40-629d-481d-84c6-55d5ec487ba8 resource provider aggregate not found
2026-03-04 02:31:04.309 9 INFO neutron.services.segments.plugin [-] Segment b587eb40-629d-481d-84c6-55d5ec487ba8 resource provider aggregate not found
2026-03-04 02:31:04.318 9 INFO neutron.services.segments.plugin [-] Segment b587eb40-629d-481d-84c6-55d5ec487ba8 resource provider not found; error: Placement Client Error (4xx): {"errors": [{"status": 404, "title": "Not Found", "detail": "The resource could not be found.\n\n No resource provider with uuid b587eb40-629d-481d-84c6-55d5ec487ba8 found for delete ", "request_id": "req-025fa6d4-6546-44f5-8790-066498ffda42"}]}
2026-03-04 02:31:04.327 8 INFO neutron.api.wsgi [None req-e5a47794-5065-4c2f-9fc2-b1ae1c6bc441 90b02827d1fc49e9bdc6cb5ea6194450 e33f70f02acd4a7b866995c472c1a951 - - default default] 10.0.0.40 "POST /v2.0/networks HTTP/1.1" status: 201 len: 849 time: 0.4481139
2026-03-04 02:31:04.328 9 INFO neutron.services.segments.plugin [-] Segment b587eb40-629d-481d-84c6-55d5ec487ba8 resource provider not found; error: Placement Client Error (4xx): {"errors": [{"status": 404, "title": "Not Found", "detail": "The resource could not be found.\n\n No resource provider with uuid b587eb40-629d-481d-84c6-55d5ec487ba8 found for delete ", "request_id": "req-b9b9f055-4d3d-4414-93a4-63e1f343751a"}]}
2026-03-04 02:31:04.342 9 INFO neutron.api.wsgi [None req-6e173dce-fbca-4ff7-a0d2-f47a131b1992 d215ac1450644911b35127cf30d0bffa d6066b3f86d949d1b946d958506272b6 - - default default] 10.0.0.40 "DELETE /v2.0/networks/bcc7a2d6-1d9a-4120-9c49-b5cdb1026027 HTTP/1.1" status: 204 len: 168 time: 0.3110540
2026-03-04 02:31:04.370 8 WARNING neutron_lib.context [None req-84bd13ee-4ade-4024-953d-3d6c3dca2867 90b02827d1fc49e9bdc6cb5ea6194450 e33f70f02acd4a7b866995c472c1a951 - - default default] Method 'is_advsvc' is deprecated since 2023.2 release (neutron-lib 3.8.0) and will be removed once support for the old RBAC API policies will be removed from Neutron. Please use method 'is_service_role' instead.
2026-03-04 02:31:04.397 8 WARNING neutron_lib.context [None req-84bd13ee-4ade-4024-953d-3d6c3dca2867 90b02827d1fc49e9bdc6cb5ea6194450 e33f70f02acd4a7b866995c472c1a951 - - default default] Method 'is_advsvc' is deprecated since 2023.2 release (neutron-lib 3.8.0) and will be removed once support for the old RBAC API policies will be removed from Neutron. Please use method 'is_service_role' instead.
2026-03-04 02:31:04.461 8 INFO neutron.api.wsgi [None req-c11db504-8ebb-4eb5-9271-b2cd38af9e60 ae119c5d3767453f841afc16aea85ca8 d415d15cad7c4e5dae1b340cf898c857 - - default default] 10.0.0.40 "DELETE /v2.0/security-groups/9d3885a0-57ff-450e-bb93-607d55352bde HTTP/1.1" status: 204 len: 168 time: 0.2329214
2026-03-04 02:31:04.664 8 WARNING neutron.scheduler.dhcp_agent_scheduler [None req-84bd13ee-4ade-4024-953d-3d6c3dca2867 90b02827d1fc49e9bdc6cb5ea6194450 e33f70f02acd4a7b866995c472c1a951 - - default default] No more DHCP agents
2026-03-04 02:31:04.666 8 WARNING neutron.api.rpc.agentnotifiers.dhcp_rpc_agent_api [None req-84bd13ee-4ade-4024-953d-3d6c3dca2867 90b02827d1fc49e9bdc6cb5ea6194450 e33f70f02acd4a7b866995c472c1a951 - - default default] Unable to schedule network 63bdd273-366b-4ebe-9398-072bed14e4a3: no agents available; will retry on subsequent port and subnet creation events.
2026-03-04 02:31:05.035 8 INFO neutron.api.wsgi [None req-b1a1ebc5-03c0-49f2-9c10-6ab5e8b2d505 ae119c5d3767453f841afc16aea85ca8 d415d15cad7c4e5dae1b340cf898c857 - - default default] 10.0.0.40 "GET /v2.0/security-groups?tenant_id=d6066b3f86d949d1b946d958506272b6&name=default HTTP/1.1" status: 200 len: 3120 time: 0.1255176
2026-03-04 02:31:05.067 8 INFO neutron.db.ovn_revision_numbers_db [None req-640e7f61-d041-4432-b19e-5e029da54126 - - - - - -] Successfully bumped revision number for resource 812dbeee-f40d-44e9-9564-0cdec1175761 (type: ports) to 2
2026-03-04 02:31:05.096 8 INFO neutron.db.ovn_revision_numbers_db [None req-640e7f61-d041-4432-b19e-5e029da54126 - - - - - -] Successfully bumped revision number for resource f98738a5-53da-4de4-9440-dc130e715658 (type: subnets) to 0
2026-03-04 02:31:05.134 8 WARNING neutron.scheduler.dhcp_agent_scheduler [None req-84bd13ee-4ade-4024-953d-3d6c3dca2867 90b02827d1fc49e9bdc6cb5ea6194450 e33f70f02acd4a7b866995c472c1a951 - - default default] No more DHCP agents
2026-03-04 02:31:05.135 8 WARNING neutron.api.rpc.agentnotifiers.dhcp_rpc_agent_api [None req-84bd13ee-4ade-4024-953d-3d6c3dca2867 90b02827d1fc49e9bdc6cb5ea6194450 e33f70f02acd4a7b866995c472c1a951 - - default default] Unable to schedule network 9b401761-e39d-4bfb-b921-e3a0cbfd6424: no agents available; will retry on subsequent port and subnet creation events.
2026-03-04 02:31:05.278 9 INFO neutron.api.wsgi [None req-4f363bed-2157-478e-bff0-3ccd22632124 ae119c5d3767453f841afc16aea85ca8 d415d15cad7c4e5dae1b340cf898c857 - - default default] 10.0.0.40 "DELETE /v2.0/security-groups/328d0af4-b9e4-49b8-bb58-17f295934f91 HTTP/1.1" status: 204 len: 168 time: 0.2371657
2026-03-04 02:31:05.583 8 INFO neutron.db.ovn_revision_numbers_db [None req-35209227-9dc3-4600-9a81-b479c50331d2 - - - - - -] Successfully bumped revision number for resource 0cd40a37-3e35-4dfa-8aec-fa09d2463fe5 (type: ports) to 2
2026-03-04 02:31:05.611 8 INFO neutron.db.ovn_revision_numbers_db [None req-35209227-9dc3-4600-9a81-b479c50331d2 - - - - - -] Successfully bumped revision number for resource c9e4ef47-43c2-4c18-9b60-de65a3929eba (type: subnets) to 0
2026-03-04 02:31:05.625 8 INFO neutron.api.wsgi [None req-84bd13ee-4ade-4024-953d-3d6c3dca2867 90b02827d1fc49e9bdc6cb5ea6194450 e33f70f02acd4a7b866995c472c1a951 - - default default] 10.0.0.40 "POST /v2.0/subnets HTTP/1.1" status: 201 len: 1473 time: 1.2634759
2026-03-04 02:31:05.665 8 INFO neutron.api.wsgi [None req-3cc4bbf4-91c3-4b8d-881d-90d1d108a8fb 90b02827d1fc49e9bdc6cb5ea6194450 e33f70f02acd4a7b866995c472c1a951 - - default default] 10.0.0.40 "GET /v2.0/subnets HTTP/1.1" status: 200 len: 2104 time: 0.0332699
2026-03-04 02:31:05.830 8 INFO neutron.api.wsgi [None req-f2b450a3-ad05-49c4-8941-1ca009d8c0ea 90b02827d1fc49e9bdc6cb5ea6194450 e33f70f02acd4a7b866995c472c1a951 - - default default] 10.0.0.40 "DELETE /v2.0/subnets/f98738a5-53da-4de4-9440-dc130e715658 HTTP/1.1" status: 204 len: 168 time: 0.1583261
2026-03-04 02:31:05.983 8 INFO neutron.api.wsgi [None req-2f18b978-0743-4944-9e69-f310a1ceede9 90b02827d1fc49e9bdc6cb5ea6194450 e33f70f02acd4a7b866995c472c1a951 - - default default] 10.0.0.40 "DELETE /v2.0/subnets/c9e4ef47-43c2-4c18-9b60-de65a3929eba HTTP/1.1" status: 204 len: 168 time: 0.1483450
2026-03-04 02:31:06.024 8 INFO neutron.api.wsgi [None req-7b99a49f-083d-4b7d-8d46-09ab12c9024b 90b02827d1fc49e9bdc6cb5ea6194450 e33f70f02acd4a7b866995c472c1a951 - - default default] 10.0.0.40 "GET /v2.0/subnets HTTP/1.1" status: 200 len: 843 time: 0.0344129
2026-03-04 02:31:06.336 9 INFO neutron.services.segments.plugin [-] Segment 6355deaa-1b23-41e2-b871-7c0887307310 resource provider aggregate not found
2026-03-04 02:31:06.344 9 INFO neutron.services.segments.plugin [-] Segment 6355deaa-1b23-41e2-b871-7c0887307310 resource provider aggregate not found
2026-03-04 02:31:06.350 9 INFO neutron.api.wsgi [None req-6265fcf1-d4cd-4a9f-967f-09fad36855d2 90b02827d1fc49e9bdc6cb5ea6194450 e33f70f02acd4a7b866995c472c1a951 - - default default] 10.0.0.40 "DELETE /v2.0/networks/9b401761-e39d-4bfb-b921-e3a0cbfd6424 HTTP/1.1" status: 204 len: 168 time: 0.3212683
2026-03-04 02:31:06.353 9 INFO neutron.services.segments.plugin [-] Segment 6355deaa-1b23-41e2-b871-7c0887307310 resource provider not found; error: Placement Client Error (4xx): {"errors": [{"status": 404, "title": "Not Found", "detail": "The resource could not be found.\n\n No resource provider with uuid 6355deaa-1b23-41e2-b871-7c0887307310 found for delete ", "request_id": "req-141c79cb-77db-4e6c-8752-5fc430fbeccb"}]}
2026-03-04 02:31:06.354 9 INFO neutron.services.segments.plugin [-] Segment 6355deaa-1b23-41e2-b871-7c0887307310 resource provider not found; error: Placement Client Error (4xx): {"errors": [{"status": 404, "title": "Not Found", "detail": "The resource could not be found.\n\n No resource provider with uuid 6355deaa-1b23-41e2-b871-7c0887307310 found for delete ", "request_id": "req-268eb21d-130f-4f88-9d83-858f80c6a435"}]}
2026-03-04 02:31:06.539 8 INFO neutron.db.ovn_revision_numbers_db [None req-838f3d28-c47e-4ba3-a433-1ba9ba88fd98 ae119c5d3767453f841afc16aea85ca8 d415d15cad7c4e5dae1b340cf898c857 - - default default] Successfully bumped revision number for resource b4bf061f-41a4-4225-8860-4e9d1ac0f7ed (type: security_groups) to 1
2026-03-04 02:31:06.553 8 INFO neutron.db.ovn_revision_numbers_db [None req-838f3d28-c47e-4ba3-a433-1ba9ba88fd98 ae119c5d3767453f841afc16aea85ca8 d415d15cad7c4e5dae1b340cf898c857 - - default default] Successfully bumped revision number for resource 422581fe-c8f5-44f9-8146-3d19d712c887 (type: security_group_rules) to 0
2026-03-04 02:31:06.564 8 INFO neutron.db.ovn_revision_numbers_db [None req-838f3d28-c47e-4ba3-a433-1ba9ba88fd98 ae119c5d3767453f841afc16aea85ca8 d415d15cad7c4e5dae1b340cf898c857 - - default default] Successfully bumped revision number for resource 7df2c8e0-d8fc-4b44-9b04-e5cc7f673c1b (type: security_group_rules) to 0
2026-03-04 02:31:06.575 8 INFO neutron.db.ovn_revision_numbers_db [None req-838f3d28-c47e-4ba3-a433-1ba9ba88fd98 ae119c5d3767453f841afc16aea85ca8 d415d15cad7c4e5dae1b340cf898c857 - - default default] Successfully bumped revision number for resource c9515b3c-5f40-4687-957f-fc205e9c1368 (type: security_group_rules) to 0
2026-03-04 02:31:06.584 8 INFO neutron.db.ovn_revision_numbers_db [None req-838f3d28-c47e-4ba3-a433-1ba9ba88fd98 ae119c5d3767453f841afc16aea85ca8 d415d15cad7c4e5dae1b340cf898c857 - - default default] Successfully bumped revision number for resource f9144396-0a0c-4a05-9b7a-0aa75c8ef4ac (type: security_group_rules) to 0
2026-03-04 02:31:06.614 8 INFO neutron.api.wsgi [None req-838f3d28-c47e-4ba3-a433-1ba9ba88fd98 ae119c5d3767453f841afc16aea85ca8 d415d15cad7c4e5dae1b340cf898c857 - - default default] 10.0.0.40 "GET /v2.0/security-groups?tenant_id=98c7ca6fc292403faed6367a8bef9f46&name=default HTTP/1.1" status: 200 len: 3120 time: 0.2630622
2026-03-04 02:31:06.649 9 INFO neutron.api.wsgi [None req-1af341ff-3d56-44d0-94dd-85a5f177c79f 90b02827d1fc49e9bdc6cb5ea6194450 e33f70f02acd4a7b866995c472c1a951 - - default default] 10.0.0.40 "DELETE /v2.0/networks/63bdd273-366b-4ebe-9398-072bed14e4a3 HTTP/1.1" status: 204 len: 168 time: 0.2931323
2026-03-04 02:31:06.845 9 INFO neutron.api.wsgi [None req-3cab29ec-c9c0-457e-aa80-1d90b375260a ae119c5d3767453f841afc16aea85ca8 d415d15cad7c4e5dae1b340cf898c857 - - default default] 10.0.0.40 "DELETE /v2.0/security-groups/b4bf061f-41a4-4225-8860-4e9d1ac0f7ed HTTP/1.1" status: 204 len: 168 time: 0.2276874
2026-03-04 02:31:06.962 9 INFO neutron.api.wsgi [None req-c68f6833-f72f-407e-8946-65122e9e50b6 90b02827d1fc49e9bdc6cb5ea6194450 e33f70f02acd4a7b866995c472c1a951 - - default default] 10.0.0.40 "DELETE /v2.0/networks/90d60b0b-fda4-43f3-92bd-199421d23814 HTTP/1.1" status: 204 len: 168 time: 0.3097515
2026-03-04 02:31:07.146 8 WARNING neutron_lib.context [None req-bb63c1d0-630a-4d2c-9192-3289e2259171 d022aecadc0a48bea0c0a3e5cf0f5942 4dd2b6185a8e47129594cc239bd3ed18 - - default default] Method 'is_advsvc' is deprecated since 2023.2 release (neutron-lib 3.8.0) and will be removed once support for the old RBAC API policies will be removed from Neutron. Please use method 'is_service_role' instead.
2026-03-04 02:31:07.258 9 INFO neutron.api.wsgi [None req-b65f80e9-089e-4bd9-8ca6-ac855d74fd2b 90b02827d1fc49e9bdc6cb5ea6194450 e33f70f02acd4a7b866995c472c1a951 - - default default] 10.0.0.40 "DELETE /v2.0/networks/b93b1626-9971-4e12-9395-657e167675ae HTTP/1.1" status: 204 len: 168 time: 0.2917166
2026-03-04 02:31:07.303 8 INFO neutron.db.ovn_revision_numbers_db [None req-bb63c1d0-630a-4d2c-9192-3289e2259171 d022aecadc0a48bea0c0a3e5cf0f5942 4dd2b6185a8e47129594cc239bd3ed18 - - default default] Successfully bumped revision number for resource 409e8c4f-4aad-4fe8-a527-1513378ca7cc (type: security_groups) to 1
2026-03-04 02:31:07.315 8 INFO neutron.db.ovn_revision_numbers_db [None req-bb63c1d0-630a-4d2c-9192-3289e2259171 d022aecadc0a48bea0c0a3e5cf0f5942 4dd2b6185a8e47129594cc239bd3ed18 - - default default] Successfully bumped revision number for resource 3e7e9d0c-64fd-4810-ad05-68796b01deaf (type: security_group_rules) to 0
2026-03-04 02:31:07.331 8 INFO neutron.db.ovn_revision_numbers_db [None req-bb63c1d0-630a-4d2c-9192-3289e2259171 d022aecadc0a48bea0c0a3e5cf0f5942 4dd2b6185a8e47129594cc239bd3ed18 - - default default] Successfully bumped revision number for resource c4722d12-880a-4443-b760-de61cc936199 (type: security_group_rules) to 0
2026-03-04 02:31:07.351 8 INFO neutron.db.ovn_revision_numbers_db [None req-bb63c1d0-630a-4d2c-9192-3289e2259171 d022aecadc0a48bea0c0a3e5cf0f5942 4dd2b6185a8e47129594cc239bd3ed18 - - default default] Successfully bumped revision number for resource e9b7f441-0de0-49a9-9f33-6ad82bf989ee (type: security_group_rules) to 0
2026-03-04 02:31:07.367 8 INFO neutron.db.ovn_revision_numbers_db [None req-bb63c1d0-630a-4d2c-9192-3289e2259171 d022aecadc0a48bea0c0a3e5cf0f5942 4dd2b6185a8e47129594cc239bd3ed18 - - default default] Successfully bumped revision number for resource fe42bbb7-b4b5-476c-9b28-44db9d76f0cb (type: security_group_rules) to 0
2026-03-04 02:31:07.461 8 INFO neutron.db.segments_db [None req-bb63c1d0-630a-4d2c-9192-3289e2259171 d022aecadc0a48bea0c0a3e5cf0f5942 4dd2b6185a8e47129594cc239bd3ed18 - - default default] Added segment 0ba98787-f639-4fb0-b5f8-cf2a2d5256a8 of type geneve for network 78841357-cfd6-4428-8f0b-873ee2f56410
2026-03-04 02:31:07.581 8 INFO neutron.db.ovn_revision_numbers_db [None req-bb63c1d0-630a-4d2c-9192-3289e2259171 d022aecadc0a48bea0c0a3e5cf0f5942 4dd2b6185a8e47129594cc239bd3ed18 - - default default] Successfully bumped revision number for resource 78841357-cfd6-4428-8f0b-873ee2f56410 (type: networks) to 1
2026-03-04 02:31:07.729 8 WARNING neutron.scheduler.dhcp_agent_scheduler [None req-bb63c1d0-630a-4d2c-9192-3289e2259171 d022aecadc0a48bea0c0a3e5cf0f5942 4dd2b6185a8e47129594cc239bd3ed18 - - default default] No more DHCP agents
2026-03-04 02:31:07.730 8 WARNING neutron.api.rpc.agentnotifiers.dhcp_rpc_agent_api [None req-bb63c1d0-630a-4d2c-9192-3289e2259171 d022aecadc0a48bea0c0a3e5cf0f5942 4dd2b6185a8e47129594cc239bd3ed18 - - default default] Unable to schedule network 78841357-cfd6-4428-8f0b-873ee2f56410: no agents available; will retry on subsequent port and subnet creation events.
2026-03-04 02:31:07.797 8 INFO neutron.db.ovn_revision_numbers_db [None req-bb63c1d0-630a-4d2c-9192-3289e2259171 d022aecadc0a48bea0c0a3e5cf0f5942 4dd2b6185a8e47129594cc239bd3ed18 - - default default] Successfully bumped revision number for resource 8773a0b1-ff41-4033-af8c-4262f2b6f102 (type: ports) to 1
2026-03-04 02:31:07.816 8 INFO neutron.api.wsgi [None req-bb63c1d0-630a-4d2c-9192-3289e2259171 d022aecadc0a48bea0c0a3e5cf0f5942 4dd2b6185a8e47129594cc239bd3ed18 - - default default] 10.0.0.40 "POST /v2.0/networks HTTP/1.1" status: 201 len: 848 time: 0.8031006
2026-03-04 02:31:07.824 8 WARNING neutron_lib.context [None req-9e6393a2-f2ac-4c74-9a93-b3858bd4449b d022aecadc0a48bea0c0a3e5cf0f5942 4dd2b6185a8e47129594cc239bd3ed18 - - default default] Method 'is_advsvc' is deprecated since 2023.2 release (neutron-lib 3.8.0) and will be removed once support for the old RBAC API policies will be removed from Neutron. Please use method 'is_service_role' instead.
2026-03-04 02:31:07.946 9 INFO neutron.api.wsgi [None req-01b180e7-698a-433f-b755-38ffd26c83bf ae119c5d3767453f841afc16aea85ca8 d415d15cad7c4e5dae1b340cf898c857 - - default default] 10.0.0.40 "GET /v2.0/security-groups?tenant_id=e33f70f02acd4a7b866995c472c1a951&name=default HTTP/1.1" status: 200 len: 3120 time: 0.1900785
2026-03-04 02:31:08.068 8 WARNING neutron.scheduler.dhcp_agent_scheduler [None req-9e6393a2-f2ac-4c74-9a93-b3858bd4449b d022aecadc0a48bea0c0a3e5cf0f5942 4dd2b6185a8e47129594cc239bd3ed18 - - default default] No more DHCP agents
2026-03-04 02:31:08.070 8 WARNING neutron.api.rpc.agentnotifiers.dhcp_rpc_agent_api [None req-9e6393a2-f2ac-4c74-9a93-b3858bd4449b d022aecadc0a48bea0c0a3e5cf0f5942 4dd2b6185a8e47129594cc239bd3ed18 - - default default] Unable to schedule network 78841357-cfd6-4428-8f0b-873ee2f56410: no agents available; will retry on subsequent port and subnet creation events.
2026-03-04 02:31:08.096 8 INFO neutron.db.ovn_revision_numbers_db [None req-997ba4a7-7c07-4283-84cc-3373b237e919 ae119c5d3767453f841afc16aea85ca8 d415d15cad7c4e5dae1b340cf898c857 - - default default] Successfully bumped revision number for resource 5a5806bc-132c-4b03-8399-c2c2c9bed7db (type: security_groups) to 1
2026-03-04 02:31:08.121 8 INFO neutron.db.ovn_revision_numbers_db [None req-997ba4a7-7c07-4283-84cc-3373b237e919 ae119c5d3767453f841afc16aea85ca8 d415d15cad7c4e5dae1b340cf898c857 - - default default] Successfully bumped revision number for resource 047d727a-1f41-4406-a82c-0ac27ad89729 (type: security_group_rules) to 0
2026-03-04 02:31:08.137 8 INFO neutron.db.ovn_revision_numbers_db [None req-997ba4a7-7c07-4283-84cc-3373b237e919 ae119c5d3767453f841afc16aea85ca8 d415d15cad7c4e5dae1b340cf898c857 - - default default] Successfully bumped revision number for resource 404aefb2-29f4-456e-8d6c-dd254eaf956f (type: security_group_rules) to 0
2026-03-04 02:31:08.138 9 INFO neutron.api.wsgi [None req-741ab7bf-3fe7-47ff-9e41-c968bdf3f521 ae119c5d3767453f841afc16aea85ca8 d415d15cad7c4e5dae1b340cf898c857 - - default default] 10.0.0.40 "DELETE /v2.0/security-groups/be285709-2a96-48e1-bfd0-b3e78ec06850 HTTP/1.1" status: 204 len: 168 time: 0.1871161
2026-03-04 02:31:08.141 8 INFO neutron.db.ovn_revision_numbers_db [None req-9e6393a2-f2ac-4c74-9a93-b3858bd4449b d022aecadc0a48bea0c0a3e5cf0f5942 4dd2b6185a8e47129594cc239bd3ed18 - - default default] Successfully bumped revision number for resource 38cb5b42-9be9-4af4-947b-ecdfea5dafb7 (type: ports) to 1
2026-03-04 02:31:08.150 8 INFO neutron.db.ovn_revision_numbers_db [None req-997ba4a7-7c07-4283-84cc-3373b237e919 ae119c5d3767453f841afc16aea85ca8 d415d15cad7c4e5dae1b340cf898c857 - - default default] Successfully bumped revision number for resource 8a3dbe31-ffa2-4c42-95f9-3cf1a0d2fab5 (type: security_group_rules) to 0
2026-03-04 02:31:08.168 8 INFO neutron.api.wsgi [None req-9e6393a2-f2ac-4c74-9a93-b3858bd4449b d022aecadc0a48bea0c0a3e5cf0f5942 4dd2b6185a8e47129594cc239bd3ed18 - - default default] 10.0.0.40 "POST /v2.0/ports HTTP/1.1" status: 201 len: 978 time: 0.3474464 /var/lib/openstack/lib/python3.12/site-packages/pycadf/identifier.py:71: UserWarning: Invalid uuid: neutron. To ensure interoperability, identifiers should be a valid uuid. warnings.warn(('Invalid uuid: %s. To ensure interoperability, '
2026-03-04 02:31:08.179 8 WARNING neutron_lib.context [None req-44266794-c171-4ea5-8bc5-7cc37a31256d d022aecadc0a48bea0c0a3e5cf0f5942 4dd2b6185a8e47129594cc239bd3ed18 - - default default] Method 'is_advsvc' is deprecated since 2023.2 release (neutron-lib 3.8.0) and will be removed once support for the old RBAC API policies will be removed from Neutron. Please use method 'is_service_role' instead.
2026-03-04 02:31:08.181 8 INFO neutron.db.ovn_revision_numbers_db [None req-997ba4a7-7c07-4283-84cc-3373b237e919 ae119c5d3767453f841afc16aea85ca8 d415d15cad7c4e5dae1b340cf898c857 - - default default] Successfully bumped revision number for resource c4779f31-af35-4b5f-a398-a731c749a6fa (type: security_group_rules) to 0
2026-03-04 02:31:08.226 8 INFO neutron.api.wsgi [None req-997ba4a7-7c07-4283-84cc-3373b237e919 ae119c5d3767453f841afc16aea85ca8 d415d15cad7c4e5dae1b340cf898c857 - - default default] 10.0.0.40 "GET /v2.0/security-groups?tenant_id=9c64bb0d0e044915a548b3858409a223&name=default HTTP/1.1" status: 200 len: 3120 time: 0.3186417
2026-03-04 02:31:08.270 8 INFO neutron.db.segments_db [None req-44266794-c171-4ea5-8bc5-7cc37a31256d d022aecadc0a48bea0c0a3e5cf0f5942 4dd2b6185a8e47129594cc239bd3ed18 - - default default] Added segment bc7fc69f-c892-4e65-86bb-4f5c326d5916 of type geneve for network 2005e8da-cadf-4117-8e4f-b21ca8a8bee2
2026-03-04 02:31:08.379 9 INFO neutron.services.segments.plugin [-] Segment 8b6e5bef-2bc2-47ee-b54d-45ff3a0dddf7 resource provider aggregate not found
2026-03-04 02:31:08.385 9 INFO neutron.services.segments.plugin [-] Segment 8b6e5bef-2bc2-47ee-b54d-45ff3a0dddf7 resource provider aggregate not found
2026-03-04 02:31:08.392 9 INFO neutron.services.segments.plugin [-] Segment 8b6e5bef-2bc2-47ee-b54d-45ff3a0dddf7 resource provider not found; error: Placement Client Error (4xx): {"errors": [{"status": 404, "title": "Not Found", "detail": "The resource could not be found.\n\n No resource provider with uuid 8b6e5bef-2bc2-47ee-b54d-45ff3a0dddf7 found for delete ", "request_id": "req-91cf78d6-f698-452c-8cd6-d47b452d51c1"}]}
2026-03-04 02:31:08.395 8 INFO neutron.db.ovn_revision_numbers_db [None req-44266794-c171-4ea5-8bc5-7cc37a31256d d022aecadc0a48bea0c0a3e5cf0f5942 4dd2b6185a8e47129594cc239bd3ed18 - - default default] Successfully bumped revision number for resource 2005e8da-cadf-4117-8e4f-b21ca8a8bee2 (type: networks) to 1
2026-03-04 02:31:08.395 9 INFO neutron.services.segments.plugin [-] Segment 8b6e5bef-2bc2-47ee-b54d-45ff3a0dddf7 resource provider not found; error: Placement Client Error (4xx): {"errors": [{"status": 404, "title": "Not Found", "detail": "The resource could not be found.\n\n No resource provider with uuid 8b6e5bef-2bc2-47ee-b54d-45ff3a0dddf7 found for delete ", "request_id": "req-43e77d39-7aab-467d-9c28-f4d7c1421447"}]}
2026-03-04 02:31:08.403 9 INFO neutron.services.segments.plugin [-] Segment 9b2f9186-4122-4fc5-883b-c40f86eb4d5c resource provider aggregate not found
2026-03-04 02:31:08.413 9 INFO neutron.services.segments.plugin [-] Segment 9b2f9186-4122-4fc5-883b-c40f86eb4d5c resource provider aggregate not found
2026-03-04 02:31:08.416 9 INFO neutron.services.segments.plugin [-] Segment 9b2f9186-4122-4fc5-883b-c40f86eb4d5c resource provider not found; error: Placement Client Error (4xx): {"errors": [{"status": 404, "title": "Not Found", "detail": "The resource could not be found.\n\n No resource provider with uuid 9b2f9186-4122-4fc5-883b-c40f86eb4d5c found for delete ", "request_id": "req-babc75c9-d8c5-4292-b8cc-c8c12847560a"}]}
2026-03-04 02:31:08.427 9 INFO neutron.services.segments.plugin [-] Segment c5d4a885-a5a3-498d-acd3-4b23c4eebfc8 resource provider aggregate not found
2026-03-04 02:31:08.430 9 INFO neutron.services.segments.plugin [-] Segment 9b2f9186-4122-4fc5-883b-c40f86eb4d5c resource provider not found; error: Placement Client Error (4xx): {"errors": [{"status": 404, "title": "Not Found", "detail": "The resource could not be found.\n\n No resource provider with uuid 9b2f9186-4122-4fc5-883b-c40f86eb4d5c found for delete ", "request_id": "req-19c0e19d-cf59-49d1-b131-fa35a1914265"}]}
2026-03-04 02:31:08.443 9 INFO neutron.services.segments.plugin [-] Segment c5d4a885-a5a3-498d-acd3-4b23c4eebfc8 resource provider not found; error: Placement Client Error (4xx): {"errors": [{"status": 404, "title": "Not Found", "detail": "The resource could not be found.\n\n No resource provider with uuid c5d4a885-a5a3-498d-acd3-4b23c4eebfc8 found for delete ", "request_id": "req-eec6b86a-77a1-4f54-8313-e0d263bb4a6d"}]}
2026-03-04 02:31:08.444 9 INFO neutron.services.segments.plugin [-] Segment c5d4a885-a5a3-498d-acd3-4b23c4eebfc8 resource provider aggregate not found
2026-03-04 02:31:08.455 9 INFO neutron.services.segments.plugin [-] Segment c5d4a885-a5a3-498d-acd3-4b23c4eebfc8 resource provider not found; error: Placement Client Error (4xx): {"errors": [{"status": 404, "title": "Not Found", "detail": "The resource could not be found.\n\n No resource provider with uuid c5d4a885-a5a3-498d-acd3-4b23c4eebfc8 found for delete ", "request_id": "req-9c6f7bb6-d410-4201-9893-99f174f63011"}]}
2026-03-04 02:31:08.457 8 INFO neutron.api.wsgi [None req-d093fad8-65c3-418e-9901-3a142498530c ae119c5d3767453f841afc16aea85ca8 d415d15cad7c4e5dae1b340cf898c857 - - default default] 10.0.0.40 "DELETE /v2.0/security-groups/5a5806bc-132c-4b03-8399-c2c2c9bed7db HTTP/1.1" status: 204 len: 168 time: 0.2269130
2026-03-04 02:31:08.531 8 WARNING neutron.scheduler.dhcp_agent_scheduler [None req-44266794-c171-4ea5-8bc5-7cc37a31256d d022aecadc0a48bea0c0a3e5cf0f5942 4dd2b6185a8e47129594cc239bd3ed18 - - default default] No more DHCP agents
2026-03-04 02:31:08.531 8 WARNING neutron.api.rpc.agentnotifiers.dhcp_rpc_agent_api [None req-44266794-c171-4ea5-8bc5-7cc37a31256d d022aecadc0a48bea0c0a3e5cf0f5942 4dd2b6185a8e47129594cc239bd3ed18 - - default default] Unable to schedule network 2005e8da-cadf-4117-8e4f-b21ca8a8bee2: no agents available; will retry on subsequent port and subnet creation events.
2026-03-04 02:31:08.582 8 INFO neutron.db.ovn_revision_numbers_db [None req-44266794-c171-4ea5-8bc5-7cc37a31256d d022aecadc0a48bea0c0a3e5cf0f5942 4dd2b6185a8e47129594cc239bd3ed18 - - default default] Successfully bumped revision number for resource 85f66e1e-5281-4810-8d4c-1716744dc3d5 (type: ports) to 1
2026-03-04 02:31:08.600 8 INFO neutron.api.wsgi [None req-44266794-c171-4ea5-8bc5-7cc37a31256d d022aecadc0a48bea0c0a3e5cf0f5942 4dd2b6185a8e47129594cc239bd3ed18 - - default default] 10.0.0.40 "POST /v2.0/networks HTTP/1.1" status: 201 len: 835 time: 0.4263268
2026-03-04 02:31:08.607 8 WARNING neutron_lib.context [None req-2a109254-3652-4f90-9039-e65d08b70bf7 d022aecadc0a48bea0c0a3e5cf0f5942 4dd2b6185a8e47129594cc239bd3ed18 - - default default] Method 'is_advsvc' is deprecated since 2023.2 release (neutron-lib 3.8.0) and will be removed once support for the old RBAC API policies will be removed from Neutron. Please use method 'is_service_role' instead.
2026-03-04 02:31:08.767 8 INFO neutron.db.ovn_revision_numbers_db [None req-f59a8d84-d0a0-49f3-9821-1dcd6e2abad7 ae119c5d3767453f841afc16aea85ca8 d415d15cad7c4e5dae1b340cf898c857 - - default default] Successfully bumped revision number for resource f3a41b3c-924d-4da1-b6b6-5a99de8a3f0a (type: security_groups) to 1
2026-03-04 02:31:08.788 8 INFO neutron.db.ovn_revision_numbers_db [None req-f59a8d84-d0a0-49f3-9821-1dcd6e2abad7 ae119c5d3767453f841afc16aea85ca8 d415d15cad7c4e5dae1b340cf898c857 - - default default] Successfully bumped revision number for resource 24a47e89-5a4a-488a-b1b0-a45aafa8bf69 (type: security_group_rules) to 0
2026-03-04 02:31:08.799 8 WARNING neutron.scheduler.dhcp_agent_scheduler [None req-2a109254-3652-4f90-9039-e65d08b70bf7 d022aecadc0a48bea0c0a3e5cf0f5942 4dd2b6185a8e47129594cc239bd3ed18 - - default default] No more DHCP agents
2026-03-04 02:31:08.800 8 WARNING neutron.api.rpc.agentnotifiers.dhcp_rpc_agent_api [None req-2a109254-3652-4f90-9039-e65d08b70bf7 d022aecadc0a48bea0c0a3e5cf0f5942 4dd2b6185a8e47129594cc239bd3ed18 - - default default] Unable to schedule network 2005e8da-cadf-4117-8e4f-b21ca8a8bee2: no agents available; will retry on subsequent port and subnet creation events.
2026-03-04 02:31:08.828 8 INFO neutron.db.ovn_revision_numbers_db [None req-f59a8d84-d0a0-49f3-9821-1dcd6e2abad7 ae119c5d3767453f841afc16aea85ca8 d415d15cad7c4e5dae1b340cf898c857 - - default default] Successfully bumped revision number for resource 49a43a81-e387-48e2-974e-f787114232c3 (type: security_group_rules) to 0
2026-03-04 02:31:08.828 8 INFO neutron.db.ovn_revision_numbers_db [None req-2a109254-3652-4f90-9039-e65d08b70bf7 d022aecadc0a48bea0c0a3e5cf0f5942 4dd2b6185a8e47129594cc239bd3ed18 - - default default] Successfully bumped revision number for resource fd887915-49ee-4f32-8e85-4bade6997fde (type: subnets) to 0
2026-03-04 02:31:08.846 8 INFO neutron.api.wsgi [None req-2a109254-3652-4f90-9039-e65d08b70bf7 d022aecadc0a48bea0c0a3e5cf0f5942 4dd2b6185a8e47129594cc239bd3ed18 - - default default] 10.0.0.40 "POST /v2.0/subnets HTTP/1.1" status: 201 len: 845 time: 0.2430136
2026-03-04 02:31:08.847 8 INFO neutron.db.ovn_revision_numbers_db [None req-f59a8d84-d0a0-49f3-9821-1dcd6e2abad7 ae119c5d3767453f841afc16aea85ca8 d415d15cad7c4e5dae1b340cf898c857 - - default default] Successfully bumped revision number for resource 7fe371a3-c0a5-4634-8b45-b8d0b8c33e96 (type: security_group_rules) to 0
2026-03-04 02:31:08.862 8 WARNING neutron_lib.context [None req-6caafd99-b0dd-40c9-a429-79e9247987ae d022aecadc0a48bea0c0a3e5cf0f5942 4dd2b6185a8e47129594cc239bd3ed18 - - default default] Method 'is_advsvc' is deprecated since 2023.2 release (neutron-lib 3.8.0) and will be removed once support for the old RBAC API policies will be removed from Neutron. Please use method 'is_service_role' instead.
2026-03-04 02:31:08.864 8 INFO neutron.db.ovn_revision_numbers_db [None req-f59a8d84-d0a0-49f3-9821-1dcd6e2abad7 ae119c5d3767453f841afc16aea85ca8 d415d15cad7c4e5dae1b340cf898c857 - - default default] Successfully bumped revision number for resource d45dc7ec-62e7-4460-9f65-cbd03e3c5d44 (type: security_group_rules) to 0
2026-03-04 02:31:08.914 8 INFO neutron.api.wsgi [None req-f59a8d84-d0a0-49f3-9821-1dcd6e2abad7 ae119c5d3767453f841afc16aea85ca8 d415d15cad7c4e5dae1b340cf898c857 - - default default] 10.0.0.40 "GET /v2.0/security-groups?tenant_id=ed3e60faa52f43f2a67bec683ef1b19f&name=default HTTP/1.1" status: 200 len: 3120 time: 0.2663193
2026-03-04 02:31:09.125 9 INFO neutron.api.wsgi [None req-1b1d9cc8-2ba2-41b7-85ea-ceb58a97f8b0 ae119c5d3767453f841afc16aea85ca8 d415d15cad7c4e5dae1b340cf898c857 - - default default] 10.0.0.40 "DELETE /v2.0/security-groups/f3a41b3c-924d-4da1-b6b6-5a99de8a3f0a HTTP/1.1" status: 204 len: 168 time: 0.2057445
2026-03-04 02:31:09.242 8 WARNING neutron.scheduler.dhcp_agent_scheduler [None req-6caafd99-b0dd-40c9-a429-79e9247987ae d022aecadc0a48bea0c0a3e5cf0f5942 4dd2b6185a8e47129594cc239bd3ed18 - - default default] No more DHCP agents
2026-03-04 02:31:09.244 8 WARNING neutron.api.rpc.agentnotifiers.dhcp_rpc_agent_api [None req-6caafd99-b0dd-40c9-a429-79e9247987ae d022aecadc0a48bea0c0a3e5cf0f5942 4dd2b6185a8e47129594cc239bd3ed18 - - default default] Unable to schedule network 2005e8da-cadf-4117-8e4f-b21ca8a8bee2: no agents available; will retry on subsequent port and subnet creation events.
2026-03-04 02:31:09.334 8 INFO neutron.db.ovn_revision_numbers_db [None req-6caafd99-b0dd-40c9-a429-79e9247987ae d022aecadc0a48bea0c0a3e5cf0f5942 4dd2b6185a8e47129594cc239bd3ed18 - - default default] Successfully bumped revision number for resource 5ef36f18-fd47-4082-9f49-977d2cc022ab (type: ports) to 1
2026-03-04 02:31:09.363 8 INFO neutron.api.wsgi [None req-6caafd99-b0dd-40c9-a429-79e9247987ae d022aecadc0a48bea0c0a3e5cf0f5942 4dd2b6185a8e47129594cc239bd3ed18 - - default default] 10.0.0.40 "POST /v2.0/ports HTTP/1.1" status: 201 len: 1161 time: 0.5056291 /var/lib/openstack/lib/python3.12/site-packages/pycadf/identifier.py:71: UserWarning: Invalid uuid: neutron. To ensure interoperability, identifiers should be a valid uuid. warnings.warn(('Invalid uuid: %s. To ensure interoperability, '
