2026-03-04 02:29:14.243 8 INFO neutron.api.wsgi [None req-5cfc031d-9e20-4422-8b51-95656b47f07d ae119c5d3767453f841afc16aea85ca8 d415d15cad7c4e5dae1b340cf898c857 - - default default] 10.0.0.40 "GET /v2.0/subnets HTTP/1.1" status: 200 len: 1503 time: 0.0193493
2026-03-04 02:29:14.281 8 INFO neutron.api.wsgi [None req-4f7098d1-0aa5-4cc7-939e-9f5461513ac2 ae119c5d3767453f841afc16aea85ca8 d415d15cad7c4e5dae1b340cf898c857 - - default default] 10.0.0.40 "GET /v2.0/networks HTTP/1.1" status: 200 len: 2369 time: 0.0346234
2026-03-04 02:29:14.333 8 INFO neutron.api.wsgi [None req-087cc4d5-7a68-4c02-b6ae-f2aecb98ef06 ae119c5d3767453f841afc16aea85ca8 d415d15cad7c4e5dae1b340cf898c857 - - default default] 10.0.0.40 "GET /v2.0/security-groups HTTP/1.1" status: 200 len: 17589 time: 0.0434899
2026-03-04 02:29:14.346 8 INFO neutron.api.wsgi [None req-bad02fa3-8a50-412c-ad23-84ed2555570c ae119c5d3767453f841afc16aea85ca8 d415d15cad7c4e5dae1b340cf898c857 - - default default] 10.0.0.40 "GET /v2.0/subnetpools HTTP/1.1" status: 200 len: 212 time: 0.0078986
2026-03-04 02:29:15.096 9 INFO neutron.api.wsgi [-] 10.0.0.138 "GET / HTTP/1.1" status: 200 len: 246 time: 0.0023196
2026-03-04 02:29:15.099 8 INFO neutron.api.wsgi [-] 10.0.0.138 "GET / HTTP/1.1" status: 200 len: 246 time: 0.0031610
2026-03-04 02:29:24.654 9 INFO neutron.db.ovn_revision_numbers_db [None req-f9b337f2-52e8-4a52-901d-bb708d2e6ad6 ae119c5d3767453f841afc16aea85ca8 d415d15cad7c4e5dae1b340cf898c857 - - default default] Successfully bumped revision number for resource bd77a9db-bd82-4438-9b82-a8be701c7643 (type: security_groups) to 1
2026-03-04 02:29:24.658 9 INFO neutron.db.ovn_revision_numbers_db [None req-209e0857-8943-4e99-bf59-474898334151 ae119c5d3767453f841afc16aea85ca8 d415d15cad7c4e5dae1b340cf898c857 - - default default] Successfully bumped revision number for resource 3a9eab30-7dbb-4d6f-b092-ec6dc4ae6f15 (type: security_groups) to 1
2026-03-04 02:29:24.664 9 INFO neutron.db.ovn_revision_numbers_db [None req-f9b337f2-52e8-4a52-901d-bb708d2e6ad6 ae119c5d3767453f841afc16aea85ca8 d415d15cad7c4e5dae1b340cf898c857 - - default default] Successfully bumped revision number for resource 0c60386a-00bb-49c6-99ee-8167b4ba6651 (type: security_group_rules) to 0
2026-03-04 02:29:24.668 9 INFO neutron.db.ovn_revision_numbers_db [None req-209e0857-8943-4e99-bf59-474898334151 ae119c5d3767453f841afc16aea85ca8 d415d15cad7c4e5dae1b340cf898c857 - - default default] Successfully bumped revision number for resource 3356493d-c015-46e3-aaf7-e9ca276c6a1d (type: security_group_rules) to 0
2026-03-04 02:29:24.672 8 INFO neutron.db.ovn_revision_numbers_db [None req-2bf98fcf-3cf5-4232-bee5-1e2e1ef753bf ae119c5d3767453f841afc16aea85ca8 d415d15cad7c4e5dae1b340cf898c857 - - default default] Successfully bumped revision number for resource 7da8aebb-8fb3-4c82-9e7a-6ee7ee2e4d03 (type: security_groups) to 1
2026-03-04 02:29:24.675 9 INFO neutron.db.ovn_revision_numbers_db [None req-f9b337f2-52e8-4a52-901d-bb708d2e6ad6 ae119c5d3767453f841afc16aea85ca8 d415d15cad7c4e5dae1b340cf898c857 - - default default] Successfully bumped revision number for resource 7038bd98-fa65-4820-804e-93df035a3f94 (type: security_group_rules) to 0
2026-03-04 02:29:24.678 9 INFO neutron.db.ovn_revision_numbers_db [None req-209e0857-8943-4e99-bf59-474898334151 ae119c5d3767453f841afc16aea85ca8 d415d15cad7c4e5dae1b340cf898c857 - - default default] Successfully bumped revision number for resource 6ff1edb4-bc12-46e3-8ba9-912739448ff1 (type: security_group_rules) to 0
2026-03-04 02:29:24.682 8 INFO neutron.db.ovn_revision_numbers_db [None req-2bf98fcf-3cf5-4232-bee5-1e2e1ef753bf ae119c5d3767453f841afc16aea85ca8 d415d15cad7c4e5dae1b340cf898c857 - - default default] Successfully bumped revision number for resource 55248eb0-6123-497c-8364-c914f4d52cb7 (type: security_group_rules) to 0
2026-03-04 02:29:24.687 9 INFO neutron.db.ovn_revision_numbers_db [None req-f9b337f2-52e8-4a52-901d-bb708d2e6ad6 ae119c5d3767453f841afc16aea85ca8 d415d15cad7c4e5dae1b340cf898c857 - - default default] Successfully bumped revision number for resource c9032337-53c5-42b2-b434-4211352d6ed9 (type: security_group_rules) to 0
2026-03-04 02:29:24.694 9 INFO neutron.db.ovn_revision_numbers_db [None req-209e0857-8943-4e99-bf59-474898334151 ae119c5d3767453f841afc16aea85ca8 d415d15cad7c4e5dae1b340cf898c857 - - default default] Successfully bumped revision number for resource 7965102b-81b3-47a1-89f9-e902c0a6cb60 (type: security_group_rules) to 0
2026-03-04 02:29:24.694 8 INFO neutron.db.ovn_revision_numbers_db [None req-2bf98fcf-3cf5-4232-bee5-1e2e1ef753bf ae119c5d3767453f841afc16aea85ca8 d415d15cad7c4e5dae1b340cf898c857 - - default default] Successfully bumped revision number for resource d76ed9f4-2e62-4931-b9dc-6fbdfb01dea3 (type: security_group_rules) to 0
2026-03-04 02:29:24.705 9 INFO neutron.db.ovn_revision_numbers_db [None req-f9b337f2-52e8-4a52-901d-bb708d2e6ad6 ae119c5d3767453f841afc16aea85ca8 d415d15cad7c4e5dae1b340cf898c857 - - default default] Successfully bumped revision number for resource fc18eb48-36cf-480c-9da9-62f51ddcc6db (type: security_group_rules) to 0
2026-03-04 02:29:24.706 8 INFO neutron.db.ovn_revision_numbers_db [None req-2bf98fcf-3cf5-4232-bee5-1e2e1ef753bf ae119c5d3767453f841afc16aea85ca8 d415d15cad7c4e5dae1b340cf898c857 - - default default] Successfully bumped revision number for resource e7a3462a-1c26-403c-ab7e-8dbeda59aa66 (type: security_group_rules) to 0
2026-03-04 02:29:24.711 9 INFO neutron.db.ovn_revision_numbers_db [None req-209e0857-8943-4e99-bf59-474898334151 ae119c5d3767453f841afc16aea85ca8 d415d15cad7c4e5dae1b340cf898c857 - - default default] Successfully bumped revision number for resource d5ff8fd7-8930-453a-8e16-b30e10b91520 (type: security_group_rules) to 0
2026-03-04 02:29:24.718 8 INFO neutron.db.ovn_revision_numbers_db [None req-2bf98fcf-3cf5-4232-bee5-1e2e1ef753bf ae119c5d3767453f841afc16aea85ca8 d415d15cad7c4e5dae1b340cf898c857 - - default default] Successfully bumped revision number for resource f6ee1c32-6200-4387-bf08-a8bb2c2a1bd2 (type: security_group_rules) to 0
2026-03-04 02:29:24.785 9 INFO neutron.db.segments_db [None req-209e0857-8943-4e99-bf59-474898334151 ae119c5d3767453f841afc16aea85ca8 d415d15cad7c4e5dae1b340cf898c857 - - default default] Added segment 5c62bdc8-a8a7-4513-a7de-d70ad9a7ccd5 of type geneve for network 5995c4a3-4f63-419e-8a63-5bfd4abfe950
2026-03-04 02:29:24.787 9 INFO neutron.db.segments_db [None req-f9b337f2-52e8-4a52-901d-bb708d2e6ad6 ae119c5d3767453f841afc16aea85ca8 d415d15cad7c4e5dae1b340cf898c857 - - default default] Added segment 7bc31868-e927-429e-b873-bd1b43b449e5 of type geneve for network 321ffc91-e937-4fd2-958a-028795d312fb
2026-03-04 02:29:24.796 8 INFO neutron.db.segments_db [None req-2bf98fcf-3cf5-4232-bee5-1e2e1ef753bf ae119c5d3767453f841afc16aea85ca8 d415d15cad7c4e5dae1b340cf898c857 - - default default] Added segment bf0f4589-3320-4201-ae6f-747eacd6e353 of type geneve for network 4739cf7b-e4c5-42d5-a169-adadeef66a0a
2026-03-04 02:29:24.897 8 INFO neutron.db.ovn_revision_numbers_db [None req-2bf98fcf-3cf5-4232-bee5-1e2e1ef753bf ae119c5d3767453f841afc16aea85ca8 d415d15cad7c4e5dae1b340cf898c857 - - default default] Successfully bumped revision number for resource 4739cf7b-e4c5-42d5-a169-adadeef66a0a (type: networks) to 1
2026-03-04 02:29:24.910 9 INFO neutron.db.ovn_revision_numbers_db [None req-f9b337f2-52e8-4a52-901d-bb708d2e6ad6 ae119c5d3767453f841afc16aea85ca8 d415d15cad7c4e5dae1b340cf898c857 - - default default] Successfully bumped revision number for resource 321ffc91-e937-4fd2-958a-028795d312fb (type: networks) to 1
2026-03-04 02:29:24.944 9 INFO neutron.db.ovn_revision_numbers_db [None req-209e0857-8943-4e99-bf59-474898334151 ae119c5d3767453f841afc16aea85ca8 d415d15cad7c4e5dae1b340cf898c857 - - default default] Successfully bumped revision number for resource 5995c4a3-4f63-419e-8a63-5bfd4abfe950 (type: networks) to 1
2026-03-04 02:29:25.034 8 WARNING neutron.scheduler.dhcp_agent_scheduler [None req-2bf98fcf-3cf5-4232-bee5-1e2e1ef753bf ae119c5d3767453f841afc16aea85ca8 d415d15cad7c4e5dae1b340cf898c857 - - default default] No more DHCP agents
2026-03-04 02:29:25.035 8 WARNING neutron.api.rpc.agentnotifiers.dhcp_rpc_agent_api [None req-2bf98fcf-3cf5-4232-bee5-1e2e1ef753bf ae119c5d3767453f841afc16aea85ca8 d415d15cad7c4e5dae1b340cf898c857 - - default default] Unable to schedule network 4739cf7b-e4c5-42d5-a169-adadeef66a0a: no agents available; will retry on subsequent port and subnet creation events.
2026-03-04 02:29:25.081 9 WARNING neutron.scheduler.dhcp_agent_scheduler [None req-f9b337f2-52e8-4a52-901d-bb708d2e6ad6 ae119c5d3767453f841afc16aea85ca8 d415d15cad7c4e5dae1b340cf898c857 - - default default] No more DHCP agents
2026-03-04 02:29:25.083 9 WARNING neutron.api.rpc.agentnotifiers.dhcp_rpc_agent_api [None req-f9b337f2-52e8-4a52-901d-bb708d2e6ad6 ae119c5d3767453f841afc16aea85ca8 d415d15cad7c4e5dae1b340cf898c857 - - default default] Unable to schedule network 321ffc91-e937-4fd2-958a-028795d312fb: no agents available; will retry on subsequent port and subnet creation events.
2026-03-04 02:29:25.089 8 INFO neutron.db.ovn_revision_numbers_db [None req-2bf98fcf-3cf5-4232-bee5-1e2e1ef753bf ae119c5d3767453f841afc16aea85ca8 d415d15cad7c4e5dae1b340cf898c857 - - default default] Successfully bumped revision number for resource 413ba47d-feeb-46d7-bd33-afca2c318357 (type: ports) to 1
2026-03-04 02:29:25.101 9 WARNING neutron.scheduler.dhcp_agent_scheduler [None req-209e0857-8943-4e99-bf59-474898334151 ae119c5d3767453f841afc16aea85ca8 d415d15cad7c4e5dae1b340cf898c857 - - default default] No more DHCP agents
2026-03-04 02:29:25.103 9 WARNING neutron.api.rpc.agentnotifiers.dhcp_rpc_agent_api [None req-209e0857-8943-4e99-bf59-474898334151 ae119c5d3767453f841afc16aea85ca8 d415d15cad7c4e5dae1b340cf898c857 - - default default] Unable to schedule network 5995c4a3-4f63-419e-8a63-5bfd4abfe950: no agents available; will retry on subsequent port and subnet creation events.
2026-03-04 02:29:25.109 8 INFO neutron.api.wsgi [None req-2bf98fcf-3cf5-4232-bee5-1e2e1ef753bf ae119c5d3767453f841afc16aea85ca8 d415d15cad7c4e5dae1b340cf898c857 - - default default] 10.0.0.40 "POST /v2.0/networks HTTP/1.1" status: 201 len: 954 time: 0.5978456
2026-03-04 02:29:25.140 9 INFO neutron.db.ovn_revision_numbers_db [None req-f9b337f2-52e8-4a52-901d-bb708d2e6ad6 ae119c5d3767453f841afc16aea85ca8 d415d15cad7c4e5dae1b340cf898c857 - - default default] Successfully bumped revision number for resource 2766429b-3f74-4273-b4a7-4684933f5e50 (type: ports) to 1
2026-03-04 02:29:25.164 9 INFO neutron.api.wsgi [None req-f9b337f2-52e8-4a52-901d-bb708d2e6ad6 ae119c5d3767453f841afc16aea85ca8 d415d15cad7c4e5dae1b340cf898c857 - - default default] 10.0.0.40 "POST /v2.0/networks HTTP/1.1" status: 201 len: 951 time: 0.7449586
2026-03-04 02:29:25.169 9 INFO neutron.db.ovn_revision_numbers_db [None req-209e0857-8943-4e99-bf59-474898334151 ae119c5d3767453f841afc16aea85ca8 d415d15cad7c4e5dae1b340cf898c857 - - default default] Successfully bumped revision number for resource b28f7224-512c-407e-861a-3e7e9fe87a00 (type: ports) to 1
2026-03-04 02:29:25.202 9 INFO neutron.api.wsgi [None req-209e0857-8943-4e99-bf59-474898334151 ae119c5d3767453f841afc16aea85ca8 d415d15cad7c4e5dae1b340cf898c857 - - default default] 10.0.0.40 "POST /v2.0/networks HTTP/1.1" status: 201 len: 940 time: 0.7167919
2026-03-04 02:29:25.256 8 WARNING neutron.scheduler.dhcp_agent_scheduler [None req-d10eae26-4f59-48bf-9f3e-bb0a5184ab59 ae119c5d3767453f841afc16aea85ca8 d415d15cad7c4e5dae1b340cf898c857 - - default default] No more DHCP agents
2026-03-04 02:29:25.257 8 WARNING neutron.api.rpc.agentnotifiers.dhcp_rpc_agent_api [None req-d10eae26-4f59-48bf-9f3e-bb0a5184ab59 ae119c5d3767453f841afc16aea85ca8 d415d15cad7c4e5dae1b340cf898c857 - - default default] Unable to schedule network 4739cf7b-e4c5-42d5-a169-adadeef66a0a: no agents available; will retry on subsequent port and subnet creation events.
2026-03-04 02:29:25.329 9 WARNING neutron.scheduler.dhcp_agent_scheduler [None req-d3c3e283-fe86-4943-a1d8-8b781456f766 ae119c5d3767453f841afc16aea85ca8 d415d15cad7c4e5dae1b340cf898c857 - - default default] No more DHCP agents
2026-03-04 02:29:25.332 9 WARNING neutron.api.rpc.agentnotifiers.dhcp_rpc_agent_api [None req-d3c3e283-fe86-4943-a1d8-8b781456f766 ae119c5d3767453f841afc16aea85ca8 d415d15cad7c4e5dae1b340cf898c857 - - default default] Unable to schedule network 321ffc91-e937-4fd2-958a-028795d312fb: no agents available; will retry on subsequent port and subnet creation events.
2026-03-04 02:29:25.360 9 WARNING neutron.scheduler.dhcp_agent_scheduler [None req-b553d406-1e08-4b44-970f-310bbbd8eadc ae119c5d3767453f841afc16aea85ca8 d415d15cad7c4e5dae1b340cf898c857 - - default default] No more DHCP agents
2026-03-04 02:29:25.367 9 WARNING neutron.api.rpc.agentnotifiers.dhcp_rpc_agent_api [None req-b553d406-1e08-4b44-970f-310bbbd8eadc ae119c5d3767453f841afc16aea85ca8 d415d15cad7c4e5dae1b340cf898c857 - - default default] Unable to schedule network 5995c4a3-4f63-419e-8a63-5bfd4abfe950: no agents available; will retry on subsequent port and subnet creation events.
2026-03-04 02:29:25.659 8 INFO neutron.db.ovn_revision_numbers_db [None req-7957246d-5172-4783-9120-6c1f8dcb0adc - - - - - -] Successfully bumped revision number for resource 413ba47d-feeb-46d7-bd33-afca2c318357 (type: ports) to 2
2026-03-04 02:29:25.696 8 INFO neutron.db.ovn_revision_numbers_db [None req-7957246d-5172-4783-9120-6c1f8dcb0adc - - - - - -] Successfully bumped revision number for resource ddb8de3e-5ff6-4dfe-b218-b19b0e09e526 (type: subnets) to 0
2026-03-04 02:29:25.709 8 INFO neutron.api.wsgi [None req-d10eae26-4f59-48bf-9f3e-bb0a5184ab59 ae119c5d3767453f841afc16aea85ca8 d415d15cad7c4e5dae1b340cf898c857 - - default default] 10.0.0.40 "POST /v2.0/subnets HTTP/1.1" status: 201 len: 898 time: 0.5918245
2026-03-04 02:29:25.930 9 INFO neutron.db.ovn_revision_numbers_db [None req-4f32506f-e413-435f-87d6-56c4215491c7 - - - - - -] Successfully bumped revision number for resource 2766429b-3f74-4273-b4a7-4684933f5e50 (type: ports) to 2
2026-03-04 02:29:25.981 8 INFO neutron.db.ovn_revision_numbers_db [None req-b27f248f-f6f9-4568-a4b3-faa60988bb0f ae119c5d3767453f841afc16aea85ca8 d415d15cad7c4e5dae1b340cf898c857 - - default default] Successfully bumped revision number for resource 24258185-99e4-4a25-a3b4-4184d71acf96 (type: security_groups) to 1
2026-03-04 02:29:25.993 8 INFO neutron.db.ovn_revision_numbers_db [None req-b27f248f-f6f9-4568-a4b3-faa60988bb0f ae119c5d3767453f841afc16aea85ca8 d415d15cad7c4e5dae1b340cf898c857 - - default default] Successfully bumped revision number for resource 463c08c8-03d5-4ac3-b11b-bbb214f6c42b (type: security_group_rules) to 0
2026-03-04 02:29:25.997 9 INFO neutron.db.ovn_revision_numbers_db [None req-4f32506f-e413-435f-87d6-56c4215491c7 - - - - - -] Successfully bumped revision number for resource 749b808e-c686-4884-b312-0c4438b9f064 (type: subnets) to 0
2026-03-04 02:29:26.000 9 INFO neutron.db.ovn_revision_numbers_db [None req-347e4c31-9274-4525-b3a5-71f1e4f90c6e - - - - - -] Successfully bumped revision number for resource b28f7224-512c-407e-861a-3e7e9fe87a00 (type: ports) to 2
2026-03-04 02:29:26.005 8 INFO neutron.db.ovn_revision_numbers_db [None req-b27f248f-f6f9-4568-a4b3-faa60988bb0f ae119c5d3767453f841afc16aea85ca8 d415d15cad7c4e5dae1b340cf898c857 - - default default] Successfully bumped revision number for resource 6887684d-bb59-4f7e-b529-848b4317d65f (type: security_group_rules) to 0
2026-03-04 02:29:26.015 9 INFO neutron.api.wsgi [None req-d3c3e283-fe86-4943-a1d8-8b781456f766 ae119c5d3767453f841afc16aea85ca8 d415d15cad7c4e5dae1b340cf898c857 - - default default] 10.0.0.40 "POST /v2.0/subnets HTTP/1.1" status: 201 len: 895 time: 0.8447764
2026-03-04 02:29:26.016 8 INFO neutron.db.ovn_revision_numbers_db [None req-b27f248f-f6f9-4568-a4b3-faa60988bb0f ae119c5d3767453f841afc16aea85ca8 d415d15cad7c4e5dae1b340cf898c857 - - default default] Successfully bumped revision number for resource 6d0fddc8-8e69-4c08-967a-e428db637b24 (type: security_group_rules) to 0
2026-03-04 02:29:26.027 8 INFO neutron.db.ovn_revision_numbers_db [None req-b27f248f-f6f9-4568-a4b3-faa60988bb0f ae119c5d3767453f841afc16aea85ca8 d415d15cad7c4e5dae1b340cf898c857 - - default default] Successfully bumped revision number for resource b4ce2752-a694-49f3-9a19-3abecf2e9b76 (type: security_group_rules) to 0
2026-03-04 02:29:26.050 9 INFO neutron.db.ovn_revision_numbers_db [None req-347e4c31-9274-4525-b3a5-71f1e4f90c6e - - - - - -] Successfully bumped revision number for resource 25f958b1-33e0-48c4-ac85-a0550de1aeea (type: subnets) to 0
2026-03-04 02:29:26.069 9 INFO neutron.api.wsgi [None req-b553d406-1e08-4b44-970f-310bbbd8eadc ae119c5d3767453f841afc16aea85ca8 d415d15cad7c4e5dae1b340cf898c857 - - default default] 10.0.0.40 "POST /v2.0/subnets HTTP/1.1" status: 201 len: 884 time: 0.8606827
2026-03-04 02:29:26.069 8 INFO neutron.api.wsgi [None req-b27f248f-f6f9-4568-a4b3-faa60988bb0f ae119c5d3767453f841afc16aea85ca8 d415d15cad7c4e5dae1b340cf898c857 - - default default] 10.0.0.40 "GET /v2.0/security-groups?tenant_id=466a0ea30db84dda83e9a1316c61deb4&name=default HTTP/1.1" status: 200 len: 3116 time: 0.3263836
2026-03-04 02:29:26.333 9 WARNING neutron.scheduler.dhcp_agent_scheduler [None req-2ca231f4-1920-40b8-a81a-8e7b2775e961 ae119c5d3767453f841afc16aea85ca8 d415d15cad7c4e5dae1b340cf898c857 - - default default] No more DHCP agents
2026-03-04 02:29:26.334 9 WARNING neutron.api.rpc.agentnotifiers.dhcp_rpc_agent_api [None req-2ca231f4-1920-40b8-a81a-8e7b2775e961 ae119c5d3767453f841afc16aea85ca8 d415d15cad7c4e5dae1b340cf898c857 - - default default] Unable to schedule network 9c30c68c-68f4-45f5-9b2c-8d6fb79c4d19: no agents available; will retry on subsequent port and subnet creation events.
2026-03-04 02:29:26.447 9 INFO neutron.db.ovn_revision_numbers_db [None req-2ca231f4-1920-40b8-a81a-8e7b2775e961 ae119c5d3767453f841afc16aea85ca8 d415d15cad7c4e5dae1b340cf898c857 - - default default] Successfully bumped revision number for resource 6a753348-f6ac-4d1f-bcf9-1608956aa104 (type: ports) to 1
2026-03-04 02:29:26.494 9 WARNING neutron.scheduler.dhcp_agent_scheduler [None req-09397100-90f8-479b-b19a-a227f9d87da1 ae119c5d3767453f841afc16aea85ca8 d415d15cad7c4e5dae1b340cf898c857 - - default default] No more DHCP agents
2026-03-04 02:29:26.496 9 WARNING neutron.api.rpc.agentnotifiers.dhcp_rpc_agent_api [None req-09397100-90f8-479b-b19a-a227f9d87da1 ae119c5d3767453f841afc16aea85ca8 d415d15cad7c4e5dae1b340cf898c857 - - default default] Unable to schedule network 9c30c68c-68f4-45f5-9b2c-8d6fb79c4d19: no agents available; will retry on subsequent port and subnet creation events.
2026-03-04 02:29:26.504 8 INFO neutron.api.wsgi [None req-44471ca9-0da5-4483-84bf-96a45927c7fa ae119c5d3767453f841afc16aea85ca8 d415d15cad7c4e5dae1b340cf898c857 - - default default] 10.0.0.40 "DELETE /v2.0/security-groups/24258185-99e4-4a25-a3b4-4184d71acf96 HTTP/1.1" status: 204 len: 168 time: 0.4296591
2026-03-04 02:29:26.627 8 WARNING neutron.scheduler.dhcp_agent_scheduler [None req-1c233a25-d144-4786-800f-f4b4f23662b5 ae119c5d3767453f841afc16aea85ca8 d415d15cad7c4e5dae1b340cf898c857 - - default default] No more DHCP agents
2026-03-04 02:29:26.628 8 WARNING neutron.api.rpc.agentnotifiers.dhcp_rpc_agent_api [None req-1c233a25-d144-4786-800f-f4b4f23662b5 ae119c5d3767453f841afc16aea85ca8 d415d15cad7c4e5dae1b340cf898c857 - - default default] Unable to schedule network 9c30c68c-68f4-45f5-9b2c-8d6fb79c4d19: no agents available; will retry on subsequent port and subnet creation events.
2026-03-04 02:29:26.642 9 INFO neutron.db.ovn_revision_numbers_db [None req-09397100-90f8-479b-b19a-a227f9d87da1 ae119c5d3767453f841afc16aea85ca8 d415d15cad7c4e5dae1b340cf898c857 - - default default] Successfully bumped revision number for resource 9cca10b5-fcf7-4a4a-8d65-8c5e4103fbaa (type: ports) to 1
2026-03-04 02:29:26.720 8 INFO neutron.db.ovn_revision_numbers_db [None req-1c233a25-d144-4786-800f-f4b4f23662b5 ae119c5d3767453f841afc16aea85ca8 d415d15cad7c4e5dae1b340cf898c857 - - default default] Successfully bumped revision number for resource b34df4b6-1c49-48d4-88d5-63048d6623d9 (type: ports) to 1
2026-03-04 02:29:26.813 9 INFO neutron.plugins.ml2.drivers.ovn.mech_driver.ovsdb.extensions.qos [None req-2ca231f4-1920-40b8-a81a-8e7b2775e961 ae119c5d3767453f841afc16aea85ca8 d415d15cad7c4e5dae1b340cf898c857 - - default default] Starting OVNClientQosExtension
2026-03-04 02:29:26.994 8 INFO neutron.plugins.ml2.drivers.ovn.mech_driver.ovsdb.extensions.qos [None req-1c233a25-d144-4786-800f-f4b4f23662b5 ae119c5d3767453f841afc16aea85ca8 d415d15cad7c4e5dae1b340cf898c857 - - default default] Starting OVNClientQosExtension
2026-03-04 02:29:27.179 9 INFO neutron.plugins.ml2.drivers.ovn.mech_driver.ovsdb.commands [None req-707342e5-15d1-47ec-936f-78a71305f7c0 - - - - - -] Schedule LRP lrp-6a753348-f6ac-4d1f-bcf9-1608956aa104 on gateway 7bdb9c0d-7b5a-457f-a5f3-7706425d9cbd with priority 1
2026-03-04 02:29:27.185 9 INFO neutron.plugins.ml2.drivers.ovn.mech_driver.mech_driver [None req-0cdf8e73-5d51-4311-b7e6-490b0eab0480 - - - - - -] OVN reports status up for port: 6a753348-f6ac-4d1f-bcf9-1608956aa104
2026-03-04 02:29:27.199 9 INFO neutron.plugins.ml2.plugin [None req-0cdf8e73-5d51-4311-b7e6-490b0eab0480 - - - - - -] Attempt 1 to provision port 6a753348-f6ac-4d1f-bcf9-1608956aa104
2026-03-04 02:29:27.205 8 INFO neutron.plugins.ml2.drivers.ovn.mech_driver.ovsdb.ovsdb_monitor [-] Router bd8ce821-1aaa-4dc6-a349-e25b4cc1852c is bound to host instance
2026-03-04 02:29:27.224 9 INFO neutron.db.ovn_revision_numbers_db [None req-2ca231f4-1920-40b8-a81a-8e7b2775e961 ae119c5d3767453f841afc16aea85ca8 d415d15cad7c4e5dae1b340cf898c857 - - default default] Successfully bumped revision number for resource 6a753348-f6ac-4d1f-bcf9-1608956aa104 (type: router_ports) to 1
2026-03-04 02:29:27.305 9 INFO neutron.db.ovn_revision_numbers_db [None req-2ca231f4-1920-40b8-a81a-8e7b2775e961 ae119c5d3767453f841afc16aea85ca8 d415d15cad7c4e5dae1b340cf898c857 - - default default] Successfully bumped revision number for resource bd8ce821-1aaa-4dc6-a349-e25b4cc1852c (type: routers) to 2
2026-03-04 02:29:27.325 9 INFO neutron.api.wsgi [None req-2ca231f4-1920-40b8-a81a-8e7b2775e961 ae119c5d3767453f841afc16aea85ca8 d415d15cad7c4e5dae1b340cf898c857 - - default default] 10.0.0.40 "POST /v2.0/routers HTTP/1.1" status: 201 len: 1176 time: 1.6112752
2026-03-04 02:29:27.354 9 INFO neutron.plugins.ml2.drivers.ovn.mech_driver.ovsdb.commands [None req-707342e5-15d1-47ec-936f-78a71305f7c0 - - - - - -] Schedule LRP lrp-9cca10b5-fcf7-4a4a-8d65-8c5e4103fbaa on gateway 7bdb9c0d-7b5a-457f-a5f3-7706425d9cbd with priority 1
2026-03-04 02:29:27.379 8 INFO neutron.plugins.ml2.drivers.ovn.mech_driver.ovsdb.commands [None req-73e8e0b0-eccc-41a9-8e6d-9104875a9c11 - - - - - -] Schedule LRP lrp-b34df4b6-1c49-48d4-88d5-63048d6623d9 on gateway 7bdb9c0d-7b5a-457f-a5f3-7706425d9cbd with priority 1
2026-03-04 02:29:27.404 8 INFO neutron.plugins.ml2.drivers.ovn.mech_driver.mech_driver [None req-32f94f9b-dd78-428e-b8d9-aeed4021448b - - - - - -] OVN reports status up for port: b34df4b6-1c49-48d4-88d5-63048d6623d9
2026-03-04 02:29:27.411 9 INFO neutron.plugins.ml2.drivers.ovn.mech_driver.ovsdb.ovsdb_monitor [-] Router d8c7bfca-aa38-4902-b379-5f908d51bed8 is bound to host instance
2026-03-04 02:29:27.422 8 INFO neutron.plugins.ml2.plugin [None req-32f94f9b-dd78-428e-b8d9-aeed4021448b - - - - - -] Attempt 1 to provision port b34df4b6-1c49-48d4-88d5-63048d6623d9
2026-03-04 02:29:27.442 9 INFO neutron.db.ovn_revision_numbers_db [None req-09397100-90f8-479b-b19a-a227f9d87da1 ae119c5d3767453f841afc16aea85ca8 d415d15cad7c4e5dae1b340cf898c857 - - default default] Successfully bumped revision number for resource 9cca10b5-fcf7-4a4a-8d65-8c5e4103fbaa (type: router_ports) to 1
2026-03-04 02:29:27.546 9 INFO neutron.db.ovn_revision_numbers_db [None req-09397100-90f8-479b-b19a-a227f9d87da1 ae119c5d3767453f841afc16aea85ca8 d415d15cad7c4e5dae1b340cf898c857 - - default default] Successfully bumped revision number for resource d8c7bfca-aa38-4902-b379-5f908d51bed8 (type: routers) to 2
2026-03-04 02:29:27.551 8 INFO neutron.db.ovn_revision_numbers_db [None req-1c233a25-d144-4786-800f-f4b4f23662b5 ae119c5d3767453f841afc16aea85ca8 d415d15cad7c4e5dae1b340cf898c857 - - default default] Successfully bumped revision number for resource b34df4b6-1c49-48d4-88d5-63048d6623d9 (type: router_ports) to 1
2026-03-04 02:29:27.564 9 INFO neutron.api.wsgi [None req-09397100-90f8-479b-b19a-a227f9d87da1 ae119c5d3767453f841afc16aea85ca8 d415d15cad7c4e5dae1b340cf898c857 - - default default] 10.0.0.40 "POST /v2.0/routers HTTP/1.1" status: 201 len: 1173 time: 1.5431774
2026-03-04 02:29:27.628 8 INFO neutron.db.ovn_revision_numbers_db [None req-1c233a25-d144-4786-800f-f4b4f23662b5 ae119c5d3767453f841afc16aea85ca8 d415d15cad7c4e5dae1b340cf898c857 - - default default] Successfully bumped revision number for resource b6a3b501-fdb6-4258-910d-38b6daf0550b (type: routers) to 2
2026-03-04 02:29:27.647 8 INFO neutron.api.wsgi [None req-1c233a25-d144-4786-800f-f4b4f23662b5 ae119c5d3767453f841afc16aea85ca8 d415d15cad7c4e5dae1b340cf898c857 - - default default] 10.0.0.40 "POST /v2.0/routers HTTP/1.1" status: 201 len: 1162 time: 1.5733814
2026-03-04 02:29:27.763 8 INFO neutron.db.ovn_revision_numbers_db [None req-68438778-0665-4584-afb3-de5b554af6e0 - - - - - -] Successfully bumped revision number for resource 6a753348-f6ac-4d1f-bcf9-1608956aa104 (type: ports) to 1
2026-03-04 02:29:28.035 8 INFO neutron.db.ovn_revision_numbers_db [None req-68438778-0665-4584-afb3-de5b554af6e0 - - - - - -] Successfully bumped revision number for resource 6a753348-f6ac-4d1f-bcf9-1608956aa104 (type: ports) to 4
2026-03-04 02:29:28.171 9 WARNING neutron.scheduler.dhcp_agent_scheduler [None req-d4a60493-5a04-498f-a9d3-7f71b7e80edb ae119c5d3767453f841afc16aea85ca8 d415d15cad7c4e5dae1b340cf898c857 - - default default] No more DHCP agents
2026-03-04 02:29:28.175 9 WARNING neutron.api.rpc.agentnotifiers.dhcp_rpc_agent_api [None req-d4a60493-5a04-498f-a9d3-7f71b7e80edb ae119c5d3767453f841afc16aea85ca8 d415d15cad7c4e5dae1b340cf898c857 - - default default] Unable to schedule network 4739cf7b-e4c5-42d5-a169-adadeef66a0a: no agents available; will retry on subsequent port and subnet creation events.
2026-03-04 02:29:28.239 9 INFO neutron.db.ovn_revision_numbers_db [None req-81b22873-7c95-4588-8ddc-686fa39da43b - - - - - -] Successfully bumped revision number for resource 9cca10b5-fcf7-4a4a-8d65-8c5e4103fbaa (type: ports) to 1
2026-03-04 02:29:28.308 8 INFO neutron.db.ovn_revision_numbers_db [None req-68438778-0665-4584-afb3-de5b554af6e0 - - - - - -] Successfully bumped revision number for resource 6a753348-f6ac-4d1f-bcf9-1608956aa104 (type: ports) to 5
2026-03-04 02:29:28.415 9 INFO neutron.db.ovn_revision_numbers_db [None req-d4a60493-5a04-498f-a9d3-7f71b7e80edb ae119c5d3767453f841afc16aea85ca8 d415d15cad7c4e5dae1b340cf898c857 - - default default] Successfully bumped revision number for resource e72d18bb-4eca-42a6-95fa-8abd42ab0b8c (type: ports) to 1
2026-03-04 02:29:28.456 8 INFO neutron.db.ovn_revision_numbers_db [None req-ab5b0fd6-162c-41c6-af7e-25bca6dc174f ae119c5d3767453f841afc16aea85ca8 d415d15cad7c4e5dae1b340cf898c857 - - default default] Successfully bumped revision number for resource f9480dc8-db72-4371-ac03-4ff76c91d1ce (type: security_groups) to 1
2026-03-04 02:29:28.467 8 INFO neutron.db.ovn_revision_numbers_db [None req-ab5b0fd6-162c-41c6-af7e-25bca6dc174f ae119c5d3767453f841afc16aea85ca8 d415d15cad7c4e5dae1b340cf898c857 - - default default] Successfully bumped revision number for resource 4c71ab6b-3235-404b-819a-4510b9585fdb (type: security_group_rules) to 0
2026-03-04 02:29:28.479 8 INFO neutron.db.ovn_revision_numbers_db [None req-ab5b0fd6-162c-41c6-af7e-25bca6dc174f ae119c5d3767453f841afc16aea85ca8 d415d15cad7c4e5dae1b340cf898c857 - - default default] Successfully bumped revision number for resource 699ceaea-6195-464b-9dd8-9c3271fdd5d1 (type: security_group_rules) to 0
2026-03-04 02:29:28.485 9 WARNING neutron.scheduler.dhcp_agent_scheduler [None req-79d92a12-6ef7-41b6-b124-8e1dcd884e49 ae119c5d3767453f841afc16aea85ca8 d415d15cad7c4e5dae1b340cf898c857 - - default default] No more DHCP agents
2026-03-04 02:29:28.489 9 WARNING neutron.api.rpc.agentnotifiers.dhcp_rpc_agent_api [None req-79d92a12-6ef7-41b6-b124-8e1dcd884e49 ae119c5d3767453f841afc16aea85ca8 d415d15cad7c4e5dae1b340cf898c857 - - default default] Unable to schedule network 321ffc91-e937-4fd2-958a-028795d312fb: no agents available; will retry on subsequent port and subnet creation events.
2026-03-04 02:29:28.489 8 INFO neutron.db.ovn_revision_numbers_db [None req-ab5b0fd6-162c-41c6-af7e-25bca6dc174f ae119c5d3767453f841afc16aea85ca8 d415d15cad7c4e5dae1b340cf898c857 - - default default] Successfully bumped revision number for resource 7b5590bd-ec14-4c65-83d9-ba750e1ae1e0 (type: security_group_rules) to 0
2026-03-04 02:29:28.509 8 INFO neutron.db.ovn_revision_numbers_db [None req-ab5b0fd6-162c-41c6-af7e-25bca6dc174f ae119c5d3767453f841afc16aea85ca8 d415d15cad7c4e5dae1b340cf898c857 - - default default] Successfully bumped revision number for resource a6bf88ce-f823-466e-81f7-60b4d35d4ef1 (type: security_group_rules) to 0
2026-03-04 02:29:28.574 8 INFO neutron.db.segments_db [None req-ab5b0fd6-162c-41c6-af7e-25bca6dc174f ae119c5d3767453f841afc16aea85ca8 d415d15cad7c4e5dae1b340cf898c857 - - default default] Added segment 1ac50062-b0ab-4591-ad45-4fcea1d4baa9 of type geneve for network 67d03345-6da4-46df-b83f-76a69f8bdb49
2026-03-04 02:29:28.599 9 WARNING neutron.scheduler.dhcp_agent_scheduler [None req-bbd09bc4-5fda-4093-8da0-0ca6a20b792f ae119c5d3767453f841afc16aea85ca8 d415d15cad7c4e5dae1b340cf898c857 - - default default] No more DHCP agents
2026-03-04 02:29:28.609 9 WARNING neutron.api.rpc.agentnotifiers.dhcp_rpc_agent_api [None req-bbd09bc4-5fda-4093-8da0-0ca6a20b792f ae119c5d3767453f841afc16aea85ca8 d415d15cad7c4e5dae1b340cf898c857 - - default default] Unable to schedule network 5995c4a3-4f63-419e-8a63-5bfd4abfe950: no agents available; will retry on subsequent port and subnet creation events.
2026-03-04 02:29:28.687 8 INFO neutron.db.ovn_revision_numbers_db [None req-ab5b0fd6-162c-41c6-af7e-25bca6dc174f ae119c5d3767453f841afc16aea85ca8 d415d15cad7c4e5dae1b340cf898c857 - - default default] Successfully bumped revision number for resource 67d03345-6da4-46df-b83f-76a69f8bdb49 (type: networks) to 1
2026-03-04 02:29:28.733 9 INFO neutron.db.ovn_revision_numbers_db [None req-79d92a12-6ef7-41b6-b124-8e1dcd884e49 ae119c5d3767453f841afc16aea85ca8 d415d15cad7c4e5dae1b340cf898c857 - - default default] Successfully bumped revision number for resource f81ac793-7675-4fdc-b02a-8db85dbb1c18 (type: ports) to 1
2026-03-04 02:29:28.828 8 WARNING neutron.scheduler.dhcp_agent_scheduler [None req-ab5b0fd6-162c-41c6-af7e-25bca6dc174f ae119c5d3767453f841afc16aea85ca8 d415d15cad7c4e5dae1b340cf898c857 - - default default] No more DHCP agents
2026-03-04 02:29:28.829 8 WARNING neutron.api.rpc.agentnotifiers.dhcp_rpc_agent_api [None req-ab5b0fd6-162c-41c6-af7e-25bca6dc174f ae119c5d3767453f841afc16aea85ca8 d415d15cad7c4e5dae1b340cf898c857 - - default default] Unable to schedule network 67d03345-6da4-46df-b83f-76a69f8bdb49: no agents available; will retry on subsequent port and subnet creation events.
2026-03-04 02:29:28.896 8 INFO neutron.db.ovn_revision_numbers_db [None req-ab5b0fd6-162c-41c6-af7e-25bca6dc174f ae119c5d3767453f841afc16aea85ca8 d415d15cad7c4e5dae1b340cf898c857 - - default default] Successfully bumped revision number for resource a4045edf-18d7-4ffd-afba-c6523623fc84 (type: ports) to 1
2026-03-04 02:29:28.903 9 INFO neutron.db.ovn_revision_numbers_db [None req-bbd09bc4-5fda-4093-8da0-0ca6a20b792f ae119c5d3767453f841afc16aea85ca8 d415d15cad7c4e5dae1b340cf898c857 - - default default] Successfully bumped revision number for resource 27d37a43-9286-4700-80cf-c6aa8d546f4f (type: ports) to 1
2026-03-04 02:29:28.909 9 INFO neutron.db.ovn_revision_numbers_db [None req-81b22873-7c95-4588-8ddc-686fa39da43b - - - - - -] Successfully bumped revision number for resource 9cca10b5-fcf7-4a4a-8d65-8c5e4103fbaa (type: ports) to 4
2026-03-04 02:29:28.915 8 INFO neutron.api.wsgi [None req-ab5b0fd6-162c-41c6-af7e-25bca6dc174f ae119c5d3767453f841afc16aea85ca8 d415d15cad7c4e5dae1b340cf898c857 - - default default] 10.0.0.40 "POST /v2.0/networks HTTP/1.1" status: 201 len: 946 time: 0.7264957
2026-03-04 02:29:29.033 8 WARNING neutron.scheduler.dhcp_agent_scheduler [None req-25d990c8-3950-431a-a098-b12b9a448cf9 ae119c5d3767453f841afc16aea85ca8 d415d15cad7c4e5dae1b340cf898c857 - - default default] No more DHCP agents
2026-03-04 02:29:29.034 8 WARNING neutron.api.rpc.agentnotifiers.dhcp_rpc_agent_api [None req-25d990c8-3950-431a-a098-b12b9a448cf9 ae119c5d3767453f841afc16aea85ca8 d415d15cad7c4e5dae1b340cf898c857 - - default default] Unable to schedule network 67d03345-6da4-46df-b83f-76a69f8bdb49: no agents available; will retry on subsequent port and subnet creation events.
2026-03-04 02:29:29.426 8 INFO neutron.db.ovn_revision_numbers_db [None req-2a7484f2-ae9d-431a-a749-d279ba33cd6b - - - - - -] Successfully bumped revision number for resource a4045edf-18d7-4ffd-afba-c6523623fc84 (type: ports) to 2
2026-03-04 02:29:29.449 8 INFO neutron.db.ovn_revision_numbers_db [None req-2a7484f2-ae9d-431a-a749-d279ba33cd6b - - - - - -] Successfully bumped revision number for resource a6ebccdb-368b-450c-a035-d8f9a35967e7 (type: subnets) to 0
2026-03-04 02:29:29.464 8 INFO neutron.api.wsgi [None req-25d990c8-3950-431a-a098-b12b9a448cf9 ae119c5d3767453f841afc16aea85ca8 d415d15cad7c4e5dae1b340cf898c857 - - default default] 10.0.0.40 "POST /v2.0/subnets HTTP/1.1" status: 201 len: 890 time: 0.5445197
2026-03-04 02:29:29.560 9 INFO neutron.db.ovn_revision_numbers_db [None req-d4a60493-5a04-498f-a9d3-7f71b7e80edb ae119c5d3767453f841afc16aea85ca8 d415d15cad7c4e5dae1b340cf898c857 - - default default] Successfully bumped revision number for resource e72d18bb-4eca-42a6-95fa-8abd42ab0b8c (type: ports) to 1
2026-03-04 02:29:29.578 9 INFO neutron.db.ovn_revision_numbers_db [None req-81b22873-7c95-4588-8ddc-686fa39da43b - - - - - -] Successfully bumped revision number for resource 9cca10b5-fcf7-4a4a-8d65-8c5e4103fbaa (type: ports) to 5
2026-03-04 02:29:29.627 9 INFO neutron.plugins.ml2.drivers.ovn.mech_driver.mech_driver [None req-0cdf8e73-5d51-4311-b7e6-490b0eab0480 - - - - - -] OVN reports status up for port: 9cca10b5-fcf7-4a4a-8d65-8c5e4103fbaa
2026-03-04 02:29:29.657 9 INFO neutron.plugins.ml2.plugin [None req-0cdf8e73-5d51-4311-b7e6-490b0eab0480 - - - - - -] Attempt 1 to provision port 9cca10b5-fcf7-4a4a-8d65-8c5e4103fbaa
2026-03-04 02:29:29.675 9 WARNING neutron.scheduler.dhcp_agent_scheduler [None req-d4a60493-5a04-498f-a9d3-7f71b7e80edb ae119c5d3767453f841afc16aea85ca8 d415d15cad7c4e5dae1b340cf898c857 - - default default] No more DHCP agents
2026-03-04 02:29:29.684 9 WARNING neutron.api.rpc.agentnotifiers.dhcp_rpc_agent_api [None req-d4a60493-5a04-498f-a9d3-7f71b7e80edb ae119c5d3767453f841afc16aea85ca8 d415d15cad7c4e5dae1b340cf898c857 - - default default] Unable to schedule network 4739cf7b-e4c5-42d5-a169-adadeef66a0a: no agents available; will retry on subsequent port and subnet creation events.
2026-03-04 02:29:29.768 9 INFO neutron.plugins.ml2.drivers.ovn.mech_driver.ovsdb.ovsdb_monitor [None req-81b22873-7c95-4588-8ddc-686fa39da43b - - - - - -] Router b6a3b501-fdb6-4258-910d-38b6daf0550b is bound to host instance
2026-03-04 02:29:29.848 8 WARNING neutron.scheduler.dhcp_agent_scheduler [None req-b2d7907c-2d4f-4b67-93b3-e18296fe8ac7 ae119c5d3767453f841afc16aea85ca8 d415d15cad7c4e5dae1b340cf898c857 - - default default] No more DHCP agents
2026-03-04 02:29:29.849 8 WARNING neutron.api.rpc.agentnotifiers.dhcp_rpc_agent_api [None req-b2d7907c-2d4f-4b67-93b3-e18296fe8ac7 ae119c5d3767453f841afc16aea85ca8 d415d15cad7c4e5dae1b340cf898c857 - - default default] Unable to schedule network 9c30c68c-68f4-45f5-9b2c-8d6fb79c4d19: no agents available; will retry on subsequent port and subnet creation events.
2026-03-04 02:29:29.851 9 INFO neutron.plugins.ml2.drivers.ovn.mech_driver.mech_driver [None req-0cdf8e73-5d51-4311-b7e6-490b0eab0480 - - - - - -] OVN reports status up for port: f81ac793-7675-4fdc-b02a-8db85dbb1c18
2026-03-04 02:29:29.871 9 INFO neutron.plugins.ml2.plugin [None req-0cdf8e73-5d51-4311-b7e6-490b0eab0480 - - - - - -] Attempt 1 to provision port f81ac793-7675-4fdc-b02a-8db85dbb1c18
2026-03-04 02:29:29.893 9 INFO neutron.db.ovn_revision_numbers_db [None req-79d92a12-6ef7-41b6-b124-8e1dcd884e49 ae119c5d3767453f841afc16aea85ca8 d415d15cad7c4e5dae1b340cf898c857 - - default default] Successfully bumped revision number for resource f81ac793-7675-4fdc-b02a-8db85dbb1c18 (type: ports) to 1
2026-03-04 02:29:29.958 8 INFO neutron.db.ovn_revision_numbers_db [None req-b2d7907c-2d4f-4b67-93b3-e18296fe8ac7 ae119c5d3767453f841afc16aea85ca8 d415d15cad7c4e5dae1b340cf898c857 - - default default] Successfully bumped revision number for resource 464282e0-9cec-49dd-b07a-e80390bbe792 (type: ports) to 1
2026-03-04 02:29:30.040 9 WARNING neutron.scheduler.dhcp_agent_scheduler [None req-79d92a12-6ef7-41b6-b124-8e1dcd884e49 ae119c5d3767453f841afc16aea85ca8 d415d15cad7c4e5dae1b340cf898c857 - - default default] No more DHCP agents
2026-03-04 02:29:30.047 9 WARNING neutron.api.rpc.agentnotifiers.dhcp_rpc_agent_api [None req-79d92a12-6ef7-41b6-b124-8e1dcd884e49 ae119c5d3767453f841afc16aea85ca8 d415d15cad7c4e5dae1b340cf898c857 - - default default] Unable to schedule network 321ffc91-e937-4fd2-958a-028795d312fb: no agents available; will retry on subsequent port and subnet creation events.
2026-03-04 02:29:30.047 9 INFO neutron.db.ovn_revision_numbers_db [None req-bbd09bc4-5fda-4093-8da0-0ca6a20b792f ae119c5d3767453f841afc16aea85ca8 d415d15cad7c4e5dae1b340cf898c857 - - default default] Successfully bumped revision number for resource 27d37a43-9286-4700-80cf-c6aa8d546f4f (type: ports) to 1
2026-03-04 02:29:30.094 8 INFO neutron.api.wsgi [-] 10.0.0.138 "GET / HTTP/1.1" status: 200 len: 246 time: 0.0012403
2026-03-04 02:29:30.097 8 INFO neutron.api.wsgi [-] 10.0.0.138 "GET / HTTP/1.1" status: 200 len: 246 time: 0.0016475
2026-03-04 02:29:30.312 9 WARNING neutron.scheduler.dhcp_agent_scheduler [None req-bbd09bc4-5fda-4093-8da0-0ca6a20b792f ae119c5d3767453f841afc16aea85ca8 d415d15cad7c4e5dae1b340cf898c857 - - default default] No more DHCP agents
2026-03-04 02:29:30.320 9 WARNING neutron.api.rpc.agentnotifiers.dhcp_rpc_agent_api [None req-bbd09bc4-5fda-4093-8da0-0ca6a20b792f ae119c5d3767453f841afc16aea85ca8 d415d15cad7c4e5dae1b340cf898c857 - - default default] Unable to schedule network 5995c4a3-4f63-419e-8a63-5bfd4abfe950: no agents available; will retry on subsequent port and subnet creation events.
2026-03-04 02:29:30.449 8 INFO neutron.plugins.ml2.drivers.ovn.mech_driver.ovsdb.commands [None req-73e8e0b0-eccc-41a9-8e6d-9104875a9c11 - - - - - -] Schedule LRP lrp-464282e0-9cec-49dd-b07a-e80390bbe792 on gateway 7bdb9c0d-7b5a-457f-a5f3-7706425d9cbd with priority 1
2026-03-04 02:29:30.488 8 INFO neutron.db.ovn_revision_numbers_db [None req-b2d7907c-2d4f-4b67-93b3-e18296fe8ac7 ae119c5d3767453f841afc16aea85ca8 d415d15cad7c4e5dae1b340cf898c857 - - default default] Successfully bumped revision number for resource 464282e0-9cec-49dd-b07a-e80390bbe792 (type: router_ports) to 1
2026-03-04 02:29:30.506 8 INFO neutron.plugins.ml2.drivers.ovn.mech_driver.mech_driver [None req-32f94f9b-dd78-428e-b8d9-aeed4021448b - - - - - -] OVN reports status up for port: e72d18bb-4eca-42a6-95fa-8abd42ab0b8c
2026-03-04 02:29:30.514 8 INFO neutron.plugins.ml2.plugin [None req-32f94f9b-dd78-428e-b8d9-aeed4021448b - - - - - -] Attempt 1 to provision port e72d18bb-4eca-42a6-95fa-8abd42ab0b8c
2026-03-04 02:29:30.557 8 INFO neutron.db.ovn_revision_numbers_db [None req-b2d7907c-2d4f-4b67-93b3-e18296fe8ac7 ae119c5d3767453f841afc16aea85ca8 d415d15cad7c4e5dae1b340cf898c857 - - default default] Successfully bumped revision number for resource 1c76d03f-d1e4-4db9-b37b-f31d62ca8dcb (type: routers) to 2
2026-03-04 02:29:30.572 8 INFO neutron.api.wsgi [None req-b2d7907c-2d4f-4b67-93b3-e18296fe8ac7 ae119c5d3767453f841afc16aea85ca8 d415d15cad7c4e5dae1b340cf898c857 - - default default] 10.0.0.40 "POST /v2.0/routers HTTP/1.1" status: 201 len: 1168 time: 1.1028945
2026-03-04 02:29:30.837 9 INFO neutron.db.ovn_revision_numbers_db [None req-0cdf8e73-5d51-4311-b7e6-490b0eab0480 - - - - - -] Successfully bumped revision number for resource f81ac793-7675-4fdc-b02a-8db85dbb1c18 (type: ports) to 2
2026-03-04 02:29:30.846 9 INFO neutron.db.ovn_revision_numbers_db [None req-f05c8a63-d3cf-49a1-9e6b-f355d4f9d529 - - - - - -] Successfully bumped revision number for resource b34df4b6-1c49-48d4-88d5-63048d6623d9 (type: ports) to 1
2026-03-04 02:29:30.896 8 INFO neutron.db.ovn_revision_numbers_db [None req-32f94f9b-dd78-428e-b8d9-aeed4021448b - - - - - -] Successfully bumped revision number for resource e72d18bb-4eca-42a6-95fa-8abd42ab0b8c (type: ports) to 2
2026-03-04 02:29:31.052 8 WARNING neutron.scheduler.dhcp_agent_scheduler [None req-7048509f-d3f1-4348-8d4e-e7ea68ce6ef7 ae119c5d3767453f841afc16aea85ca8 d415d15cad7c4e5dae1b340cf898c857 - - default default] No more DHCP agents
2026-03-04 02:29:31.053 8 WARNING neutron.api.rpc.agentnotifiers.dhcp_rpc_agent_api [None req-7048509f-d3f1-4348-8d4e-e7ea68ce6ef7 ae119c5d3767453f841afc16aea85ca8 d415d15cad7c4e5dae1b340cf898c857 - - default default] Unable to schedule network 67d03345-6da4-46df-b83f-76a69f8bdb49: no agents available; will retry on subsequent port and subnet creation events.
2026-03-04 02:29:31.145 8 INFO neutron.db.ovn_revision_numbers_db [None req-7048509f-d3f1-4348-8d4e-e7ea68ce6ef7 ae119c5d3767453f841afc16aea85ca8 d415d15cad7c4e5dae1b340cf898c857 - - default default] Successfully bumped revision number for resource 723b7dfe-69d5-42b7-b6a5-303a843135ce (type: ports) to 1
2026-03-04 02:29:31.462 9 INFO neutron.db.ovn_revision_numbers_db [None req-d4a60493-5a04-498f-a9d3-7f71b7e80edb ae119c5d3767453f841afc16aea85ca8 d415d15cad7c4e5dae1b340cf898c857 - - default default] Successfully bumped revision number for resource e72d18bb-4eca-42a6-95fa-8abd42ab0b8c (type: router_ports) to 1
2026-03-04 02:29:31.472 9 INFO neutron.api.wsgi [None req-d4a60493-5a04-498f-a9d3-7f71b7e80edb ae119c5d3767453f841afc16aea85ca8 d415d15cad7c4e5dae1b340cf898c857 - - default default] 10.0.0.40 "PUT /v2.0/routers/bd8ce821-1aaa-4dc6-a349-e25b4cc1852c/add_router_interface HTTP/1.1" status: 200 len: 503 time: 4.1399074
2026-03-04 02:29:31.599 9 INFO neutron.db.ovn_revision_numbers_db [None req-f05c8a63-d3cf-49a1-9e6b-f355d4f9d529 - - - - - -] Successfully bumped revision number for resource b34df4b6-1c49-48d4-88d5-63048d6623d9 (type: ports) to 4
2026-03-04 02:29:31.815 9 INFO neutron.db.ovn_revision_numbers_db [None req-79d92a12-6ef7-41b6-b124-8e1dcd884e49 ae119c5d3767453f841afc16aea85ca8 d415d15cad7c4e5dae1b340cf898c857 - - default default] Successfully bumped revision number for resource f81ac793-7675-4fdc-b02a-8db85dbb1c18 (type: router_ports) to 1
2026-03-04 02:29:31.821 9 INFO neutron.api.wsgi [None req-79d92a12-6ef7-41b6-b124-8e1dcd884e49 ae119c5d3767453f841afc16aea85ca8 d415d15cad7c4e5dae1b340cf898c857 - - default default] 10.0.0.40 "PUT /v2.0/routers/d8c7bfca-aa38-4902-b379-5f908d51bed8/add_router_interface HTTP/1.1" status: 200 len: 503 time: 4.2512681
2026-03-04 02:29:31.828 9 INFO neutron.db.ovn_revision_numbers_db [None req-bbd09bc4-5fda-4093-8da0-0ca6a20b792f ae119c5d3767453f841afc16aea85ca8 d415d15cad7c4e5dae1b340cf898c857 - - default default] Successfully bumped revision number for resource 27d37a43-9286-4700-80cf-c6aa8d546f4f (type: router_ports) to 1
2026-03-04 02:29:31.835 9 INFO neutron.api.wsgi [None req-bbd09bc4-5fda-4093-8da0-0ca6a20b792f ae119c5d3767453f841afc16aea85ca8 d415d15cad7c4e5dae1b340cf898c857 - - default default] 10.0.0.40 "PUT /v2.0/routers/b6a3b501-fdb6-4258-910d-38b6daf0550b/add_router_interface HTTP/1.1" status: 200 len: 503 time: 4.1802902
2026-03-04 02:29:31.986 9 INFO neutron.db.ovn_revision_numbers_db [None req-f05c8a63-d3cf-49a1-9e6b-f355d4f9d529 - - - - - -] Successfully bumped revision number for resource b34df4b6-1c49-48d4-88d5-63048d6623d9 (type: ports) to 5
2026-03-04 02:29:31.994 8 INFO neutron.db.ovn_revision_numbers_db [None req-7048509f-d3f1-4348-8d4e-e7ea68ce6ef7 ae119c5d3767453f841afc16aea85ca8 d415d15cad7c4e5dae1b340cf898c857 - - default default] Successfully bumped revision number for resource 723b7dfe-69d5-42b7-b6a5-303a843135ce (type: ports) to 1
2026-03-04 02:29:32.017 9 WARNING neutron_lib.context [None req-d383be65-afbd-4478-94e5-2a0f7bc82cea b694b9629e1444bd85d633409135e348 3373fd2c18a2463595396efa1d7b7622 - - default default] Method 'is_advsvc' is deprecated since 2023.2 release (neutron-lib 3.8.0) and will be removed once support for the old RBAC API policies will be removed from Neutron. Please use method 'is_service_role' instead.
2026-03-04 02:29:32.043 8 WARNING neutron.scheduler.dhcp_agent_scheduler [None req-7048509f-d3f1-4348-8d4e-e7ea68ce6ef7 ae119c5d3767453f841afc16aea85ca8 d415d15cad7c4e5dae1b340cf898c857 - - default default] No more DHCP agents
2026-03-04 02:29:32.049 8 WARNING neutron.api.rpc.agentnotifiers.dhcp_rpc_agent_api [None req-7048509f-d3f1-4348-8d4e-e7ea68ce6ef7 ae119c5d3767453f841afc16aea85ca8 d415d15cad7c4e5dae1b340cf898c857 - - default default] Unable to schedule network 67d03345-6da4-46df-b83f-76a69f8bdb49: no agents available; will retry on subsequent port and subnet creation events.
2026-03-04 02:29:32.058 9 INFO neutron.plugins.ml2.drivers.ovn.mech_driver.ovsdb.ovsdb_monitor [None req-f05c8a63-d3cf-49a1-9e6b-f355d4f9d529 - - - - - -] Router 1c76d03f-d1e4-4db9-b37b-f31d62ca8dcb is bound to host instance
2026-03-04 02:29:32.143 9 INFO neutron.db.ovn_revision_numbers_db [None req-d383be65-afbd-4478-94e5-2a0f7bc82cea b694b9629e1444bd85d633409135e348 3373fd2c18a2463595396efa1d7b7622 - - default default] Successfully bumped revision number for resource f802ab91-7186-423d-bdec-e9cf04a1b5cf (type: security_groups) to 1
2026-03-04 02:29:32.159 9 INFO neutron.db.ovn_revision_numbers_db [None req-d383be65-afbd-4478-94e5-2a0f7bc82cea b694b9629e1444bd85d633409135e348 3373fd2c18a2463595396efa1d7b7622 - - default default] Successfully bumped revision number for resource 80f4cef6-192b-4cf5-88cc-d94c2578b155 (type: security_group_rules) to 0
2026-03-04 02:29:32.170 9 INFO neutron.db.ovn_revision_numbers_db [None req-d383be65-afbd-4478-94e5-2a0f7bc82cea b694b9629e1444bd85d633409135e348 3373fd2c18a2463595396efa1d7b7622 - - default default] Successfully bumped revision number for resource 90dbdc2d-df7e-459a-ab73-65eca4bbe03d (type: security_group_rules) to 0
2026-03-04 02:29:32.213 9 INFO neutron.api.wsgi [None req-d383be65-afbd-4478-94e5-2a0f7bc82cea b694b9629e1444bd85d633409135e348 3373fd2c18a2463595396efa1d7b7622 - - default default] 10.0.0.40 "POST /v2.0/security-groups HTTP/1.1" status: 201 len: 1860 time: 0.1994078
2026-03-04 02:29:32.221 9 WARNING neutron_lib.context [None req-082f6ba4-433d-4c50-b502-995f65d89a3f b694b9629e1444bd85d633409135e348 3373fd2c18a2463595396efa1d7b7622 - - default default] Method 'is_advsvc' is deprecated since 2023.2 release (neutron-lib 3.8.0) and will be removed once support for the old RBAC API policies will be removed from Neutron. Please use method 'is_service_role' instead.
2026-03-04 02:29:32.271 9 WARNING neutron_lib.context [None req-7fc32efa-cd0a-41a1-aef4-65dc1bf6d570 e78c77361aa54838aad6086fefef51d2 4f87187883ec444e967854cfb06a9d6d - - default default] Method 'is_advsvc' is deprecated since 2023.2 release (neutron-lib 3.8.0) and will be removed once support for the old RBAC API policies will be removed from Neutron. Please use method 'is_service_role' instead.
2026-03-04 02:29:32.393 9 INFO neutron.db.ovn_revision_numbers_db [None req-082f6ba4-433d-4c50-b502-995f65d89a3f b694b9629e1444bd85d633409135e348 3373fd2c18a2463595396efa1d7b7622 - - default default] Successfully bumped revision number for resource 3d7ad25d-7952-4298-9aac-8cfe6e8e5dc9 (type: security_group_rules) to 0
2026-03-04 02:29:32.429 9 INFO neutron.db.ovn_revision_numbers_db [None req-7fc32efa-cd0a-41a1-aef4-65dc1bf6d570 e78c77361aa54838aad6086fefef51d2 4f87187883ec444e967854cfb06a9d6d - - default default] Successfully bumped revision number for resource 29942eef-ae04-49f8-9acf-b9c47c61e069 (type: security_groups) to 1
2026-03-04 02:29:32.437 9 INFO neutron.api.wsgi [None req-082f6ba4-433d-4c50-b502-995f65d89a3f b694b9629e1444bd85d633409135e348 3373fd2c18a2463595396efa1d7b7622 - - default default] 10.0.0.40 "POST /v2.0/security-group-rules HTTP/1.1" status: 201 len: 796 time: 0.2198102
2026-03-04 02:29:32.448 8 WARNING neutron_lib.context [None req-69f5851b-3944-421c-9ff7-ee5ad8817dc5 b694b9629e1444bd85d633409135e348 3373fd2c18a2463595396efa1d7b7622 - - default default] Method 'is_advsvc' is deprecated since 2023.2 release (neutron-lib 3.8.0) and will be removed once support for the old RBAC API policies will be removed from Neutron. Please use method 'is_service_role' instead.
2026-03-04 02:29:32.449 9 INFO neutron.db.ovn_revision_numbers_db [None req-7fc32efa-cd0a-41a1-aef4-65dc1bf6d570 e78c77361aa54838aad6086fefef51d2 4f87187883ec444e967854cfb06a9d6d - - default default] Successfully bumped revision number for resource 4a1d73dc-d788-45bd-b4d5-255641e3cc41 (type: security_group_rules) to 0
2026-03-04 02:29:32.466 9 INFO neutron.db.ovn_revision_numbers_db [None req-7fc32efa-cd0a-41a1-aef4-65dc1bf6d570 e78c77361aa54838aad6086fefef51d2 4f87187883ec444e967854cfb06a9d6d - - default default] Successfully bumped revision number for resource 56ac5004-11fd-4c48-915c-7836f2e290e2 (type: security_group_rules) to 0
