2026-05-11 13:22:09.268 7 WARNING neutron.api.rpc.agentnotifiers.dhcp_rpc_agent_api [None req-c1addd1b-f5dc-4894-824a-f77cc49b1cc3 ee85dea896d9406791a15ef3720a2264 e3128b38f03b444e813709575cb08f42 - - default default] Unable to schedule network a9fcbae6-38b7-4325-9a10-3b20bda774b7: no agents available; will retry on subsequent port and subnet creation events.
2026-05-11 13:22:09.367 8 INFO neutron.plugins.ml2.drivers.ovn.mech_driver.mech_driver [None req-7c54c7ad-98ea-4a2f-8938-6b919f1c063c - - - - - -] OVN reports status down for port: 0cb6a7bc-2fdd-4120-ae66-1359b7bf474c
2026-05-11 13:22:09.450 7 INFO neutron.db.ovn_revision_numbers_db [None req-c1addd1b-f5dc-4894-824a-f77cc49b1cc3 ee85dea896d9406791a15ef3720a2264 e3128b38f03b444e813709575cb08f42 - - default default] Successfully bumped revision number for resource 0cb6a7bc-2fdd-4120-ae66-1359b7bf474c (type: ports) to 1
2026-05-11 13:22:09.486 8 INFO neutron.db.ovn_revision_numbers_db [None req-51df8882-14df-4410-8f8a-e75299c66002 - - - - - -] Successfully bumped revision number for resource 725331f8-a838-4628-a64e-b823826d5a01 (type: ports) to 2 [pid: 7|app: 0|req: 1277/2258] 10.0.0.125 () {34 vars in 670 bytes} [Mon May 11 13:22:08 2026] POST /v2.0/networks => generated 650 bytes in 1010 msecs (HTTP/1.1 201) 4 headers in 162 bytes (1 switches on core 0) [pid: 7|app: 0|req: 1278/2259] 10.0.0.230 () {28 vars in 581 bytes} [Mon May 11 13:22:09 2026] GET /v2.0/agents => generated 1214 bytes in 13 msecs (HTTP/1.1 200) 4 headers in 158 bytes (1 switches on core 0)
2026-05-11 13:22:09.523 8 INFO neutron.db.ovn_revision_numbers_db [None req-51df8882-14df-4410-8f8a-e75299c66002 - - - - - -] Successfully bumped revision number for resource 93190cea-7fa7-449b-97c8-aaa00eb22652 (type: subnets) to 0 [pid: 7|app: 0|req: 1279/2260] 10.0.0.224 () {34 vars in 990 bytes} [Mon May 11 13:22:09 2026] GET /v2.0/ports?device_id=ddfc2926-3c82-4edb-b169-4934957f38cc => generated 975 bytes in 33 msecs (HTTP/1.1 200) 4 headers in 157 bytes (1 switches on core 0) [pid: 8|app: 0|req: 982/2261] 10.0.0.125 () {34 vars in 669 bytes} [Mon May 11 13:22:08 2026] POST /v2.0/subnets => generated 657 bytes in 908 msecs (HTTP/1.1 201) 4 headers in 162 bytes (1 switches on core 0) [pid: 8|app: 0|req: 983/2262] 10.0.0.230 () {28 vars in 619 bytes} [Mon May 11 13:22:09 2026] GET /v2.0/network-ip-availabilities => generated 2278 bytes in 14 msecs (HTTP/1.1 200) 4 headers in 158 bytes (1 switches on core 0)
2026-05-11 13:22:09.621 7 INFO neutron.db.segments_db [None req-e55c409e-9fa7-4bc7-ad5d-a5f0f53e5bc1 ee85dea896d9406791a15ef3720a2264 e3128b38f03b444e813709575cb08f42 - - default default] Added segment 90b8524b-dfe6-4a1b-af20-95b91cdc780f of type geneve for network bfec6925-8845-442c-b04e-e774ef03bfe5 [pid: 8|app: 0|req: 984/2263] 10.0.0.125 () {32 vars in 722 bytes} [Mon May 11 13:22:09 2026] GET /v2.0/subnetpools?name=shared-default-subnetpool-v6 => generated 19 bytes in 96 msecs (HTTP/1.1 200) 4 headers in 156 bytes (1 switches on core 0) [pid: 8|app: 0|req: 985/2264] 10.0.0.224 () {34 vars in 1040 bytes} [Mon May 11 13:22:09 2026] GET /v2.0/security-groups?id=b3a798f1-b696-4c7f-ae5f-f107e8d7e76c&fields=id&fields=name => generated 114 bytes in 27 msecs (HTTP/1.1 200) 4 headers in 157 bytes (1 switches on core 0)
2026-05-11 13:22:09.773 7 INFO neutron.db.ovn_revision_numbers_db [None req-e55c409e-9fa7-4bc7-ad5d-a5f0f53e5bc1 ee85dea896d9406791a15ef3720a2264 e3128b38f03b444e813709575cb08f42 - - default default] Successfully bumped revision number for resource bfec6925-8845-442c-b04e-e774ef03bfe5 (type: networks) to 1
2026-05-11 13:22:09.934 8 WARNING neutron.scheduler.dhcp_agent_scheduler [None req-9cad46a3-e495-497b-906b-9c38409e4f56 f9253389fb164dfb80271a1c761a355e e1563f1429d448d9a8c63d1d1fb0367d - - default default] No more DHCP agents
2026-05-11 13:22:09.935 8 WARNING neutron.api.rpc.agentnotifiers.dhcp_rpc_agent_api [None req-9cad46a3-e495-497b-906b-9c38409e4f56 f9253389fb164dfb80271a1c761a355e e1563f1429d448d9a8c63d1d1fb0367d - - default default] Unable to schedule network 84db2860-fbec-439d-9de2-993048ea5381: no agents available; will retry on subsequent port and subnet creation events.
2026-05-11 13:22:09.954 7 WARNING neutron.scheduler.dhcp_agent_scheduler [None req-e55c409e-9fa7-4bc7-ad5d-a5f0f53e5bc1 ee85dea896d9406791a15ef3720a2264 e3128b38f03b444e813709575cb08f42 - - default default] No more DHCP agents
2026-05-11 13:22:09.956 7 WARNING neutron.api.rpc.agentnotifiers.dhcp_rpc_agent_api [None req-e55c409e-9fa7-4bc7-ad5d-a5f0f53e5bc1 ee85dea896d9406791a15ef3720a2264 e3128b38f03b444e813709575cb08f42 - - default default] Unable to schedule network bfec6925-8845-442c-b04e-e774ef03bfe5: no agents available; will retry on subsequent port and subnet creation events.
2026-05-11 13:22:09.989 8 INFO neutron.db.ovn_revision_numbers_db [None req-9cad46a3-e495-497b-906b-9c38409e4f56 f9253389fb164dfb80271a1c761a355e e1563f1429d448d9a8c63d1d1fb0367d - - default default] Successfully bumped revision number for resource 7dd64795-02f8-4bc1-8852-643161511ac6 (type: subnets) to 0 [pid: 8|app: 0|req: 986/2265] 10.0.0.125 () {34 vars in 669 bytes} [Mon May 11 13:22:09 2026] POST /v2.0/subnets => generated 731 bytes in 366 msecs (HTTP/1.1 201) 4 headers in 162 bytes (1 switches on core 0)
2026-05-11 13:22:10.068 8 INFO neutron.plugins.ml2.drivers.ovn.mech_driver.mech_driver [None req-7c54c7ad-98ea-4a2f-8938-6b919f1c063c - - - - - -] OVN reports status down for port: 34b542d9-723d-4c0e-a563-a877aaa96485
2026-05-11 13:22:10.084 7 INFO neutron.db.ovn_revision_numbers_db [None req-e55c409e-9fa7-4bc7-ad5d-a5f0f53e5bc1 ee85dea896d9406791a15ef3720a2264 e3128b38f03b444e813709575cb08f42 - - default default] Successfully bumped revision number for resource 34b542d9-723d-4c0e-a563-a877aaa96485 (type: ports) to 1 [pid: 8|app: 0|req: 987/2266] 10.0.0.224 () {34 vars in 990 bytes} [Mon May 11 13:22:10 2026] GET /v2.0/ports?device_id=ddfc2926-3c82-4edb-b169-4934957f38cc => generated 975 bytes in 48 msecs (HTTP/1.1 200) 4 headers in 157 bytes (1 switches on core 0) [pid: 7|app: 0|req: 1280/2269] 10.0.0.125 () {34 vars in 670 bytes} [Mon May 11 13:22:09 2026] POST /v2.0/networks => generated 651 bytes in 588 msecs (HTTP/1.1 201) 4 headers in 162 bytes (1 switches on core 0) [pid: 7|app: 0|req: 1281/2270] 10.0.0.224 () {34 vars in 1040 bytes} [Mon May 11 13:22:10 2026] GET /v2.0/security-groups?id=b3a798f1-b696-4c7f-ae5f-f107e8d7e76c&fields=id&fields=name => generated 114 bytes in 36 msecs (HTTP/1.1 200) 4 headers in 157 bytes (1 switches on core 0)
2026-05-11 13:22:10.210 8 INFO neutron.db.segments_db [None req-87d52792-dcc8-45cd-b9fb-d765e235d62e f9253389fb164dfb80271a1c761a355e e1563f1429d448d9a8c63d1d1fb0367d - - default default] Added segment 89ea7521-5996-40e1-80be-118aeb9ab9d6 of type geneve for network d6b2148c-e64b-44fd-ad3c-cc2a4e8d112d [pid: 7|app: 0|req: 1282/2271] 10.0.0.125 () {34 vars in 753 bytes} [Mon May 11 13:22:10 2026] PUT /v2.0/networks/a9fcbae6-38b7-4325-9a10-3b20bda774b7/tags => generated 25 bytes in 76 msecs (HTTP/1.1 200) 4 headers in 156 bytes (1 switches on core 0) [pid: 7|app: 0|req: 1283/2272] 10.0.0.125 () {32 vars in 736 bytes} [Mon May 11 13:22:10 2026] GET /v2.0/ports?device_id=ddfc2926-3c82-4edb-b169-4934957f38cc => generated 1213 bytes in 38 msecs (HTTP/1.1 200) 4 headers in 158 bytes (1 switches on core 0) [pid: 7|app: 0|req: 1284/2273] 10.0.0.125 () {32 vars in 733 bytes} [Mon May 11 13:22:10 2026] GET /v2.0/networks/a9fcbae6-38b7-4325-9a10-3b20bda774b7/tags => generated 25 bytes in 66 msecs (HTTP/1.1 200) 4 headers in 156 bytes (1 switches on core 0)
2026-05-11 13:22:10.370 8 INFO neutron.db.ovn_revision_numbers_db [None req-87d52792-dcc8-45cd-b9fb-d765e235d62e f9253389fb164dfb80271a1c761a355e e1563f1429d448d9a8c63d1d1fb0367d - - default default] Successfully bumped revision number for resource d6b2148c-e64b-44fd-ad3c-cc2a4e8d112d (type: networks) to 1
2026-05-11 13:22:10.586 8 WARNING neutron.scheduler.dhcp_agent_scheduler [None req-87d52792-dcc8-45cd-b9fb-d765e235d62e f9253389fb164dfb80271a1c761a355e e1563f1429d448d9a8c63d1d1fb0367d - - default default] No more DHCP agents
2026-05-11 13:22:10.587 8 WARNING neutron.api.rpc.agentnotifiers.dhcp_rpc_agent_api [None req-87d52792-dcc8-45cd-b9fb-d765e235d62e f9253389fb164dfb80271a1c761a355e e1563f1429d448d9a8c63d1d1fb0367d - - default default] Unable to schedule network d6b2148c-e64b-44fd-ad3c-cc2a4e8d112d: no agents available; will retry on subsequent port and subnet creation events.
2026-05-11 13:22:10.689 8 INFO neutron.plugins.ml2.drivers.ovn.mech_driver.mech_driver [None req-7c54c7ad-98ea-4a2f-8938-6b919f1c063c - - - - - -] OVN reports status down for port: 04130395-761b-40f0-b2c6-8b7779f6a003
2026-05-11 13:22:10.788 8 INFO neutron.db.ovn_revision_numbers_db [None req-87d52792-dcc8-45cd-b9fb-d765e235d62e f9253389fb164dfb80271a1c761a355e e1563f1429d448d9a8c63d1d1fb0367d - - default default] Successfully bumped revision number for resource 04130395-761b-40f0-b2c6-8b7779f6a003 (type: ports) to 1 [pid: 8|app: 0|req: 990/2274] 10.0.0.125 () {34 vars in 670 bytes} [Mon May 11 13:22:10 2026] POST /v2.0/networks => generated 656 bytes in 769 msecs (HTTP/1.1 201) 4 headers in 162 bytes (1 switches on core 0)
2026-05-11 13:22:10.961 7 INFO neutron.db.ovn_revision_numbers_db [None req-489b5ad5-de95-45db-b5cd-f6ed827b27b7 0765d229e59f4c87bd5f8b3fa04ae8c7 dc2d3661605a4a0f9ba250ce28c47d62 - - default default] Successfully bumped revision number for resource 859aa078-f465-4115-a04f-31deda66c37b (type: floatingips) to 4 [pid: 8|app: 0|req: 991/2275] 10.0.0.125 () {34 vars in 753 bytes} [Mon May 11 13:22:10 2026] PUT /v2.0/networks/bfec6925-8845-442c-b04e-e774ef03bfe5/tags => generated 17 bytes in 145 msecs (HTTP/1.1 200) 4 headers in 156 bytes (1 switches on core 0) /var/lib/openstack/lib/python3.12/site-packages/pycadf/identifier.py:70: UserWarning: Invalid uuid: neutron. To ensure interoperability, identifiers should be a valid uuid. warnings.warn(('Invalid uuid: %s. To ensure interoperability, '
2026-05-11 13:22:11.109 7 INFO neutron.db.ovn_revision_numbers_db [None req-489b5ad5-de95-45db-b5cd-f6ed827b27b7 0765d229e59f4c87bd5f8b3fa04ae8c7 dc2d3661605a4a0f9ba250ce28c47d62 - - default default] Successfully bumped revision number for resource 859aa078-f465-4115-a04f-31deda66c37b (type: floatingips) to 5
2026-05-11 13:22:11.110 7 INFO neutron.db.l3_db [None req-489b5ad5-de95-45db-b5cd-f6ed827b27b7 0765d229e59f4c87bd5f8b3fa04ae8c7 dc2d3661605a4a0f9ba250ce28c47d62 - - default default] Floating IP 859aa078-f465-4115-a04f-31deda66c37b associated. External IP: 10.96.250.208, port: 9bfde8ba-99e8-4cf2-ab65-303db7b74994. [pid: 7|app: 0|req: 1285/2276] 10.0.0.125 () {34 vars in 749 bytes} [Mon May 11 13:22:10 2026] PUT /v2.0/floatingips/859aa078-f465-4115-a04f-31deda66c37b => generated 856 bytes in 799 msecs (HTTP/1.1 200) 4 headers in 157 bytes (1 switches on core 0)
2026-05-11 13:22:11.194 7 INFO neutron.notifiers.nova [-] Nova event matching ['req-decb2151-4747-43c2-9a1c-33621cc912bb'] response: {'name': 'network-changed', 'server_uuid': 'ddfc2926-3c82-4edb-b169-4934957f38cc', 'tag': '9bfde8ba-99e8-4cf2-ab65-303db7b74994', 'status': 'completed', 'code': 200}
2026-05-11 13:22:11.197 8 WARNING neutron.scheduler.dhcp_agent_scheduler [None req-60b408c3-8003-4f17-a438-5cbb306f58f7 f9253389fb164dfb80271a1c761a355e e1563f1429d448d9a8c63d1d1fb0367d - - default default] No more DHCP agents
2026-05-11 13:22:11.198 8 WARNING neutron.api.rpc.agentnotifiers.dhcp_rpc_agent_api [None req-60b408c3-8003-4f17-a438-5cbb306f58f7 f9253389fb164dfb80271a1c761a355e e1563f1429d448d9a8c63d1d1fb0367d - - default default] Unable to schedule network d6b2148c-e64b-44fd-ad3c-cc2a4e8d112d: no agents available; will retry on subsequent port and subnet creation events. [pid: 7|app: 0|req: 1286/2277] 10.0.0.125 () {32 vars in 733 bytes} [Mon May 11 13:22:11 2026] GET /v2.0/networks/bfec6925-8845-442c-b04e-e774ef03bfe5/tags => generated 17 bytes in 56 msecs (HTTP/1.1 200) 4 headers in 156 bytes (1 switches on core 0) [pid: 7|app: 0|req: 1287/2278] 10.0.0.125 () {32 vars in 729 bytes} [Mon May 11 13:22:11 2026] GET /v2.0/floatingips/859aa078-f465-4115-a04f-31deda66c37b => generated 858 bytes in 38 msecs (HTTP/1.1 200) 4 headers in 157 bytes (1 switches on core 0) [pid: 7|app: 0|req: 1288/2279] 10.0.0.125 () {34 vars in 753 bytes} [Mon May 11 13:22:11 2026] PUT /v2.0/networks/bfec6925-8845-442c-b04e-e774ef03bfe5/tags => generated 12 bytes in 62 msecs (HTTP/1.1 200) 4 headers in 156 bytes (1 switches on core 0) [pid: 7|app: 0|req: 1289/2280] 10.0.0.125 () {32 vars in 733 bytes} [Mon May 11 13:22:11 2026] GET /v2.0/networks/bfec6925-8845-442c-b04e-e774ef03bfe5/tags => generated 12 bytes in 47 msecs (HTTP/1.1 200) 4 headers in 156 bytes (1 switches on core 0) [pid: 7|app: 0|req: 1290/2281] 10.0.0.125 () {32 vars in 733 bytes} [Mon May 11 13:22:11 2026] GET /v2.0/networks/a9fcbae6-38b7-4325-9a10-3b20bda774b7/tags => generated 25 bytes in 45 msecs (HTTP/1.1 200) 4 headers in 156 bytes (1 switches on core 0)
2026-05-11 13:22:11.537 7 INFO neutron_taas.services.taas.taas_plugin [None req-09b29e95-4cb6-4845-931d-d804a3f5509a ee85dea896d9406791a15ef3720a2264 e3128b38f03b444e813709575cb08f42 - - default default] TaaS: Handle Delete Port: 0cb6a7bc-2fdd-4120-ae66-1359b7bf474c
2026-05-11 13:22:11.540 7 INFO neutron_taas.services.taas.tap_mirror_plugin [None req-09b29e95-4cb6-4845-931d-d804a3f5509a ee85dea896d9406791a15ef3720a2264 e3128b38f03b444e813709575cb08f42 - - default default] Tap Mirror: Handle Delete Port: 0cb6a7bc-2fdd-4120-ae66-1359b7bf474c
2026-05-11 13:22:11.704 8 INFO neutron.db.ovn_revision_numbers_db [None req-320f822b-0100-4cf9-a6ce-7953cf0a8ed9 - - - - - -] Successfully bumped revision number for resource 04130395-761b-40f0-b2c6-8b7779f6a003 (type: ports) to 2
2026-05-11 13:22:11.758 8 INFO neutron.db.ovn_revision_numbers_db [None req-320f822b-0100-4cf9-a6ce-7953cf0a8ed9 - - - - - -] Successfully bumped revision number for resource a5daec47-f05e-44f9-80bb-23f5aa597bb0 (type: subnets) to 0 [pid: 8|app: 0|req: 992/2282] 10.0.0.125 () {34 vars in 669 bytes} [Mon May 11 13:22:11 2026] POST /v2.0/subnets => generated 656 bytes in 771 msecs (HTTP/1.1 201) 4 headers in 162 bytes (1 switches on core 0)
2026-05-11 13:22:11.808 7 INFO neutron.services.segments.plugin [-] Segment 59387a9a-b05b-49ee-9a6a-9db7abff5171 resource provider aggregate not found
2026-05-11 13:22:11.820 7 INFO neutron.services.segments.plugin [-] Segment 59387a9a-b05b-49ee-9a6a-9db7abff5171 resource provider aggregate not found [pid: 8|app: 0|req: 993/2283] 199.19.213.145 () {34 vars in 1080 bytes} [Mon May 11 13:22:11 2026] GET /v2.0/ports?tenant_id=dc2d3661605a4a0f9ba250ce28c47d62&device_id=ddfc2926-3c82-4edb-b169-4934957f38cc => generated 1213 bytes in 45 msecs (HTTP/1.1 200) 4 headers in 158 bytes (1 switches on core 0)
2026-05-11 13:22:11.841 7 INFO neutron.services.segments.plugin [-] Segment 59387a9a-b05b-49ee-9a6a-9db7abff5171 resource provider not found; error: Placement Client Error (4xx): {"errors": [{"status": 404, "title": "Not Found", "detail": "The resource could not be found.\n\n No resource provider with uuid 59387a9a-b05b-49ee-9a6a-9db7abff5171 found for delete ", "request_id": "req-a9b9436a-f481-4b51-a7d4-a863f5ed46a8"}]}
2026-05-11 13:22:11.843 7 INFO neutron.services.segments.plugin [-] Segment 59387a9a-b05b-49ee-9a6a-9db7abff5171 resource provider not found; error: Placement Client Error (4xx): {"errors": [{"status": 404, "title": "Not Found", "detail": "The resource could not be found.\n\n No resource provider with uuid 59387a9a-b05b-49ee-9a6a-9db7abff5171 found for delete ", "request_id": "req-1a9c7650-0827-4c15-ad0d-c06a9f10e899"}]} [pid: 7|app: 0|req: 1291/2284] 10.0.0.125 () {32 vars in 726 bytes} [Mon May 11 13:22:11 2026] DELETE /v2.0/networks/a9fcbae6-38b7-4325-9a10-3b20bda774b7 => generated 0 bytes in 475 msecs (HTTP/1.1 204) 3 headers in 131 bytes (1 switches on core 0) [pid: 7|app: 0|req: 1292/2285] 199.19.213.145 () {34 vars in 986 bytes} [Mon May 11 13:22:11 2026] GET /v2.0/networks?id=aefd7d5c-2a98-410b-8e0c-9afd04c3f559 => generated 798 bytes in 42 msecs (HTTP/1.1 200) 4 headers in 157 bytes (1 switches on core 0)
2026-05-11 13:22:12.054 8 WARNING neutron.scheduler.dhcp_agent_scheduler [None req-a3ab0c6d-c358-44b3-8c03-f6ade8eeb695 f9253389fb164dfb80271a1c761a355e e1563f1429d448d9a8c63d1d1fb0367d - - default default] No more DHCP agents
2026-05-11 13:22:12.056 8 WARNING neutron.api.rpc.agentnotifiers.dhcp_rpc_agent_api [None req-a3ab0c6d-c358-44b3-8c03-f6ade8eeb695 f9253389fb164dfb80271a1c761a355e e1563f1429d448d9a8c63d1d1fb0367d - - default default] Unable to schedule network d6b2148c-e64b-44fd-ad3c-cc2a4e8d112d: no agents available; will retry on subsequent port and subnet creation events.
2026-05-11 13:22:12.056 7 INFO neutron_taas.services.taas.taas_plugin [None req-2fd06863-61fa-4edf-9fea-38523317e947 ee85dea896d9406791a15ef3720a2264 e3128b38f03b444e813709575cb08f42 - - default default] TaaS: Handle Delete Port: 34b542d9-723d-4c0e-a563-a877aaa96485
2026-05-11 13:22:12.060 7 INFO neutron_taas.services.taas.tap_mirror_plugin [None req-2fd06863-61fa-4edf-9fea-38523317e947 ee85dea896d9406791a15ef3720a2264 e3128b38f03b444e813709575cb08f42 - - default default] Tap Mirror: Handle Delete Port: 34b542d9-723d-4c0e-a563-a877aaa96485
2026-05-11 13:22:12.096 8 INFO neutron.db.ovn_revision_numbers_db [None req-a3ab0c6d-c358-44b3-8c03-f6ade8eeb695 f9253389fb164dfb80271a1c761a355e e1563f1429d448d9a8c63d1d1fb0367d - - default default] Successfully bumped revision number for resource a9dfc90d-19ac-4392-9427-c35b7851a7ac (type: subnets) to 0 [pid: 8|app: 0|req: 994/2286] 10.0.0.125 () {34 vars in 669 bytes} [Mon May 11 13:22:11 2026] POST /v2.0/subnets => generated 725 bytes in 287 msecs (HTTP/1.1 201) 4 headers in 162 bytes (1 switches on core 0) [pid: 8|app: 0|req: 995/2287] 199.19.213.145 () {34 vars in 1060 bytes} [Mon May 11 13:22:12 2026] GET /v2.0/floatingips?fixed_ip_address=10.100.0.10&port_id=9bfde8ba-99e8-4cf2-ab65-303db7b74994 => generated 861 bytes in 42 msecs (HTTP/1.1 200) 4 headers in 157 bytes (1 switches on core 0)
2026-05-11 13:22:12.276 8 INFO neutron.db.segments_db [None req-8cad1f2c-c904-494d-9ad9-0a417708663e f9253389fb164dfb80271a1c761a355e e1563f1429d448d9a8c63d1d1fb0367d - - default default] Added segment 1e31025a-4c16-46ab-b361-ee892bcf9fc2 of type geneve for network 6cf6f458-6a2e-427c-abc2-466b2425b3a5 [pid: 7|app: 0|req: 1293/2288] 10.0.0.125 () {32 vars in 726 bytes} [Mon May 11 13:22:11 2026] DELETE /v2.0/networks/bfec6925-8845-442c-b04e-e774ef03bfe5 => generated 0 bytes in 393 msecs (HTTP/1.1 204) 3 headers in 131 bytes (1 switches on core 0) [pid: 7|app: 0|req: 1294/2289] 199.19.213.145 () {34 vars in 984 bytes} [Mon May 11 13:22:12 2026] GET /v2.0/subnets?id=385d6447-8a99-415d-8de5-fa024b0db826 => generated 678 bytes in 28 msecs (HTTP/1.1 200) 4 headers in 157 bytes (1 switches on core 0) [pid: 7|app: 0|req: 1295/2290] 199.19.213.145 () {34 vars in 1052 bytes} [Mon May 11 13:22:12 2026] GET /v2.0/ports?network_id=aefd7d5c-2a98-410b-8e0c-9afd04c3f559&device_owner=network%3Adhcp => generated 12 bytes in 18 msecs (HTTP/1.1 200) 4 headers in 156 bytes (1 switches on core 0)
2026-05-11 13:22:12.437 8 INFO neutron.db.ovn_revision_numbers_db [None req-8cad1f2c-c904-494d-9ad9-0a417708663e f9253389fb164dfb80271a1c761a355e e1563f1429d448d9a8c63d1d1fb0367d - - default default] Successfully bumped revision number for resource 6cf6f458-6a2e-427c-abc2-466b2425b3a5 (type: networks) to 1 [pid: 7|app: 0|req: 1296/2291] 199.19.213.145 () {34 vars in 1012 bytes} [Mon May 11 13:22:12 2026] GET /v2.0/networks/aefd7d5c-2a98-410b-8e0c-9afd04c3f559?fields=segments => generated 14 bytes in 71 msecs (HTTP/1.1 200) 4 headers in 156 bytes (1 switches on core 0) [pid: 7|app: 0|req: 1297/2292] 199.19.213.145 () {34 vars in 1112 bytes} [Mon May 11 13:22:12 2026] GET /v2.0/networks/aefd7d5c-2a98-410b-8e0c-9afd04c3f559?fields=provider%3Aphysical_network&fields=provider%3Anetwork_type => generated 79 bytes in 47 msecs (HTTP/1.1 200) 4 headers in 156 bytes (1 switches on core 0)
2026-05-11 13:22:12.640 8 WARNING neutron.scheduler.dhcp_agent_scheduler [None req-8cad1f2c-c904-494d-9ad9-0a417708663e f9253389fb164dfb80271a1c761a355e e1563f1429d448d9a8c63d1d1fb0367d - - default default] No more DHCP agents
2026-05-11 13:22:12.642 8 WARNING neutron.api.rpc.agentnotifiers.dhcp_rpc_agent_api [None req-8cad1f2c-c904-494d-9ad9-0a417708663e f9253389fb164dfb80271a1c761a355e e1563f1429d448d9a8c63d1d1fb0367d - - default default] Unable to schedule network 6cf6f458-6a2e-427c-abc2-466b2425b3a5: no agents available; will retry on subsequent port and subnet creation events.
2026-05-11 13:22:12.718 8 INFO neutron.plugins.ml2.drivers.ovn.mech_driver.mech_driver [None req-7c54c7ad-98ea-4a2f-8938-6b919f1c063c - - - - - -] OVN reports status down for port: aa26b41d-52b1-427d-b9a3-f5afbc95d1a4
2026-05-11 13:22:12.786 8 INFO neutron.db.ovn_revision_numbers_db [None req-8cad1f2c-c904-494d-9ad9-0a417708663e f9253389fb164dfb80271a1c761a355e e1563f1429d448d9a8c63d1d1fb0367d - - default default] Successfully bumped revision number for resource aa26b41d-52b1-427d-b9a3-f5afbc95d1a4 (type: ports) to 1 [pid: 8|app: 0|req: 996/2293] 10.0.0.125 () {34 vars in 670 bytes} [Mon May 11 13:22:12 2026] POST /v2.0/networks => generated 657 bytes in 676 msecs (HTTP/1.1 201) 4 headers in 162 bytes (1 switches on core 0)
2026-05-11 13:22:13.027 7 WARNING neutron.scheduler.dhcp_agent_scheduler [None req-d56d0f60-fcc9-4b19-bfc4-111a4e2ecc25 f9253389fb164dfb80271a1c761a355e e1563f1429d448d9a8c63d1d1fb0367d - - default default] No more DHCP agents
2026-05-11 13:22:13.028 7 WARNING neutron.api.rpc.agentnotifiers.dhcp_rpc_agent_api [None req-d56d0f60-fcc9-4b19-bfc4-111a4e2ecc25 f9253389fb164dfb80271a1c761a355e e1563f1429d448d9a8c63d1d1fb0367d - - default default] Unable to schedule network 6cf6f458-6a2e-427c-abc2-466b2425b3a5: no agents available; will retry on subsequent port and subnet creation events. [pid: 8|app: 0|req: 997/2294] 10.0.0.125 () {32 vars in 774 bytes} [Mon May 11 13:22:12 2026] GET /v2.0/security-groups?tenant_id=e3128b38f03b444e813709575cb08f42&name=default => generated 2929 bytes in 127 msecs (HTTP/1.1 200) 4 headers in 158 bytes (1 switches on core 0) [pid: 8|app: 0|req: 998/2295] 10.0.0.125 () {32 vars in 740 bytes} [Mon May 11 13:22:13 2026] DELETE /v2.0/security-groups/a475b9b2-6731-4405-aece-7af4b7b1acae => generated 0 bytes in 284 msecs (HTTP/1.1 204) 2 headers in 112 bytes (1 switches on core 0)
2026-05-11 13:22:13.546 7 INFO neutron.db.ovn_revision_numbers_db [None req-1d604592-c59e-4ea7-8e6e-639c807c9bec - - - - - -] Successfully bumped revision number for resource aa26b41d-52b1-427d-b9a3-f5afbc95d1a4 (type: ports) to 2
2026-05-11 13:22:13.580 7 INFO neutron.db.ovn_revision_numbers_db [None req-1d604592-c59e-4ea7-8e6e-639c807c9bec - - - - - -] Successfully bumped revision number for resource 5426b83d-e077-4f72-bb1e-fa895a8a1b61 (type: subnets) to 0 [pid: 7|app: 0|req: 1298/2296] 10.0.0.125 () {34 vars in 669 bytes} [Mon May 11 13:22:12 2026] POST /v2.0/subnets => generated 654 bytes in 775 msecs (HTTP/1.1 201) 4 headers in 162 bytes (1 switches on core 0)
2026-05-11 13:22:13.725 8 INFO neutron.db.ovn_revision_numbers_db [None req-0844ced6-455d-4980-97cf-30521db0d765 4afb183cb53c4ca6a4858a778daeb745 155722744d41424aab0b6bfb856f05fa - - default default] Successfully bumped revision number for resource 563bc9de-cc1e-492e-8d36-aeada50f6a36 (type: security_groups) to 1
2026-05-11 13:22:13.745 8 INFO neutron.db.ovn_revision_numbers_db [None req-0844ced6-455d-4980-97cf-30521db0d765 4afb183cb53c4ca6a4858a778daeb745 155722744d41424aab0b6bfb856f05fa - - default default] Successfully bumped revision number for resource 4ea2b87b-2580-4fd6-bf19-602ce4e67b1f (type: security_group_rules) to 0
2026-05-11 13:22:13.829 8 INFO neutron.db.ovn_revision_numbers_db [None req-0844ced6-455d-4980-97cf-30521db0d765 4afb183cb53c4ca6a4858a778daeb745 155722744d41424aab0b6bfb856f05fa - - default default] Successfully bumped revision number for resource 593e031c-9a66-47b2-b64e-938176f294b1 (type: security_group_rules) to 0
2026-05-11 13:22:13.859 8 INFO neutron.db.ovn_revision_numbers_db [None req-0844ced6-455d-4980-97cf-30521db0d765 4afb183cb53c4ca6a4858a778daeb745 155722744d41424aab0b6bfb856f05fa - - default default] Successfully bumped revision number for resource 8eac8dfd-9bc4-419b-8c96-f1efa1a1f7a3 (type: security_group_rules) to 0
2026-05-11 13:22:13.869 7 INFO neutron.services.segments.plugin [-] Segment 90b8524b-dfe6-4a1b-af20-95b91cdc780f resource provider aggregate not found
2026-05-11 13:22:13.877 7 INFO neutron.services.segments.plugin [-] Segment 90b8524b-dfe6-4a1b-af20-95b91cdc780f resource provider aggregate not found
2026-05-11 13:22:13.883 8 INFO neutron.db.ovn_revision_numbers_db [None req-0844ced6-455d-4980-97cf-30521db0d765 4afb183cb53c4ca6a4858a778daeb745 155722744d41424aab0b6bfb856f05fa - - default default] Successfully bumped revision number for resource d4d0647e-121f-48e0-8649-f9e65320d031 (type: security_group_rules) to 0
2026-05-11 13:22:13.893 7 INFO neutron.services.segments.plugin [-] Segment 90b8524b-dfe6-4a1b-af20-95b91cdc780f resource provider not found; error: Placement Client Error (4xx): {"errors": [{"status": 404, "title": "Not Found", "detail": "The resource could not be found.\n\n No resource provider with uuid 90b8524b-dfe6-4a1b-af20-95b91cdc780f found for delete ", "request_id": "req-208fff1c-ea48-438d-aada-e0960e352560"}]}
2026-05-11 13:22:13.908 7 INFO neutron.services.segments.plugin [-] Segment 90b8524b-dfe6-4a1b-af20-95b91cdc780f resource provider not found; error: Placement Client Error (4xx): {"errors": [{"status": 404, "title": "Not Found", "detail": "The resource could not be found.\n\n No resource provider with uuid 90b8524b-dfe6-4a1b-af20-95b91cdc780f found for delete ", "request_id": "req-66222169-15d1-409c-8def-84e9eb7a5ec2"}]} [pid: 8|app: 0|req: 999/2297] 10.0.0.125 () {32 vars in 774 bytes} [Mon May 11 13:22:13 2026] GET /v2.0/security-groups?tenant_id=845809e0ea2449f08b2b39e481a9b5e0&name=default => generated 2929 bytes in 437 msecs (HTTP/1.1 200) 4 headers in 158 bytes (1 switches on core 0)
2026-05-11 13:22:13.968 7 WARNING neutron.scheduler.dhcp_agent_scheduler [None req-d0e3c562-3002-40c6-aba6-acb75edff53d f9253389fb164dfb80271a1c761a355e e1563f1429d448d9a8c63d1d1fb0367d - - default default] No more DHCP agents
2026-05-11 13:22:13.969 7 WARNING neutron.api.rpc.agentnotifiers.dhcp_rpc_agent_api [None req-d0e3c562-3002-40c6-aba6-acb75edff53d f9253389fb164dfb80271a1c761a355e e1563f1429d448d9a8c63d1d1fb0367d - - default default] Unable to schedule network 6cf6f458-6a2e-427c-abc2-466b2425b3a5: no agents available; will retry on subsequent port and subnet creation events.
2026-05-11 13:22:14.005 7 INFO neutron.db.ovn_revision_numbers_db [None req-d0e3c562-3002-40c6-aba6-acb75edff53d f9253389fb164dfb80271a1c761a355e e1563f1429d448d9a8c63d1d1fb0367d - - default default] Successfully bumped revision number for resource 73bcd7fd-d2f3-4410-8bc6-c43862bbfd30 (type: subnets) to 0 [pid: 7|app: 0|req: 1299/2298] 10.0.0.125 () {34 vars in 669 bytes} [Mon May 11 13:22:13 2026] POST /v2.0/subnets => generated 729 bytes in 408 msecs (HTTP/1.1 201) 4 headers in 162 bytes (1 switches on core 0) [pid: 8|app: 0|req: 1000/2299] 10.0.0.125 () {32 vars in 740 bytes} [Mon May 11 13:22:13 2026] DELETE /v2.0/security-groups/563bc9de-cc1e-492e-8d36-aeada50f6a36 => generated 0 bytes in 340 msecs (HTTP/1.1 204) 2 headers in 112 bytes (1 switches on core 0)
2026-05-11 13:22:14.520 7 WARNING neutron.scheduler.dhcp_agent_scheduler [None req-79962a3d-f5b2-4242-ba41-ba566e03a8eb f9253389fb164dfb80271a1c761a355e e1563f1429d448d9a8c63d1d1fb0367d - - default default] No more DHCP agents
2026-05-11 13:22:14.521 7 WARNING neutron.api.rpc.agentnotifiers.dhcp_rpc_agent_api [None req-79962a3d-f5b2-4242-ba41-ba566e03a8eb f9253389fb164dfb80271a1c761a355e e1563f1429d448d9a8c63d1d1fb0367d - - default default] Unable to schedule network 059e6935-1f0e-40ea-940e-2bcac41ef846: no agents available; will retry on subsequent port and subnet creation events.
2026-05-11 13:22:14.684 8 INFO neutron.plugins.ml2.drivers.ovn.mech_driver.mech_driver [None req-7c54c7ad-98ea-4a2f-8938-6b919f1c063c - - - - - -] OVN reports status down for port: e7ac4400-9a76-4174-b248-888fc41033a1
2026-05-11 13:22:14.783 7 INFO neutron.db.ovn_revision_numbers_db [None req-79962a3d-f5b2-4242-ba41-ba566e03a8eb f9253389fb164dfb80271a1c761a355e e1563f1429d448d9a8c63d1d1fb0367d - - default default] Successfully bumped revision number for resource e7ac4400-9a76-4174-b248-888fc41033a1 (type: ports) to 1
2026-05-11 13:22:15.435 7 INFO neutron.plugins.ml2.drivers.ovn.mech_driver.ovsdb.commands [-] Schedule LRP lrp-e7ac4400-9a76-4174-b248-888fc41033a1 on gateway 87741678-b376-4c41-bf97-dc6b96a82e67 with priority 1
2026-05-11 13:22:15.532 8 INFO neutron.plugins.ml2.drivers.ovn.mech_driver.ovsdb.ovsdb_monitor [None req-cdcc7b33-9dd6-4731-828b-f3db2805fa20 - - - - - -] Router 769bd4b7-ae20-4bd6-9357-58a86708fff1 is bound to host instance
2026-05-11 13:22:15.558 8 INFO neutron.plugins.ml2.drivers.ovn.mech_driver.mech_driver [None req-7c54c7ad-98ea-4a2f-8938-6b919f1c063c - - - - - -] OVN reports status up for port: e7ac4400-9a76-4174-b248-888fc41033a1
2026-05-11 13:22:15.581 7 INFO neutron.db.ovn_revision_numbers_db [None req-79962a3d-f5b2-4242-ba41-ba566e03a8eb f9253389fb164dfb80271a1c761a355e e1563f1429d448d9a8c63d1d1fb0367d - - default default] Successfully bumped revision number for resource e7ac4400-9a76-4174-b248-888fc41033a1 (type: router_ports) to 1
2026-05-11 13:22:15.595 8 INFO neutron.plugins.ml2.plugin [None req-7c54c7ad-98ea-4a2f-8938-6b919f1c063c - - - - - -] Attempt 1 to provision port e7ac4400-9a76-4174-b248-888fc41033a1
2026-05-11 13:22:15.660 7 INFO neutron.db.ovn_revision_numbers_db [None req-79962a3d-f5b2-4242-ba41-ba566e03a8eb f9253389fb164dfb80271a1c761a355e e1563f1429d448d9a8c63d1d1fb0367d - - default default] Successfully bumped revision number for resource 769bd4b7-ae20-4bd6-9357-58a86708fff1 (type: routers) to 2 [pid: 7|app: 0|req: 1300/2300] 10.0.0.125 () {34 vars in 669 bytes} [Mon May 11 13:22:14 2026] POST /v2.0/routers => generated 945 bytes in 1651 msecs (HTTP/1.1 201) 4 headers in 162 bytes (1 switches on core 0)
2026-05-11 13:22:16.677 8 WARNING neutron.scheduler.dhcp_agent_scheduler [None req-70f7b6fa-d1a0-4611-9760-b3c21e3003ab f9253389fb164dfb80271a1c761a355e e1563f1429d448d9a8c63d1d1fb0367d - - default default] No more DHCP agents
2026-05-11 13:22:16.683 8 WARNING neutron.api.rpc.agentnotifiers.dhcp_rpc_agent_api [None req-70f7b6fa-d1a0-4611-9760-b3c21e3003ab f9253389fb164dfb80271a1c761a355e e1563f1429d448d9a8c63d1d1fb0367d - - default default] Unable to schedule network 84db2860-fbec-439d-9de2-993048ea5381: no agents available; will retry on subsequent port and subnet creation events.
2026-05-11 13:22:16.991 8 INFO neutron.db.ovn_revision_numbers_db [None req-70f7b6fa-d1a0-4611-9760-b3c21e3003ab f9253389fb164dfb80271a1c761a355e e1563f1429d448d9a8c63d1d1fb0367d - - default default] Successfully bumped revision number for resource 0cced916-7bae-4779-a3ba-77913b6a264c (type: ports) to 1
2026-05-11 13:22:17.199 8 INFO neutron.db.ovn_revision_numbers_db [None req-eec72581-d0bd-46c0-a99c-adc5fe96f09a - - - - - -] Successfully bumped revision number for resource e7ac4400-9a76-4174-b248-888fc41033a1 (type: ports) to 4
2026-05-11 13:22:18.011 8 INFO neutron.db.ovn_revision_numbers_db [None req-eec72581-d0bd-46c0-a99c-adc5fe96f09a - - - - - -] Successfully bumped revision number for resource e7ac4400-9a76-4174-b248-888fc41033a1 (type: ports) to 5
2026-05-11 13:22:18.373 8 WARNING neutron.scheduler.dhcp_agent_scheduler [None req-70f7b6fa-d1a0-4611-9760-b3c21e3003ab f9253389fb164dfb80271a1c761a355e e1563f1429d448d9a8c63d1d1fb0367d - - default default] No more DHCP agents
2026-05-11 13:22:18.374 8 WARNING neutron.api.rpc.agentnotifiers.dhcp_rpc_agent_api [None req-70f7b6fa-d1a0-4611-9760-b3c21e3003ab f9253389fb164dfb80271a1c761a355e e1563f1429d448d9a8c63d1d1fb0367d - - default default] Unable to schedule network 84db2860-fbec-439d-9de2-993048ea5381: no agents available; will retry on subsequent port and subnet creation events.
2026-05-11 13:22:18.825 8 INFO neutron.plugins.ml2.drivers.ovn.mech_driver.mech_driver [None req-7c54c7ad-98ea-4a2f-8938-6b919f1c063c - - - - - -] OVN reports status down for port: 0cced916-7bae-4779-a3ba-77913b6a264c
2026-05-11 13:22:18.876 8 INFO neutron.db.ovn_revision_numbers_db [None req-70f7b6fa-d1a0-4611-9760-b3c21e3003ab f9253389fb164dfb80271a1c761a355e e1563f1429d448d9a8c63d1d1fb0367d - - default default] Successfully bumped revision number for resource 0cced916-7bae-4779-a3ba-77913b6a264c (type: router_ports) to 1 [pid: 8|app: 0|req: 1001/2301] 10.0.0.125 () {34 vars in 783 bytes} [Mon May 11 13:22:15 2026] PUT /v2.0/routers/769bd4b7-ae20-4bd6-9357-58a86708fff1/add_router_interface => generated 309 bytes in 3196 msecs (HTTP/1.1 200) 4 headers in 157 bytes (1 switches on core 0)
2026-05-11 13:22:18.909 8 WARNING neutron.plugins.ml2.drivers.ovn.mech_driver.ovsdb.ovn_client [None req-7c54c7ad-98ea-4a2f-8938-6b919f1c063c - - - - - -] Logical_Switch_Port %s host information not removed, the port state is up
2026-05-11 13:22:18.909 8 INFO neutron.plugins.ml2.drivers.ovn.mech_driver.mech_driver [None req-7c54c7ad-98ea-4a2f-8938-6b919f1c063c - - - - - -] OVN reports status up for port: 0cced916-7bae-4779-a3ba-77913b6a264c
2026-05-11 13:22:18.920 8 INFO neutron.plugins.ml2.plugin [None req-7c54c7ad-98ea-4a2f-8938-6b919f1c063c - - - - - -] Attempt 1 to provision port 0cced916-7bae-4779-a3ba-77913b6a264c
2026-05-11 13:22:19.341 8 INFO neutron.db.ovn_revision_numbers_db [None req-7c54c7ad-98ea-4a2f-8938-6b919f1c063c - - - - - -] Successfully bumped revision number for resource 0cced916-7bae-4779-a3ba-77913b6a264c (type: ports) to 2
2026-05-11 13:22:19.466 7 WARNING neutron.scheduler.dhcp_agent_scheduler [None req-713425ef-a6b4-4da1-a8f8-fd7237e1e454 f9253389fb164dfb80271a1c761a355e e1563f1429d448d9a8c63d1d1fb0367d - - default default] No more DHCP agents
2026-05-11 13:22:19.469 7 WARNING neutron.api.rpc.agentnotifiers.dhcp_rpc_agent_api [None req-713425ef-a6b4-4da1-a8f8-fd7237e1e454 f9253389fb164dfb80271a1c761a355e e1563f1429d448d9a8c63d1d1fb0367d - - default default] Unable to schedule network d6b2148c-e64b-44fd-ad3c-cc2a4e8d112d: no agents available; will retry on subsequent port and subnet creation events.
2026-05-11 13:22:19.676 7 INFO neutron.db.ovn_revision_numbers_db [None req-713425ef-a6b4-4da1-a8f8-fd7237e1e454 f9253389fb164dfb80271a1c761a355e e1563f1429d448d9a8c63d1d1fb0367d - - default default] Successfully bumped revision number for resource a3c9caa9-8c0e-43af-bc28-ef28c80dea76 (type: ports) to 1 [pid: 8|app: 0|req: 1002/2302] 10.0.0.166 () {34 vars in 990 bytes} [Mon May 11 13:22:19 2026] GET /v2.0/ports?device_id=ddfc2926-3c82-4edb-b169-4934957f38cc => generated 1213 bytes in 54 msecs (HTTP/1.1 200) 4 headers in 158 bytes (1 switches on core 0) [pid: 8|app: 0|req: 1003/2303] 10.0.0.166 () {34 vars in 1040 bytes} [Mon May 11 13:22:19 2026] GET /v2.0/security-groups?id=b3a798f1-b696-4c7f-ae5f-f107e8d7e76c&fields=id&fields=name => generated 114 bytes in 44 msecs (HTTP/1.1 200) 4 headers in 157 bytes (1 switches on core 0)
2026-05-11 13:22:20.498 7 WARNING neutron.scheduler.dhcp_agent_scheduler [None req-713425ef-a6b4-4da1-a8f8-fd7237e1e454 f9253389fb164dfb80271a1c761a355e e1563f1429d448d9a8c63d1d1fb0367d - - default default] No more DHCP agents
2026-05-11 13:22:20.499 7 WARNING neutron.api.rpc.agentnotifiers.dhcp_rpc_agent_api [None req-713425ef-a6b4-4da1-a8f8-fd7237e1e454 f9253389fb164dfb80271a1c761a355e e1563f1429d448d9a8c63d1d1fb0367d - - default default] Unable to schedule network d6b2148c-e64b-44fd-ad3c-cc2a4e8d112d: no agents available; will retry on subsequent port and subnet creation events.
2026-05-11 13:22:20.955 7 INFO neutron.db.ovn_revision_numbers_db [None req-713425ef-a6b4-4da1-a8f8-fd7237e1e454 f9253389fb164dfb80271a1c761a355e e1563f1429d448d9a8c63d1d1fb0367d - - default default] Successfully bumped revision number for resource a3c9caa9-8c0e-43af-bc28-ef28c80dea76 (type: router_ports) to 1 [pid: 7|app: 0|req: 1301/2304] 10.0.0.125 () {34 vars in 783 bytes} [Mon May 11 13:22:18 2026] PUT /v2.0/routers/769bd4b7-ae20-4bd6-9357-58a86708fff1/add_router_interface => generated 309 bytes in 2073 msecs (HTTP/1.1 200) 4 headers in 157 bytes (1 switches on core 0)
2026-05-11 13:22:21.502 8 WARNING neutron.scheduler.dhcp_agent_scheduler [None req-36789299-c2a7-48a7-bdac-d2003e993eae f9253389fb164dfb80271a1c761a355e e1563f1429d448d9a8c63d1d1fb0367d - - default default] No more DHCP agents
2026-05-11 13:22:21.503 8 WARNING neutron.api.rpc.agentnotifiers.dhcp_rpc_agent_api [None req-36789299-c2a7-48a7-bdac-d2003e993eae f9253389fb164dfb80271a1c761a355e e1563f1429d448d9a8c63d1d1fb0367d - - default default] Unable to schedule network 6cf6f458-6a2e-427c-abc2-466b2425b3a5: no agents available; will retry on subsequent port and subnet creation events.
2026-05-11 13:22:21.685 8 INFO neutron.db.ovn_revision_numbers_db [None req-36789299-c2a7-48a7-bdac-d2003e993eae f9253389fb164dfb80271a1c761a355e e1563f1429d448d9a8c63d1d1fb0367d - - default default] Successfully bumped revision number for resource 774aa437-9e7a-4fb9-b532-7b8cb41183bb (type: ports) to 1
2026-05-11 13:22:22.546 8 WARNING neutron.scheduler.dhcp_agent_scheduler [None req-36789299-c2a7-48a7-bdac-d2003e993eae f9253389fb164dfb80271a1c761a355e e1563f1429d448d9a8c63d1d1fb0367d - - default default] No more DHCP agents
2026-05-11 13:22:22.547 8 WARNING neutron.api.rpc.agentnotifiers.dhcp_rpc_agent_api [None req-36789299-c2a7-48a7-bdac-d2003e993eae f9253389fb164dfb80271a1c761a355e e1563f1429d448d9a8c63d1d1fb0367d - - default default] Unable to schedule network 6cf6f458-6a2e-427c-abc2-466b2425b3a5: no agents available; will retry on subsequent port and subnet creation events. [pid: 7|app: 0|req: 1302/2305] 10.0.0.224 () {34 vars in 990 bytes} [Mon May 11 13:22:22 2026] GET /v2.0/ports?device_id=ddfc2926-3c82-4edb-b169-4934957f38cc => generated 975 bytes in 85 msecs (HTTP/1.1 200) 4 headers in 157 bytes (1 switches on core 0) [pid: 7|app: 0|req: 1303/2306] 10.0.0.224 () {34 vars in 1040 bytes} [Mon May 11 13:22:22 2026] GET /v2.0/security-groups?id=b3a798f1-b696-4c7f-ae5f-f107e8d7e76c&fields=id&fields=name => generated 114 bytes in 34 msecs (HTTP/1.1 200) 4 headers in 157 bytes (1 switches on core 0)
2026-05-11 13:22:23.180 8 INFO neutron.db.ovn_revision_numbers_db [None req-36789299-c2a7-48a7-bdac-d2003e993eae f9253389fb164dfb80271a1c761a355e e1563f1429d448d9a8c63d1d1fb0367d - - default default] Successfully bumped revision number for resource 774aa437-9e7a-4fb9-b532-7b8cb41183bb (type: router_ports) to 1 [pid: 8|app: 0|req: 1004/2307] 10.0.0.125 () {34 vars in 783 bytes} [Mon May 11 13:22:20 2026] PUT /v2.0/routers/769bd4b7-ae20-4bd6-9357-58a86708fff1/add_router_interface => generated 309 bytes in 2219 msecs (HTTP/1.1 200) 4 headers in 157 bytes (1 switches on core 0)
2026-05-11 13:22:23.387 7 INFO neutron.db.ovn_revision_numbers_db [None req-2d23871f-65ad-4993-a271-d0ed05c9a343 f9253389fb164dfb80271a1c761a355e e1563f1429d448d9a8c63d1d1fb0367d - - default default] Successfully bumped revision number for resource e718c89b-cc63-46d5-b03e-af3cebfe7d4e (type: security_groups) to 1
2026-05-11 13:22:23.403 7 INFO neutron.db.ovn_revision_numbers_db [None req-2d23871f-65ad-4993-a271-d0ed05c9a343 f9253389fb164dfb80271a1c761a355e e1563f1429d448d9a8c63d1d1fb0367d - - default default] Successfully bumped revision number for resource 7f27b209-3bb3-4ed2-975c-390f06d3ea8e (type: security_group_rules) to 0
2026-05-11 13:22:23.416 7 INFO neutron.db.ovn_revision_numbers_db [None req-2d23871f-65ad-4993-a271-d0ed05c9a343 f9253389fb164dfb80271a1c761a355e e1563f1429d448d9a8c63d1d1fb0367d - - default default] Successfully bumped revision number for resource d4e4f765-8da4-4c37-91b0-d1270884b582 (type: security_group_rules) to 0 [pid: 7|app: 0|req: 1304/2308] 10.0.0.125 () {34 vars in 684 bytes} [Mon May 11 13:22:23 2026] POST /v2.0/security-groups => generated 1630 bytes in 214 msecs (HTTP/1.1 201) 4 headers in 163 bytes (1 switches on core 0)
2026-05-11 13:22:23.623 8 INFO neutron.db.ovn_revision_numbers_db [None req-24879c5e-d77e-4ce3-b503-a9827b243769 f9253389fb164dfb80271a1c761a355e e1563f1429d448d9a8c63d1d1fb0367d - - default default] Successfully bumped revision number for resource 1b8bb7f4-dc04-4383-911f-3faf6888a1af (type: security_group_rules) to 0 [pid: 8|app: 0|req: 1005/2309] 10.0.0.125 () {34 vars in 695 bytes} [Mon May 11 13:22:23 2026] POST /v2.0/security-group-rules => generated 597 bytes in 233 msecs (HTTP/1.1 201) 4 headers in 162 bytes (1 switches on core 0) [pid: 8|app: 0|req: 1006/2310] 10.0.0.224 () {34 vars in 990 bytes} [Mon May 11 13:22:23 2026] GET /v2.0/ports?device_id=ddfc2926-3c82-4edb-b169-4934957f38cc => generated 975 bytes in 85 msecs (HTTP/1.1 200) 4 headers in 157 bytes (1 switches on core 0)
2026-05-11 13:22:23.866 7 INFO neutron.db.ovn_revision_numbers_db [None req-d4be2842-d0de-40d7-8b07-0d083eaedd9f f9253389fb164dfb80271a1c761a355e e1563f1429d448d9a8c63d1d1fb0367d - - default default] Successfully bumped revision number for resource a0d8f169-14eb-45ce-81cf-12f1d1a10bad (type: security_group_rules) to 0 [pid: 8|app: 0|req: 1007/2311] 10.0.0.224 () {34 vars in 1040 bytes} [Mon May 11 13:22:23 2026] GET /v2.0/security-groups?id=b3a798f1-b696-4c7f-ae5f-f107e8d7e76c&fields=id&fields=name => generated 114 bytes in 37 msecs (HTTP/1.1 200) 4 headers in 157 bytes (1 switches on core 0) [pid: 7|app: 0|req: 1305/2312] 10.0.0.125 () {34 vars in 695 bytes} [Mon May 11 13:22:23 2026] POST /v2.0/security-group-rules => generated 597 bytes in 211 msecs (HTTP/1.1 201) 4 headers in 162 bytes (1 switches on core 0)
2026-05-11 13:22:24.072 8 INFO neutron.db.ovn_revision_numbers_db [None req-6a399a43-5fdc-426e-9851-badd8dbd67b6 f9253389fb164dfb80271a1c761a355e e1563f1429d448d9a8c63d1d1fb0367d - - default default] Successfully bumped revision number for resource 886445d6-a783-457f-96c8-bddc29c57b05 (type: security_group_rules) to 0 [pid: 8|app: 0|req: 1008/2313] 10.0.0.125 () {34 vars in 695 bytes} [Mon May 11 13:22:23 2026] POST /v2.0/security-group-rules => generated 599 bytes in 194 msecs (HTTP/1.1 201) 4 headers in 162 bytes (1 switches on core 0)
2026-05-11 13:22:24.266 7 INFO neutron.db.ovn_revision_numbers_db [None req-82f77164-1b52-4845-af3d-025fe9c449d3 f9253389fb164dfb80271a1c761a355e e1563f1429d448d9a8c63d1d1fb0367d - - default default] Successfully bumped revision number for resource b0d3c810-4687-43ee-90bc-b36d413a9fef (type: security_group_rules) to 0 [pid: 7|app: 0|req: 1306/2314] 10.0.0.125 () {34 vars in 695 bytes} [Mon May 11 13:22:24 2026] POST /v2.0/security-group-rules => generated 601 bytes in 192 msecs (HTTP/1.1 201) 4 headers in 162 bytes (1 switches on core 0)
2026-05-11 13:22:24.471 8 INFO neutron.db.ovn_revision_numbers_db [None req-88f94a5e-969e-496d-a8a3-3a842ff0791d f9253389fb164dfb80271a1c761a355e e1563f1429d448d9a8c63d1d1fb0367d - - default default] Successfully bumped revision number for resource b9df1510-93b4-45a5-b618-2d045a3bc39b (type: security_group_rules) to 0 [pid: 8|app: 0|req: 1009/2315] 10.0.0.125 () {34 vars in 695 bytes} [Mon May 11 13:22:24 2026] POST /v2.0/security-group-rules => generated 601 bytes in 196 msecs (HTTP/1.1 201) 4 headers in 162 bytes (1 switches on core 0)
2026-05-11 13:22:24.707 7 INFO neutron.db.ovn_revision_numbers_db [None req-da3e9635-a12a-4048-b5f4-0c07efde6453 f9253389fb164dfb80271a1c761a355e e1563f1429d448d9a8c63d1d1fb0367d - - default default] Successfully bumped revision number for resource c259d8f0-5621-4320-bd3c-c5d44e755eac (type: security_group_rules) to 0 [pid: 7|app: 0|req: 1307/2316] 10.0.0.125 () {34 vars in 695 bytes} [Mon May 11 13:22:24 2026] POST /v2.0/security-group-rules => generated 597 bytes in 234 msecs (HTTP/1.1 201) 4 headers in 162 bytes (1 switches on core 0) [pid: 7|app: 0|req: 1308/2317] 199.19.213.145 () {34 vars in 994 bytes} [Mon May 11 13:22:24 2026] GET /v2.0/ports?device_id=ddfc2926-3c82-4edb-b169-4934957f38cc => generated 975 bytes in 40 msecs (HTTP/1.1 200) 4 headers in 157 bytes (1 switches on core 0)
2026-05-11 13:22:24.984 8 INFO neutron.db.ovn_revision_numbers_db [None req-25175b9f-0823-4f50-a7ee-7bd3583455f1 f9253389fb164dfb80271a1c761a355e e1563f1429d448d9a8c63d1d1fb0367d - - default default] Successfully bumped revision number for resource 33bf4001-c03d-44a4-ba9f-f9cb7230b37c (type: security_group_rules) to 0
2026-05-11 13:22:24.998 7 INFO neutron_taas.services.taas.taas_plugin [req-cb1777a4-991b-4b6c-a6e2-2a121f801c9a req-b61eb2cf-ce54-495a-89cd-2259cb928d2a 0765d229e59f4c87bd5f8b3fa04ae8c7 dc2d3661605a4a0f9ba250ce28c47d62 - - default default] TaaS: Handle Delete Port: 9bfde8ba-99e8-4cf2-ab65-303db7b74994
2026-05-11 13:22:25.002 7 INFO neutron_taas.services.taas.tap_mirror_plugin [req-cb1777a4-991b-4b6c-a6e2-2a121f801c9a req-b61eb2cf-ce54-495a-89cd-2259cb928d2a 0765d229e59f4c87bd5f8b3fa04ae8c7 dc2d3661605a4a0f9ba250ce28c47d62 - - default default] Tap Mirror: Handle Delete Port: 9bfde8ba-99e8-4cf2-ab65-303db7b74994 [pid: 8|app: 0|req: 1010/2318] 10.0.0.125 () {34 vars in 695 bytes} [Mon May 11 13:22:24 2026] POST /v2.0/security-group-rules => generated 597 bytes in 271 msecs (HTTP/1.1 201) 4 headers in 162 bytes (1 switches on core 0) [pid: 8|app: 0|req: 1011/2319] 10.0.0.224 () {34 vars in 990 bytes} [Mon May 11 13:22:25 2026] GET /v2.0/ports?device_id=ddfc2926-3c82-4edb-b169-4934957f38cc => generated 975 bytes in 48 msecs (HTTP/1.1 200) 4 headers in 157 bytes (1 switches on core 0)
2026-05-11 13:22:25.225 7 INFO neutron.db.l3_db [req-cb1777a4-991b-4b6c-a6e2-2a121f801c9a req-b61eb2cf-ce54-495a-89cd-2259cb928d2a 0765d229e59f4c87bd5f8b3fa04ae8c7 dc2d3661605a4a0f9ba250ce28c47d62 - - default default] Floating IP 859aa078-f465-4115-a04f-31deda66c37b disassociated. External IP: 10.96.250.208, port: 9bfde8ba-99e8-4cf2-ab65-303db7b74994.
2026-05-11 13:22:25.262 8 WARNING neutron.plugins.ml2.drivers.ovn.mech_driver.ovsdb.ovn_client [None req-b2e13775-82a8-498b-b374-17ff66e47dd9 - - - - - -] No hosting information found for port 0cced916-7bae-4779-a3ba-77913b6a264c: RuntimeError: No hosting information found for port 0cced916-7bae-4779-a3ba-77913b6a264c
2026-05-11 13:22:25.403 8 INFO neutron.db.ovn_revision_numbers_db [None req-e54046fe-e178-415c-bd21-cd071ace28f4 f9253389fb164dfb80271a1c761a355e e1563f1429d448d9a8c63d1d1fb0367d - - default default] Successfully bumped revision number for resource c7307703-182e-4b98-b302-284ac55686aa (type: security_group_rules) to 0 [pid: 8|app: 0|req: 1014/2322] 10.0.0.125 () {34 vars in 695 bytes} [Mon May 11 13:22:25 2026] POST /v2.0/security-group-rules => generated 597 bytes in 402 msecs (HTTP/1.1 201) 4 headers in 162 bytes (1 switches on core 0) [pid: 7|app: 0|req: 1309/2323] 199.19.213.145 () {36 vars in 997 bytes} [Mon May 11 13:22:24 2026] DELETE /v2.0/ports/9bfde8ba-99e8-4cf2-ab65-303db7b74994 => generated 0 bytes in 667 msecs (HTTP/1.1 204) 3 headers in 131 bytes (1 switches on core 0) [pid: 8|app: 0|req: 1015/2324] 10.0.0.224 () {34 vars in 1040 bytes} [Mon May 11 13:22:25 2026] GET /v2.0/security-groups?id=b3a798f1-b696-4c7f-ae5f-f107e8d7e76c&fields=id&fields=name => generated 114 bytes in 44 msecs (HTTP/1.1 200) 4 headers in 157 bytes (1 switches on core 0)
2026-05-11 13:22:25.554 7 INFO neutron.notifiers.nova [-] Nova event matching ['req-886a0541-7bd0-457b-b0af-6e77d2a4fc81'] response: {'server_uuid': 'ddfc2926-3c82-4edb-b169-4934957f38cc', 'name': 'network-vif-deleted', 'tag': '9bfde8ba-99e8-4cf2-ab65-303db7b74994', 'status': 'completed', 'code': 200}
2026-05-11 13:22:25.561 8 INFO neutron.db.ovn_revision_numbers_db [None req-b2e13775-82a8-498b-b374-17ff66e47dd9 - - - - - -] Successfully bumped revision number for resource 0cced916-7bae-4779-a3ba-77913b6a264c (type: router_ports) to 2
2026-05-11 13:22:25.622 8 INFO neutron.plugins.ml2.drivers.ovn.mech_driver.mech_driver [None req-b2e13775-82a8-498b-b374-17ff66e47dd9 - - - - - -] OVN reports status down for port: a3c9caa9-8c0e-43af-bc28-ef28c80dea76
2026-05-11 13:22:25.709 8 WARNING neutron.plugins.ml2.drivers.ovn.mech_driver.ovsdb.ovn_client [None req-b2e13775-82a8-498b-b374-17ff66e47dd9 - - - - - -] Logical_Switch_Port %s host information not removed, the port state is up
2026-05-11 13:22:25.710 8 INFO neutron.plugins.ml2.drivers.ovn.mech_driver.mech_driver [None req-b2e13775-82a8-498b-b374-17ff66e47dd9 - - - - - -] OVN reports status up for port: a3c9caa9-8c0e-43af-bc28-ef28c80dea76
2026-05-11 13:22:25.719 7 INFO neutron.db.ovn_revision_numbers_db [None req-57f2f862-95f9-4231-b815-c19327b2dbaf f9253389fb164dfb80271a1c761a355e e1563f1429d448d9a8c63d1d1fb0367d - - default default] Successfully bumped revision number for resource 1c0bbc9d-d7b5-4e29-8489-bc05e3686eed (type: security_group_rules) to 0
2026-05-11 13:22:25.722 8 INFO neutron.plugins.ml2.plugin [None req-b2e13775-82a8-498b-b374-17ff66e47dd9 - - - - - -] Attempt 1 to provision port a3c9caa9-8c0e-43af-bc28-ef28c80dea76 [pid: 7|app: 0|req: 1310/2325] 10.0.0.125 () {34 vars in 695 bytes} [Mon May 11 13:22:25 2026] POST /v2.0/security-group-rules => generated 599 bytes in 241 msecs (HTTP/1.1 201) 4 headers in 162 bytes (1 switches on core 0)
