Mar 30 18:03:15.958832 np0000161493 nova-conductor[109867]: DEBUG cotyledon.oslo_config_glue [-] vmware.vnc_port_total = 10000 {{(pid=109867) log_opt_values /opt/stack/data/venv/lib/python3.12/site-packages/oslo_config/cfg.py:3006}}
Mar 30 18:03:15.958832 np0000161493 nova-conductor[109867]: DEBUG cotyledon.oslo_config_glue [-] vnc.auth_schemes = ['none'] {{(pid=109867) log_opt_values /opt/stack/data/venv/lib/python3.12/site-packages/oslo_config/cfg.py:3006}}
Mar 30 18:03:15.958832 np0000161493 nova-conductor[109867]: DEBUG cotyledon.oslo_config_glue [-] vnc.enabled = True {{(pid=109867) log_opt_values /opt/stack/data/venv/lib/python3.12/site-packages/oslo_config/cfg.py:3006}}
Mar 30 18:03:15.958832 np0000161493 nova-conductor[109867]: DEBUG cotyledon.oslo_config_glue [-] vnc.novncproxy_base_url = http://127.0.0.1:6080/vnc_auto.html {{(pid=109867) log_opt_values /opt/stack/data/venv/lib/python3.12/site-packages/oslo_config/cfg.py:3006}}
Mar 30 18:03:15.958832 np0000161493 nova-conductor[109867]: DEBUG cotyledon.oslo_config_glue [-] vnc.novncproxy_host = 0.0.0.0 {{(pid=109867) log_opt_values /opt/stack/data/venv/lib/python3.12/site-packages/oslo_config/cfg.py:3006}}
Mar 30 18:03:15.958832 np0000161493 nova-conductor[109867]: DEBUG cotyledon.oslo_config_glue [-] vnc.novncproxy_port = 6080 {{(pid=109867) log_opt_values /opt/stack/data/venv/lib/python3.12/site-packages/oslo_config/cfg.py:3006}}
Mar 30 18:03:15.958832 np0000161493 nova-conductor[109867]: DEBUG cotyledon.oslo_config_glue [-] vnc.server_listen = 127.0.0.1 {{(pid=109867) log_opt_values /opt/stack/data/venv/lib/python3.12/site-packages/oslo_config/cfg.py:3006}}
Mar 30 18:03:15.959038 np0000161493 nova-conductor[109867]: DEBUG cotyledon.oslo_config_glue [-] vnc.server_proxyclient_address = 127.0.0.1 {{(pid=109867) log_opt_values /opt/stack/data/venv/lib/python3.12/site-packages/oslo_config/cfg.py:3006}}
Mar 30 18:03:15.959038 np0000161493 nova-conductor[109867]: DEBUG cotyledon.oslo_config_glue [-] vnc.vencrypt_ca_certs = None {{(pid=109867) log_opt_values /opt/stack/data/venv/lib/python3.12/site-packages/oslo_config/cfg.py:3006}}
Mar 30 18:03:15.959038 np0000161493 nova-conductor[109867]: DEBUG cotyledon.oslo_config_glue [-] vnc.vencrypt_client_cert = None {{(pid=109867) log_opt_values /opt/stack/data/venv/lib/python3.12/site-packages/oslo_config/cfg.py:3006}}
Mar 30 18:03:15.959038 np0000161493 nova-conductor[109867]: DEBUG cotyledon.oslo_config_glue [-] vnc.vencrypt_client_key = None {{(pid=109867) log_opt_values /opt/stack/data/venv/lib/python3.12/site-packages/oslo_config/cfg.py:3006}}
Mar 30 18:03:15.959038 np0000161493 nova-conductor[109867]: DEBUG cotyledon.oslo_config_glue [-] workarounds.disable_compute_service_check_for_ffu = False {{(pid=109867) log_opt_values /opt/stack/data/venv/lib/python3.12/site-packages/oslo_config/cfg.py:3006}}
Mar 30 18:03:15.959038 np0000161493 nova-conductor[109867]: DEBUG cotyledon.oslo_config_glue [-] workarounds.disable_deep_image_inspection = False {{(pid=109867) log_opt_values /opt/stack/data/venv/lib/python3.12/site-packages/oslo_config/cfg.py:3006}}
Mar 30 18:03:15.959038 np0000161493 nova-conductor[109867]: DEBUG cotyledon.oslo_config_glue [-] workarounds.disable_fallback_pcpu_query = False {{(pid=109867) log_opt_values /opt/stack/data/venv/lib/python3.12/site-packages/oslo_config/cfg.py:3006}}
Mar 30 18:03:15.959038 np0000161493 nova-conductor[109867]: DEBUG cotyledon.oslo_config_glue [-] workarounds.disable_group_policy_check_upcall = False {{(pid=109867) log_opt_values /opt/stack/data/venv/lib/python3.12/site-packages/oslo_config/cfg.py:3006}}
Mar 30 18:03:15.959038 np0000161493 nova-conductor[109867]: DEBUG cotyledon.oslo_config_glue [-] workarounds.disable_libvirt_livesnapshot = False {{(pid=109867) log_opt_values /opt/stack/data/venv/lib/python3.12/site-packages/oslo_config/cfg.py:3006}}
Mar 30 18:03:15.959301 np0000161493 nova-conductor[109867]: DEBUG cotyledon.oslo_config_glue [-] workarounds.disable_rootwrap = False {{(pid=109867) log_opt_values /opt/stack/data/venv/lib/python3.12/site-packages/oslo_config/cfg.py:3006}}
Mar 30 18:03:15.959301 np0000161493 nova-conductor[109867]: DEBUG cotyledon.oslo_config_glue [-] workarounds.enable_numa_live_migration = False {{(pid=109867) log_opt_values /opt/stack/data/venv/lib/python3.12/site-packages/oslo_config/cfg.py:3006}}
Mar 30 18:03:15.959301 np0000161493 nova-conductor[109867]: DEBUG cotyledon.oslo_config_glue [-] workarounds.enable_qemu_monitor_announce_self = False {{(pid=109867) log_opt_values /opt/stack/data/venv/lib/python3.12/site-packages/oslo_config/cfg.py:3006}}
Mar 30 18:03:15.959301 np0000161493 nova-conductor[109867]: DEBUG cotyledon.oslo_config_glue [-] workarounds.ensure_libvirt_rbd_instance_dir_cleanup = False {{(pid=109867) log_opt_values /opt/stack/data/venv/lib/python3.12/site-packages/oslo_config/cfg.py:3006}}
Mar 30 18:03:15.959301 np0000161493 nova-conductor[109867]: DEBUG cotyledon.oslo_config_glue [-] workarounds.handle_virt_lifecycle_events = True {{(pid=109867) log_opt_values /opt/stack/data/venv/lib/python3.12/site-packages/oslo_config/cfg.py:3006}}
Mar 30 18:03:15.959301 np0000161493 nova-conductor[109867]: DEBUG cotyledon.oslo_config_glue [-] workarounds.libvirt_disable_apic = False {{(pid=109867) log_opt_values /opt/stack/data/venv/lib/python3.12/site-packages/oslo_config/cfg.py:3006}}
Mar 30 18:03:15.959301 np0000161493 nova-conductor[109867]: DEBUG cotyledon.oslo_config_glue [-] workarounds.never_download_image_if_on_rbd = False {{(pid=109867) log_opt_values /opt/stack/data/venv/lib/python3.12/site-packages/oslo_config/cfg.py:3006}}
Mar 30 18:03:15.959301 np0000161493 nova-conductor[109867]: DEBUG cotyledon.oslo_config_glue [-] workarounds.qemu_monitor_announce_self_count = 3 {{(pid=109867) log_opt_values /opt/stack/data/venv/lib/python3.12/site-packages/oslo_config/cfg.py:3006}}
Mar 30 18:03:15.959301 np0000161493 nova-conductor[109867]: DEBUG cotyledon.oslo_config_glue [-] workarounds.qemu_monitor_announce_self_interval = 1 {{(pid=109867) log_opt_values /opt/stack/data/venv/lib/python3.12/site-packages/oslo_config/cfg.py:3006}}
Mar 30 18:03:15.959548 np0000161493 nova-conductor[109867]: DEBUG cotyledon.oslo_config_glue [-] workarounds.reserve_disk_resource_for_image_cache = False {{(pid=109867) log_opt_values /opt/stack/data/venv/lib/python3.12/site-packages/oslo_config/cfg.py:3006}}
Mar 30 18:03:15.959548 np0000161493 nova-conductor[109867]: DEBUG cotyledon.oslo_config_glue [-] workarounds.skip_cpu_compare_at_startup = False {{(pid=109867) log_opt_values /opt/stack/data/venv/lib/python3.12/site-packages/oslo_config/cfg.py:3006}}
Mar 30 18:03:15.959548 np0000161493 nova-conductor[109867]: DEBUG cotyledon.oslo_config_glue [-] workarounds.skip_cpu_compare_on_dest = False {{(pid=109867) log_opt_values /opt/stack/data/venv/lib/python3.12/site-packages/oslo_config/cfg.py:3006}}
Mar 30 18:03:15.959548 np0000161493 nova-conductor[109867]: DEBUG cotyledon.oslo_config_glue [-] workarounds.skip_hypervisor_version_check_on_lm = False {{(pid=109867) log_opt_values /opt/stack/data/venv/lib/python3.12/site-packages/oslo_config/cfg.py:3006}}
Mar 30 18:03:15.959548 np0000161493 nova-conductor[109867]: DEBUG cotyledon.oslo_config_glue [-] workarounds.skip_reserve_in_use_ironic_nodes = False {{(pid=109867) log_opt_values /opt/stack/data/venv/lib/python3.12/site-packages/oslo_config/cfg.py:3006}}
Mar 30 18:03:15.959548 np0000161493 nova-conductor[109867]: DEBUG cotyledon.oslo_config_glue [-] workarounds.unified_limits_count_pcpu_as_vcpu = False {{(pid=109867) log_opt_values /opt/stack/data/venv/lib/python3.12/site-packages/oslo_config/cfg.py:3006}}
Mar 30 18:03:15.959548 np0000161493 nova-conductor[109867]: DEBUG cotyledon.oslo_config_glue [-] workarounds.wait_for_vif_plugged_event_during_hard_reboot = [] {{(pid=109867) log_opt_values /opt/stack/data/venv/lib/python3.12/site-packages/oslo_config/cfg.py:3006}}
Mar 30 18:03:15.959548 np0000161493 nova-conductor[109867]: DEBUG cotyledon.oslo_config_glue [-] wsgi.api_paste_config = /etc/nova/api-paste.ini {{(pid=109867) log_opt_values /opt/stack/data/venv/lib/python3.12/site-packages/oslo_config/cfg.py:3006}}
Mar 30 18:03:15.959761 np0000161493 nova-conductor[109848]: DEBUG nova.service [None req-cac20d8f-2ec5-4dc3-9073-e78c9976a983 None None] Creating RPC server for service: nova-conductor on topic: conductor {{(pid=109848) start /opt/stack/nova/nova/service.py:195}}
Mar 30 18:03:15.959797 np0000161493 nova-conductor[109867]: DEBUG cotyledon.oslo_config_glue [-] wsgi.secure_proxy_ssl_header = None {{(pid=109867) log_opt_values /opt/stack/data/venv/lib/python3.12/site-packages/oslo_config/cfg.py:3006}}
Mar 30 18:03:15.959797 np0000161493 nova-conductor[109867]: DEBUG cotyledon.oslo_config_glue [-] zvm.ca_file = None {{(pid=109867) log_opt_values /opt/stack/data/venv/lib/python3.12/site-packages/oslo_config/cfg.py:3006}}
Mar 30 18:03:15.959797 np0000161493 nova-conductor[109867]: DEBUG cotyledon.oslo_config_glue [-] zvm.cloud_connector_url = None {{(pid=109867) log_opt_values /opt/stack/data/venv/lib/python3.12/site-packages/oslo_config/cfg.py:3006}}
Mar 30 18:03:15.959797 np0000161493 nova-conductor[109867]: DEBUG cotyledon.oslo_config_glue [-] zvm.image_tmp_path = /opt/stack/data/nova/images {{(pid=109867) log_opt_values /opt/stack/data/venv/lib/python3.12/site-packages/oslo_config/cfg.py:3006}}
Mar 30 18:03:15.959797 np0000161493 nova-conductor[109867]: DEBUG cotyledon.oslo_config_glue [-] zvm.reachable_timeout = 300 {{(pid=109867) log_opt_values /opt/stack/data/venv/lib/python3.12/site-packages/oslo_config/cfg.py:3006}}
Mar 30 18:03:15.959797 np0000161493 nova-conductor[109867]: DEBUG cotyledon.oslo_config_glue [-] oslo_versionedobjects.fatal_exception_format_errors = False {{(pid=109867) log_opt_values /opt/stack/data/venv/lib/python3.12/site-packages/oslo_config/cfg.py:3006}}
Mar 30 18:03:15.959797 np0000161493 nova-conductor[109867]: DEBUG cotyledon.oslo_config_glue [-] oslo_middleware.http_basic_auth_user_file = /etc/htpasswd {{(pid=109867) log_opt_values /opt/stack/data/venv/lib/python3.12/site-packages/oslo_config/cfg.py:3006}}
Mar 30 18:03:15.959797 np0000161493 nova-conductor[109867]: DEBUG cotyledon.oslo_config_glue [-] profiler.connection_string = messaging:// {{(pid=109867) log_opt_values /opt/stack/data/venv/lib/python3.12/site-packages/oslo_config/cfg.py:3006}}
Mar 30 18:03:15.959797 np0000161493 nova-conductor[109867]: DEBUG cotyledon.oslo_config_glue [-] profiler.enabled = False {{(pid=109867) log_opt_values /opt/stack/data/venv/lib/python3.12/site-packages/oslo_config/cfg.py:3006}}
Mar 30 18:03:15.960049 np0000161493 nova-conductor[109867]: DEBUG cotyledon.oslo_config_glue [-] profiler.es_doc_type = notification {{(pid=109867) log_opt_values /opt/stack/data/venv/lib/python3.12/site-packages/oslo_config/cfg.py:3006}}
Mar 30 18:03:15.960049 np0000161493 nova-conductor[109867]: DEBUG cotyledon.oslo_config_glue [-] profiler.es_scroll_size = 10000 {{(pid=109867) log_opt_values /opt/stack/data/venv/lib/python3.12/site-packages/oslo_config/cfg.py:3006}}
Mar 30 18:03:15.960049 np0000161493 nova-conductor[109867]: DEBUG cotyledon.oslo_config_glue [-] profiler.es_scroll_time = 2m {{(pid=109867) log_opt_values /opt/stack/data/venv/lib/python3.12/site-packages/oslo_config/cfg.py:3006}}
Mar 30 18:03:15.960049 np0000161493 nova-conductor[109867]: DEBUG cotyledon.oslo_config_glue [-] profiler.filter_error_trace = False {{(pid=109867) log_opt_values /opt/stack/data/venv/lib/python3.12/site-packages/oslo_config/cfg.py:3006}}
Mar 30 18:03:15.960049 np0000161493 nova-conductor[109867]: DEBUG cotyledon.oslo_config_glue [-] profiler.hmac_keys = **** {{(pid=109867) log_opt_values /opt/stack/data/venv/lib/python3.12/site-packages/oslo_config/cfg.py:3006}}
Mar 30 18:03:15.960049 np0000161493 nova-conductor[109867]: DEBUG cotyledon.oslo_config_glue [-] profiler.sentinel_service_name = mymaster {{(pid=109867) log_opt_values /opt/stack/data/venv/lib/python3.12/site-packages/oslo_config/cfg.py:3006}}
Mar 30 18:03:15.960049 np0000161493 nova-conductor[109867]: DEBUG cotyledon.oslo_config_glue [-] profiler.socket_timeout = 0.1 {{(pid=109867) log_opt_values /opt/stack/data/venv/lib/python3.12/site-packages/oslo_config/cfg.py:3006}}
Mar 30 18:03:15.960049 np0000161493 nova-conductor[109867]: DEBUG cotyledon.oslo_config_glue [-] profiler.trace_requests = False {{(pid=109867) log_opt_values /opt/stack/data/venv/lib/python3.12/site-packages/oslo_config/cfg.py:3006}}
Mar 30 18:03:15.960049 np0000161493 nova-conductor[109867]: DEBUG cotyledon.oslo_config_glue [-] profiler.trace_sqlalchemy = False {{(pid=109867) log_opt_values /opt/stack/data/venv/lib/python3.12/site-packages/oslo_config/cfg.py:3006}}
Mar 30 18:03:15.960245 np0000161493 nova-conductor[109867]: DEBUG cotyledon.oslo_config_glue [-] profiler_jaeger.process_tags = {} {{(pid=109867) log_opt_values /opt/stack/data/venv/lib/python3.12/site-packages/oslo_config/cfg.py:3006}}
Mar 30 18:03:15.960245 np0000161493 nova-conductor[109867]: DEBUG cotyledon.oslo_config_glue [-] profiler_jaeger.service_name_prefix = None {{(pid=109867) log_opt_values /opt/stack/data/venv/lib/python3.12/site-packages/oslo_config/cfg.py:3006}}
Mar 30 18:03:15.960245 np0000161493 nova-conductor[109867]: DEBUG cotyledon.oslo_config_glue [-] profiler_otlp.service_name_prefix = None {{(pid=109867) log_opt_values /opt/stack/data/venv/lib/python3.12/site-packages/oslo_config/cfg.py:3006}}
Mar 30 18:03:15.960245 np0000161493 nova-conductor[109867]: DEBUG cotyledon.oslo_config_glue [-] oslo_messaging_rabbit.amqp_auto_delete = False {{(pid=109867) log_opt_values /opt/stack/data/venv/lib/python3.12/site-packages/oslo_config/cfg.py:3006}}
Mar 30 18:03:15.960245 np0000161493 nova-conductor[109867]: DEBUG cotyledon.oslo_config_glue [-] oslo_messaging_rabbit.amqp_durable_queues = False {{(pid=109867) log_opt_values /opt/stack/data/venv/lib/python3.12/site-packages/oslo_config/cfg.py:3006}}
Mar 30 18:03:15.960245 np0000161493 nova-conductor[109867]: DEBUG cotyledon.oslo_config_glue [-] oslo_messaging_rabbit.conn_pool_min_size = 2 {{(pid=109867) log_opt_values /opt/stack/data/venv/lib/python3.12/site-packages/oslo_config/cfg.py:3006}}
Mar 30 18:03:15.960245 np0000161493 nova-conductor[109867]: DEBUG cotyledon.oslo_config_glue [-] oslo_messaging_rabbit.conn_pool_ttl = 1200 {{(pid=109867) log_opt_values /opt/stack/data/venv/lib/python3.12/site-packages/oslo_config/cfg.py:3006}}
Mar 30 18:03:15.960245 np0000161493 nova-conductor[109867]: DEBUG cotyledon.oslo_config_glue [-] oslo_messaging_rabbit.direct_mandatory_flag = True {{(pid=109867) log_opt_values /opt/stack/data/venv/lib/python3.12/site-packages/oslo_config/cfg.py:3006}}
Mar 30 18:03:15.960245 np0000161493 nova-conductor[109867]: DEBUG cotyledon.oslo_config_glue [-] oslo_messaging_rabbit.enable_cancel_on_failover = False {{(pid=109867) log_opt_values /opt/stack/data/venv/lib/python3.12/site-packages/oslo_config/cfg.py:3006}}
Mar 30 18:03:15.960484 np0000161493 nova-conductor[109867]: DEBUG cotyledon.oslo_config_glue [-] oslo_messaging_rabbit.heartbeat_in_pthread = False {{(pid=109867) log_opt_values /opt/stack/data/venv/lib/python3.12/site-packages/oslo_config/cfg.py:3006}}
Mar 30 18:03:15.960484 np0000161493 nova-conductor[109867]: DEBUG cotyledon.oslo_config_glue [-] oslo_messaging_rabbit.heartbeat_rate = 3 {{(pid=109867) log_opt_values /opt/stack/data/venv/lib/python3.12/site-packages/oslo_config/cfg.py:3006}}
Mar 30 18:03:15.960484 np0000161493 nova-conductor[109867]: DEBUG cotyledon.oslo_config_glue [-] oslo_messaging_rabbit.heartbeat_timeout_threshold = 60 {{(pid=109867) log_opt_values /opt/stack/data/venv/lib/python3.12/site-packages/oslo_config/cfg.py:3006}}
Mar 30 18:03:15.960484 np0000161493 nova-conductor[109867]: DEBUG cotyledon.oslo_config_glue [-] oslo_messaging_rabbit.hostname = np0000161493 {{(pid=109867) log_opt_values /opt/stack/data/venv/lib/python3.12/site-packages/oslo_config/cfg.py:3006}}
Mar 30 18:03:15.960484 np0000161493 nova-conductor[109867]: DEBUG cotyledon.oslo_config_glue [-] oslo_messaging_rabbit.kombu_compression = None {{(pid=109867) log_opt_values /opt/stack/data/venv/lib/python3.12/site-packages/oslo_config/cfg.py:3006}}
Mar 30 18:03:15.960484 np0000161493 nova-conductor[109867]: DEBUG cotyledon.oslo_config_glue [-] oslo_messaging_rabbit.kombu_failover_strategy = round-robin {{(pid=109867) log_opt_values /opt/stack/data/venv/lib/python3.12/site-packages/oslo_config/cfg.py:3006}}
Mar 30 18:03:15.960484 np0000161493 nova-conductor[109867]: DEBUG cotyledon.oslo_config_glue [-] oslo_messaging_rabbit.kombu_missing_consumer_retry_timeout = 60 {{(pid=109867) log_opt_values /opt/stack/data/venv/lib/python3.12/site-packages/oslo_config/cfg.py:3006}}
Mar 30 18:03:15.960484 np0000161493 nova-conductor[109867]: DEBUG cotyledon.oslo_config_glue [-] oslo_messaging_rabbit.kombu_reconnect_delay = 1.0 {{(pid=109867) log_opt_values /opt/stack/data/venv/lib/python3.12/site-packages/oslo_config/cfg.py:3006}}
Mar 30 18:03:15.960658 np0000161493 nova-conductor[109867]: DEBUG cotyledon.oslo_config_glue [-] oslo_messaging_rabbit.kombu_reconnect_splay = 0.0 {{(pid=109867) log_opt_values /opt/stack/data/venv/lib/python3.12/site-packages/oslo_config/cfg.py:3006}}
Mar 30 18:03:15.960658 np0000161493 nova-conductor[109867]: DEBUG cotyledon.oslo_config_glue [-] oslo_messaging_rabbit.processname = nova-conductor {{(pid=109867) log_opt_values /opt/stack/data/venv/lib/python3.12/site-packages/oslo_config/cfg.py:3006}}
Mar 30 18:03:15.960658 np0000161493 nova-conductor[109867]: DEBUG cotyledon.oslo_config_glue [-] oslo_messaging_rabbit.rabbit_ha_queues = False {{(pid=109867) log_opt_values /opt/stack/data/venv/lib/python3.12/site-packages/oslo_config/cfg.py:3006}}
Mar 30 18:03:15.960658 np0000161493 nova-conductor[109867]: DEBUG cotyledon.oslo_config_glue [-] oslo_messaging_rabbit.rabbit_interval_max = 30 {{(pid=109867) log_opt_values /opt/stack/data/venv/lib/python3.12/site-packages/oslo_config/cfg.py:3006}}
Mar 30 18:03:15.960658 np0000161493 nova-conductor[109867]: DEBUG cotyledon.oslo_config_glue [-] oslo_messaging_rabbit.rabbit_login_method = AMQPLAIN {{(pid=109867) log_opt_values /opt/stack/data/venv/lib/python3.12/site-packages/oslo_config/cfg.py:3006}}
Mar 30 18:03:15.960658 np0000161493 nova-conductor[109867]: DEBUG cotyledon.oslo_config_glue [-] oslo_messaging_rabbit.rabbit_qos_prefetch_count = 0 {{(pid=109867) log_opt_values /opt/stack/data/venv/lib/python3.12/site-packages/oslo_config/cfg.py:3006}}
Mar 30 18:03:15.960658 np0000161493 nova-conductor[109867]: DEBUG cotyledon.oslo_config_glue [-] oslo_messaging_rabbit.rabbit_quorum_delivery_limit = 0 {{(pid=109867) log_opt_values /opt/stack/data/venv/lib/python3.12/site-packages/oslo_config/cfg.py:3006}}
Mar 30 18:03:15.960658 np0000161493 nova-conductor[109867]: DEBUG cotyledon.oslo_config_glue [-] oslo_messaging_rabbit.rabbit_quorum_max_memory_bytes = 0 {{(pid=109867) log_opt_values /opt/stack/data/venv/lib/python3.12/site-packages/oslo_config/cfg.py:3006}}
Mar 30 18:03:15.960839 np0000161493 nova-conductor[109867]: DEBUG cotyledon.oslo_config_glue [-] oslo_messaging_rabbit.rabbit_quorum_max_memory_length = 0 {{(pid=109867) log_opt_values /opt/stack/data/venv/lib/python3.12/site-packages/oslo_config/cfg.py:3006}}
Mar 30 18:03:15.960839 np0000161493 nova-conductor[109867]: DEBUG cotyledon.oslo_config_glue [-] oslo_messaging_rabbit.rabbit_quorum_queue = False {{(pid=109867) log_opt_values /opt/stack/data/venv/lib/python3.12/site-packages/oslo_config/cfg.py:3006}}
Mar 30 18:03:15.960839 np0000161493 nova-conductor[109867]: DEBUG cotyledon.oslo_config_glue [-] oslo_messaging_rabbit.rabbit_retry_backoff = 2 {{(pid=109867) log_opt_values /opt/stack/data/venv/lib/python3.12/site-packages/oslo_config/cfg.py:3006}}
Mar 30 18:03:15.960839 np0000161493 nova-conductor[109867]: DEBUG cotyledon.oslo_config_glue [-] oslo_messaging_rabbit.rabbit_retry_interval = 1 {{(pid=109867) log_opt_values /opt/stack/data/venv/lib/python3.12/site-packages/oslo_config/cfg.py:3006}}
Mar 30 18:03:15.960839 np0000161493 nova-conductor[109867]: DEBUG cotyledon.oslo_config_glue [-] oslo_messaging_rabbit.rabbit_stream_fanout = False {{(pid=109867) log_opt_values /opt/stack/data/venv/lib/python3.12/site-packages/oslo_config/cfg.py:3006}}
Mar 30 18:03:15.960839 np0000161493 nova-conductor[109867]: DEBUG cotyledon.oslo_config_glue [-] oslo_messaging_rabbit.rabbit_transient_queues_ttl = 1800 {{(pid=109867) log_opt_values /opt/stack/data/venv/lib/python3.12/site-packages/oslo_config/cfg.py:3006}}
Mar 30 18:03:15.960839 np0000161493 nova-conductor[109867]: DEBUG cotyledon.oslo_config_glue [-] oslo_messaging_rabbit.rabbit_transient_quorum_queue = False {{(pid=109867) log_opt_values /opt/stack/data/venv/lib/python3.12/site-packages/oslo_config/cfg.py:3006}}
Mar 30 18:03:15.960839 np0000161493 nova-conductor[109867]: DEBUG cotyledon.oslo_config_glue [-] oslo_messaging_rabbit.rpc_conn_pool_size = 30 {{(pid=109867) log_opt_values /opt/stack/data/venv/lib/python3.12/site-packages/oslo_config/cfg.py:3006}}
Mar 30 18:03:15.960839 np0000161493 nova-conductor[109867]: DEBUG cotyledon.oslo_config_glue [-] oslo_messaging_rabbit.ssl = False {{(pid=109867) log_opt_values /opt/stack/data/venv/lib/python3.12/site-packages/oslo_config/cfg.py:3006}}
Mar 30 18:03:15.961045 np0000161493 nova-conductor[109867]: DEBUG cotyledon.oslo_config_glue [-] oslo_messaging_rabbit.ssl_ca_file = {{(pid=109867) log_opt_values /opt/stack/data/venv/lib/python3.12/site-packages/oslo_config/cfg.py:3006}}
Mar 30 18:03:15.961045 np0000161493 nova-conductor[109867]: DEBUG cotyledon.oslo_config_glue [-] oslo_messaging_rabbit.ssl_cert_file = {{(pid=109867) log_opt_values /opt/stack/data/venv/lib/python3.12/site-packages/oslo_config/cfg.py:3006}}
Mar 30 18:03:15.961045 np0000161493 nova-conductor[109867]: DEBUG cotyledon.oslo_config_glue [-] oslo_messaging_rabbit.ssl_enforce_fips_mode = False {{(pid=109867) log_opt_values /opt/stack/data/venv/lib/python3.12/site-packages/oslo_config/cfg.py:3006}}
Mar 30 18:03:15.961045 np0000161493 nova-conductor[109867]: DEBUG cotyledon.oslo_config_glue [-] oslo_messaging_rabbit.ssl_key_file = {{(pid=109867) log_opt_values /opt/stack/data/venv/lib/python3.12/site-packages/oslo_config/cfg.py:3006}}
Mar 30 18:03:15.961045 np0000161493 nova-conductor[109867]: DEBUG cotyledon.oslo_config_glue [-] oslo_messaging_rabbit.ssl_version = {{(pid=109867) log_opt_values /opt/stack/data/venv/lib/python3.12/site-packages/oslo_config/cfg.py:3006}}
Mar 30 18:03:15.961045 np0000161493 nova-conductor[109867]: DEBUG cotyledon.oslo_config_glue [-] oslo_messaging_rabbit.use_queue_manager = False {{(pid=109867) log_opt_values /opt/stack/data/venv/lib/python3.12/site-packages/oslo_config/cfg.py:3006}}
Mar 30 18:03:15.961045 np0000161493 nova-conductor[109867]: DEBUG cotyledon.oslo_config_glue [-] oslo_messaging_notifications.driver = ['messagingv2'] {{(pid=109867) log_opt_values /opt/stack/data/venv/lib/python3.12/site-packages/oslo_config/cfg.py:3006}}
Mar 30 18:03:15.961045 np0000161493 nova-conductor[109867]: DEBUG cotyledon.oslo_config_glue [-] oslo_messaging_notifications.retry = -1 {{(pid=109867) log_opt_values /opt/stack/data/venv/lib/python3.12/site-packages/oslo_config/cfg.py:3006}}
Mar 30 18:03:15.961045 np0000161493 nova-conductor[109867]: DEBUG cotyledon.oslo_config_glue [-] oslo_messaging_notifications.topics = ['notifications'] {{(pid=109867) log_opt_values /opt/stack/data/venv/lib/python3.12/site-packages/oslo_config/cfg.py:3006}}
Mar 30 18:03:15.961241 np0000161493 nova-conductor[109867]: DEBUG cotyledon.oslo_config_glue [-] oslo_messaging_notifications.transport_url = **** {{(pid=109867) log_opt_values /opt/stack/data/venv/lib/python3.12/site-packages/oslo_config/cfg.py:3006}}
Mar 30 18:03:15.961241 np0000161493 nova-conductor[109867]: DEBUG cotyledon.oslo_config_glue [-] oslo_limit.auth_section = None {{(pid=109867) log_opt_values /opt/stack/data/venv/lib/python3.12/site-packages/oslo_config/cfg.py:3006}}
Mar 30 18:03:15.961241 np0000161493 nova-conductor[109867]: DEBUG cotyledon.oslo_config_glue [-] oslo_limit.auth_type = None {{(pid=109867) log_opt_values /opt/stack/data/venv/lib/python3.12/site-packages/oslo_config/cfg.py:3006}}
Mar 30 18:03:15.961241 np0000161493 nova-conductor[109867]: DEBUG cotyledon.oslo_config_glue [-] oslo_limit.cafile = None {{(pid=109867) log_opt_values /opt/stack/data/venv/lib/python3.12/site-packages/oslo_config/cfg.py:3006}}
Mar 30 18:03:15.961241 np0000161493 nova-conductor[109867]: DEBUG cotyledon.oslo_config_glue [-] oslo_limit.certfile = None {{(pid=109867) log_opt_values /opt/stack/data/venv/lib/python3.12/site-packages/oslo_config/cfg.py:3006}}
Mar 30 18:03:15.961241 np0000161493 nova-conductor[109867]: DEBUG cotyledon.oslo_config_glue [-] oslo_limit.collect_timing = False {{(pid=109867) log_opt_values /opt/stack/data/venv/lib/python3.12/site-packages/oslo_config/cfg.py:3006}}
Mar 30 18:03:15.961241 np0000161493 nova-conductor[109867]: DEBUG cotyledon.oslo_config_glue [-] oslo_limit.connect_retries = None {{(pid=109867) log_opt_values /opt/stack/data/venv/lib/python3.12/site-packages/oslo_config/cfg.py:3006}}
Mar 30 18:03:15.961241 np0000161493 nova-conductor[109867]: DEBUG cotyledon.oslo_config_glue [-] oslo_limit.connect_retry_delay = None {{(pid=109867) log_opt_values /opt/stack/data/venv/lib/python3.12/site-packages/oslo_config/cfg.py:3006}}
Mar 30 18:03:15.961241 np0000161493 nova-conductor[109867]: DEBUG cotyledon.oslo_config_glue [-] oslo_limit.endpoint_id = None {{(pid=109867) log_opt_values /opt/stack/data/venv/lib/python3.12/site-packages/oslo_config/cfg.py:3006}}
Mar 30 18:03:15.961471 np0000161493 nova-conductor[109867]: DEBUG cotyledon.oslo_config_glue [-] oslo_limit.endpoint_interface = public {{(pid=109867) log_opt_values /opt/stack/data/venv/lib/python3.12/site-packages/oslo_config/cfg.py:3006}}
Mar 30 18:03:15.961471 np0000161493 nova-conductor[109867]: DEBUG cotyledon.oslo_config_glue [-] oslo_limit.endpoint_override = None {{(pid=109867) log_opt_values /opt/stack/data/venv/lib/python3.12/site-packages/oslo_config/cfg.py:3006}}
Mar 30 18:03:15.961471 np0000161493 nova-conductor[109867]: DEBUG cotyledon.oslo_config_glue [-] oslo_limit.endpoint_region_name = None {{(pid=109867) log_opt_values /opt/stack/data/venv/lib/python3.12/site-packages/oslo_config/cfg.py:3006}}
Mar 30 18:03:15.961471 np0000161493 nova-conductor[109867]: DEBUG cotyledon.oslo_config_glue [-] oslo_limit.endpoint_service_name = None {{(pid=109867) log_opt_values /opt/stack/data/venv/lib/python3.12/site-packages/oslo_config/cfg.py:3006}}
Mar 30 18:03:15.961471 np0000161493 nova-conductor[109867]: DEBUG cotyledon.oslo_config_glue [-] oslo_limit.endpoint_service_type = None {{(pid=109867) log_opt_values /opt/stack/data/venv/lib/python3.12/site-packages/oslo_config/cfg.py:3006}}
Mar 30 18:03:15.961471 np0000161493 nova-conductor[109867]: DEBUG cotyledon.oslo_config_glue [-] oslo_limit.insecure = False {{(pid=109867) log_opt_values /opt/stack/data/venv/lib/python3.12/site-packages/oslo_config/cfg.py:3006}}
Mar 30 18:03:15.961471 np0000161493 nova-conductor[109867]: DEBUG cotyledon.oslo_config_glue [-] oslo_limit.keyfile = None {{(pid=109867) log_opt_values /opt/stack/data/venv/lib/python3.12/site-packages/oslo_config/cfg.py:3006}}
Mar 30 18:03:15.961471 np0000161493 nova-conductor[109867]: DEBUG cotyledon.oslo_config_glue [-] oslo_limit.max_version = None {{(pid=109867) log_opt_values /opt/stack/data/venv/lib/python3.12/site-packages/oslo_config/cfg.py:3006}}
Mar 30 18:03:15.961471 np0000161493 nova-conductor[109867]: DEBUG cotyledon.oslo_config_glue [-] oslo_limit.min_version = None {{(pid=109867) log_opt_values /opt/stack/data/venv/lib/python3.12/site-packages/oslo_config/cfg.py:3006}}
Mar 30 18:03:15.961678 np0000161493 nova-conductor[109867]: DEBUG cotyledon.oslo_config_glue [-] oslo_limit.region_name = None {{(pid=109867) log_opt_values /opt/stack/data/venv/lib/python3.12/site-packages/oslo_config/cfg.py:3006}}
Mar 30 18:03:15.961678 np0000161493 nova-conductor[109867]: DEBUG cotyledon.oslo_config_glue [-] oslo_limit.retriable_status_codes = None {{(pid=109867) log_opt_values /opt/stack/data/venv/lib/python3.12/site-packages/oslo_config/cfg.py:3006}}
Mar 30 18:03:15.961678 np0000161493 nova-conductor[109867]: DEBUG cotyledon.oslo_config_glue [-] oslo_limit.service_name = None {{(pid=109867) log_opt_values /opt/stack/data/venv/lib/python3.12/site-packages/oslo_config/cfg.py:3006}}
Mar 30 18:03:15.961678 np0000161493 nova-conductor[109867]: DEBUG cotyledon.oslo_config_glue [-] oslo_limit.service_type = None {{(pid=109867) log_opt_values /opt/stack/data/venv/lib/python3.12/site-packages/oslo_config/cfg.py:3006}}
Mar 30 18:03:15.961678 np0000161493 nova-conductor[109867]: DEBUG cotyledon.oslo_config_glue [-] oslo_limit.split_loggers = False {{(pid=109867) log_opt_values /opt/stack/data/venv/lib/python3.12/site-packages/oslo_config/cfg.py:3006}}
Mar 30 18:03:15.961678 np0000161493 nova-conductor[109867]: DEBUG cotyledon.oslo_config_glue [-] oslo_limit.status_code_retries = None {{(pid=109867) log_opt_values /opt/stack/data/venv/lib/python3.12/site-packages/oslo_config/cfg.py:3006}}
Mar 30 18:03:15.961678 np0000161493 nova-conductor[109867]: DEBUG cotyledon.oslo_config_glue [-] oslo_limit.status_code_retry_delay = None {{(pid=109867) log_opt_values /opt/stack/data/venv/lib/python3.12/site-packages/oslo_config/cfg.py:3006}}
Mar 30 18:03:15.961678 np0000161493 nova-conductor[109867]: DEBUG cotyledon.oslo_config_glue [-] oslo_limit.timeout = None {{(pid=109867) log_opt_values /opt/stack/data/venv/lib/python3.12/site-packages/oslo_config/cfg.py:3006}}
Mar 30 18:03:15.961678 np0000161493 nova-conductor[109867]: DEBUG cotyledon.oslo_config_glue [-] oslo_limit.valid_interfaces = None {{(pid=109867) log_opt_values /opt/stack/data/venv/lib/python3.12/site-packages/oslo_config/cfg.py:3006}}
Mar 30 18:03:15.961894 np0000161493 nova-conductor[109867]: DEBUG cotyledon.oslo_config_glue [-] oslo_limit.version = None {{(pid=109867) log_opt_values /opt/stack/data/venv/lib/python3.12/site-packages/oslo_config/cfg.py:3006}}
Mar 30 18:03:15.961894 np0000161493 nova-conductor[109867]: DEBUG cotyledon.oslo_config_glue [-] oslo_reports.file_event_handler = None {{(pid=109867) log_opt_values /opt/stack/data/venv/lib/python3.12/site-packages/oslo_config/cfg.py:3006}}
Mar 30 18:03:15.961894 np0000161493 nova-conductor[109867]: DEBUG cotyledon.oslo_config_glue [-] oslo_reports.file_event_handler_interval = 1 {{(pid=109867) log_opt_values /opt/stack/data/venv/lib/python3.12/site-packages/oslo_config/cfg.py:3006}}
Mar 30 18:03:15.961894 np0000161493 nova-conductor[109867]: DEBUG cotyledon.oslo_config_glue [-] oslo_reports.log_dir = None {{(pid=109867) log_opt_values /opt/stack/data/venv/lib/python3.12/site-packages/oslo_config/cfg.py:3006}}
Mar 30 18:03:15.961894 np0000161493 nova-conductor[109867]: DEBUG cotyledon.oslo_config_glue [-] ******************************************************************************** {{(pid=109867) log_opt_values /opt/stack/data/venv/lib/python3.12/site-packages/oslo_config/cfg.py:3013}}
Mar 30 18:03:15.961894 np0000161493 nova-conductor[109867]: DEBUG cotyledon._service_worker [-] Run service ServiceWrapper(3) [109867] {{(pid=109867) wait_forever /opt/stack/data/venv/lib/python3.12/site-packages/cotyledon/_service_worker.py:218}}
Mar 30 18:03:15.961894 np0000161493 nova-conductor[109867]: INFO nova.service [-] Starting conductor node (version 33.1.0)
Mar 30 18:03:15.962069 np0000161493 nova-conductor[109857]: DEBUG dbcounter [-] [109857] Writer thread running {{(pid=109857) stat_writer /opt/stack/data/venv/lib/python3.12/site-packages/dbcounter.py:102}}
Mar 30 18:03:15.962069 np0000161493 nova-conductor[109857]: DEBUG nova.service [None req-0dd87d53-4a15-4976-998e-e640da7a7ce0 None None] Creating RPC server for service: nova-conductor on topic: conductor {{(pid=109857) start /opt/stack/nova/nova/service.py:195}}
Mar 30 18:03:15.962125 np0000161493 nova-conductor[109867]: INFO dbcounter [None req-e7deaf07-96ff-4b5a-8b29-f4966dc35c87 None None] Registered counter for database nova_cell0
Mar 30 18:03:15.962125 np0000161493 nova-conductor[109867]: DEBUG oslo_db.sqlalchemy.engines [None req-e7deaf07-96ff-4b5a-8b29-f4966dc35c87 None None] MySQL server mode set to STRICT_TRANS_TABLES,STRICT_ALL_TABLES,NO_ZERO_IN_DATE,NO_ZERO_DATE,ERROR_FOR_DIVISION_BY_ZERO,TRADITIONAL,NO_ENGINE_SUBSTITUTION {{(pid=109867) _check_effective_sql_mode /opt/stack/data/venv/lib/python3.12/site-packages/oslo_db/sqlalchemy/engines.py:325}}
Mar 30 18:03:15.962177 np0000161493 nova-conductor[109848]: DEBUG nova.service [None req-cac20d8f-2ec5-4dc3-9073-e78c9976a983 None None] Join ServiceGroup membership for this service conductor {{(pid=109848) start /opt/stack/nova/nova/service.py:221}}
Mar 30 18:03:15.962177 np0000161493 nova-conductor[109848]: DEBUG nova.servicegroup.drivers.db [None req-cac20d8f-2ec5-4dc3-9073-e78c9976a983 None None] DB_Driver: join new ServiceGroup member np0000161493 to the conductor group, service = {{(pid=109848) join /opt/stack/nova/nova/servicegroup/drivers/db.py:44}}
Mar 30 18:03:15.962232 np0000161493 nova-conductor[109840]: DEBUG nova.service [None req-687425b8-374f-4b9e-8de2-1ab17f5b43d0 None None] Join ServiceGroup membership for this service conductor {{(pid=109840) start /opt/stack/nova/nova/service.py:221}}
Mar 30 18:03:15.962232 np0000161493 nova-conductor[109840]: DEBUG nova.servicegroup.drivers.db [None req-687425b8-374f-4b9e-8de2-1ab17f5b43d0 None None] DB_Driver: join new ServiceGroup member np0000161493 to the conductor group, service = {{(pid=109840) join /opt/stack/nova/nova/servicegroup/drivers/db.py:44}}
Mar 30 18:03:15.962311 np0000161493 nova-conductor[109867]: DEBUG dbcounter [-] [109867] Writer thread running {{(pid=109867) stat_writer /opt/stack/data/venv/lib/python3.12/site-packages/dbcounter.py:102}}
Mar 30 18:03:15.962343 np0000161493 nova-conductor[109857]: DEBUG nova.service [None req-0dd87d53-4a15-4976-998e-e640da7a7ce0 None None] Join ServiceGroup membership for this service conductor {{(pid=109857) start /opt/stack/nova/nova/service.py:221}}
Mar 30 18:03:15.962343 np0000161493 nova-conductor[109857]: DEBUG nova.servicegroup.drivers.db [None req-0dd87d53-4a15-4976-998e-e640da7a7ce0 None None] DB_Driver: join new ServiceGroup member np0000161493 to the conductor group, service = {{(pid=109857) join /opt/stack/nova/nova/servicegroup/drivers/db.py:44}}
Mar 30 18:03:15.962422 np0000161493 nova-conductor[109867]: DEBUG nova.service [None req-e7deaf07-96ff-4b5a-8b29-f4966dc35c87 None None] Creating RPC server for service: nova-conductor on topic: conductor {{(pid=109867) start /opt/stack/nova/nova/service.py:195}}
Mar 30 18:03:15.982998 np0000161493 nova-conductor[109867]: DEBUG nova.service [None req-e7deaf07-96ff-4b5a-8b29-f4966dc35c87 None None] Join ServiceGroup membership for this service conductor {{(pid=109867) start /opt/stack/nova/nova/service.py:221}}
Mar 30 18:03:15.983202 np0000161493 nova-conductor[109867]: DEBUG nova.servicegroup.drivers.db [None req-e7deaf07-96ff-4b5a-8b29-f4966dc35c87 None None] DB_Driver: join new ServiceGroup member np0000161493 to the conductor group, service = {{(pid=109867) join /opt/stack/nova/nova/servicegroup/drivers/db.py:44}}
Mar 30 18:03:18.955351 np0000161493 nova-conductor[109840]: DEBUG oslo.service.backend._threading.loopingcall [None req-ca04fea6-afd3-429b-bf08-f10f8ace6c0e None None] Dynamic interval looping call 'nova.service.Service.periodic_tasks' sleeping for 60.00 seconds {{(pid=109840) _run_loop /opt/stack/data/venv/lib/python3.12/site-packages/oslo_service/backend/_threading/loopingcall.py:125}}
Mar 30 18:03:20.976449 np0000161493 nova-conductor[109840]: DEBUG oslo.service.backend._threading.loopingcall [-] Fixed interval looping call 'nova.servicegroup.drivers.db.DbDriver._report_state' sleeping for 119.98 seconds {{(pid=109840) _run_loop /opt/stack/data/venv/lib/python3.12/site-packages/oslo_service/backend/_threading/loopingcall.py:125}}
Mar 30 18:03:20.978146 np0000161493 nova-conductor[109848]: DEBUG oslo.service.backend._threading.loopingcall [-] Fixed interval looping call 'nova.servicegroup.drivers.db.DbDriver._report_state' sleeping for 119.98 seconds {{(pid=109848) _run_loop /opt/stack/data/venv/lib/python3.12/site-packages/oslo_service/backend/_threading/loopingcall.py:125}}
Mar 30 18:03:20.979738 np0000161493 nova-conductor[109857]: DEBUG oslo.service.backend._threading.loopingcall [-] Fixed interval looping call 'nova.servicegroup.drivers.db.DbDriver._report_state' sleeping for 119.98 seconds {{(pid=109857) _run_loop /opt/stack/data/venv/lib/python3.12/site-packages/oslo_service/backend/_threading/loopingcall.py:125}}
Mar 30 18:03:20.998885 np0000161493 nova-conductor[109867]: DEBUG oslo.service.backend._threading.loopingcall [-] Fixed interval looping call 'nova.servicegroup.drivers.db.DbDriver._report_state' sleeping for 119.99 seconds {{(pid=109867) _run_loop /opt/stack/data/venv/lib/python3.12/site-packages/oslo_service/backend/_threading/loopingcall.py:125}}
Mar 30 18:03:24.527335 np0000161493 nova-conductor[109052]: DEBUG dbcounter [-] [109052] Writing DB stats nova_api:SELECT=1 {{(pid=109052) stat_writer /opt/stack/data/venv/lib/python3.12/site-packages/dbcounter.py:115}}
Mar 30 18:03:24.635332 np0000161493 nova-conductor[109052]: DEBUG dbcounter [-] [109052] Writing DB stats nova_cell0:SELECT=1 {{(pid=109052) stat_writer /opt/stack/data/venv/lib/python3.12/site-packages/dbcounter.py:115}}
Mar 30 18:03:24.642356 np0000161493 nova-conductor[109052]: DEBUG dbcounter [-] [109052] Writing DB stats nova_cell1:SELECT=1 {{(pid=109052) stat_writer /opt/stack/data/venv/lib/python3.12/site-packages/dbcounter.py:115}}
Mar 30 18:03:25.986686 np0000161493 nova-conductor[109867]: DEBUG oslo.service.backend._threading.loopingcall [None req-0867dbb7-9c62-4336-a5cd-950a9ada0719 None None] Dynamic interval looping call 'nova.service.Service.periodic_tasks' sleeping for 60.00 seconds {{(pid=109867) _run_loop /opt/stack/data/venv/lib/python3.12/site-packages/oslo_service/backend/_threading/loopingcall.py:125}}
Mar 30 18:03:30.969593 np0000161493 nova-conductor[109840]: DEBUG dbcounter [-] [109840] Writing DB stats nova_cell0:SELECT=4,nova_cell0:INSERT=1,nova_cell0:UPDATE=1 {{(pid=109840) stat_writer /opt/stack/data/venv/lib/python3.12/site-packages/dbcounter.py:115}}
Mar 30 18:03:30.971522 np0000161493 nova-conductor[109848]: DEBUG dbcounter [-] [109848] Writing DB stats nova_cell0:SELECT=3,nova_cell0:UPDATE=1 {{(pid=109848) stat_writer /opt/stack/data/venv/lib/python3.12/site-packages/dbcounter.py:115}}
Mar 30 18:03:30.972850 np0000161493 nova-conductor[109857]: DEBUG dbcounter [-] [109857] Writing DB stats nova_cell0:SELECT=3,nova_cell0:UPDATE=1 {{(pid=109857) stat_writer /opt/stack/data/venv/lib/python3.12/site-packages/dbcounter.py:115}}
Mar 30 18:03:30.994866 np0000161493 nova-conductor[109867]: DEBUG dbcounter [-] [109867] Writing DB stats nova_cell0:SELECT=3 {{(pid=109867) stat_writer /opt/stack/data/venv/lib/python3.12/site-packages/dbcounter.py:115}}
Mar 30 18:03:38.953946 np0000161493 nova-conductor[109848]: DEBUG oslo.service.backend._threading.loopingcall [None req-d5ec721c-6a8f-46a3-b79f-24a7148e35c7 None None] Dynamic interval looping call 'nova.service.Service.periodic_tasks' sleeping for 60.00 seconds {{(pid=109848) _run_loop /opt/stack/data/venv/lib/python3.12/site-packages/oslo_service/backend/_threading/loopingcall.py:125}}
Mar 30 18:04:01.958317 np0000161493 nova-conductor[109857]: DEBUG oslo.service.backend._threading.loopingcall [None req-2e42fe2f-b572-4815-90b9-75403b1645e0 None None] Dynamic interval looping call 'nova.service.Service.periodic_tasks' sleeping for 60.00 seconds {{(pid=109857) _run_loop /opt/stack/data/venv/lib/python3.12/site-packages/oslo_service/backend/_threading/loopingcall.py:125}}
Mar 30 18:04:18.956736 np0000161493 nova-conductor[109840]: DEBUG oslo.service.backend._threading.loopingcall [None req-ca04fea6-afd3-429b-bf08-f10f8ace6c0e None None] Dynamic interval looping call 'nova.service.Service.periodic_tasks' sleeping for 60.00 seconds {{(pid=109840) _run_loop /opt/stack/data/venv/lib/python3.12/site-packages/oslo_service/backend/_threading/loopingcall.py:125}}
Mar 30 18:04:25.987787 np0000161493 nova-conductor[109867]: DEBUG oslo.service.backend._threading.loopingcall [None req-0867dbb7-9c62-4336-a5cd-950a9ada0719 None None] Dynamic interval looping call 'nova.service.Service.periodic_tasks' sleeping for 60.00 seconds {{(pid=109867) _run_loop /opt/stack/data/venv/lib/python3.12/site-packages/oslo_service/backend/_threading/loopingcall.py:125}}
Mar 30 18:04:38.955313 np0000161493 nova-conductor[109848]: DEBUG oslo.service.backend._threading.loopingcall [None req-d5ec721c-6a8f-46a3-b79f-24a7148e35c7 None None] Dynamic interval looping call 'nova.service.Service.periodic_tasks' sleeping for 60.00 seconds {{(pid=109848) _run_loop /opt/stack/data/venv/lib/python3.12/site-packages/oslo_service/backend/_threading/loopingcall.py:125}}
Mar 30 18:05:01.959087 np0000161493 nova-conductor[109857]: DEBUG oslo.service.backend._threading.loopingcall [None req-2e42fe2f-b572-4815-90b9-75403b1645e0 None None] Dynamic interval looping call 'nova.service.Service.periodic_tasks' sleeping for 60.00 seconds {{(pid=109857) _run_loop /opt/stack/data/venv/lib/python3.12/site-packages/oslo_service/backend/_threading/loopingcall.py:125}}
Mar 30 18:05:18.972328 np0000161493 nova-conductor[109840]: DEBUG oslo.service.backend._threading.loopingcall [None req-ca04fea6-afd3-429b-bf08-f10f8ace6c0e None None] Dynamic interval looping call 'nova.service.Service.periodic_tasks' sleeping for 60.00 seconds {{(pid=109840) _run_loop /opt/stack/data/venv/lib/python3.12/site-packages/oslo_service/backend/_threading/loopingcall.py:125}}
Mar 30 18:05:20.967794 np0000161493 nova-conductor[109848]: DEBUG oslo.service.backend._threading.loopingcall [-] Fixed interval looping call 'nova.servicegroup.drivers.db.DbDriver._report_state' sleeping for 119.99 seconds {{(pid=109848) _run_loop /opt/stack/data/venv/lib/python3.12/site-packages/oslo_service/backend/_threading/loopingcall.py:125}}
Mar 30 18:05:20.969146 np0000161493 nova-conductor[109840]: DEBUG oslo.service.backend._threading.loopingcall [-] Fixed interval looping call 'nova.servicegroup.drivers.db.DbDriver._report_state' sleeping for 119.99 seconds {{(pid=109840) _run_loop /opt/stack/data/venv/lib/python3.12/site-packages/oslo_service/backend/_threading/loopingcall.py:125}}
Mar 30 18:05:20.969738 np0000161493 nova-conductor[109857]: DEBUG oslo.service.backend._threading.loopingcall [-] Fixed interval looping call 'nova.servicegroup.drivers.db.DbDriver._report_state' sleeping for 119.99 seconds {{(pid=109857) _run_loop /opt/stack/data/venv/lib/python3.12/site-packages/oslo_service/backend/_threading/loopingcall.py:125}}
Mar 30 18:05:20.994874 np0000161493 nova-conductor[109867]: DEBUG oslo.service.backend._threading.loopingcall [-] Fixed interval looping call 'nova.servicegroup.drivers.db.DbDriver._report_state' sleeping for 119.99 seconds {{(pid=109867) _run_loop /opt/stack/data/venv/lib/python3.12/site-packages/oslo_service/backend/_threading/loopingcall.py:125}}
Mar 30 18:05:25.988799 np0000161493 nova-conductor[109867]: DEBUG oslo.service.backend._threading.loopingcall [None req-0867dbb7-9c62-4336-a5cd-950a9ada0719 None None] Dynamic interval looping call 'nova.service.Service.periodic_tasks' sleeping for 60.00 seconds {{(pid=109867) _run_loop /opt/stack/data/venv/lib/python3.12/site-packages/oslo_service/backend/_threading/loopingcall.py:125}}
Mar 30 18:05:30.961690 np0000161493 nova-conductor[109848]: DEBUG dbcounter [-] [109848] Writing DB stats nova_cell0:SELECT=1,nova_cell0:UPDATE=1 {{(pid=109848) stat_writer /opt/stack/data/venv/lib/python3.12/site-packages/dbcounter.py:115}}
Mar 30 18:05:30.963509 np0000161493 nova-conductor[109840]: DEBUG dbcounter [-] [109840] Writing DB stats nova_cell0:SELECT=1,nova_cell0:UPDATE=1 {{(pid=109840) stat_writer /opt/stack/data/venv/lib/python3.12/site-packages/dbcounter.py:115}}
Mar 30 18:05:30.965681 np0000161493 nova-conductor[109857]: DEBUG dbcounter [-] [109857] Writing DB stats nova_cell0:SELECT=1,nova_cell0:UPDATE=1 {{(pid=109857) stat_writer /opt/stack/data/venv/lib/python3.12/site-packages/dbcounter.py:115}}
Mar 30 18:05:30.992236 np0000161493 nova-conductor[109867]: DEBUG dbcounter [-] [109867] Writing DB stats nova_cell0:SELECT=1 {{(pid=109867) stat_writer /opt/stack/data/venv/lib/python3.12/site-packages/dbcounter.py:115}}
Mar 30 18:05:38.956153 np0000161493 nova-conductor[109848]: DEBUG oslo.service.backend._threading.loopingcall [None req-d5ec721c-6a8f-46a3-b79f-24a7148e35c7 None None] Dynamic interval looping call 'nova.service.Service.periodic_tasks' sleeping for 60.00 seconds {{(pid=109848) _run_loop /opt/stack/data/venv/lib/python3.12/site-packages/oslo_service/backend/_threading/loopingcall.py:125}}
Mar 30 18:06:01.959929 np0000161493 nova-conductor[109857]: DEBUG oslo.service.backend._threading.loopingcall [None req-2e42fe2f-b572-4815-90b9-75403b1645e0 None None] Dynamic interval looping call 'nova.service.Service.periodic_tasks' sleeping for 60.00 seconds {{(pid=109857) _run_loop /opt/stack/data/venv/lib/python3.12/site-packages/oslo_service/backend/_threading/loopingcall.py:125}}
Mar 30 18:06:18.972064 np0000161493 nova-conductor[109840]: DEBUG oslo.service.backend._threading.loopingcall [None req-ca04fea6-afd3-429b-bf08-f10f8ace6c0e None None] Dynamic interval looping call 'nova.service.Service.periodic_tasks' sleeping for 60.00 seconds {{(pid=109840) _run_loop /opt/stack/data/venv/lib/python3.12/site-packages/oslo_service/backend/_threading/loopingcall.py:125}}
Mar 30 18:06:25.989570 np0000161493 nova-conductor[109867]: DEBUG oslo.service.backend._threading.loopingcall [None req-0867dbb7-9c62-4336-a5cd-950a9ada0719 None None] Dynamic interval looping call 'nova.service.Service.periodic_tasks' sleeping for 60.00 seconds {{(pid=109867) _run_loop /opt/stack/data/venv/lib/python3.12/site-packages/oslo_service/backend/_threading/loopingcall.py:125}}
Mar 30 18:06:38.957085 np0000161493 nova-conductor[109848]: DEBUG oslo.service.backend._threading.loopingcall [None req-d5ec721c-6a8f-46a3-b79f-24a7148e35c7 None None] Dynamic interval looping call 'nova.service.Service.periodic_tasks' sleeping for 60.00 seconds {{(pid=109848) _run_loop /opt/stack/data/venv/lib/python3.12/site-packages/oslo_service/backend/_threading/loopingcall.py:125}}
Mar 30 18:07:01.960677 np0000161493 nova-conductor[109857]: DEBUG oslo.service.backend._threading.loopingcall [None req-2e42fe2f-b572-4815-90b9-75403b1645e0 None None] Dynamic interval looping call 'nova.service.Service.periodic_tasks' sleeping for 60.00 seconds {{(pid=109857) _run_loop /opt/stack/data/venv/lib/python3.12/site-packages/oslo_service/backend/_threading/loopingcall.py:125}}
Mar 30 18:07:18.972887 np0000161493 nova-conductor[109840]: DEBUG oslo.service.backend._threading.loopingcall [None req-ca04fea6-afd3-429b-bf08-f10f8ace6c0e None None] Dynamic interval looping call 'nova.service.Service.periodic_tasks' sleeping for 60.00 seconds {{(pid=109840) _run_loop /opt/stack/data/venv/lib/python3.12/site-packages/oslo_service/backend/_threading/loopingcall.py:125}}
Mar 30 18:07:20.969762 np0000161493 nova-conductor[109840]: DEBUG oslo.service.backend._threading.loopingcall [-] Fixed interval looping call 'nova.servicegroup.drivers.db.DbDriver._report_state' sleeping for 119.99 seconds {{(pid=109840) _run_loop /opt/stack/data/venv/lib/python3.12/site-packages/oslo_service/backend/_threading/loopingcall.py:125}}
Mar 30 18:07:20.970515 np0000161493 nova-conductor[109848]: DEBUG oslo.service.backend._threading.loopingcall [-] Fixed interval looping call 'nova.servicegroup.drivers.db.DbDriver._report_state' sleeping for 119.99 seconds {{(pid=109848) _run_loop /opt/stack/data/venv/lib/python3.12/site-packages/oslo_service/backend/_threading/loopingcall.py:125}}
Mar 30 18:07:20.970916 np0000161493 nova-conductor[109857]: DEBUG oslo.service.backend._threading.loopingcall [-] Fixed interval looping call 'nova.servicegroup.drivers.db.DbDriver._report_state' sleeping for 119.99 seconds {{(pid=109857) _run_loop /opt/stack/data/venv/lib/python3.12/site-packages/oslo_service/backend/_threading/loopingcall.py:125}}
Mar 30 18:07:20.989387 np0000161493 nova-conductor[109867]: DEBUG oslo.service.backend._threading.loopingcall [-] Fixed interval looping call 'nova.servicegroup.drivers.db.DbDriver._report_state' sleeping for 120.00 seconds {{(pid=109867) _run_loop /opt/stack/data/venv/lib/python3.12/site-packages/oslo_service/backend/_threading/loopingcall.py:125}}
Mar 30 18:07:25.990606 np0000161493 nova-conductor[109867]: DEBUG oslo.service.backend._threading.loopingcall [None req-0867dbb7-9c62-4336-a5cd-950a9ada0719 None None] Dynamic interval looping call 'nova.service.Service.periodic_tasks' sleeping for 60.00 seconds {{(pid=109867) _run_loop /opt/stack/data/venv/lib/python3.12/site-packages/oslo_service/backend/_threading/loopingcall.py:125}}
Mar 30 18:07:30.963381 np0000161493 nova-conductor[109848]: DEBUG dbcounter [-] [109848] Writing DB stats nova_cell0:SELECT=1,nova_cell0:UPDATE=1 {{(pid=109848) stat_writer /opt/stack/data/venv/lib/python3.12/site-packages/dbcounter.py:115}}
Mar 30 18:07:30.963942 np0000161493 nova-conductor[109840]: DEBUG dbcounter [-] [109840] Writing DB stats nova_cell0:SELECT=1,nova_cell0:UPDATE=1 {{(pid=109840) stat_writer /opt/stack/data/venv/lib/python3.12/site-packages/dbcounter.py:115}}
Mar 30 18:07:30.968898 np0000161493 nova-conductor[109857]: DEBUG dbcounter [-] [109857] Writing DB stats nova_cell0:SELECT=1,nova_cell0:UPDATE=1 {{(pid=109857) stat_writer /opt/stack/data/venv/lib/python3.12/site-packages/dbcounter.py:115}}
