Mar 30 18:02:34.113753 np0000161493 devstack@neutron-api.service[102436]: WSGI app 0 (mountpoint='') ready in 8 seconds on interpreter 0x7c7b4fea3668 pid: 102436 (default app)
Mar 30 18:02:34.127345 np0000161493 devstack@neutron-api.service[102438]: DEBUG neutron.common.ovn.hash_ring_manager [None req-5dead4ad-322d-4aca-8528-5f27e6bd8776 None None] Allow caching, nodes 4>=4 {{(pid=102438) _wait_startup_before_caching /opt/stack/neutron/neutron/common/ovn/hash_ring_manager.py:65}}
Mar 30 18:02:34.134380 np0000161493 devstack@neutron-api.service[102438]: DEBUG neutron.common.ovn.hash_ring_manager [None req-5dead4ad-322d-4aca-8528-5f27e6bd8776 None None] Hash Ring loaded. 4 active nodes. 0 offline nodes {{(pid=102438) _load_hash_ring /opt/stack/neutron/neutron/common/ovn/hash_ring_manager.py:102}}
Mar 30 18:02:34.134660 np0000161493 devstack@neutron-api.service[102438]: DEBUG neutron.plugins.ml2.drivers.ovn.mech_driver.ovsdb.ovsdb_monitor [None req-5dead4ad-322d-4aca-8528-5f27e6bd8776 None None] Hash Ring: Node 58ebcbc8143655ea8ad8369cb70a7213 (host: np0000161493) handling event "create" for row e9f06e4a-c0e6-4b1a-a7b7-dc2f3f0bc48a (table: NB_Global) {{(pid=102438) notify /opt/stack/neutron/neutron/plugins/ml2/drivers/ovn/mech_driver/ovsdb/ovsdb_monitor.py:912}}
Mar 30 18:02:34.135998 np0000161493 devstack@neutron-api.service[102438]: INFO neutron.plugins.ml2.drivers.ovn.mech_driver.ovsdb.impl_idl_ovn [None req-5dead4ad-322d-4aca-8528-5f27e6bd8776 None None] Getting OvsdbSbOvnIdl for WorkerService with retry
Mar 30 18:02:34.136193 np0000161493 devstack@neutron-api.service[102435]: DEBUG ovsdbapp.backend.ovs_idl [None req-c6843e2a-32ec-46e4-ab6d-71c5eae1b3ee None None] Created lookup_table index Chassis.name {{(pid=102435) autocreate_indices /opt/stack/data/venv/lib/python3.12/site-packages/ovsdbapp/backend/ovs_idl/__init__.py:87}}
Mar 30 18:02:34.136465 np0000161493 devstack@neutron-api.service[102435]: DEBUG ovsdbapp.backend.ovs_idl [None req-c6843e2a-32ec-46e4-ab6d-71c5eae1b3ee None None] Created lookup_table index Port_Binding.logical_port {{(pid=102435) autocreate_indices /opt/stack/data/venv/lib/python3.12/site-packages/ovsdbapp/backend/ovs_idl/__init__.py:87}}
Mar 30 18:02:34.136465 np0000161493 devstack@neutron-api.service[102435]: DEBUG ovsdbapp.backend.ovs_idl [None req-c6843e2a-32ec-46e4-ab6d-71c5eae1b3ee None None] Created schema index Chassis_Private.name {{(pid=102435) autocreate_indices /opt/stack/data/venv/lib/python3.12/site-packages/ovsdbapp/backend/ovs_idl/__init__.py:106}}
Mar 30 18:02:34.136586 np0000161493 devstack@neutron-api.service[102435]: DEBUG ovsdbapp.backend.ovs_idl [None req-c6843e2a-32ec-46e4-ab6d-71c5eae1b3ee None None] Created schema index Datapath_Binding.tunnel_key {{(pid=102435) autocreate_indices /opt/stack/data/venv/lib/python3.12/site-packages/ovsdbapp/backend/ovs_idl/__init__.py:106}}
Mar 30 18:02:34.138372 np0000161493 devstack@neutron-api.service[102435]: INFO ovsdbapp.backend.ovs_idl.vlog [None req-c6843e2a-32ec-46e4-ab6d-71c5eae1b3ee None None] ssl:199.204.45.144:6642: connecting...
Mar 30 18:02:34.142602 np0000161493 devstack@neutron-api.service[102435]: INFO ovsdbapp.backend.ovs_idl.vlog [None req-c6843e2a-32ec-46e4-ab6d-71c5eae1b3ee None None] ssl:199.204.45.144:6642: connected
Mar 30 18:02:34.168851 np0000161493 devstack@neutron-api.service[102438]: DEBUG ovsdbapp.backend.ovs_idl [None req-5dead4ad-322d-4aca-8528-5f27e6bd8776 None None] Created lookup_table index Chassis.name {{(pid=102438) autocreate_indices /opt/stack/data/venv/lib/python3.12/site-packages/ovsdbapp/backend/ovs_idl/__init__.py:87}}
Mar 30 18:02:34.168851 np0000161493 devstack@neutron-api.service[102438]: DEBUG ovsdbapp.backend.ovs_idl [None req-5dead4ad-322d-4aca-8528-5f27e6bd8776 None None] Created lookup_table index Port_Binding.logical_port {{(pid=102438) autocreate_indices /opt/stack/data/venv/lib/python3.12/site-packages/ovsdbapp/backend/ovs_idl/__init__.py:87}}
Mar 30 18:02:34.168851 np0000161493 devstack@neutron-api.service[102438]: DEBUG ovsdbapp.backend.ovs_idl [None req-5dead4ad-322d-4aca-8528-5f27e6bd8776 None None] Created schema index Chassis_Private.name {{(pid=102438) autocreate_indices /opt/stack/data/venv/lib/python3.12/site-packages/ovsdbapp/backend/ovs_idl/__init__.py:106}}
Mar 30 18:02:34.168851 np0000161493 devstack@neutron-api.service[102438]: DEBUG ovsdbapp.backend.ovs_idl [None req-5dead4ad-322d-4aca-8528-5f27e6bd8776 None None] Created schema index Datapath_Binding.tunnel_key {{(pid=102438) autocreate_indices /opt/stack/data/venv/lib/python3.12/site-packages/ovsdbapp/backend/ovs_idl/__init__.py:106}}
Mar 30 18:02:34.171885 np0000161493 devstack@neutron-api.service[102438]: INFO ovsdbapp.backend.ovs_idl.vlog [None req-5dead4ad-322d-4aca-8528-5f27e6bd8776 None None] ssl:199.204.45.144:6642: connecting...
Mar 30 18:02:34.176138 np0000161493 devstack@neutron-api.service[102435]: DEBUG neutron.common.ovn.hash_ring_manager [None req-c6843e2a-32ec-46e4-ab6d-71c5eae1b3ee None None] Allow caching, nodes 4>=4 {{(pid=102435) _wait_startup_before_caching /opt/stack/neutron/neutron/common/ovn/hash_ring_manager.py:65}}
Mar 30 18:02:34.178999 np0000161493 devstack@neutron-api.service[102438]: INFO ovsdbapp.backend.ovs_idl.vlog [None req-5dead4ad-322d-4aca-8528-5f27e6bd8776 None None] ssl:199.204.45.144:6642: connected
Mar 30 18:02:34.179892 np0000161493 devstack@neutron-api.service[102435]: DEBUG neutron.common.ovn.hash_ring_manager [None req-c6843e2a-32ec-46e4-ab6d-71c5eae1b3ee None None] Hash Ring loaded. 4 active nodes. 0 offline nodes {{(pid=102435) _load_hash_ring /opt/stack/neutron/neutron/common/ovn/hash_ring_manager.py:102}}
Mar 30 18:02:34.180198 np0000161493 devstack@neutron-api.service[102435]: DEBUG neutron.plugins.ml2.drivers.ovn.mech_driver.ovsdb.ovsdb_monitor [None req-c6843e2a-32ec-46e4-ab6d-71c5eae1b3ee None None] Hash Ring: Node 9390e79e381d5af09830e91b6ad890da (host: np0000161493) handling event "create" for row 7dc47699-59fe-4e00-85c8-b8e22fb03b45 (table: Chassis) {{(pid=102435) notify /opt/stack/neutron/neutron/plugins/ml2/drivers/ovn/mech_driver/ovsdb/ovsdb_monitor.py:912}}
Mar 30 18:02:34.180786 np0000161493 devstack@neutron-api.service[102435]: DEBUG ovsdbapp.backend.ovs_idl.event [None req-c6843e2a-32ec-46e4-ab6d-71c5eae1b3ee None None] Matched CREATE: ChassisBandwidthConfigEvent(events=('create', 'update'), table='Chassis', conditions=None, old_conditions=None), priority=20 to row=Chassis(uuid=7dc47699-59fe-4e00-85c8-b8e22fb03b45, encaps=[a5ba0d7f-0f42-4b6e-b927-cff86a8df7e7], external_ids={}, hostname='np0000161493', name='f1d8b0fb-4aad-4b88-89b4-1410a7899b83', nb_cfg=0, other_config={'ct-commit-nat-v2': 'true', 'ct-commit-to-zone': 'true', 'ct-next-zone': 'true', 'ct-no-masked-label': 'true', 'ct-state-save': 'true', 'datapath-type': 'system', 'fdb-timestamp': 'true', 'iface-types': 'afxdp,afxdp-nonpmd,bareudp,erspan,geneve,gre,gtpu,internal,ip6erspan,ip6gre,lisp,patch,srv6,stt,system,tap,vxlan', 'is-interconn': 'false', 'ls-dpg-column': 'true', 'mac-binding-timestamp': 'true', 'ovn-bridge-mappings': 'public:br-ex', 'ovn-chassis-mac-mappings': '', 'ovn-cms-options': 'enable-chassis-as-gw', 'ovn-ct-lb-related': 'true', 'ovn-enable-lflow-cache': 'true', 'ovn-limit-lflow-cache': '', 'ovn-memlimit-lflow-cache-kb': '', 'ovn-monitor-all': 'false', 'ovn-trim-limit-lflow-cache': '', 'ovn-trim-timeout-ms': '', 'ovn-trim-wmark-perc-lflow-cache': '', 'port-up-notif': 'true'}, transport_zones=[], vtep_logical_switches=[]) old= {{(pid=102435) matches /opt/stack/data/venv/lib/python3.12/site-packages/ovsdbapp/backend/ovs_idl/event.py:55}}
Mar 30 18:02:34.181585 np0000161493 devstack@neutron-api.service[102435]: DEBUG neutron.plugins.ml2.drivers.ovn.mech_driver.ovsdb.ovsdb_monitor [None req-c6843e2a-32ec-46e4-ab6d-71c5eae1b3ee None None] ChassisOVNAgentWriteEvent : Matched Chassis_Private, create, None None {{(pid=102435) matches /opt/stack/neutron/neutron/plugins/ml2/drivers/ovn/mech_driver/ovsdb/ovsdb_monitor.py:64}}
Mar 30 18:02:34.181585 np0000161493 devstack@neutron-api.service[102435]: DEBUG neutron.plugins.ml2.drivers.ovn.mech_driver.ovsdb.ovsdb_monitor [None req-c6843e2a-32ec-46e4-ab6d-71c5eae1b3ee None None] ChassisAgentWriteEvent : Matched Chassis_Private, create, None None {{(pid=102435) matches /opt/stack/neutron/neutron/plugins/ml2/drivers/ovn/mech_driver/ovsdb/ovsdb_monitor.py:64}}
Mar 30 18:02:34.182805 np0000161493 devstack@neutron-api.service[102435]: INFO neutron.plugins.ml2.drivers.ovn.mech_driver.mech_driver [None req-c6843e2a-32ec-46e4-ab6d-71c5eae1b3ee None None] WorkerService process has finished the post initialization
Mar 30 18:02:34.184020 np0000161493 devstack@neutron-api.service[102435]: INFO neutron.plugins.ml2.drivers.ovn.mech_driver.ovsdb.extensions.qos [-] Starting OVNClientQosExtension
Mar 30 18:02:34.184661 np0000161493 devstack@neutron-api.service[102435]: INFO neutron.plugins.ml2.drivers.ovn.mech_driver.ovsdb.extensions.placement [-] Starting OVNClientPlacementExtension
Mar 30 18:02:34.187065 np0000161493 devstack@neutron-api.service[102435]: WSGI app 0 (mountpoint='') ready in 8 seconds on interpreter 0x7c7b4fea3668 pid: 102435 (default app)
Mar 30 18:02:34.213110 np0000161493 devstack@neutron-api.service[102438]: DEBUG neutron.common.ovn.hash_ring_manager [None req-5dead4ad-322d-4aca-8528-5f27e6bd8776 None None] Allow caching, nodes 4>=4 {{(pid=102438) _wait_startup_before_caching /opt/stack/neutron/neutron/common/ovn/hash_ring_manager.py:65}}
Mar 30 18:02:34.216964 np0000161493 devstack@neutron-api.service[102438]: DEBUG neutron.common.ovn.hash_ring_manager [None req-5dead4ad-322d-4aca-8528-5f27e6bd8776 None None] Hash Ring loaded. 4 active nodes. 0 offline nodes {{(pid=102438) _load_hash_ring /opt/stack/neutron/neutron/common/ovn/hash_ring_manager.py:102}}
Mar 30 18:02:34.217209 np0000161493 devstack@neutron-api.service[102438]: DEBUG neutron.plugins.ml2.drivers.ovn.mech_driver.ovsdb.ovsdb_monitor [None req-5dead4ad-322d-4aca-8528-5f27e6bd8776 None None] ChassisOVNAgentWriteEvent : Matched Chassis_Private, create, None None {{(pid=102438) matches /opt/stack/neutron/neutron/plugins/ml2/drivers/ovn/mech_driver/ovsdb/ovsdb_monitor.py:64}}
Mar 30 18:02:34.217400 np0000161493 devstack@neutron-api.service[102438]: DEBUG neutron.plugins.ml2.drivers.ovn.mech_driver.ovsdb.ovsdb_monitor [None req-5dead4ad-322d-4aca-8528-5f27e6bd8776 None None] ChassisAgentWriteEvent : Matched Chassis_Private, create, None None {{(pid=102438) matches /opt/stack/neutron/neutron/plugins/ml2/drivers/ovn/mech_driver/ovsdb/ovsdb_monitor.py:64}}
Mar 30 18:02:34.219653 np0000161493 devstack@neutron-api.service[102438]: INFO neutron.plugins.ml2.drivers.ovn.mech_driver.mech_driver [None req-5dead4ad-322d-4aca-8528-5f27e6bd8776 None None] WorkerService process has finished the post initialization
Mar 30 18:02:34.220862 np0000161493 devstack@neutron-api.service[102438]: WSGI app 0 (mountpoint='') ready in 8 seconds on interpreter 0x7c7b4fea3668 pid: 102438 (default app)
Mar 30 18:02:35.375097 np0000161493 devstack@neutron-api.service[102435]: DEBUG neutron.plugins.ml2.drivers.ovn.mech_driver.ovsdb.ovsdb_monitor [-] Hash Ring: Node 9390e79e381d5af09830e91b6ad890da (host: np0000161493) handling event "update" for row 335aa1b4-e85b-4bf3-98f7-a172bb44b6f1 (table: Connection) {{(pid=102435) notify /opt/stack/neutron/neutron/plugins/ml2/drivers/ovn/mech_driver/ovsdb/ovsdb_monitor.py:912}}
Mar 30 18:02:35.381841 np0000161493 devstack@neutron-api.service[102437]: DEBUG neutron.common.ovn.hash_ring_manager [-] Allow caching, nodes 4>=4 {{(pid=102437) _wait_startup_before_caching /opt/stack/neutron/neutron/common/ovn/hash_ring_manager.py:65}}
Mar 30 18:02:35.382779 np0000161493 devstack@neutron-api.service[102437]: DEBUG neutron.plugins.ml2.drivers.ovn.mech_driver.ovsdb.ovsdb_monitor [-] Hash Ring: Node 3c471d9bb2285677961abcc7e72ba876 (host: np0000161493) handling event "update" for row 335aa1b4-e85b-4bf3-98f7-a172bb44b6f1 (table: Connection) {{(pid=102437) notify /opt/stack/neutron/neutron/plugins/ml2/drivers/ovn/mech_driver/ovsdb/ovsdb_monitor.py:912}}
Mar 30 18:02:37.914540 np0000161493 devstack@neutron-api.service[102437]: DEBUG neutron.plugins.ml2.drivers.ovn.mech_driver.ovsdb.ovsdb_monitor [-] Hash Ring: Node 3c471d9bb2285677961abcc7e72ba876 (host: np0000161493) handling event "update" for row 335aa1b4-e85b-4bf3-98f7-a172bb44b6f1 (table: Connection) {{(pid=102437) notify /opt/stack/neutron/neutron/plugins/ml2/drivers/ovn/mech_driver/ovsdb/ovsdb_monitor.py:912}}
Mar 30 18:02:37.915541 np0000161493 devstack@neutron-api.service[102435]: DEBUG neutron.plugins.ml2.drivers.ovn.mech_driver.ovsdb.ovsdb_monitor [-] Hash Ring: Node 9390e79e381d5af09830e91b6ad890da (host: np0000161493) handling event "update" for row 335aa1b4-e85b-4bf3-98f7-a172bb44b6f1 (table: Connection) {{(pid=102435) notify /opt/stack/neutron/neutron/plugins/ml2/drivers/ovn/mech_driver/ovsdb/ovsdb_monitor.py:912}}
Mar 30 18:02:40.142301 np0000161493 devstack@neutron-api.service[102437]: DEBUG neutron.api.wsgi [None req-06b023f0-4caf-47e5-8194-6d8b79da7b7e admin admin] Missing Content-Type {{(pid=102437) get_content_type /opt/stack/neutron/neutron/api/wsgi.py:85}}
Mar 30 18:02:40.142964 np0000161493 devstack@neutron-api.service[102437]: DEBUG neutron.api.wsgi [None req-06b023f0-4caf-47e5-8194-6d8b79da7b7e admin admin] https://199.204.45.144/networking/v2.0/extensions returned with HTTP 200 {{(pid=102437) __call__ /opt/stack/neutron/neutron/api/wsgi.py:545}}
Mar 30 18:02:40.143307 np0000161493 devstack@neutron-api.service[102437]: [pid: 102437|app: 0|req: 2/2] 199.204.45.144 () {64 vars in 1323 bytes} [Mon Mar 30 18:02:39 2026] GET /networking/v2.0/extensions => generated 15208 bytes in 273 msecs (HTTP/1.1 200) 4 headers in 159 bytes (1 switches on core 0)
Mar 30 18:02:40.559179 np0000161493 devstack@neutron-api.service[102436]: DEBUG neutron.api.v2.base [None req-92c05357-f5ce-4ff9-bdba-4f9fa0e6b819 admin admin] Request body: {'subnetpool': {'default_prefixlen': 26, 'shared': True, 'prefixes': ['10.1.0.0/20'], 'is_default': True, 'name': 'shared-default-subnetpool-v4'}} {{(pid=102436) prepare_request_body /opt/stack/neutron/neutron/api/v2/base.py:729}}
Mar 30 18:02:40.768339 np0000161493 devstack@neutron-api.service[102436]: DEBUG neutron.policy [None req-92c05357-f5ce-4ff9-bdba-4f9fa0e6b819 admin admin] Loaded default policies from ['neutron'] under neutron.policies entry points {{(pid=102436) register_rules /opt/stack/neutron/neutron/policy.py:65}}
Mar 30 18:02:40.929160 np0000161493 devstack@neutron-api.service[102436]: DEBUG neutron_lib.callbacks.manager [None req-92c05357-f5ce-4ff9-bdba-4f9fa0e6b819 admin admin] Publish callbacks ['neutron.objects.securitygroup.RbacNeutronDbObjectMixin.validate_rbac_policy_change-1659408938101', 'neutron.objects.address_group.RbacNeutronDbObjectMixin.validate_rbac_policy_change-1659408912418', 'neutron.objects.network.RbacNeutronDbObjectMixin.validate_rbac_policy_change-1659408894343', 'neutron.objects.qos.policy.RbacNeutronDbObjectMixin.validate_rbac_policy_change-1659408898798', 'neutron.objects.subnetpool.RbacNeutronDbObjectMixin.validate_rbac_policy_change-1659408890341', 'neutron.objects.address_scope.RbacNeutronDbObjectMixin.validate_rbac_policy_change-1659408876107', 'neutron.plugins.ml2.plugin.External_net_db_mixin._process_ext_policy_create-179586', 'neutron.plugins.ml2.plugin.NeutronDbPluginV2.validate_network_rbac_policy_change-222464'] for rbac-policy (None), before_create {{(pid=102436) _notify_loop /opt/stack/data/venv/lib/python3.12/site-packages/neutron_lib/callbacks/manager.py:184}}
Mar 30 18:02:40.981315 np0000161493 devstack@neutron-api.service[102436]: DEBUG neutron_lib.callbacks.manager [None req-92c05357-f5ce-4ff9-bdba-4f9fa0e6b819 admin admin] Publish callbacks [] for subnetpool (None), before_response {{(pid=102436) _notify_loop /opt/stack/data/venv/lib/python3.12/site-packages/neutron_lib/callbacks/manager.py:184}}
Mar 30 18:02:40.981964 np0000161493 devstack@neutron-api.service[102436]: [pid: 102436|app: 0|req: 1/3] 199.204.45.144 () {68 vars in 1367 bytes} [Mon Mar 30 18:02:40 2026] POST /networking/v2.0/subnetpools => generated 533 bytes in 531 msecs (HTTP/1.1 201) 4 headers in 162 bytes (1 switches on core 0)
Mar 30 18:02:41.317784 np0000161493 devstack@neutron-api.service[102435]: DEBUG neutron.api.v2.base [None req-b9506d9a-911b-4b3c-b96b-8fd5614cd3ed admin admin] Request body: {'subnetpool': {'default_prefixlen': 64, 'shared': True, 'prefixes': ['fd34:2c71:eec5::/56'], 'is_default': True, 'name': 'shared-default-subnetpool-v6'}} {{(pid=102435) prepare_request_body /opt/stack/neutron/neutron/api/v2/base.py:729}}
Mar 30 18:02:41.499206 np0000161493 devstack@neutron-api.service[102435]: DEBUG neutron.policy [None req-b9506d9a-911b-4b3c-b96b-8fd5614cd3ed admin admin] Loaded default policies from ['neutron'] under neutron.policies entry points {{(pid=102435) register_rules /opt/stack/neutron/neutron/policy.py:65}}
Mar 30 18:02:41.658922 np0000161493 devstack@neutron-api.service[102435]: DEBUG neutron_lib.callbacks.manager [None req-b9506d9a-911b-4b3c-b96b-8fd5614cd3ed admin admin] Publish callbacks ['neutron.objects.securitygroup.RbacNeutronDbObjectMixin.validate_rbac_policy_change-1659409127692', 'neutron.objects.address_group.RbacNeutronDbObjectMixin.validate_rbac_policy_change-1659408432762', 'neutron.objects.network.RbacNeutronDbObjectMixin.validate_rbac_policy_change-1659409084242', 'neutron.objects.qos.policy.RbacNeutronDbObjectMixin.validate_rbac_policy_change-1659409100693', 'neutron.objects.subnetpool.RbacNeutronDbObjectMixin.validate_rbac_policy_change-1659409184970', 'neutron.objects.address_scope.RbacNeutronDbObjectMixin.validate_rbac_policy_change-1659409178312', 'neutron.plugins.ml2.plugin.External_net_db_mixin._process_ext_policy_create-702103', 'neutron.plugins.ml2.plugin.NeutronDbPluginV2.validate_network_rbac_policy_change-693815'] for rbac-policy (None), before_create {{(pid=102435) _notify_loop /opt/stack/data/venv/lib/python3.12/site-packages/neutron_lib/callbacks/manager.py:184}}
Mar 30 18:02:41.707821 np0000161493 devstack@neutron-api.service[102435]: DEBUG neutron_lib.callbacks.manager [None req-b9506d9a-911b-4b3c-b96b-8fd5614cd3ed admin admin] Publish callbacks [] for subnetpool (None), before_response {{(pid=102435) _notify_loop /opt/stack/data/venv/lib/python3.12/site-packages/neutron_lib/callbacks/manager.py:184}}
Mar 30 18:02:41.708486 np0000161493 devstack@neutron-api.service[102435]: [pid: 102435|app: 0|req: 1/4] 199.204.45.144 () {68 vars in 1367 bytes} [Mon Mar 30 18:02:41 2026] POST /networking/v2.0/subnetpools => generated 543 bytes in 500 msecs (HTTP/1.1 201) 4 headers in 162 bytes (1 switches on core 0)
Mar 30 18:02:42.143111 np0000161493 devstack@neutron-api.service[102438]: DEBUG neutron.api.v2.base [None req-19b01dc2-3f6b-4baf-ac94-5d919d8a6a7b admin admin] Request body: {'network': {'name': 'private', 'admin_state_up': True}} {{(pid=102438) prepare_request_body /opt/stack/neutron/neutron/api/v2/base.py:729}}
Mar 30 18:02:42.170665 np0000161493 devstack@neutron-api.service[102438]: DEBUG neutron.pecan_wsgi.hooks.quota_enforcement [None req-19b01dc2-3f6b-4baf-ac94-5d919d8a6a7b admin admin] Made reservation on behalf of 872b2734e13d42d9a5160056e0fb5a47 for: {'network': 1} {{(pid=102438) before /opt/stack/neutron/neutron/pecan_wsgi/hooks/quota_enforcement.py:66}}
Mar 30 18:02:42.347758 np0000161493 devstack@neutron-api.service[102438]: DEBUG neutron.policy [None req-19b01dc2-3f6b-4baf-ac94-5d919d8a6a7b admin admin] Loaded default policies from ['neutron'] under neutron.policies entry points {{(pid=102438) register_rules /opt/stack/neutron/neutron/policy.py:65}}
Mar 30 18:02:42.449349 np0000161493 devstack@neutron-api.service[102438]: DEBUG neutron_lib.callbacks.manager [None req-19b01dc2-3f6b-4baf-ac94-5d919d8a6a7b admin admin] Publish callbacks ['neutron.plugins.ml2.plugin.SecurityGroupDbMixin._ensure_default_security_group_handler-35173'] for network (None), before_create {{(pid=102438) _notify_loop /opt/stack/data/venv/lib/python3.12/site-packages/neutron_lib/callbacks/manager.py:184}}
Mar 30 18:02:42.470639 np0000161493 devstack@neutron-api.service[102438]: DEBUG neutron_lib.callbacks.manager [None req-19b01dc2-3f6b-4baf-ac94-5d919d8a6a7b admin admin] Publish callbacks [] for security_group (None), before_create {{(pid=102438) _notify_loop /opt/stack/data/venv/lib/python3.12/site-packages/neutron_lib/callbacks/manager.py:184}}
Mar 30 18:02:42.568196 np0000161493 devstack@neutron-api.service[102438]: DEBUG neutron_lib.callbacks.manager [None req-19b01dc2-3f6b-4baf-ac94-5d919d8a6a7b admin admin] Publish callbacks ['neutron.plugins.ml2.drivers.ovn.mech_driver.mech_driver.OVNMechanismDriver._create_security_group_precommit-1796370'] for security_group (b1c1ddc7-334a-4468-a4f7-ac1d540e3705), precommit_create {{(pid=102438) _notify_loop /opt/stack/data/venv/lib/python3.12/site-packages/neutron_lib/callbacks/manager.py:184}}
Mar 30 18:02:42.568376 np0000161493 devstack@neutron-api.service[102438]: DEBUG neutron.db.ovn_revision_numbers_db [None req-19b01dc2-3f6b-4baf-ac94-5d919d8a6a7b admin admin] create_initial_revision uuid=b1c1ddc7-334a-4468-a4f7-ac1d540e3705, type=security_groups, rev=-1 {{(pid=102438) create_initial_revision /opt/stack/neutron/neutron/db/ovn_revision_numbers_db.py:98}}
Mar 30 18:02:42.570504 np0000161493 devstack@neutron-api.service[102438]: DEBUG neutron.db.ovn_revision_numbers_db [None req-19b01dc2-3f6b-4baf-ac94-5d919d8a6a7b admin admin] create_initial_revision uuid=3d334046-a586-4805-bee3-e06b247d3a6d, type=security_group_rules, rev=-1 {{(pid=102438) create_initial_revision /opt/stack/neutron/neutron/db/ovn_revision_numbers_db.py:98}}
Mar 30 18:02:42.571510 np0000161493 devstack@neutron-api.service[102438]: DEBUG neutron.db.ovn_revision_numbers_db [None req-19b01dc2-3f6b-4baf-ac94-5d919d8a6a7b admin admin] create_initial_revision uuid=52534218-3bc7-4754-b644-d4362a4f4125, type=security_group_rules, rev=-1 {{(pid=102438) create_initial_revision /opt/stack/neutron/neutron/db/ovn_revision_numbers_db.py:98}}
Mar 30 18:02:42.572478 np0000161493 devstack@neutron-api.service[102438]: DEBUG neutron.db.ovn_revision_numbers_db [None req-19b01dc2-3f6b-4baf-ac94-5d919d8a6a7b admin admin] create_initial_revision uuid=639e2e43-40a9-4a8a-8ee4-eb9906e0adc7, type=security_group_rules, rev=-1 {{(pid=102438) create_initial_revision /opt/stack/neutron/neutron/db/ovn_revision_numbers_db.py:98}}
Mar 30 18:02:42.573562 np0000161493 devstack@neutron-api.service[102438]: DEBUG neutron.db.ovn_revision_numbers_db [None req-19b01dc2-3f6b-4baf-ac94-5d919d8a6a7b admin admin] create_initial_revision uuid=9896d8b7-7398-4e74-a6be-eea7546d1d41, type=security_group_rules, rev=-1 {{(pid=102438) create_initial_revision /opt/stack/neutron/neutron/db/ovn_revision_numbers_db.py:98}}
Mar 30 18:02:42.580770 np0000161493 devstack@neutron-api.service[102438]: DEBUG neutron_lib.callbacks.manager [None req-19b01dc2-3f6b-4baf-ac94-5d919d8a6a7b admin admin] Publish callbacks ['neutron.plugins.ml2.drivers.ovn.mech_driver.mech_driver.OVNMechanismDriver._create_security_group-1796380', 'neutron.plugins.ml2.ovo_rpc._ObjectChangeHandler.handle_event-15549071'] for security_group (b1c1ddc7-334a-4468-a4f7-ac1d540e3705), after_create {{(pid=102438) _notify_loop /opt/stack/data/venv/lib/python3.12/site-packages/neutron_lib/callbacks/manager.py:184}}
Mar 30 18:02:42.581004 np0000161493 devstack@neutron-api.service[102438]: INFO neutron.plugins.ml2.drivers.ovn.mech_driver.ovsdb.extensions.qos [None req-19b01dc2-3f6b-4baf-ac94-5d919d8a6a7b admin admin] Starting OVNClientQosExtension
Mar 30 18:02:42.581079 np0000161493 devstack@neutron-api.service[102438]: INFO neutron.plugins.ml2.drivers.ovn.mech_driver.ovsdb.extensions.placement [None req-19b01dc2-3f6b-4baf-ac94-5d919d8a6a7b admin admin] Starting OVNClientPlacementExtension
Mar 30 18:02:42.583048 np0000161493 devstack@neutron-api.service[102438]: DEBUG ovsdbapp.backend.ovs_idl.transaction [-] Running txn n=1 command(idx=0): PgAddCommand(_result=None, name=pg_b1c1ddc7_334a_4468_a4f7_ac1d540e3705, may_exist=False, columns={'acls': [], 'external_ids': {'neutron:security_group_id': 'b1c1ddc7-334a-4468-a4f7-ac1d540e3705'}}) {{(pid=102438) do_commit /opt/stack/data/venv/lib/python3.12/site-packages/ovsdbapp/backend/ovs_idl/transaction.py:89}}
Mar 30 18:02:42.591221 np0000161493 devstack@neutron-api.service[102438]: DEBUG ovsdbapp.backend.ovs_idl.transaction [-] Running txn n=1 command(idx=1): PgAclAddCommand(_result=None, entity=pg_b1c1ddc7_334a_4468_a4f7_ac1d540e3705, direction=from-lport, priority=1002, match=inport == @pg_b1c1ddc7_334a_4468_a4f7_ac1d540e3705 && ip6, action=allow-related, log=False, may_exist=True, severity=[], name=[], meter=[], external_ids={'neutron:security_group_rule_id': '3d334046-a586-4805-bee3-e06b247d3a6d'}) {{(pid=102438) do_commit /opt/stack/data/venv/lib/python3.12/site-packages/ovsdbapp/backend/ovs_idl/transaction.py:89}}
Mar 30 18:02:42.591736 np0000161493 devstack@neutron-api.service[102438]: DEBUG ovsdbapp.backend.ovs_idl.transaction [-] Running txn n=1 command(idx=2): PgAclAddCommand(_result=None, entity=pg_b1c1ddc7_334a_4468_a4f7_ac1d540e3705, direction=to-lport, priority=1002, match=outport == @pg_b1c1ddc7_334a_4468_a4f7_ac1d540e3705 && ip4 && ip4.src == $pg_b1c1ddc7_334a_4468_a4f7_ac1d540e3705_ip4, action=allow-related, log=False, may_exist=True, severity=[], name=[], meter=[], external_ids={'neutron:security_group_rule_id': '52534218-3bc7-4754-b644-d4362a4f4125'}) {{(pid=102438) do_commit /opt/stack/data/venv/lib/python3.12/site-packages/ovsdbapp/backend/ovs_idl/transaction.py:89}}
Mar 30 18:02:42.592153 np0000161493 devstack@neutron-api.service[102438]: DEBUG ovsdbapp.backend.ovs_idl.transaction [-] Running txn n=1 command(idx=3): PgAclAddCommand(_result=None, entity=pg_b1c1ddc7_334a_4468_a4f7_ac1d540e3705, direction=from-lport, priority=1002, match=inport == @pg_b1c1ddc7_334a_4468_a4f7_ac1d540e3705 && ip4, action=allow-related, log=False, may_exist=True, severity=[], name=[], meter=[], external_ids={'neutron:security_group_rule_id': '639e2e43-40a9-4a8a-8ee4-eb9906e0adc7'}) {{(pid=102438) do_commit /opt/stack/data/venv/lib/python3.12/site-packages/ovsdbapp/backend/ovs_idl/transaction.py:89}}
Mar 30 18:02:42.592483 np0000161493 devstack@neutron-api.service[102438]: DEBUG ovsdbapp.backend.ovs_idl.transaction [-] Running txn n=1 command(idx=4): PgAclAddCommand(_result=None, entity=pg_b1c1ddc7_334a_4468_a4f7_ac1d540e3705, direction=to-lport, priority=1002, match=outport == @pg_b1c1ddc7_334a_4468_a4f7_ac1d540e3705 && ip6 && ip6.src == $pg_b1c1ddc7_334a_4468_a4f7_ac1d540e3705_ip6, action=allow-related, log=False, may_exist=True, severity=[], name=[], meter=[], external_ids={'neutron:security_group_rule_id': '9896d8b7-7398-4e74-a6be-eea7546d1d41'}) {{(pid=102438) do_commit /opt/stack/data/venv/lib/python3.12/site-packages/ovsdbapp/backend/ovs_idl/transaction.py:89}}
Mar 30 18:02:42.648272 np0000161493 devstack@neutron-api.service[102437]: DEBUG neutron.plugins.ml2.drivers.ovn.mech_driver.ovsdb.ovsdb_monitor [-] Hash Ring: Node 3c471d9bb2285677961abcc7e72ba876 (host: np0000161493) handling event "create" for row 1cf69a26-04cd-4c73-8c94-442bd964f2ae (table: ACL) {{(pid=102437) notify /opt/stack/neutron/neutron/plugins/ml2/drivers/ovn/mech_driver/ovsdb/ovsdb_monitor.py:912}}
Mar 30 18:02:42.648614 np0000161493 devstack@neutron-api.service[102437]: DEBUG neutron.plugins.ml2.drivers.ovn.mech_driver.ovsdb.ovsdb_monitor [-] Hash Ring: Node 3c471d9bb2285677961abcc7e72ba876 (host: np0000161493) handling event "create" for row 66febb65-af7d-4321-9f59-4d6bd3b0ba7d (table: ACL) {{(pid=102437) notify /opt/stack/neutron/neutron/plugins/ml2/drivers/ovn/mech_driver/ovsdb/ovsdb_monitor.py:912}}
Mar 30 18:02:42.648614 np0000161493 devstack@neutron-api.service[102437]: DEBUG neutron.plugins.ml2.drivers.ovn.mech_driver.ovsdb.ovsdb_monitor [-] Hash Ring: Node 3c471d9bb2285677961abcc7e72ba876 (host: np0000161493) handling event "create" for row ae1b3b36-5134-48ef-b5c9-41c15615e1df (table: ACL) {{(pid=102437) notify /opt/stack/neutron/neutron/plugins/ml2/drivers/ovn/mech_driver/ovsdb/ovsdb_monitor.py:912}}
Mar 30 18:02:42.648810 np0000161493 devstack@neutron-api.service[102437]: DEBUG neutron.plugins.ml2.drivers.ovn.mech_driver.ovsdb.ovsdb_monitor [-] Hash Ring: Node 3c471d9bb2285677961abcc7e72ba876 (host: np0000161493) handling event "create" for row d76592d5-d022-42ae-8a3e-067cd0581d8f (table: ACL) {{(pid=102437) notify /opt/stack/neutron/neutron/plugins/ml2/drivers/ovn/mech_driver/ovsdb/ovsdb_monitor.py:912}}
Mar 30 18:02:42.648974 np0000161493 devstack@neutron-api.service[102437]: DEBUG neutron.plugins.ml2.drivers.ovn.mech_driver.ovsdb.ovsdb_monitor [-] Hash Ring: Node 3c471d9bb2285677961abcc7e72ba876 (host: np0000161493) handling event "create" for row d1717ab4-7818-4021-a4a0-d25afd6406bf (table: Port_Group) {{(pid=102437) notify /opt/stack/neutron/neutron/plugins/ml2/drivers/ovn/mech_driver/ovsdb/ovsdb_monitor.py:912}}
Mar 30 18:02:42.649878 np0000161493 devstack@neutron-api.service[102435]: DEBUG neutron.plugins.ml2.drivers.ovn.mech_driver.ovsdb.ovsdb_monitor [-] Hash Ring: Node 9390e79e381d5af09830e91b6ad890da (host: np0000161493) handling event "create" for row 66febb65-af7d-4321-9f59-4d6bd3b0ba7d (table: ACL) {{(pid=102435) notify /opt/stack/neutron/neutron/plugins/ml2/drivers/ovn/mech_driver/ovsdb/ovsdb_monitor.py:912}}
Mar 30 18:02:42.650193 np0000161493 devstack@neutron-api.service[102435]: DEBUG neutron.plugins.ml2.drivers.ovn.mech_driver.ovsdb.ovsdb_monitor [-] Hash Ring: Node 9390e79e381d5af09830e91b6ad890da (host: np0000161493) handling event "create" for row d76592d5-d022-42ae-8a3e-067cd0581d8f (table: ACL) {{(pid=102435) notify /opt/stack/neutron/neutron/plugins/ml2/drivers/ovn/mech_driver/ovsdb/ovsdb_monitor.py:912}}
Mar 30 18:02:42.650308 np0000161493 devstack@neutron-api.service[102435]: DEBUG neutron.plugins.ml2.drivers.ovn.mech_driver.ovsdb.ovsdb_monitor [-] Hash Ring: Node 9390e79e381d5af09830e91b6ad890da (host: np0000161493) handling event "create" for row d1717ab4-7818-4021-a4a0-d25afd6406bf (table: Port_Group) {{(pid=102435) notify /opt/stack/neutron/neutron/plugins/ml2/drivers/ovn/mech_driver/ovsdb/ovsdb_monitor.py:912}}
Mar 30 18:02:42.682164 np0000161493 devstack@neutron-api.service[102438]: INFO neutron.db.ovn_revision_numbers_db [None req-19b01dc2-3f6b-4baf-ac94-5d919d8a6a7b admin admin] Successfully bumped revision number for resource b1c1ddc7-334a-4468-a4f7-ac1d540e3705 (type: security_groups) to 1
Mar 30 18:02:42.701200 np0000161493 devstack@neutron-api.service[102438]: INFO neutron.db.ovn_revision_numbers_db [None req-19b01dc2-3f6b-4baf-ac94-5d919d8a6a7b admin admin] Successfully bumped revision number for resource 3d334046-a586-4805-bee3-e06b247d3a6d (type: security_group_rules) to 0
Mar 30 18:02:42.716048 np0000161493 devstack@neutron-api.service[102438]: INFO neutron.db.ovn_revision_numbers_db [None req-19b01dc2-3f6b-4baf-ac94-5d919d8a6a7b admin admin] Successfully bumped revision number for resource 52534218-3bc7-4754-b644-d4362a4f4125 (type: security_group_rules) to 0
Mar 30 18:02:42.729630 np0000161493 devstack@neutron-api.service[102438]: INFO neutron.db.ovn_revision_numbers_db [None req-19b01dc2-3f6b-4baf-ac94-5d919d8a6a7b admin admin] Successfully bumped revision number for resource 639e2e43-40a9-4a8a-8ee4-eb9906e0adc7 (type: security_group_rules) to 0
Mar 30 18:02:42.743642 np0000161493 devstack@neutron-api.service[102438]: INFO neutron.db.ovn_revision_numbers_db [None req-19b01dc2-3f6b-4baf-ac94-5d919d8a6a7b admin admin] Successfully bumped revision number for resource 9896d8b7-7398-4e74-a6be-eea7546d1d41 (type: security_group_rules) to 0
Mar 30 18:02:42.770960 np0000161493 devstack@neutron-api.service[102438]: DEBUG neutron.api.rpc.handlers.resources_rpc [None req-19b01dc2-3f6b-4baf-ac94-5d919d8a6a7b admin admin] Pushing event updated for resources: {'SecurityGroup': ['ID=b1c1ddc7-334a-4468-a4f7-ac1d540e3705,revision_number=1']} {{(pid=102438) push /opt/stack/neutron/neutron/api/rpc/handlers/resources_rpc.py:237}}
Mar 30 18:02:42.779413 np0000161493 devstack@neutron-api.service[102438]: DEBUG ovsdbapp.backend.ovs_idl.transaction [-] Running txn n=1 command(idx=0): CheckLivenessCommand(_result=None) {{(pid=102438) do_commit /opt/stack/data/venv/lib/python3.12/site-packages/ovsdbapp/backend/ovs_idl/transaction.py:89}}
Mar 30 18:02:42.782651 np0000161493 devstack@neutron-api.service[102438]: DEBUG neutron.plugins.ml2.drivers.ovn.mech_driver.ovsdb.ovsdb_monitor [-] Hash Ring: Node 58ebcbc8143655ea8ad8369cb70a7213 (host: np0000161493) handling event "update" for row e9f06e4a-c0e6-4b1a-a7b7-dc2f3f0bc48a (table: NB_Global) {{(pid=102438) notify /opt/stack/neutron/neutron/plugins/ml2/drivers/ovn/mech_driver/ovsdb/ovsdb_monitor.py:912}}
Mar 30 18:02:42.782885 np0000161493 devstack@neutron-api.service[102437]: DEBUG neutron.plugins.ml2.drivers.ovn.mech_driver.ovsdb.ovsdb_monitor [-] Hash Ring: Node 3c471d9bb2285677961abcc7e72ba876 (host: np0000161493) handling event "update" for row e9f06e4a-c0e6-4b1a-a7b7-dc2f3f0bc48a (table: NB_Global) {{(pid=102437) notify /opt/stack/neutron/neutron/plugins/ml2/drivers/ovn/mech_driver/ovsdb/ovsdb_monitor.py:912}}
Mar 30 18:02:42.783544 np0000161493 devstack@neutron-api.service[102437]: DEBUG neutron.plugins.ml2.drivers.ovn.mech_driver.ovsdb.ovsdb_monitor [-] Hash Ring: Node 3c471d9bb2285677961abcc7e72ba876 (host: np0000161493) handling event "update" for row e9f06e4a-c0e6-4b1a-a7b7-dc2f3f0bc48a (table: NB_Global) {{(pid=102437) notify /opt/stack/neutron/neutron/plugins/ml2/drivers/ovn/mech_driver/ovsdb/ovsdb_monitor.py:912}}
Mar 30 18:02:42.784103 np0000161493 devstack@neutron-api.service[102438]: DEBUG neutron.plugins.ml2.drivers.ovn.mech_driver.ovsdb.ovsdb_monitor [-] Hash Ring: Node 58ebcbc8143655ea8ad8369cb70a7213 (host: np0000161493) handling event "update" for row e9f06e4a-c0e6-4b1a-a7b7-dc2f3f0bc48a (table: NB_Global) {{(pid=102438) notify /opt/stack/neutron/neutron/plugins/ml2/drivers/ovn/mech_driver/ovsdb/ovsdb_monitor.py:912}}
Mar 30 18:02:42.784575 np0000161493 devstack@neutron-api.service[102437]: DEBUG neutron.plugins.ml2.drivers.ovn.mech_driver.ovsdb.ovsdb_monitor [-] Hash Ring: Node 3c471d9bb2285677961abcc7e72ba876 (host: np0000161493) handling event "update" for row e9f06e4a-c0e6-4b1a-a7b7-dc2f3f0bc48a (table: NB_Global) {{(pid=102437) notify /opt/stack/neutron/neutron/plugins/ml2/drivers/ovn/mech_driver/ovsdb/ovsdb_monitor.py:912}}
Mar 30 18:02:42.787821 np0000161493 devstack@neutron-api.service[102438]: DEBUG neutron.plugins.ml2.drivers.ovn.mech_driver.ovsdb.ovsdb_monitor [-] ChassisAgentWriteEvent : Matched Chassis_Private, update, None None {{(pid=102438) matches /opt/stack/neutron/neutron/plugins/ml2/drivers/ovn/mech_driver/ovsdb/ovsdb_monitor.py:64}}
Mar 30 18:02:42.788608 np0000161493 devstack@neutron-api.service[102437]: DEBUG neutron.plugins.ml2.drivers.ovn.mech_driver.ovsdb.ovsdb_monitor [-] ChassisAgentWriteEvent : Matched Chassis_Private, update, None None {{(pid=102437) matches /opt/stack/neutron/neutron/plugins/ml2/drivers/ovn/mech_driver/ovsdb/ovsdb_monitor.py:64}}
Mar 30 18:02:42.788826 np0000161493 devstack@neutron-api.service[102438]: DEBUG neutron.plugins.ml2.drivers.ovn.mech_driver.ovsdb.ovsdb_monitor [-] Hash Ring: Node 58ebcbc8143655ea8ad8369cb70a7213 (host: np0000161493) handling event "update" for row e9f06e4a-c0e6-4b1a-a7b7-dc2f3f0bc48a (table: NB_Global) {{(pid=102438) notify /opt/stack/neutron/neutron/plugins/ml2/drivers/ovn/mech_driver/ovsdb/ovsdb_monitor.py:912}}
Mar 30 18:02:42.789054 np0000161493 devstack@neutron-api.service[102436]: DEBUG neutron.plugins.ml2.drivers.ovn.mech_driver.ovsdb.ovsdb_monitor [-] ChassisAgentWriteEvent : Matched Chassis_Private, update, None None {{(pid=102436) matches /opt/stack/neutron/neutron/plugins/ml2/drivers/ovn/mech_driver/ovsdb/ovsdb_monitor.py:64}}
Mar 30 18:02:42.789446 np0000161493 devstack@neutron-api.service[102435]: DEBUG neutron.plugins.ml2.drivers.ovn.mech_driver.ovsdb.ovsdb_monitor [-] ChassisAgentWriteEvent : Matched Chassis_Private, update, None None {{(pid=102435) matches /opt/stack/neutron/neutron/plugins/ml2/drivers/ovn/mech_driver/ovsdb/ovsdb_monitor.py:64}}
Mar 30 18:02:42.789525 np0000161493 devstack@neutron-api.service[102438]: DEBUG neutron.plugins.ml2.drivers.ovn.mech_driver.ovsdb.ovsdb_monitor [-] Hash Ring: Node 58ebcbc8143655ea8ad8369cb70a7213 (host: np0000161493) handling event "update" for row e9f06e4a-c0e6-4b1a-a7b7-dc2f3f0bc48a (table: NB_Global) {{(pid=102438) notify /opt/stack/neutron/neutron/plugins/ml2/drivers/ovn/mech_driver/ovsdb/ovsdb_monitor.py:912}}
Mar 30 18:02:42.790429 np0000161493 devstack@neutron-api.service[102437]: DEBUG neutron.plugins.ml2.drivers.ovn.mech_driver.ovsdb.ovsdb_monitor [-] Hash Ring: Node 3c471d9bb2285677961abcc7e72ba876 (host: np0000161493) handling event "update" for row e9f06e4a-c0e6-4b1a-a7b7-dc2f3f0bc48a (table: NB_Global) {{(pid=102437) notify /opt/stack/neutron/neutron/plugins/ml2/drivers/ovn/mech_driver/ovsdb/ovsdb_monitor.py:912}}
Mar 30 18:02:42.792356 np0000161493 devstack@neutron-api.service[102437]: DEBUG neutron.common.ovn.hash_ring_manager [-] Allow caching, nodes 4>=4 {{(pid=102437) _wait_startup_before_caching /opt/stack/neutron/neutron/common/ovn/hash_ring_manager.py:65}}
Mar 30 18:02:42.792498 np0000161493 devstack@neutron-api.service[102437]: DEBUG neutron.plugins.ml2.drivers.ovn.mech_driver.ovsdb.ovsdb_monitor [-] Hash Ring: Node 3c471d9bb2285677961abcc7e72ba876 (host: np0000161493) handling event "update" for row af0d0878-2c30-4483-96ea-dc4805942451 (table: Chassis_Private) {{(pid=102437) notify /opt/stack/neutron/neutron/plugins/ml2/drivers/ovn/mech_driver/ovsdb/ovsdb_monitor.py:912}}
Mar 30 18:02:42.793200 np0000161493 devstack@neutron-api.service[102438]: DEBUG neutron.api.rpc.callbacks.version_manager [None req-19b01dc2-3f6b-4baf-ac94-5d919d8a6a7b admin admin] Tracked resource versions report:
Mar 30 18:02:42.793200 np0000161493 devstack@neutron-api.service[102438]: pushed versions:
Mar 30 18:02:42.793200 np0000161493 devstack@neutron-api.service[102438]: { 'AddressGroup': {'1.2'},
Mar 30 18:02:42.793200 np0000161493 devstack@neutron-api.service[102438]: 'Agent': {'1.1'},
Mar 30 18:02:42.793200 np0000161493 devstack@neutron-api.service[102438]: 'ConntrackHelper': {'1.0'},
Mar 30 18:02:42.793200 np0000161493 devstack@neutron-api.service[102438]: 'LocalIPAssociation': {'1.0'},
Mar 30 18:02:42.793200 np0000161493 devstack@neutron-api.service[102438]: 'Log': {'1.0'},
Mar 30 18:02:42.793200 np0000161493 devstack@neutron-api.service[102438]: 'NDPProxy': {'1.0'},
Mar 30 18:02:42.793200 np0000161493 devstack@neutron-api.service[102438]: 'Network': {'1.2'},
Mar 30 18:02:42.793200 np0000161493 devstack@neutron-api.service[102438]: 'Port': {'1.10'},
Mar 30 18:02:42.793200 np0000161493 devstack@neutron-api.service[102438]: 'PortForwarding': {'1.3'},
Mar 30 18:02:42.793200 np0000161493 devstack@neutron-api.service[102438]: 'QosPolicy': {'1.10'},
Mar 30 18:02:42.793200 np0000161493 devstack@neutron-api.service[102438]: 'SecurityGroup': {'1.6'},
Mar 30 18:02:42.793200 np0000161493 devstack@neutron-api.service[102438]: 'SecurityGroupRule': {'1.3'},
Mar 30 18:02:42.793200 np0000161493 devstack@neutron-api.service[102438]: 'SubPort': {'1.0'},
Mar 30 18:02:42.793200 np0000161493 devstack@neutron-api.service[102438]: 'Subnet': {'1.2'},
Mar 30 18:02:42.793200 np0000161493 devstack@neutron-api.service[102438]: 'Trunk': {'1.1'}}
Mar 30 18:02:42.793200 np0000161493 devstack@neutron-api.service[102438]: consumer versions:
Mar 30 18:02:42.793200 np0000161493 devstack@neutron-api.service[102438]: {OVN Controller Gateway agent@np0000161493: {}}
Mar 30 18:02:42.793200 np0000161493 devstack@neutron-api.service[102438]: {{(pid=102438) report /opt/stack/neutron/neutron/api/rpc/callbacks/version_manager.py:183}}
Mar 30 18:02:42.793733 np0000161493 devstack@neutron-api.service[102436]: DEBUG neutron.plugins.ml2.drivers.ovn.mech_driver.ovsdb.ovsdb_monitor [-] ChassisOVNAgentWriteEvent : Matched Chassis_Private, update, None None {{(pid=102436) matches /opt/stack/neutron/neutron/plugins/ml2/drivers/ovn/mech_driver/ovsdb/ovsdb_monitor.py:64}}
Mar 30 18:02:42.793864 np0000161493 devstack@neutron-api.service[102437]: DEBUG neutron.plugins.ml2.drivers.ovn.mech_driver.ovsdb.ovsdb_monitor [-] ChassisOVNAgentWriteEvent : Matched Chassis_Private, update, None None {{(pid=102437) matches /opt/stack/neutron/neutron/plugins/ml2/drivers/ovn/mech_driver/ovsdb/ovsdb_monitor.py:64}}
Mar 30 18:02:42.793864 np0000161493 devstack@neutron-api.service[102437]: DEBUG neutron.plugins.ml2.drivers.ovn.mech_driver.ovsdb.ovsdb_monitor [-] Hash Ring: Node 3c471d9bb2285677961abcc7e72ba876 (host: np0000161493) handling event "update" for row af0d0878-2c30-4483-96ea-dc4805942451 (table: Chassis_Private) {{(pid=102437) notify /opt/stack/neutron/neutron/plugins/ml2/drivers/ovn/mech_driver/ovsdb/ovsdb_monitor.py:912}}
Mar 30 18:02:42.793960 np0000161493 devstack@neutron-api.service[102435]: DEBUG neutron.plugins.ml2.drivers.ovn.mech_driver.ovsdb.ovsdb_monitor [-] ChassisOVNAgentWriteEvent : Matched Chassis_Private, update, None None {{(pid=102435) matches /opt/stack/neutron/neutron/plugins/ml2/drivers/ovn/mech_driver/ovsdb/ovsdb_monitor.py:64}}
Mar 30 18:02:42.799900 np0000161493 devstack@neutron-api.service[102438]: DEBUG neutron.plugins.ml2.drivers.ovn.mech_driver.ovsdb.ovsdb_monitor [-] ChassisOVNAgentWriteEvent : Matched Chassis_Private, update, None None {{(pid=102438) matches /opt/stack/neutron/neutron/plugins/ml2/drivers/ovn/mech_driver/ovsdb/ovsdb_monitor.py:64}}
Mar 30 18:02:42.853600 np0000161493 devstack@neutron-api.service[102438]: DEBUG neutron.plugins.ml2.drivers.helpers [None req-19b01dc2-3f6b-4baf-ac94-5d919d8a6a7b admin admin] geneve segment allocate from pool success with {'geneve_vni': 61133} {{(pid=102438) allocate_partially_specified_segment /opt/stack/neutron/neutron/plugins/ml2/drivers/helpers.py:142}}
Mar 30 18:02:42.868148 np0000161493 devstack@neutron-api.service[102438]: DEBUG neutron_lib.callbacks.manager [None req-19b01dc2-3f6b-4baf-ac94-5d919d8a6a7b admin admin] Publish callbacks ['neutron.services.segments.db._add_segment_host_mapping_for_segment-8554309574920', 'neutron.plugins.ml2.plugin.Ml2Plugin._handle_segment_change-288659'] for segment (99632d35-475f-42e5-9b39-099f766caea9), precommit_create {{(pid=102438) _notify_loop /opt/stack/data/venv/lib/python3.12/site-packages/neutron_lib/callbacks/manager.py:184}}
Mar 30 18:02:42.868390 np0000161493 devstack@neutron-api.service[102438]: INFO neutron.db.segments_db [None req-19b01dc2-3f6b-4baf-ac94-5d919d8a6a7b admin admin] Added segment 99632d35-475f-42e5-9b39-099f766caea9 of type geneve for network e01bc5ae-4af9-4b57-a5fc-3b884df7a05a
Mar 30 18:02:42.916956 np0000161493 devstack@neutron-api.service[102438]: DEBUG neutron_lib.callbacks.manager [None req-19b01dc2-3f6b-4baf-ac94-5d919d8a6a7b admin admin] Publish callbacks ['neutron.services.auto_allocate.db._ensure_external_network_default_value_callback-8554308342014'] for network (e01bc5ae-4af9-4b57-a5fc-3b884df7a05a), precommit_create {{(pid=102438) _notify_loop /opt/stack/data/venv/lib/python3.12/site-packages/neutron_lib/callbacks/manager.py:184}}
Mar 30 18:02:42.933506 np0000161493 devstack@neutron-api.service[102438]: DEBUG neutron.plugins.ml2.drivers.ovn.mech_driver.mech_driver [None req-19b01dc2-3f6b-4baf-ac94-5d919d8a6a7b admin admin] Validating network segment with type geneve, segmentation ID 61133, physical network None {{(pid=102438) _validate_network_segments /opt/stack/neutron/neutron/plugins/ml2/drivers/ovn/mech_driver/mech_driver.py:631}}
Mar 30 18:02:42.933638 np0000161493 devstack@neutron-api.service[102438]: DEBUG neutron.db.ovn_revision_numbers_db [None req-19b01dc2-3f6b-4baf-ac94-5d919d8a6a7b admin admin] create_initial_revision uuid=e01bc5ae-4af9-4b57-a5fc-3b884df7a05a, type=networks, rev=-1 {{(pid=102438) create_initial_revision /opt/stack/neutron/neutron/db/ovn_revision_numbers_db.py:98}}
Mar 30 18:02:42.950651 np0000161493 devstack@neutron-api.service[102438]: DEBUG neutron_lib.callbacks.manager [None req-19b01dc2-3f6b-4baf-ac94-5d919d8a6a7b admin admin] Publish callbacks ['neutron.plugins.ml2.ovo_rpc._ObjectChangeHandler.handle_event-15549066'] for network (e01bc5ae-4af9-4b57-a5fc-3b884df7a05a), after_create {{(pid=102438) _notify_loop /opt/stack/data/venv/lib/python3.12/site-packages/neutron_lib/callbacks/manager.py:184}}
Mar 30 18:02:43.008618 np0000161493 devstack@neutron-api.service[102438]: DEBUG neutron.api.rpc.handlers.resources_rpc [None req-19b01dc2-3f6b-4baf-ac94-5d919d8a6a7b admin admin] Pushing event updated for resources: {'Network': ['ID=e01bc5ae-4af9-4b57-a5fc-3b884df7a05a,revision_number=1']} {{(pid=102438) push /opt/stack/neutron/neutron/api/rpc/handlers/resources_rpc.py:237}}
Mar 30 18:02:43.018607 np0000161493 devstack@neutron-api.service[102438]: DEBUG ovsdbapp.backend.ovs_idl.transaction [-] Running txn n=1 command(idx=0): AddNetworkCommand(_result=None, network_uuid=e01bc5ae-4af9-4b57-a5fc-3b884df7a05a, may_exist=True, columns={'external_ids': {'neutron:network_name': 'private', 'neutron:mtu': '1372', 'neutron:revision_number': '1', 'neutron:availability_zone_hints': '', 'neutron:provnet-network-type': 'geneve'}, 'other_config': {'mcast_snoop': 'false', 'mcast_flood_unregistered': 'false', 'vlan-passthru': 'false'}}) {{(pid=102438) do_commit /opt/stack/data/venv/lib/python3.12/site-packages/ovsdbapp/backend/ovs_idl/transaction.py:89}}
Mar 30 18:02:43.019559 np0000161493 devstack@neutron-api.service[102438]: DEBUG neutron.common.ovn.utils [-] OVS persist_uuid supported=True {{(pid=102438) ovs_persist_uuid_supported /opt/stack/neutron/neutron/common/ovn/utils.py:1535}}
Mar 30 18:02:43.023932 np0000161493 devstack@neutron-api.service[102437]: DEBUG neutron.plugins.ml2.drivers.ovn.mech_driver.ovsdb.ovsdb_monitor [-] Hash Ring: Node 3c471d9bb2285677961abcc7e72ba876 (host: np0000161493) handling event "create" for row e01bc5ae-4af9-4b57-a5fc-3b884df7a05a (table: Logical_Switch) {{(pid=102437) notify /opt/stack/neutron/neutron/plugins/ml2/drivers/ovn/mech_driver/ovsdb/ovsdb_monitor.py:912}}
Mar 30 18:02:43.024304 np0000161493 devstack@neutron-api.service[102438]: DEBUG neutron.plugins.ml2.drivers.ovn.mech_driver.ovsdb.ovsdb_monitor [-] Hash Ring: Node 58ebcbc8143655ea8ad8369cb70a7213 (host: np0000161493) handling event "create" for row e01bc5ae-4af9-4b57-a5fc-3b884df7a05a (table: Logical_Switch) {{(pid=102438) notify /opt/stack/neutron/neutron/plugins/ml2/drivers/ovn/mech_driver/ovsdb/ovsdb_monitor.py:912}}
Mar 30 18:02:43.030705 np0000161493 devstack@neutron-api.service[102437]: DEBUG neutron.plugins.ml2.drivers.ovn.mech_driver.ovsdb.ovsdb_monitor [-] Hash Ring: Node 3c471d9bb2285677961abcc7e72ba876 (host: np0000161493) handling event "create" for row dcdefb4c-6308-4717-853d-961d3896d89e (table: Datapath_Binding) {{(pid=102437) notify /opt/stack/neutron/neutron/plugins/ml2/drivers/ovn/mech_driver/ovsdb/ovsdb_monitor.py:912}}
Mar 30 18:02:43.031614 np0000161493 devstack@neutron-api.service[102436]: DEBUG neutron.plugins.ml2.drivers.ovn.mech_driver.ovsdb.ovsdb_monitor [-] Hash Ring: Node 990d209abbcc5206a9e73c481f81b6b4 (host: np0000161493) handling event "create" for row dcdefb4c-6308-4717-853d-961d3896d89e (table: Datapath_Binding) {{(pid=102436) notify /opt/stack/neutron/neutron/plugins/ml2/drivers/ovn/mech_driver/ovsdb/ovsdb_monitor.py:912}}
Mar 30 18:02:43.060649 np0000161493 devstack@neutron-api.service[102438]: INFO neutron.db.ovn_revision_numbers_db [None req-19b01dc2-3f6b-4baf-ac94-5d919d8a6a7b admin admin] Successfully bumped revision number for resource e01bc5ae-4af9-4b57-a5fc-3b884df7a05a (type: networks) to 1
Mar 30 18:02:43.128152 np0000161493 devstack@neutron-api.service[102438]: DEBUG neutron_lib.callbacks.manager [None req-19b01dc2-3f6b-4baf-ac94-5d919d8a6a7b admin admin] Publish callbacks ['neutron.plugins.ml2.plugin.SecurityGroupDbMixin._ensure_default_security_group_handler-35173'] for port (None), before_create {{(pid=102438) _notify_loop /opt/stack/data/venv/lib/python3.12/site-packages/neutron_lib/callbacks/manager.py:184}}
Mar 30 18:02:43.227743 np0000161493 devstack@neutron-api.service[102438]: DEBUG neutron_lib.callbacks.manager [None req-19b01dc2-3f6b-4baf-ac94-5d919d8a6a7b admin admin] Publish callbacks ['neutron.plugins.ml2.drivers.ovn.mech_driver.mech_driver.OVNMechanismDriver._validate_allowed_address_pairs-1790638'] for allowed_address_pair (33a9812b-f8ac-4e63-91ef-2b23b868fc1f), before_create {{(pid=102438) _notify_loop /opt/stack/data/venv/lib/python3.12/site-packages/neutron_lib/callbacks/manager.py:184}}
Mar 30 18:02:43.228533 np0000161493 devstack@neutron-api.service[102438]: DEBUG neutron_lib.callbacks.manager [None req-19b01dc2-3f6b-4baf-ac94-5d919d8a6a7b admin admin] Publish callbacks [] for port (33a9812b-f8ac-4e63-91ef-2b23b868fc1f), precommit_create {{(pid=102438) _notify_loop /opt/stack/data/venv/lib/python3.12/site-packages/neutron_lib/callbacks/manager.py:184}}
Mar 30 18:02:43.228533 np0000161493 devstack@neutron-api.service[102438]: DEBUG neutron.plugins.ml2.drivers.ovn.mech_driver.mech_driver [None req-19b01dc2-3f6b-4baf-ac94-5d919d8a6a7b admin admin] No provisioning block for port 33a9812b-f8ac-4e63-91ef-2b23b868fc1f since it does not have a host {{(pid=102438) _is_port_provisioning_required /opt/stack/neutron/neutron/plugins/ml2/drivers/ovn/mech_driver/mech_driver.py:884}}
