2026-08-26 01:34:10.306 7 INFO cinder.api.openstack.wsgi [None req-b3b3dd32-7c6a-4a9a-a737-c47276367490 f544227596514252bbc9fc5714ba536f f874d209e1a84472bb040abc7ed50b98 - - default default] http://10.0.0.248:8776/ returned with HTTP 300
2026-08-26 01:34:10.307 8 INFO cinder.api.openstack.wsgi [None req-801a8cd3-b31e-4f0b-bd64-40433dc12b57 f544227596514252bbc9fc5714ba536f f874d209e1a84472bb040abc7ed50b98 - - default default] http://10.0.0.248:8776/ returned with HTTP 300
2026-08-26 01:34:17.422 7 INFO cinder.api.openstack.wsgi [None req-1c8c2dc5-42ac-46cb-9be8-87454f071324 7357db82071041f2868db4c56c9545c5 86bbc8476094469e9fff37899367c2c5 - - default default] POST http://cinder-api.openstack.svc.cluster.local:8776/v3/86bbc8476094469e9fff37899367c2c5/volumes
2026-08-26 01:34:18.142 7 INFO cinder.api.v3.volumes [None req-1c8c2dc5-42ac-46cb-9be8-87454f071324 7357db82071041f2868db4c56c9545c5 86bbc8476094469e9fff37899367c2c5 - - default default] Create volume of 1 GB
2026-08-26 01:34:18.155 7 INFO cinder.volume.api [None req-1c8c2dc5-42ac-46cb-9be8-87454f071324 7357db82071041f2868db4c56c9545c5 86bbc8476094469e9fff37899367c2c5 - - default default] Availability Zones retrieved successfully.
2026-08-26 01:34:18.478 7 INFO cinder.volume.api [None req-1c8c2dc5-42ac-46cb-9be8-87454f071324 7357db82071041f2868db4c56c9545c5 86bbc8476094469e9fff37899367c2c5 - - default default] Create volume request issued successfully.
2026-08-26 01:34:18.480 7 INFO cinder.api.openstack.wsgi [None req-1c8c2dc5-42ac-46cb-9be8-87454f071324 7357db82071041f2868db4c56c9545c5 86bbc8476094469e9fff37899367c2c5 - - default default] http://cinder-api.openstack.svc.cluster.local:8776/v3/86bbc8476094469e9fff37899367c2c5/volumes returned with HTTP 202 [pid: 7|app: 0|req: 342/685] 10.0.0.110 () {34 vars in 723 bytes} [Wed Aug 26 01:34:17 2026] POST /v3/86bbc8476094469e9fff37899367c2c5/volumes => generated 865 bytes in 1066 msecs (HTTP/1.1 202) 7 headers in 291 bytes (1 switches on core 0)
2026-08-26 01:34:18.497 8 INFO cinder.api.openstack.wsgi [None req-6c56e81b-fac9-4a9f-8beb-21a145b5c050 7357db82071041f2868db4c56c9545c5 86bbc8476094469e9fff37899367c2c5 - - default default] GET http://cinder-api.openstack.svc.cluster.local:8776/v3/86bbc8476094469e9fff37899367c2c5/volumes/1b9498a7-f34d-47f6-a0c0-c781e9032a07 /var/lib/openstack/lib/python3.12/site-packages/oslo_context/context.py:101: DeprecationWarning: Policy enforcement is depending on the value of is_admin. This key is deprecated. Please update your policy file to use the standard policy values. warnings.warn(
2026-08-26 01:34:18.536 8 INFO cinder.volume.api [None req-6c56e81b-fac9-4a9f-8beb-21a145b5c050 7357db82071041f2868db4c56c9545c5 86bbc8476094469e9fff37899367c2c5 - - default default] Volume info retrieved successfully.
2026-08-26 01:34:18.544 8 INFO cinder.api.openstack.wsgi [None req-6c56e81b-fac9-4a9f-8beb-21a145b5c050 7357db82071041f2868db4c56c9545c5 86bbc8476094469e9fff37899367c2c5 - - default default] http://cinder-api.openstack.svc.cluster.local:8776/v3/86bbc8476094469e9fff37899367c2c5/volumes/1b9498a7-f34d-47f6-a0c0-c781e9032a07 returned with HTTP 200 [pid: 8|app: 0|req: 344/686] 10.0.0.110 () {32 vars in 775 bytes} [Wed Aug 26 01:34:18 2026] GET /v3/86bbc8476094469e9fff37899367c2c5/volumes/1b9498a7-f34d-47f6-a0c0-c781e9032a07 => generated 933 bytes in 52 msecs (HTTP/1.1 200) 7 headers in 285 bytes (1 switches on core 0) /var/lib/openstack/lib/python3.12/site-packages/pycadf/identifier.py:70: UserWarning: Invalid uuid: cinderv3. To ensure interoperability, identifiers should be a valid uuid. warnings.warn(('Invalid uuid: %s. To ensure interoperability, '
2026-08-26 01:34:19.566 7 INFO cinder.api.openstack.wsgi [None req-02ea433d-a5ad-4b00-a1a9-6470fef2d149 7357db82071041f2868db4c56c9545c5 86bbc8476094469e9fff37899367c2c5 - - default default] GET http://cinder-api.openstack.svc.cluster.local:8776/v3/86bbc8476094469e9fff37899367c2c5/volumes/1b9498a7-f34d-47f6-a0c0-c781e9032a07 /var/lib/openstack/lib/python3.12/site-packages/oslo_context/context.py:101: DeprecationWarning: Policy enforcement is depending on the value of is_admin. This key is deprecated. Please update your policy file to use the standard policy values. warnings.warn(
2026-08-26 01:34:19.581 7 INFO cinder.volume.api [None req-02ea433d-a5ad-4b00-a1a9-6470fef2d149 7357db82071041f2868db4c56c9545c5 86bbc8476094469e9fff37899367c2c5 - - default default] Volume info retrieved successfully.
2026-08-26 01:34:19.586 7 INFO cinder.api.openstack.wsgi [None req-02ea433d-a5ad-4b00-a1a9-6470fef2d149 7357db82071041f2868db4c56c9545c5 86bbc8476094469e9fff37899367c2c5 - - default default] http://cinder-api.openstack.svc.cluster.local:8776/v3/86bbc8476094469e9fff37899367c2c5/volumes/1b9498a7-f34d-47f6-a0c0-c781e9032a07 returned with HTTP 200 [pid: 7|app: 0|req: 343/687] 10.0.0.110 () {32 vars in 775 bytes} [Wed Aug 26 01:34:19 2026] GET /v3/86bbc8476094469e9fff37899367c2c5/volumes/1b9498a7-f34d-47f6-a0c0-c781e9032a07 => generated 957 bytes in 25 msecs (HTTP/1.1 200) 7 headers in 285 bytes (1 switches on core 0)
2026-08-26 01:34:20.306 8 INFO cinder.api.openstack.wsgi [None req-6c56e81b-fac9-4a9f-8beb-21a145b5c050 7357db82071041f2868db4c56c9545c5 86bbc8476094469e9fff37899367c2c5 - - default default] GET http://10.0.0.248:8776/
2026-08-26 01:34:20.306 7 INFO cinder.api.openstack.wsgi [None req-02ea433d-a5ad-4b00-a1a9-6470fef2d149 7357db82071041f2868db4c56c9545c5 86bbc8476094469e9fff37899367c2c5 - - default default] GET http://10.0.0.248:8776/
2026-08-26 01:34:20.307 8 INFO cinder.api.openstack.wsgi [None req-6c56e81b-fac9-4a9f-8beb-21a145b5c050 7357db82071041f2868db4c56c9545c5 86bbc8476094469e9fff37899367c2c5 - - default default] http://10.0.0.248:8776/ returned with HTTP 300
2026-08-26 01:34:20.308 7 INFO cinder.api.openstack.wsgi [None req-02ea433d-a5ad-4b00-a1a9-6470fef2d149 7357db82071041f2868db4c56c9545c5 86bbc8476094469e9fff37899367c2c5 - - default default] http://10.0.0.248:8776/ returned with HTTP 300 /var/lib/openstack/lib/python3.12/site-packages/pycadf/identifier.py:70: UserWarning: Invalid uuid: cinderv3. To ensure interoperability, identifiers should be a valid uuid. warnings.warn(('Invalid uuid: %s. To ensure interoperability, '
2026-08-26 01:34:20.607 8 INFO cinder.api.openstack.wsgi [None req-42e34b19-7d58-48b9-9cee-774eb9403c49 7357db82071041f2868db4c56c9545c5 86bbc8476094469e9fff37899367c2c5 - - default default] GET http://cinder-api.openstack.svc.cluster.local:8776/v3/86bbc8476094469e9fff37899367c2c5/volumes/1b9498a7-f34d-47f6-a0c0-c781e9032a07 /var/lib/openstack/lib/python3.12/site-packages/oslo_context/context.py:101: DeprecationWarning: Policy enforcement is depending on the value of is_admin. This key is deprecated. Please update your policy file to use the standard policy values. warnings.warn(
2026-08-26 01:34:20.621 8 INFO cinder.volume.api [None req-42e34b19-7d58-48b9-9cee-774eb9403c49 7357db82071041f2868db4c56c9545c5 86bbc8476094469e9fff37899367c2c5 - - default default] Volume info retrieved successfully.
2026-08-26 01:34:20.627 8 INFO cinder.api.openstack.wsgi [None req-42e34b19-7d58-48b9-9cee-774eb9403c49 7357db82071041f2868db4c56c9545c5 86bbc8476094469e9fff37899367c2c5 - - default default] http://cinder-api.openstack.svc.cluster.local:8776/v3/86bbc8476094469e9fff37899367c2c5/volumes/1b9498a7-f34d-47f6-a0c0-c781e9032a07 returned with HTTP 200 [pid: 8|app: 0|req: 346/690] 10.0.0.110 () {32 vars in 775 bytes} [Wed Aug 26 01:34:20 2026] GET /v3/86bbc8476094469e9fff37899367c2c5/volumes/1b9498a7-f34d-47f6-a0c0-c781e9032a07 => generated 957 bytes in 27 msecs (HTTP/1.1 200) 7 headers in 285 bytes (1 switches on core 0) /var/lib/openstack/lib/python3.12/site-packages/pycadf/identifier.py:70: UserWarning: Invalid uuid: cinderv3. To ensure interoperability, identifiers should be a valid uuid. warnings.warn(('Invalid uuid: %s. To ensure interoperability, '
2026-08-26 01:34:21.650 7 INFO cinder.api.openstack.wsgi [None req-c5a539c7-99a0-44e1-8a34-c9709b156ea3 7357db82071041f2868db4c56c9545c5 86bbc8476094469e9fff37899367c2c5 - - default default] GET http://cinder-api.openstack.svc.cluster.local:8776/v3/86bbc8476094469e9fff37899367c2c5/volumes/1b9498a7-f34d-47f6-a0c0-c781e9032a07 /var/lib/openstack/lib/python3.12/site-packages/oslo_context/context.py:101: DeprecationWarning: Policy enforcement is depending on the value of is_admin. This key is deprecated. Please update your policy file to use the standard policy values. warnings.warn(
2026-08-26 01:34:21.664 7 INFO cinder.volume.api [None req-c5a539c7-99a0-44e1-8a34-c9709b156ea3 7357db82071041f2868db4c56c9545c5 86bbc8476094469e9fff37899367c2c5 - - default default] Volume info retrieved successfully.
2026-08-26 01:34:21.671 7 INFO cinder.api.openstack.wsgi [None req-c5a539c7-99a0-44e1-8a34-c9709b156ea3 7357db82071041f2868db4c56c9545c5 86bbc8476094469e9fff37899367c2c5 - - default default] http://cinder-api.openstack.svc.cluster.local:8776/v3/86bbc8476094469e9fff37899367c2c5/volumes/1b9498a7-f34d-47f6-a0c0-c781e9032a07 returned with HTTP 200 [pid: 7|app: 0|req: 345/691] 10.0.0.110 () {32 vars in 775 bytes} [Wed Aug 26 01:34:21 2026] GET /v3/86bbc8476094469e9fff37899367c2c5/volumes/1b9498a7-f34d-47f6-a0c0-c781e9032a07 => generated 1483 bytes in 28 msecs (HTTP/1.1 200) 7 headers in 286 bytes (1 switches on core 0) /var/lib/openstack/lib/python3.12/site-packages/pycadf/identifier.py:70: UserWarning: Invalid uuid: cinderv3. To ensure interoperability, identifiers should be a valid uuid. warnings.warn(('Invalid uuid: %s. To ensure interoperability, '
2026-08-26 01:34:21.773 8 INFO cinder.api.openstack.wsgi [req-4fb57341-c328-4994-8aa0-fd75fcf1c10d req-b78a3331-6edb-46b1-85b8-fdcce2171285 7357db82071041f2868db4c56c9545c5 86bbc8476094469e9fff37899367c2c5 - - default default] GET http://cinder-api.openstack.svc.cluster.local:8776/v3/86bbc8476094469e9fff37899367c2c5/volumes/1b9498a7-f34d-47f6-a0c0-c781e9032a07 /var/lib/openstack/lib/python3.12/site-packages/oslo_context/context.py:101: DeprecationWarning: Policy enforcement is depending on the value of is_admin. This key is deprecated. Please update your policy file to use the standard policy values. warnings.warn(
2026-08-26 01:34:21.790 8 INFO cinder.volume.api [req-4fb57341-c328-4994-8aa0-fd75fcf1c10d req-b78a3331-6edb-46b1-85b8-fdcce2171285 7357db82071041f2868db4c56c9545c5 86bbc8476094469e9fff37899367c2c5 - - default default] Volume info retrieved successfully.
2026-08-26 01:34:21.801 8 INFO cinder.api.openstack.wsgi [req-4fb57341-c328-4994-8aa0-fd75fcf1c10d req-b78a3331-6edb-46b1-85b8-fdcce2171285 7357db82071041f2868db4c56c9545c5 86bbc8476094469e9fff37899367c2c5 - - default default] http://cinder-api.openstack.svc.cluster.local:8776/v3/86bbc8476094469e9fff37899367c2c5/volumes/1b9498a7-f34d-47f6-a0c0-c781e9032a07 returned with HTTP 200 [pid: 8|app: 0|req: 347/692] 10.0.0.134 () {34 vars in 1028 bytes} [Wed Aug 26 01:34:21 2026] GET /v3/86bbc8476094469e9fff37899367c2c5/volumes/1b9498a7-f34d-47f6-a0c0-c781e9032a07 => generated 1483 bytes in 36 msecs (HTTP/1.1 200) 7 headers in 286 bytes (1 switches on core 0) /var/lib/openstack/lib/python3.12/site-packages/pycadf/identifier.py:70: UserWarning: Invalid uuid: cinderv3. To ensure interoperability, identifiers should be a valid uuid. warnings.warn(('Invalid uuid: %s. To ensure interoperability, '
2026-08-26 01:34:22.218 7 INFO cinder.api.openstack.wsgi [req-4fb57341-c328-4994-8aa0-fd75fcf1c10d req-9ff70f96-736c-40ef-925f-995df889ae9d 7357db82071041f2868db4c56c9545c5 86bbc8476094469e9fff37899367c2c5 - - default default] GET http://cinder-api.openstack.svc.cluster.local:8776/v3/86bbc8476094469e9fff37899367c2c5/volumes/1b9498a7-f34d-47f6-a0c0-c781e9032a07 /var/lib/openstack/lib/python3.12/site-packages/oslo_context/context.py:101: DeprecationWarning: Policy enforcement is depending on the value of is_admin. This key is deprecated. Please update your policy file to use the standard policy values. warnings.warn(
2026-08-26 01:34:22.232 7 INFO cinder.volume.api [req-4fb57341-c328-4994-8aa0-fd75fcf1c10d req-9ff70f96-736c-40ef-925f-995df889ae9d 7357db82071041f2868db4c56c9545c5 86bbc8476094469e9fff37899367c2c5 - - default default] Volume info retrieved successfully.
2026-08-26 01:34:22.238 7 INFO cinder.api.openstack.wsgi [req-4fb57341-c328-4994-8aa0-fd75fcf1c10d req-9ff70f96-736c-40ef-925f-995df889ae9d 7357db82071041f2868db4c56c9545c5 86bbc8476094469e9fff37899367c2c5 - - default default] http://cinder-api.openstack.svc.cluster.local:8776/v3/86bbc8476094469e9fff37899367c2c5/volumes/1b9498a7-f34d-47f6-a0c0-c781e9032a07 returned with HTTP 200 [pid: 7|app: 0|req: 346/693] 10.0.0.134 () {34 vars in 1028 bytes} [Wed Aug 26 01:34:22 2026] GET /v3/86bbc8476094469e9fff37899367c2c5/volumes/1b9498a7-f34d-47f6-a0c0-c781e9032a07 => generated 1483 bytes in 27 msecs (HTTP/1.1 200) 7 headers in 286 bytes (1 switches on core 0)
2026-08-26 01:34:22.247 8 INFO cinder.api.openstack.wsgi [req-4fb57341-c328-4994-8aa0-fd75fcf1c10d req-b78a3331-6edb-46b1-85b8-fdcce2171285 7357db82071041f2868db4c56c9545c5 86bbc8476094469e9fff37899367c2c5 - - default default] GET http://cinder-api.openstack.svc.cluster.local:8776/
2026-08-26 01:34:22.249 8 INFO cinder.api.openstack.wsgi [req-4fb57341-c328-4994-8aa0-fd75fcf1c10d req-b78a3331-6edb-46b1-85b8-fdcce2171285 7357db82071041f2868db4c56c9545c5 86bbc8476094469e9fff37899367c2c5 - - default default] http://cinder-api.openstack.svc.cluster.local:8776/ returned with HTTP 300 [pid: 8|app: 0|req: 348/694] 10.0.0.134 () {32 vars in 829 bytes} [Wed Aug 26 01:34:22 2026] GET / => generated 411 bytes in 4 msecs (HTTP/1.1 300) 5 headers in 169 bytes (1 switches on core 0) /var/lib/openstack/lib/python3.12/site-packages/pycadf/identifier.py:70: UserWarning: Invalid uuid: cinderv3. To ensure interoperability, identifiers should be a valid uuid. warnings.warn(('Invalid uuid: %s. To ensure interoperability, '
2026-08-26 01:34:22.260 7 INFO cinder.api.openstack.wsgi [req-4fb57341-c328-4994-8aa0-fd75fcf1c10d req-2094a0cb-7aaf-4488-81a8-a65a32910060 7357db82071041f2868db4c56c9545c5 86bbc8476094469e9fff37899367c2c5 - - default default] POST http://cinder-api.openstack.svc.cluster.local:8776/v3/86bbc8476094469e9fff37899367c2c5/attachments /var/lib/openstack/lib/python3.12/site-packages/oslo_context/context.py:101: DeprecationWarning: Policy enforcement is depending on the value of is_admin. This key is deprecated. Please update your policy file to use the standard policy values. warnings.warn(
2026-08-26 01:34:22.328 7 INFO cinder.api.openstack.wsgi [req-4fb57341-c328-4994-8aa0-fd75fcf1c10d req-2094a0cb-7aaf-4488-81a8-a65a32910060 7357db82071041f2868db4c56c9545c5 86bbc8476094469e9fff37899367c2c5 - - default default] http://cinder-api.openstack.svc.cluster.local:8776/v3/86bbc8476094469e9fff37899367c2c5/attachments returned with HTTP 200 [pid: 7|app: 0|req: 347/695] 10.0.0.134 () {40 vars in 1057 bytes} [Wed Aug 26 01:34:22 2026] POST /v3/86bbc8476094469e9fff37899367c2c5/attachments => generated 273 bytes in 75 msecs (HTTP/1.1 200) 7 headers in 286 bytes (1 switches on core 0)
2026-08-26 01:34:28.249 8 INFO cinder.api.openstack.wsgi [req-4fb57341-c328-4994-8aa0-fd75fcf1c10d req-b78a3331-6edb-46b1-85b8-fdcce2171285 7357db82071041f2868db4c56c9545c5 86bbc8476094469e9fff37899367c2c5 - - default default] GET http://cinder-api.openstack.svc.cluster.local:8776/
2026-08-26 01:34:28.249 8 INFO cinder.api.openstack.wsgi [req-4fb57341-c328-4994-8aa0-fd75fcf1c10d req-b78a3331-6edb-46b1-85b8-fdcce2171285 7357db82071041f2868db4c56c9545c5 86bbc8476094469e9fff37899367c2c5 - - default default] http://cinder-api.openstack.svc.cluster.local:8776/ returned with HTTP 300 [pid: 8|app: 0|req: 349/696] 162.253.55.71 () {32 vars in 839 bytes} [Wed Aug 26 01:34:28 2026] GET / => generated 411 bytes in 1 msecs (HTTP/1.1 300) 5 headers in 169 bytes (1 switches on core 0) /var/lib/openstack/lib/python3.12/site-packages/pycadf/identifier.py:70: UserWarning: Invalid uuid: cinderv3. To ensure interoperability, identifiers should be a valid uuid. warnings.warn(('Invalid uuid: %s. To ensure interoperability, '
2026-08-26 01:34:28.292 7 INFO cinder.api.openstack.wsgi [req-4fb57341-c328-4994-8aa0-fd75fcf1c10d req-57d61ff0-e053-4cde-9c7b-46b8f9ce2666 7357db82071041f2868db4c56c9545c5 86bbc8476094469e9fff37899367c2c5 - - default default] GET http://cinder-api.openstack.svc.cluster.local:8776/v3/86bbc8476094469e9fff37899367c2c5/volumes/1b9498a7-f34d-47f6-a0c0-c781e9032a07 /var/lib/openstack/lib/python3.12/site-packages/oslo_context/context.py:101: DeprecationWarning: Policy enforcement is depending on the value of is_admin. This key is deprecated. Please update your policy file to use the standard policy values. warnings.warn(
2026-08-26 01:34:28.323 7 INFO cinder.volume.api [req-4fb57341-c328-4994-8aa0-fd75fcf1c10d req-57d61ff0-e053-4cde-9c7b-46b8f9ce2666 7357db82071041f2868db4c56c9545c5 86bbc8476094469e9fff37899367c2c5 - - default default] Volume info retrieved successfully.
2026-08-26 01:34:28.349 7 INFO cinder.api.openstack.wsgi [req-4fb57341-c328-4994-8aa0-fd75fcf1c10d req-57d61ff0-e053-4cde-9c7b-46b8f9ce2666 7357db82071041f2868db4c56c9545c5 86bbc8476094469e9fff37899367c2c5 - - default default] http://cinder-api.openstack.svc.cluster.local:8776/v3/86bbc8476094469e9fff37899367c2c5/volumes/1b9498a7-f34d-47f6-a0c0-c781e9032a07 returned with HTTP 200 [pid: 7|app: 0|req: 348/697] 162.253.55.71 () {36 vars in 1072 bytes} [Wed Aug 26 01:34:28 2026] GET /v3/86bbc8476094469e9fff37899367c2c5/volumes/1b9498a7-f34d-47f6-a0c0-c781e9032a07 => generated 1663 bytes in 66 msecs (HTTP/1.1 200) 7 headers in 287 bytes (1 switches on core 0) /var/lib/openstack/lib/python3.12/site-packages/pycadf/identifier.py:70: UserWarning: Invalid uuid: cinderv3. To ensure interoperability, identifiers should be a valid uuid. warnings.warn(('Invalid uuid: %s. To ensure interoperability, '
2026-08-26 01:34:30.200 8 INFO cinder.api.openstack.wsgi [req-4fb57341-c328-4994-8aa0-fd75fcf1c10d req-746ccc10-ec08-4282-9e03-21314cc0b895 7357db82071041f2868db4c56c9545c5 86bbc8476094469e9fff37899367c2c5 - - default default] PUT http://cinder-api.openstack.svc.cluster.local:8776/v3/86bbc8476094469e9fff37899367c2c5/attachments/6d3e9eeb-be64-4f14-be95-3b79fcd7dcb2 /var/lib/openstack/lib/python3.12/site-packages/oslo_context/context.py:101: DeprecationWarning: Policy enforcement is depending on the value of is_admin. This key is deprecated. Please update your policy file to use the standard policy values. warnings.warn(
2026-08-26 01:34:30.306 7 INFO cinder.api.openstack.wsgi [req-4fb57341-c328-4994-8aa0-fd75fcf1c10d req-57d61ff0-e053-4cde-9c7b-46b8f9ce2666 7357db82071041f2868db4c56c9545c5 86bbc8476094469e9fff37899367c2c5 - - default default] GET http://10.0.0.248:8776/
2026-08-26 01:34:30.306 7 INFO cinder.api.openstack.wsgi [req-4fb57341-c328-4994-8aa0-fd75fcf1c10d req-57d61ff0-e053-4cde-9c7b-46b8f9ce2666 7357db82071041f2868db4c56c9545c5 86bbc8476094469e9fff37899367c2c5 - - default default] http://10.0.0.248:8776/ returned with HTTP 300
2026-08-26 01:34:30.307 7 INFO cinder.api.openstack.wsgi [req-4fb57341-c328-4994-8aa0-fd75fcf1c10d req-57d61ff0-e053-4cde-9c7b-46b8f9ce2666 7357db82071041f2868db4c56c9545c5 86bbc8476094469e9fff37899367c2c5 - - default default] GET http://10.0.0.248:8776/
2026-08-26 01:34:30.308 7 INFO cinder.api.openstack.wsgi [req-4fb57341-c328-4994-8aa0-fd75fcf1c10d req-57d61ff0-e053-4cde-9c7b-46b8f9ce2666 7357db82071041f2868db4c56c9545c5 86bbc8476094469e9fff37899367c2c5 - - default default] http://10.0.0.248:8776/ returned with HTTP 300
2026-08-26 01:34:31.244 8 INFO cinder.api.openstack.wsgi [req-4fb57341-c328-4994-8aa0-fd75fcf1c10d req-746ccc10-ec08-4282-9e03-21314cc0b895 7357db82071041f2868db4c56c9545c5 86bbc8476094469e9fff37899367c2c5 - - default default] http://cinder-api.openstack.svc.cluster.local:8776/v3/86bbc8476094469e9fff37899367c2c5/attachments/6d3e9eeb-be64-4f14-be95-3b79fcd7dcb2 returned with HTTP 200 [pid: 8|app: 0|req: 350/700] 162.253.55.71 () {40 vars in 1134 bytes} [Wed Aug 26 01:34:30 2026] PUT /v3/86bbc8476094469e9fff37899367c2c5/attachments/6d3e9eeb-be64-4f14-be95-3b79fcd7dcb2 => generated 802 bytes in 1053 msecs (HTTP/1.1 200) 7 headers in 286 bytes (1 switches on core 0) /var/lib/openstack/lib/python3.12/site-packages/pycadf/identifier.py:70: UserWarning: Invalid uuid: cinderv3. To ensure interoperability, identifiers should be a valid uuid. warnings.warn(('Invalid uuid: %s. To ensure interoperability, '
2026-08-26 01:34:31.763 7 INFO cinder.api.openstack.wsgi [req-4fb57341-c328-4994-8aa0-fd75fcf1c10d req-f2e6cdd7-cb0f-4e5b-a65d-4b4f5633cb3f 7357db82071041f2868db4c56c9545c5 86bbc8476094469e9fff37899367c2c5 - - default default] POST http://cinder-api.openstack.svc.cluster.local:8776/v3/86bbc8476094469e9fff37899367c2c5/attachments/6d3e9eeb-be64-4f14-be95-3b79fcd7dcb2/action /var/lib/openstack/lib/python3.12/site-packages/oslo_context/context.py:101: DeprecationWarning: Policy enforcement is depending on the value of is_admin. This key is deprecated. Please update your policy file to use the standard policy values. warnings.warn(
2026-08-26 01:34:31.798 7 INFO cinder.api.openstack.wsgi [req-4fb57341-c328-4994-8aa0-fd75fcf1c10d req-f2e6cdd7-cb0f-4e5b-a65d-4b4f5633cb3f 7357db82071041f2868db4c56c9545c5 86bbc8476094469e9fff37899367c2c5 - - default default] http://cinder-api.openstack.svc.cluster.local:8776/v3/86bbc8476094469e9fff37899367c2c5/attachments/6d3e9eeb-be64-4f14-be95-3b79fcd7dcb2/action returned with HTTP 204 [pid: 7|app: 0|req: 351/701] 162.253.55.71 () {40 vars in 1147 bytes} [Wed Aug 26 01:34:31 2026] POST /v3/86bbc8476094469e9fff37899367c2c5/attachments/6d3e9eeb-be64-4f14-be95-3b79fcd7dcb2/action => generated 0 bytes in 42 msecs (HTTP/1.1 204) 7 headers in 292 bytes (1 switches on core 0)
2026-08-26 01:34:40.306 7 INFO cinder.api.openstack.wsgi [req-4fb57341-c328-4994-8aa0-fd75fcf1c10d req-f2e6cdd7-cb0f-4e5b-a65d-4b4f5633cb3f 7357db82071041f2868db4c56c9545c5 86bbc8476094469e9fff37899367c2c5 - - default default] GET http://10.0.0.248:8776/
2026-08-26 01:34:40.306 8 INFO cinder.api.openstack.wsgi [req-4fb57341-c328-4994-8aa0-fd75fcf1c10d req-746ccc10-ec08-4282-9e03-21314cc0b895 7357db82071041f2868db4c56c9545c5 86bbc8476094469e9fff37899367c2c5 - - default default] GET http://10.0.0.248:8776/
2026-08-26 01:34:40.307 7 INFO cinder.api.openstack.wsgi [req-4fb57341-c328-4994-8aa0-fd75fcf1c10d req-f2e6cdd7-cb0f-4e5b-a65d-4b4f5633cb3f 7357db82071041f2868db4c56c9545c5 86bbc8476094469e9fff37899367c2c5 - - default default] http://10.0.0.248:8776/ returned with HTTP 300
2026-08-26 01:34:40.307 8 INFO cinder.api.openstack.wsgi [req-4fb57341-c328-4994-8aa0-fd75fcf1c10d req-746ccc10-ec08-4282-9e03-21314cc0b895 7357db82071041f2868db4c56c9545c5 86bbc8476094469e9fff37899367c2c5 - - default default] http://10.0.0.248:8776/ returned with HTTP 300 /var/lib/openstack/lib/python3.12/site-packages/pycadf/identifier.py:70: UserWarning: Invalid uuid: cinderv3. To ensure interoperability, identifiers should be a valid uuid. warnings.warn(('Invalid uuid: %s. To ensure interoperability, '
2026-08-26 01:34:48.338 7 INFO cinder.api.openstack.wsgi [req-be7f934e-2884-4bfa-aebf-d242a75c4302 req-dd0c8302-e04e-49ed-8261-18035fcd4a85 7357db82071041f2868db4c56c9545c5 86bbc8476094469e9fff37899367c2c5 - - default default] DELETE http://cinder-api.openstack.svc.cluster.local:8776/v3/86bbc8476094469e9fff37899367c2c5/attachments/6d3e9eeb-be64-4f14-be95-3b79fcd7dcb2 /var/lib/openstack/lib/python3.12/site-packages/oslo_context/context.py:101: DeprecationWarning: Policy enforcement is depending on the value of is_admin. This key is deprecated. Please update your policy file to use the standard policy values. warnings.warn(
2026-08-26 01:34:48.897 7 INFO cinder.api.openstack.wsgi [req-be7f934e-2884-4bfa-aebf-d242a75c4302 req-dd0c8302-e04e-49ed-8261-18035fcd4a85 7357db82071041f2868db4c56c9545c5 86bbc8476094469e9fff37899367c2c5 - - default default] http://cinder-api.openstack.svc.cluster.local:8776/v3/86bbc8476094469e9fff37899367c2c5/attachments/6d3e9eeb-be64-4f14-be95-3b79fcd7dcb2 returned with HTTP 200 [pid: 7|app: 0|req: 353/704] 162.253.55.71 () {38 vars in 1102 bytes} [Wed Aug 26 01:34:48 2026] DELETE /v3/86bbc8476094469e9fff37899367c2c5/attachments/6d3e9eeb-be64-4f14-be95-3b79fcd7dcb2 => generated 19 bytes in 568 msecs (HTTP/1.1 200) 7 headers in 285 bytes (1 switches on core 0) /var/lib/openstack/lib/python3.12/site-packages/pycadf/identifier.py:70: UserWarning: Invalid uuid: cinderv3. To ensure interoperability, identifiers should be a valid uuid. warnings.warn(('Invalid uuid: %s. To ensure interoperability, '
2026-08-26 01:34:48.912 8 INFO cinder.api.openstack.wsgi [req-be7f934e-2884-4bfa-aebf-d242a75c4302 req-ff2116e7-df33-4df2-9f18-ace990ff5fae 7357db82071041f2868db4c56c9545c5 86bbc8476094469e9fff37899367c2c5 - - default default] DELETE http://cinder-api.openstack.svc.cluster.local:8776/v3/86bbc8476094469e9fff37899367c2c5/volumes/1b9498a7-f34d-47f6-a0c0-c781e9032a07
2026-08-26 01:34:48.913 8 INFO cinder.api.v3.volumes [req-be7f934e-2884-4bfa-aebf-d242a75c4302 req-ff2116e7-df33-4df2-9f18-ace990ff5fae 7357db82071041f2868db4c56c9545c5 86bbc8476094469e9fff37899367c2c5 - - default default] Delete volume with id: 1b9498a7-f34d-47f6-a0c0-c781e9032a07 /var/lib/openstack/lib/python3.12/site-packages/oslo_context/context.py:101: DeprecationWarning: Policy enforcement is depending on the value of is_admin. This key is deprecated. Please update your policy file to use the standard policy values. warnings.warn(
2026-08-26 01:34:48.938 8 INFO cinder.volume.api [req-be7f934e-2884-4bfa-aebf-d242a75c4302 req-ff2116e7-df33-4df2-9f18-ace990ff5fae 7357db82071041f2868db4c56c9545c5 86bbc8476094469e9fff37899367c2c5 - - default default] Volume info retrieved successfully.
2026-08-26 01:34:48.971 8 INFO cinder.volume.api [req-be7f934e-2884-4bfa-aebf-d242a75c4302 req-ff2116e7-df33-4df2-9f18-ace990ff5fae 7357db82071041f2868db4c56c9545c5 86bbc8476094469e9fff37899367c2c5 - - default default] Delete volume request issued successfully.
2026-08-26 01:34:48.972 8 INFO cinder.api.openstack.wsgi [req-be7f934e-2884-4bfa-aebf-d242a75c4302 req-ff2116e7-df33-4df2-9f18-ace990ff5fae 7357db82071041f2868db4c56c9545c5 86bbc8476094469e9fff37899367c2c5 - - default default] http://cinder-api.openstack.svc.cluster.local:8776/v3/86bbc8476094469e9fff37899367c2c5/volumes/1b9498a7-f34d-47f6-a0c0-c781e9032a07 returned with HTTP 202 [pid: 8|app: 0|req: 352/705] 162.253.55.71 () {36 vars in 1053 bytes} [Wed Aug 26 01:34:48 2026] DELETE /v3/86bbc8476094469e9fff37899367c2c5/volumes/1b9498a7-f34d-47f6-a0c0-c781e9032a07 => generated 0 bytes in 68 msecs (HTTP/1.1 202) 6 headers in 233 bytes (1 switches on core 0)
2026-08-26 01:34:50.307 7 INFO cinder.api.openstack.wsgi [req-be7f934e-2884-4bfa-aebf-d242a75c4302 req-dd0c8302-e04e-49ed-8261-18035fcd4a85 7357db82071041f2868db4c56c9545c5 86bbc8476094469e9fff37899367c2c5 - - default default] GET http://10.0.0.248:8776/
2026-08-26 01:34:50.307 8 INFO cinder.api.openstack.wsgi [req-be7f934e-2884-4bfa-aebf-d242a75c4302 req-ff2116e7-df33-4df2-9f18-ace990ff5fae 7357db82071041f2868db4c56c9545c5 86bbc8476094469e9fff37899367c2c5 - - default default] GET http://10.0.0.248:8776/
2026-08-26 01:34:50.308 8 INFO cinder.api.openstack.wsgi [req-be7f934e-2884-4bfa-aebf-d242a75c4302 req-ff2116e7-df33-4df2-9f18-ace990ff5fae 7357db82071041f2868db4c56c9545c5 86bbc8476094469e9fff37899367c2c5 - - default default] http://10.0.0.248:8776/ returned with HTTP 300
2026-08-26 01:34:50.308 7 INFO cinder.api.openstack.wsgi [req-be7f934e-2884-4bfa-aebf-d242a75c4302 req-dd0c8302-e04e-49ed-8261-18035fcd4a85 7357db82071041f2868db4c56c9545c5 86bbc8476094469e9fff37899367c2c5 - - default default] http://10.0.0.248:8776/ returned with HTTP 300 /var/lib/openstack/lib/python3.12/site-packages/pycadf/identifier.py:70: UserWarning: Invalid uuid: cinderv3. To ensure interoperability, identifiers should be a valid uuid. warnings.warn(('Invalid uuid: %s. To ensure interoperability, '
2026-08-26 01:34:52.134 8 INFO cinder.api.openstack.wsgi [None req-9f0134e1-72e1-479b-9633-05250340703d f544227596514252bbc9fc5714ba536f f874d209e1a84472bb040abc7ed50b98 - - default default] GET http://cinder-api.openstack.svc.cluster.local:8776/v3/f874d209e1a84472bb040abc7ed50b98/snapshots?all_tenants=true
2026-08-26 01:34:52.141 8 INFO cinder.volume.api [None req-9f0134e1-72e1-479b-9633-05250340703d f544227596514252bbc9fc5714ba536f f874d209e1a84472bb040abc7ed50b98 - - default default] Get all snapshots completed successfully.
2026-08-26 01:34:52.142 8 INFO cinder.api.openstack.wsgi [None req-9f0134e1-72e1-479b-9633-05250340703d f544227596514252bbc9fc5714ba536f f874d209e1a84472bb040abc7ed50b98 - - default default] http://cinder-api.openstack.svc.cluster.local:8776/v3/f874d209e1a84472bb040abc7ed50b98/snapshots?all_tenants=true returned with HTTP 200 [pid: 8|app: 0|req: 354/708] 10.0.0.195 () {28 vars in 674 bytes} [Wed Aug 26 01:34:52 2026] GET /v3/f874d209e1a84472bb040abc7ed50b98/snapshots?all_tenants=true => generated 17 bytes in 134 msecs (HTTP/1.1 200) 7 headers in 284 bytes (1 switches on core 0) /var/lib/openstack/lib/python3.12/site-packages/pycadf/identifier.py:70: UserWarning: Invalid uuid: cinderv3. To ensure interoperability, identifiers should be a valid uuid. warnings.warn(('Invalid uuid: %s. To ensure interoperability, '
2026-08-26 01:34:52.156 7 INFO cinder.api.openstack.wsgi [None req-cf6ce36d-010c-4741-b5d3-d44d59b1754a f544227596514252bbc9fc5714ba536f f874d209e1a84472bb040abc7ed50b98 - - default default] GET http://cinder-api.openstack.svc.cluster.local:8776/v3/f874d209e1a84472bb040abc7ed50b98/scheduler-stats/get_pools?detail=true /var/lib/openstack/lib/python3.12/site-packages/oslo_context/context.py:101: DeprecationWarning: Policy enforcement is depending on the value of is_admin. This key is deprecated. Please update your policy file to use the standard policy values. warnings.warn(
2026-08-26 01:34:52.660 7 INFO cinder.api.openstack.wsgi [None req-cf6ce36d-010c-4741-b5d3-d44d59b1754a f544227596514252bbc9fc5714ba536f f874d209e1a84472bb040abc7ed50b98 - - default default] http://cinder-api.openstack.svc.cluster.local:8776/v3/f874d209e1a84472bb040abc7ed50b98/scheduler-stats/get_pools?detail=true returned with HTTP 200 [pid: 7|app: 0|req: 355/709] 10.0.0.195 () {28 vars in 696 bytes} [Wed Aug 26 01:34:52 2026] GET /v3/f874d209e1a84472bb040abc7ed50b98/scheduler-stats/get_pools?detail=true => generated 670 bytes in 513 msecs (HTTP/1.1 200) 7 headers in 285 bytes (1 switches on core 0)
2026-08-26 01:34:52.720 8 INFO cinder.api.openstack.wsgi [None req-6cfcdd3e-355a-4f61-b466-3b3d0c109731 f544227596514252bbc9fc5714ba536f f874d209e1a84472bb040abc7ed50b98 - - default default] GET http://cinder-api.openstack.svc.cluster.local:8776/v3/f874d209e1a84472bb040abc7ed50b98/os-quota-sets/135b6f48617c4652ab00ead9db8b1751?usage=true
2026-08-26 01:34:52.736 8 INFO cinder.api.openstack.wsgi [None req-6cfcdd3e-355a-4f61-b466-3b3d0c109731 f544227596514252bbc9fc5714ba536f f874d209e1a84472bb040abc7ed50b98 - - default default] http://cinder-api.openstack.svc.cluster.local:8776/v3/f874d209e1a84472bb040abc7ed50b98/os-quota-sets/135b6f48617c4652ab00ead9db8b1751?usage=true returned with HTTP 200 [pid: 8|app: 0|req: 355/710] 10.0.0.195 () {28 vars in 736 bytes} [Wed Aug 26 01:34:52 2026] GET /v3/f874d209e1a84472bb040abc7ed50b98/os-quota-sets/135b6f48617c4652ab00ead9db8b1751?usage=true => generated 845 bytes in 21 msecs (HTTP/1.1 200) 7 headers in 285 bytes (1 switches on core 0)
2026-08-26 01:34:52.750 7 INFO cinder.api.openstack.wsgi [None req-1a8a27c3-0257-4f76-a24b-2ff4205a079d f544227596514252bbc9fc5714ba536f f874d209e1a84472bb040abc7ed50b98 - - default default] GET http://cinder-api.openstack.svc.cluster.local:8776/v3/f874d209e1a84472bb040abc7ed50b98/os-quota-sets/1ee2b026126f4748afb493a073288aaa?usage=true
2026-08-26 01:34:52.786 7 INFO cinder.api.openstack.wsgi [None req-1a8a27c3-0257-4f76-a24b-2ff4205a079d f544227596514252bbc9fc5714ba536f f874d209e1a84472bb040abc7ed50b98 - - default default] http://cinder-api.openstack.svc.cluster.local:8776/v3/f874d209e1a84472bb040abc7ed50b98/os-quota-sets/1ee2b026126f4748afb493a073288aaa?usage=true returned with HTTP 200 [pid: 7|app: 0|req: 356/711] 10.0.0.195 () {28 vars in 736 bytes} [Wed Aug 26 01:34:52 2026] GET /v3/f874d209e1a84472bb040abc7ed50b98/os-quota-sets/1ee2b026126f4748afb493a073288aaa?usage=true => generated 847 bytes in 45 msecs (HTTP/1.1 200) 7 headers in 285 bytes (1 switches on core 0)
2026-08-26 01:34:52.798 8 INFO cinder.api.openstack.wsgi [None req-3909954b-6510-4eae-8315-6b32ff6030e8 f544227596514252bbc9fc5714ba536f f874d209e1a84472bb040abc7ed50b98 - - default default] GET http://cinder-api.openstack.svc.cluster.local:8776/v3/f874d209e1a84472bb040abc7ed50b98/os-quota-sets/4a470a2debb04a90a63da5800b3990ae?usage=true
2026-08-26 01:34:52.821 8 INFO cinder.api.openstack.wsgi [None req-3909954b-6510-4eae-8315-6b32ff6030e8 f544227596514252bbc9fc5714ba536f f874d209e1a84472bb040abc7ed50b98 - - default default] http://cinder-api.openstack.svc.cluster.local:8776/v3/f874d209e1a84472bb040abc7ed50b98/os-quota-sets/4a470a2debb04a90a63da5800b3990ae?usage=true returned with HTTP 200 [pid: 8|app: 0|req: 356/712] 10.0.0.195 () {28 vars in 736 bytes} [Wed Aug 26 01:34:52 2026] GET /v3/f874d209e1a84472bb040abc7ed50b98/os-quota-sets/4a470a2debb04a90a63da5800b3990ae?usage=true => generated 847 bytes in 30 msecs (HTTP/1.1 200) 7 headers in 285 bytes (1 switches on core 0)
2026-08-26 01:34:52.831 7 INFO cinder.api.openstack.wsgi [None req-d32a4b2b-cfec-46cb-95db-d224c1144048 f544227596514252bbc9fc5714ba536f f874d209e1a84472bb040abc7ed50b98 - - default default] GET http://cinder-api.openstack.svc.cluster.local:8776/v3/f874d209e1a84472bb040abc7ed50b98/os-quota-sets/86bbc8476094469e9fff37899367c2c5?usage=true
2026-08-26 01:34:52.850 7 INFO cinder.api.openstack.wsgi [None req-d32a4b2b-cfec-46cb-95db-d224c1144048 f544227596514252bbc9fc5714ba536f f874d209e1a84472bb040abc7ed50b98 - - default default] http://cinder-api.openstack.svc.cluster.local:8776/v3/f874d209e1a84472bb040abc7ed50b98/os-quota-sets/86bbc8476094469e9fff37899367c2c5?usage=true returned with HTTP 200 [pid: 7|app: 0|req: 357/713] 10.0.0.195 () {28 vars in 736 bytes} [Wed Aug 26 01:34:52 2026] GET /v3/f874d209e1a84472bb040abc7ed50b98/os-quota-sets/86bbc8476094469e9fff37899367c2c5?usage=true => generated 847 bytes in 25 msecs (HTTP/1.1 200) 7 headers in 285 bytes (1 switches on core 0)
2026-08-26 01:34:52.862 8 INFO cinder.api.openstack.wsgi [None req-19acd0eb-00f9-4ace-94e6-d6e1f71468a9 f544227596514252bbc9fc5714ba536f f874d209e1a84472bb040abc7ed50b98 - - default default] GET http://cinder-api.openstack.svc.cluster.local:8776/v3/f874d209e1a84472bb040abc7ed50b98/os-quota-sets/b7f24e55de764728922601e97a238f43?usage=true
2026-08-26 01:34:52.881 8 INFO cinder.api.openstack.wsgi [None req-19acd0eb-00f9-4ace-94e6-d6e1f71468a9 f544227596514252bbc9fc5714ba536f f874d209e1a84472bb040abc7ed50b98 - - default default] http://cinder-api.openstack.svc.cluster.local:8776/v3/f874d209e1a84472bb040abc7ed50b98/os-quota-sets/b7f24e55de764728922601e97a238f43?usage=true returned with HTTP 200 [pid: 8|app: 0|req: 357/714] 10.0.0.195 () {28 vars in 736 bytes} [Wed Aug 26 01:34:52 2026] GET /v3/f874d209e1a84472bb040abc7ed50b98/os-quota-sets/b7f24e55de764728922601e97a238f43?usage=true => generated 847 bytes in 26 msecs (HTTP/1.1 200) 7 headers in 285 bytes (1 switches on core 0)
2026-08-26 01:34:52.891 7 INFO cinder.api.openstack.wsgi [None req-eac1d451-209a-43e5-aadb-c177c01648da f544227596514252bbc9fc5714ba536f f874d209e1a84472bb040abc7ed50b98 - - default default] GET http://cinder-api.openstack.svc.cluster.local:8776/v3/f874d209e1a84472bb040abc7ed50b98/os-quota-sets/d6f42ac879684072a698b200efad63f0?usage=true
2026-08-26 01:34:52.913 7 INFO cinder.api.openstack.wsgi [None req-eac1d451-209a-43e5-aadb-c177c01648da f544227596514252bbc9fc5714ba536f f874d209e1a84472bb040abc7ed50b98 - - default default] http://cinder-api.openstack.svc.cluster.local:8776/v3/f874d209e1a84472bb040abc7ed50b98/os-quota-sets/d6f42ac879684072a698b200efad63f0?usage=true returned with HTTP 200 [pid: 7|app: 0|req: 358/715] 10.0.0.195 () {28 vars in 736 bytes} [Wed Aug 26 01:34:52 2026] GET /v3/f874d209e1a84472bb040abc7ed50b98/os-quota-sets/d6f42ac879684072a698b200efad63f0?usage=true => generated 847 bytes in 28 msecs (HTTP/1.1 200) 7 headers in 285 bytes (1 switches on core 0)
2026-08-26 01:34:52.926 8 INFO cinder.api.openstack.wsgi [None req-5dec31ed-eb58-41ee-adf3-c4709d0b4537 f544227596514252bbc9fc5714ba536f f874d209e1a84472bb040abc7ed50b98 - - default default] GET http://cinder-api.openstack.svc.cluster.local:8776/v3/f874d209e1a84472bb040abc7ed50b98/os-quota-sets/f874d209e1a84472bb040abc7ed50b98?usage=true
2026-08-26 01:34:52.950 8 INFO cinder.api.openstack.wsgi [None req-5dec31ed-eb58-41ee-adf3-c4709d0b4537 f544227596514252bbc9fc5714ba536f f874d209e1a84472bb040abc7ed50b98 - - default default] http://cinder-api.openstack.svc.cluster.local:8776/v3/f874d209e1a84472bb040abc7ed50b98/os-quota-sets/f874d209e1a84472bb040abc7ed50b98?usage=true returned with HTTP 200 [pid: 8|app: 0|req: 358/716] 10.0.0.195 () {28 vars in 736 bytes} [Wed Aug 26 01:34:52 2026] GET /v3/f874d209e1a84472bb040abc7ed50b98/os-quota-sets/f874d209e1a84472bb040abc7ed50b98?usage=true => generated 845 bytes in 33 msecs (HTTP/1.1 200) 7 headers in 285 bytes (1 switches on core 0)
2026-08-26 01:34:52.961 7 INFO cinder.api.openstack.wsgi [None req-0ffcee3f-cb9c-43a9-a85f-2082b3e715c0 f544227596514252bbc9fc5714ba536f f874d209e1a84472bb040abc7ed50b98 - - default default] GET http://cinder-api.openstack.svc.cluster.local:8776/v3/f874d209e1a84472bb040abc7ed50b98/volumes/detail?all_tenants=true
2026-08-26 01:34:52.970 7 INFO cinder.volume.api [None req-0ffcee3f-cb9c-43a9-a85f-2082b3e715c0 f544227596514252bbc9fc5714ba536f f874d209e1a84472bb040abc7ed50b98 - - default default] Get all volumes completed successfully.
2026-08-26 01:34:52.972 7 INFO cinder.api.openstack.wsgi [None req-0ffcee3f-cb9c-43a9-a85f-2082b3e715c0 f544227596514252bbc9fc5714ba536f f874d209e1a84472bb040abc7ed50b98 - - default default] http://cinder-api.openstack.svc.cluster.local:8776/v3/f874d209e1a84472bb040abc7ed50b98/volumes/detail?all_tenants=true returned with HTTP 200 [pid: 7|app: 0|req: 359/717] 10.0.0.195 () {28 vars in 684 bytes} [Wed Aug 26 01:34:52 2026] GET /v3/f874d209e1a84472bb040abc7ed50b98/volumes/detail?all_tenants=true => generated 15 bytes in 18 msecs (HTTP/1.1 200) 7 headers in 284 bytes (1 switches on core 0)
2026-08-26 01:34:52.985 8 INFO cinder.api.openstack.wsgi [None req-5308b714-8b02-42d4-938b-2e0bb9a7d848 f544227596514252bbc9fc5714ba536f f874d209e1a84472bb040abc7ed50b98 - - default default] GET http://cinder-api.openstack.svc.cluster.local:8776/v3/f874d209e1a84472bb040abc7ed50b98/os-services
2026-08-26 01:34:52.994 8 INFO cinder.api.openstack.wsgi [None req-5308b714-8b02-42d4-938b-2e0bb9a7d848 f544227596514252bbc9fc5714ba536f f874d209e1a84472bb040abc7ed50b98 - - default default] http://cinder-api.openstack.svc.cluster.local:8776/v3/f874d209e1a84472bb040abc7ed50b98/os-services returned with HTTP 200 [pid: 8|app: 0|req: 359/718] 10.0.0.195 () {28 vars in 645 bytes} [Wed Aug 26 01:34:52 2026] GET /v3/f874d209e1a84472bb040abc7ed50b98/os-services => generated 646 bytes in 17 msecs (HTTP/1.1 200) 7 headers in 285 bytes (1 switches on core 0)
2026-08-26 01:34:53.004 7 INFO cinder.api.openstack.wsgi [None req-1c054e3d-d687-4577-8849-2d6dec4f9fd4 f544227596514252bbc9fc5714ba536f f874d209e1a84472bb040abc7ed50b98 - - default default] GET http://cinder-api.openstack.svc.cluster.local:8776/v3/f874d209e1a84472bb040abc7ed50b98/volumes/detail?all_tenants=true
2026-08-26 01:34:53.015 7 INFO cinder.volume.api [None req-1c054e3d-d687-4577-8849-2d6dec4f9fd4 f544227596514252bbc9fc5714ba536f f874d209e1a84472bb040abc7ed50b98 - - default default] Get all volumes completed successfully.
2026-08-26 01:34:53.017 7 INFO cinder.api.openstack.wsgi [None req-1c054e3d-d687-4577-8849-2d6dec4f9fd4 f544227596514252bbc9fc5714ba536f f874d209e1a84472bb040abc7ed50b98 - - default default] http://cinder-api.openstack.svc.cluster.local:8776/v3/f874d209e1a84472bb040abc7ed50b98/volumes/detail?all_tenants=true returned with HTTP 200 [pid: 7|app: 0|req: 360/719] 10.0.0.195 () {28 vars in 684 bytes} [Wed Aug 26 01:34:52 2026] GET /v3/f874d209e1a84472bb040abc7ed50b98/volumes/detail?all_tenants=true => generated 15 bytes in 19 msecs (HTTP/1.1 200) 7 headers in 284 bytes (1 switches on core 0)
2026-08-26 01:35:00.307 8 INFO cinder.api.openstack.wsgi [None req-5308b714-8b02-42d4-938b-2e0bb9a7d848 f544227596514252bbc9fc5714ba536f f874d209e1a84472bb040abc7ed50b98 - - default default] GET http://10.0.0.248:8776/
2026-08-26 01:35:00.307 7 INFO cinder.api.openstack.wsgi [None req-1c054e3d-d687-4577-8849-2d6dec4f9fd4 f544227596514252bbc9fc5714ba536f f874d209e1a84472bb040abc7ed50b98 - - default default] GET http://10.0.0.248:8776/
2026-08-26 01:35:00.308 8 INFO cinder.api.openstack.wsgi [None req-5308b714-8b02-42d4-938b-2e0bb9a7d848 f544227596514252bbc9fc5714ba536f f874d209e1a84472bb040abc7ed50b98 - - default default] http://10.0.0.248:8776/ returned with HTTP 300
2026-08-26 01:35:00.308 7 INFO cinder.api.openstack.wsgi [None req-1c054e3d-d687-4577-8849-2d6dec4f9fd4 f544227596514252bbc9fc5714ba536f f874d209e1a84472bb040abc7ed50b98 - - default default] http://10.0.0.248:8776/ returned with HTTP 300
2026-08-26 01:35:10.306 8 INFO cinder.api.openstack.wsgi [None req-5308b714-8b02-42d4-938b-2e0bb9a7d848 f544227596514252bbc9fc5714ba536f f874d209e1a84472bb040abc7ed50b98 - - default default] GET http://10.0.0.248:8776/
2026-08-26 01:35:10.306 7 INFO cinder.api.openstack.wsgi [None req-1c054e3d-d687-4577-8849-2d6dec4f9fd4 f544227596514252bbc9fc5714ba536f f874d209e1a84472bb040abc7ed50b98 - - default default] GET http://10.0.0.248:8776/
2026-08-26 01:35:10.307 7 INFO cinder.api.openstack.wsgi [None req-1c054e3d-d687-4577-8849-2d6dec4f9fd4 f544227596514252bbc9fc5714ba536f f874d209e1a84472bb040abc7ed50b98 - - default default] http://10.0.0.248:8776/ returned with HTTP 300
2026-08-26 01:35:10.307 8 INFO cinder.api.openstack.wsgi [None req-5308b714-8b02-42d4-938b-2e0bb9a7d848 f544227596514252bbc9fc5714ba536f f874d209e1a84472bb040abc7ed50b98 - - default default] http://10.0.0.248:8776/ returned with HTTP 300
2026-08-26 01:35:20.306 7 INFO cinder.api.openstack.wsgi [None req-1c054e3d-d687-4577-8849-2d6dec4f9fd4 f544227596514252bbc9fc5714ba536f f874d209e1a84472bb040abc7ed50b98 - - default default] GET http://10.0.0.248:8776/
2026-08-26 01:35:20.306 8 INFO cinder.api.openstack.wsgi [None req-5308b714-8b02-42d4-938b-2e0bb9a7d848 f544227596514252bbc9fc5714ba536f f874d209e1a84472bb040abc7ed50b98 - - default default] GET http://10.0.0.248:8776/
2026-08-26 01:35:20.306 7 INFO cinder.api.openstack.wsgi [None req-1c054e3d-d687-4577-8849-2d6dec4f9fd4 f544227596514252bbc9fc5714ba536f f874d209e1a84472bb040abc7ed50b98 - - default default] http://10.0.0.248:8776/ returned with HTTP 300
2026-08-26 01:35:20.307 8 INFO cinder.api.openstack.wsgi [None req-5308b714-8b02-42d4-938b-2e0bb9a7d848 f544227596514252bbc9fc5714ba536f f874d209e1a84472bb040abc7ed50b98 - - default default] http://10.0.0.248:8776/ returned with HTTP 300
2026-08-26 01:35:30.306 7 INFO cinder.api.openstack.wsgi [None req-1c054e3d-d687-4577-8849-2d6dec4f9fd4 f544227596514252bbc9fc5714ba536f f874d209e1a84472bb040abc7ed50b98 - - default default] GET http://10.0.0.248:8776/
2026-08-26 01:35:30.306 8 INFO cinder.api.openstack.wsgi [None req-5308b714-8b02-42d4-938b-2e0bb9a7d848 f544227596514252bbc9fc5714ba536f f874d209e1a84472bb040abc7ed50b98 - - default default] GET http://10.0.0.248:8776/
2026-08-26 01:35:30.307 7 INFO cinder.api.openstack.wsgi [None req-1c054e3d-d687-4577-8849-2d6dec4f9fd4 f544227596514252bbc9fc5714ba536f f874d209e1a84472bb040abc7ed50b98 - - default default] http://10.0.0.248:8776/ returned with HTTP 300
2026-08-26 01:35:30.308 8 INFO cinder.api.openstack.wsgi [None req-5308b714-8b02-42d4-938b-2e0bb9a7d848 f544227596514252bbc9fc5714ba536f f874d209e1a84472bb040abc7ed50b98 - - default default] http://10.0.0.248:8776/ returned with HTTP 300
2026-08-26 01:35:40.305 7 INFO cinder.api.openstack.wsgi [None req-1c054e3d-d687-4577-8849-2d6dec4f9fd4 f544227596514252bbc9fc5714ba536f f874d209e1a84472bb040abc7ed50b98 - - default default] GET http://10.0.0.248:8776/
2026-08-26 01:35:40.306 8 INFO cinder.api.openstack.wsgi [None req-5308b714-8b02-42d4-938b-2e0bb9a7d848 f544227596514252bbc9fc5714ba536f f874d209e1a84472bb040abc7ed50b98 - - default default] GET http://10.0.0.248:8776/
2026-08-26 01:35:40.306 7 INFO cinder.api.openstack.wsgi [None req-1c054e3d-d687-4577-8849-2d6dec4f9fd4 f544227596514252bbc9fc5714ba536f f874d209e1a84472bb040abc7ed50b98 - - default default] http://10.0.0.248:8776/ returned with HTTP 300
2026-08-26 01:35:40.307 8 INFO cinder.api.openstack.wsgi [None req-5308b714-8b02-42d4-938b-2e0bb9a7d848 f544227596514252bbc9fc5714ba536f f874d209e1a84472bb040abc7ed50b98 - - default default] http://10.0.0.248:8776/ returned with HTTP 300
2026-08-26 01:35:50.306 7 INFO cinder.api.openstack.wsgi [None req-1c054e3d-d687-4577-8849-2d6dec4f9fd4 f544227596514252bbc9fc5714ba536f f874d209e1a84472bb040abc7ed50b98 - - default default] GET http://10.0.0.248:8776/
2026-08-26 01:35:50.306 8 INFO cinder.api.openstack.wsgi [None req-5308b714-8b02-42d4-938b-2e0bb9a7d848 f544227596514252bbc9fc5714ba536f f874d209e1a84472bb040abc7ed50b98 - - default default] GET http://10.0.0.248:8776/
2026-08-26 01:35:50.307 7 INFO cinder.api.openstack.wsgi [None req-1c054e3d-d687-4577-8849-2d6dec4f9fd4 f544227596514252bbc9fc5714ba536f f874d209e1a84472bb040abc7ed50b98 - - default default] http://10.0.0.248:8776/ returned with HTTP 300
2026-08-26 01:35:50.307 8 INFO cinder.api.openstack.wsgi [None req-5308b714-8b02-42d4-938b-2e0bb9a7d848 f544227596514252bbc9fc5714ba536f f874d209e1a84472bb040abc7ed50b98 - - default default] http://10.0.0.248:8776/ returned with HTTP 300
2026-08-26 01:35:52.250 8 INFO cinder.api.openstack.wsgi [None req-ad8e3ea3-1f74-41cb-bc88-9d4b07121e8f f544227596514252bbc9fc5714ba536f f874d209e1a84472bb040abc7ed50b98 - - default default] GET http://cinder-api.openstack.svc.cluster.local:8776/v3/f874d209e1a84472bb040abc7ed50b98/snapshots?all_tenants=true
2026-08-26 01:35:52.256 8 INFO cinder.volume.api [None req-ad8e3ea3-1f74-41cb-bc88-9d4b07121e8f f544227596514252bbc9fc5714ba536f f874d209e1a84472bb040abc7ed50b98 - - default default] Get all snapshots completed successfully.
2026-08-26 01:35:52.256 8 INFO cinder.api.openstack.wsgi [None req-ad8e3ea3-1f74-41cb-bc88-9d4b07121e8f f544227596514252bbc9fc5714ba536f f874d209e1a84472bb040abc7ed50b98 - - default default] http://cinder-api.openstack.svc.cluster.local:8776/v3/f874d209e1a84472bb040abc7ed50b98/snapshots?all_tenants=true returned with HTTP 200 [pid: 8|app: 0|req: 366/732] 10.0.0.195 () {28 vars in 674 bytes} [Wed Aug 26 01:35:52 2026] GET /v3/f874d209e1a84472bb040abc7ed50b98/snapshots?all_tenants=true => generated 17 bytes in 195 msecs (HTTP/1.1 200) 7 headers in 284 bytes (1 switches on core 0)
2026-08-26 01:35:52.289 7 INFO cinder.api.openstack.wsgi [None req-d665d837-90f4-440c-b85e-3b1219f22922 f544227596514252bbc9fc5714ba536f f874d209e1a84472bb040abc7ed50b98 - - default default] GET http://cinder-api.openstack.svc.cluster.local:8776/v3/f874d209e1a84472bb040abc7ed50b98/volumes/detail?all_tenants=true
2026-08-26 01:35:52.298 7 INFO cinder.volume.api [None req-d665d837-90f4-440c-b85e-3b1219f22922 f544227596514252bbc9fc5714ba536f f874d209e1a84472bb040abc7ed50b98 - - default default] Get all volumes completed successfully.
2026-08-26 01:35:52.299 7 INFO cinder.api.openstack.wsgi [None req-d665d837-90f4-440c-b85e-3b1219f22922 f544227596514252bbc9fc5714ba536f f874d209e1a84472bb040abc7ed50b98 - - default default] http://cinder-api.openstack.svc.cluster.local:8776/v3/f874d209e1a84472bb040abc7ed50b98/volumes/detail?all_tenants=true returned with HTTP 200 [pid: 7|app: 0|req: 367/733] 10.0.0.195 () {28 vars in 684 bytes} [Wed Aug 26 01:35:52 2026] GET /v3/f874d209e1a84472bb040abc7ed50b98/volumes/detail?all_tenants=true => generated 15 bytes in 16 msecs (HTTP/1.1 200) 7 headers in 284 bytes (1 switches on core 0)
2026-08-26 01:35:52.351 8 INFO cinder.api.openstack.wsgi [None req-1b8a6676-a135-4048-80ed-e7dacb031199 f544227596514252bbc9fc5714ba536f f874d209e1a84472bb040abc7ed50b98 - - default default] GET http://cinder-api.openstack.svc.cluster.local:8776/v3/f874d209e1a84472bb040abc7ed50b98/os-quota-sets/135b6f48617c4652ab00ead9db8b1751?usage=true
2026-08-26 01:35:52.378 8 INFO cinder.api.openstack.wsgi [None req-1b8a6676-a135-4048-80ed-e7dacb031199 f544227596514252bbc9fc5714ba536f f874d209e1a84472bb040abc7ed50b98 - - default default] http://cinder-api.openstack.svc.cluster.local:8776/v3/f874d209e1a84472bb040abc7ed50b98/os-quota-sets/135b6f48617c4652ab00ead9db8b1751?usage=true returned with HTTP 200 [pid: 8|app: 0|req: 367/734] 10.0.0.195 () {28 vars in 736 bytes} [Wed Aug 26 01:35:52 2026] GET /v3/f874d209e1a84472bb040abc7ed50b98/os-quota-sets/135b6f48617c4652ab00ead9db8b1751?usage=true => generated 845 bytes in 34 msecs (HTTP/1.1 200) 7 headers in 285 bytes (1 switches on core 0)
2026-08-26 01:35:52.390 7 INFO cinder.api.openstack.wsgi [None req-4aaecd4b-1f5c-47ea-a941-52bdca1f10cb f544227596514252bbc9fc5714ba536f f874d209e1a84472bb040abc7ed50b98 - - default default] GET http://cinder-api.openstack.svc.cluster.local:8776/v3/f874d209e1a84472bb040abc7ed50b98/os-quota-sets/1ee2b026126f4748afb493a073288aaa?usage=true
