Mar 31 00:53:52.881207 np0000161775 devstack@neutron-api.service[102179]: DEBUG neutron_lib.callbacks.manager [None req-8862a8cb-caf2-487c-a178-e1ad11c3edde None None] Subscribe: > port precommit_delete 55550000, False {{(pid=102179) subscribe /opt/stack/data/venv/lib/python3.12/site-packages/neutron_lib/callbacks/manager.py:52}}
Mar 31 00:53:52.881207 np0000161775 devstack@neutron-api.service[102179]: DEBUG neutron_lib.callbacks.manager [None req-8862a8cb-caf2-487c-a178-e1ad11c3edde None None] Subscribe: port before_update 55550000, False {{(pid=102179) subscribe /opt/stack/data/venv/lib/python3.12/site-packages/neutron_lib/callbacks/manager.py:52}}
Mar 31 00:53:52.881273 np0000161775 devstack@neutron-api.service[102181]: INFO neutron.api.extensions [None req-93aa4bc0-4801-4505-b4d5-b78c15a5b9bb None None] Loaded extension: flavors
Mar 31 00:53:52.881300 np0000161775 devstack@neutron-api.service[102179]: DEBUG neutron_lib.callbacks.manager [None req-8862a8cb-caf2-487c-a178-e1ad11c3edde None None] Subscribe: port before_delete 55550000, False {{(pid=102179) subscribe /opt/stack/data/venv/lib/python3.12/site-packages/neutron_lib/callbacks/manager.py:52}}
Mar 31 00:53:52.881327 np0000161775 devstack@neutron-api.service[102180]: DEBUG neutron.api.extensions [None req-93acaa3f-3c01-4231-acf4-bec33c358efb None None] Ext name="Expose CT target rules for conntrack helper" alias="expose-l3-conntrack-helper" description="Expose allow adding CT target rules for conntrack helper" updated="2019-04-04T10:00:00-00:00" {{(pid=102180) _check_extension /opt/stack/neutron/neutron/api/extensions.py:415}}
Mar 31 00:53:52.881354 np0000161775 devstack@neutron-api.service[102181]: DEBUG neutron.api.extensions [None req-93aa4bc0-4801-4505-b4d5-b78c15a5b9bb None None] Loading extension file: floating_ip_port_forwarding.py {{(pid=102181) _load_all_extensions_from_path /opt/stack/neutron/neutron/api/extensions.py:449}}
Mar 31 00:53:52.881385 np0000161775 devstack@neutron-api.service[102179]: DEBUG neutron_lib.callbacks.manager [None req-8862a8cb-caf2-487c-a178-e1ad11c3edde None None] Subscribe: > router precommit_create 55550000, False {{(pid=102179) subscribe /opt/stack/data/venv/lib/python3.12/site-packages/neutron_lib/callbacks/manager.py:52}}
Mar 31 00:53:52.881490 np0000161775 devstack@neutron-api.service[102179]: DEBUG neutron_lib.callbacks.manager [None req-8862a8cb-caf2-487c-a178-e1ad11c3edde None None] Subscribe: > router precommit_create 55550000, False {{(pid=102179) subscribe /opt/stack/data/venv/lib/python3.12/site-packages/neutron_lib/callbacks/manager.py:52}}
Mar 31 00:53:52.881519 np0000161775 devstack@neutron-api.service[102180]: INFO neutron.api.extensions [None req-93acaa3f-3c01-4231-acf4-bec33c358efb None None] Extension expose-l3-conntrack-helper not supported by any of loaded plugins
Mar 31 00:53:52.881581 np0000161775 devstack@neutron-api.service[102179]: DEBUG neutron_lib.callbacks.manager [None req-8862a8cb-caf2-487c-a178-e1ad11c3edde None None] Subscribe: > router precommit_update 55550000, False {{(pid=102179) subscribe /opt/stack/data/venv/lib/python3.12/site-packages/neutron_lib/callbacks/manager.py:52}}
Mar 31 00:53:52.881643 np0000161775 devstack@neutron-api.service[102180]: DEBUG neutron.api.extensions [None req-93acaa3f-3c01-4231-acf4-bec33c358efb None None] Loading extension file: expose_port_forwarding_in_fip.py {{(pid=102180) _load_all_extensions_from_path /opt/stack/neutron/neutron/api/extensions.py:449}}
Mar 31 00:53:52.881671 np0000161775 devstack@neutron-api.service[102181]: DEBUG neutron.api.extensions [None req-93aa4bc0-4801-4505-b4d5-b78c15a5b9bb None None] Ext name="Floating IP Port Forwarding" alias="floating-ip-port-forwarding" description="Allow port forwarding from floating IP port to an internal port" updated="2018-01-19T10:00:00-00:00" {{(pid=102181) _check_extension /opt/stack/neutron/neutron/api/extensions.py:415}}
Mar 31 00:53:52.881706 np0000161775 devstack@neutron-api.service[102179]: DEBUG neutron_lib.callbacks.manager [None req-8862a8cb-caf2-487c-a178-e1ad11c3edde None None] Subscribe: subnet after_update 55550000, False {{(pid=102179) subscribe /opt/stack/data/venv/lib/python3.12/site-packages/neutron_lib/callbacks/manager.py:52}}
Mar 31 00:53:52.881800 np0000161775 devstack@neutron-api.service[102180]: DEBUG neutron.api.extensions [None req-93acaa3f-3c01-4231-acf4-bec33c358efb None None] Ext name="Expose Floating IP port forwardings" alias="expose-port-forwarding-in-fip" description="Expose port forwarding fields in floating IP response" updated="2018-06-28T16:00:00-00:00" {{(pid=102180) _check_extension /opt/stack/neutron/neutron/api/extensions.py:415}}
Mar 31 00:53:52.881834 np0000161775 devstack@neutron-api.service[102181]: INFO neutron.api.extensions [None req-93aa4bc0-4801-4505-b4d5-b78c15a5b9bb None None] Extension floating-ip-port-forwarding not supported by any of loaded plugins
Mar 31 00:53:52.881904 np0000161775 devstack@neutron-api.service[102181]: DEBUG neutron.api.extensions [None req-93aa4bc0-4801-4505-b4d5-b78c15a5b9bb None None] Loading extension file: floatingip_pools.py {{(pid=102181) _load_all_extensions_from_path /opt/stack/neutron/neutron/api/extensions.py:449}}
Mar 31 00:53:52.881966 np0000161775 devstack@neutron-api.service[102180]: INFO neutron.api.extensions [None req-93acaa3f-3c01-4231-acf4-bec33c358efb None None] Extension expose-port-forwarding-in-fip not supported by any of loaded plugins
Mar 31 00:53:52.882068 np0000161775 devstack@neutron-api.service[102180]: DEBUG neutron.api.extensions [None req-93acaa3f-3c01-4231-acf4-bec33c358efb None None] Loading extension file: external_net.py {{(pid=102180) _load_all_extensions_from_path /opt/stack/neutron/neutron/api/extensions.py:449}}
Mar 31 00:53:52.882203 np0000161775 devstack@neutron-api.service[102181]: DEBUG neutron.api.extensions [None req-93aa4bc0-4801-4505-b4d5-b78c15a5b9bb None None] Ext name="Floating IP Pools Extension" alias="floatingip-pools" description="Provides a floating IP pools API." updated="2018-03-21T10:00:00-00:00" {{(pid=102181) _check_extension /opt/stack/neutron/neutron/api/extensions.py:415}}
Mar 31 00:53:52.882315 np0000161775 devstack@neutron-api.service[102180]: DEBUG neutron.api.extensions [None req-93acaa3f-3c01-4231-acf4-bec33c358efb None None] Ext name="Neutron external network" alias="external-net" description="Adds external network attribute to network resource." updated="2013-01-14T10:00:00-00:00" {{(pid=102180) _check_extension /opt/stack/neutron/neutron/api/extensions.py:415}}
Mar 31 00:53:52.882432 np0000161775 devstack@neutron-api.service[102181]: INFO neutron.api.extensions [None req-93aa4bc0-4801-4505-b4d5-b78c15a5b9bb None None] Loaded extension: floatingip-pools
Mar 31 00:53:52.882523 np0000161775 devstack@neutron-api.service[102179]: DEBUG neutron.quota.resource_registry [None req-8862a8cb-caf2-487c-a178-e1ad11c3edde None None] Tracking information for resource: router configured {{(pid=102179) set_tracked_resource /opt/stack/neutron/neutron/quota/resource_registry.py:203}}
Mar 31 00:53:52.882584 np0000161775 devstack@neutron-api.service[102181]: DEBUG neutron.api.extensions [None req-93aa4bc0-4801-4505-b4d5-b78c15a5b9bb None None] Loading extension file: ip_allocation.py {{(pid=102181) _load_all_extensions_from_path /opt/stack/neutron/neutron/api/extensions.py:449}}
Mar 31 00:53:52.882618 np0000161775 devstack@neutron-api.service[102180]: INFO neutron.api.extensions [None req-93acaa3f-3c01-4231-acf4-bec33c358efb None None] Loaded extension: external-net
Mar 31 00:53:52.882676 np0000161775 devstack@neutron-api.service[102179]: DEBUG neutron.quota.resource_registry [None req-8862a8cb-caf2-487c-a178-e1ad11c3edde None None] Tracking information for resource: floatingip configured {{(pid=102179) set_tracked_resource /opt/stack/neutron/neutron/quota/resource_registry.py:203}}
Mar 31 00:53:52.882676 np0000161775 devstack@neutron-api.service[102179]: INFO neutron.services.ovn_l3.plugin [None req-8862a8cb-caf2-487c-a178-e1ad11c3edde None None] Starting OVNL3RouterPlugin
Mar 31 00:53:52.882724 np0000161775 devstack@neutron-api.service[102180]: DEBUG neutron.api.extensions [None req-93acaa3f-3c01-4231-acf4-bec33c358efb None None] Loading extension file: extra_dhcp_opt.py {{(pid=102180) _load_all_extensions_from_path /opt/stack/neutron/neutron/api/extensions.py:449}}
Mar 31 00:53:52.882751 np0000161775 devstack@neutron-api.service[102181]: DEBUG neutron.api.extensions [None req-93aa4bc0-4801-4505-b4d5-b78c15a5b9bb None None] Ext name="IP Allocation" alias="ip_allocation" description="IP allocation extension." updated="2016-06-10T23:00:00-00:00" {{(pid=102181) _check_extension /opt/stack/neutron/neutron/api/extensions.py:415}}
Mar 31 00:53:52.882783 np0000161775 devstack@neutron-api.service[102179]: DEBUG neutron_lib.callbacks.manager [None req-8862a8cb-caf2-487c-a178-e1ad11c3edde None None] Subscribe: > port_forwarding_plugin after_init 55550000, False {{(pid=102179) subscribe /opt/stack/data/venv/lib/python3.12/site-packages/neutron_lib/callbacks/manager.py:52}}
Mar 31 00:53:52.882857 np0000161775 devstack@neutron-api.service[102180]: DEBUG neutron.api.extensions [None req-93acaa3f-3c01-4231-acf4-bec33c358efb None None] Ext name="Neutron Extra DHCP options" alias="extra_dhcp_opt" description="Extra options configuration for DHCP. For example PXE boot options to DHCP clients can be specified (e.g. tftp-server, server-ip-address, bootfile-name)" updated="2013-03-17T12:00:00-00:00" {{(pid=102180) _check_extension /opt/stack/neutron/neutron/api/extensions.py:415}}
Mar 31 00:53:52.882930 np0000161775 devstack@neutron-api.service[102181]: INFO neutron.api.extensions [None req-93aa4bc0-4801-4505-b4d5-b78c15a5b9bb None None] Extension ip_allocation not supported by any of loaded plugins
Mar 31 00:53:52.882972 np0000161775 devstack@neutron-api.service[102179]: DEBUG neutron_lib.callbacks.manager [None req-8862a8cb-caf2-487c-a178-e1ad11c3edde None None] Subscribe: > router before_create 55550100, False {{(pid=102179) subscribe /opt/stack/data/venv/lib/python3.12/site-packages/neutron_lib/callbacks/manager.py:52}}
Mar 31 00:53:52.883003 np0000161775 devstack@neutron-api.service[102181]: DEBUG neutron.api.extensions [None req-93aa4bc0-4801-4505-b4d5-b78c15a5b9bb None None] Loading extension file: ip_substring_port_filtering.py {{(pid=102181) _load_all_extensions_from_path /opt/stack/neutron/neutron/api/extensions.py:449}}
Mar 31 00:53:52.883060 np0000161775 devstack@neutron-api.service[102180]: INFO neutron.api.extensions [None req-93acaa3f-3c01-4231-acf4-bec33c358efb None None] Loaded extension: extra_dhcp_opt
Mar 31 00:53:52.883091 np0000161775 devstack@neutron-api.service[102179]: DEBUG neutron_lib.callbacks.manager [None req-8862a8cb-caf2-487c-a178-e1ad11c3edde None None] Subscribe: > router precommit_delete 55550100, False {{(pid=102179) subscribe /opt/stack/data/venv/lib/python3.12/site-packages/neutron_lib/callbacks/manager.py:52}}
Mar 31 00:53:52.883119 np0000161775 devstack@neutron-api.service[102180]: DEBUG neutron.api.extensions [None req-93acaa3f-3c01-4231-acf4-bec33c358efb None None] Loading extension file: extraroute.py {{(pid=102180) _load_all_extensions_from_path /opt/stack/neutron/neutron/api/extensions.py:449}}
Mar 31 00:53:52.883191 np0000161775 devstack@neutron-api.service[102179]: DEBUG neutron_lib.callbacks.manager [None req-8862a8cb-caf2-487c-a178-e1ad11c3edde None None] Subscribe: > router precommit_create 55550100, False {{(pid=102179) subscribe /opt/stack/data/venv/lib/python3.12/site-packages/neutron_lib/callbacks/manager.py:52}}
Mar 31 00:53:52.883263 np0000161775 devstack@neutron-api.service[102181]: DEBUG neutron.api.extensions [None req-93aa4bc0-4801-4505-b4d5-b78c15a5b9bb None None] Ext name="IP address substring filtering" alias="ip-substring-filtering" description="Provides IP address substring filtering when listing ports" updated="2017-11-28T09:00:00-00:00" {{(pid=102181) _check_extension /opt/stack/neutron/neutron/api/extensions.py:415}}
Mar 31 00:53:52.883295 np0000161775 devstack@neutron-api.service[102179]: DEBUG neutron_lib.callbacks.manager [None req-8862a8cb-caf2-487c-a178-e1ad11c3edde None None] Subscribe: > router precommit_update 55550100, False {{(pid=102179) subscribe /opt/stack/data/venv/lib/python3.12/site-packages/neutron_lib/callbacks/manager.py:52}}
Mar 31 00:53:52.883362 np0000161775 devstack@neutron-api.service[102180]: DEBUG neutron.api.extensions [None req-93acaa3f-3c01-4231-acf4-bec33c358efb None None] Ext name="Neutron Extra Route" alias="extraroute" description="Extra routes configuration for L3 router" updated="2013-02-01T10:00:00-00:00" {{(pid=102180) _check_extension /opt/stack/neutron/neutron/api/extensions.py:415}}
Mar 31 00:53:52.883422 np0000161775 devstack@neutron-api.service[102181]: INFO neutron.api.extensions [None req-93aa4bc0-4801-4505-b4d5-b78c15a5b9bb None None] Extension ip-substring-filtering not supported by any of loaded plugins
Mar 31 00:53:52.883510 np0000161775 devstack@neutron-api.service[102181]: DEBUG neutron.api.extensions [None req-93aa4bc0-4801-4505-b4d5-b78c15a5b9bb None None] Loading extension file: l2_adjacency.py {{(pid=102181) _load_all_extensions_from_path /opt/stack/neutron/neutron/api/extensions.py:449}}
Mar 31 00:53:52.883569 np0000161775 devstack@neutron-api.service[102180]: INFO neutron.api.extensions [None req-93acaa3f-3c01-4231-acf4-bec33c358efb None None] Loaded extension: extraroute
Mar 31 00:53:52.883621 np0000161775 devstack@neutron-api.service[102180]: DEBUG neutron.api.extensions [None req-93acaa3f-3c01-4231-acf4-bec33c358efb None None] Loading extension file: extraroute_atomic.py {{(pid=102180) _load_all_extensions_from_path /opt/stack/neutron/neutron/api/extensions.py:449}}
Mar 31 00:53:52.883741 np0000161775 devstack@neutron-api.service[102181]: DEBUG neutron.api.extensions [None req-93aa4bc0-4801-4505-b4d5-b78c15a5b9bb None None] Ext name="L2 Adjacency" alias="l2_adjacency" description="Display L2 Adjacency for Neutron Networks." updated="2016-04-12T16:00:00-00:00" {{(pid=102181) _check_extension /opt/stack/neutron/neutron/api/extensions.py:415}}
Mar 31 00:53:52.883867 np0000161775 devstack@neutron-api.service[102180]: DEBUG neutron.api.extensions [None req-93acaa3f-3c01-4231-acf4-bec33c358efb None None] Ext name="Atomically add/remove extra routes" alias="extraroute-atomic" description="Edit extra routes of a router on server side by atomically adding/removing extra routes" updated="2019-07-10T00:00:00+00:00" {{(pid=102180) _check_extension /opt/stack/neutron/neutron/api/extensions.py:415}}
Mar 31 00:53:52.883935 np0000161775 devstack@neutron-api.service[102181]: INFO neutron.api.extensions [None req-93aa4bc0-4801-4505-b4d5-b78c15a5b9bb None None] Extension l2_adjacency not supported by any of loaded plugins
Mar 31 00:53:52.884057 np0000161775 devstack@neutron-api.service[102181]: DEBUG neutron.api.extensions [None req-93aa4bc0-4801-4505-b4d5-b78c15a5b9bb None None] Loading extension file: l3.py {{(pid=102181) _load_all_extensions_from_path /opt/stack/neutron/neutron/api/extensions.py:449}}
Mar 31 00:53:52.884151 np0000161775 devstack@neutron-api.service[102180]: INFO neutron.api.extensions [None req-93acaa3f-3c01-4231-acf4-bec33c358efb None None] Loaded extension: extraroute-atomic
Mar 31 00:53:52.884151 np0000161775 devstack@neutron-api.service[102180]: DEBUG neutron.api.extensions [None req-93acaa3f-3c01-4231-acf4-bec33c358efb None None] Loading extension file: filter_validation.py {{(pid=102180) _load_all_extensions_from_path /opt/stack/neutron/neutron/api/extensions.py:449}}
Mar 31 00:53:52.884400 np0000161775 devstack@neutron-api.service[102180]: DEBUG neutron.api.extensions [None req-93acaa3f-3c01-4231-acf4-bec33c358efb None None] Ext name="Filter parameters validation" alias="filter-validation" description="Provides validation on filter parameters." updated="2018-07-04T10:00:00-00:00" {{(pid=102180) _check_extension /opt/stack/neutron/neutron/api/extensions.py:415}}
Mar 31 00:53:52.884437 np0000161775 devstack@neutron-api.service[102181]: DEBUG neutron.api.extensions [None req-93aa4bc0-4801-4505-b4d5-b78c15a5b9bb None None] Ext name="Neutron L3 Router" alias="router" description="Router abstraction for basic L3 forwarding between L2 Neutron networks and access to external networks via a NAT gateway." updated="2012-07-20T10:00:00-00:00" {{(pid=102181) _check_extension /opt/stack/neutron/neutron/api/extensions.py:415}}
Mar 31 00:53:52.884579 np0000161775 devstack@neutron-api.service[102180]: INFO neutron.api.extensions [None req-93acaa3f-3c01-4231-acf4-bec33c358efb None None] Loaded extension: filter-validation
Mar 31 00:53:52.884609 np0000161775 devstack@neutron-api.service[102181]: INFO neutron.api.extensions [None req-93aa4bc0-4801-4505-b4d5-b78c15a5b9bb None None] Loaded extension: router
Mar 31 00:53:52.884669 np0000161775 devstack@neutron-api.service[102180]: DEBUG neutron.api.extensions [None req-93acaa3f-3c01-4231-acf4-bec33c358efb None None] Loading extension file: fip_pf_description.py {{(pid=102180) _load_all_extensions_from_path /opt/stack/neutron/neutron/api/extensions.py:449}}
Mar 31 00:53:52.884697 np0000161775 devstack@neutron-api.service[102181]: DEBUG neutron.api.extensions [None req-93aa4bc0-4801-4505-b4d5-b78c15a5b9bb None None] Loading extension file: l3_conntrack_helper.py {{(pid=102181) _load_all_extensions_from_path /opt/stack/neutron/neutron/api/extensions.py:449}}
Mar 31 00:53:52.884923 np0000161775 devstack@neutron-api.service[102180]: DEBUG neutron.api.extensions [None req-93acaa3f-3c01-4231-acf4-bec33c358efb None None] Ext name="Floating IP Port Forwarding new attribute description" alias="floating-ip-port-forwarding-description" description="Add a description field to Port Forwarding rules" updated="2019-11-01T10:00:00-00:00" {{(pid=102180) _check_extension /opt/stack/neutron/neutron/api/extensions.py:415}}
Mar 31 00:53:52.885094 np0000161775 devstack@neutron-api.service[102180]: INFO neutron.api.extensions [None req-93acaa3f-3c01-4231-acf4-bec33c358efb None None] Extension floating-ip-port-forwarding-description not supported by any of loaded plugins
Mar 31 00:53:52.885218 np0000161775 devstack@neutron-api.service[102180]: DEBUG neutron.api.extensions [None req-93acaa3f-3c01-4231-acf4-bec33c358efb None None] Loading extension file: fip_pf_detail.py {{(pid=102180) _load_all_extensions_from_path /opt/stack/neutron/neutron/api/extensions.py:449}}
Mar 31 00:53:52.885351 np0000161775 devstack@neutron-api.service[102181]: DEBUG neutron.api.extensions [None req-93aa4bc0-4801-4505-b4d5-b78c15a5b9bb None None] Ext name="L3 Conntrack helper" alias="l3-conntrack-helper" description="Allow adding CT target rules for conntrack helper" updated="2019-04-04T10:00:00-00:00" {{(pid=102181) _check_extension /opt/stack/neutron/neutron/api/extensions.py:415}}
Mar 31 00:53:52.885415 np0000161775 devstack@neutron-api.service[102180]: DEBUG neutron.api.extensions [None req-93acaa3f-3c01-4231-acf4-bec33c358efb None None] Ext name="Floating IP port forwarding detail" alias="floating-ip-port-forwarding-detail" description="Allow list floating ip return more port forwarding data, include'id' and 'internal_port_id'" updated="2022-05-06T10:00:00-00:00" {{(pid=102180) _check_extension /opt/stack/neutron/neutron/api/extensions.py:415}}
Mar 31 00:53:52.885505 np0000161775 devstack@neutron-api.service[102181]: INFO neutron.api.extensions [None req-93aa4bc0-4801-4505-b4d5-b78c15a5b9bb None None] Extension l3-conntrack-helper not supported by any of loaded plugins
Mar 31 00:53:52.885609 np0000161775 devstack@neutron-api.service[102181]: DEBUG neutron.api.extensions [None req-93aa4bc0-4801-4505-b4d5-b78c15a5b9bb None None] Loading extension file: l3_enable_default_route_bfd.py {{(pid=102181) _load_all_extensions_from_path /opt/stack/neutron/neutron/api/extensions.py:449}}
Mar 31 00:53:52.885705 np0000161775 devstack@neutron-api.service[102180]: INFO neutron.api.extensions [None req-93acaa3f-3c01-4231-acf4-bec33c358efb None None] Loaded extension: floating-ip-port-forwarding-detail
Mar 31 00:53:52.885705 np0000161775 devstack@neutron-api.service[102180]: DEBUG neutron.api.extensions [None req-93acaa3f-3c01-4231-acf4-bec33c358efb None None] Loading extension file: fip_pf_port_range.py {{(pid=102180) _load_all_extensions_from_path /opt/stack/neutron/neutron/api/extensions.py:449}}
Mar 31 00:53:52.885831 np0000161775 devstack@neutron-api.service[102181]: DEBUG neutron.api.extensions [None req-93aa4bc0-4801-4505-b4d5-b78c15a5b9bb None None] Ext name="Enable Default Route BFD" alias="enable-default-route-bfd" description="Enables configurable BFD behavior for default routes" updated="2023-02-27T00:00:00-00:00" {{(pid=102181) _check_extension /opt/stack/neutron/neutron/api/extensions.py:415}}
Mar 31 00:53:52.885920 np0000161775 devstack@neutron-api.service[102180]: DEBUG neutron.api.extensions [None req-93acaa3f-3c01-4231-acf4-bec33c358efb None None] Ext name="Floating IP Port Forwarding support port ranges" alias="floating-ip-port-forwarding-port-ranges" description="Add support to port ranges" updated="2020-07-01T10:00:00-00:00" {{(pid=102180) _check_extension /opt/stack/neutron/neutron/api/extensions.py:415}}
Mar 31 00:53:52.886027 np0000161775 devstack@neutron-api.service[102181]: INFO neutron.api.extensions [None req-93aa4bc0-4801-4505-b4d5-b78c15a5b9bb None None] Loaded extension: enable-default-route-bfd
Mar 31 00:53:52.886119 np0000161775 devstack@neutron-api.service[102181]: DEBUG neutron.api.extensions [None req-93aa4bc0-4801-4505-b4d5-b78c15a5b9bb None None] Loading extension file: l3_enable_default_route_ecmp.py {{(pid=102181) _load_all_extensions_from_path /opt/stack/neutron/neutron/api/extensions.py:449}}
Mar 31 00:53:52.886202 np0000161775 devstack@neutron-api.service[102180]: INFO neutron.api.extensions [None req-93acaa3f-3c01-4231-acf4-bec33c358efb None None] Extension floating-ip-port-forwarding-port-ranges not supported by any of loaded plugins
Mar 31 00:53:52.886202 np0000161775 devstack@neutron-api.service[102180]: DEBUG neutron.api.extensions [None req-93acaa3f-3c01-4231-acf4-bec33c358efb None None] Loading extension file: fip_port_details.py {{(pid=102180) _load_all_extensions_from_path /opt/stack/neutron/neutron/api/extensions.py:449}}
Mar 31 00:53:52.886354 np0000161775 devstack@neutron-api.service[102181]: DEBUG neutron.api.extensions [None req-93aa4bc0-4801-4505-b4d5-b78c15a5b9bb None None] Ext name="Enable Default Route ECMP" alias="enable-default-route-ecmp" description="Enables configurable ECMP behavior for default routes" updated="2023-02-27T00:00:00-00:00" {{(pid=102181) _check_extension /opt/stack/neutron/neutron/api/extensions.py:415}}
Mar 31 00:53:52.886513 np0000161775 devstack@neutron-api.service[102180]: DEBUG neutron.api.extensions [None req-93acaa3f-3c01-4231-acf4-bec33c358efb None None] Ext name="Floating IP Port Details Extension" alias="fip-port-details" description="Add port_details attribute to Floating IP resource" updated="2018-04-09T10:00:00-00:00" {{(pid=102180) _check_extension /opt/stack/neutron/neutron/api/extensions.py:415}}
Mar 31 00:53:52.886555 np0000161775 devstack@neutron-api.service[102181]: INFO neutron.api.extensions [None req-93aa4bc0-4801-4505-b4d5-b78c15a5b9bb None None] Loaded extension: enable-default-route-ecmp
Mar 31 00:53:52.886596 np0000161775 devstack@neutron-api.service[102179]: DEBUG neutron.services.provider_configuration [None req-8862a8cb-caf2-487c-a178-e1ad11c3edde None None] Service providers = [] {{(pid=102179) parse_service_provider_opt /opt/stack/neutron/neutron/services/provider_configuration.py:170}}
Mar 31 00:53:52.886625 np0000161775 devstack@neutron-api.service[102181]: DEBUG neutron.api.extensions [None req-93aa4bc0-4801-4505-b4d5-b78c15a5b9bb None None] Loading extension file: l3_ext_gw_mode.py {{(pid=102181) _load_all_extensions_from_path /opt/stack/neutron/neutron/api/extensions.py:449}}
Mar 31 00:53:52.886811 np0000161775 devstack@neutron-api.service[102179]: DEBUG neutron.db.servicetype_db [None req-8862a8cb-caf2-487c-a178-e1ad11c3edde None None] Adding provider configuration for service L3_ROUTER_NAT {{(pid=102179) add_provider_configuration /opt/stack/neutron/neutron/db/servicetype_db.py:42}}
Mar 31 00:53:52.886907 np0000161775 devstack@neutron-api.service[102180]: INFO neutron.api.extensions [None req-93acaa3f-3c01-4231-acf4-bec33c358efb None None] Loaded extension: fip-port-details
Mar 31 00:53:52.886907 np0000161775 devstack@neutron-api.service[102180]: DEBUG neutron.api.extensions [None req-93acaa3f-3c01-4231-acf4-bec33c358efb None None] Loading extension file: flavors.py {{(pid=102180) _load_all_extensions_from_path /opt/stack/neutron/neutron/api/extensions.py:449}}
Mar 31 00:53:52.886992 np0000161775 devstack@neutron-api.service[102181]: DEBUG neutron.api.extensions [None req-93aa4bc0-4801-4505-b4d5-b78c15a5b9bb None None] Ext name="Neutron L3 Configurable external gateway mode" alias="ext-gw-mode" description="Extension of the router abstraction for specifying whether SNAT should occur on the external gateway" updated="2013-03-28T10:00:00-00:00" {{(pid=102181) _check_extension /opt/stack/neutron/neutron/api/extensions.py:415}}
Mar 31 00:53:52.887094 np0000161775 devstack@neutron-api.service[102181]: INFO neutron.api.extensions [None req-93aa4bc0-4801-4505-b4d5-b78c15a5b9bb None None] Loaded extension: ext-gw-mode
Mar 31 00:53:52.887173 np0000161775 devstack@neutron-api.service[102180]: DEBUG neutron.api.extensions [None req-93acaa3f-3c01-4231-acf4-bec33c358efb None None] Ext name="Neutron Service Flavors" alias="flavors" description="Flavor specification for Neutron advanced services." updated="2015-09-17T10:00:00-00:00" {{(pid=102180) _check_extension /opt/stack/neutron/neutron/api/extensions.py:415}}
Mar 31 00:53:52.887204 np0000161775 devstack@neutron-api.service[102181]: DEBUG neutron.api.extensions [None req-93aa4bc0-4801-4505-b4d5-b78c15a5b9bb None None] Loading extension file: l3_ext_ha_mode.py {{(pid=102181) _load_all_extensions_from_path /opt/stack/neutron/neutron/api/extensions.py:449}}
Mar 31 00:53:52.887295 np0000161775 devstack@neutron-api.service[102180]: INFO neutron.api.extensions [None req-93acaa3f-3c01-4231-acf4-bec33c358efb None None] Loaded extension: flavors
Mar 31 00:53:52.887363 np0000161775 devstack@neutron-api.service[102180]: DEBUG neutron.api.extensions [None req-93acaa3f-3c01-4231-acf4-bec33c358efb None None] Loading extension file: floating_ip_port_forwarding.py {{(pid=102180) _load_all_extensions_from_path /opt/stack/neutron/neutron/api/extensions.py:449}}
Mar 31 00:53:52.887395 np0000161775 devstack@neutron-api.service[102181]: DEBUG neutron.api.extensions [None req-93aa4bc0-4801-4505-b4d5-b78c15a5b9bb None None] Ext name="HA Router extension" alias="l3-ha" description="Adds HA capability to routers." updated="2014-04-26T00:00:00-00:00" {{(pid=102181) _check_extension /opt/stack/neutron/neutron/api/extensions.py:415}}
Mar 31 00:53:52.887554 np0000161775 devstack@neutron-api.service[102181]: INFO neutron.api.extensions [None req-93aa4bc0-4801-4505-b4d5-b78c15a5b9bb None None] Loaded extension: l3-ha
Mar 31 00:53:52.887622 np0000161775 devstack@neutron-api.service[102181]: DEBUG neutron.api.extensions [None req-93aa4bc0-4801-4505-b4d5-b78c15a5b9bb None None] Loading extension file: l3_ext_ndp_proxy.py {{(pid=102181) _load_all_extensions_from_path /opt/stack/neutron/neutron/api/extensions.py:449}}
Mar 31 00:53:52.887680 np0000161775 devstack@neutron-api.service[102180]: DEBUG neutron.api.extensions [None req-93acaa3f-3c01-4231-acf4-bec33c358efb None None] Ext name="Floating IP Port Forwarding" alias="floating-ip-port-forwarding" description="Allow port forwarding from floating IP port to an internal port" updated="2018-01-19T10:00:00-00:00" {{(pid=102180) _check_extension /opt/stack/neutron/neutron/api/extensions.py:415}}
Mar 31 00:53:52.887838 np0000161775 devstack@neutron-api.service[102180]: INFO neutron.api.extensions [None req-93acaa3f-3c01-4231-acf4-bec33c358efb None None] Extension floating-ip-port-forwarding not supported by any of loaded plugins
Mar 31 00:53:52.887871 np0000161775 devstack@neutron-api.service[102181]: DEBUG neutron.api.extensions [None req-93aa4bc0-4801-4505-b4d5-b78c15a5b9bb None None] Ext name="Router support to enable NDP proxy" alias="l3-ext-ndp-proxy" description="Router extension to enable ndp proxy" updated="2020-08-25T00:00:00-00:00" {{(pid=102181) _check_extension /opt/stack/neutron/neutron/api/extensions.py:415}}
Mar 31 00:53:52.887933 np0000161775 devstack@neutron-api.service[102180]: DEBUG neutron.api.extensions [None req-93acaa3f-3c01-4231-acf4-bec33c358efb None None] Loading extension file: floatingip_pools.py {{(pid=102180) _load_all_extensions_from_path /opt/stack/neutron/neutron/api/extensions.py:449}}
Mar 31 00:53:52.888010 np0000161775 devstack@neutron-api.service[102181]: INFO neutron.api.extensions [None req-93aa4bc0-4801-4505-b4d5-b78c15a5b9bb None None] Extension l3-ext-ndp-proxy not supported by any of loaded plugins
Mar 31 00:53:52.888071 np0000161775 devstack@neutron-api.service[102179]: DEBUG neutron_lib.callbacks.manager [None req-8862a8cb-caf2-487c-a178-e1ad11c3edde None None] Subscribe: > router precommit_create 55549900, False {{(pid=102179) subscribe /opt/stack/data/venv/lib/python3.12/site-packages/neutron_lib/callbacks/manager.py:52}}
Mar 31 00:53:52.888098 np0000161775 devstack@neutron-api.service[102181]: DEBUG neutron.api.extensions [None req-93aa4bc0-4801-4505-b4d5-b78c15a5b9bb None None] Loading extension file: l3_extra_gws.py {{(pid=102181) _load_all_extensions_from_path /opt/stack/neutron/neutron/api/extensions.py:449}}
Mar 31 00:53:52.888186 np0000161775 devstack@neutron-api.service[102179]: DEBUG neutron_lib.callbacks.manager [None req-8862a8cb-caf2-487c-a178-e1ad11c3edde None None] Subscribe: > router_interface after_create 55550000, False {{(pid=102179) subscribe /opt/stack/data/venv/lib/python3.12/site-packages/neutron_lib/callbacks/manager.py:52}}
Mar 31 00:53:52.888247 np0000161775 devstack@neutron-api.service[102180]: DEBUG neutron.api.extensions [None req-93acaa3f-3c01-4231-acf4-bec33c358efb None None] Ext name="Floating IP Pools Extension" alias="floatingip-pools" description="Provides a floating IP pools API." updated="2018-03-21T10:00:00-00:00" {{(pid=102180) _check_extension /opt/stack/neutron/neutron/api/extensions.py:415}}
Mar 31 00:53:52.888288 np0000161775 devstack@neutron-api.service[102179]: DEBUG neutron_lib.callbacks.manager [None req-8862a8cb-caf2-487c-a178-e1ad11c3edde None None] Subscribe: > floatingip after_create 55550000, False {{(pid=102179) subscribe /opt/stack/data/venv/lib/python3.12/site-packages/neutron_lib/callbacks/manager.py:52}}
Mar 31 00:53:52.888388 np0000161775 devstack@neutron-api.service[102181]: DEBUG neutron.api.extensions [None req-93aa4bc0-4801-4505-b4d5-b78c15a5b9bb None None] Ext name="Neutron L3 External Gateway Multihoming" alias="external-gateway-multihoming" description="Allow multiple external gateway ports per router" updated="2023-01-18T00:00:00-00:00" {{(pid=102181) _check_extension /opt/stack/neutron/neutron/api/extensions.py:415}}
Mar 31 00:53:52.888418 np0000161775 devstack@neutron-api.service[102180]: INFO neutron.api.extensions [None req-93acaa3f-3c01-4231-acf4-bec33c358efb None None] Loaded extension: floatingip-pools
Mar 31 00:53:52.888450 np0000161775 devstack@neutron-api.service[102179]: DEBUG neutron_lib.callbacks.manager [None req-8862a8cb-caf2-487c-a178-e1ad11c3edde None None] Subscribe: > floatingip precommit_create 55550000, False {{(pid=102179) subscribe /opt/stack/data/venv/lib/python3.12/site-packages/neutron_lib/callbacks/manager.py:52}}
Mar 31 00:53:52.888479 np0000161775 devstack@neutron-api.service[102180]: DEBUG neutron.api.extensions [None req-93acaa3f-3c01-4231-acf4-bec33c358efb None None] Loading extension file: ip_allocation.py {{(pid=102180) _load_all_extensions_from_path /opt/stack/neutron/neutron/api/extensions.py:449}}
Mar 31 00:53:52.888506 np0000161775 devstack@neutron-api.service[102179]: DEBUG neutron_lib.callbacks.manager [None req-8862a8cb-caf2-487c-a178-e1ad11c3edde None None] Subscribe: > floatingip precommit_update 55550000, False {{(pid=102179) subscribe /opt/stack/data/venv/lib/python3.12/site-packages/neutron_lib/callbacks/manager.py:52}}
Mar 31 00:53:52.888538 np0000161775 devstack@neutron-api.service[102181]: INFO neutron.api.extensions [None req-93aa4bc0-4801-4505-b4d5-b78c15a5b9bb None None] Loaded extension: external-gateway-multihoming
Mar 31 00:53:52.888593 np0000161775 devstack@neutron-api.service[102179]: DEBUG neutron_lib.callbacks.manager [None req-8862a8cb-caf2-487c-a178-e1ad11c3edde None None] Subscribe: > floatingip after_delete 55550000, False {{(pid=102179) subscribe /opt/stack/data/venv/lib/python3.12/site-packages/neutron_lib/callbacks/manager.py:52}}
Mar 31 00:53:52.888621 np0000161775 devstack@neutron-api.service[102181]: DEBUG neutron.api.extensions [None req-93aa4bc0-4801-4505-b4d5-b78c15a5b9bb None None] Loading extension file: l3_flavors.py {{(pid=102181) _load_all_extensions_from_path /opt/stack/neutron/neutron/api/extensions.py:449}}
Mar 31 00:53:52.888670 np0000161775 devstack@neutron-api.service[102179]: DEBUG neutron_lib.callbacks.manager [None req-8862a8cb-caf2-487c-a178-e1ad11c3edde None None] Subscribe: > floatingip after_status_update 55550000, False {{(pid=102179) subscribe /opt/stack/data/venv/lib/python3.12/site-packages/neutron_lib/callbacks/manager.py:52}}
Mar 31 00:53:52.888701 np0000161775 devstack@neutron-api.service[102180]: DEBUG neutron.api.extensions [None req-93acaa3f-3c01-4231-acf4-bec33c358efb None None] Ext name="IP Allocation" alias="ip_allocation" description="IP allocation extension." updated="2016-06-10T23:00:00-00:00" {{(pid=102180) _check_extension /opt/stack/neutron/neutron/api/extensions.py:415}}
Mar 31 00:53:52.888769 np0000161775 devstack@neutron-api.service[102179]: DEBUG neutron_lib.callbacks.manager [None req-8862a8cb-caf2-487c-a178-e1ad11c3edde None None] Subscribe: > floatingip after_update 55550000, False {{(pid=102179) subscribe /opt/stack/data/venv/lib/python3.12/site-packages/neutron_lib/callbacks/manager.py:52}}
Mar 31 00:53:52.888828 np0000161775 devstack@neutron-api.service[102181]: DEBUG neutron.api.extensions [None req-93aa4bc0-4801-4505-b4d5-b78c15a5b9bb None None] Ext name="Router Flavor Extension" alias="l3-flavors" description="Flavor support for routers." updated="2016-05-17T00:00:00-00:00" {{(pid=102181) _check_extension /opt/stack/neutron/neutron/api/extensions.py:415}}
Mar 31 00:53:52.888856 np0000161775 devstack@neutron-api.service[102180]: INFO neutron.api.extensions [None req-93acaa3f-3c01-4231-acf4-bec33c358efb None None] Extension ip_allocation not supported by any of loaded plugins
Mar 31 00:53:52.888882 np0000161775 devstack@neutron-api.service[102179]: DEBUG neutron_lib.callbacks.manager [None req-8862a8cb-caf2-487c-a178-e1ad11c3edde None None] Subscribe: > port_forwarding after_create 55550000, False {{(pid=102179) subscribe /opt/stack/data/venv/lib/python3.12/site-packages/neutron_lib/callbacks/manager.py:52}}
Mar 31 00:53:52.888918 np0000161775 devstack@neutron-api.service[102180]: DEBUG neutron.api.extensions [None req-93acaa3f-3c01-4231-acf4-bec33c358efb None None] Loading extension file: ip_substring_port_filtering.py {{(pid=102180) _load_all_extensions_from_path /opt/stack/neutron/neutron/api/extensions.py:449}}
Mar 31 00:53:52.888965 np0000161775 devstack@neutron-api.service[102179]: DEBUG neutron_lib.callbacks.manager [None req-8862a8cb-caf2-487c-a178-e1ad11c3edde None None] Subscribe: > router_interface after_delete 55550000, False {{(pid=102179) subscribe /opt/stack/data/venv/lib/python3.12/site-packages/neutron_lib/callbacks/manager.py:52}}
Mar 31 00:53:52.888994 np0000161775 devstack@neutron-api.service[102181]: INFO neutron.api.extensions [None req-93aa4bc0-4801-4505-b4d5-b78c15a5b9bb None None] Loaded extension: l3-flavors
Mar 31 00:53:52.889060 np0000161775 devstack@neutron-api.service[102179]: DEBUG neutron_lib.callbacks.manager [None req-8862a8cb-caf2-487c-a178-e1ad11c3edde None None] Subscribe: > router after_create 55550000, False {{(pid=102179) subscribe /opt/stack/data/venv/lib/python3.12/site-packages/neutron_lib/callbacks/manager.py:52}}
Mar 31 00:53:52.889090 np0000161775 devstack@neutron-api.service[102181]: DEBUG neutron.api.extensions [None req-93aa4bc0-4801-4505-b4d5-b78c15a5b9bb None None] Loading extension file: l3_ndp_proxy.py {{(pid=102181) _load_all_extensions_from_path /opt/stack/neutron/neutron/api/extensions.py:449}}
Mar 31 00:53:52.889141 np0000161775 devstack@neutron-api.service[102180]: DEBUG neutron.api.extensions [None req-93acaa3f-3c01-4231-acf4-bec33c358efb None None] Ext name="IP address substring filtering" alias="ip-substring-filtering" description="Provides IP address substring filtering when listing ports" updated="2017-11-28T09:00:00-00:00" {{(pid=102180) _check_extension /opt/stack/neutron/neutron/api/extensions.py:415}}
Mar 31 00:53:52.889189 np0000161775 devstack@neutron-api.service[102179]: DEBUG neutron_lib.callbacks.manager [None req-8862a8cb-caf2-487c-a178-e1ad11c3edde None None] Subscribe: > router precommit_create 55550000, False {{(pid=102179) subscribe /opt/stack/data/venv/lib/python3.12/site-packages/neutron_lib/callbacks/manager.py:52}}
Mar 31 00:53:52.889272 np0000161775 devstack@neutron-api.service[102179]: DEBUG neutron_lib.callbacks.manager [None req-8862a8cb-caf2-487c-a178-e1ad11c3edde None None] Subscribe: > router after_delete 55550000, False {{(pid=102179) subscribe /opt/stack/data/venv/lib/python3.12/site-packages/neutron_lib/callbacks/manager.py:52}}
Mar 31 00:53:52.889327 np0000161775 devstack@neutron-api.service[102180]: INFO neutron.api.extensions [None req-93acaa3f-3c01-4231-acf4-bec33c358efb None None] Extension ip-substring-filtering not supported by any of loaded plugins
Mar 31 00:53:52.889371 np0000161775 devstack@neutron-api.service[102179]: DEBUG neutron_lib.callbacks.manager [None req-8862a8cb-caf2-487c-a178-e1ad11c3edde None None] Subscribe: > router after_update 55550000, False {{(pid=102179) subscribe /opt/stack/data/venv/lib/python3.12/site-packages/neutron_lib/callbacks/manager.py:52}}
Mar 31 00:53:52.889400 np0000161775 devstack@neutron-api.service[102181]: DEBUG neutron.api.extensions [None req-93aa4bc0-4801-4505-b4d5-b78c15a5b9bb None None] Ext name="name" alias="l3-ndp-proxy" description="description" updated="2021-06-29T10:00:00-00:00" {{(pid=102181) _check_extension /opt/stack/neutron/neutron/api/extensions.py:415}}
Mar 31 00:53:52.889464 np0000161775 devstack@neutron-api.service[102180]: DEBUG neutron.api.extensions [None req-93acaa3f-3c01-4231-acf4-bec33c358efb None None] Loading extension file: l2_adjacency.py {{(pid=102180) _load_all_extensions_from_path /opt/stack/neutron/neutron/api/extensions.py:449}}
Mar 31 00:53:52.889496 np0000161775 devstack@neutron-api.service[102179]: DEBUG neutron.services.service_base [None req-8862a8cb-caf2-487c-a178-e1ad11c3edde None None] Loaded 'neutron.services.ovn_l3.service_providers.ovn.OvnDriver' provider for service L3_ROUTER_NAT {{(pid=102179) load_drivers /opt/stack/neutron/neutron/services/service_base.py:49}}
Mar 31 00:53:52.889562 np0000161775 devstack@neutron-api.service[102181]: INFO neutron.api.extensions [None req-93aa4bc0-4801-4505-b4d5-b78c15a5b9bb None None] Extension l3-ndp-proxy not supported by any of loaded plugins
Mar 31 00:53:52.889591 np0000161775 devstack@neutron-api.service[102179]: DEBUG neutron_lib.callbacks.manager [None req-8862a8cb-caf2-487c-a178-e1ad11c3edde None None] Subscribe: > process after_init 55550001, True {{(pid=102179) subscribe /opt/stack/data/venv/lib/python3.12/site-packages/neutron_lib/callbacks/manager.py:52}}
Mar 31 00:53:52.889635 np0000161775 devstack@neutron-api.service[102180]: DEBUG neutron.api.extensions [None req-93acaa3f-3c01-4231-acf4-bec33c358efb None None] Ext name="L2 Adjacency" alias="l2_adjacency" description="Display L2 Adjacency for Neutron Networks." updated="2016-04-12T16:00:00-00:00" {{(pid=102180) _check_extension /opt/stack/neutron/neutron/api/extensions.py:415}}
Mar 31 00:53:52.889664 np0000161775 devstack@neutron-api.service[102181]: DEBUG neutron.api.extensions [None req-93aa4bc0-4801-4505-b4d5-b78c15a5b9bb None None] Loading extension file: l3_port_ip_change_not_allowed.py {{(pid=102181) _load_all_extensions_from_path /opt/stack/neutron/neutron/api/extensions.py:449}}
Mar 31 00:53:52.889746 np0000161775 devstack@neutron-api.service[102179]: DEBUG neutron.manager [None req-8862a8cb-caf2-487c-a178-e1ad11c3edde None None] Successfully loaded L3_ROUTER_NAT plugin. Description: L3 Router Service Plugin for basic L3 forwarding using OVN {{(pid=102179) _create_and_add_service_plugin /opt/stack/neutron/neutron/manager.py:239}}
Mar 31 00:53:52.889801 np0000161775 devstack@neutron-api.service[102180]: INFO neutron.api.extensions [None req-93acaa3f-3c01-4231-acf4-bec33c358efb None None] Extension l2_adjacency not supported by any of loaded plugins
Mar 31 00:53:52.889838 np0000161775 devstack@neutron-api.service[102179]: INFO neutron.manager [None req-8862a8cb-caf2-487c-a178-e1ad11c3edde None None] Loading Plugin: auto_allocate
Mar 31 00:53:52.889868 np0000161775 devstack@neutron-api.service[102181]: DEBUG neutron.api.extensions [None req-93aa4bc0-4801-4505-b4d5-b78c15a5b9bb None None] Ext name="Prevent L3 router ports IP address change extension" alias="l3-port-ip-change-not-allowed" description="Prevent change of IP address for some L3 router ports" updated="2018-10-09T10:00:00-00:00" {{(pid=102181) _check_extension /opt/stack/neutron/neutron/api/extensions.py:415}}
Mar 31 00:53:52.889897 np0000161775 devstack@neutron-api.service[102180]: DEBUG neutron.api.extensions [None req-93acaa3f-3c01-4231-acf4-bec33c358efb None None] Loading extension file: l3.py {{(pid=102180) _load_all_extensions_from_path /opt/stack/neutron/neutron/api/extensions.py:449}}
Mar 31 00:53:52.890041 np0000161775 devstack@neutron-api.service[102181]: INFO neutron.api.extensions [None req-93aa4bc0-4801-4505-b4d5-b78c15a5b9bb None None] Extension l3-port-ip-change-not-allowed not supported by any of loaded plugins
Mar 31 00:53:52.890133 np0000161775 devstack@neutron-api.service[102181]: DEBUG neutron.api.extensions [None req-93aa4bc0-4801-4505-b4d5-b78c15a5b9bb None None] Loading extension file: l3agentscheduler.py {{(pid=102181) _load_all_extensions_from_path /opt/stack/neutron/neutron/api/extensions.py:449}}
Mar 31 00:53:52.890297 np0000161775 devstack@neutron-api.service[102180]: DEBUG neutron.api.extensions [None req-93acaa3f-3c01-4231-acf4-bec33c358efb None None] Ext name="Neutron L3 Router" alias="router" description="Router abstraction for basic L3 forwarding between L2 Neutron networks and access to external networks via a NAT gateway." updated="2012-07-20T10:00:00-00:00" {{(pid=102180) _check_extension /opt/stack/neutron/neutron/api/extensions.py:415}}
Mar 31 00:53:52.890493 np0000161775 devstack@neutron-api.service[102180]: INFO neutron.api.extensions [None req-93acaa3f-3c01-4231-acf4-bec33c358efb None None] Loaded extension: router
Mar 31 00:53:52.890671 np0000161775 devstack@neutron-api.service[102180]: DEBUG neutron.api.extensions [None req-93acaa3f-3c01-4231-acf4-bec33c358efb None None] Loading extension file: l3_conntrack_helper.py {{(pid=102180) _load_all_extensions_from_path /opt/stack/neutron/neutron/api/extensions.py:449}}
Mar 31 00:53:52.890889 np0000161775 devstack@neutron-api.service[102181]: DEBUG neutron.api.extensions [None req-93aa4bc0-4801-4505-b4d5-b78c15a5b9bb None None] Ext name="L3 Agent Scheduler" alias="l3_agent_scheduler" description="Schedule routers among l3 agents" updated="2013-02-07T10:00:00-00:00" {{(pid=102181) _check_extension /opt/stack/neutron/neutron/api/extensions.py:415}}
Mar 31 00:53:52.891041 np0000161775 devstack@neutron-api.service[102179]: DEBUG neutron_lib.callbacks.manager [None req-8862a8cb-caf2-487c-a178-e1ad11c3edde None None] Subscribe: network precommit_update 55550000, False {{(pid=102179) subscribe /opt/stack/data/venv/lib/python3.12/site-packages/neutron_lib/callbacks/manager.py:52}}
Mar 31 00:53:52.891087 np0000161775 devstack@neutron-api.service[102181]: INFO neutron.api.extensions [None req-93aa4bc0-4801-4505-b4d5-b78c15a5b9bb None None] Extension l3_agent_scheduler not supported by any of loaded plugins
Mar 31 00:53:52.891087 np0000161775 devstack@neutron-api.service[102181]: DEBUG neutron.api.extensions [None req-93aa4bc0-4801-4505-b4d5-b78c15a5b9bb None None] Loading extension file: local_ip.py {{(pid=102181) _load_all_extensions_from_path /opt/stack/neutron/neutron/api/extensions.py:449}}
Mar 31 00:53:52.891234 np0000161775 devstack@neutron-api.service[102179]: DEBUG neutron_lib.callbacks.manager [None req-8862a8cb-caf2-487c-a178-e1ad11c3edde None None] Subscribe: network precommit_create 55550000, False {{(pid=102179) subscribe /opt/stack/data/venv/lib/python3.12/site-packages/neutron_lib/callbacks/manager.py:52}}
Mar 31 00:53:52.891338 np0000161775 devstack@neutron-api.service[102180]: DEBUG neutron.api.extensions [None req-93acaa3f-3c01-4231-acf4-bec33c358efb None None] Ext name="L3 Conntrack helper" alias="l3-conntrack-helper" description="Allow adding CT target rules for conntrack helper" updated="2019-04-04T10:00:00-00:00" {{(pid=102180) _check_extension /opt/stack/neutron/neutron/api/extensions.py:415}}
Mar 31 00:53:52.891395 np0000161775 devstack@neutron-api.service[102181]: DEBUG neutron.api.extensions [None req-93aa4bc0-4801-4505-b4d5-b78c15a5b9bb None None] Ext name="Local IP" alias="local_ip" description="Support Node Local Virtual IP" updated="2021-07-26T10:00:00-00:00" {{(pid=102181) _check_extension /opt/stack/neutron/neutron/api/extensions.py:415}}
Mar 31 00:53:52.891499 np0000161775 devstack@neutron-api.service[102179]: DEBUG neutron.manager [None req-8862a8cb-caf2-487c-a178-e1ad11c3edde None None] Successfully loaded auto-allocated-topology plugin. Description: Auto Allocated Topology - aka get me a network. {{(pid=102179) _create_and_add_service_plugin /opt/stack/neutron/neutron/manager.py:239}}
Mar 31 00:53:52.891607 np0000161775 devstack@neutron-api.service[102180]: INFO neutron.api.extensions [None req-93acaa3f-3c01-4231-acf4-bec33c358efb None None] Extension l3-conntrack-helper not supported by any of loaded plugins
Mar 31 00:53:52.891607 np0000161775 devstack@neutron-api.service[102180]: DEBUG neutron.api.extensions [None req-93acaa3f-3c01-4231-acf4-bec33c358efb None None] Loading extension file: l3_enable_default_route_bfd.py {{(pid=102180) _load_all_extensions_from_path /opt/stack/neutron/neutron/api/extensions.py:449}}
Mar 31 00:53:52.891736 np0000161775 devstack@neutron-api.service[102179]: INFO neutron.manager [None req-8862a8cb-caf2-487c-a178-e1ad11c3edde None None] Loading Plugin: tag
Mar 31 00:53:52.891843 np0000161775 devstack@neutron-api.service[102181]: INFO neutron.api.extensions [None req-93aa4bc0-4801-4505-b4d5-b78c15a5b9bb None None] Extension local_ip not supported by any of loaded plugins
Mar 31 00:53:52.891843 np0000161775 devstack@neutron-api.service[102181]: DEBUG neutron.api.extensions [None req-93aa4bc0-4801-4505-b4d5-b78c15a5b9bb None None] Loading extension file: logging.py {{(pid=102181) _load_all_extensions_from_path /opt/stack/neutron/neutron/api/extensions.py:449}}
Mar 31 00:53:52.891935 np0000161775 devstack@neutron-api.service[102180]: DEBUG neutron.api.extensions [None req-93acaa3f-3c01-4231-acf4-bec33c358efb None None] Ext name="Enable Default Route BFD" alias="enable-default-route-bfd" description="Enables configurable BFD behavior for default routes" updated="2023-02-27T00:00:00-00:00" {{(pid=102180) _check_extension /opt/stack/neutron/neutron/api/extensions.py:415}}
Mar 31 00:53:52.891935 np0000161775 devstack@neutron-api.service[102180]: INFO neutron.api.extensions [None req-93acaa3f-3c01-4231-acf4-bec33c358efb None None] Loaded extension: enable-default-route-bfd
Mar 31 00:53:52.892292 np0000161775 devstack@neutron-api.service[102181]: DEBUG neutron.api.extensions [None req-93aa4bc0-4801-4505-b4d5-b78c15a5b9bb None None] Ext name="Logging API Extension" alias="logging" description="Provides a logging API for resources such as security group and firewall." updated="2017-01-01T10:00:00-00:00" {{(pid=102181) _check_extension /opt/stack/neutron/neutron/api/extensions.py:415}}
Mar 31 00:53:52.892353 np0000161775 devstack@neutron-api.service[102180]: DEBUG neutron.api.extensions [None req-93acaa3f-3c01-4231-acf4-bec33c358efb None None] Loading extension file: l3_enable_default_route_ecmp.py {{(pid=102180) _load_all_extensions_from_path /opt/stack/neutron/neutron/api/extensions.py:449}}
Mar 31 00:53:52.892447 np0000161775 devstack@neutron-api.service[102181]: INFO neutron.api.extensions [None req-93aa4bc0-4801-4505-b4d5-b78c15a5b9bb None None] Extension logging not supported by any of loaded plugins
Mar 31 00:53:52.892447 np0000161775 devstack@neutron-api.service[102181]: DEBUG neutron.api.extensions [None req-93aa4bc0-4801-4505-b4d5-b78c15a5b9bb None None] Loading extension file: metering.py {{(pid=102181) _load_all_extensions_from_path /opt/stack/neutron/neutron/api/extensions.py:449}}
Mar 31 00:53:52.892516 np0000161775 devstack@neutron-api.service[102180]: DEBUG neutron.api.extensions [None req-93acaa3f-3c01-4231-acf4-bec33c358efb None None] Ext name="Enable Default Route ECMP" alias="enable-default-route-ecmp" description="Enables configurable ECMP behavior for default routes" updated="2023-02-27T00:00:00-00:00" {{(pid=102180) _check_extension /opt/stack/neutron/neutron/api/extensions.py:415}}
Mar 31 00:53:52.892592 np0000161775 devstack@neutron-api.service[102180]: INFO neutron.api.extensions [None req-93acaa3f-3c01-4231-acf4-bec33c358efb None None] Loaded extension: enable-default-route-ecmp
