2026-05-09 14:08:35.314 7 INFO neutron_taas.services.taas.taas_plugin [None req-3cdee338-20ee-4208-bd67-ddf5eb154d0d 09d7b951512641a69fdaeccd2167f00f 25c5ef6031cd491d96021709ecf37663 - - default default] TaaS: Handle Delete Port: 44e6fdb6-25f0-4ccd-8932-75df25757d3f
2026-05-09 14:08:35.317 7 INFO neutron_taas.services.taas.tap_mirror_plugin [None req-3cdee338-20ee-4208-bd67-ddf5eb154d0d 09d7b951512641a69fdaeccd2167f00f 25c5ef6031cd491d96021709ecf37663 - - default default] Tap Mirror: Handle Delete Port: 44e6fdb6-25f0-4ccd-8932-75df25757d3f
2026-05-09 14:08:35.513 7 INFO neutron.services.segments.plugin [-] Segment 608c9a81-8c10-43e2-82fd-3a11dfbf0d9d resource provider aggregate not found
2026-05-09 14:08:35.519 7 INFO neutron.services.segments.plugin [-] Segment 608c9a81-8c10-43e2-82fd-3a11dfbf0d9d resource provider aggregate not found
2026-05-09 14:08:35.544 7 INFO neutron.services.segments.plugin [-] Segment 608c9a81-8c10-43e2-82fd-3a11dfbf0d9d resource provider not found; error: Placement Client Error (4xx): {"errors": [{"status": 404, "title": "Not Found", "detail": "The resource could not be found.\n\n No resource provider with uuid 608c9a81-8c10-43e2-82fd-3a11dfbf0d9d found for delete ", "request_id": "req-96ef6810-4bd4-4c28-a14a-75d02b3d2b9e"}]}
2026-05-09 14:08:35.544 7 INFO neutron.services.segments.plugin [-] Segment 608c9a81-8c10-43e2-82fd-3a11dfbf0d9d resource provider not found; error: Placement Client Error (4xx): {"errors": [{"status": 404, "title": "Not Found", "detail": "The resource could not be found.\n\n No resource provider with uuid 608c9a81-8c10-43e2-82fd-3a11dfbf0d9d found for delete ", "request_id": "req-d5e22493-2411-43c3-9471-4b7e138ba979"}]} [pid: 7|app: 0|req: 922/1875] 10.0.0.238 () {32 vars in 726 bytes} [Sat May 9 14:08:35 2026] DELETE /v2.0/networks/c8f898fd-c961-42ca-8526-852e4d7fd7c0 => generated 0 bytes in 377 msecs (HTTP/1.1 204) 3 headers in 131 bytes (1 switches on core 0) [pid: 7|app: 0|req: 923/1876] 10.0.0.238 () {32 vars in 692 bytes} [Sat May 9 14:08:35 2026] GET /v2.0/trunks?not-tags-any=red%2Cblue => generated 819 bytes in 15 msecs (HTTP/1.1 200) 4 headers in 157 bytes (1 switches on core 0)
2026-05-09 14:08:35.745 8 INFO neutron.plugins.ml2.drivers.ovn.mech_driver.ovsdb.commands [-] Schedule LRP lrp-f4bffa5c-cedb-4833-8d30-dd87f61e85ec on gateway 36a0a036-da83-4b89-b9a4-adad05d49e0a with priority 1
2026-05-09 14:08:35.826 7 WARNING neutron.scheduler.dhcp_agent_scheduler [None req-769749cd-49de-4199-bb5f-fdb29b3c0402 09d7b951512641a69fdaeccd2167f00f 25c5ef6031cd491d96021709ecf37663 - - default default] No more DHCP agents
2026-05-09 14:08:35.830 7 WARNING neutron.api.rpc.agentnotifiers.dhcp_rpc_agent_api [None req-769749cd-49de-4199-bb5f-fdb29b3c0402 09d7b951512641a69fdaeccd2167f00f 25c5ef6031cd491d96021709ecf37663 - - default default] Unable to schedule network 85d2d30b-a3d8-483b-b650-ee12e1bb9e26: no agents available; will retry on subsequent port and subnet creation events.
2026-05-09 14:08:35.845 8 INFO neutron.db.ovn_revision_numbers_db [None req-6cd0e094-8d4a-402f-8615-e79f4caff177 4598b3486d704872877554630a961d8c 456900713bee4c498ffa96c4f6657c2f - - default default] Successfully bumped revision number for resource f4bffa5c-cedb-4833-8d30-dd87f61e85ec (type: router_ports) to 1
2026-05-09 14:08:35.952 8 INFO neutron.db.ovn_revision_numbers_db [None req-6cd0e094-8d4a-402f-8615-e79f4caff177 4598b3486d704872877554630a961d8c 456900713bee4c498ffa96c4f6657c2f - - default default] Successfully bumped revision number for resource 9afeeba7-12fd-4826-ba5d-8f40a40afa0b (type: routers) to 2 [pid: 8|app: 0|req: 954/1877] 10.0.0.238 () {34 vars in 669 bytes} [Sat May 9 14:08:34 2026] POST /v2.0/routers => generated 952 bytes in 1624 msecs (HTTP/1.1 201) 4 headers in 162 bytes (1 switches on core 0) [pid: 8|app: 0|req: 955/1878] 10.0.0.238 () {32 vars in 719 bytes} [Sat May 9 14:08:35 2026] GET /v2.0/trunks/6b6dee31-0580-4fce-890c-8f1d133cd870 => generated 414 bytes in 26 msecs (HTTP/1.1 200) 4 headers in 157 bytes (1 switches on core 0)
2026-05-09 14:08:35.999 7 INFO neutron.db.ovn_revision_numbers_db [None req-769749cd-49de-4199-bb5f-fdb29b3c0402 09d7b951512641a69fdaeccd2167f00f 25c5ef6031cd491d96021709ecf37663 - - default default] Successfully bumped revision number for resource 1dc4ae23-377a-458d-8a0e-83289339670d (type: ports) to 1 [pid: 7|app: 0|req: 924/1879] 10.0.0.238 () {34 vars in 665 bytes} [Sat May 9 14:08:35 2026] POST /v2.0/ports => generated 779 bytes in 464 msecs (HTTP/1.1 201) 4 headers in 162 bytes (1 switches on core 0) /var/lib/openstack/lib/python3.12/site-packages/pycadf/identifier.py:70: UserWarning: Invalid uuid: neutron. To ensure interoperability, identifiers should be a valid uuid. warnings.warn(('Invalid uuid: %s. To ensure interoperability, ' [pid: 8|app: 0|req: 956/1880] 10.0.0.238 () {32 vars in 721 bytes} [Sat May 9 14:08:35 2026] GET /v2.0/routers/9afeeba7-12fd-4826-ba5d-8f40a40afa0b => generated 958 bytes in 59 msecs (HTTP/1.1 200) 4 headers in 157 bytes (1 switches on core 0) [pid: 7|app: 0|req: 925/1881] 10.0.0.238 () {32 vars in 717 bytes} [Sat May 9 14:08:36 2026] GET /v2.0/ports/ba2e58cb-d19d-42e9-8d79-ef54fdb9188a => generated 826 bytes in 105 msecs (HTTP/1.1 200) 4 headers in 157 bytes (1 switches on core 0) [pid: 7|app: 0|req: 926/1882] 10.0.0.238 () {32 vars in 647 bytes} [Sat May 9 14:08:36 2026] GET /v2.0/routers => generated 961 bytes in 86 msecs (HTTP/1.1 200) 4 headers in 157 bytes (1 switches on core 0)
2026-05-09 14:08:36.310 8 INFO neutron.db.ovn_revision_numbers_db [None req-673c4d4b-a60a-4b37-bf3b-b5dbd81656c5 09d7b951512641a69fdaeccd2167f00f 25c5ef6031cd491d96021709ecf37663 - - default default] Successfully bumped revision number for resource 1dc4ae23-377a-458d-8a0e-83289339670d (type: ports) to 2 [pid: 7|app: 0|req: 927/1883] 10.0.0.238 () {32 vars in 722 bytes} [Sat May 9 14:08:36 2026] DELETE /v2.0/trunks/6b6dee31-0580-4fce-890c-8f1d133cd870 => generated 0 bytes in 91 msecs (HTTP/1.1 204) 2 headers in 112 bytes (1 switches on core 0) [pid: 8|app: 0|req: 957/1884] 10.0.0.238 () {34 vars in 737 bytes} [Sat May 9 14:08:36 2026] PUT /v2.0/ports/1dc4ae23-377a-458d-8a0e-83289339670d => generated 752 bytes in 284 msecs (HTTP/1.1 200) 4 headers in 157 bytes (1 switches on core 0) /var/lib/openstack/lib/python3.12/site-packages/pycadf/identifier.py:70: UserWarning: Invalid uuid: neutron. To ensure interoperability, identifiers should be a valid uuid. warnings.warn(('Invalid uuid: %s. To ensure interoperability, ' [pid: 8|app: 0|req: 958/1885] 10.0.0.238 () {32 vars in 719 bytes} [Sat May 9 14:08:36 2026] GET /v2.0/trunks/866695a6-d614-466f-9928-02ac81ac616c => generated 422 bytes in 13 msecs (HTTP/1.1 200) 4 headers in 157 bytes (1 switches on core 0)
2026-05-09 14:08:36.457 8 INFO neutron_taas.services.taas.taas_plugin [None req-f957acfa-3820-4d42-9ad6-111716c44070 09d7b951512641a69fdaeccd2167f00f 25c5ef6031cd491d96021709ecf37663 - - default default] TaaS: Handle Delete Port: 1dc4ae23-377a-458d-8a0e-83289339670d
2026-05-09 14:08:36.460 8 INFO neutron_taas.services.taas.tap_mirror_plugin [None req-f957acfa-3820-4d42-9ad6-111716c44070 09d7b951512641a69fdaeccd2167f00f 25c5ef6031cd491d96021709ecf37663 - - default default] Tap Mirror: Handle Delete Port: 1dc4ae23-377a-458d-8a0e-83289339670d [pid: 8|app: 0|req: 959/1886] 10.0.0.238 () {32 vars in 720 bytes} [Sat May 9 14:08:36 2026] DELETE /v2.0/ports/1dc4ae23-377a-458d-8a0e-83289339670d => generated 0 bytes in 247 msecs (HTTP/1.1 204) 3 headers in 131 bytes (1 switches on core 0) [pid: 8|app: 0|req: 960/1887] 10.0.0.238 () {32 vars in 717 bytes} [Sat May 9 14:08:36 2026] GET /v2.0/ports/c99db39b-0d1f-494f-9943-a967467d07d9 => generated 826 bytes in 84 msecs (HTTP/1.1 200) 4 headers in 157 bytes (1 switches on core 0) [pid: 8|app: 0|req: 963/1890] 10.0.0.238 () {32 vars in 643 bytes} [Sat May 9 14:08:36 2026] GET /v2.0/ports => generated 1538 bytes in 45 msecs (HTTP/1.1 200) 4 headers in 158 bytes (1 switches on core 0) [pid: 8|app: 0|req: 964/1891] 10.0.0.238 () {32 vars in 722 bytes} [Sat May 9 14:08:36 2026] DELETE /v2.0/trunks/866695a6-d614-466f-9928-02ac81ac616c => generated 0 bytes in 57 msecs (HTTP/1.1 204) 2 headers in 112 bytes (1 switches on core 0)
2026-05-09 14:08:36.797 7 INFO neutron.db.ovn_revision_numbers_db [None req-0c204f60-7f61-4588-a701-0f9b7ec0d04c 4598b3486d704872877554630a961d8c 456900713bee4c498ffa96c4f6657c2f - - default default] Successfully bumped revision number for resource 9afeeba7-12fd-4826-ba5d-8f40a40afa0b (type: routers) to 3 [pid: 7|app: 0|req: 928/1892] 10.0.0.238 () {34 vars in 741 bytes} [Sat May 9 14:08:36 2026] PUT /v2.0/routers/9afeeba7-12fd-4826-ba5d-8f40a40afa0b => generated 965 bytes in 467 msecs (HTTP/1.1 200) 4 headers in 157 bytes (1 switches on core 0)
2026-05-09 14:08:36.808 8 INFO neutron.pecan_wsgi.hooks.translation [None req-edd3fd8d-b366-4d5e-9202-234ca1dd5144 09d7b951512641a69fdaeccd2167f00f 25c5ef6031cd491d96021709ecf37663 - - default default] GET failed (client error): The resource could not be found. [pid: 8|app: 0|req: 965/1893] 10.0.0.238 () {32 vars in 717 bytes} [Sat May 9 14:08:36 2026] GET /v2.0/ports/1dc4ae23-377a-458d-8a0e-83289339670d => generated 132 bytes in 13 msecs (HTTP/1.1 404) 4 headers in 164 bytes (1 switches on core 0) [pid: 7|app: 0|req: 929/1894] 10.0.0.238 () {32 vars in 719 bytes} [Sat May 9 14:08:36 2026] GET /v2.0/trunks/7809b0fc-5851-48c3-9cd6-0eacfc416e5f => generated 431 bytes in 15 msecs (HTTP/1.1 200) 4 headers in 157 bytes (1 switches on core 0) [pid: 7|app: 0|req: 930/1895] 10.0.0.238 () {32 vars in 643 bytes} [Sat May 9 14:08:36 2026] GET /v2.0/ports => generated 1538 bytes in 41 msecs (HTTP/1.1 200) 4 headers in 158 bytes (1 switches on core 0) [pid: 8|app: 0|req: 966/1896] 10.0.0.238 () {32 vars in 721 bytes} [Sat May 9 14:08:36 2026] GET /v2.0/routers/9afeeba7-12fd-4826-ba5d-8f40a40afa0b => generated 965 bytes in 58 msecs (HTTP/1.1 200) 4 headers in 157 bytes (1 switches on core 0) [pid: 8|app: 0|req: 967/1897] 10.0.0.238 () {32 vars in 717 bytes} [Sat May 9 14:08:36 2026] GET /v2.0/ports/d364d808-9ec5-46be-8ab8-9a75f307517a => generated 779 bytes in 37 msecs (HTTP/1.1 200) 4 headers in 157 bytes (1 switches on core 0) [pid: 8|app: 0|req: 968/1898] 10.0.0.238 () {32 vars in 736 bytes} [Sat May 9 14:08:36 2026] GET /v2.0/ports?device_id=9afeeba7-12fd-4826-ba5d-8f40a40afa0b => generated 12 bytes in 13 msecs (HTTP/1.1 200) 4 headers in 156 bytes (1 switches on core 0) [pid: 7|app: 0|req: 931/1899] 10.0.0.238 () {32 vars in 717 bytes} [Sat May 9 14:08:36 2026] GET /v2.0/ports/18144833-925b-4b81-9fab-adae8643d749 => generated 826 bytes in 73 msecs (HTTP/1.1 200) 4 headers in 157 bytes (1 switches on core 0)
2026-05-09 14:08:36.948 7 INFO neutron.pecan_wsgi.hooks.translation [None req-c0610153-f97d-43e8-9313-ac948bd0f4e8 09d7b951512641a69fdaeccd2167f00f 25c5ef6031cd491d96021709ecf37663 - - default default] DELETE failed (client error): The resource could not be found. [pid: 7|app: 0|req: 932/1900] 10.0.0.238 () {32 vars in 720 bytes} [Sat May 9 14:08:36 2026] DELETE /v2.0/ports/789cf255-b631-468c-88ee-ca6fb7394296 => generated 132 bytes in 16 msecs (HTTP/1.1 404) 4 headers in 164 bytes (1 switches on core 0) [pid: 7|app: 0|req: 933/1901] 10.0.0.238 () {32 vars in 722 bytes} [Sat May 9 14:08:36 2026] DELETE /v2.0/trunks/7809b0fc-5851-48c3-9cd6-0eacfc416e5f => generated 0 bytes in 75 msecs (HTTP/1.1 204) 2 headers in 112 bytes (1 switches on core 0)
2026-05-09 14:08:37.040 7 INFO neutron.pecan_wsgi.hooks.translation [None req-a8a847bc-d368-4a13-af84-0141804ad0fe 09d7b951512641a69fdaeccd2167f00f 25c5ef6031cd491d96021709ecf37663 - - default default] DELETE failed (client error): The resource could not be found. [pid: 7|app: 0|req: 934/1902] 10.0.0.238 () {32 vars in 724 bytes} [Sat May 9 14:08:37 2026] DELETE /v2.0/subnets/fc484d6f-f9ca-4ee8-b985-adc9a0be6a3e => generated 136 bytes in 15 msecs (HTTP/1.1 404) 4 headers in 164 bytes (1 switches on core 0) [pid: 7|app: 0|req: 935/1903] 10.0.0.238 () {32 vars in 719 bytes} [Sat May 9 14:08:37 2026] GET /v2.0/trunks/0fc6c329-4d1e-4be6-8326-e4abc57e43d3 => generated 416 bytes in 14 msecs (HTTP/1.1 200) 4 headers in 157 bytes (1 switches on core 0)
2026-05-09 14:08:37.068 7 INFO neutron.pecan_wsgi.hooks.translation [None req-ee87e5bb-866c-441e-aa5c-5cb1cd5dc60e 09d7b951512641a69fdaeccd2167f00f 25c5ef6031cd491d96021709ecf37663 - - default default] DELETE failed (client error): The resource could not be found. [pid: 7|app: 0|req: 936/1904] 10.0.0.238 () {32 vars in 724 bytes} [Sat May 9 14:08:37 2026] DELETE /v2.0/subnets/276cf7ba-1cd7-469c-8f3d-bdf8fd29b68b => generated 136 bytes in 13 msecs (HTTP/1.1 404) 4 headers in 164 bytes (1 switches on core 0) [pid: 7|app: 0|req: 937/1905] 10.0.0.238 () {32 vars in 717 bytes} [Sat May 9 14:08:37 2026] GET /v2.0/ports/09c92577-fe96-430a-addc-61112290379e => generated 826 bytes in 72 msecs (HTTP/1.1 200) 4 headers in 157 bytes (1 switches on core 0)
2026-05-09 14:08:37.236 8 INFO neutron_taas.services.taas.taas_plugin [None req-48c24fdb-529a-41dc-8c40-40b76598ec5b 4598b3486d704872877554630a961d8c 456900713bee4c498ffa96c4f6657c2f - - default default] TaaS: Handle Delete Port: f4bffa5c-cedb-4833-8d30-dd87f61e85ec
2026-05-09 14:08:37.242 8 INFO neutron_taas.services.taas.tap_mirror_plugin [None req-48c24fdb-529a-41dc-8c40-40b76598ec5b 4598b3486d704872877554630a961d8c 456900713bee4c498ffa96c4f6657c2f - - default default] Tap Mirror: Handle Delete Port: f4bffa5c-cedb-4833-8d30-dd87f61e85ec
2026-05-09 14:08:37.286 7 INFO neutron_taas.services.taas.taas_plugin [None req-6684f8e9-afc8-4f95-b6c4-0490db22975f 09d7b951512641a69fdaeccd2167f00f 25c5ef6031cd491d96021709ecf37663 - - default default] TaaS: Handle Delete Port: d364d808-9ec5-46be-8ab8-9a75f307517a
2026-05-09 14:08:37.292 7 INFO neutron_taas.services.taas.tap_mirror_plugin [None req-6684f8e9-afc8-4f95-b6c4-0490db22975f 09d7b951512641a69fdaeccd2167f00f 25c5ef6031cd491d96021709ecf37663 - - default default] Tap Mirror: Handle Delete Port: d364d808-9ec5-46be-8ab8-9a75f307517a [pid: 7|app: 0|req: 938/1906] 10.0.0.238 () {32 vars in 720 bytes} [Sat May 9 14:08:37 2026] DELETE /v2.0/ports/d364d808-9ec5-46be-8ab8-9a75f307517a => generated 0 bytes in 295 msecs (HTTP/1.1 204) 3 headers in 131 bytes (1 switches on core 0)
2026-05-09 14:08:37.511 7 WARNING neutron.plugins.ml2.drivers.ovn.mech_driver.ovsdb.ovn_client [None req-d51fe174-a4e0-4f27-b332-6537f781c0a2 - - - - - -] No port found with ID 6fdd953d-10cb-492d-a5dc-c7887eef3b25: RuntimeError: No port found with ID 6fdd953d-10cb-492d-a5dc-c7887eef3b25
2026-05-09 14:08:37.512 7 INFO neutron.plugins.ml2.drivers.ovn.mech_driver.mech_driver [None req-d51fe174-a4e0-4f27-b332-6537f781c0a2 - - - - - -] OVN reports status down for port: b7e1f1dc-e42b-4ed2-b9c0-dcbf1cc8b83f [pid: 7|app: 0|req: 939/1907] 10.0.0.238 () {32 vars in 722 bytes} [Sat May 9 14:08:37 2026] DELETE /v2.0/trunks/0fc6c329-4d1e-4be6-8326-e4abc57e43d3 => generated 0 bytes in 81 msecs (HTTP/1.1 204) 2 headers in 112 bytes (1 switches on core 0)
2026-05-09 14:08:37.677 7 INFO neutron.plugins.ml2.drivers.ovn.mech_driver.mech_driver [None req-d51fe174-a4e0-4f27-b332-6537f781c0a2 - - - - - -] OVN reports status down for port: d3a69aa2-7ad2-4413-83e7-a3c211610800
2026-05-09 14:08:37.736 7 INFO neutron_taas.services.taas.taas_plugin [None req-85384470-4b3a-486c-9b01-92a750f3fa06 09d7b951512641a69fdaeccd2167f00f 25c5ef6031cd491d96021709ecf37663 - - default default] TaaS: Handle Delete Port: e97fd57f-7bff-4e56-b8a7-af4a9fed5e10
2026-05-09 14:08:37.756 7 INFO neutron_taas.services.taas.tap_mirror_plugin [None req-85384470-4b3a-486c-9b01-92a750f3fa06 09d7b951512641a69fdaeccd2167f00f 25c5ef6031cd491d96021709ecf37663 - - default default] Tap Mirror: Handle Delete Port: e97fd57f-7bff-4e56-b8a7-af4a9fed5e10 [pid: 8|app: 0|req: 969/1908] 10.0.0.238 () {32 vars in 724 bytes} [Sat May 9 14:08:36 2026] DELETE /v2.0/routers/9afeeba7-12fd-4826-ba5d-8f40a40afa0b => generated 0 bytes in 902 msecs (HTTP/1.1 204) 2 headers in 112 bytes (1 switches on core 0) [pid: 8|app: 0|req: 970/1909] 10.0.0.238 () {32 vars in 719 bytes} [Sat May 9 14:08:37 2026] GET /v2.0/trunks/ba1596e6-67d2-40d3-ae99-6e6dc588c7a4 => generated 409 bytes in 13 msecs (HTTP/1.1 200) 4 headers in 157 bytes (1 switches on core 0) [pid: 8|app: 0|req: 971/1910] 10.0.0.238 () {32 vars in 736 bytes} [Sat May 9 14:08:37 2026] GET /v2.0/ports?device_id=9afeeba7-12fd-4826-ba5d-8f40a40afa0b => generated 12 bytes in 20 msecs (HTTP/1.1 200) 4 headers in 156 bytes (1 switches on core 0)
2026-05-09 14:08:37.881 7 INFO neutron.plugins.ml2.drivers.ovn.mech_driver.mech_driver [None req-d51fe174-a4e0-4f27-b332-6537f781c0a2 - - - - - -] OVN reports status down for port: 44e6fdb6-25f0-4ccd-8932-75df25757d3f
2026-05-09 14:08:37.902 7 INFO neutron.plugins.ml2.drivers.ovn.mech_driver.mech_driver [None req-d51fe174-a4e0-4f27-b332-6537f781c0a2 - - - - - -] OVN reports status down for port: 789cf255-b631-468c-88ee-ca6fb7394296
2026-05-09 14:08:37.920 7 INFO neutron.plugins.ml2.drivers.ovn.mech_driver.mech_driver [None req-d51fe174-a4e0-4f27-b332-6537f781c0a2 - - - - - -] OVN reports status down for port: f4bffa5c-cedb-4833-8d30-dd87f61e85ec
2026-05-09 14:08:37.969 7 INFO neutron.plugins.ml2.drivers.ovn.mech_driver.mech_driver [None req-d51fe174-a4e0-4f27-b332-6537f781c0a2 - - - - - -] OVN reports status up for port: f4bffa5c-cedb-4833-8d30-dd87f61e85ec [pid: 8|app: 0|req: 972/1911] 10.0.0.238 () {32 vars in 717 bytes} [Sat May 9 14:08:37 2026] GET /v2.0/ports/d3a69aa2-7ad2-4413-83e7-a3c211610800 => generated 826 bytes in 114 msecs (HTTP/1.1 200) 4 headers in 157 bytes (1 switches on core 0)
2026-05-09 14:08:37.993 7 INFO neutron.plugins.ml2.drivers.ovn.mech_driver.mech_driver [None req-d51fe174-a4e0-4f27-b332-6537f781c0a2 - - - - - -] OVN reports status down for port: 1dc4ae23-377a-458d-8a0e-83289339670d
2026-05-09 14:08:37.996 8 INFO neutron.api.v2.resource [None req-3aedce8e-8c54-4e81-931f-5af708054f0a 4598b3486d704872877554630a961d8c 456900713bee4c498ffa96c4f6657c2f - - default default] delete failed (client error): The resource could not be found. [pid: 8|app: 0|req: 973/1912] 10.0.0.238 () {32 vars in 724 bytes} [Sat May 9 14:08:37 2026] DELETE /v2.0/routers/9afeeba7-12fd-4826-ba5d-8f40a40afa0b => generated 135 bytes in 21 msecs (HTTP/1.1 404) 4 headers in 164 bytes (1 switches on core 0)
2026-05-09 14:08:38.014 7 INFO neutron.plugins.ml2.drivers.ovn.mech_driver.mech_driver [None req-d51fe174-a4e0-4f27-b332-6537f781c0a2 - - - - - -] OVN reports status down for port: 1dc4ae23-377a-458d-8a0e-83289339670d
2026-05-09 14:08:38.071 7 INFO neutron.services.segments.plugin [-] Segment 3ab3623e-9b03-4e2c-9cd2-ef3d13194dd3 resource provider aggregate not found
2026-05-09 14:08:38.079 7 INFO neutron.services.segments.plugin [-] Segment 3ab3623e-9b03-4e2c-9cd2-ef3d13194dd3 resource provider aggregate not found [pid: 8|app: 0|req: 974/1913] 10.0.0.238 () {32 vars in 722 bytes} [Sat May 9 14:08:37 2026] DELETE /v2.0/trunks/ba1596e6-67d2-40d3-ae99-6e6dc588c7a4 => generated 0 bytes in 83 msecs (HTTP/1.1 204) 2 headers in 112 bytes (1 switches on core 0)
2026-05-09 14:08:38.096 7 INFO neutron.services.segments.plugin [-] Segment 3ab3623e-9b03-4e2c-9cd2-ef3d13194dd3 resource provider not found; error: Placement Client Error (4xx): {"errors": [{"status": 404, "title": "Not Found", "detail": "The resource could not be found.\n\n No resource provider with uuid 3ab3623e-9b03-4e2c-9cd2-ef3d13194dd3 found for delete ", "request_id": "req-7184d248-3a56-4806-8e5f-edc30fae0103"}]}
2026-05-09 14:08:38.097 7 INFO neutron.services.segments.plugin [-] Segment 3ab3623e-9b03-4e2c-9cd2-ef3d13194dd3 resource provider not found; error: Placement Client Error (4xx): {"errors": [{"status": 404, "title": "Not Found", "detail": "The resource could not be found.\n\n No resource provider with uuid 3ab3623e-9b03-4e2c-9cd2-ef3d13194dd3 found for delete ", "request_id": "req-3de73ffb-3d81-412b-b01e-344799a6d9b8"}]} [pid: 8|app: 0|req: 975/1914] 10.0.0.238 () {32 vars in 736 bytes} [Sat May 9 14:08:38 2026] GET /v2.0/ports?device_id=6970f5aa-b736-4510-be32-1fad30440c00 => generated 12 bytes in 28 msecs (HTTP/1.1 200) 4 headers in 156 bytes (1 switches on core 0) [pid: 7|app: 0|req: 940/1915] 10.0.0.238 () {32 vars in 726 bytes} [Sat May 9 14:08:37 2026] DELETE /v2.0/networks/85d2d30b-a3d8-483b-b650-ee12e1bb9e26 => generated 0 bytes in 609 msecs (HTTP/1.1 204) 3 headers in 131 bytes (1 switches on core 0)
2026-05-09 14:08:38.150 7 INFO neutron.api.v2.resource [None req-406a64c8-c2f5-4298-95cb-becbc1cbd845 4598b3486d704872877554630a961d8c 456900713bee4c498ffa96c4f6657c2f - - default default] delete failed (client error): The resource could not be found. [pid: 7|app: 0|req: 941/1916] 10.0.0.238 () {32 vars in 724 bytes} [Sat May 9 14:08:38 2026] DELETE /v2.0/routers/6970f5aa-b736-4510-be32-1fad30440c00 => generated 135 bytes in 21 msecs (HTTP/1.1 404) 4 headers in 164 bytes (1 switches on core 0)
2026-05-09 14:08:38.166 7 INFO neutron.pecan_wsgi.hooks.translation [None req-0fafdbc1-069b-4251-b85d-f317c66a98f9 4598b3486d704872877554630a961d8c 456900713bee4c498ffa96c4f6657c2f - - default default] DELETE failed (client error): The resource could not be found. [pid: 7|app: 0|req: 942/1917] 10.0.0.238 () {32 vars in 724 bytes} [Sat May 9 14:08:38 2026] DELETE /v2.0/subnets/ae7a69b5-6a3c-426a-a8a3-05ec20505a3e => generated 136 bytes in 13 msecs (HTTP/1.1 404) 4 headers in 164 bytes (1 switches on core 0) [pid: 7|app: 0|req: 943/1918] 10.0.0.238 () {32 vars in 736 bytes} [Sat May 9 14:08:38 2026] GET /v2.0/ports?device_id=31952578-92bf-4d9b-bcef-871f44d79f5f => generated 12 bytes in 18 msecs (HTTP/1.1 200) 4 headers in 156 bytes (1 switches on core 0)
2026-05-09 14:08:38.214 7 INFO neutron.api.v2.resource [None req-b40d1e5c-2d74-47a8-a407-13e1b00b5904 4598b3486d704872877554630a961d8c 456900713bee4c498ffa96c4f6657c2f - - default default] delete failed (client error): The resource could not be found. [pid: 7|app: 0|req: 944/1919] 10.0.0.238 () {32 vars in 724 bytes} [Sat May 9 14:08:38 2026] DELETE /v2.0/routers/31952578-92bf-4d9b-bcef-871f44d79f5f => generated 135 bytes in 18 msecs (HTTP/1.1 404) 4 headers in 164 bytes (1 switches on core 0)
2026-05-09 14:08:38.233 7 INFO neutron.pecan_wsgi.hooks.translation [None req-0688bf36-3577-410a-a3c1-1d0e2da44f36 4598b3486d704872877554630a961d8c 456900713bee4c498ffa96c4f6657c2f - - default default] DELETE failed (client error): The resource could not be found. [pid: 7|app: 0|req: 945/1920] 10.0.0.238 () {32 vars in 724 bytes} [Sat May 9 14:08:38 2026] DELETE /v2.0/subnets/8bd9eb0e-5155-432a-9437-d5df31b5cd9a => generated 136 bytes in 16 msecs (HTTP/1.1 404) 4 headers in 164 bytes (1 switches on core 0) [pid: 7|app: 0|req: 946/1921] 10.0.0.238 () {32 vars in 736 bytes} [Sat May 9 14:08:38 2026] GET /v2.0/ports?device_id=069177c2-54d1-4617-98f0-6f2ff3e9d735 => generated 12 bytes in 17 msecs (HTTP/1.1 200) 4 headers in 156 bytes (1 switches on core 0)
2026-05-09 14:08:38.263 8 INFO neutron_taas.services.taas.taas_plugin [None req-291ac4aa-de1e-44a4-92f6-24fd34d813bb b15bb02a936a4dcdb976b6c8a41231f9 82fb65c6c6624b478ef18ed90f80fe9c - - default default] TaaS: Handle Delete Port: ba2e58cb-d19d-42e9-8d79-ef54fdb9188a
2026-05-09 14:08:38.267 8 INFO neutron_taas.services.taas.tap_mirror_plugin [None req-291ac4aa-de1e-44a4-92f6-24fd34d813bb b15bb02a936a4dcdb976b6c8a41231f9 82fb65c6c6624b478ef18ed90f80fe9c - - default default] Tap Mirror: Handle Delete Port: ba2e58cb-d19d-42e9-8d79-ef54fdb9188a
2026-05-09 14:08:38.276 7 INFO neutron.api.v2.resource [None req-99faca13-13fc-4dc1-8d48-683e4aa85c8e 4598b3486d704872877554630a961d8c 456900713bee4c498ffa96c4f6657c2f - - default default] delete failed (client error): The resource could not be found. [pid: 7|app: 0|req: 947/1922] 10.0.0.238 () {32 vars in 724 bytes} [Sat May 9 14:08:38 2026] DELETE /v2.0/routers/069177c2-54d1-4617-98f0-6f2ff3e9d735 => generated 135 bytes in 12 msecs (HTTP/1.1 404) 4 headers in 164 bytes (1 switches on core 0)
2026-05-09 14:08:38.296 7 INFO neutron.pecan_wsgi.hooks.translation [None req-6b88bb7b-532c-4e9e-b348-f93118de5323 4598b3486d704872877554630a961d8c 456900713bee4c498ffa96c4f6657c2f - - default default] DELETE failed (client error): The resource could not be found. [pid: 7|app: 0|req: 948/1923] 10.0.0.238 () {32 vars in 724 bytes} [Sat May 9 14:08:38 2026] DELETE /v2.0/subnets/8f691825-b7ff-4255-acea-bd9f8b11f133 => generated 136 bytes in 16 msecs (HTTP/1.1 404) 4 headers in 164 bytes (1 switches on core 0)
2026-05-09 14:08:38.312 7 INFO neutron.pecan_wsgi.hooks.translation [None req-2c39cff0-be23-48b5-bd11-592ea4fa5a49 4598b3486d704872877554630a961d8c 456900713bee4c498ffa96c4f6657c2f - - default default] DELETE failed (client error): The resource could not be found. [pid: 7|app: 0|req: 949/1924] 10.0.0.238 () {32 vars in 724 bytes} [Sat May 9 14:08:38 2026] DELETE /v2.0/subnets/4887d92b-f742-449b-a607-19b3cc31078f => generated 136 bytes in 12 msecs (HTTP/1.1 404) 4 headers in 164 bytes (1 switches on core 0) [pid: 8|app: 0|req: 976/1925] 10.0.0.238 () {32 vars in 720 bytes} [Sat May 9 14:08:38 2026] DELETE /v2.0/ports/ba2e58cb-d19d-42e9-8d79-ef54fdb9188a => generated 0 bytes in 313 msecs (HTTP/1.1 204) 3 headers in 131 bytes (1 switches on core 0)
2026-05-09 14:08:38.558 7 INFO neutron_taas.services.taas.taas_plugin [None req-b6c09fe0-412c-43eb-98a9-e62070532003 b15bb02a936a4dcdb976b6c8a41231f9 82fb65c6c6624b478ef18ed90f80fe9c - - default default] TaaS: Handle Delete Port: c99db39b-0d1f-494f-9943-a967467d07d9
2026-05-09 14:08:38.561 7 INFO neutron_taas.services.taas.tap_mirror_plugin [None req-b6c09fe0-412c-43eb-98a9-e62070532003 b15bb02a936a4dcdb976b6c8a41231f9 82fb65c6c6624b478ef18ed90f80fe9c - - default default] Tap Mirror: Handle Delete Port: c99db39b-0d1f-494f-9943-a967467d07d9 [pid: 7|app: 0|req: 950/1926] 10.0.0.238 () {32 vars in 720 bytes} [Sat May 9 14:08:38 2026] DELETE /v2.0/ports/c99db39b-0d1f-494f-9943-a967467d07d9 => generated 0 bytes in 312 msecs (HTTP/1.1 204) 3 headers in 131 bytes (1 switches on core 0)
2026-05-09 14:08:38.864 7 INFO neutron_taas.services.taas.taas_plugin [None req-eb72d8ae-0e37-4edd-9512-21bf962bd143 b15bb02a936a4dcdb976b6c8a41231f9 82fb65c6c6624b478ef18ed90f80fe9c - - default default] TaaS: Handle Delete Port: 18144833-925b-4b81-9fab-adae8643d749
2026-05-09 14:08:38.867 7 INFO neutron_taas.services.taas.tap_mirror_plugin [None req-eb72d8ae-0e37-4edd-9512-21bf962bd143 b15bb02a936a4dcdb976b6c8a41231f9 82fb65c6c6624b478ef18ed90f80fe9c - - default default] Tap Mirror: Handle Delete Port: 18144833-925b-4b81-9fab-adae8643d749 [pid: 8|app: 0|req: 977/1927] 10.0.0.238 () {32 vars in 774 bytes} [Sat May 9 14:08:38 2026] GET /v2.0/security-groups?tenant_id=25c5ef6031cd491d96021709ecf37663&name=default => generated 2925 bytes in 206 msecs (HTTP/1.1 200) 4 headers in 158 bytes (1 switches on core 0) [pid: 8|app: 0|req: 978/1928] 10.0.0.238 () {32 vars in 774 bytes} [Sat May 9 14:08:38 2026] GET /v2.0/security-groups?tenant_id=456900713bee4c498ffa96c4f6657c2f&name=default => generated 2925 bytes in 73 msecs (HTTP/1.1 200) 4 headers in 158 bytes (1 switches on core 0) [pid: 7|app: 0|req: 951/1929] 10.0.0.238 () {32 vars in 720 bytes} [Sat May 9 14:08:38 2026] DELETE /v2.0/ports/18144833-925b-4b81-9fab-adae8643d749 => generated 0 bytes in 277 msecs (HTTP/1.1 204) 3 headers in 131 bytes (1 switches on core 0) [pid: 8|app: 0|req: 979/1930] 10.0.0.238 () {32 vars in 740 bytes} [Sat May 9 14:08:38 2026] DELETE /v2.0/security-groups/4b9b470a-b88d-4224-8934-caba5e0f4853 => generated 0 bytes in 378 msecs (HTTP/1.1 204) 2 headers in 112 bytes (1 switches on core 0) [pid: 7|app: 0|req: 952/1931] 10.0.0.238 () {32 vars in 740 bytes} [Sat May 9 14:08:39 2026] DELETE /v2.0/security-groups/d1860647-9f61-434b-8c5d-b97deea2156f => generated 0 bytes in 403 msecs (HTTP/1.1 204) 2 headers in 112 bytes (1 switches on core 0)
2026-05-09 14:08:39.524 8 INFO neutron_taas.services.taas.taas_plugin [None req-1f7efc05-47cf-4525-9784-d313a0f66fb2 b15bb02a936a4dcdb976b6c8a41231f9 82fb65c6c6624b478ef18ed90f80fe9c - - default default] TaaS: Handle Delete Port: 09c92577-fe96-430a-addc-61112290379e
2026-05-09 14:08:39.528 8 INFO neutron_taas.services.taas.tap_mirror_plugin [None req-1f7efc05-47cf-4525-9784-d313a0f66fb2 b15bb02a936a4dcdb976b6c8a41231f9 82fb65c6c6624b478ef18ed90f80fe9c - - default default] Tap Mirror: Handle Delete Port: 09c92577-fe96-430a-addc-61112290379e [pid: 8|app: 0|req: 980/1932] 10.0.0.238 () {32 vars in 720 bytes} [Sat May 9 14:08:39 2026] DELETE /v2.0/ports/09c92577-fe96-430a-addc-61112290379e => generated 0 bytes in 353 msecs (HTTP/1.1 204) 3 headers in 131 bytes (1 switches on core 0)
2026-05-09 14:08:39.833 7 INFO neutron_taas.services.taas.taas_plugin [None req-3e402501-af71-491c-b482-b006a09c6c24 b15bb02a936a4dcdb976b6c8a41231f9 82fb65c6c6624b478ef18ed90f80fe9c - - default default] TaaS: Handle Delete Port: d3a69aa2-7ad2-4413-83e7-a3c211610800
2026-05-09 14:08:39.837 7 INFO neutron_taas.services.taas.tap_mirror_plugin [None req-3e402501-af71-491c-b482-b006a09c6c24 b15bb02a936a4dcdb976b6c8a41231f9 82fb65c6c6624b478ef18ed90f80fe9c - - default default] Tap Mirror: Handle Delete Port: d3a69aa2-7ad2-4413-83e7-a3c211610800 [pid: 7|app: 0|req: 953/1933] 10.0.0.238 () {32 vars in 720 bytes} [Sat May 9 14:08:39 2026] DELETE /v2.0/ports/d3a69aa2-7ad2-4413-83e7-a3c211610800 => generated 0 bytes in 298 msecs (HTTP/1.1 204) 3 headers in 131 bytes (1 switches on core 0)
2026-05-09 14:08:40.110 8 INFO neutron_taas.services.taas.taas_plugin [None req-e78f8a7e-3f46-4360-a9a1-c66b06ef3d92 b15bb02a936a4dcdb976b6c8a41231f9 82fb65c6c6624b478ef18ed90f80fe9c - - default default] TaaS: Handle Delete Port: 4f934743-0cae-44a9-862a-b8bfd639d628
2026-05-09 14:08:40.112 8 INFO neutron_taas.services.taas.tap_mirror_plugin [None req-e78f8a7e-3f46-4360-a9a1-c66b06ef3d92 b15bb02a936a4dcdb976b6c8a41231f9 82fb65c6c6624b478ef18ed90f80fe9c - - default default] Tap Mirror: Handle Delete Port: 4f934743-0cae-44a9-862a-b8bfd639d628
2026-05-09 14:08:40.277 8 INFO neutron.services.segments.plugin [-] Segment 0a256687-a10d-4449-a17c-859cc3bdfc1f resource provider aggregate not found
2026-05-09 14:08:40.283 8 INFO neutron.services.segments.plugin [-] Segment 0a256687-a10d-4449-a17c-859cc3bdfc1f resource provider aggregate not found
2026-05-09 14:08:40.303 8 INFO neutron.services.segments.plugin [-] Segment 0a256687-a10d-4449-a17c-859cc3bdfc1f resource provider not found; error: Placement Client Error (4xx): {"errors": [{"status": 404, "title": "Not Found", "detail": "The resource could not be found.\n\n No resource provider with uuid 0a256687-a10d-4449-a17c-859cc3bdfc1f found for delete ", "request_id": "req-becf68ad-c2f9-4cb0-929e-51da14964d13"}]}
2026-05-09 14:08:40.308 8 INFO neutron.services.segments.plugin [-] Segment 0a256687-a10d-4449-a17c-859cc3bdfc1f resource provider not found; error: Placement Client Error (4xx): {"errors": [{"status": 404, "title": "Not Found", "detail": "The resource could not be found.\n\n No resource provider with uuid 0a256687-a10d-4449-a17c-859cc3bdfc1f found for delete ", "request_id": "req-aa52b840-f30f-4c87-a7eb-9186f7e07934"}]} [pid: 8|app: 0|req: 981/1934] 10.0.0.238 () {32 vars in 726 bytes} [Sat May 9 14:08:39 2026] DELETE /v2.0/networks/bb34213e-b7e6-4f31-b973-6bcf3557b364 => generated 0 bytes in 349 msecs (HTTP/1.1 204) 3 headers in 131 bytes (1 switches on core 0)
2026-05-09 14:08:40.493 7 INFO neutron.db.ovn_revision_numbers_db [None req-2a068308-a678-4d0d-a739-6db6f012c56d e0381621a85a4be29c2d3b463a25ac55 4e39d38e182e4cd5a1b052cd1540b90f - - default default] Successfully bumped revision number for resource b937ef6a-e571-4e40-bb20-83e3cf9aab34 (type: security_groups) to 1
2026-05-09 14:08:40.503 8 INFO neutron_taas.services.taas.taas_plugin [None req-d26d343c-29e3-4418-9571-ccd64ecc9b25 b15bb02a936a4dcdb976b6c8a41231f9 82fb65c6c6624b478ef18ed90f80fe9c - - default default] TaaS: Handle Delete Port: 3fc5ecfa-8dfa-4666-94bf-6495b63c91ae
2026-05-09 14:08:40.505 7 INFO neutron.db.ovn_revision_numbers_db [None req-2a068308-a678-4d0d-a739-6db6f012c56d e0381621a85a4be29c2d3b463a25ac55 4e39d38e182e4cd5a1b052cd1540b90f - - default default] Successfully bumped revision number for resource 1c5e9024-8a62-4eda-b7ae-e663220b6910 (type: security_group_rules) to 0
2026-05-09 14:08:40.507 8 INFO neutron_taas.services.taas.tap_mirror_plugin [None req-d26d343c-29e3-4418-9571-ccd64ecc9b25 b15bb02a936a4dcdb976b6c8a41231f9 82fb65c6c6624b478ef18ed90f80fe9c - - default default] Tap Mirror: Handle Delete Port: 3fc5ecfa-8dfa-4666-94bf-6495b63c91ae
2026-05-09 14:08:40.521 7 INFO neutron.db.ovn_revision_numbers_db [None req-2a068308-a678-4d0d-a739-6db6f012c56d e0381621a85a4be29c2d3b463a25ac55 4e39d38e182e4cd5a1b052cd1540b90f - - default default] Successfully bumped revision number for resource 46fdcf6e-c2cd-4e76-a892-64e3a8a8b469 (type: security_group_rules) to 0
2026-05-09 14:08:40.534 7 INFO neutron.db.ovn_revision_numbers_db [None req-2a068308-a678-4d0d-a739-6db6f012c56d e0381621a85a4be29c2d3b463a25ac55 4e39d38e182e4cd5a1b052cd1540b90f - - default default] Successfully bumped revision number for resource 8f9d06ce-fe5d-445d-bf2b-30fa36c5fe7a (type: security_group_rules) to 0
2026-05-09 14:08:40.545 7 INFO neutron.db.ovn_revision_numbers_db [None req-2a068308-a678-4d0d-a739-6db6f012c56d e0381621a85a4be29c2d3b463a25ac55 4e39d38e182e4cd5a1b052cd1540b90f - - default default] Successfully bumped revision number for resource 902f2737-8c88-4dc8-93c5-f5b9be75de52 (type: security_group_rules) to 0 [pid: 7|app: 0|req: 954/1935] 10.0.0.238 () {32 vars in 774 bytes} [Sat May 9 14:08:40 2026] GET /v2.0/security-groups?tenant_id=6d601c4326184f66b9bdd82c0fec1cc0&name=default => generated 2925 bytes in 448 msecs (HTTP/1.1 200) 4 headers in 158 bytes (1 switches on core 0) [pid: 8|app: 0|req: 982/1936] 10.0.0.238 () {32 vars in 726 bytes} [Sat May 9 14:08:40 2026] DELETE /v2.0/networks/cadaa5fd-7d23-42b7-84af-e97916aeb813 => generated 0 bytes in 385 msecs (HTTP/1.1 204) 3 headers in 131 bytes (1 switches on core 0)
2026-05-09 14:08:40.919 8 INFO neutron_taas.services.taas.taas_plugin [None req-26dcea5c-052d-4f5a-afaa-ff251453b8f8 b15bb02a936a4dcdb976b6c8a41231f9 82fb65c6c6624b478ef18ed90f80fe9c - - default default] TaaS: Handle Delete Port: 2b2c92d3-68a1-4eeb-bd9f-c39f31ad449a
2026-05-09 14:08:40.922 8 INFO neutron_taas.services.taas.tap_mirror_plugin [None req-26dcea5c-052d-4f5a-afaa-ff251453b8f8 b15bb02a936a4dcdb976b6c8a41231f9 82fb65c6c6624b478ef18ed90f80fe9c - - default default] Tap Mirror: Handle Delete Port: 2b2c92d3-68a1-4eeb-bd9f-c39f31ad449a [pid: 7|app: 0|req: 955/1937] 10.0.0.238 () {32 vars in 740 bytes} [Sat May 9 14:08:40 2026] DELETE /v2.0/security-groups/b937ef6a-e571-4e40-bb20-83e3cf9aab34 => generated 0 bytes in 335 msecs (HTTP/1.1 204) 2 headers in 112 bytes (1 switches on core 0) [pid: 8|app: 0|req: 983/1938] 10.0.0.238 () {32 vars in 726 bytes} [Sat May 9 14:08:40 2026] DELETE /v2.0/networks/d9c29ad6-6dc9-4bcb-b77e-6dd1805e6f89 => generated 0 bytes in 404 msecs (HTTP/1.1 204) 3 headers in 131 bytes (1 switches on core 0)
2026-05-09 14:08:41.268 7 INFO neutron.db.ovn_revision_numbers_db [None req-b84bce6c-6ae1-4a64-b1b1-4a2aa38c78eb e0381621a85a4be29c2d3b463a25ac55 4e39d38e182e4cd5a1b052cd1540b90f - - default default] Successfully bumped revision number for resource c48d25ff-f57f-408c-8dba-88f4549918f4 (type: security_groups) to 1
2026-05-09 14:08:41.278 7 INFO neutron.db.ovn_revision_numbers_db [None req-b84bce6c-6ae1-4a64-b1b1-4a2aa38c78eb e0381621a85a4be29c2d3b463a25ac55 4e39d38e182e4cd5a1b052cd1540b90f - - default default] Successfully bumped revision number for resource 2036bf58-07d6-4ade-8763-c56891ea7968 (type: security_group_rules) to 0
2026-05-09 14:08:41.289 7 INFO neutron.db.ovn_revision_numbers_db [None req-b84bce6c-6ae1-4a64-b1b1-4a2aa38c78eb e0381621a85a4be29c2d3b463a25ac55 4e39d38e182e4cd5a1b052cd1540b90f - - default default] Successfully bumped revision number for resource 36b6f810-4f44-4fd6-83c0-49aa9bdb3cee (type: security_group_rules) to 0
2026-05-09 14:08:41.291 8 INFO neutron_taas.services.taas.taas_plugin [None req-2c4ef20a-e8a4-4d77-9e1b-ae11e85e4059 b15bb02a936a4dcdb976b6c8a41231f9 82fb65c6c6624b478ef18ed90f80fe9c - - default default] TaaS: Handle Delete Port: 9eeacf96-0de0-44d1-810d-b4a69fee283e
2026-05-09 14:08:41.294 8 INFO neutron_taas.services.taas.tap_mirror_plugin [None req-2c4ef20a-e8a4-4d77-9e1b-ae11e85e4059 b15bb02a936a4dcdb976b6c8a41231f9 82fb65c6c6624b478ef18ed90f80fe9c - - default default] Tap Mirror: Handle Delete Port: 9eeacf96-0de0-44d1-810d-b4a69fee283e
2026-05-09 14:08:41.301 7 INFO neutron.db.ovn_revision_numbers_db [None req-b84bce6c-6ae1-4a64-b1b1-4a2aa38c78eb e0381621a85a4be29c2d3b463a25ac55 4e39d38e182e4cd5a1b052cd1540b90f - - default default] Successfully bumped revision number for resource 6c5d7418-2d3d-461a-bd19-5790cc9bae55 (type: security_group_rules) to 0
2026-05-09 14:08:41.320 7 INFO neutron.db.ovn_revision_numbers_db [None req-b84bce6c-6ae1-4a64-b1b1-4a2aa38c78eb e0381621a85a4be29c2d3b463a25ac55 4e39d38e182e4cd5a1b052cd1540b90f - - default default] Successfully bumped revision number for resource cdcc9589-f730-4dd2-9266-27fd0e8d1639 (type: security_group_rules) to 0 [pid: 7|app: 0|req: 956/1939] 10.0.0.238 () {32 vars in 774 bytes} [Sat May 9 14:08:41 2026] GET /v2.0/security-groups?tenant_id=1c0d69abbbda470d8a3cfa6e8f5b7c78&name=default => generated 2925 bytes in 267 msecs (HTTP/1.1 200) 4 headers in 158 bytes (1 switches on core 0) [pid: 8|app: 0|req: 984/1940] 10.0.0.238 () {32 vars in 726 bytes} [Sat May 9 14:08:41 2026] DELETE /v2.0/networks/b27cba1f-78f5-4d91-9c12-511b5e2aadd9 => generated 0 bytes in 394 msecs (HTTP/1.1 204) 3 headers in 131 bytes (1 switches on core 0)
2026-05-09 14:08:41.664 7 INFO neutron.db.ovn_revision_numbers_db [None req-086950b4-b58b-49e0-ba13-40cced8754c3 679d999edcbc40e3a3e7516374437a2b 347031ba6e524a2eb7d976717d345716 - - default default] Successfully bumped revision number for resource 8d4f875c-c0d9-43b9-8caf-0a0f6e543d6a (type: security_groups) to 1
2026-05-09 14:08:41.679 7 INFO neutron.db.ovn_revision_numbers_db [None req-086950b4-b58b-49e0-ba13-40cced8754c3 679d999edcbc40e3a3e7516374437a2b 347031ba6e524a2eb7d976717d345716 - - default default] Successfully bumped revision number for resource 1fc55081-a2b2-49d8-adab-f89131cf6722 (type: security_group_rules) to 0
2026-05-09 14:08:41.694 7 INFO neutron.db.ovn_revision_numbers_db [None req-086950b4-b58b-49e0-ba13-40cced8754c3 679d999edcbc40e3a3e7516374437a2b 347031ba6e524a2eb7d976717d345716 - - default default] Successfully bumped revision number for resource 7d8ae13a-26eb-423a-8d68-40e909cd5663 (type: security_group_rules) to 0
2026-05-09 14:08:41.708 7 INFO neutron.db.ovn_revision_numbers_db [None req-086950b4-b58b-49e0-ba13-40cced8754c3 679d999edcbc40e3a3e7516374437a2b 347031ba6e524a2eb7d976717d345716 - - default default] Successfully bumped revision number for resource 7ef184fb-b52e-435a-b589-0774dc7820ff (type: security_group_rules) to 0
2026-05-09 14:08:41.719 7 INFO neutron.db.ovn_revision_numbers_db [None req-086950b4-b58b-49e0-ba13-40cced8754c3 679d999edcbc40e3a3e7516374437a2b 347031ba6e524a2eb7d976717d345716 - - default default] Successfully bumped revision number for resource d1cdeb66-da1f-4072-920d-486d6ef93dba (type: security_group_rules) to 0
2026-05-09 14:08:41.811 7 INFO neutron.db.segments_db [None req-086950b4-b58b-49e0-ba13-40cced8754c3 679d999edcbc40e3a3e7516374437a2b 347031ba6e524a2eb7d976717d345716 - - default default] Added segment 6ed9bf6c-2685-4a3e-8bcd-bc23fc7e0c7e of type geneve for network dd1bfba9-a982-4780-b323-aa2bc8492bdd [pid: 8|app: 0|req: 985/1941] 10.0.0.238 () {32 vars in 740 bytes} [Sat May 9 14:08:41 2026] DELETE /v2.0/security-groups/c48d25ff-f57f-408c-8dba-88f4549918f4 => generated 0 bytes in 299 msecs (HTTP/1.1 204) 2 headers in 112 bytes (1 switches on core 0)
2026-05-09 14:08:41.942 7 INFO neutron.db.ovn_revision_numbers_db [None req-086950b4-b58b-49e0-ba13-40cced8754c3 679d999edcbc40e3a3e7516374437a2b 347031ba6e524a2eb7d976717d345716 - - default default] Successfully bumped revision number for resource dd1bfba9-a982-4780-b323-aa2bc8492bdd (type: networks) to 1
2026-05-09 14:08:41.981 8 INFO neutron_taas.services.taas.taas_plugin [None req-a9a27b2c-1675-4238-a4b2-b3ba8162691c b15bb02a936a4dcdb976b6c8a41231f9 82fb65c6c6624b478ef18ed90f80fe9c - - default default] TaaS: Handle Delete Port: b7e1f1dc-e42b-4ed2-b9c0-dcbf1cc8b83f
2026-05-09 14:08:41.984 8 INFO neutron_taas.services.taas.tap_mirror_plugin [None req-a9a27b2c-1675-4238-a4b2-b3ba8162691c b15bb02a936a4dcdb976b6c8a41231f9 82fb65c6c6624b478ef18ed90f80fe9c - - default default] Tap Mirror: Handle Delete Port: b7e1f1dc-e42b-4ed2-b9c0-dcbf1cc8b83f
2026-05-09 14:08:42.144 7 WARNING neutron.scheduler.dhcp_agent_scheduler [None req-086950b4-b58b-49e0-ba13-40cced8754c3 679d999edcbc40e3a3e7516374437a2b 347031ba6e524a2eb7d976717d345716 - - default default] No more DHCP agents
2026-05-09 14:08:42.145 7 WARNING neutron.api.rpc.agentnotifiers.dhcp_rpc_agent_api [None req-086950b4-b58b-49e0-ba13-40cced8754c3 679d999edcbc40e3a3e7516374437a2b 347031ba6e524a2eb7d976717d345716 - - default default] Unable to schedule network dd1bfba9-a982-4780-b323-aa2bc8492bdd: no agents available; will retry on subsequent port and subnet creation events.
2026-05-09 14:08:42.214 7 INFO neutron.plugins.ml2.drivers.ovn.mech_driver.mech_driver [None req-d51fe174-a4e0-4f27-b332-6537f781c0a2 - - - - - -] OVN reports status down for port: daa5cbf1-b10f-43e5-be14-705703438953 [pid: 8|app: 0|req: 986/1942] 10.0.0.238 () {32 vars in 726 bytes} [Sat May 9 14:08:41 2026] DELETE /v2.0/networks/6b0cbe4c-bc3c-49a9-9bb5-6eebada15b86 => generated 0 bytes in 433 msecs (HTTP/1.1 204) 3 headers in 131 bytes (1 switches on core 0)
2026-05-09 14:08:42.294 7 INFO neutron.db.ovn_revision_numbers_db [None req-086950b4-b58b-49e0-ba13-40cced8754c3 679d999edcbc40e3a3e7516374437a2b 347031ba6e524a2eb7d976717d345716 - - default default] Successfully bumped revision number for resource daa5cbf1-b10f-43e5-be14-705703438953 (type: ports) to 1
2026-05-09 14:08:42.326 8 INFO neutron.services.segments.plugin [-] Segment b22dfa1e-a28c-4352-81f5-2aa69adcbc00 resource provider aggregate not found
2026-05-09 14:08:42.332 8 INFO neutron.services.segments.plugin [-] Segment b22dfa1e-a28c-4352-81f5-2aa69adcbc00 resource provider aggregate not found [pid: 7|app: 0|req: 957/1943] 10.0.0.238 () {34 vars in 670 bytes} [Sat May 9 14:08:41 2026] POST /v2.0/networks => generated 629 bytes in 984 msecs (HTTP/1.1 201) 4 headers in 162 bytes (1 switches on core 0)
2026-05-09 14:08:42.348 8 INFO neutron.services.segments.plugin [-] Segment b22dfa1e-a28c-4352-81f5-2aa69adcbc00 resource provider not found; error: Placement Client Error (4xx): {"errors": [{"status": 404, "title": "Not Found", "detail": "The resource could not be found.\n\n No resource provider with uuid b22dfa1e-a28c-4352-81f5-2aa69adcbc00 found for delete ", "request_id": "req-2a6ea48f-6ea0-4c9d-ab77-a5ce54dcb769"}]}
2026-05-09 14:08:42.357 8 INFO neutron.services.segments.plugin [-] Segment b22dfa1e-a28c-4352-81f5-2aa69adcbc00 resource provider not found; error: Placement Client Error (4xx): {"errors": [{"status": 404, "title": "Not Found", "detail": "The resource could not be found.\n\n No resource provider with uuid b22dfa1e-a28c-4352-81f5-2aa69adcbc00 found for delete ", "request_id": "req-37826194-1e60-4de5-aa80-5df7181d5372"}]}
2026-05-09 14:08:42.368 8 INFO neutron.services.segments.plugin [-] Segment e861aa88-389c-41ae-bc2f-c7e944b3bd78 resource provider aggregate not found
2026-05-09 14:08:42.379 8 INFO neutron.services.segments.plugin [-] Segment e861aa88-389c-41ae-bc2f-c7e944b3bd78 resource provider not found; error: Placement Client Error (4xx): {"errors": [{"status": 404, "title": "Not Found", "detail": "The resource could not be found.\n\n No resource provider with uuid e861aa88-389c-41ae-bc2f-c7e944b3bd78 found for delete ", "request_id": "req-f17acdce-9793-4c1d-b548-2eaecbb0ca8a"}]}
2026-05-09 14:08:42.385 8 INFO neutron.services.segments.plugin [-] Segment e861aa88-389c-41ae-bc2f-c7e944b3bd78 resource provider aggregate not found
2026-05-09 14:08:42.399 8 INFO neutron.services.segments.plugin [-] Segment 5430cb38-2ecf-4369-9e41-9deb076b004f resource provider aggregate not found
2026-05-09 14:08:42.406 8 INFO neutron.services.segments.plugin [-] Segment e861aa88-389c-41ae-bc2f-c7e944b3bd78 resource provider not found; error: Placement Client Error (4xx): {"errors": [{"status": 404, "title": "Not Found", "detail": "The resource could not be found.\n\n No resource provider with uuid e861aa88-389c-41ae-bc2f-c7e944b3bd78 found for delete ", "request_id": "req-9ecf717a-1abe-4eca-bf02-7959a13bc351"}]}
2026-05-09 14:08:42.427 8 INFO neutron.services.segments.plugin [-] Segment 5430cb38-2ecf-4369-9e41-9deb076b004f resource provider aggregate not found
2026-05-09 14:08:42.432 8 INFO neutron.services.segments.plugin [-] Segment 5430cb38-2ecf-4369-9e41-9deb076b004f resource provider not found; error: Placement Client Error (4xx): {"errors": [{"status": 404, "title": "Not Found", "detail": "The resource could not be found.\n\n No resource provider with uuid 5430cb38-2ecf-4369-9e41-9deb076b004f found for delete ", "request_id": "req-320f6056-9c88-4e9a-84a9-cf3b0b3f0b99"}]}
2026-05-09 14:08:42.451 8 INFO neutron.services.segments.plugin [-] Segment 5430cb38-2ecf-4369-9e41-9deb076b004f resource provider not found; error: Placement Client Error (4xx): {"errors": [{"status": 404, "title": "Not Found", "detail": "The resource could not be found.\n\n No resource provider with uuid 5430cb38-2ecf-4369-9e41-9deb076b004f found for delete ", "request_id": "req-3a894f68-5d41-4401-9e73-0826b5f28aba"}]}
2026-05-09 14:08:42.465 8 INFO neutron.services.segments.plugin [-] Segment 60c44734-ca61-4825-a4d6-98973071f45c resource provider aggregate not found
2026-05-09 14:08:42.473 8 INFO neutron.services.segments.plugin [-] Segment 60c44734-ca61-4825-a4d6-98973071f45c resource provider aggregate not found
2026-05-09 14:08:42.482 8 INFO neutron.services.segments.plugin [-] Segment 60c44734-ca61-4825-a4d6-98973071f45c resource provider not found; error: Placement Client Error (4xx): {"errors": [{"status": 404, "title": "Not Found", "detail": "The resource could not be found.\n\n No resource provider with uuid 60c44734-ca61-4825-a4d6-98973071f45c found for delete ", "request_id": "req-7c63950f-85c8-4538-9b45-0ee4dd304a5e"}]}
2026-05-09 14:08:42.486 8 INFO neutron.db.segments_db [None req-d67fd16c-82fe-4275-ab2f-e42e320431de 679d999edcbc40e3a3e7516374437a2b 347031ba6e524a2eb7d976717d345716 - - default default] Added segment e4983c62-a57b-4f2a-8e43-f36bc241c832 of type geneve for network 5d8a720d-ac6d-4a5c-893b-2dd218ddf8c6
2026-05-09 14:08:42.494 8 INFO neutron.services.segments.plugin [-] Segment 60c44734-ca61-4825-a4d6-98973071f45c resource provider not found; error: Placement Client Error (4xx): {"errors": [{"status": 404, "title": "Not Found", "detail": "The resource could not be found.\n\n No resource provider with uuid 60c44734-ca61-4825-a4d6-98973071f45c found for delete ", "request_id": "req-03b80fd2-eddf-4348-b338-67c408344a93"}]}
2026-05-09 14:08:42.626 8 INFO neutron.db.ovn_revision_numbers_db [None req-d67fd16c-82fe-4275-ab2f-e42e320431de 679d999edcbc40e3a3e7516374437a2b 347031ba6e524a2eb7d976717d345716 - - default default] Successfully bumped revision number for resource 5d8a720d-ac6d-4a5c-893b-2dd218ddf8c6 (type: networks) to 1
2026-05-09 14:08:42.802 8 WARNING neutron.scheduler.dhcp_agent_scheduler [None req-d67fd16c-82fe-4275-ab2f-e42e320431de 679d999edcbc40e3a3e7516374437a2b 347031ba6e524a2eb7d976717d345716 - - default default] No more DHCP agents
2026-05-09 14:08:42.804 8 WARNING neutron.api.rpc.agentnotifiers.dhcp_rpc_agent_api [None req-d67fd16c-82fe-4275-ab2f-e42e320431de 679d999edcbc40e3a3e7516374437a2b 347031ba6e524a2eb7d976717d345716 - - default default] Unable to schedule network 5d8a720d-ac6d-4a5c-893b-2dd218ddf8c6: no agents available; will retry on subsequent port and subnet creation events.
2026-05-09 14:08:42.877 7 INFO neutron.plugins.ml2.drivers.ovn.mech_driver.mech_driver [None req-d51fe174-a4e0-4f27-b332-6537f781c0a2 - - - - - -] OVN reports status down for port: 07845257-68d3-46b9-8e09-9179daec5cac
2026-05-09 14:08:42.915 8 INFO neutron.db.ovn_revision_numbers_db [None req-d67fd16c-82fe-4275-ab2f-e42e320431de 679d999edcbc40e3a3e7516374437a2b 347031ba6e524a2eb7d976717d345716 - - default default] Successfully bumped revision number for resource 07845257-68d3-46b9-8e09-9179daec5cac (type: ports) to 1 [pid: 8|app: 0|req: 987/1944] 10.0.0.238 () {34 vars in 670 bytes} [Sat May 9 14:08:42 2026] POST /v2.0/networks => generated 629 bytes in 599 msecs (HTTP/1.1 201) 4 headers in 162 bytes (1 switches on core 0)
2026-05-09 14:08:43.156 7 WARNING neutron.scheduler.dhcp_agent_scheduler [None req-7c9a5d87-1c73-47df-a929-bd115442320e 679d999edcbc40e3a3e7516374437a2b 347031ba6e524a2eb7d976717d345716 - - default default] No more DHCP agents
2026-05-09 14:08:43.157 7 WARNING neutron.api.rpc.agentnotifiers.dhcp_rpc_agent_api [None req-7c9a5d87-1c73-47df-a929-bd115442320e 679d999edcbc40e3a3e7516374437a2b 347031ba6e524a2eb7d976717d345716 - - default default] Unable to schedule network dd1bfba9-a982-4780-b323-aa2bc8492bdd: no agents available; will retry on subsequent port and subnet creation events.
2026-05-09 14:08:43.270 8 INFO neutron.db.ovn_revision_numbers_db [None req-dbaf9625-6858-419e-9ca6-d7f1ffd6118f e0381621a85a4be29c2d3b463a25ac55 4e39d38e182e4cd5a1b052cd1540b90f - - default default] Successfully bumped revision number for resource da17ea61-7dc3-4dc8-9e91-b6aed19a6d74 (type: security_groups) to 1
