2026-05-09 14:08:27.414 7 WARNING neutron.scheduler.dhcp_agent_scheduler [None req-ad4ef8aa-fef5-46be-9643-df5a2a83fded b15bb02a936a4dcdb976b6c8a41231f9 82fb65c6c6624b478ef18ed90f80fe9c - - default default] No more DHCP agents
2026-05-09 14:08:27.415 7 WARNING neutron.api.rpc.agentnotifiers.dhcp_rpc_agent_api [None req-ad4ef8aa-fef5-46be-9643-df5a2a83fded b15bb02a936a4dcdb976b6c8a41231f9 82fb65c6c6624b478ef18ed90f80fe9c - - default default] Unable to schedule network d9c29ad6-6dc9-4bcb-b77e-6dd1805e6f89: no agents available; will retry on subsequent port and subnet creation events.
2026-05-09 14:08:27.539 7 INFO neutron.db.ovn_revision_numbers_db [None req-ad4ef8aa-fef5-46be-9643-df5a2a83fded b15bb02a936a4dcdb976b6c8a41231f9 82fb65c6c6624b478ef18ed90f80fe9c - - default default] Successfully bumped revision number for resource 18144833-925b-4b81-9fab-adae8643d749 (type: ports) to 1 [pid: 7|app: 0|req: 895/1816] 10.0.0.238 () {34 vars in 664 bytes} [Sat May 9 14:08:27 2026] POST /v2.0/ports => generated 743 bytes in 390 msecs (HTTP/1.1 201) 4 headers in 162 bytes (1 switches on core 0) /var/lib/openstack/lib/python3.12/site-packages/pycadf/identifier.py:70: UserWarning: Invalid uuid: neutron. To ensure interoperability, identifiers should be a valid uuid. warnings.warn(('Invalid uuid: %s. To ensure interoperability, '
2026-05-09 14:08:27.639 8 WARNING neutron.scheduler.dhcp_agent_scheduler [None req-b6bbc0bd-d38e-490a-8071-fb75a7012d1d 09d7b951512641a69fdaeccd2167f00f 25c5ef6031cd491d96021709ecf37663 - - default default] No more DHCP agents
2026-05-09 14:08:27.641 8 WARNING neutron.api.rpc.agentnotifiers.dhcp_rpc_agent_api [None req-b6bbc0bd-d38e-490a-8071-fb75a7012d1d 09d7b951512641a69fdaeccd2167f00f 25c5ef6031cd491d96021709ecf37663 - - default default] Unable to schedule network a2b1b253-4799-4e3f-b453-ec44f0fc2ce7: no agents available; will retry on subsequent port and subnet creation events.
2026-05-09 14:08:27.740 7 INFO neutron_taas.services.taas.taas_plugin [None req-ed0f7c52-f67b-4f1d-93e7-05d2d62df493 31daf25a3dd3468a94b5cd28c7f5bf29 c68bcb26bdc24de598ff98d2078fb2f0 - - default default] TaaS: Handle Delete Port: cfe166a6-34e0-4c46-8ed5-56fe673ed397
2026-05-09 14:08:27.743 7 INFO neutron_taas.services.taas.tap_mirror_plugin [None req-ed0f7c52-f67b-4f1d-93e7-05d2d62df493 31daf25a3dd3468a94b5cd28c7f5bf29 c68bcb26bdc24de598ff98d2078fb2f0 - - default default] Tap Mirror: Handle Delete Port: cfe166a6-34e0-4c46-8ed5-56fe673ed397
2026-05-09 14:08:27.749 8 INFO neutron.db.ovn_revision_numbers_db [None req-b6bbc0bd-d38e-490a-8071-fb75a7012d1d 09d7b951512641a69fdaeccd2167f00f 25c5ef6031cd491d96021709ecf37663 - - default default] Successfully bumped revision number for resource f4d53d97-514e-47dd-9bf3-991b6ee33d4a (type: ports) to 1 [pid: 8|app: 0|req: 922/1817] 10.0.0.238 () {34 vars in 670 bytes} [Sat May 9 14:08:27 2026] POST /v2.0/networks => generated 635 bytes in 577 msecs (HTTP/1.1 201) 4 headers in 162 bytes (1 switches on core 0)
2026-05-09 14:08:27.862 8 INFO neutron.db.segments_db [None req-3dbeec3d-e39b-4b64-b2a3-dd8e0f95790a 4598b3486d704872877554630a961d8c 456900713bee4c498ffa96c4f6657c2f - - default default] Added segment 9bfb01c2-3b58-4066-bd4d-94fc0af85429 of type geneve for network c821936a-237a-4eb8-974f-dda288d3e852
2026-05-09 14:08:27.996 8 INFO neutron.db.ovn_revision_numbers_db [None req-3dbeec3d-e39b-4b64-b2a3-dd8e0f95790a 4598b3486d704872877554630a961d8c 456900713bee4c498ffa96c4f6657c2f - - default default] Successfully bumped revision number for resource c821936a-237a-4eb8-974f-dda288d3e852 (type: networks) to 1 [pid: 7|app: 0|req: 896/1818] 10.0.0.238 () {32 vars in 726 bytes} [Sat May 9 14:08:27 2026] DELETE /v2.0/networks/19d8b0ae-6ac4-47c4-ac59-2fe8746de137 => generated 0 bytes in 412 msecs (HTTP/1.1 204) 3 headers in 131 bytes (1 switches on core 0)
2026-05-09 14:08:28.155 8 WARNING neutron.scheduler.dhcp_agent_scheduler [None req-3dbeec3d-e39b-4b64-b2a3-dd8e0f95790a 4598b3486d704872877554630a961d8c 456900713bee4c498ffa96c4f6657c2f - - default default] No more DHCP agents
2026-05-09 14:08:28.157 8 WARNING neutron.api.rpc.agentnotifiers.dhcp_rpc_agent_api [None req-3dbeec3d-e39b-4b64-b2a3-dd8e0f95790a 4598b3486d704872877554630a961d8c 456900713bee4c498ffa96c4f6657c2f - - default default] Unable to schedule network c821936a-237a-4eb8-974f-dda288d3e852: no agents available; will retry on subsequent port and subnet creation events.
2026-05-09 14:08:28.174 7 WARNING neutron.plugins.ml2.drivers.ovn.mech_driver.ovsdb.ovn_client [None req-e706aab9-9304-435c-8ba6-cefa4aa0dac9 - - - - - -] No port found with ID 98ee244e-a362-4820-88e1-b3efcb0d9ec6: RuntimeError: No port found with ID 98ee244e-a362-4820-88e1-b3efcb0d9ec6
2026-05-09 14:08:28.174 7 INFO neutron.plugins.ml2.drivers.ovn.mech_driver.mech_driver [None req-e706aab9-9304-435c-8ba6-cefa4aa0dac9 - - - - - -] OVN reports status down for port: 4f934743-0cae-44a9-862a-b8bfd639d628
2026-05-09 14:08:28.267 8 INFO neutron.db.ovn_revision_numbers_db [None req-3dbeec3d-e39b-4b64-b2a3-dd8e0f95790a 4598b3486d704872877554630a961d8c 456900713bee4c498ffa96c4f6657c2f - - default default] Successfully bumped revision number for resource 9209c34a-345c-43ef-bfb6-b02e878da14e (type: ports) to 1 [pid: 8|app: 0|req: 923/1819] 10.0.0.238 () {34 vars in 670 bytes} [Sat May 9 14:08:27 2026] POST /v2.0/networks => generated 633 bytes in 523 msecs (HTTP/1.1 201) 4 headers in 162 bytes (1 switches on core 0)
2026-05-09 14:08:28.330 7 INFO neutron.plugins.ml2.drivers.ovn.mech_driver.mech_driver [None req-e706aab9-9304-435c-8ba6-cefa4aa0dac9 - - - - - -] OVN reports status down for port: ba2e58cb-d19d-42e9-8d79-ef54fdb9188a [pid: 7|app: 0|req: 897/1820] 10.0.0.238 () {34 vars in 666 bytes} [Sat May 9 14:08:28 2026] POST /v2.0/trunks => generated 409 bytes in 384 msecs (HTTP/1.1 201) 4 headers in 162 bytes (1 switches on core 0)
2026-05-09 14:08:28.453 7 INFO neutron.plugins.ml2.drivers.ovn.mech_driver.mech_driver [None req-e706aab9-9304-435c-8ba6-cefa4aa0dac9 - - - - - -] OVN reports status down for port: cfe166a6-34e0-4c46-8ed5-56fe673ed397
2026-05-09 14:08:28.472 7 INFO neutron.plugins.ml2.drivers.ovn.mech_driver.mech_driver [None req-e706aab9-9304-435c-8ba6-cefa4aa0dac9 - - - - - -] OVN reports status down for port: 3fc5ecfa-8dfa-4666-94bf-6495b63c91ae
2026-05-09 14:08:28.473 8 WARNING neutron.scheduler.dhcp_agent_scheduler [None req-abbf4d0c-8a23-4c33-88b7-0e15f81bcbf0 09d7b951512641a69fdaeccd2167f00f 25c5ef6031cd491d96021709ecf37663 - - default default] No more DHCP agents
2026-05-09 14:08:28.474 8 WARNING neutron.api.rpc.agentnotifiers.dhcp_rpc_agent_api [None req-abbf4d0c-8a23-4c33-88b7-0e15f81bcbf0 09d7b951512641a69fdaeccd2167f00f 25c5ef6031cd491d96021709ecf37663 - - default default] Unable to schedule network a2b1b253-4799-4e3f-b453-ec44f0fc2ce7: no agents available; will retry on subsequent port and subnet creation events.
2026-05-09 14:08:28.515 8 INFO neutron.db.ovn_revision_numbers_db [None req-abbf4d0c-8a23-4c33-88b7-0e15f81bcbf0 09d7b951512641a69fdaeccd2167f00f 25c5ef6031cd491d96021709ecf37663 - - default default] Successfully bumped revision number for resource 276cf7ba-1cd7-469c-8f3d-bdf8fd29b68b (type: subnets) to 0 [pid: 8|app: 0|req: 924/1821] 10.0.0.238 () {34 vars in 669 bytes} [Sat May 9 14:08:28 2026] POST /v2.0/subnets => generated 646 bytes in 239 msecs (HTTP/1.1 201) 4 headers in 162 bytes (1 switches on core 0)
2026-05-09 14:08:28.589 7 INFO neutron.plugins.ml2.drivers.ovn.mech_driver.mech_driver [None req-e706aab9-9304-435c-8ba6-cefa4aa0dac9 - - - - - -] OVN reports status down for port: 3d570d0e-379d-474d-8f81-e486a8c40297
2026-05-09 14:08:28.603 7 INFO neutron.plugins.ml2.drivers.ovn.mech_driver.mech_driver [None req-e706aab9-9304-435c-8ba6-cefa4aa0dac9 - - - - - -] OVN reports status down for port: c99db39b-0d1f-494f-9943-a967467d07d9
2026-05-09 14:08:28.704 8 WARNING neutron.scheduler.dhcp_agent_scheduler [None req-50ce008a-6d3e-4feb-a2cd-f9ea5301107f 4598b3486d704872877554630a961d8c 456900713bee4c498ffa96c4f6657c2f - - default default] No more DHCP agents
2026-05-09 14:08:28.705 8 WARNING neutron.api.rpc.agentnotifiers.dhcp_rpc_agent_api [None req-50ce008a-6d3e-4feb-a2cd-f9ea5301107f 4598b3486d704872877554630a961d8c 456900713bee4c498ffa96c4f6657c2f - - default default] Unable to schedule network c821936a-237a-4eb8-974f-dda288d3e852: no agents available; will retry on subsequent port and subnet creation events.
2026-05-09 14:08:28.727 7 INFO neutron.plugins.ml2.drivers.ovn.mech_driver.mech_driver [None req-e706aab9-9304-435c-8ba6-cefa4aa0dac9 - - - - - -] OVN reports status down for port: e97fd57f-7bff-4e56-b8a7-af4a9fed5e10
2026-05-09 14:08:28.739 7 WARNING neutron.scheduler.dhcp_agent_scheduler [None req-660b3ef2-932b-4a00-bd95-d2ff92515760 31daf25a3dd3468a94b5cd28c7f5bf29 c68bcb26bdc24de598ff98d2078fb2f0 - - default default] No more DHCP agents
2026-05-09 14:08:28.742 7 WARNING neutron.api.rpc.agentnotifiers.dhcp_rpc_agent_api [None req-660b3ef2-932b-4a00-bd95-d2ff92515760 31daf25a3dd3468a94b5cd28c7f5bf29 c68bcb26bdc24de598ff98d2078fb2f0 - - default default] Unable to schedule network 286d8ca4-a1d3-4b43-9ad4-bcdd3ff350b2: no agents available; will retry on subsequent port and subnet creation events.
2026-05-09 14:08:28.745 8 INFO neutron.db.ovn_revision_numbers_db [None req-50ce008a-6d3e-4feb-a2cd-f9ea5301107f 4598b3486d704872877554630a961d8c 456900713bee4c498ffa96c4f6657c2f - - default default] Successfully bumped revision number for resource ae7a69b5-6a3c-426a-a8a3-05ec20505a3e (type: subnets) to 0 [pid: 8|app: 0|req: 925/1822] 10.0.0.238 () {34 vars in 669 bytes} [Sat May 9 14:08:28 2026] POST /v2.0/subnets => generated 646 bytes in 230 msecs (HTTP/1.1 201) 4 headers in 162 bytes (1 switches on core 0)
2026-05-09 14:08:28.865 8 INFO neutron.db.segments_db [None req-f520fcbb-a9d6-48fc-b77c-9f8ec34b2fc2 b15bb02a936a4dcdb976b6c8a41231f9 82fb65c6c6624b478ef18ed90f80fe9c - - default default] Added segment 5430cb38-2ecf-4369-9e41-9deb076b004f of type geneve for network b27cba1f-78f5-4d91-9c12-511b5e2aadd9
2026-05-09 14:08:28.907 7 INFO neutron.plugins.ml2.drivers.ovn.mech_driver.mech_driver [None req-e706aab9-9304-435c-8ba6-cefa4aa0dac9 - - - - - -] OVN reports status down for port: d364d808-9ec5-46be-8ab8-9a75f307517a
2026-05-09 14:08:28.938 7 INFO neutron.db.ovn_revision_numbers_db [None req-660b3ef2-932b-4a00-bd95-d2ff92515760 31daf25a3dd3468a94b5cd28c7f5bf29 c68bcb26bdc24de598ff98d2078fb2f0 - - default default] Successfully bumped revision number for resource 1833948e-bad3-4f2d-90f1-0bc0a7baa7e2 (type: ports) to 1
2026-05-09 14:08:29.013 7 INFO neutron.plugins.ml2.drivers.ovn.mech_driver.mech_driver [None req-e706aab9-9304-435c-8ba6-cefa4aa0dac9 - - - - - -] OVN reports status down for port: 2b2c92d3-68a1-4eeb-bd9f-c39f31ad449a
2026-05-09 14:08:29.021 8 INFO neutron.db.ovn_revision_numbers_db [None req-f520fcbb-a9d6-48fc-b77c-9f8ec34b2fc2 b15bb02a936a4dcdb976b6c8a41231f9 82fb65c6c6624b478ef18ed90f80fe9c - - default default] Successfully bumped revision number for resource b27cba1f-78f5-4d91-9c12-511b5e2aadd9 (type: networks) to 1 [pid: 7|app: 0|req: 898/1823] 10.0.0.238 () {34 vars in 665 bytes} [Sat May 9 14:08:28 2026] POST /v2.0/ports => generated 774 bytes in 665 msecs (HTTP/1.1 201) 4 headers in 162 bytes (1 switches on core 0) /var/lib/openstack/lib/python3.12/site-packages/pycadf/identifier.py:70: UserWarning: Invalid uuid: neutron. To ensure interoperability, identifiers should be a valid uuid. warnings.warn(('Invalid uuid: %s. To ensure interoperability, '
2026-05-09 14:08:29.123 7 INFO neutron.plugins.ml2.drivers.ovn.mech_driver.mech_driver [None req-e706aab9-9304-435c-8ba6-cefa4aa0dac9 - - - - - -] OVN reports status down for port: 18144833-925b-4b81-9fab-adae8643d749
2026-05-09 14:08:29.173 7 INFO neutron.services.segments.plugin [-] Segment 91675786-50f8-48cc-8935-fa32b32a8b4e resource provider aggregate not found
2026-05-09 14:08:29.174 8 WARNING neutron.scheduler.dhcp_agent_scheduler [None req-f520fcbb-a9d6-48fc-b77c-9f8ec34b2fc2 b15bb02a936a4dcdb976b6c8a41231f9 82fb65c6c6624b478ef18ed90f80fe9c - - default default] No more DHCP agents
2026-05-09 14:08:29.175 8 WARNING neutron.api.rpc.agentnotifiers.dhcp_rpc_agent_api [None req-f520fcbb-a9d6-48fc-b77c-9f8ec34b2fc2 b15bb02a936a4dcdb976b6c8a41231f9 82fb65c6c6624b478ef18ed90f80fe9c - - default default] Unable to schedule network b27cba1f-78f5-4d91-9c12-511b5e2aadd9: no agents available; will retry on subsequent port and subnet creation events.
2026-05-09 14:08:29.174 7 INFO neutron.services.segments.plugin [-] Segment 91675786-50f8-48cc-8935-fa32b32a8b4e resource provider aggregate not found
2026-05-09 14:08:29.193 7 INFO neutron.services.segments.plugin [-] Segment 91675786-50f8-48cc-8935-fa32b32a8b4e resource provider not found; error: Placement Client Error (4xx): {"errors": [{"status": 404, "title": "Not Found", "detail": "The resource could not be found.\n\n No resource provider with uuid 91675786-50f8-48cc-8935-fa32b32a8b4e found for delete ", "request_id": "req-8b6c8c14-7cf8-4571-8e70-c5db31a5c8b6"}]}
2026-05-09 14:08:29.196 7 INFO neutron.services.segments.plugin [-] Segment 91675786-50f8-48cc-8935-fa32b32a8b4e resource provider not found; error: Placement Client Error (4xx): {"errors": [{"status": 404, "title": "Not Found", "detail": "The resource could not be found.\n\n No resource provider with uuid 91675786-50f8-48cc-8935-fa32b32a8b4e found for delete ", "request_id": "req-30e795a3-4ba6-430e-a744-06a571e2dfc9"}]}
2026-05-09 14:08:29.283 8 INFO neutron.db.ovn_revision_numbers_db [None req-f520fcbb-a9d6-48fc-b77c-9f8ec34b2fc2 b15bb02a936a4dcdb976b6c8a41231f9 82fb65c6c6624b478ef18ed90f80fe9c - - default default] Successfully bumped revision number for resource 9eeacf96-0de0-44d1-810d-b4a69fee283e (type: ports) to 1 [pid: 8|app: 0|req: 926/1824] 10.0.0.238 () {34 vars in 670 bytes} [Sat May 9 14:08:28 2026] POST /v2.0/networks => generated 632 bytes in 541 msecs (HTTP/1.1 201) 4 headers in 162 bytes (1 switches on core 0)
2026-05-09 14:08:29.348 7 INFO neutron.plugins.ml2.drivers.ovn.mech_driver.mech_driver [None req-e706aab9-9304-435c-8ba6-cefa4aa0dac9 - - - - - -] OVN reports status down for port: f4d53d97-514e-47dd-9bf3-991b6ee33d4a
2026-05-09 14:08:29.417 8 INFO neutron.db.ovn_revision_numbers_db [None req-0aa7a1e2-acb1-4b46-aff2-9ecf4717d915 4598b3486d704872877554630a961d8c 456900713bee4c498ffa96c4f6657c2f - - default default] Successfully bumped revision number for resource 6970f5aa-b736-4510-be32-1fad30440c00 (type: routers) to 1 [pid: 8|app: 0|req: 927/1825] 10.0.0.238 () {34 vars in 669 bytes} [Sat May 9 14:08:29 2026] POST /v2.0/routers => generated 606 bytes in 126 msecs (HTTP/1.1 201) 4 headers in 162 bytes (1 switches on core 0)
2026-05-09 14:08:29.485 7 INFO neutron.plugins.ml2.drivers.ovn.mech_driver.mech_driver [None req-e706aab9-9304-435c-8ba6-cefa4aa0dac9 - - - - - -] OVN reports status down for port: 9209c34a-345c-43ef-bfb6-b02e878da14e
2026-05-09 14:08:29.597 7 WARNING neutron.scheduler.dhcp_agent_scheduler [None req-c7d90bb1-64ee-4dad-86d3-64c8d3522d3d 09d7b951512641a69fdaeccd2167f00f 25c5ef6031cd491d96021709ecf37663 - - default default] No more DHCP agents
2026-05-09 14:08:29.599 7 WARNING neutron.api.rpc.agentnotifiers.dhcp_rpc_agent_api [None req-c7d90bb1-64ee-4dad-86d3-64c8d3522d3d 09d7b951512641a69fdaeccd2167f00f 25c5ef6031cd491d96021709ecf37663 - - default default] Unable to schedule network a2b1b253-4799-4e3f-b453-ec44f0fc2ce7: no agents available; will retry on subsequent port and subnet creation events.
2026-05-09 14:08:29.625 7 INFO neutron.plugins.ml2.drivers.ovn.mech_driver.mech_driver [None req-e706aab9-9304-435c-8ba6-cefa4aa0dac9 - - - - - -] OVN reports status down for port: 1833948e-bad3-4f2d-90f1-0bc0a7baa7e2
2026-05-09 14:08:29.712 8 INFO neutron.db.ovn_revision_numbers_db [None req-257ab865-8b4e-4d5d-88ad-3df744e1b489 31daf25a3dd3468a94b5cd28c7f5bf29 c68bcb26bdc24de598ff98d2078fb2f0 - - default default] Successfully bumped revision number for resource 1833948e-bad3-4f2d-90f1-0bc0a7baa7e2 (type: ports) to 2
2026-05-09 14:08:29.800 7 INFO neutron.plugins.ml2.drivers.ovn.mech_driver.mech_driver [None req-e706aab9-9304-435c-8ba6-cefa4aa0dac9 - - - - - -] OVN reports status down for port: 9eeacf96-0de0-44d1-810d-b4a69fee283e [pid: 8|app: 0|req: 928/1826] 10.0.0.238 () {34 vars in 737 bytes} [Sat May 9 14:08:29 2026] PUT /v2.0/ports/1833948e-bad3-4f2d-90f1-0bc0a7baa7e2 => generated 752 bytes in 409 msecs (HTTP/1.1 200) 4 headers in 157 bytes (1 switches on core 0) /var/lib/openstack/lib/python3.12/site-packages/pycadf/identifier.py:70: UserWarning: Invalid uuid: neutron. To ensure interoperability, identifiers should be a valid uuid. warnings.warn(('Invalid uuid: %s. To ensure interoperability, '
2026-05-09 14:08:29.845 7 INFO neutron.db.ovn_revision_numbers_db [None req-c7d90bb1-64ee-4dad-86d3-64c8d3522d3d 09d7b951512641a69fdaeccd2167f00f 25c5ef6031cd491d96021709ecf37663 - - default default] Successfully bumped revision number for resource da8938a7-3557-4bcc-9795-49aeac5dfed5 (type: ports) to 1
2026-05-09 14:08:29.900 7 INFO neutron.plugins.ml2.drivers.ovn.mech_driver.mech_driver [None req-e706aab9-9304-435c-8ba6-cefa4aa0dac9 - - - - - -] OVN reports status down for port: 1833948e-bad3-4f2d-90f1-0bc0a7baa7e2 [pid: 7|app: 0|req: 899/1827] 10.0.0.238 () {34 vars in 665 bytes} [Sat May 9 14:08:29 2026] POST /v2.0/ports => generated 965 bytes in 883 msecs (HTTP/1.1 201) 4 headers in 162 bytes (1 switches on core 0) /var/lib/openstack/lib/python3.12/site-packages/pycadf/identifier.py:70: UserWarning: Invalid uuid: neutron. To ensure interoperability, identifiers should be a valid uuid. warnings.warn(('Invalid uuid: %s. To ensure interoperability, '
2026-05-09 14:08:30.021 7 INFO neutron.plugins.ml2.drivers.ovn.mech_driver.mech_driver [None req-e706aab9-9304-435c-8ba6-cefa4aa0dac9 - - - - - -] OVN reports status down for port: da8938a7-3557-4bcc-9795-49aeac5dfed5
2026-05-09 14:08:30.088 8 WARNING neutron.scheduler.dhcp_agent_scheduler [None req-e97d83a3-bf6e-43b7-b36a-1783c9d149d4 b15bb02a936a4dcdb976b6c8a41231f9 82fb65c6c6624b478ef18ed90f80fe9c - - default default] No more DHCP agents
2026-05-09 14:08:30.089 8 WARNING neutron.api.rpc.agentnotifiers.dhcp_rpc_agent_api [None req-e97d83a3-bf6e-43b7-b36a-1783c9d149d4 b15bb02a936a4dcdb976b6c8a41231f9 82fb65c6c6624b478ef18ed90f80fe9c - - default default] Unable to schedule network b27cba1f-78f5-4d91-9c12-511b5e2aadd9: no agents available; will retry on subsequent port and subnet creation events.
2026-05-09 14:08:30.208 8 INFO neutron.db.ovn_revision_numbers_db [None req-e97d83a3-bf6e-43b7-b36a-1783c9d149d4 b15bb02a936a4dcdb976b6c8a41231f9 82fb65c6c6624b478ef18ed90f80fe9c - - default default] Successfully bumped revision number for resource 09c92577-fe96-430a-addc-61112290379e (type: ports) to 1
2026-05-09 14:08:30.239 7 INFO neutron.plugins.ml2.drivers.ovn.mech_driver.mech_driver [None req-e706aab9-9304-435c-8ba6-cefa4aa0dac9 - - - - - -] OVN reports status down for port: 09c92577-fe96-430a-addc-61112290379e [pid: 8|app: 0|req: 929/1828] 10.0.0.238 () {34 vars in 664 bytes} [Sat May 9 14:08:29 2026] POST /v2.0/ports => generated 743 bytes in 414 msecs (HTTP/1.1 201) 4 headers in 162 bytes (1 switches on core 0) /var/lib/openstack/lib/python3.12/site-packages/pycadf/identifier.py:70: UserWarning: Invalid uuid: neutron. To ensure interoperability, identifiers should be a valid uuid. warnings.warn(('Invalid uuid: %s. To ensure interoperability, '
2026-05-09 14:08:30.383 8 INFO neutron_taas.services.taas.taas_plugin [None req-e783c0fe-40f0-4f01-a6d0-ac2543e3eaf2 31daf25a3dd3468a94b5cd28c7f5bf29 c68bcb26bdc24de598ff98d2078fb2f0 - - default default] TaaS: Handle Delete Port: 1833948e-bad3-4f2d-90f1-0bc0a7baa7e2
2026-05-09 14:08:30.386 8 INFO neutron_taas.services.taas.tap_mirror_plugin [None req-e783c0fe-40f0-4f01-a6d0-ac2543e3eaf2 31daf25a3dd3468a94b5cd28c7f5bf29 c68bcb26bdc24de598ff98d2078fb2f0 - - default default] Tap Mirror: Handle Delete Port: 1833948e-bad3-4f2d-90f1-0bc0a7baa7e2 [pid: 8|app: 0|req: 930/1829] 10.0.0.238 () {32 vars in 720 bytes} [Sat May 9 14:08:30 2026] DELETE /v2.0/ports/1833948e-bad3-4f2d-90f1-0bc0a7baa7e2 => generated 0 bytes in 274 msecs (HTTP/1.1 204) 3 headers in 131 bytes (1 switches on core 0)
2026-05-09 14:08:30.567 7 WARNING neutron.scheduler.dhcp_agent_scheduler [None req-68851117-5273-45b3-a064-7ce473cdd924 4598b3486d704872877554630a961d8c 456900713bee4c498ffa96c4f6657c2f - - default default] No more DHCP agents
2026-05-09 14:08:30.568 7 WARNING neutron.api.rpc.agentnotifiers.dhcp_rpc_agent_api [None req-68851117-5273-45b3-a064-7ce473cdd924 4598b3486d704872877554630a961d8c 456900713bee4c498ffa96c4f6657c2f - - default default] Unable to schedule network c821936a-237a-4eb8-974f-dda288d3e852: no agents available; will retry on subsequent port and subnet creation events.
2026-05-09 14:08:30.658 7 INFO neutron.plugins.ml2.drivers.ovn.mech_driver.mech_driver [None req-e706aab9-9304-435c-8ba6-cefa4aa0dac9 - - - - - -] OVN reports status down for port: 6fdd953d-10cb-492d-a5dc-c7887eef3b25
2026-05-09 14:08:30.691 8 INFO neutron_taas.services.taas.taas_plugin [None req-fe9db54c-990b-4479-804b-90ad9861f2dd 09d7b951512641a69fdaeccd2167f00f 25c5ef6031cd491d96021709ecf37663 - - default default] TaaS: Handle Delete Port: da8938a7-3557-4bcc-9795-49aeac5dfed5
2026-05-09 14:08:30.695 8 INFO neutron_taas.services.taas.tap_mirror_plugin [None req-fe9db54c-990b-4479-804b-90ad9861f2dd 09d7b951512641a69fdaeccd2167f00f 25c5ef6031cd491d96021709ecf37663 - - default default] Tap Mirror: Handle Delete Port: da8938a7-3557-4bcc-9795-49aeac5dfed5
2026-05-09 14:08:30.723 7 INFO neutron.db.ovn_revision_numbers_db [None req-68851117-5273-45b3-a064-7ce473cdd924 4598b3486d704872877554630a961d8c 456900713bee4c498ffa96c4f6657c2f - - default default] Successfully bumped revision number for resource 6fdd953d-10cb-492d-a5dc-c7887eef3b25 (type: ports) to 1 [pid: 8|app: 0|req: 931/1830] 10.0.0.238 () {32 vars in 720 bytes} [Sat May 9 14:08:30 2026] DELETE /v2.0/ports/da8938a7-3557-4bcc-9795-49aeac5dfed5 => generated 0 bytes in 311 msecs (HTTP/1.1 204) 3 headers in 131 bytes (1 switches on core 0) [pid: 8|app: 0|req: 932/1831] 10.0.0.238 () {34 vars in 666 bytes} [Sat May 9 14:08:30 2026] POST /v2.0/trunks => generated 409 bytes in 163 msecs (HTTP/1.1 201) 4 headers in 162 bytes (1 switches on core 0) [pid: 8|app: 0|req: 933/1832] 10.0.0.238 () {32 vars in 643 bytes} [Sat May 9 14:08:31 2026] GET /v2.0/ports => generated 1533 bytes in 46 msecs (HTTP/1.1 200) 4 headers in 158 bytes (1 switches on core 0)
2026-05-09 14:08:31.065 8 INFO neutron.pecan_wsgi.hooks.translation [None req-f74c92b1-56b5-48a2-9f27-487d6578fbe1 09d7b951512641a69fdaeccd2167f00f 25c5ef6031cd491d96021709ecf37663 - - default default] DELETE failed (client error): The resource could not be found. [pid: 8|app: 0|req: 934/1833] 10.0.0.238 () {32 vars in 720 bytes} [Sat May 9 14:08:31 2026] DELETE /v2.0/ports/da8938a7-3557-4bcc-9795-49aeac5dfed5 => generated 132 bytes in 16 msecs (HTTP/1.1 404) 4 headers in 164 bytes (1 switches on core 0)
2026-05-09 14:08:31.141 8 INFO neutron.db.segments_db [None req-689e43a5-e947-47a5-88a4-459b7e2a5083 b15bb02a936a4dcdb976b6c8a41231f9 82fb65c6c6624b478ef18ed90f80fe9c - - default default] Added segment 60c44734-ca61-4825-a4d6-98973071f45c of type geneve for network 6b0cbe4c-bc3c-49a9-9bb5-6eebada15b86
2026-05-09 14:08:31.251 8 INFO neutron.db.ovn_revision_numbers_db [None req-689e43a5-e947-47a5-88a4-459b7e2a5083 b15bb02a936a4dcdb976b6c8a41231f9 82fb65c6c6624b478ef18ed90f80fe9c - - default default] Successfully bumped revision number for resource 6b0cbe4c-bc3c-49a9-9bb5-6eebada15b86 (type: networks) to 1
2026-05-09 14:08:31.275 7 INFO neutron.plugins.ml2.drivers.ovn.mech_driver.mech_driver [None req-e706aab9-9304-435c-8ba6-cefa4aa0dac9 - - - - - -] OVN reports status up for port: 6fdd953d-10cb-492d-a5dc-c7887eef3b25
2026-05-09 14:08:31.299 7 INFO neutron.plugins.ml2.plugin [None req-e706aab9-9304-435c-8ba6-cefa4aa0dac9 - - - - - -] Attempt 1 to provision port 6fdd953d-10cb-492d-a5dc-c7887eef3b25
2026-05-09 14:08:31.383 7 WARNING neutron.scheduler.dhcp_agent_scheduler [None req-68851117-5273-45b3-a064-7ce473cdd924 4598b3486d704872877554630a961d8c 456900713bee4c498ffa96c4f6657c2f - - default default] No more DHCP agents
2026-05-09 14:08:31.385 7 WARNING neutron.api.rpc.agentnotifiers.dhcp_rpc_agent_api [None req-68851117-5273-45b3-a064-7ce473cdd924 4598b3486d704872877554630a961d8c 456900713bee4c498ffa96c4f6657c2f - - default default] Unable to schedule network c821936a-237a-4eb8-974f-dda288d3e852: no agents available; will retry on subsequent port and subnet creation events.
2026-05-09 14:08:31.429 8 WARNING neutron.scheduler.dhcp_agent_scheduler [None req-689e43a5-e947-47a5-88a4-459b7e2a5083 b15bb02a936a4dcdb976b6c8a41231f9 82fb65c6c6624b478ef18ed90f80fe9c - - default default] No more DHCP agents
2026-05-09 14:08:31.430 8 WARNING neutron.api.rpc.agentnotifiers.dhcp_rpc_agent_api [None req-689e43a5-e947-47a5-88a4-459b7e2a5083 b15bb02a936a4dcdb976b6c8a41231f9 82fb65c6c6624b478ef18ed90f80fe9c - - default default] Unable to schedule network 6b0cbe4c-bc3c-49a9-9bb5-6eebada15b86: no agents available; will retry on subsequent port and subnet creation events.
2026-05-09 14:08:31.532 8 INFO neutron.db.ovn_revision_numbers_db [None req-689e43a5-e947-47a5-88a4-459b7e2a5083 b15bb02a936a4dcdb976b6c8a41231f9 82fb65c6c6624b478ef18ed90f80fe9c - - default default] Successfully bumped revision number for resource b7e1f1dc-e42b-4ed2-b9c0-dcbf1cc8b83f (type: ports) to 1 [pid: 8|app: 0|req: 935/1834] 10.0.0.238 () {34 vars in 670 bytes} [Sat May 9 14:08:31 2026] POST /v2.0/networks => generated 632 bytes in 484 msecs (HTTP/1.1 201) 4 headers in 162 bytes (1 switches on core 0)
2026-05-09 14:08:31.570 8 INFO neutron.pecan_wsgi.hooks.translation [None req-f3a5df88-bf9e-4489-8811-d72ce14971ae 31daf25a3dd3468a94b5cd28c7f5bf29 c68bcb26bdc24de598ff98d2078fb2f0 - - default default] GET failed (client error): The resource could not be found. [pid: 8|app: 0|req: 936/1835] 10.0.0.238 () {32 vars in 717 bytes} [Sat May 9 14:08:31 2026] GET /v2.0/ports/1833948e-bad3-4f2d-90f1-0bc0a7baa7e2 => generated 132 bytes in 17 msecs (HTTP/1.1 404) 4 headers in 164 bytes (1 switches on core 0)
2026-05-09 14:08:31.585 8 INFO neutron.pecan_wsgi.hooks.translation [None req-7748e472-7864-47a9-9619-3f21a58d6d87 09d7b951512641a69fdaeccd2167f00f 25c5ef6031cd491d96021709ecf37663 - - default default] GET failed (client error): The resource could not be found. [pid: 8|app: 0|req: 937/1836] 10.0.0.238 () {32 vars in 717 bytes} [Sat May 9 14:08:31 2026] GET /v2.0/ports/da8938a7-3557-4bcc-9795-49aeac5dfed5 => generated 132 bytes in 15 msecs (HTTP/1.1 404) 4 headers in 164 bytes (1 switches on core 0)
2026-05-09 14:08:31.827 8 WARNING neutron.scheduler.dhcp_agent_scheduler [None req-84cb2df9-1d1e-4927-9056-f505e93ac3e9 b15bb02a936a4dcdb976b6c8a41231f9 82fb65c6c6624b478ef18ed90f80fe9c - - default default] No more DHCP agents
2026-05-09 14:08:31.828 8 WARNING neutron.api.rpc.agentnotifiers.dhcp_rpc_agent_api [None req-84cb2df9-1d1e-4927-9056-f505e93ac3e9 b15bb02a936a4dcdb976b6c8a41231f9 82fb65c6c6624b478ef18ed90f80fe9c - - default default] Unable to schedule network 6b0cbe4c-bc3c-49a9-9bb5-6eebada15b86: no agents available; will retry on subsequent port and subnet creation events.
2026-05-09 14:08:31.829 7 INFO neutron.db.ovn_revision_numbers_db [None req-68851117-5273-45b3-a064-7ce473cdd924 4598b3486d704872877554630a961d8c 456900713bee4c498ffa96c4f6657c2f - - default default] Successfully bumped revision number for resource 6fdd953d-10cb-492d-a5dc-c7887eef3b25 (type: router_ports) to 1 [pid: 7|app: 0|req: 900/1837] 10.0.0.238 () {34 vars in 783 bytes} [Sat May 9 14:08:29 2026] PUT /v2.0/routers/6970f5aa-b736-4510-be32-1fad30440c00/add_router_interface => generated 309 bytes in 1902 msecs (HTTP/1.1 200) 4 headers in 157 bytes (1 switches on core 0) [pid: 7|app: 0|req: 901/1838] 10.0.0.238 () {32 vars in 643 bytes} [Sat May 9 14:08:31 2026] GET /v2.0/ports => generated 1533 bytes in 120 msecs (HTTP/1.1 200) 4 headers in 158 bytes (1 switches on core 0)
2026-05-09 14:08:31.976 8 INFO neutron.db.ovn_revision_numbers_db [None req-84cb2df9-1d1e-4927-9056-f505e93ac3e9 b15bb02a936a4dcdb976b6c8a41231f9 82fb65c6c6624b478ef18ed90f80fe9c - - default default] Successfully bumped revision number for resource d3a69aa2-7ad2-4413-83e7-a3c211610800 (type: ports) to 1 [pid: 8|app: 0|req: 938/1839] 10.0.0.238 () {34 vars in 664 bytes} [Sat May 9 14:08:31 2026] POST /v2.0/ports => generated 743 bytes in 441 msecs (HTTP/1.1 201) 4 headers in 162 bytes (1 switches on core 0) /var/lib/openstack/lib/python3.12/site-packages/pycadf/identifier.py:70: UserWarning: Invalid uuid: neutron. To ensure interoperability, identifiers should be a valid uuid. warnings.warn(('Invalid uuid: %s. To ensure interoperability, ' [pid: 8|app: 0|req: 939/1840] 10.0.0.238 () {32 vars in 717 bytes} [Sat May 9 14:08:32 2026] GET /v2.0/ports/6fdd953d-10cb-492d-a5dc-c7887eef3b25 => generated 947 bytes in 34 msecs (HTTP/1.1 200) 4 headers in 157 bytes (1 switches on core 0) [pid: 8|app: 0|req: 940/1841] 10.0.0.238 () {32 vars in 717 bytes} [Sat May 9 14:08:32 2026] GET /v2.0/ports/c778d0af-e45a-41a8-ab7b-046c6497f2ab => generated 774 bytes in 28 msecs (HTTP/1.1 200) 4 headers in 157 bytes (1 switches on core 0)
2026-05-09 14:08:32.137 7 INFO neutron.db.ovn_revision_numbers_db [None req-e706aab9-9304-435c-8ba6-cefa4aa0dac9 - - - - - -] Successfully bumped revision number for resource 6fdd953d-10cb-492d-a5dc-c7887eef3b25 (type: ports) to 2 [pid: 7|app: 0|req: 902/1842] 10.0.0.238 () {32 vars in 724 bytes} [Sat May 9 14:08:31 2026] DELETE /v2.0/subnets/276cf7ba-1cd7-469c-8f3d-bdf8fd29b68b => generated 0 bytes in 215 msecs (HTTP/1.1 204) 3 headers in 131 bytes (1 switches on core 0) [pid: 8|app: 0|req: 941/1843] 10.0.0.238 () {34 vars in 666 bytes} [Sat May 9 14:08:32 2026] POST /v2.0/trunks => generated 409 bytes in 155 msecs (HTTP/1.1 201) 4 headers in 162 bytes (1 switches on core 0)
2026-05-09 14:08:32.258 8 INFO neutron.pecan_wsgi.hooks.translation [None req-c0351ce9-404f-4d18-a85c-60069ff7a51c 31daf25a3dd3468a94b5cd28c7f5bf29 c68bcb26bdc24de598ff98d2078fb2f0 - - default default] DELETE failed (client error): The resource could not be found. [pid: 8|app: 0|req: 942/1844] 10.0.0.238 () {32 vars in 720 bytes} [Sat May 9 14:08:32 2026] DELETE /v2.0/ports/3d570d0e-379d-474d-8f81-e486a8c40297 => generated 132 bytes in 14 msecs (HTTP/1.1 404) 4 headers in 164 bytes (1 switches on core 0) [pid: 7|app: 0|req: 903/1845] 10.0.0.238 () {32 vars in 717 bytes} [Sat May 9 14:08:32 2026] GET /v2.0/ports/6fdd953d-10cb-492d-a5dc-c7887eef3b25 => generated 947 bytes in 113 msecs (HTTP/1.1 200) 4 headers in 157 bytes (1 switches on core 0) [pid: 7|app: 0|req: 904/1846] 10.0.0.238 () {34 vars in 749 bytes} [Sat May 9 14:08:32 2026] PUT /v2.0/trunks/6b6dee31-0580-4fce-890c-8f1d133cd870/tags => generated 17 bytes in 33 msecs (HTTP/1.1 200) 4 headers in 156 bytes (1 switches on core 0)
2026-05-09 14:08:32.335 7 INFO neutron.pecan_wsgi.hooks.translation [None req-085a4bf5-0a08-48f1-9d34-3ee4374fd645 31daf25a3dd3468a94b5cd28c7f5bf29 c68bcb26bdc24de598ff98d2078fb2f0 - - default default] DELETE failed (client error): The resource could not be found. [pid: 7|app: 0|req: 905/1847] 10.0.0.238 () {32 vars in 724 bytes} [Sat May 9 14:08:32 2026] DELETE /v2.0/subnets/c2369594-ad63-4326-907e-10f1d3c89bcf => generated 136 bytes in 17 msecs (HTTP/1.1 404) 4 headers in 164 bytes (1 switches on core 0)
2026-05-09 14:08:32.345 8 INFO neutron_taas.services.taas.taas_plugin [None req-5314a05c-dfe0-4b30-93db-6cd6044f7111 09d7b951512641a69fdaeccd2167f00f 25c5ef6031cd491d96021709ecf37663 - - default default] TaaS: Handle Delete Port: f4d53d97-514e-47dd-9bf3-991b6ee33d4a
2026-05-09 14:08:32.347 8 INFO neutron_taas.services.taas.tap_mirror_plugin [None req-5314a05c-dfe0-4b30-93db-6cd6044f7111 09d7b951512641a69fdaeccd2167f00f 25c5ef6031cd491d96021709ecf37663 - - default default] Tap Mirror: Handle Delete Port: f4d53d97-514e-47dd-9bf3-991b6ee33d4a
2026-05-09 14:08:32.544 8 INFO neutron.services.segments.plugin [-] Segment 447cd910-0fc2-4604-b552-3ef9fa1c5d63 resource provider aggregate not found
2026-05-09 14:08:32.550 8 INFO neutron.services.segments.plugin [-] Segment 447cd910-0fc2-4604-b552-3ef9fa1c5d63 resource provider aggregate not found
2026-05-09 14:08:32.567 8 INFO neutron.services.segments.plugin [-] Segment 447cd910-0fc2-4604-b552-3ef9fa1c5d63 resource provider not found; error: Placement Client Error (4xx): {"errors": [{"status": 404, "title": "Not Found", "detail": "The resource could not be found.\n\n No resource provider with uuid 447cd910-0fc2-4604-b552-3ef9fa1c5d63 found for delete ", "request_id": "req-926031aa-118e-40a4-bb34-790253953580"}]}
2026-05-09 14:08:32.575 8 INFO neutron.services.segments.plugin [-] Segment 447cd910-0fc2-4604-b552-3ef9fa1c5d63 resource provider not found; error: Placement Client Error (4xx): {"errors": [{"status": 404, "title": "Not Found", "detail": "The resource could not be found.\n\n No resource provider with uuid 447cd910-0fc2-4604-b552-3ef9fa1c5d63 found for delete ", "request_id": "req-677b9a44-b71c-4eca-bd65-ebf30c4a257f"}]} [pid: 8|app: 0|req: 943/1848] 10.0.0.238 () {32 vars in 726 bytes} [Sat May 9 14:08:32 2026] DELETE /v2.0/networks/a2b1b253-4799-4e3f-b453-ec44f0fc2ce7 => generated 0 bytes in 349 msecs (HTTP/1.1 204) 3 headers in 131 bytes (1 switches on core 0) [pid: 8|app: 0|req: 944/1849] 10.0.0.238 () {34 vars in 749 bytes} [Sat May 9 14:08:32 2026] PUT /v2.0/trunks/866695a6-d614-466f-9928-02ac81ac616c/tags => generated 25 bytes in 36 msecs (HTTP/1.1 200) 4 headers in 156 bytes (1 switches on core 0)
2026-05-09 14:08:32.653 7 INFO neutron_taas.services.taas.taas_plugin [None req-7fb819ae-4a94-4c31-81de-ba4f70b720c6 4598b3486d704872877554630a961d8c 456900713bee4c498ffa96c4f6657c2f - - default default] TaaS: Handle Delete Port: 6fdd953d-10cb-492d-a5dc-c7887eef3b25
2026-05-09 14:08:32.656 7 INFO neutron_taas.services.taas.tap_mirror_plugin [None req-7fb819ae-4a94-4c31-81de-ba4f70b720c6 4598b3486d704872877554630a961d8c 456900713bee4c498ffa96c4f6657c2f - - default default] Tap Mirror: Handle Delete Port: 6fdd953d-10cb-492d-a5dc-c7887eef3b25
2026-05-09 14:08:32.658 8 INFO neutron.pecan_wsgi.hooks.translation [None req-8052b10a-f0d7-4f05-82b5-59cf93d7fca6 31daf25a3dd3468a94b5cd28c7f5bf29 c68bcb26bdc24de598ff98d2078fb2f0 - - default default] DELETE failed (client error): The resource could not be found. [pid: 8|app: 0|req: 945/1850] 10.0.0.238 () {32 vars in 724 bytes} [Sat May 9 14:08:32 2026] DELETE /v2.0/subnets/f69da3d8-70b6-47d7-acc9-af20edde4f2d => generated 136 bytes in 14 msecs (HTTP/1.1 404) 4 headers in 164 bytes (1 switches on core 0)
2026-05-09 14:08:32.743 8 INFO neutron.db.segments_db [None req-3b98ccc1-a12f-4e9e-bd7b-04bac4e83405 09d7b951512641a69fdaeccd2167f00f 25c5ef6031cd491d96021709ecf37663 - - default default] Added segment 608c9a81-8c10-43e2-82fd-3a11dfbf0d9d of type geneve for network c8f898fd-c961-42ca-8526-852e4d7fd7c0
2026-05-09 14:08:32.900 8 INFO neutron.db.ovn_revision_numbers_db [None req-3b98ccc1-a12f-4e9e-bd7b-04bac4e83405 09d7b951512641a69fdaeccd2167f00f 25c5ef6031cd491d96021709ecf37663 - - default default] Successfully bumped revision number for resource c8f898fd-c961-42ca-8526-852e4d7fd7c0 (type: networks) to 1 [pid: 7|app: 0|req: 906/1851] 10.0.0.238 () {34 vars in 789 bytes} [Sat May 9 14:08:32 2026] PUT /v2.0/routers/6970f5aa-b736-4510-be32-1fad30440c00/remove_router_interface => generated 309 bytes in 646 msecs (HTTP/1.1 200) 4 headers in 157 bytes (1 switches on core 0) /var/lib/openstack/lib/python3.12/site-packages/pycadf/identifier.py:70: UserWarning: Invalid uuid: neutron. To ensure interoperability, identifiers should be a valid uuid. warnings.warn(('Invalid uuid: %s. To ensure interoperability, ' [pid: 7|app: 0|req: 907/1852] 10.0.0.238 () {34 vars in 749 bytes} [Sat May 9 14:08:32 2026] PUT /v2.0/trunks/7809b0fc-5851-48c3-9cd6-0eacfc416e5f/tags => generated 34 bytes in 32 msecs (HTTP/1.1 200) 4 headers in 156 bytes (1 switches on core 0)
2026-05-09 14:08:33.081 8 WARNING neutron.scheduler.dhcp_agent_scheduler [None req-3b98ccc1-a12f-4e9e-bd7b-04bac4e83405 09d7b951512641a69fdaeccd2167f00f 25c5ef6031cd491d96021709ecf37663 - - default default] No more DHCP agents
2026-05-09 14:08:33.082 8 WARNING neutron.api.rpc.agentnotifiers.dhcp_rpc_agent_api [None req-3b98ccc1-a12f-4e9e-bd7b-04bac4e83405 09d7b951512641a69fdaeccd2167f00f 25c5ef6031cd491d96021709ecf37663 - - default default] Unable to schedule network c8f898fd-c961-42ca-8526-852e4d7fd7c0: no agents available; will retry on subsequent port and subnet creation events.
2026-05-09 14:08:33.181 7 INFO neutron_taas.services.taas.taas_plugin [None req-0ff3bf8a-dd7d-4041-9252-e94e9f6563a8 31daf25a3dd3468a94b5cd28c7f5bf29 c68bcb26bdc24de598ff98d2078fb2f0 - - default default] TaaS: Handle Delete Port: c778d0af-e45a-41a8-ab7b-046c6497f2ab
2026-05-09 14:08:33.184 7 INFO neutron_taas.services.taas.tap_mirror_plugin [None req-0ff3bf8a-dd7d-4041-9252-e94e9f6563a8 31daf25a3dd3468a94b5cd28c7f5bf29 c68bcb26bdc24de598ff98d2078fb2f0 - - default default] Tap Mirror: Handle Delete Port: c778d0af-e45a-41a8-ab7b-046c6497f2ab
2026-05-09 14:08:33.193 8 INFO neutron.db.ovn_revision_numbers_db [None req-3b98ccc1-a12f-4e9e-bd7b-04bac4e83405 09d7b951512641a69fdaeccd2167f00f 25c5ef6031cd491d96021709ecf37663 - - default default] Successfully bumped revision number for resource 44e6fdb6-25f0-4ccd-8932-75df25757d3f (type: ports) to 1 [pid: 8|app: 0|req: 946/1853] 10.0.0.238 () {34 vars in 670 bytes} [Sat May 9 14:08:32 2026] POST /v2.0/networks => generated 636 bytes in 551 msecs (HTTP/1.1 201) 4 headers in 162 bytes (1 switches on core 0) [pid: 8|app: 0|req: 947/1854] 10.0.0.238 () {32 vars in 736 bytes} [Sat May 9 14:08:33 2026] GET /v2.0/ports?device_id=6970f5aa-b736-4510-be32-1fad30440c00 => generated 12 bytes in 15 msecs (HTTP/1.1 200) 4 headers in 156 bytes (1 switches on core 0) [pid: 8|app: 0|req: 948/1855] 10.0.0.238 () {34 vars in 749 bytes} [Sat May 9 14:08:33 2026] PUT /v2.0/trunks/0fc6c329-4d1e-4be6-8326-e4abc57e43d3/tags => generated 19 bytes in 21 msecs (HTTP/1.1 200) 4 headers in 156 bytes (1 switches on core 0) [pid: 7|app: 0|req: 908/1856] 10.0.0.238 () {32 vars in 720 bytes} [Sat May 9 14:08:33 2026] DELETE /v2.0/ports/c778d0af-e45a-41a8-ab7b-046c6497f2ab => generated 0 bytes in 296 msecs (HTTP/1.1 204) 3 headers in 131 bytes (1 switches on core 0)
2026-05-09 14:08:33.475 8 WARNING neutron.scheduler.dhcp_agent_scheduler [None req-af607984-4ce4-4dc5-9146-49c4fb07f104 09d7b951512641a69fdaeccd2167f00f 25c5ef6031cd491d96021709ecf37663 - - default default] No more DHCP agents
2026-05-09 14:08:33.476 8 WARNING neutron.api.rpc.agentnotifiers.dhcp_rpc_agent_api [None req-af607984-4ce4-4dc5-9146-49c4fb07f104 09d7b951512641a69fdaeccd2167f00f 25c5ef6031cd491d96021709ecf37663 - - default default] Unable to schedule network c8f898fd-c961-42ca-8526-852e4d7fd7c0: no agents available; will retry on subsequent port and subnet creation events.
2026-05-09 14:08:33.515 8 INFO neutron.db.ovn_revision_numbers_db [None req-af607984-4ce4-4dc5-9146-49c4fb07f104 09d7b951512641a69fdaeccd2167f00f 25c5ef6031cd491d96021709ecf37663 - - default default] Successfully bumped revision number for resource fc484d6f-f9ca-4ee8-b985-adc9a0be6a3e (type: subnets) to 0 [pid: 7|app: 0|req: 909/1857] 10.0.0.238 () {32 vars in 724 bytes} [Sat May 9 14:08:33 2026] DELETE /v2.0/routers/6970f5aa-b736-4510-be32-1fad30440c00 => generated 0 bytes in 201 msecs (HTTP/1.1 204) 2 headers in 112 bytes (1 switches on core 0) [pid: 8|app: 0|req: 949/1858] 10.0.0.238 () {34 vars in 669 bytes} [Sat May 9 14:08:33 2026] POST /v2.0/subnets => generated 646 bytes in 281 msecs (HTTP/1.1 201) 4 headers in 162 bytes (1 switches on core 0) [pid: 7|app: 0|req: 910/1859] 10.0.0.238 () {32 vars in 662 bytes} [Sat May 9 14:08:33 2026] GET /v2.0/trunks?tags=red => generated 1252 bytes in 17 msecs (HTTP/1.1 200) 4 headers in 158 bytes (1 switches on core 0)
2026-05-09 14:08:33.651 8 INFO neutron_taas.services.taas.taas_plugin [None req-05004df4-aee1-4bba-b93a-019f77c99481 31daf25a3dd3468a94b5cd28c7f5bf29 c68bcb26bdc24de598ff98d2078fb2f0 - - default default] TaaS: Handle Delete Port: 2dd8e2dc-b88d-4a8b-b019-9c9ff38023ea
2026-05-09 14:08:33.653 8 INFO neutron_taas.services.taas.tap_mirror_plugin [None req-05004df4-aee1-4bba-b93a-019f77c99481 31daf25a3dd3468a94b5cd28c7f5bf29 c68bcb26bdc24de598ff98d2078fb2f0 - - default default] Tap Mirror: Handle Delete Port: 2dd8e2dc-b88d-4a8b-b019-9c9ff38023ea [pid: 7|app: 0|req: 911/1860] 10.0.0.238 () {32 vars in 724 bytes} [Sat May 9 14:08:33 2026] DELETE /v2.0/subnets/ae7a69b5-6a3c-426a-a8a3-05ec20505a3e => generated 0 bytes in 130 msecs (HTTP/1.1 204) 3 headers in 131 bytes (1 switches on core 0) [pid: 8|app: 0|req: 950/1861] 10.0.0.238 () {32 vars in 726 bytes} [Sat May 9 14:08:33 2026] DELETE /v2.0/networks/286d8ca4-a1d3-4b43-9ad4-bcdd3ff350b2 => generated 0 bytes in 352 msecs (HTTP/1.1 204) 3 headers in 131 bytes (1 switches on core 0) [pid: 8|app: 0|req: 951/1862] 10.0.0.238 () {32 vars in 676 bytes} [Sat May 9 14:08:33 2026] GET /v2.0/trunks?tags=red%2Cblue => generated 847 bytes in 32 msecs (HTTP/1.1 200) 4 headers in 157 bytes (1 switches on core 0)
2026-05-09 14:08:33.970 7 WARNING neutron.scheduler.dhcp_agent_scheduler [None req-0be5a788-2c05-4637-b048-195f24a289a8 09d7b951512641a69fdaeccd2167f00f 25c5ef6031cd491d96021709ecf37663 - - default default] No more DHCP agents
2026-05-09 14:08:33.972 7 WARNING neutron.api.rpc.agentnotifiers.dhcp_rpc_agent_api [None req-0be5a788-2c05-4637-b048-195f24a289a8 09d7b951512641a69fdaeccd2167f00f 25c5ef6031cd491d96021709ecf37663 - - default default] Unable to schedule network c8f898fd-c961-42ca-8526-852e4d7fd7c0: no agents available; will retry on subsequent port and subnet creation events.
2026-05-09 14:08:34.020 8 INFO neutron_taas.services.taas.taas_plugin [None req-c47acfee-484b-43b7-bbdf-b7ff59cbf28e 4598b3486d704872877554630a961d8c 456900713bee4c498ffa96c4f6657c2f - - default default] TaaS: Handle Delete Port: 9209c34a-345c-43ef-bfb6-b02e878da14e
2026-05-09 14:08:34.023 8 INFO neutron_taas.services.taas.tap_mirror_plugin [None req-c47acfee-484b-43b7-bbdf-b7ff59cbf28e 4598b3486d704872877554630a961d8c 456900713bee4c498ffa96c4f6657c2f - - default default] Tap Mirror: Handle Delete Port: 9209c34a-345c-43ef-bfb6-b02e878da14e
2026-05-09 14:08:34.128 7 INFO neutron.db.ovn_revision_numbers_db [None req-0be5a788-2c05-4637-b048-195f24a289a8 09d7b951512641a69fdaeccd2167f00f 25c5ef6031cd491d96021709ecf37663 - - default default] Successfully bumped revision number for resource 789cf255-b631-468c-88ee-ca6fb7394296 (type: ports) to 1 [pid: 7|app: 0|req: 912/1863] 10.0.0.238 () {34 vars in 665 bytes} [Sat May 9 14:08:33 2026] POST /v2.0/ports => generated 927 bytes in 552 msecs (HTTP/1.1 201) 4 headers in 162 bytes (1 switches on core 0) [pid: 7|app: 0|req: 913/1864] 10.0.0.238 () {32 vars in 672 bytes} [Sat May 9 14:08:34 2026] GET /v2.0/trunks?tags-any=blue => generated 847 bytes in 18 msecs (HTTP/1.1 200) 4 headers in 157 bytes (1 switches on core 0) [pid: 8|app: 0|req: 952/1865] 10.0.0.238 () {32 vars in 726 bytes} [Sat May 9 14:08:33 2026] DELETE /v2.0/networks/c821936a-237a-4eb8-974f-dda288d3e852 => generated 0 bytes in 410 msecs (HTTP/1.1 204) 3 headers in 131 bytes (1 switches on core 0) [pid: 8|app: 0|req: 953/1866] 10.0.0.238 () {32 vars in 684 bytes} [Sat May 9 14:08:34 2026] GET /v2.0/trunks?tags-any=red%2Cblue => generated 1252 bytes in 18 msecs (HTTP/1.1 200) 4 headers in 158 bytes (1 switches on core 0)
2026-05-09 14:08:34.367 7 INFO neutron_taas.services.taas.taas_plugin [None req-2b63e1e1-cb39-4e89-b408-3902b33ed6e2 09d7b951512641a69fdaeccd2167f00f 25c5ef6031cd491d96021709ecf37663 - - default default] TaaS: Handle Delete Port: 789cf255-b631-468c-88ee-ca6fb7394296
2026-05-09 14:08:34.370 7 INFO neutron_taas.services.taas.tap_mirror_plugin [None req-2b63e1e1-cb39-4e89-b408-3902b33ed6e2 09d7b951512641a69fdaeccd2167f00f 25c5ef6031cd491d96021709ecf37663 - - default default] Tap Mirror: Handle Delete Port: 789cf255-b631-468c-88ee-ca6fb7394296 [pid: 7|app: 0|req: 914/1867] 10.0.0.238 () {32 vars in 720 bytes} [Sat May 9 14:08:34 2026] DELETE /v2.0/ports/789cf255-b631-468c-88ee-ca6fb7394296 => generated 0 bytes in 285 msecs (HTTP/1.1 204) 3 headers in 131 bytes (1 switches on core 0) [pid: 7|app: 0|req: 915/1868] 10.0.0.238 () {32 vars in 670 bytes} [Sat May 9 14:08:34 2026] GET /v2.0/trunks?not-tags=red => generated 819 bytes in 20 msecs (HTTP/1.1 200) 4 headers in 157 bytes (1 switches on core 0)
2026-05-09 14:08:34.585 8 INFO neutron.services.segments.plugin [-] Segment 0412296d-c3e0-4e4e-bd91-4f8cc1b9bbf8 resource provider aggregate not found
2026-05-09 14:08:34.601 8 INFO neutron.services.segments.plugin [-] Segment 0412296d-c3e0-4e4e-bd91-4f8cc1b9bbf8 resource provider aggregate not found
2026-05-09 14:08:34.606 8 INFO neutron.services.segments.plugin [-] Segment 0412296d-c3e0-4e4e-bd91-4f8cc1b9bbf8 resource provider not found; error: Placement Client Error (4xx): {"errors": [{"status": 404, "title": "Not Found", "detail": "The resource could not be found.\n\n No resource provider with uuid 0412296d-c3e0-4e4e-bd91-4f8cc1b9bbf8 found for delete ", "request_id": "req-0b936a92-3131-4ddb-bfa5-debfb458d2f3"}]}
2026-05-09 14:08:34.623 8 INFO neutron.services.segments.plugin [-] Segment 0412296d-c3e0-4e4e-bd91-4f8cc1b9bbf8 resource provider not found; error: Placement Client Error (4xx): {"errors": [{"status": 404, "title": "Not Found", "detail": "The resource could not be found.\n\n No resource provider with uuid 0412296d-c3e0-4e4e-bd91-4f8cc1b9bbf8 found for delete ", "request_id": "req-da502a6e-492b-4b01-a64b-b13daba38a11"}]}
2026-05-09 14:08:34.624 8 INFO neutron.services.segments.plugin [-] Segment 9bfb01c2-3b58-4066-bd4d-94fc0af85429 resource provider aggregate not found
2026-05-09 14:08:34.650 8 INFO neutron.services.segments.plugin [-] Segment 9bfb01c2-3b58-4066-bd4d-94fc0af85429 resource provider aggregate not found
2026-05-09 14:08:34.653 8 INFO neutron.services.segments.plugin [-] Segment 9bfb01c2-3b58-4066-bd4d-94fc0af85429 resource provider not found; error: Placement Client Error (4xx): {"errors": [{"status": 404, "title": "Not Found", "detail": "The resource could not be found.\n\n No resource provider with uuid 9bfb01c2-3b58-4066-bd4d-94fc0af85429 found for delete ", "request_id": "req-50506d66-3303-463e-88a4-a8d42d1e0a52"}]} [pid: 7|app: 0|req: 916/1869] 10.0.0.238 () {32 vars in 774 bytes} [Sat May 9 14:08:34 2026] GET /v2.0/security-groups?tenant_id=c68bcb26bdc24de598ff98d2078fb2f0&name=default => generated 2925 bytes in 120 msecs (HTTP/1.1 200) 4 headers in 158 bytes (1 switches on core 0)
2026-05-09 14:08:34.670 8 INFO neutron.services.segments.plugin [-] Segment 9bfb01c2-3b58-4066-bd4d-94fc0af85429 resource provider not found; error: Placement Client Error (4xx): {"errors": [{"status": 404, "title": "Not Found", "detail": "The resource could not be found.\n\n No resource provider with uuid 9bfb01c2-3b58-4066-bd4d-94fc0af85429 found for delete ", "request_id": "req-e63bf31e-6f86-48bf-b1ba-1dd2ec784793"}]}
2026-05-09 14:08:34.675 7 INFO neutron.pecan_wsgi.hooks.translation [None req-b1eefed8-8a19-4223-ba79-99f7fb74ee37 09d7b951512641a69fdaeccd2167f00f 25c5ef6031cd491d96021709ecf37663 - - default default] GET failed (client error): The resource could not be found. [pid: 7|app: 0|req: 917/1870] 10.0.0.238 () {32 vars in 717 bytes} [Sat May 9 14:08:34 2026] GET /v2.0/ports/789cf255-b631-468c-88ee-ca6fb7394296 => generated 132 bytes in 16 msecs (HTTP/1.1 404) 4 headers in 164 bytes (1 switches on core 0) [pid: 7|app: 0|req: 918/1871] 10.0.0.238 () {32 vars in 684 bytes} [Sat May 9 14:08:34 2026] GET /v2.0/trunks?not-tags=red%2Cblue => generated 1224 bytes in 22 msecs (HTTP/1.1 200) 4 headers in 158 bytes (1 switches on core 0)
2026-05-09 14:08:34.875 8 WARNING neutron.scheduler.dhcp_agent_scheduler [None req-6cd0e094-8d4a-402f-8615-e79f4caff177 4598b3486d704872877554630a961d8c 456900713bee4c498ffa96c4f6657c2f - - default default] No more DHCP agents
2026-05-09 14:08:34.877 8 WARNING neutron.api.rpc.agentnotifiers.dhcp_rpc_agent_api [None req-6cd0e094-8d4a-402f-8615-e79f4caff177 4598b3486d704872877554630a961d8c 456900713bee4c498ffa96c4f6657c2f - - default default] Unable to schedule network 8edbfd90-daf6-48e8-af71-84de45425b78: no agents available; will retry on subsequent port and subnet creation events. [pid: 7|app: 0|req: 919/1872] 10.0.0.238 () {32 vars in 740 bytes} [Sat May 9 14:08:34 2026] DELETE /v2.0/security-groups/e41cfdc4-f892-4b56-be93-856422f5699e => generated 0 bytes in 276 msecs (HTTP/1.1 204) 2 headers in 112 bytes (1 switches on core 0)
2026-05-09 14:08:35.083 8 INFO neutron.db.ovn_revision_numbers_db [None req-6cd0e094-8d4a-402f-8615-e79f4caff177 4598b3486d704872877554630a961d8c 456900713bee4c498ffa96c4f6657c2f - - default default] Successfully bumped revision number for resource f4bffa5c-cedb-4833-8d30-dd87f61e85ec (type: ports) to 1 [pid: 7|app: 0|req: 920/1873] 10.0.0.238 () {32 vars in 724 bytes} [Sat May 9 14:08:34 2026] DELETE /v2.0/subnets/fc484d6f-f9ca-4ee8-b985-adc9a0be6a3e => generated 0 bytes in 194 msecs (HTTP/1.1 204) 3 headers in 131 bytes (1 switches on core 0) [pid: 7|app: 0|req: 921/1874] 10.0.0.238 () {32 vars in 680 bytes} [Sat May 9 14:08:35 2026] GET /v2.0/trunks?not-tags-any=blue => generated 1224 bytes in 25 msecs (HTTP/1.1 200) 4 headers in 158 bytes (1 switches on core 0)
