2026-05-09 14:11:13.824 7 INFO neutron_taas.services.taas.taas_plugin [None req-32511173-f9ae-4c8e-8265-6f76f2ff9f2c 8802d4a9157240daa1f296e34799de74 c2f1da2a07d946e890f9115b02ec8304 - - default default] TaaS: Handle Delete Port: 7f456f6f-ae68-4f7e-a98e-672f14bc44ce
2026-05-09 14:11:13.826 7 INFO neutron_taas.services.taas.tap_mirror_plugin [None req-32511173-f9ae-4c8e-8265-6f76f2ff9f2c 8802d4a9157240daa1f296e34799de74 c2f1da2a07d946e890f9115b02ec8304 - - default default] Tap Mirror: Handle Delete Port: 7f456f6f-ae68-4f7e-a98e-672f14bc44ce [pid: 7|app: 0|req: 1416/2894] 10.0.0.238 () {32 vars in 732 bytes} [Sat May 9 14:11:13 2026] DELETE /v2.0/floatingips/7b93d112-69e7-4b0e-bfef-4fc032cc4297 => generated 0 bytes in 268 msecs (HTTP/1.1 204) 2 headers in 112 bytes (1 switches on core 0)
2026-05-09 14:11:14.107 8 INFO neutron.db.ovn_revision_numbers_db [None req-7baaae8a-443c-4852-b62e-f59a302246b8 - - - - - -] Successfully bumped revision number for resource a0c046f7-7565-4053-80a8-f42bd4f607e5 (type: ports) to 2
2026-05-09 14:11:14.137 8 INFO neutron.db.ovn_revision_numbers_db [None req-7baaae8a-443c-4852-b62e-f59a302246b8 - - - - - -] Successfully bumped revision number for resource 2968d9cf-bc86-49b9-8624-976575edfc46 (type: subnets) to 0 [pid: 8|app: 0|req: 1479/2895] 10.0.0.238 () {34 vars in 669 bytes} [Sat May 9 14:11:13 2026] POST /v2.0/subnets => generated 655 bytes in 757 msecs (HTTP/1.1 201) 4 headers in 162 bytes (1 switches on core 0) [pid: 7|app: 0|req: 1417/2896] 10.0.0.238 () {32 vars in 740 bytes} [Sat May 9 14:11:13 2026] DELETE /v2.0/security-groups/5c1a7214-e598-479b-ad93-3c5cabbb916e => generated 0 bytes in 276 msecs (HTTP/1.1 204) 2 headers in 112 bytes (1 switches on core 0)
2026-05-09 14:11:14.444 8 WARNING neutron.scheduler.dhcp_agent_scheduler [None req-0a8c81bb-5ded-4153-bfc1-f6eb036ccc5f 7be7202037be4ad59a5e35492caaf6e7 b60fd9f335f64562b28f9ad2774e42ec - - default default] No more DHCP agents
2026-05-09 14:11:14.446 8 WARNING neutron.api.rpc.agentnotifiers.dhcp_rpc_agent_api [None req-0a8c81bb-5ded-4153-bfc1-f6eb036ccc5f 7be7202037be4ad59a5e35492caaf6e7 b60fd9f335f64562b28f9ad2774e42ec - - default default] Unable to schedule network 94a7f378-3686-40d5-966a-8e9f24efe686: no agents available; will retry on subsequent port and subnet creation events.
2026-05-09 14:11:14.486 8 INFO neutron.db.ovn_revision_numbers_db [None req-0a8c81bb-5ded-4153-bfc1-f6eb036ccc5f 7be7202037be4ad59a5e35492caaf6e7 b60fd9f335f64562b28f9ad2774e42ec - - default default] Successfully bumped revision number for resource 03f739d4-d33a-401d-aca2-a006b0f28fdb (type: subnets) to 0 [pid: 8|app: 0|req: 1480/2897] 10.0.0.238 () {34 vars in 669 bytes} [Sat May 9 14:11:14 2026] POST /v2.0/subnets => generated 730 bytes in 339 msecs (HTTP/1.1 201) 4 headers in 162 bytes (1 switches on core 0)
2026-05-09 14:11:14.579 7 INFO neutron_taas.services.taas.taas_plugin [None req-d53a3a7a-cdb2-409c-b58d-82888001082f e0381621a85a4be29c2d3b463a25ac55 4e39d38e182e4cd5a1b052cd1540b90f - - default default] TaaS: Handle Delete Port: e4f169eb-b0f6-452e-a322-302770f5b67e
2026-05-09 14:11:14.582 7 INFO neutron_taas.services.taas.tap_mirror_plugin [None req-d53a3a7a-cdb2-409c-b58d-82888001082f e0381621a85a4be29c2d3b463a25ac55 4e39d38e182e4cd5a1b052cd1540b90f - - default default] Tap Mirror: Handle Delete Port: e4f169eb-b0f6-452e-a322-302770f5b67e
2026-05-09 14:11:15.004 8 WARNING neutron.scheduler.dhcp_agent_scheduler [None req-2eb924d1-fe4a-4522-8325-f8750880f3ee 7be7202037be4ad59a5e35492caaf6e7 b60fd9f335f64562b28f9ad2774e42ec - - default default] No more DHCP agents
2026-05-09 14:11:15.007 8 WARNING neutron.api.rpc.agentnotifiers.dhcp_rpc_agent_api [None req-2eb924d1-fe4a-4522-8325-f8750880f3ee 7be7202037be4ad59a5e35492caaf6e7 b60fd9f335f64562b28f9ad2774e42ec - - default default] Unable to schedule network 8edbfd90-daf6-48e8-af71-84de45425b78: no agents available; will retry on subsequent port and subnet creation events.
2026-05-09 14:11:15.182 7 INFO neutron.plugins.ml2.drivers.ovn.mech_driver.mech_driver [None req-213282ce-b549-4230-b55c-939b2fbba559 - - - - - -] OVN reports status down for port: 42745c6d-ff0b-4664-afeb-1971acfd915b
2026-05-09 14:11:15.194 8 INFO neutron.db.ovn_revision_numbers_db [None req-2eb924d1-fe4a-4522-8325-f8750880f3ee 7be7202037be4ad59a5e35492caaf6e7 b60fd9f335f64562b28f9ad2774e42ec - - default default] Successfully bumped revision number for resource 42745c6d-ff0b-4664-afeb-1971acfd915b (type: ports) to 1 [pid: 7|app: 0|req: 1418/2898] 10.0.0.238 () {34 vars in 789 bytes} [Sat May 9 14:11:14 2026] PUT /v2.0/routers/35a7a0ec-c96c-4647-8779-1bf3ef2d35e2/remove_router_interface => generated 309 bytes in 1085 msecs (HTTP/1.1 200) 4 headers in 157 bytes (1 switches on core 0) /var/lib/openstack/lib/python3.12/site-packages/pycadf/identifier.py:70: UserWarning: Invalid uuid: neutron. To ensure interoperability, identifiers should be a valid uuid. warnings.warn(('Invalid uuid: %s. To ensure interoperability, '
2026-05-09 14:11:15.739 7 INFO neutron_taas.services.taas.taas_plugin [None req-678b6e8c-d906-45c5-81f1-1e7e3d296e3b e0381621a85a4be29c2d3b463a25ac55 4e39d38e182e4cd5a1b052cd1540b90f - - default default] TaaS: Handle Delete Port: 967e9620-24b1-4b33-a9c8-df5a87c88563
2026-05-09 14:11:15.742 7 INFO neutron_taas.services.taas.tap_mirror_plugin [None req-678b6e8c-d906-45c5-81f1-1e7e3d296e3b e0381621a85a4be29c2d3b463a25ac55 4e39d38e182e4cd5a1b052cd1540b90f - - default default] Tap Mirror: Handle Delete Port: 967e9620-24b1-4b33-a9c8-df5a87c88563
2026-05-09 14:11:15.865 8 INFO neutron.plugins.ml2.drivers.ovn.mech_driver.ovsdb.commands [-] Schedule LRP lrp-42745c6d-ff0b-4664-afeb-1971acfd915b on gateway 36a0a036-da83-4b89-b9a4-adad05d49e0a with priority 1
2026-05-09 14:11:15.988 7 INFO neutron.plugins.ml2.drivers.ovn.mech_driver.ovsdb.ovsdb_monitor [None req-6f232a93-7a9f-41d1-9f0c-3601c1c0fc87 - - - - - -] Router f5419468-bccf-405c-ae2a-1ab0e2064f36 is bound to host instance
2026-05-09 14:11:15.993 8 INFO neutron.db.ovn_revision_numbers_db [None req-2eb924d1-fe4a-4522-8325-f8750880f3ee 7be7202037be4ad59a5e35492caaf6e7 b60fd9f335f64562b28f9ad2774e42ec - - default default] Successfully bumped revision number for resource 42745c6d-ff0b-4664-afeb-1971acfd915b (type: router_ports) to 1
2026-05-09 14:11:16.023 7 INFO neutron.plugins.ml2.drivers.ovn.mech_driver.mech_driver [None req-213282ce-b549-4230-b55c-939b2fbba559 - - - - - -] OVN reports status up for port: 42745c6d-ff0b-4664-afeb-1971acfd915b
2026-05-09 14:11:16.067 8 INFO neutron.db.ovn_revision_numbers_db [None req-2eb924d1-fe4a-4522-8325-f8750880f3ee 7be7202037be4ad59a5e35492caaf6e7 b60fd9f335f64562b28f9ad2774e42ec - - default default] Successfully bumped revision number for resource f5419468-bccf-405c-ae2a-1ab0e2064f36 (type: routers) to 2
2026-05-09 14:11:16.079 7 INFO neutron.plugins.ml2.plugin [None req-213282ce-b549-4230-b55c-939b2fbba559 - - - - - -] Attempt 1 to provision port 42745c6d-ff0b-4664-afeb-1971acfd915b [pid: 8|app: 0|req: 1481/2899] 10.0.0.238 () {34 vars in 669 bytes} [Sat May 9 14:11:14 2026] POST /v2.0/routers => generated 945 bytes in 1595 msecs (HTTP/1.1 201) 4 headers in 162 bytes (1 switches on core 0) [pid: 7|app: 0|req: 1419/2900] 10.0.0.238 () {32 vars in 724 bytes} [Sat May 9 14:11:15 2026] DELETE /v2.0/routers/35a7a0ec-c96c-4647-8779-1bf3ef2d35e2 => generated 0 bytes in 1315 msecs (HTTP/1.1 204) 2 headers in 112 bytes (1 switches on core 0)
2026-05-09 14:11:16.709 8 WARNING neutron.scheduler.dhcp_agent_scheduler [None req-8276515c-b69e-401a-9453-41d0c2216df6 7be7202037be4ad59a5e35492caaf6e7 b60fd9f335f64562b28f9ad2774e42ec - - default default] No more DHCP agents
2026-05-09 14:11:16.710 8 WARNING neutron.api.rpc.agentnotifiers.dhcp_rpc_agent_api [None req-8276515c-b69e-401a-9453-41d0c2216df6 7be7202037be4ad59a5e35492caaf6e7 b60fd9f335f64562b28f9ad2774e42ec - - default default] Unable to schedule network 1192860a-edc0-49a0-9c72-f085a385c40c: no agents available; will retry on subsequent port and subnet creation events.
2026-05-09 14:11:16.863 8 INFO neutron.db.ovn_revision_numbers_db [None req-8276515c-b69e-401a-9453-41d0c2216df6 7be7202037be4ad59a5e35492caaf6e7 b60fd9f335f64562b28f9ad2774e42ec - - default default] Successfully bumped revision number for resource 8809f431-5bdf-42d3-bf23-740e16120f82 (type: ports) to 1 [pid: 7|app: 0|req: 1420/2901] 10.0.0.238 () {32 vars in 724 bytes} [Sat May 9 14:11:16 2026] DELETE /v2.0/subnets/a269d222-3254-4cb9-b9a3-732f83a39986 => generated 0 bytes in 343 msecs (HTTP/1.1 204) 3 headers in 131 bytes (1 switches on core 0)
2026-05-09 14:11:17.246 7 INFO neutron_taas.services.taas.taas_plugin [None req-181d8ef1-21bf-423b-a5fc-2f3deeb370dd e0381621a85a4be29c2d3b463a25ac55 4e39d38e182e4cd5a1b052cd1540b90f - - default default] TaaS: Handle Delete Port: 7bf11a00-9b20-471a-a562-d2c6400fb3a2
2026-05-09 14:11:17.251 7 INFO neutron_taas.services.taas.tap_mirror_plugin [None req-181d8ef1-21bf-423b-a5fc-2f3deeb370dd e0381621a85a4be29c2d3b463a25ac55 4e39d38e182e4cd5a1b052cd1540b90f - - default default] Tap Mirror: Handle Delete Port: 7bf11a00-9b20-471a-a562-d2c6400fb3a2
2026-05-09 14:11:17.569 8 WARNING neutron.scheduler.dhcp_agent_scheduler [None req-8276515c-b69e-401a-9453-41d0c2216df6 7be7202037be4ad59a5e35492caaf6e7 b60fd9f335f64562b28f9ad2774e42ec - - default default] No more DHCP agents
2026-05-09 14:11:17.570 8 WARNING neutron.api.rpc.agentnotifiers.dhcp_rpc_agent_api [None req-8276515c-b69e-401a-9453-41d0c2216df6 7be7202037be4ad59a5e35492caaf6e7 b60fd9f335f64562b28f9ad2774e42ec - - default default] Unable to schedule network 1192860a-edc0-49a0-9c72-f085a385c40c: no agents available; will retry on subsequent port and subnet creation events.
2026-05-09 14:11:17.586 7 INFO neutron.db.ovn_revision_numbers_db [None req-7403eb6b-e0d5-4ecb-a461-4f2c1337d819 - - - - - -] Successfully bumped revision number for resource 42745c6d-ff0b-4664-afeb-1971acfd915b (type: ports) to 4
2026-05-09 14:11:17.617 7 INFO neutron.services.segments.plugin [-] Segment 4d0ebfeb-f07d-4a6b-bf98-8adf539c9bae resource provider aggregate not found
2026-05-09 14:11:17.620 7 INFO neutron.services.segments.plugin [-] Segment 4d0ebfeb-f07d-4a6b-bf98-8adf539c9bae resource provider aggregate not found
2026-05-09 14:11:17.640 7 INFO neutron.services.segments.plugin [-] Segment 4d0ebfeb-f07d-4a6b-bf98-8adf539c9bae resource provider not found; error: Placement Client Error (4xx): {"errors": [{"status": 404, "title": "Not Found", "detail": "The resource could not be found.\n\n No resource provider with uuid 4d0ebfeb-f07d-4a6b-bf98-8adf539c9bae found for delete ", "request_id": "req-4b3b86a3-c99a-4631-9bff-16c1098d2f02"}]}
2026-05-09 14:11:17.645 7 INFO neutron.services.segments.plugin [-] Segment 4d0ebfeb-f07d-4a6b-bf98-8adf539c9bae resource provider not found; error: Placement Client Error (4xx): {"errors": [{"status": 404, "title": "Not Found", "detail": "The resource could not be found.\n\n No resource provider with uuid 4d0ebfeb-f07d-4a6b-bf98-8adf539c9bae found for delete ", "request_id": "req-fc11a236-46a8-4745-98ad-89eb471c853c"}]} [pid: 7|app: 0|req: 1421/2902] 10.0.0.238 () {32 vars in 726 bytes} [Sat May 9 14:11:17 2026] DELETE /v2.0/networks/f3658e84-2eb1-456c-8fb4-396b313582a6 => generated 0 bytes in 670 msecs (HTTP/1.1 204) 3 headers in 131 bytes (1 switches on core 0)
2026-05-09 14:11:17.975 8 INFO neutron.db.ovn_revision_numbers_db [None req-8276515c-b69e-401a-9453-41d0c2216df6 7be7202037be4ad59a5e35492caaf6e7 b60fd9f335f64562b28f9ad2774e42ec - - default default] Successfully bumped revision number for resource 8809f431-5bdf-42d3-bf23-740e16120f82 (type: router_ports) to 1 [pid: 8|app: 0|req: 1482/2903] 10.0.0.238 () {34 vars in 783 bytes} [Sat May 9 14:11:16 2026] PUT /v2.0/routers/f5419468-bccf-405c-ae2a-1ab0e2064f36/add_router_interface => generated 309 bytes in 1872 msecs (HTTP/1.1 200) 4 headers in 157 bytes (1 switches on core 0)
2026-05-09 14:11:18.312 7 INFO neutron_taas.services.taas.taas_plugin [None req-0efa655b-eac9-4ab4-905c-14e876f0a7d4 e0381621a85a4be29c2d3b463a25ac55 4e39d38e182e4cd5a1b052cd1540b90f - - default default] TaaS: Handle Delete Port: 3ae60e10-ed90-4a74-bc1e-d97ba4e62e44
2026-05-09 14:11:18.323 7 INFO neutron_taas.services.taas.tap_mirror_plugin [None req-0efa655b-eac9-4ab4-905c-14e876f0a7d4 e0381621a85a4be29c2d3b463a25ac55 4e39d38e182e4cd5a1b052cd1540b90f - - default default] Tap Mirror: Handle Delete Port: 3ae60e10-ed90-4a74-bc1e-d97ba4e62e44
2026-05-09 14:11:18.364 7 INFO neutron.db.ovn_revision_numbers_db [None req-7403eb6b-e0d5-4ecb-a461-4f2c1337d819 - - - - - -] Successfully bumped revision number for resource 42745c6d-ff0b-4664-afeb-1971acfd915b (type: ports) to 5
2026-05-09 14:11:18.417 7 INFO neutron.plugins.ml2.drivers.ovn.mech_driver.mech_driver [None req-213282ce-b549-4230-b55c-939b2fbba559 - - - - - -] OVN reports status down for port: 8809f431-5bdf-42d3-bf23-740e16120f82
2026-05-09 14:11:18.505 8 WARNING neutron.scheduler.dhcp_agent_scheduler [None req-c77071c9-2b7d-4cb9-b794-8a74a5fa4dd9 7be7202037be4ad59a5e35492caaf6e7 b60fd9f335f64562b28f9ad2774e42ec - - default default] No more DHCP agents
2026-05-09 14:11:18.506 8 WARNING neutron.api.rpc.agentnotifiers.dhcp_rpc_agent_api [None req-c77071c9-2b7d-4cb9-b794-8a74a5fa4dd9 7be7202037be4ad59a5e35492caaf6e7 b60fd9f335f64562b28f9ad2774e42ec - - default default] Unable to schedule network 1936c35e-11b0-4beb-8909-6b3fc2ddba43: no agents available; will retry on subsequent port and subnet creation events.
2026-05-09 14:11:18.590 7 WARNING neutron.plugins.ml2.drivers.ovn.mech_driver.ovsdb.ovn_client [None req-213282ce-b549-4230-b55c-939b2fbba559 - - - - - -] Logical_Switch_Port 8809f431-5bdf-42d3-bf23-740e16120f82 host information not removed, the port state is up
2026-05-09 14:11:18.591 7 INFO neutron.plugins.ml2.drivers.ovn.mech_driver.mech_driver [None req-213282ce-b549-4230-b55c-939b2fbba559 - - - - - -] OVN reports status up for port: 8809f431-5bdf-42d3-bf23-740e16120f82
2026-05-09 14:11:18.628 7 INFO neutron.plugins.ml2.plugin [None req-213282ce-b549-4230-b55c-939b2fbba559 - - - - - -] Attempt 1 to provision port 8809f431-5bdf-42d3-bf23-740e16120f82
2026-05-09 14:11:18.678 8 INFO neutron.db.ovn_revision_numbers_db [None req-c77071c9-2b7d-4cb9-b794-8a74a5fa4dd9 7be7202037be4ad59a5e35492caaf6e7 b60fd9f335f64562b28f9ad2774e42ec - - default default] Successfully bumped revision number for resource a75834ce-32a4-4625-b330-28e3f84477b2 (type: ports) to 1
2026-05-09 14:11:19.363 7 INFO neutron.db.ovn_revision_numbers_db [None req-213282ce-b549-4230-b55c-939b2fbba559 - - - - - -] Successfully bumped revision number for resource 8809f431-5bdf-42d3-bf23-740e16120f82 (type: ports) to 2
2026-05-09 14:11:19.461 8 WARNING neutron.scheduler.dhcp_agent_scheduler [None req-c77071c9-2b7d-4cb9-b794-8a74a5fa4dd9 7be7202037be4ad59a5e35492caaf6e7 b60fd9f335f64562b28f9ad2774e42ec - - default default] No more DHCP agents
2026-05-09 14:11:19.462 8 WARNING neutron.api.rpc.agentnotifiers.dhcp_rpc_agent_api [None req-c77071c9-2b7d-4cb9-b794-8a74a5fa4dd9 7be7202037be4ad59a5e35492caaf6e7 b60fd9f335f64562b28f9ad2774e42ec - - default default] Unable to schedule network 1936c35e-11b0-4beb-8909-6b3fc2ddba43: no agents available; will retry on subsequent port and subnet creation events. [pid: 7|app: 0|req: 1422/2904] 10.0.0.238 () {34 vars in 789 bytes} [Sat May 9 14:11:17 2026] PUT /v2.0/routers/f88a8a2a-8fb8-4d6e-9a97-3f832a704bdb/remove_router_interface => generated 309 bytes in 1949 msecs (HTTP/1.1 200) 4 headers in 157 bytes (1 switches on core 0) /var/lib/openstack/lib/python3.12/site-packages/pycadf/identifier.py:70: UserWarning: Invalid uuid: neutron. To ensure interoperability, identifiers should be a valid uuid. warnings.warn(('Invalid uuid: %s. To ensure interoperability, '
2026-05-09 14:11:19.985 8 INFO neutron.db.ovn_revision_numbers_db [None req-c77071c9-2b7d-4cb9-b794-8a74a5fa4dd9 7be7202037be4ad59a5e35492caaf6e7 b60fd9f335f64562b28f9ad2774e42ec - - default default] Successfully bumped revision number for resource a75834ce-32a4-4625-b330-28e3f84477b2 (type: router_ports) to 1 [pid: 8|app: 0|req: 1483/2905] 10.0.0.238 () {34 vars in 783 bytes} [Sat May 9 14:11:17 2026] PUT /v2.0/routers/f5419468-bccf-405c-ae2a-1ab0e2064f36/add_router_interface => generated 309 bytes in 2007 msecs (HTTP/1.1 200) 4 headers in 157 bytes (1 switches on core 0)
2026-05-09 14:11:20.191 7 INFO neutron_taas.services.taas.taas_plugin [None req-db5a70ca-3e7a-4d9b-91a0-f39e1ac7d156 e0381621a85a4be29c2d3b463a25ac55 4e39d38e182e4cd5a1b052cd1540b90f - - default default] TaaS: Handle Delete Port: b207cf51-3078-4530-84c9-6122438afee9
2026-05-09 14:11:20.195 7 INFO neutron_taas.services.taas.tap_mirror_plugin [None req-db5a70ca-3e7a-4d9b-91a0-f39e1ac7d156 e0381621a85a4be29c2d3b463a25ac55 4e39d38e182e4cd5a1b052cd1540b90f - - default default] Tap Mirror: Handle Delete Port: b207cf51-3078-4530-84c9-6122438afee9
2026-05-09 14:11:20.516 8 WARNING neutron.scheduler.dhcp_agent_scheduler [None req-73f4b193-cd60-4231-a906-bbad28181341 7be7202037be4ad59a5e35492caaf6e7 b60fd9f335f64562b28f9ad2774e42ec - - default default] No more DHCP agents
2026-05-09 14:11:20.518 8 WARNING neutron.api.rpc.agentnotifiers.dhcp_rpc_agent_api [None req-73f4b193-cd60-4231-a906-bbad28181341 7be7202037be4ad59a5e35492caaf6e7 b60fd9f335f64562b28f9ad2774e42ec - - default default] Unable to schedule network 94a7f378-3686-40d5-966a-8e9f24efe686: no agents available; will retry on subsequent port and subnet creation events. [pid: 7|app: 0|req: 1423/2906] 10.0.0.238 () {32 vars in 724 bytes} [Sat May 9 14:11:19 2026] DELETE /v2.0/routers/f88a8a2a-8fb8-4d6e-9a97-3f832a704bdb => generated 0 bytes in 949 msecs (HTTP/1.1 204) 2 headers in 112 bytes (1 switches on core 0)
2026-05-09 14:11:20.752 8 INFO neutron.db.ovn_revision_numbers_db [None req-73f4b193-cd60-4231-a906-bbad28181341 7be7202037be4ad59a5e35492caaf6e7 b60fd9f335f64562b28f9ad2774e42ec - - default default] Successfully bumped revision number for resource e1b12304-0bb9-4413-8de0-e307c7d27a5c (type: ports) to 1 [pid: 7|app: 0|req: 1424/2907] 10.0.0.238 () {32 vars in 724 bytes} [Sat May 9 14:11:20 2026] DELETE /v2.0/subnets/52463f2e-551d-4226-ac0d-2c5e3e83c6bb => generated 0 bytes in 211 msecs (HTTP/1.1 204) 3 headers in 131 bytes (1 switches on core 0)
2026-05-09 14:11:20.973 7 INFO neutron_taas.services.taas.taas_plugin [None req-3077d6a5-3cc1-4509-894f-a4d0f39cdf70 e0381621a85a4be29c2d3b463a25ac55 4e39d38e182e4cd5a1b052cd1540b90f - - default default] TaaS: Handle Delete Port: 8695240b-067c-4145-b6bd-5b76a4706639
2026-05-09 14:11:20.976 7 INFO neutron_taas.services.taas.tap_mirror_plugin [None req-3077d6a5-3cc1-4509-894f-a4d0f39cdf70 e0381621a85a4be29c2d3b463a25ac55 4e39d38e182e4cd5a1b052cd1540b90f - - default default] Tap Mirror: Handle Delete Port: 8695240b-067c-4145-b6bd-5b76a4706639
2026-05-09 14:11:21.213 7 INFO neutron.services.segments.plugin [-] Segment c4cf09b0-63fb-45ef-922a-c240f54685b5 resource provider aggregate not found
2026-05-09 14:11:21.220 7 INFO neutron.services.segments.plugin [-] Segment c4cf09b0-63fb-45ef-922a-c240f54685b5 resource provider aggregate not found
2026-05-09 14:11:21.235 7 INFO neutron.services.segments.plugin [-] Segment c4cf09b0-63fb-45ef-922a-c240f54685b5 resource provider not found; error: Placement Client Error (4xx): {"errors": [{"status": 404, "title": "Not Found", "detail": "The resource could not be found.\n\n No resource provider with uuid c4cf09b0-63fb-45ef-922a-c240f54685b5 found for delete ", "request_id": "req-cc8eeb2c-9865-4e4d-801d-666c316e9495"}]}
2026-05-09 14:11:21.243 7 INFO neutron.services.segments.plugin [-] Segment c4cf09b0-63fb-45ef-922a-c240f54685b5 resource provider not found; error: Placement Client Error (4xx): {"errors": [{"status": 404, "title": "Not Found", "detail": "The resource could not be found.\n\n No resource provider with uuid c4cf09b0-63fb-45ef-922a-c240f54685b5 found for delete ", "request_id": "req-8ed117a8-b3e1-401b-9fe7-0241251aaa26"}]} [pid: 7|app: 0|req: 1425/2908] 10.0.0.238 () {32 vars in 726 bytes} [Sat May 9 14:11:20 2026] DELETE /v2.0/networks/1e957582-e64d-4b70-8844-44fd1a4aeb61 => generated 0 bytes in 440 msecs (HTTP/1.1 204) 3 headers in 131 bytes (1 switches on core 0)
2026-05-09 14:11:21.604 8 WARNING neutron.scheduler.dhcp_agent_scheduler [None req-73f4b193-cd60-4231-a906-bbad28181341 7be7202037be4ad59a5e35492caaf6e7 b60fd9f335f64562b28f9ad2774e42ec - - default default] No more DHCP agents
2026-05-09 14:11:21.606 8 WARNING neutron.api.rpc.agentnotifiers.dhcp_rpc_agent_api [None req-73f4b193-cd60-4231-a906-bbad28181341 7be7202037be4ad59a5e35492caaf6e7 b60fd9f335f64562b28f9ad2774e42ec - - default default] Unable to schedule network 94a7f378-3686-40d5-966a-8e9f24efe686: no agents available; will retry on subsequent port and subnet creation events. [pid: 7|app: 0|req: 1428/2911] 10.0.0.238 () {32 vars in 774 bytes} [Sat May 9 14:11:21 2026] GET /v2.0/security-groups?tenant_id=c2f1da2a07d946e890f9115b02ec8304&name=default => generated 2925 bytes in 52 msecs (HTTP/1.1 200) 4 headers in 158 bytes (1 switches on core 0) [pid: 7|app: 0|req: 1429/2912] 10.0.0.238 () {32 vars in 740 bytes} [Sat May 9 14:11:21 2026] DELETE /v2.0/security-groups/636635ac-2f3a-4128-8952-2e9526c5931e => generated 0 bytes in 260 msecs (HTTP/1.1 204) 2 headers in 112 bytes (1 switches on core 0)
2026-05-09 14:11:22.038 8 INFO neutron.db.ovn_revision_numbers_db [None req-73f4b193-cd60-4231-a906-bbad28181341 7be7202037be4ad59a5e35492caaf6e7 b60fd9f335f64562b28f9ad2774e42ec - - default default] Successfully bumped revision number for resource e1b12304-0bb9-4413-8de0-e307c7d27a5c (type: router_ports) to 1 [pid: 8|app: 0|req: 1484/2913] 10.0.0.238 () {34 vars in 783 bytes} [Sat May 9 14:11:19 2026] PUT /v2.0/routers/f5419468-bccf-405c-ae2a-1ab0e2064f36/add_router_interface => generated 309 bytes in 2045 msecs (HTTP/1.1 200) 4 headers in 157 bytes (1 switches on core 0)
2026-05-09 14:11:22.237 8 INFO neutron.db.ovn_revision_numbers_db [None req-7c74198a-5d0a-40f1-b443-980e68e8e1f4 7be7202037be4ad59a5e35492caaf6e7 b60fd9f335f64562b28f9ad2774e42ec - - default default] Successfully bumped revision number for resource 67d67826-f539-4efa-949f-999d44ed2391 (type: security_groups) to 1
2026-05-09 14:11:22.248 8 INFO neutron.db.ovn_revision_numbers_db [None req-7c74198a-5d0a-40f1-b443-980e68e8e1f4 7be7202037be4ad59a5e35492caaf6e7 b60fd9f335f64562b28f9ad2774e42ec - - default default] Successfully bumped revision number for resource 5341fa80-4269-4625-9b4d-d0f4bb1f526d (type: security_group_rules) to 0
2026-05-09 14:11:22.259 8 INFO neutron.db.ovn_revision_numbers_db [None req-7c74198a-5d0a-40f1-b443-980e68e8e1f4 7be7202037be4ad59a5e35492caaf6e7 b60fd9f335f64562b28f9ad2774e42ec - - default default] Successfully bumped revision number for resource 82770723-627a-4715-ad66-dec679387f24 (type: security_group_rules) to 0 [pid: 8|app: 0|req: 1485/2914] 10.0.0.238 () {34 vars in 684 bytes} [Sat May 9 14:11:22 2026] POST /v2.0/security-groups => generated 1630 bytes in 196 msecs (HTTP/1.1 201) 4 headers in 163 bytes (1 switches on core 0)
2026-05-09 14:11:22.445 8 INFO neutron.db.ovn_revision_numbers_db [None req-c16a62ed-077b-4ec2-ade7-07dbbe2aaa11 7be7202037be4ad59a5e35492caaf6e7 b60fd9f335f64562b28f9ad2774e42ec - - default default] Successfully bumped revision number for resource 9e9521c4-de47-4da8-8367-ccafc8e0b0d6 (type: security_group_rules) to 0 [pid: 8|app: 0|req: 1486/2915] 10.0.0.238 () {34 vars in 695 bytes} [Sat May 9 14:11:22 2026] POST /v2.0/security-group-rules => generated 597 bytes in 177 msecs (HTTP/1.1 201) 4 headers in 162 bytes (1 switches on core 0)
2026-05-09 14:11:22.644 8 INFO neutron.db.ovn_revision_numbers_db [None req-25b28597-4584-491b-b3eb-02216cd07613 7be7202037be4ad59a5e35492caaf6e7 b60fd9f335f64562b28f9ad2774e42ec - - default default] Successfully bumped revision number for resource c5557a2d-8dd3-4f30-acb7-6e312670ebd5 (type: security_group_rules) to 0 [pid: 7|app: 0|req: 1430/2916] 10.0.0.238 () {32 vars in 774 bytes} [Sat May 9 14:11:22 2026] GET /v2.0/security-groups?tenant_id=4b5137eeba1a4cea894f9be120ab9c60&name=default => generated 2929 bytes in 620 msecs (HTTP/1.1 200) 4 headers in 158 bytes (1 switches on core 0) [pid: 8|app: 0|req: 1487/2917] 10.0.0.238 () {34 vars in 695 bytes} [Sat May 9 14:11:22 2026] POST /v2.0/security-group-rules => generated 597 bytes in 187 msecs (HTTP/1.1 201) 4 headers in 162 bytes (1 switches on core 0)
2026-05-09 14:11:22.831 8 INFO neutron.db.ovn_revision_numbers_db [None req-f389721c-c6f5-4bbb-b2f3-030b4f8a1532 7be7202037be4ad59a5e35492caaf6e7 b60fd9f335f64562b28f9ad2774e42ec - - default default] Successfully bumped revision number for resource 260a8dee-1cd4-46a8-b053-3d9b9ffdbc8e (type: security_group_rules) to 0 [pid: 8|app: 0|req: 1488/2918] 10.0.0.238 () {34 vars in 695 bytes} [Sat May 9 14:11:22 2026] POST /v2.0/security-group-rules => generated 599 bytes in 189 msecs (HTTP/1.1 201) 4 headers in 162 bytes (1 switches on core 0) [pid: 7|app: 0|req: 1431/2919] 10.0.0.238 () {32 vars in 740 bytes} [Sat May 9 14:11:22 2026] DELETE /v2.0/security-groups/463fd0df-6fc8-41c7-a801-9d38385cd8f8 => generated 0 bytes in 349 msecs (HTTP/1.1 204) 2 headers in 112 bytes (1 switches on core 0)
2026-05-09 14:11:23.069 8 INFO neutron.db.ovn_revision_numbers_db [None req-b186f378-e582-4abd-b246-da927ab1d22d 7be7202037be4ad59a5e35492caaf6e7 b60fd9f335f64562b28f9ad2774e42ec - - default default] Successfully bumped revision number for resource d07d5560-a0af-45d3-8a8e-a46a7686f46e (type: security_group_rules) to 0 [pid: 8|app: 0|req: 1489/2920] 10.0.0.238 () {34 vars in 695 bytes} [Sat May 9 14:11:22 2026] POST /v2.0/security-group-rules => generated 601 bytes in 226 msecs (HTTP/1.1 201) 4 headers in 162 bytes (1 switches on core 0)
2026-05-09 14:11:23.273 7 INFO neutron.db.ovn_revision_numbers_db [None req-bdd80611-93a6-4ff7-8c66-013488664462 7be7202037be4ad59a5e35492caaf6e7 b60fd9f335f64562b28f9ad2774e42ec - - default default] Successfully bumped revision number for resource 9eed6b24-36c4-4d95-8b3c-d4059e163a0e (type: security_group_rules) to 0 [pid: 7|app: 0|req: 1432/2921] 10.0.0.238 () {34 vars in 695 bytes} [Sat May 9 14:11:23 2026] POST /v2.0/security-group-rules => generated 601 bytes in 199 msecs (HTTP/1.1 201) 4 headers in 162 bytes (1 switches on core 0)
2026-05-09 14:11:23.477 8 INFO neutron.db.ovn_revision_numbers_db [None req-5a579d3b-7966-4453-a4e2-2f4770797200 7be7202037be4ad59a5e35492caaf6e7 b60fd9f335f64562b28f9ad2774e42ec - - default default] Successfully bumped revision number for resource 3e8f2d7c-8e23-453c-a13e-50816f630f45 (type: security_group_rules) to 0 [pid: 8|app: 0|req: 1490/2922] 10.0.0.238 () {34 vars in 695 bytes} [Sat May 9 14:11:23 2026] POST /v2.0/security-group-rules => generated 597 bytes in 202 msecs (HTTP/1.1 201) 4 headers in 162 bytes (1 switches on core 0)
2026-05-09 14:11:23.712 7 INFO neutron.db.ovn_revision_numbers_db [None req-364ab879-20c9-4a5b-b1cb-62592fd47e98 7be7202037be4ad59a5e35492caaf6e7 b60fd9f335f64562b28f9ad2774e42ec - - default default] Successfully bumped revision number for resource c44002cc-897e-4bc3-b372-d34964453035 (type: security_group_rules) to 0 [pid: 7|app: 0|req: 1433/2923] 10.0.0.238 () {34 vars in 695 bytes} [Sat May 9 14:11:23 2026] POST /v2.0/security-group-rules => generated 597 bytes in 228 msecs (HTTP/1.1 201) 4 headers in 162 bytes (1 switches on core 0)
2026-05-09 14:11:23.941 8 INFO neutron.db.ovn_revision_numbers_db [None req-533856b1-6fbd-42b9-92dd-260fbbe58c10 7be7202037be4ad59a5e35492caaf6e7 b60fd9f335f64562b28f9ad2774e42ec - - default default] Successfully bumped revision number for resource a42adf96-6e2a-462f-b26a-f24148a171a4 (type: security_group_rules) to 0 [pid: 8|app: 0|req: 1491/2924] 10.0.0.238 () {34 vars in 695 bytes} [Sat May 9 14:11:23 2026] POST /v2.0/security-group-rules => generated 597 bytes in 223 msecs (HTTP/1.1 201) 4 headers in 162 bytes (1 switches on core 0)
2026-05-09 14:11:24.209 7 INFO neutron.db.ovn_revision_numbers_db [None req-33951acc-7472-4a60-9b37-a077090c971d 7be7202037be4ad59a5e35492caaf6e7 b60fd9f335f64562b28f9ad2774e42ec - - default default] Successfully bumped revision number for resource 815c573e-1db2-4d5d-9d89-e51fe6d6b5d0 (type: security_group_rules) to 0 [pid: 7|app: 0|req: 1434/2925] 10.0.0.238 () {34 vars in 695 bytes} [Sat May 9 14:11:23 2026] POST /v2.0/security-group-rules => generated 599 bytes in 281 msecs (HTTP/1.1 201) 4 headers in 162 bytes (1 switches on core 0)
2026-05-09 14:11:24.400 7 WARNING neutron.plugins.ml2.drivers.ovn.mech_driver.ovsdb.ovn_client [None req-29848283-403f-4027-9d66-9d2f7c5f7cbe - - - - - -] No hosting information found for port 8809f431-5bdf-42d3-bf23-740e16120f82: RuntimeError: No hosting information found for port 8809f431-5bdf-42d3-bf23-740e16120f82
2026-05-09 14:11:24.472 8 INFO neutron.db.ovn_revision_numbers_db [None req-cc9d9287-7de2-4f94-a83f-b028c7fee102 7be7202037be4ad59a5e35492caaf6e7 b60fd9f335f64562b28f9ad2774e42ec - - default default] Successfully bumped revision number for resource 87f74d8b-c598-45c3-b644-75d32272dfc1 (type: security_group_rules) to 0
2026-05-09 14:11:24.514 7 INFO neutron.db.ovn_revision_numbers_db [None req-29848283-403f-4027-9d66-9d2f7c5f7cbe - - - - - -] Successfully bumped revision number for resource 8809f431-5bdf-42d3-bf23-740e16120f82 (type: router_ports) to 2
2026-05-09 14:11:24.515 7 INFO neutron.plugins.ml2.drivers.ovn.mech_driver.mech_driver [None req-29848283-403f-4027-9d66-9d2f7c5f7cbe - - - - - -] OVN reports status down for port: a75834ce-32a4-4625-b330-28e3f84477b2 [pid: 8|app: 0|req: 1492/2926] 10.0.0.238 () {34 vars in 695 bytes} [Sat May 9 14:11:24 2026] POST /v2.0/security-group-rules => generated 601 bytes in 265 msecs (HTTP/1.1 201) 4 headers in 162 bytes (1 switches on core 0)
2026-05-09 14:11:24.634 7 WARNING neutron.plugins.ml2.drivers.ovn.mech_driver.ovsdb.ovn_client [None req-29848283-403f-4027-9d66-9d2f7c5f7cbe - - - - - -] Logical_Switch_Port a75834ce-32a4-4625-b330-28e3f84477b2 host information not removed, the port state is up
2026-05-09 14:11:24.728 7 INFO neutron.plugins.ml2.drivers.ovn.mech_driver.mech_driver [None req-29848283-403f-4027-9d66-9d2f7c5f7cbe - - - - - -] OVN reports status up for port: a75834ce-32a4-4625-b330-28e3f84477b2
2026-05-09 14:11:24.744 7 INFO neutron.plugins.ml2.plugin [None req-29848283-403f-4027-9d66-9d2f7c5f7cbe - - - - - -] Attempt 1 to provision port a75834ce-32a4-4625-b330-28e3f84477b2
2026-05-09 14:11:24.870 7 INFO neutron.db.ovn_revision_numbers_db [None req-2cfa62cd-0912-4d27-9a93-cab265c2f7c6 7be7202037be4ad59a5e35492caaf6e7 b60fd9f335f64562b28f9ad2774e42ec - - default default] Successfully bumped revision number for resource de7fa3e4-9d41-4a95-bd2e-532a78e869a9 (type: security_group_rules) to 0 [pid: 7|app: 0|req: 1435/2927] 10.0.0.238 () {34 vars in 695 bytes} [Sat May 9 14:11:24 2026] POST /v2.0/security-group-rules => generated 597 bytes in 413 msecs (HTTP/1.1 201) 4 headers in 162 bytes (1 switches on core 0)
2026-05-09 14:11:25.241 7 INFO neutron.db.ovn_revision_numbers_db [None req-29848283-403f-4027-9d66-9d2f7c5f7cbe - - - - - -] Successfully bumped revision number for resource a75834ce-32a4-4625-b330-28e3f84477b2 (type: ports) to 2 [pid: 8|app: 0|req: 1493/2928] 10.0.0.249 () {34 vars in 1096 bytes} [Sat May 9 14:11:25 2026] GET /v2.0/security-groups?name=tempest-lb_member_SG-1228895342&fields=id&tenant_id=b60fd9f335f64562b28f9ad2774e42ec => generated 69 bytes in 45 msecs (HTTP/1.1 200) 4 headers in 156 bytes (1 switches on core 0) [pid: 7|app: 0|req: 1436/2929] 10.0.0.249 () {34 vars in 982 bytes} [Sat May 9 14:11:25 2026] GET /v2.0/networks?id=1936c35e-11b0-4beb-8909-6b3fc2ddba43 => generated 704 bytes in 51 msecs (HTTP/1.1 200) 4 headers in 157 bytes (1 switches on core 0) [pid: 8|app: 0|req: 1494/2930] 10.0.0.249 () {34 vars in 965 bytes} [Sat May 9 14:11:25 2026] GET /v2.0/quotas/b60fd9f335f64562b28f9ad2774e42ec => generated 292 bytes in 14 msecs (HTTP/1.1 200) 4 headers in 157 bytes (1 switches on core 0) [pid: 7|app: 0|req: 1437/2931] 10.0.0.249 () {34 vars in 1002 bytes} [Sat May 9 14:11:25 2026] GET /v2.0/ports?tenant_id=b60fd9f335f64562b28f9ad2774e42ec&fields=id => generated 287 bytes in 165 msecs (HTTP/1.1 200) 4 headers in 157 bytes (1 switches on core 0) [pid: 8|app: 0|req: 1495/2932] 10.0.0.249 () {34 vars in 1008 bytes} [Sat May 9 14:11:25 2026] GET /v2.0/networks/1936c35e-11b0-4beb-8909-6b3fc2ddba43?fields=segments => generated 14 bytes in 200 msecs (HTTP/1.1 200) 4 headers in 156 bytes (1 switches on core 0) [pid: 7|app: 0|req: 1438/2933] 10.0.0.249 () {34 vars in 1108 bytes} [Sat May 9 14:11:25 2026] GET /v2.0/networks/1936c35e-11b0-4beb-8909-6b3fc2ddba43?fields=provider%3Aphysical_network&fields=provider%3Anetwork_type => generated 79 bytes in 45 msecs (HTTP/1.1 200) 4 headers in 156 bytes (1 switches on core 0) [pid: 8|app: 0|req: 1496/2934] 10.0.0.249 () {34 vars in 990 bytes} [Sat May 9 14:11:25 2026] GET /v2.0/ports?device_id=23b68e26-686d-4851-a91b-ffdec2a60765 => generated 12 bytes in 18 msecs (HTTP/1.1 200) 4 headers in 156 bytes (1 switches on core 0)
2026-05-09 14:11:27.312 7 INFO neutron.db.ovn_revision_numbers_db [None req-6ffe1690-48b7-4238-858a-53a6588e2e19 e85a52018b554ee6a0f51736a79263ee 3e09fa3c582344ec9faa5d10b9a5f389 - - default default] Successfully bumped revision number for resource 848c85a3-a5c4-4bee-8377-063c7db1e379 (type: security_groups) to 1
2026-05-09 14:11:27.324 7 INFO neutron.db.ovn_revision_numbers_db [None req-6ffe1690-48b7-4238-858a-53a6588e2e19 e85a52018b554ee6a0f51736a79263ee 3e09fa3c582344ec9faa5d10b9a5f389 - - default default] Successfully bumped revision number for resource 77cbbe1b-2f96-45ed-bb8b-a4759989990d (type: security_group_rules) to 0
2026-05-09 14:11:27.336 7 INFO neutron.db.ovn_revision_numbers_db [None req-6ffe1690-48b7-4238-858a-53a6588e2e19 e85a52018b554ee6a0f51736a79263ee 3e09fa3c582344ec9faa5d10b9a5f389 - - default default] Successfully bumped revision number for resource 8c90040c-6028-428f-87c2-9000744b89f8 (type: security_group_rules) to 0
2026-05-09 14:11:27.354 7 INFO neutron.db.ovn_revision_numbers_db [None req-6ffe1690-48b7-4238-858a-53a6588e2e19 e85a52018b554ee6a0f51736a79263ee 3e09fa3c582344ec9faa5d10b9a5f389 - - default default] Successfully bumped revision number for resource c0020b56-d34f-4635-83c1-1991cd1ce51c (type: security_group_rules) to 0
2026-05-09 14:11:27.369 7 INFO neutron.db.ovn_revision_numbers_db [None req-6ffe1690-48b7-4238-858a-53a6588e2e19 e85a52018b554ee6a0f51736a79263ee 3e09fa3c582344ec9faa5d10b9a5f389 - - default default] Successfully bumped revision number for resource f2d7a1cc-bbd9-4310-8d06-688a8548c623 (type: security_group_rules) to 0
2026-05-09 14:11:27.450 7 INFO neutron.db.segments_db [None req-6ffe1690-48b7-4238-858a-53a6588e2e19 e85a52018b554ee6a0f51736a79263ee 3e09fa3c582344ec9faa5d10b9a5f389 - - default default] Added segment 2ba1d888-aa6e-4a8d-b693-17bd25806c95 of type geneve for network ecf28d61-ccda-4fd3-b74f-db57da7c575c
2026-05-09 14:11:27.580 7 INFO neutron.db.ovn_revision_numbers_db [None req-6ffe1690-48b7-4238-858a-53a6588e2e19 e85a52018b554ee6a0f51736a79263ee 3e09fa3c582344ec9faa5d10b9a5f389 - - default default] Successfully bumped revision number for resource ecf28d61-ccda-4fd3-b74f-db57da7c575c (type: networks) to 1
2026-05-09 14:11:27.724 7 WARNING neutron.scheduler.dhcp_agent_scheduler [None req-6ffe1690-48b7-4238-858a-53a6588e2e19 e85a52018b554ee6a0f51736a79263ee 3e09fa3c582344ec9faa5d10b9a5f389 - - default default] No more DHCP agents
2026-05-09 14:11:27.726 7 WARNING neutron.api.rpc.agentnotifiers.dhcp_rpc_agent_api [None req-6ffe1690-48b7-4238-858a-53a6588e2e19 e85a52018b554ee6a0f51736a79263ee 3e09fa3c582344ec9faa5d10b9a5f389 - - default default] Unable to schedule network ecf28d61-ccda-4fd3-b74f-db57da7c575c: no agents available; will retry on subsequent port and subnet creation events.
2026-05-09 14:11:27.833 7 INFO neutron.db.ovn_revision_numbers_db [None req-6ffe1690-48b7-4238-858a-53a6588e2e19 e85a52018b554ee6a0f51736a79263ee 3e09fa3c582344ec9faa5d10b9a5f389 - - default default] Successfully bumped revision number for resource 511b5f8c-5e78-4634-8976-e4daea42f6ec (type: ports) to 1 [pid: 7|app: 0|req: 1439/2935] 10.0.0.238 () {34 vars in 670 bytes} [Sat May 9 14:11:26 2026] POST /v2.0/networks => generated 729 bytes in 884 msecs (HTTP/1.1 201) 4 headers in 162 bytes (1 switches on core 0)
2026-05-09 14:11:27.991 8 WARNING neutron.scheduler.dhcp_agent_scheduler [None req-5e4b1a3f-96ff-44fd-a49a-d9ab9796fb7c e85a52018b554ee6a0f51736a79263ee 3e09fa3c582344ec9faa5d10b9a5f389 - - default default] No more DHCP agents
2026-05-09 14:11:27.992 8 WARNING neutron.api.rpc.agentnotifiers.dhcp_rpc_agent_api [None req-5e4b1a3f-96ff-44fd-a49a-d9ab9796fb7c e85a52018b554ee6a0f51736a79263ee 3e09fa3c582344ec9faa5d10b9a5f389 - - default default] Unable to schedule network ecf28d61-ccda-4fd3-b74f-db57da7c575c: no agents available; will retry on subsequent port and subnet creation events.
2026-05-09 14:11:28.439 8 INFO neutron.db.ovn_revision_numbers_db [None req-556da504-95b7-4f15-a2dd-a49480ff976f - - - - - -] Successfully bumped revision number for resource 511b5f8c-5e78-4634-8976-e4daea42f6ec (type: ports) to 2
2026-05-09 14:11:28.465 8 INFO neutron.db.ovn_revision_numbers_db [None req-556da504-95b7-4f15-a2dd-a49480ff976f - - - - - -] Successfully bumped revision number for resource abdcddf1-5339-4a58-a5da-ab174f575315 (type: subnets) to 0 [pid: 8|app: 0|req: 1497/2936] 10.0.0.238 () {34 vars in 669 bytes} [Sat May 9 14:11:27 2026] POST /v2.0/subnets => generated 644 bytes in 620 msecs (HTTP/1.1 201) 4 headers in 162 bytes (1 switches on core 0)
2026-05-09 14:11:28.492 7 WARNING neutron.api.v2.base [None req-3e512e8a-491b-452c-b662-37e715ee339d e85a52018b554ee6a0f51736a79263ee 3e09fa3c582344ec9faa5d10b9a5f389 - - default default] An exception happened while processing the request body. The exception message is [Invalid input for target_tenant. Reason: 'None' is not a valid string.].: webob.exc.HTTPBadRequest: Invalid input for target_tenant. Reason: 'None' is not a valid string.
2026-05-09 14:11:28.492 7 INFO neutron.api.v2.resource [None req-3e512e8a-491b-452c-b662-37e715ee339d e85a52018b554ee6a0f51736a79263ee 3e09fa3c582344ec9faa5d10b9a5f389 - - default default] create failed (client error): Invalid input for target_tenant. Reason: 'None' is not a valid string. [pid: 7|app: 0|req: 1440/2937] 10.0.0.238 () {34 vars in 681 bytes} [Sat May 9 14:11:28 2026] POST /v2.0/rbac-policies => generated 143 bytes in 9 msecs (HTTP/1.1 400) 4 headers in 166 bytes (1 switches on core 0)
2026-05-09 14:11:28.647 8 INFO neutron_taas.services.taas.taas_plugin [None req-2f051b7a-7567-4fab-bbf2-b87ae0ed697d e85a52018b554ee6a0f51736a79263ee 3e09fa3c582344ec9faa5d10b9a5f389 - - default default] TaaS: Handle Delete Port: 511b5f8c-5e78-4634-8976-e4daea42f6ec
2026-05-09 14:11:28.650 8 INFO neutron_taas.services.taas.tap_mirror_plugin [None req-2f051b7a-7567-4fab-bbf2-b87ae0ed697d e85a52018b554ee6a0f51736a79263ee 3e09fa3c582344ec9faa5d10b9a5f389 - - default default] Tap Mirror: Handle Delete Port: 511b5f8c-5e78-4634-8976-e4daea42f6ec
2026-05-09 14:11:29.003 8 INFO neutron.services.segments.plugin [-] Segment 2ba1d888-aa6e-4a8d-b693-17bd25806c95 resource provider aggregate not found
2026-05-09 14:11:29.010 8 INFO neutron.services.segments.plugin [-] Segment 2ba1d888-aa6e-4a8d-b693-17bd25806c95 resource provider aggregate not found
2026-05-09 14:11:29.031 8 INFO neutron.services.segments.plugin [-] Segment 2ba1d888-aa6e-4a8d-b693-17bd25806c95 resource provider not found; error: Placement Client Error (4xx): {"errors": [{"status": 404, "title": "Not Found", "detail": "The resource could not be found.\n\n No resource provider with uuid 2ba1d888-aa6e-4a8d-b693-17bd25806c95 found for delete ", "request_id": "req-1421091a-fec4-4dd3-aa27-6548c41a6fa0"}]}
2026-05-09 14:11:29.032 8 INFO neutron.services.segments.plugin [-] Segment 2ba1d888-aa6e-4a8d-b693-17bd25806c95 resource provider not found; error: Placement Client Error (4xx): {"errors": [{"status": 404, "title": "Not Found", "detail": "The resource could not be found.\n\n No resource provider with uuid 2ba1d888-aa6e-4a8d-b693-17bd25806c95 found for delete ", "request_id": "req-6c0390cf-0e4a-48b1-8875-76e0aae2bc57"}]} [pid: 8|app: 0|req: 1498/2938] 10.0.0.238 () {32 vars in 726 bytes} [Sat May 9 14:11:28 2026] DELETE /v2.0/networks/ecf28d61-ccda-4fd3-b74f-db57da7c575c => generated 0 bytes in 570 msecs (HTTP/1.1 204) 3 headers in 131 bytes (1 switches on core 0)
2026-05-09 14:11:29.163 7 INFO neutron.db.segments_db [None req-c36ace00-ba40-4b7d-b76b-c7714d784318 e85a52018b554ee6a0f51736a79263ee 3e09fa3c582344ec9faa5d10b9a5f389 - - default default] Added segment 29f92f01-3719-4f2b-984f-1c83a47e0f1a of type geneve for network c9e8a280-61da-44d3-bc32-46de37fcc9f4
2026-05-09 14:11:29.298 7 INFO neutron.db.ovn_revision_numbers_db [None req-c36ace00-ba40-4b7d-b76b-c7714d784318 e85a52018b554ee6a0f51736a79263ee 3e09fa3c582344ec9faa5d10b9a5f389 - - default default] Successfully bumped revision number for resource c9e8a280-61da-44d3-bc32-46de37fcc9f4 (type: networks) to 1
2026-05-09 14:11:29.446 7 WARNING neutron.scheduler.dhcp_agent_scheduler [None req-c36ace00-ba40-4b7d-b76b-c7714d784318 e85a52018b554ee6a0f51736a79263ee 3e09fa3c582344ec9faa5d10b9a5f389 - - default default] No more DHCP agents
2026-05-09 14:11:29.447 7 WARNING neutron.api.rpc.agentnotifiers.dhcp_rpc_agent_api [None req-c36ace00-ba40-4b7d-b76b-c7714d784318 e85a52018b554ee6a0f51736a79263ee 3e09fa3c582344ec9faa5d10b9a5f389 - - default default] Unable to schedule network c9e8a280-61da-44d3-bc32-46de37fcc9f4: no agents available; will retry on subsequent port and subnet creation events.
2026-05-09 14:11:29.559 7 INFO neutron.db.ovn_revision_numbers_db [None req-c36ace00-ba40-4b7d-b76b-c7714d784318 e85a52018b554ee6a0f51736a79263ee 3e09fa3c582344ec9faa5d10b9a5f389 - - default default] Successfully bumped revision number for resource 11742361-6571-4fea-8e90-42688078feb9 (type: ports) to 1 [pid: 7|app: 0|req: 1441/2939] 10.0.0.238 () {34 vars in 670 bytes} [Sat May 9 14:11:29 2026] POST /v2.0/networks => generated 729 bytes in 510 msecs (HTTP/1.1 201) 4 headers in 162 bytes (1 switches on core 0)
2026-05-09 14:11:29.715 8 WARNING neutron.scheduler.dhcp_agent_scheduler [None req-224e9d3e-bad0-42fb-b032-187bbc326e63 e85a52018b554ee6a0f51736a79263ee 3e09fa3c582344ec9faa5d10b9a5f389 - - default default] No more DHCP agents
2026-05-09 14:11:29.717 8 WARNING neutron.api.rpc.agentnotifiers.dhcp_rpc_agent_api [None req-224e9d3e-bad0-42fb-b032-187bbc326e63 e85a52018b554ee6a0f51736a79263ee 3e09fa3c582344ec9faa5d10b9a5f389 - - default default] Unable to schedule network c9e8a280-61da-44d3-bc32-46de37fcc9f4: no agents available; will retry on subsequent port and subnet creation events.
2026-05-09 14:11:30.199 8 INFO neutron.db.ovn_revision_numbers_db [None req-d0adc5b0-69ba-4aa2-9935-8af0003be438 - - - - - -] Successfully bumped revision number for resource 11742361-6571-4fea-8e90-42688078feb9 (type: ports) to 2
2026-05-09 14:11:30.226 8 INFO neutron.db.ovn_revision_numbers_db [None req-d0adc5b0-69ba-4aa2-9935-8af0003be438 - - - - - -] Successfully bumped revision number for resource df2754eb-aa4d-4d96-9d36-7dc0942cce06 (type: subnets) to 0 [pid: 7|app: 0|req: 1442/2940] 199.19.213.147 () {34 vars in 986 bytes} [Sat May 9 14:11:30 2026] GET /v2.0/networks?id=1936c35e-11b0-4beb-8909-6b3fc2ddba43 => generated 704 bytes in 46 msecs (HTTP/1.1 200) 4 headers in 157 bytes (1 switches on core 0) [pid: 8|app: 0|req: 1499/2941] 10.0.0.238 () {34 vars in 669 bytes} [Sat May 9 14:11:29 2026] POST /v2.0/subnets => generated 647 bytes in 650 msecs (HTTP/1.1 201) 4 headers in 162 bytes (1 switches on core 0)
2026-05-09 14:11:30.252 8 WARNING neutron.api.v2.base [None req-c30c26f1-dea1-43be-9114-01c8c50e7afb e85a52018b554ee6a0f51736a79263ee 3e09fa3c582344ec9faa5d10b9a5f389 - - default default] An exception happened while processing the request body. The exception message is [Invalid input for target_tenant. Reason: '1234123412341234123412341234123412341234123412341234123412341234123412341234123412341234123412341234123412341234123412341234123412341234123412341234123412341234123412341234123412341234123412341234123412341234123412341234123412341234123412341234123412341234123412341234123412341234123412341234123412341234123412341234123412341234123412341234123412341234123412341234123412341234123412341234123412341234' exceeds maximum length of 255.].: webob.exc.HTTPBadRequest: Invalid input for target_tenant. Reason: '1234123412341234123412341234123412341234123412341234123412341234123412341234123412341234123412341234123412341234123412341234123412341234123412341234123412341234123412341234123412341234123412341234123412341234123412341234123412341234123412341234123412341234123412341234123412341234123412341234123412341234123412341234123412341234123412341234123412341234123412341234123412341234123412341234123412341234' exceeds maximum length of 255.
2026-05-09 14:11:30.252 8 INFO neutron.api.v2.resource [None req-c30c26f1-dea1-43be-9114-01c8c50e7afb e85a52018b554ee6a0f51736a79263ee 3e09fa3c582344ec9faa5d10b9a5f389 - - default default] create failed (client error): Invalid input for target_tenant. Reason: '1234123412341234123412341234123412341234123412341234123412341234123412341234123412341234123412341234123412341234123412341234123412341234123412341234123412341234123412341234123412341234123412341234123412341234123412341234123412341234123412341234123412341234123412341234123412341234123412341234123412341234123412341234123412341234123412341234123412341234123412341234123412341234123412341234123412341234' exceeds maximum length of 255. [pid: 8|app: 0|req: 1500/2942] 10.0.0.238 () {34 vars in 681 bytes} [Sat May 9 14:11:30 2026] POST /v2.0/rbac-policies => generated 547 bytes in 8 msecs (HTTP/1.1 400) 4 headers in 166 bytes (1 switches on core 0) [pid: 7|app: 0|req: 1443/2943] 199.19.213.147 () {34 vars in 1050 bytes} [Sat May 9 14:11:30 2026] GET /v2.0/security-groups?fields=id&fields=name&tenant_id=b60fd9f335f64562b28f9ad2774e42ec => generated 179 bytes in 40 msecs (HTTP/1.1 200) 4 headers in 157 bytes (1 switches on core 0)
2026-05-09 14:11:30.396 8 INFO neutron_taas.services.taas.taas_plugin [None req-6a0104d1-2247-469f-b858-c4707d4176b3 e85a52018b554ee6a0f51736a79263ee 3e09fa3c582344ec9faa5d10b9a5f389 - - default default] TaaS: Handle Delete Port: 11742361-6571-4fea-8e90-42688078feb9
2026-05-09 14:11:30.399 8 INFO neutron_taas.services.taas.tap_mirror_plugin [None req-6a0104d1-2247-469f-b858-c4707d4176b3 e85a52018b554ee6a0f51736a79263ee 3e09fa3c582344ec9faa5d10b9a5f389 - - default default] Tap Mirror: Handle Delete Port: 11742361-6571-4fea-8e90-42688078feb9
2026-05-09 14:11:30.498 7 WARNING neutron.plugins.ml2.drivers.ovn.mech_driver.ovsdb.ovn_client [None req-dc5c34f1-182f-432a-8b60-90387282b885 - - - - - -] No hosting information found for port a75834ce-32a4-4625-b330-28e3f84477b2: RuntimeError: No hosting information found for port a75834ce-32a4-4625-b330-28e3f84477b2 [pid: 8|app: 0|req: 1501/2944] 10.0.0.238 () {32 vars in 726 bytes} [Sat May 9 14:11:30 2026] DELETE /v2.0/networks/c9e8a280-61da-44d3-bc32-46de37fcc9f4 => generated 0 bytes in 543 msecs (HTTP/1.1 204) 3 headers in 131 bytes (1 switches on core 0)
2026-05-09 14:11:30.826 7 INFO neutron.db.ovn_revision_numbers_db [None req-dc5c34f1-182f-432a-8b60-90387282b885 - - - - - -] Successfully bumped revision number for resource a75834ce-32a4-4625-b330-28e3f84477b2 (type: router_ports) to 2
2026-05-09 14:11:30.826 7 INFO neutron.plugins.ml2.drivers.ovn.mech_driver.mech_driver [None req-dc5c34f1-182f-432a-8b60-90387282b885 - - - - - -] OVN reports status down for port: e1b12304-0bb9-4413-8de0-e307c7d27a5c
2026-05-09 14:11:30.854 7 WARNING neutron.scheduler.dhcp_agent_scheduler [req-4a1d9031-fa19-45eb-bf4c-b2e59ab037ad req-71f696f3-a6e6-4033-ae05-3b79d60b843a 7be7202037be4ad59a5e35492caaf6e7 b60fd9f335f64562b28f9ad2774e42ec - - default default] No more DHCP agents
2026-05-09 14:11:30.857 7 WARNING neutron.api.rpc.agentnotifiers.dhcp_rpc_agent_api [req-4a1d9031-fa19-45eb-bf4c-b2e59ab037ad req-71f696f3-a6e6-4033-ae05-3b79d60b843a 7be7202037be4ad59a5e35492caaf6e7 b60fd9f335f64562b28f9ad2774e42ec - - default default] Unable to schedule network 1936c35e-11b0-4beb-8909-6b3fc2ddba43: no agents available; will retry on subsequent port and subnet creation events.
2026-05-09 14:11:30.898 8 INFO neutron.db.segments_db [None req-aa91e8b5-3fd5-437a-9e78-059ccb5ca93f e85a52018b554ee6a0f51736a79263ee 3e09fa3c582344ec9faa5d10b9a5f389 - - default default] Added segment 9e68b5a5-ab2d-4e4f-8ef5-18ed4da27706 of type geneve for network 52b91a38-6907-433d-a98c-d6fa2faf0ecc
2026-05-09 14:11:30.933 7 WARNING neutron.plugins.ml2.drivers.ovn.mech_driver.ovsdb.ovn_client [None req-dc5c34f1-182f-432a-8b60-90387282b885 - - - - - -] Logical_Switch_Port e1b12304-0bb9-4413-8de0-e307c7d27a5c host information not removed, the port state is up
2026-05-09 14:11:30.935 7 INFO neutron.plugins.ml2.drivers.ovn.mech_driver.mech_driver [None req-dc5c34f1-182f-432a-8b60-90387282b885 - - - - - -] OVN reports status up for port: e1b12304-0bb9-4413-8de0-e307c7d27a5c
2026-05-09 14:11:30.961 7 INFO neutron.plugins.ml2.plugin [None req-dc5c34f1-182f-432a-8b60-90387282b885 - - - - - -] Attempt 1 to provision port e1b12304-0bb9-4413-8de0-e307c7d27a5c
2026-05-09 14:11:31.057 8 INFO neutron.services.segments.plugin [-] Segment 29f92f01-3719-4f2b-984f-1c83a47e0f1a resource provider aggregate not found
2026-05-09 14:11:31.060 8 INFO neutron.services.segments.plugin [-] Segment 29f92f01-3719-4f2b-984f-1c83a47e0f1a resource provider aggregate not found
