2026-08-19 00:36:00.315 8 INFO neutron_taas.services.taas.tap_mirror_plugin [None req-e76b803f-5e00-4d60-a69f-f79789753e25 6d7ae1a1b6034745b42d94d69015646f bc32974fc6ca44c7817caeb1d2d440ac - - default default] Tap Mirror: Handle Delete Port: 89e598d1-5287-47e1-8cbf-3381a6cdfa6d
2026-08-19 00:36:00.316 7 INFO neutron.db.ovn_revision_numbers_db [None req-fba28124-c809-4738-8ea7-b414dd1c8be6 dbeaca6b35c64742b21c465c41c618c8 4518c8ae4cf44edd9e137319d707dfcc - - default default] Successfully bumped revision number for resource b78418a3-9917-4f56-941f-e63c6236a1ce (type: security_group_rules) to 0
2026-08-19 00:36:00.327 7 INFO neutron.db.ovn_revision_numbers_db [None req-fba28124-c809-4738-8ea7-b414dd1c8be6 dbeaca6b35c64742b21c465c41c618c8 4518c8ae4cf44edd9e137319d707dfcc - - default default] Successfully bumped revision number for resource c9f980e6-522e-40a8-93f6-d4f7fb894994 (type: security_group_rules) to 0
2026-08-19 00:36:00.411 7 INFO neutron.db.segments_db [None req-fba28124-c809-4738-8ea7-b414dd1c8be6 dbeaca6b35c64742b21c465c41c618c8 4518c8ae4cf44edd9e137319d707dfcc - - default default] Added segment 8e80c37d-bd7f-4115-a32c-43d3a5107866 of type geneve for network cb095586-4d21-461e-87a3-66dfac644c78 [pid: 8|app: 0|req: 1289/2593] 10.0.0.243 () {32 vars in 719 bytes} [Wed Aug 19 00:36:00 2026] DELETE /v2.0/ports/89e598d1-5287-47e1-8cbf-3381a6cdfa6d => generated 0 bytes in 321 msecs (HTTP/1.1 204) 3 headers in 131 bytes (1 switches on core 0) [pid: 8|app: 0|req: 1290/2594] 10.0.0.243 () {34 vars in 773 bytes} [Wed Aug 19 00:36:00 2026] PUT /v2.0/security-groups/4873d01c-2b4d-46e7-a7fc-53039500d6a6/tags/red => generated 4 bytes in 61 msecs (HTTP/1.1 201) 4 headers in 160 bytes (1 switches on core 0)
2026-08-19 00:36:00.585 7 INFO neutron.db.ovn_revision_numbers_db [None req-fba28124-c809-4738-8ea7-b414dd1c8be6 dbeaca6b35c64742b21c465c41c618c8 4518c8ae4cf44edd9e137319d707dfcc - - default default] Successfully bumped revision number for resource cb095586-4d21-461e-87a3-66dfac644c78 (type: networks) to 1
2026-08-19 00:36:00.653 8 INFO neutron_taas.services.taas.taas_plugin [None req-bb156438-c08a-482e-98be-610e5da9275f 287b74cc372643548658c816489ee7ef 4bbe338e42b9443085d90c8c8a0d7ffb - - default default] TaaS: Handle Delete Port: a57a2d6f-21b6-4092-bee8-c0964f71db5c
2026-08-19 00:36:00.656 8 INFO neutron_taas.services.taas.tap_mirror_plugin [None req-bb156438-c08a-482e-98be-610e5da9275f 287b74cc372643548658c816489ee7ef 4bbe338e42b9443085d90c8c8a0d7ffb - - default default] Tap Mirror: Handle Delete Port: a57a2d6f-21b6-4092-bee8-c0964f71db5c
2026-08-19 00:36:00.759 7 WARNING neutron.scheduler.dhcp_agent_scheduler [None req-fba28124-c809-4738-8ea7-b414dd1c8be6 dbeaca6b35c64742b21c465c41c618c8 4518c8ae4cf44edd9e137319d707dfcc - - default default] No more DHCP agents
2026-08-19 00:36:00.761 7 WARNING neutron.api.rpc.agentnotifiers.dhcp_rpc_agent_api [None req-fba28124-c809-4738-8ea7-b414dd1c8be6 dbeaca6b35c64742b21c465c41c618c8 4518c8ae4cf44edd9e137319d707dfcc - - default default] Unable to schedule network cb095586-4d21-461e-87a3-66dfac644c78: no agents available; will retry on subsequent port and subnet creation events.
2026-08-19 00:36:00.873 8 INFO neutron.plugins.ml2.drivers.ovn.mech_driver.mech_driver [None req-aa14172a-2bce-4b73-a1fb-c6b720cb72b4 - - - - - -] OVN reports status down for port: d38ab318-f412-45a3-9ea3-0950f9c47543
2026-08-19 00:36:00.892 7 INFO neutron.db.ovn_revision_numbers_db [None req-fba28124-c809-4738-8ea7-b414dd1c8be6 dbeaca6b35c64742b21c465c41c618c8 4518c8ae4cf44edd9e137319d707dfcc - - default default] Successfully bumped revision number for resource d38ab318-f412-45a3-9ea3-0950f9c47543 (type: ports) to 1
2026-08-19 00:36:00.899 8 INFO neutron.services.segments.plugin [-] Segment 74d9792e-bab6-481f-bfba-b2ab44c68f9e resource provider aggregate not found
2026-08-19 00:36:00.904 8 INFO neutron.services.segments.plugin [-] Segment 74d9792e-bab6-481f-bfba-b2ab44c68f9e resource provider aggregate not found
2026-08-19 00:36:00.917 8 INFO neutron.services.segments.plugin [-] Client error retrieving segment 74d9792e-bab6-481f-bfba-b2ab44c68f9e resource provider; error: Placement Client Error (4xx): {"errors": [{"status": 404, "title": "Not Found", "detail": "The resource could not be found.\n\n No resource provider with uuid 74d9792e-bab6-481f-bfba-b2ab44c68f9e found for delete ", "request_id": "req-6dbb4bd7-7d16-4f0f-a275-89a0cab824cd"}]} [pid: 7|app: 0|req: 1305/2595] 10.0.0.243 () {34 vars in 669 bytes} [Wed Aug 19 00:35:59 2026] POST /v2.0/networks => generated 640 bytes in 932 msecs (HTTP/1.1 201) 4 headers in 162 bytes (1 switches on core 0)
2026-08-19 00:36:00.928 8 INFO neutron.services.segments.plugin [-] Client error retrieving segment 74d9792e-bab6-481f-bfba-b2ab44c68f9e resource provider; error: Placement Client Error (4xx): {"errors": [{"status": 404, "title": "Not Found", "detail": "The resource could not be found.\n\n No resource provider with uuid 74d9792e-bab6-481f-bfba-b2ab44c68f9e found for delete ", "request_id": "req-0f4e9cd6-f634-493f-b3ec-0baf2b501a08"}]} [pid: 8|app: 0|req: 1291/2596] 10.0.0.243 () {32 vars in 725 bytes} [Wed Aug 19 00:36:00 2026] DELETE /v2.0/networks/dfa48346-b3aa-43b6-b4ed-b36bbbc7c025 => generated 0 bytes in 462 msecs (HTTP/1.1 204) 3 headers in 131 bytes (1 switches on core 0) [pid: 8|app: 0|req: 1292/2597] 10.0.0.243 () {32 vars in 746 bytes} [Wed Aug 19 00:36:00 2026] GET /v2.0/security-groups/4873d01c-2b4d-46e7-a7fc-53039500d6a6/tags => generated 34 bytes in 42 msecs (HTTP/1.1 200) 4 headers in 156 bytes (1 switches on core 0)
2026-08-19 00:36:01.057 7 INFO neutron_taas.services.taas.taas_plugin [None req-ab086680-f200-4a8c-9765-7fd2bf20eb1e 6d7ae1a1b6034745b42d94d69015646f bc32974fc6ca44c7817caeb1d2d440ac - - default default] TaaS: Handle Delete Port: dc3b7f0e-e3f9-4d1d-ba9f-73ad98a0fe72
2026-08-19 00:36:01.060 7 INFO neutron_taas.services.taas.tap_mirror_plugin [None req-ab086680-f200-4a8c-9765-7fd2bf20eb1e 6d7ae1a1b6034745b42d94d69015646f bc32974fc6ca44c7817caeb1d2d440ac - - default default] Tap Mirror: Handle Delete Port: dc3b7f0e-e3f9-4d1d-ba9f-73ad98a0fe72 [pid: 7|app: 0|req: 1306/2598] 10.0.0.243 () {32 vars in 719 bytes} [Wed Aug 19 00:36:00 2026] DELETE /v2.0/ports/dc3b7f0e-e3f9-4d1d-ba9f-73ad98a0fe72 => generated 0 bytes in 259 msecs (HTTP/1.1 204) 3 headers in 131 bytes (1 switches on core 0) [pid: 7|app: 0|req: 1307/2599] 10.0.0.243 () {34 vars in 795 bytes} [Wed Aug 19 00:36:01 2026] PUT /v2.0/security-groups/4873d01c-2b4d-46e7-a7fc-53039500d6a6/tags/black.or.white => generated 4 bytes in 46 msecs (HTTP/1.1 201) 4 headers in 160 bytes (1 switches on core 0)
2026-08-19 00:36:01.242 8 WARNING neutron.scheduler.dhcp_agent_scheduler [None req-b189e247-080c-4a88-86a8-2c752f050e78 dbeaca6b35c64742b21c465c41c618c8 4518c8ae4cf44edd9e137319d707dfcc - - default default] No more DHCP agents
2026-08-19 00:36:01.243 8 WARNING neutron.api.rpc.agentnotifiers.dhcp_rpc_agent_api [None req-b189e247-080c-4a88-86a8-2c752f050e78 dbeaca6b35c64742b21c465c41c618c8 4518c8ae4cf44edd9e137319d707dfcc - - default default] Unable to schedule network cb095586-4d21-461e-87a3-66dfac644c78: no agents available; will retry on subsequent port and subnet creation events.
2026-08-19 00:36:01.329 7 INFO neutron_taas.services.taas.taas_plugin [None req-e48d560c-f493-441f-9362-d695bdc61deb 6d7ae1a1b6034745b42d94d69015646f bc32974fc6ca44c7817caeb1d2d440ac - - default default] TaaS: Handle Delete Port: 3b672fb4-c58f-444f-8458-db3fe051bb47
2026-08-19 00:36:01.332 7 INFO neutron_taas.services.taas.tap_mirror_plugin [None req-e48d560c-f493-441f-9362-d695bdc61deb 6d7ae1a1b6034745b42d94d69015646f bc32974fc6ca44c7817caeb1d2d440ac - - default default] Tap Mirror: Handle Delete Port: 3b672fb4-c58f-444f-8458-db3fe051bb47
2026-08-19 00:36:01.517 7 INFO neutron.services.segments.plugin [-] Segment a0d53d1e-1c4f-4125-86ff-b822835a37cd resource provider aggregate not found
2026-08-19 00:36:01.530 7 INFO neutron.services.segments.plugin [-] Segment a0d53d1e-1c4f-4125-86ff-b822835a37cd resource provider aggregate not found
2026-08-19 00:36:01.536 7 INFO neutron.services.segments.plugin [-] Client error retrieving segment a0d53d1e-1c4f-4125-86ff-b822835a37cd resource provider; error: Placement Client Error (4xx): {"errors": [{"status": 404, "title": "Not Found", "detail": "The resource could not be found.\n\n No resource provider with uuid a0d53d1e-1c4f-4125-86ff-b822835a37cd found for delete ", "request_id": "req-125810a2-bbbc-4188-ab56-1349069545f6"}]}
2026-08-19 00:36:01.557 7 INFO neutron.services.segments.plugin [-] Client error retrieving segment a0d53d1e-1c4f-4125-86ff-b822835a37cd resource provider; error: Placement Client Error (4xx): {"errors": [{"status": 404, "title": "Not Found", "detail": "The resource could not be found.\n\n No resource provider with uuid a0d53d1e-1c4f-4125-86ff-b822835a37cd found for delete ", "request_id": "req-ee6ed61e-34a2-4f6c-8ed5-c8ac520ebee5"}]} [pid: 7|app: 0|req: 1308/2600] 10.0.0.243 () {32 vars in 725 bytes} [Wed Aug 19 00:36:01 2026] DELETE /v2.0/networks/a791c21a-4846-4a17-a26a-12b8c484005b => generated 0 bytes in 371 msecs (HTTP/1.1 204) 3 headers in 131 bytes (1 switches on core 0) [pid: 7|app: 0|req: 1309/2601] 10.0.0.243 () {32 vars in 746 bytes} [Wed Aug 19 00:36:01 2026] GET /v2.0/security-groups/4873d01c-2b4d-46e7-a7fc-53039500d6a6/tags => generated 52 bytes in 33 msecs (HTTP/1.1 200) 4 headers in 156 bytes (1 switches on core 0)
2026-08-19 00:36:01.737 8 INFO neutron.db.ovn_revision_numbers_db [None req-3bd361ca-9601-45bc-b8a9-8c646a77b254 - - - - - -] Successfully bumped revision number for resource d38ab318-f412-45a3-9ea3-0950f9c47543 (type: ports) to 2
2026-08-19 00:36:01.761 7 INFO neutron_taas.services.taas.taas_plugin [None req-063925cf-dfee-4142-842f-092b3c057a14 6d7ae1a1b6034745b42d94d69015646f bc32974fc6ca44c7817caeb1d2d440ac - - default default] TaaS: Handle Delete Port: b51dfd92-5e5f-4766-af7d-3f4caf4c77a9
2026-08-19 00:36:01.764 7 INFO neutron_taas.services.taas.tap_mirror_plugin [None req-063925cf-dfee-4142-842f-092b3c057a14 6d7ae1a1b6034745b42d94d69015646f bc32974fc6ca44c7817caeb1d2d440ac - - default default] Tap Mirror: Handle Delete Port: b51dfd92-5e5f-4766-af7d-3f4caf4c77a9
2026-08-19 00:36:01.776 8 INFO neutron.db.ovn_revision_numbers_db [None req-3bd361ca-9601-45bc-b8a9-8c646a77b254 - - - - - -] Successfully bumped revision number for resource 709e2e7d-1906-4788-a13d-d234126b4e2b (type: subnets) to 0 [pid: 8|app: 0|req: 1293/2602] 10.0.0.243 () {34 vars in 668 bytes} [Wed Aug 19 00:36:01 2026] POST /v2.0/subnets => generated 658 bytes in 760 msecs (HTTP/1.1 201) 4 headers in 162 bytes (1 switches on core 0) [pid: 7|app: 0|req: 1310/2603] 10.0.0.243 () {32 vars in 725 bytes} [Wed Aug 19 00:36:01 2026] DELETE /v2.0/networks/4578214b-1851-45eb-aaca-0956158027d6 => generated 0 bytes in 381 msecs (HTTP/1.1 204) 3 headers in 131 bytes (1 switches on core 0) [pid: 7|app: 0|req: 1311/2604] 10.0.0.243 () {34 vars in 766 bytes} [Wed Aug 19 00:36:02 2026] PUT /v2.0/security-groups/4873d01c-2b4d-46e7-a7fc-53039500d6a6/tags => generated 37 bytes in 56 msecs (HTTP/1.1 200) 4 headers in 156 bytes (1 switches on core 0)
2026-08-19 00:36:02.074 8 INFO neutron.db.ovn_revision_numbers_db [None req-a1c8c277-99a6-4a6a-ade3-a95321913794 93f223654842482aa15ccc0e94273edd 866ef04f12314aa796b5469da3a9652f - - default default] Successfully bumped revision number for resource 913e1ae6-d27b-4872-811b-e0f22381174d (type: security_groups) to 1
2026-08-19 00:36:02.084 8 INFO neutron.db.ovn_revision_numbers_db [None req-a1c8c277-99a6-4a6a-ade3-a95321913794 93f223654842482aa15ccc0e94273edd 866ef04f12314aa796b5469da3a9652f - - default default] Successfully bumped revision number for resource 08442978-90cd-44e9-aed6-d84e83eea4e8 (type: security_group_rules) to 0
2026-08-19 00:36:02.094 8 INFO neutron.db.ovn_revision_numbers_db [None req-a1c8c277-99a6-4a6a-ade3-a95321913794 93f223654842482aa15ccc0e94273edd 866ef04f12314aa796b5469da3a9652f - - default default] Successfully bumped revision number for resource 2ba73224-d1a2-442f-aac9-eb7de2e2fb14 (type: security_group_rules) to 0
2026-08-19 00:36:02.103 8 INFO neutron.db.ovn_revision_numbers_db [None req-a1c8c277-99a6-4a6a-ade3-a95321913794 93f223654842482aa15ccc0e94273edd 866ef04f12314aa796b5469da3a9652f - - default default] Successfully bumped revision number for resource 4bb64cba-caec-4c4f-acf6-14ca872e4bb5 (type: security_group_rules) to 0
2026-08-19 00:36:02.114 8 INFO neutron.db.ovn_revision_numbers_db [None req-a1c8c277-99a6-4a6a-ade3-a95321913794 93f223654842482aa15ccc0e94273edd 866ef04f12314aa796b5469da3a9652f - - default default] Successfully bumped revision number for resource 82853ff3-7d3b-4510-baed-633eeb46e96a (type: security_group_rules) to 0 [pid: 8|app: 0|req: 1294/2605] 10.0.0.243 () {32 vars in 773 bytes} [Wed Aug 19 00:36:01 2026] GET /v2.0/security-groups?tenant_id=c84b347b5f354ca38449de0f98d95a61&name=default => generated 2929 bytes in 356 msecs (HTTP/1.1 200) 4 headers in 158 bytes (1 switches on core 0) [pid: 7|app: 0|req: 1312/2606] 10.0.0.243 () {32 vars in 721 bytes} [Wed Aug 19 00:36:02 2026] GET /v2.0/subnetpools?name=shared-default-subnetpool-v6 => generated 19 bytes in 154 msecs (HTTP/1.1 200) 4 headers in 156 bytes (1 switches on core 0)
2026-08-19 00:36:02.245 8 INFO neutron_taas.services.taas.taas_plugin [None req-575e71c5-e556-49c1-874b-aef64fadfeb1 6d7ae1a1b6034745b42d94d69015646f bc32974fc6ca44c7817caeb1d2d440ac - - default default] TaaS: Handle Delete Port: 91945ff7-2c93-44e1-aeff-aa0002d624a6
2026-08-19 00:36:02.248 8 INFO neutron_taas.services.taas.tap_mirror_plugin [None req-575e71c5-e556-49c1-874b-aef64fadfeb1 6d7ae1a1b6034745b42d94d69015646f bc32974fc6ca44c7817caeb1d2d440ac - - default default] Tap Mirror: Handle Delete Port: 91945ff7-2c93-44e1-aeff-aa0002d624a6 [pid: 7|app: 0|req: 1313/2607] 10.0.0.243 () {32 vars in 746 bytes} [Wed Aug 19 00:36:02 2026] GET /v2.0/security-groups/4873d01c-2b4d-46e7-a7fc-53039500d6a6/tags => generated 37 bytes in 27 msecs (HTTP/1.1 200) 4 headers in 156 bytes (1 switches on core 0) [pid: 8|app: 0|req: 1295/2608] 10.0.0.243 () {32 vars in 725 bytes} [Wed Aug 19 00:36:02 2026] DELETE /v2.0/networks/f8e3d592-6675-446f-b0b4-19e9f517385e => generated 0 bytes in 357 msecs (HTTP/1.1 204) 3 headers in 131 bytes (1 switches on core 0) [pid: 7|app: 0|req: 1314/2609] 10.0.0.243 () {32 vars in 739 bytes} [Wed Aug 19 00:36:02 2026] DELETE /v2.0/security-groups/913e1ae6-d27b-4872-811b-e0f22381174d => generated 0 bytes in 294 msecs (HTTP/1.1 204) 2 headers in 112 bytes (1 switches on core 0) [pid: 7|app: 0|req: 1315/2610] 10.0.0.243 () {32 vars in 754 bytes} [Wed Aug 19 00:36:02 2026] GET /v2.0/security-groups/4873d01c-2b4d-46e7-a7fc-53039500d6a6/tags/red => generated 0 bytes in 28 msecs (HTTP/1.1 204) 2 headers in 112 bytes (1 switches on core 0)
2026-08-19 00:36:02.658 8 WARNING neutron.scheduler.dhcp_agent_scheduler [None req-11c67b6c-cccb-4313-b141-14dafd5fe736 dbeaca6b35c64742b21c465c41c618c8 4518c8ae4cf44edd9e137319d707dfcc - - default default] No more DHCP agents
2026-08-19 00:36:02.659 8 WARNING neutron.api.rpc.agentnotifiers.dhcp_rpc_agent_api [None req-11c67b6c-cccb-4313-b141-14dafd5fe736 dbeaca6b35c64742b21c465c41c618c8 4518c8ae4cf44edd9e137319d707dfcc - - default default] Unable to schedule network cb095586-4d21-461e-87a3-66dfac644c78: no agents available; will retry on subsequent port and subnet creation events.
2026-08-19 00:36:02.688 8 INFO neutron.db.ovn_revision_numbers_db [None req-11c67b6c-cccb-4313-b141-14dafd5fe736 dbeaca6b35c64742b21c465c41c618c8 4518c8ae4cf44edd9e137319d707dfcc - - default default] Successfully bumped revision number for resource 364c5f65-0692-4fe3-82b2-103573c482fd (type: subnets) to 0
2026-08-19 00:36:02.691 7 INFO neutron_taas.services.taas.taas_plugin [None req-efdc8438-65a5-47c3-a6c1-f2414b8a69bd 6d7ae1a1b6034745b42d94d69015646f bc32974fc6ca44c7817caeb1d2d440ac - - default default] TaaS: Handle Delete Port: 91a5af7e-6bdc-463c-bfb5-7dd4126c2934
2026-08-19 00:36:02.694 7 INFO neutron_taas.services.taas.tap_mirror_plugin [None req-efdc8438-65a5-47c3-a6c1-f2414b8a69bd 6d7ae1a1b6034745b42d94d69015646f bc32974fc6ca44c7817caeb1d2d440ac - - default default] Tap Mirror: Handle Delete Port: 91a5af7e-6bdc-463c-bfb5-7dd4126c2934 [pid: 8|app: 0|req: 1296/2611] 10.0.0.243 () {34 vars in 668 bytes} [Wed Aug 19 00:36:02 2026] POST /v2.0/subnets => generated 731 bytes in 191 msecs (HTTP/1.1 201) 4 headers in 162 bytes (1 switches on core 0)
2026-08-19 00:36:02.723 8 INFO neutron.api.v2.resource [None req-e046885e-cdcd-47b2-b485-d8d0bd2c8f6c 64895d1a42c04782bb03644ce2821457 95183acdcbb34c89b44e33dbb3c22d6f - - default default] show failed (client error): The resource could not be found. [pid: 8|app: 0|req: 1297/2612] 10.0.0.243 () {32 vars in 758 bytes} [Wed Aug 19 00:36:02 2026] GET /v2.0/security-groups/4873d01c-2b4d-46e7-a7fc-53039500d6a6/tags/green => generated 99 bytes in 23 msecs (HTTP/1.1 404) 4 headers in 163 bytes (1 switches on core 0) [pid: 8|app: 0|req: 1298/2613] 10.0.0.243 () {32 vars in 773 bytes} [Wed Aug 19 00:36:02 2026] GET /v2.0/security-groups?tenant_id=4bbe338e42b9443085d90c8c8a0d7ffb&name=default => generated 2925 bytes in 20 msecs (HTTP/1.1 200) 4 headers in 158 bytes (1 switches on core 0)
2026-08-19 00:36:02.867 8 INFO neutron.db.segments_db [None req-c17e5292-b882-4cab-821b-4e998fa78187 dbeaca6b35c64742b21c465c41c618c8 4518c8ae4cf44edd9e137319d707dfcc - - default default] Added segment 97b5aba5-b53b-4d87-b6b5-1755f8f4781b of type geneve for network aa2a2b31-f5b1-4148-bacd-3020068ed63a
2026-08-19 00:36:02.940 8 INFO neutron.services.segments.plugin [-] Segment 7432e4f1-aa69-46bc-8895-6a52a817a3ab resource provider aggregate not found [pid: 7|app: 0|req: 1316/2614] 10.0.0.243 () {32 vars in 725 bytes} [Wed Aug 19 00:36:02 2026] DELETE /v2.0/networks/fb53e9a1-9a7e-47e5-817c-fc75efef2efa => generated 0 bytes in 371 msecs (HTTP/1.1 204) 3 headers in 131 bytes (1 switches on core 0)
2026-08-19 00:36:02.947 8 INFO neutron.services.segments.plugin [-] Segment 7432e4f1-aa69-46bc-8895-6a52a817a3ab resource provider aggregate not found
2026-08-19 00:36:02.956 8 INFO neutron.services.segments.plugin [-] Client error retrieving segment 7432e4f1-aa69-46bc-8895-6a52a817a3ab resource provider; error: Placement Client Error (4xx): {"errors": [{"status": 404, "title": "Not Found", "detail": "The resource could not be found.\n\n No resource provider with uuid 7432e4f1-aa69-46bc-8895-6a52a817a3ab found for delete ", "request_id": "req-b34d42cb-a66c-4f30-bf3c-5156a1064190"}]}
2026-08-19 00:36:02.966 8 INFO neutron.services.segments.plugin [-] Client error retrieving segment 7432e4f1-aa69-46bc-8895-6a52a817a3ab resource provider; error: Placement Client Error (4xx): {"errors": [{"status": 404, "title": "Not Found", "detail": "The resource could not be found.\n\n No resource provider with uuid 7432e4f1-aa69-46bc-8895-6a52a817a3ab found for delete ", "request_id": "req-f9a0c6b4-8040-4686-9a3b-f33c7c0d9ab0"}]} [pid: 7|app: 0|req: 1317/2615] 10.0.0.243 () {32 vars in 757 bytes} [Wed Aug 19 00:36:02 2026] DELETE /v2.0/security-groups/4873d01c-2b4d-46e7-a7fc-53039500d6a6/tags/red => generated 0 bytes in 49 msecs (HTTP/1.1 204) 2 headers in 112 bytes (1 switches on core 0)
2026-08-19 00:36:03.031 8 INFO neutron.db.ovn_revision_numbers_db [None req-c17e5292-b882-4cab-821b-4e998fa78187 dbeaca6b35c64742b21c465c41c618c8 4518c8ae4cf44edd9e137319d707dfcc - - default default] Successfully bumped revision number for resource aa2a2b31-f5b1-4148-bacd-3020068ed63a (type: networks) to 1
2026-08-19 00:36:03.237 8 WARNING neutron.scheduler.dhcp_agent_scheduler [None req-c17e5292-b882-4cab-821b-4e998fa78187 dbeaca6b35c64742b21c465c41c618c8 4518c8ae4cf44edd9e137319d707dfcc - - default default] No more DHCP agents
2026-08-19 00:36:03.239 8 WARNING neutron.api.rpc.agentnotifiers.dhcp_rpc_agent_api [None req-c17e5292-b882-4cab-821b-4e998fa78187 dbeaca6b35c64742b21c465c41c618c8 4518c8ae4cf44edd9e137319d707dfcc - - default default] Unable to schedule network aa2a2b31-f5b1-4148-bacd-3020068ed63a: no agents available; will retry on subsequent port and subnet creation events. [pid: 7|app: 0|req: 1318/2616] 10.0.0.243 () {32 vars in 739 bytes} [Wed Aug 19 00:36:02 2026] DELETE /v2.0/security-groups/5a992613-2f66-4cbe-9597-2365430b0fcf => generated 0 bytes in 258 msecs (HTTP/1.1 204) 2 headers in 112 bytes (1 switches on core 0)
2026-08-19 00:36:03.309 8 INFO neutron.plugins.ml2.drivers.ovn.mech_driver.mech_driver [None req-aa14172a-2bce-4b73-a1fb-c6b720cb72b4 - - - - - -] OVN reports status down for port: ff5ec70c-e066-4976-ba6d-b24736bddb79
2026-08-19 00:36:03.368 8 INFO neutron.db.ovn_revision_numbers_db [None req-c17e5292-b882-4cab-821b-4e998fa78187 dbeaca6b35c64742b21c465c41c618c8 4518c8ae4cf44edd9e137319d707dfcc - - default default] Successfully bumped revision number for resource ff5ec70c-e066-4976-ba6d-b24736bddb79 (type: ports) to 1
2026-08-19 00:36:03.393 7 INFO neutron_taas.services.taas.taas_plugin [None req-2535a934-d2c2-4a60-a704-b68ba6d13a91 6d7ae1a1b6034745b42d94d69015646f bc32974fc6ca44c7817caeb1d2d440ac - - default default] TaaS: Handle Delete Port: d50877a6-5fbd-461b-8928-35b649bb05aa
2026-08-19 00:36:03.396 7 INFO neutron_taas.services.taas.tap_mirror_plugin [None req-2535a934-d2c2-4a60-a704-b68ba6d13a91 6d7ae1a1b6034745b42d94d69015646f bc32974fc6ca44c7817caeb1d2d440ac - - default default] Tap Mirror: Handle Delete Port: d50877a6-5fbd-461b-8928-35b649bb05aa [pid: 8|app: 0|req: 1299/2617] 10.0.0.243 () {34 vars in 669 bytes} [Wed Aug 19 00:36:02 2026] POST /v2.0/networks => generated 637 bytes in 662 msecs (HTTP/1.1 201) 4 headers in 162 bytes (1 switches on core 0) [pid: 8|app: 0|req: 1300/2618] 10.0.0.243 () {32 vars in 746 bytes} [Wed Aug 19 00:36:03 2026] GET /v2.0/security-groups/4873d01c-2b4d-46e7-a7fc-53039500d6a6/tags => generated 30 bytes in 38 msecs (HTTP/1.1 200) 4 headers in 156 bytes (1 switches on core 0)
2026-08-19 00:36:03.551 7 INFO neutron.services.segments.plugin [-] Segment 3b7e7015-0c4b-438a-89b0-ddb88c3304e5 resource provider aggregate not found
2026-08-19 00:36:03.584 7 INFO neutron.services.segments.plugin [-] Client error retrieving segment 3b7e7015-0c4b-438a-89b0-ddb88c3304e5 resource provider; error: Placement Client Error (4xx): {"errors": [{"status": 404, "title": "Not Found", "detail": "The resource could not be found.\n\n No resource provider with uuid 3b7e7015-0c4b-438a-89b0-ddb88c3304e5 found for delete ", "request_id": "req-8e4e23cb-f4fa-4c27-9f12-02dc5b8ba165"}]}
2026-08-19 00:36:03.590 7 INFO neutron.services.segments.plugin [-] Segment 3b7e7015-0c4b-438a-89b0-ddb88c3304e5 resource provider aggregate not found
2026-08-19 00:36:03.610 7 INFO neutron.services.segments.plugin [-] Client error retrieving segment 3b7e7015-0c4b-438a-89b0-ddb88c3304e5 resource provider; error: Placement Client Error (4xx): {"errors": [{"status": 404, "title": "Not Found", "detail": "The resource could not be found.\n\n No resource provider with uuid 3b7e7015-0c4b-438a-89b0-ddb88c3304e5 found for delete ", "request_id": "req-a621016f-5cd7-4bc9-84a9-76a9a94a2849"}]}
2026-08-19 00:36:03.616 7 INFO neutron.services.segments.plugin [-] Segment 8139c203-2c61-42a1-9d66-84f329068e11 resource provider aggregate not found
2026-08-19 00:36:03.637 7 INFO neutron.services.segments.plugin [-] Client error retrieving segment 8139c203-2c61-42a1-9d66-84f329068e11 resource provider; error: Placement Client Error (4xx): {"errors": [{"status": 404, "title": "Not Found", "detail": "The resource could not be found.\n\n No resource provider with uuid 8139c203-2c61-42a1-9d66-84f329068e11 found for delete ", "request_id": "req-92706ac8-b3d8-4d82-a338-0daf771e9599"}]}
2026-08-19 00:36:03.641 7 INFO neutron.services.segments.plugin [-] Segment 8139c203-2c61-42a1-9d66-84f329068e11 resource provider aggregate not found
2026-08-19 00:36:03.643 8 WARNING neutron.scheduler.dhcp_agent_scheduler [None req-c6f99160-4d99-4b09-a51f-6b54584d9780 dbeaca6b35c64742b21c465c41c618c8 4518c8ae4cf44edd9e137319d707dfcc - - default default] No more DHCP agents
2026-08-19 00:36:03.644 8 WARNING neutron.api.rpc.agentnotifiers.dhcp_rpc_agent_api [None req-c6f99160-4d99-4b09-a51f-6b54584d9780 dbeaca6b35c64742b21c465c41c618c8 4518c8ae4cf44edd9e137319d707dfcc - - default default] Unable to schedule network aa2a2b31-f5b1-4148-bacd-3020068ed63a: no agents available; will retry on subsequent port and subnet creation events.
2026-08-19 00:36:03.653 7 INFO neutron.services.segments.plugin [-] Client error retrieving segment 8139c203-2c61-42a1-9d66-84f329068e11 resource provider; error: Placement Client Error (4xx): {"errors": [{"status": 404, "title": "Not Found", "detail": "The resource could not be found.\n\n No resource provider with uuid 8139c203-2c61-42a1-9d66-84f329068e11 found for delete ", "request_id": "req-9a94e7b4-e13e-4498-b5fd-6b966f2f162b"}]} [pid: 7|app: 0|req: 1319/2619] 10.0.0.243 () {32 vars in 725 bytes} [Wed Aug 19 00:36:03 2026] DELETE /v2.0/networks/a70bd474-f588-42f8-ab4e-ccee353df38f => generated 0 bytes in 446 msecs (HTTP/1.1 204) 3 headers in 131 bytes (1 switches on core 0)
2026-08-19 00:36:03.730 7 INFO neutron.api.v2.resource [None req-c1c7ed3e-44e6-4820-ab6b-c5a543aeae3d 64895d1a42c04782bb03644ce2821457 95183acdcbb34c89b44e33dbb3c22d6f - - default default] delete failed (client error): The resource could not be found. [pid: 7|app: 0|req: 1320/2620] 10.0.0.243 () {32 vars in 761 bytes} [Wed Aug 19 00:36:03 2026] DELETE /v2.0/security-groups/4873d01c-2b4d-46e7-a7fc-53039500d6a6/tags/green => generated 99 bytes in 33 msecs (HTTP/1.1 404) 4 headers in 163 bytes (1 switches on core 0) [pid: 7|app: 0|req: 1321/2621] 10.0.0.243 () {32 vars in 749 bytes} [Wed Aug 19 00:36:03 2026] DELETE /v2.0/security-groups/4873d01c-2b4d-46e7-a7fc-53039500d6a6/tags => generated 0 bytes in 35 msecs (HTTP/1.1 204) 2 headers in 112 bytes (1 switches on core 0) [pid: 7|app: 0|req: 1322/2622] 10.0.0.243 () {32 vars in 746 bytes} [Wed Aug 19 00:36:03 2026] GET /v2.0/security-groups/4873d01c-2b4d-46e7-a7fc-53039500d6a6/tags => generated 12 bytes in 34 msecs (HTTP/1.1 200) 4 headers in 156 bytes (1 switches on core 0) [pid: 7|app: 0|req: 1323/2623] 10.0.0.243 () {32 vars in 739 bytes} [Wed Aug 19 00:36:03 2026] DELETE /v2.0/security-groups/4873d01c-2b4d-46e7-a7fc-53039500d6a6 => generated 0 bytes in 132 msecs (HTTP/1.1 204) 2 headers in 112 bytes (1 switches on core 0)
2026-08-19 00:36:04.120 8 INFO neutron.db.ovn_revision_numbers_db [None req-8f2b54a2-3031-4dbd-b8c9-a8ef3aa7d43e - - - - - -] Successfully bumped revision number for resource ff5ec70c-e066-4976-ba6d-b24736bddb79 (type: ports) to 2
2026-08-19 00:36:04.153 8 INFO neutron.db.ovn_revision_numbers_db [None req-8f2b54a2-3031-4dbd-b8c9-a8ef3aa7d43e - - - - - -] Successfully bumped revision number for resource bafb1f2c-4ead-4aa7-bc5c-532fb43844a7 (type: subnets) to 0 [pid: 8|app: 0|req: 1301/2624] 10.0.0.243 () {34 vars in 668 bytes} [Wed Aug 19 00:36:03 2026] POST /v2.0/subnets => generated 655 bytes in 727 msecs (HTTP/1.1 201) 4 headers in 162 bytes (1 switches on core 0)
2026-08-19 00:36:04.380 7 WARNING neutron.scheduler.dhcp_agent_scheduler [None req-9026f8e3-9926-4d8a-9526-b3adc87daf1c dbeaca6b35c64742b21c465c41c618c8 4518c8ae4cf44edd9e137319d707dfcc - - default default] No more DHCP agents
2026-08-19 00:36:04.381 7 WARNING neutron.api.rpc.agentnotifiers.dhcp_rpc_agent_api [None req-9026f8e3-9926-4d8a-9526-b3adc87daf1c dbeaca6b35c64742b21c465c41c618c8 4518c8ae4cf44edd9e137319d707dfcc - - default default] Unable to schedule network aa2a2b31-f5b1-4148-bacd-3020068ed63a: no agents available; will retry on subsequent port and subnet creation events.
2026-08-19 00:36:04.419 7 INFO neutron.db.ovn_revision_numbers_db [None req-9026f8e3-9926-4d8a-9526-b3adc87daf1c dbeaca6b35c64742b21c465c41c618c8 4518c8ae4cf44edd9e137319d707dfcc - - default default] Successfully bumped revision number for resource 1c636f57-4abc-4ce8-85ec-a0bdb0792acb (type: subnets) to 0 [pid: 7|app: 0|req: 1324/2625] 10.0.0.243 () {34 vars in 668 bytes} [Wed Aug 19 00:36:04 2026] POST /v2.0/subnets => generated 725 bytes in 260 msecs (HTTP/1.1 201) 4 headers in 162 bytes (1 switches on core 0) [pid: 8|app: 0|req: 1302/2626] 10.0.0.243 () {32 vars in 773 bytes} [Wed Aug 19 00:36:04 2026] GET /v2.0/security-groups?tenant_id=bc32974fc6ca44c7817caeb1d2d440ac&name=default => generated 2925 bytes in 120 msecs (HTTP/1.1 200) 4 headers in 158 bytes (1 switches on core 0)
2026-08-19 00:36:04.535 7 INFO neutron.db.segments_db [None req-c03f105e-6d2a-4ed6-a97a-27af5a4caf3a dbeaca6b35c64742b21c465c41c618c8 4518c8ae4cf44edd9e137319d707dfcc - - default default] Added segment 2856c429-44a5-43f5-9b33-34a60feaef51 of type geneve for network f962879a-0e2b-4b39-951e-e45c66861527
2026-08-19 00:36:04.662 7 INFO neutron.db.ovn_revision_numbers_db [None req-c03f105e-6d2a-4ed6-a97a-27af5a4caf3a dbeaca6b35c64742b21c465c41c618c8 4518c8ae4cf44edd9e137319d707dfcc - - default default] Successfully bumped revision number for resource f962879a-0e2b-4b39-951e-e45c66861527 (type: networks) to 1 [pid: 8|app: 0|req: 1303/2627] 10.0.0.243 () {32 vars in 739 bytes} [Wed Aug 19 00:36:04 2026] DELETE /v2.0/security-groups/cc05f83c-5581-4985-b374-2e95cffb3a22 => generated 0 bytes in 329 msecs (HTTP/1.1 204) 2 headers in 112 bytes (1 switches on core 0)
2026-08-19 00:36:04.877 7 WARNING neutron.scheduler.dhcp_agent_scheduler [None req-c03f105e-6d2a-4ed6-a97a-27af5a4caf3a dbeaca6b35c64742b21c465c41c618c8 4518c8ae4cf44edd9e137319d707dfcc - - default default] No more DHCP agents
2026-08-19 00:36:04.878 7 WARNING neutron.api.rpc.agentnotifiers.dhcp_rpc_agent_api [None req-c03f105e-6d2a-4ed6-a97a-27af5a4caf3a dbeaca6b35c64742b21c465c41c618c8 4518c8ae4cf44edd9e137319d707dfcc - - default default] Unable to schedule network f962879a-0e2b-4b39-951e-e45c66861527: no agents available; will retry on subsequent port and subnet creation events.
2026-08-19 00:36:04.957 8 INFO neutron.plugins.ml2.drivers.ovn.mech_driver.mech_driver [None req-aa14172a-2bce-4b73-a1fb-c6b720cb72b4 - - - - - -] OVN reports status down for port: 49cc9ede-45b8-4c94-8795-0cff518cb942 [pid: 8|app: 0|req: 1304/2628] 10.0.0.243 () {32 vars in 773 bytes} [Wed Aug 19 00:36:04 2026] GET /v2.0/security-groups?tenant_id=95183acdcbb34c89b44e33dbb3c22d6f&name=default => generated 2929 bytes in 179 msecs (HTTP/1.1 200) 4 headers in 158 bytes (1 switches on core 0)
2026-08-19 00:36:04.991 7 INFO neutron.db.ovn_revision_numbers_db [None req-c03f105e-6d2a-4ed6-a97a-27af5a4caf3a dbeaca6b35c64742b21c465c41c618c8 4518c8ae4cf44edd9e137319d707dfcc - - default default] Successfully bumped revision number for resource 49cc9ede-45b8-4c94-8795-0cff518cb942 (type: ports) to 1 [pid: 7|app: 0|req: 1325/2629] 10.0.0.243 () {34 vars in 669 bytes} [Wed Aug 19 00:36:04 2026] POST /v2.0/networks => generated 637 bytes in 566 msecs (HTTP/1.1 201) 4 headers in 162 bytes (1 switches on core 0)
2026-08-19 00:36:05.203 8 INFO neutron.db.ovn_revision_numbers_db [None req-9c09caf1-2dad-4e56-986a-8fe8e87bf72d 93f223654842482aa15ccc0e94273edd 866ef04f12314aa796b5469da3a9652f - - default default] Successfully bumped revision number for resource 3a4f9e6c-366f-466f-9efa-d59bcbec5e17 (type: security_groups) to 1
2026-08-19 00:36:05.213 8 INFO neutron.db.ovn_revision_numbers_db [None req-9c09caf1-2dad-4e56-986a-8fe8e87bf72d 93f223654842482aa15ccc0e94273edd 866ef04f12314aa796b5469da3a9652f - - default default] Successfully bumped revision number for resource 4db8bda6-f294-4e6b-a916-2204635086be (type: security_group_rules) to 0
2026-08-19 00:36:05.223 8 INFO neutron.db.ovn_revision_numbers_db [None req-9c09caf1-2dad-4e56-986a-8fe8e87bf72d 93f223654842482aa15ccc0e94273edd 866ef04f12314aa796b5469da3a9652f - - default default] Successfully bumped revision number for resource 54b151b0-80c2-4ce7-8068-0c8d3fe3df55 (type: security_group_rules) to 0
2026-08-19 00:36:05.237 8 INFO neutron.db.ovn_revision_numbers_db [None req-9c09caf1-2dad-4e56-986a-8fe8e87bf72d 93f223654842482aa15ccc0e94273edd 866ef04f12314aa796b5469da3a9652f - - default default] Successfully bumped revision number for resource 5e3db55b-6097-4f42-8207-2b6e9689bc1b (type: security_group_rules) to 0
2026-08-19 00:36:05.253 8 INFO neutron.db.ovn_revision_numbers_db [None req-9c09caf1-2dad-4e56-986a-8fe8e87bf72d 93f223654842482aa15ccc0e94273edd 866ef04f12314aa796b5469da3a9652f - - default default] Successfully bumped revision number for resource 6711a919-efd5-41d0-bf28-b311ced1dba1 (type: security_group_rules) to 0 [pid: 8|app: 0|req: 1305/2630] 10.0.0.243 () {32 vars in 773 bytes} [Wed Aug 19 00:36:04 2026] GET /v2.0/security-groups?tenant_id=c428cb1db34c42e5b8405e60835b2118&name=default => generated 2929 bytes in 314 msecs (HTTP/1.1 200) 4 headers in 158 bytes (1 switches on core 0) [pid: 7|app: 0|req: 1326/2631] 10.0.0.243 () {32 vars in 739 bytes} [Wed Aug 19 00:36:05 2026] DELETE /v2.0/security-groups/933c122e-369e-486d-985d-f4f3591b0d6e => generated 0 bytes in 342 msecs (HTTP/1.1 204) 2 headers in 112 bytes (1 switches on core 0)
2026-08-19 00:36:05.542 8 WARNING neutron.scheduler.dhcp_agent_scheduler [None req-e4c06822-6c7b-473c-9c37-8a9dd87ca6a9 dbeaca6b35c64742b21c465c41c618c8 4518c8ae4cf44edd9e137319d707dfcc - - default default] No more DHCP agents
2026-08-19 00:36:05.543 8 WARNING neutron.api.rpc.agentnotifiers.dhcp_rpc_agent_api [None req-e4c06822-6c7b-473c-9c37-8a9dd87ca6a9 dbeaca6b35c64742b21c465c41c618c8 4518c8ae4cf44edd9e137319d707dfcc - - default default] Unable to schedule network f962879a-0e2b-4b39-951e-e45c66861527: no agents available; will retry on subsequent port and subnet creation events. [pid: 7|app: 0|req: 1327/2632] 10.0.0.243 () {32 vars in 739 bytes} [Wed Aug 19 00:36:05 2026] DELETE /v2.0/security-groups/3a4f9e6c-366f-466f-9efa-d59bcbec5e17 => generated 0 bytes in 266 msecs (HTTP/1.1 204) 2 headers in 112 bytes (1 switches on core 0)
2026-08-19 00:36:05.655 7 INFO neutron.services.segments.plugin [-] Segment 6fb2f32f-d813-403e-9979-b195ef1ab939 resource provider aggregate not found
2026-08-19 00:36:05.673 7 INFO neutron.services.segments.plugin [-] Segment 6fb2f32f-d813-403e-9979-b195ef1ab939 resource provider aggregate not found
2026-08-19 00:36:05.674 7 INFO neutron.services.segments.plugin [-] Client error retrieving segment 6fb2f32f-d813-403e-9979-b195ef1ab939 resource provider; error: Placement Client Error (4xx): {"errors": [{"status": 404, "title": "Not Found", "detail": "The resource could not be found.\n\n No resource provider with uuid 6fb2f32f-d813-403e-9979-b195ef1ab939 found for delete ", "request_id": "req-3c3a277c-5ebf-4e61-a143-a5ffc0e8b428"}]}
2026-08-19 00:36:05.692 7 INFO neutron.services.segments.plugin [-] Client error retrieving segment 6fb2f32f-d813-403e-9979-b195ef1ab939 resource provider; error: Placement Client Error (4xx): {"errors": [{"status": 404, "title": "Not Found", "detail": "The resource could not be found.\n\n No resource provider with uuid 6fb2f32f-d813-403e-9979-b195ef1ab939 found for delete ", "request_id": "req-8dc16527-377f-42ef-a9a4-af172c05f7cc"}]}
2026-08-19 00:36:05.809 7 INFO neutron.db.ovn_revision_numbers_db [None req-332a5d9e-ae3f-43b7-a191-9c652566b50e 93f223654842482aa15ccc0e94273edd 866ef04f12314aa796b5469da3a9652f - - default default] Successfully bumped revision number for resource b6689305-1a6b-4bff-96e9-f22bb09d7483 (type: security_groups) to 1
2026-08-19 00:36:05.818 7 INFO neutron.db.ovn_revision_numbers_db [None req-332a5d9e-ae3f-43b7-a191-9c652566b50e 93f223654842482aa15ccc0e94273edd 866ef04f12314aa796b5469da3a9652f - - default default] Successfully bumped revision number for resource 103e05c5-b386-42c1-81cc-6942189b671e (type: security_group_rules) to 0
2026-08-19 00:36:05.827 7 INFO neutron.db.ovn_revision_numbers_db [None req-332a5d9e-ae3f-43b7-a191-9c652566b50e 93f223654842482aa15ccc0e94273edd 866ef04f12314aa796b5469da3a9652f - - default default] Successfully bumped revision number for resource 11a4a425-88b4-4b9f-ada8-aee6f1211f65 (type: security_group_rules) to 0
2026-08-19 00:36:05.843 7 INFO neutron.db.ovn_revision_numbers_db [None req-332a5d9e-ae3f-43b7-a191-9c652566b50e 93f223654842482aa15ccc0e94273edd 866ef04f12314aa796b5469da3a9652f - - default default] Successfully bumped revision number for resource d2c367c7-343f-4480-b884-e3155ca5a153 (type: security_group_rules) to 0
2026-08-19 00:36:05.855 7 INFO neutron.db.ovn_revision_numbers_db [None req-332a5d9e-ae3f-43b7-a191-9c652566b50e 93f223654842482aa15ccc0e94273edd 866ef04f12314aa796b5469da3a9652f - - default default] Successfully bumped revision number for resource dd8f5445-576a-48ac-8051-4fd351182b88 (type: security_group_rules) to 0 [pid: 7|app: 0|req: 1328/2633] 10.0.0.243 () {32 vars in 773 bytes} [Wed Aug 19 00:36:05 2026] GET /v2.0/security-groups?tenant_id=28a1fa048fb3496ebca88b3514d06cea&name=default => generated 2929 bytes in 264 msecs (HTTP/1.1 200) 4 headers in 158 bytes (1 switches on core 0)
2026-08-19 00:36:06.034 7 INFO neutron.db.ovn_revision_numbers_db [None req-5d003073-cc71-45c4-999b-1fe92f19b4a1 93f223654842482aa15ccc0e94273edd 866ef04f12314aa796b5469da3a9652f - - default default] Successfully bumped revision number for resource 66bcc1e3-1ef6-4f58-a672-36793c969fbc (type: security_groups) to 1
2026-08-19 00:36:06.055 7 INFO neutron.db.ovn_revision_numbers_db [None req-5d003073-cc71-45c4-999b-1fe92f19b4a1 93f223654842482aa15ccc0e94273edd 866ef04f12314aa796b5469da3a9652f - - default default] Successfully bumped revision number for resource 0c09370d-6b3f-40d7-ab6d-d1b0cf86d6cb (type: security_group_rules) to 0
2026-08-19 00:36:06.074 7 INFO neutron.db.ovn_revision_numbers_db [None req-5d003073-cc71-45c4-999b-1fe92f19b4a1 93f223654842482aa15ccc0e94273edd 866ef04f12314aa796b5469da3a9652f - - default default] Successfully bumped revision number for resource a47b20b8-4037-40e4-aef8-3eb3a972df32 (type: security_group_rules) to 0
2026-08-19 00:36:06.089 7 INFO neutron.db.ovn_revision_numbers_db [None req-5d003073-cc71-45c4-999b-1fe92f19b4a1 93f223654842482aa15ccc0e94273edd 866ef04f12314aa796b5469da3a9652f - - default default] Successfully bumped revision number for resource c545bc32-db7f-4c77-b63e-ccfb8eb81604 (type: security_group_rules) to 0
2026-08-19 00:36:06.099 7 INFO neutron.db.ovn_revision_numbers_db [None req-5d003073-cc71-45c4-999b-1fe92f19b4a1 93f223654842482aa15ccc0e94273edd 866ef04f12314aa796b5469da3a9652f - - default default] Successfully bumped revision number for resource d45afc3c-1532-435a-9ab5-a752caa2936c (type: security_group_rules) to 0
2026-08-19 00:36:06.103 8 INFO neutron.db.ovn_revision_numbers_db [None req-4e4bba70-46bc-4a44-8a0b-e4f860633dbc - - - - - -] Successfully bumped revision number for resource 49cc9ede-45b8-4c94-8795-0cff518cb942 (type: ports) to 2 [pid: 7|app: 0|req: 1329/2634] 10.0.0.243 () {32 vars in 773 bytes} [Wed Aug 19 00:36:05 2026] GET /v2.0/security-groups?tenant_id=b01de1abff64454685a3d25ba802a84e&name=default => generated 2929 bytes in 247 msecs (HTTP/1.1 200) 4 headers in 158 bytes (1 switches on core 0)
2026-08-19 00:36:06.138 8 INFO neutron.db.ovn_revision_numbers_db [None req-4e4bba70-46bc-4a44-8a0b-e4f860633dbc - - - - - -] Successfully bumped revision number for resource 3c6793f1-1605-4f12-ad01-c29a0bbfb0ba (type: subnets) to 0 [pid: 8|app: 0|req: 1306/2635] 10.0.0.243 () {34 vars in 668 bytes} [Wed Aug 19 00:36:05 2026] POST /v2.0/subnets => generated 655 bytes in 853 msecs (HTTP/1.1 201) 4 headers in 162 bytes (1 switches on core 0) [pid: 7|app: 0|req: 1330/2636] 10.0.0.243 () {32 vars in 739 bytes} [Wed Aug 19 00:36:06 2026] DELETE /v2.0/security-groups/b6689305-1a6b-4bff-96e9-f22bb09d7483 => generated 0 bytes in 283 msecs (HTTP/1.1 204) 2 headers in 112 bytes (1 switches on core 0) [pid: 8|app: 0|req: 1307/2637] 10.0.0.243 () {32 vars in 739 bytes} [Wed Aug 19 00:36:06 2026] DELETE /v2.0/security-groups/66bcc1e3-1ef6-4f58-a672-36793c969fbc => generated 0 bytes in 316 msecs (HTTP/1.1 204) 2 headers in 112 bytes (1 switches on core 0)
2026-08-19 00:36:06.645 7 WARNING neutron.scheduler.dhcp_agent_scheduler [None req-b494e691-73db-45b6-8196-74e74c6c7ccc dbeaca6b35c64742b21c465c41c618c8 4518c8ae4cf44edd9e137319d707dfcc - - default default] No more DHCP agents
2026-08-19 00:36:06.647 7 WARNING neutron.api.rpc.agentnotifiers.dhcp_rpc_agent_api [None req-b494e691-73db-45b6-8196-74e74c6c7ccc dbeaca6b35c64742b21c465c41c618c8 4518c8ae4cf44edd9e137319d707dfcc - - default default] Unable to schedule network f962879a-0e2b-4b39-951e-e45c66861527: no agents available; will retry on subsequent port and subnet creation events.
2026-08-19 00:36:06.692 7 INFO neutron.db.ovn_revision_numbers_db [None req-b494e691-73db-45b6-8196-74e74c6c7ccc dbeaca6b35c64742b21c465c41c618c8 4518c8ae4cf44edd9e137319d707dfcc - - default default] Successfully bumped revision number for resource 6b0bf1b9-03d7-4b57-a992-e1f600d54a7f (type: subnets) to 0 [pid: 8|app: 0|req: 1308/2638] 10.0.0.243 () {34 vars in 675 bytes} [Wed Aug 19 00:36:06 2026] POST /v2.0/subnetpools => generated 516 bytes in 225 msecs (HTTP/1.1 201) 4 headers in 162 bytes (1 switches on core 0) [pid: 7|app: 0|req: 1331/2639] 10.0.0.243 () {34 vars in 668 bytes} [Wed Aug 19 00:36:06 2026] POST /v2.0/subnets => generated 729 bytes in 287 msecs (HTTP/1.1 201) 4 headers in 162 bytes (1 switches on core 0) [pid: 8|app: 0|req: 1309/2640] 10.0.0.243 () {34 vars in 758 bytes} [Wed Aug 19 00:36:06 2026] PUT /v2.0/subnetpools/c95aab3d-7f7a-4fd7-a748-df012e644658/tags => generated 25 bytes in 37 msecs (HTTP/1.1 200) 4 headers in 156 bytes (1 switches on core 0) [pid: 8|app: 0|req: 1310/2641] 10.0.0.243 () {32 vars in 738 bytes} [Wed Aug 19 00:36:06 2026] GET /v2.0/subnetpools/c95aab3d-7f7a-4fd7-a748-df012e644658/tags => generated 25 bytes in 23 msecs (HTTP/1.1 200) 4 headers in 156 bytes (1 switches on core 0) [pid: 8|app: 0|req: 1311/2642] 10.0.0.243 () {34 vars in 769 bytes} [Wed Aug 19 00:36:06 2026] PUT /v2.0/subnetpools/c95aab3d-7f7a-4fd7-a748-df012e644658/tags/green => generated 4 bytes in 43 msecs (HTTP/1.1 201) 4 headers in 160 bytes (1 switches on core 0) [pid: 8|app: 0|req: 1312/2643] 10.0.0.243 () {32 vars in 738 bytes} [Wed Aug 19 00:36:06 2026] GET /v2.0/subnetpools/c95aab3d-7f7a-4fd7-a748-df012e644658/tags => generated 34 bytes in 26 msecs (HTTP/1.1 200) 4 headers in 156 bytes (1 switches on core 0) [pid: 8|app: 0|req: 1313/2644] 10.0.0.243 () {34 vars in 765 bytes} [Wed Aug 19 00:36:06 2026] PUT /v2.0/subnetpools/c95aab3d-7f7a-4fd7-a748-df012e644658/tags/red => generated 4 bytes in 48 msecs (HTTP/1.1 201) 4 headers in 160 bytes (1 switches on core 0) [pid: 8|app: 0|req: 1314/2645] 10.0.0.243 () {32 vars in 738 bytes} [Wed Aug 19 00:36:06 2026] GET /v2.0/subnetpools/c95aab3d-7f7a-4fd7-a748-df012e644658/tags => generated 34 bytes in 23 msecs (HTTP/1.1 200) 4 headers in 156 bytes (1 switches on core 0) [pid: 8|app: 0|req: 1315/2646] 10.0.0.243 () {34 vars in 787 bytes} [Wed Aug 19 00:36:06 2026] PUT /v2.0/subnetpools/c95aab3d-7f7a-4fd7-a748-df012e644658/tags/black.or.white => generated 4 bytes in 38 msecs (HTTP/1.1 201) 4 headers in 160 bytes (1 switches on core 0) [pid: 8|app: 0|req: 1316/2647] 10.0.0.243 () {32 vars in 738 bytes} [Wed Aug 19 00:36:06 2026] GET /v2.0/subnetpools/c95aab3d-7f7a-4fd7-a748-df012e644658/tags => generated 52 bytes in 19 msecs (HTTP/1.1 200) 4 headers in 156 bytes (1 switches on core 0) [pid: 8|app: 0|req: 1317/2648] 10.0.0.243 () {34 vars in 758 bytes} [Wed Aug 19 00:36:07 2026] PUT /v2.0/subnetpools/c95aab3d-7f7a-4fd7-a748-df012e644658/tags => generated 37 bytes in 29 msecs (HTTP/1.1 200) 4 headers in 156 bytes (1 switches on core 0) [pid: 8|app: 0|req: 1318/2649] 10.0.0.243 () {32 vars in 738 bytes} [Wed Aug 19 00:36:07 2026] GET /v2.0/subnetpools/c95aab3d-7f7a-4fd7-a748-df012e644658/tags => generated 37 bytes in 20 msecs (HTTP/1.1 200) 4 headers in 156 bytes (1 switches on core 0)
2026-08-19 00:36:07.079 7 WARNING neutron.scheduler.dhcp_agent_scheduler [None req-ee56884b-f63f-409b-b8c9-89b4ae9c4404 dbeaca6b35c64742b21c465c41c618c8 4518c8ae4cf44edd9e137319d707dfcc - - default default] No more DHCP agents
2026-08-19 00:36:07.080 7 WARNING neutron.api.rpc.agentnotifiers.dhcp_rpc_agent_api [None req-ee56884b-f63f-409b-b8c9-89b4ae9c4404 dbeaca6b35c64742b21c465c41c618c8 4518c8ae4cf44edd9e137319d707dfcc - - default default] Unable to schedule network 16927ad3-341b-435c-911e-fda4ef0e6a8e: no agents available; will retry on subsequent port and subnet creation events. [pid: 8|app: 0|req: 1319/2650] 10.0.0.243 () {32 vars in 746 bytes} [Wed Aug 19 00:36:07 2026] GET /v2.0/subnetpools/c95aab3d-7f7a-4fd7-a748-df012e644658/tags/red => generated 0 bytes in 19 msecs (HTTP/1.1 204) 2 headers in 112 bytes (1 switches on core 0)
2026-08-19 00:36:07.105 8 INFO neutron.api.v2.resource [None req-dfcae7da-77e6-432d-afe2-0533bf95d1b7 3be3c3ce19e74378bfb315bd61e8e803 f1c50523d59c485ba24fbbd54cdbc0c3 - - default default] show failed (client error): The resource could not be found. [pid: 8|app: 0|req: 1320/2651] 10.0.0.243 () {32 vars in 750 bytes} [Wed Aug 19 00:36:07 2026] GET /v2.0/subnetpools/c95aab3d-7f7a-4fd7-a748-df012e644658/tags/green => generated 99 bytes in 18 msecs (HTTP/1.1 404) 4 headers in 163 bytes (1 switches on core 0) [pid: 8|app: 0|req: 1321/2652] 10.0.0.243 () {32 vars in 749 bytes} [Wed Aug 19 00:36:07 2026] DELETE /v2.0/subnetpools/c95aab3d-7f7a-4fd7-a748-df012e644658/tags/red => generated 0 bytes in 28 msecs (HTTP/1.1 204) 2 headers in 112 bytes (1 switches on core 0) [pid: 8|app: 0|req: 1322/2653] 10.0.0.243 () {32 vars in 738 bytes} [Wed Aug 19 00:36:07 2026] GET /v2.0/subnetpools/c95aab3d-7f7a-4fd7-a748-df012e644658/tags => generated 30 bytes in 33 msecs (HTTP/1.1 200) 4 headers in 156 bytes (1 switches on core 0)
2026-08-19 00:36:07.218 8 INFO neutron.plugins.ml2.drivers.ovn.mech_driver.mech_driver [None req-aa14172a-2bce-4b73-a1fb-c6b720cb72b4 - - - - - -] OVN reports status down for port: e57d146c-8dfd-49dd-9038-80ddebf69b88
2026-08-19 00:36:07.229 8 INFO neutron.api.v2.resource [None req-2aeffe90-4321-47f9-af98-43b146d2cb13 3be3c3ce19e74378bfb315bd61e8e803 f1c50523d59c485ba24fbbd54cdbc0c3 - - default default] delete failed (client error): The resource could not be found. [pid: 8|app: 0|req: 1323/2654] 10.0.0.243 () {32 vars in 753 bytes} [Wed Aug 19 00:36:07 2026] DELETE /v2.0/subnetpools/c95aab3d-7f7a-4fd7-a748-df012e644658/tags/green => generated 99 bytes in 50 msecs (HTTP/1.1 404) 4 headers in 163 bytes (1 switches on core 0)
2026-08-19 00:36:07.249 7 INFO neutron.db.ovn_revision_numbers_db [None req-ee56884b-f63f-409b-b8c9-89b4ae9c4404 dbeaca6b35c64742b21c465c41c618c8 4518c8ae4cf44edd9e137319d707dfcc - - default default] Successfully bumped revision number for resource e57d146c-8dfd-49dd-9038-80ddebf69b88 (type: ports) to 1 [pid: 8|app: 0|req: 1324/2655] 10.0.0.243 () {32 vars in 741 bytes} [Wed Aug 19 00:36:07 2026] DELETE /v2.0/subnetpools/c95aab3d-7f7a-4fd7-a748-df012e644658/tags => generated 0 bytes in 72 msecs (HTTP/1.1 204) 2 headers in 112 bytes (1 switches on core 0) [pid: 8|app: 0|req: 1325/2656] 10.0.0.243 () {32 vars in 738 bytes} [Wed Aug 19 00:36:07 2026] GET /v2.0/subnetpools/c95aab3d-7f7a-4fd7-a748-df012e644658/tags => generated 12 bytes in 31 msecs (HTTP/1.1 200) 4 headers in 156 bytes (1 switches on core 0) [pid: 8|app: 0|req: 1326/2657] 10.0.0.243 () {32 vars in 731 bytes} [Wed Aug 19 00:36:07 2026] DELETE /v2.0/subnetpools/c95aab3d-7f7a-4fd7-a748-df012e644658 => generated 0 bytes in 51 msecs (HTTP/1.1 204) 2 headers in 112 bytes (1 switches on core 0)
2026-08-19 00:36:07.823 7 INFO neutron.plugins.ml2.drivers.ovn.mech_driver.ovsdb.commands [-] Schedule LRP lrp-e57d146c-8dfd-49dd-9038-80ddebf69b88 on gateway 99c6b0dc-fbbd-4ce0-8186-c17a14dd97fc with priority 1
2026-08-19 00:36:07.936 8 INFO neutron.plugins.ml2.drivers.ovn.mech_driver.ovsdb.ovsdb_monitor [None req-883d250a-c3d1-4d28-bde7-709a9fe92f9f - - - - - -] Router ee8a833c-7e1a-4ea9-a30f-9285bd1c9ca6 is bound to host instance
2026-08-19 00:36:07.967 8 INFO neutron.plugins.ml2.drivers.ovn.mech_driver.mech_driver [None req-aa14172a-2bce-4b73-a1fb-c6b720cb72b4 - - - - - -] OVN reports status up for port: e57d146c-8dfd-49dd-9038-80ddebf69b88
2026-08-19 00:36:07.972 7 INFO neutron.db.ovn_revision_numbers_db [None req-ee56884b-f63f-409b-b8c9-89b4ae9c4404 dbeaca6b35c64742b21c465c41c618c8 4518c8ae4cf44edd9e137319d707dfcc - - default default] Successfully bumped revision number for resource e57d146c-8dfd-49dd-9038-80ddebf69b88 (type: router_ports) to 1
2026-08-19 00:36:08.026 8 INFO neutron.plugins.ml2.plugin [None req-aa14172a-2bce-4b73-a1fb-c6b720cb72b4 - - - - - -] Attempt 1 to provision port e57d146c-8dfd-49dd-9038-80ddebf69b88
2026-08-19 00:36:08.044 7 INFO neutron.db.ovn_revision_numbers_db [None req-ee56884b-f63f-409b-b8c9-89b4ae9c4404 dbeaca6b35c64742b21c465c41c618c8 4518c8ae4cf44edd9e137319d707dfcc - - default default] Successfully bumped revision number for resource ee8a833c-7e1a-4ea9-a30f-9285bd1c9ca6 (type: routers) to 2 [pid: 7|app: 0|req: 1332/2660] 10.0.0.243 () {34 vars in 668 bytes} [Wed Aug 19 00:36:06 2026] POST /v2.0/routers => generated 945 bytes in 1352 msecs (HTTP/1.1 201) 4 headers in 162 bytes (1 switches on core 0)
2026-08-19 00:36:08.504 7 INFO neutron.db.ovn_revision_numbers_db [None req-fe5748f5-04c4-4a0a-9bb5-c42d80051e00 93f223654842482aa15ccc0e94273edd 866ef04f12314aa796b5469da3a9652f - - default default] Successfully bumped revision number for resource f3efdac8-8a01-47e4-88fc-1e7f257653b4 (type: security_groups) to 1
2026-08-19 00:36:08.516 7 INFO neutron.db.ovn_revision_numbers_db [None req-fe5748f5-04c4-4a0a-9bb5-c42d80051e00 93f223654842482aa15ccc0e94273edd 866ef04f12314aa796b5469da3a9652f - - default default] Successfully bumped revision number for resource 1d864ada-8f82-46db-a7c5-2772eb03eea6 (type: security_group_rules) to 0
