2026-08-19 00:29:29.413 7 INFO neutron.api.v2.resource [None req-9928e367-64b8-4a2a-8633-5f8f874f9a3d 93f223654842482aa15ccc0e94273edd 866ef04f12314aa796b5469da3a9652f - - default default] show failed (client error): The resource could not be found. [pid: 7|app: 0|req: 272/544] 199.204.45.227 () {44 vars in 1074 bytes} [Wed Aug 19 00:29:29 2026] GET /v2.0/security-groups/manila-service-security-group?project_id=ee91668db108476595425c3d2f2674d4 => generated 139 bytes in 41 msecs (HTTP/1.1 404) 4 headers in 164 bytes (1 switches on core 0) [pid: 8|app: 0|req: 273/545] 199.204.45.227 () {44 vars in 1097 bytes} [Wed Aug 19 00:29:29 2026] GET /v2.0/security-groups?name=manila-service-security-group&project_id=ee91668db108476595425c3d2f2674d4 => generated 4072 bytes in 32 msecs (HTTP/1.1 200) 4 headers in 158 bytes (1 switches on core 0) [pid: 7|app: 0|req: 273/546] 199.204.45.227 () {44 vars in 1088 bytes} [Wed Aug 19 00:29:30 2026] GET /v2.0/security-groups/9901087a-8d0a-47d7-bbb6-8f42e5b650d3?project_id=ee91668db108476595425c3d2f2674d4 => generated 4075 bytes in 66 msecs (HTTP/1.1 200) 4 headers in 158 bytes (1 switches on core 0) [pid: 8|app: 0|req: 274/547] 199.204.45.227 () {44 vars in 1001 bytes} [Wed Aug 19 00:29:30 2026] GET /v2.0/security-groups/9901087a-8d0a-47d7-bbb6-8f42e5b650d3 => generated 4075 bytes in 31 msecs (HTTP/1.1 200) 4 headers in 158 bytes (1 switches on core 0) [pid: 7|app: 0|req: 274/548] 199.204.45.227 () {44 vars in 1011 bytes} [Wed Aug 19 00:29:30 2026] GET /v2.0/security-group-rules/320fce7e-7bf4-4a13-b170-d45f6b4c068a => generated 597 bytes in 15 msecs (HTTP/1.1 200) 4 headers in 157 bytes (1 switches on core 0) [pid: 8|app: 0|req: 275/549] 199.204.45.227 () {44 vars in 1088 bytes} [Wed Aug 19 00:29:31 2026] GET /v2.0/security-groups/9901087a-8d0a-47d7-bbb6-8f42e5b650d3?project_id=ee91668db108476595425c3d2f2674d4 => generated 4075 bytes in 62 msecs (HTTP/1.1 200) 4 headers in 158 bytes (1 switches on core 0) [pid: 7|app: 0|req: 275/550] 199.204.45.227 () {44 vars in 1001 bytes} [Wed Aug 19 00:29:31 2026] GET /v2.0/security-groups/9901087a-8d0a-47d7-bbb6-8f42e5b650d3 => generated 4075 bytes in 29 msecs (HTTP/1.1 200) 4 headers in 158 bytes (1 switches on core 0) [pid: 8|app: 0|req: 276/551] 199.204.45.227 () {44 vars in 1011 bytes} [Wed Aug 19 00:29:31 2026] GET /v2.0/security-group-rules/4bf8fcbf-bee0-4076-bbb8-e29e4a3e378d => generated 599 bytes in 15 msecs (HTTP/1.1 200) 4 headers in 157 bytes (1 switches on core 0) [pid: 7|app: 0|req: 276/552] 199.204.45.227 () {44 vars in 1088 bytes} [Wed Aug 19 00:29:32 2026] GET /v2.0/security-groups/9901087a-8d0a-47d7-bbb6-8f42e5b650d3?project_id=ee91668db108476595425c3d2f2674d4 => generated 4075 bytes in 60 msecs (HTTP/1.1 200) 4 headers in 158 bytes (1 switches on core 0) [pid: 8|app: 0|req: 277/553] 199.204.45.227 () {44 vars in 1001 bytes} [Wed Aug 19 00:29:32 2026] GET /v2.0/security-groups/9901087a-8d0a-47d7-bbb6-8f42e5b650d3 => generated 4075 bytes in 34 msecs (HTTP/1.1 200) 4 headers in 158 bytes (1 switches on core 0) [pid: 7|app: 0|req: 277/554] 199.204.45.227 () {44 vars in 1011 bytes} [Wed Aug 19 00:29:32 2026] GET /v2.0/security-group-rules/36fa42cf-4bb4-44c6-8e5e-73a68501b2b0 => generated 601 bytes in 13 msecs (HTTP/1.1 200) 4 headers in 157 bytes (1 switches on core 0) [pid: 8|app: 0|req: 278/555] 199.204.45.227 () {44 vars in 1088 bytes} [Wed Aug 19 00:29:33 2026] GET /v2.0/security-groups/9901087a-8d0a-47d7-bbb6-8f42e5b650d3?project_id=ee91668db108476595425c3d2f2674d4 => generated 4075 bytes in 57 msecs (HTTP/1.1 200) 4 headers in 158 bytes (1 switches on core 0) [pid: 7|app: 0|req: 278/556] 199.204.45.227 () {44 vars in 1001 bytes} [Wed Aug 19 00:29:33 2026] GET /v2.0/security-groups/9901087a-8d0a-47d7-bbb6-8f42e5b650d3 => generated 4075 bytes in 35 msecs (HTTP/1.1 200) 4 headers in 158 bytes (1 switches on core 0) [pid: 8|app: 0|req: 279/557] 199.204.45.227 () {44 vars in 1011 bytes} [Wed Aug 19 00:29:33 2026] GET /v2.0/security-group-rules/7fd53319-5984-413d-8e7d-2394ba784c3a => generated 602 bytes in 15 msecs (HTTP/1.1 200) 4 headers in 157 bytes (1 switches on core 0) [pid: 7|app: 0|req: 280/560] 199.204.45.227 () {44 vars in 975 bytes} [Wed Aug 19 00:29:40 2026] GET /v2.0/quotas/ee91668db108476595425c3d2f2674d4 => generated 291 bytes in 12 msecs (HTTP/1.1 200) 4 headers in 157 bytes (1 switches on core 0) [pid: 8|app: 0|req: 283/565] 10.0.0.237 () {28 vars in 582 bytes} [Wed Aug 19 00:30:22 2026] GET /v2.0/subnets => generated 1308 bytes in 74 msecs (HTTP/1.1 200) 4 headers in 158 bytes (1 switches on core 0) [pid: 7|app: 0|req: 283/566] 10.0.0.237 () {28 vars in 590 bytes} [Wed Aug 19 00:30:22 2026] GET /v2.0/subnetpools => generated 19 bytes in 12 msecs (HTTP/1.1 200) 4 headers in 156 bytes (1 switches on core 0) [pid: 8|app: 0|req: 284/567] 10.0.0.237 () {28 vars in 582 bytes} [Wed Aug 19 00:30:22 2026] GET /v2.0/subnets => generated 1308 bytes in 34 msecs (HTTP/1.1 200) 4 headers in 158 bytes (1 switches on core 0) [pid: 7|app: 0|req: 284/568] 10.0.0.237 () {28 vars in 580 bytes} [Wed Aug 19 00:30:22 2026] GET /v2.0/agents => generated 1214 bytes in 55 msecs (HTTP/1.1 200) 4 headers in 158 bytes (1 switches on core 0) [pid: 8|app: 0|req: 285/569] 10.0.0.237 () {28 vars in 582 bytes} [Wed Aug 19 00:30:22 2026] GET /v2.0/routers => generated 15 bytes in 23 msecs (HTTP/1.1 200) 4 headers in 156 bytes (1 switches on core 0) [pid: 7|app: 0|req: 285/570] 10.0.0.237 () {28 vars in 623 bytes} [Wed Aug 19 00:30:22 2026] GET /v2.0/agents?binary=ovn-controller => generated 416 bytes in 20 msecs (HTTP/1.1 200) 4 headers in 157 bytes (1 switches on core 0) [pid: 8|app: 0|req: 286/571] 10.0.0.237 () {28 vars in 598 bytes} [Wed Aug 19 00:30:22 2026] GET /v2.0/security-groups => generated 17401 bytes in 35 msecs (HTTP/1.1 200) 4 headers in 159 bytes (1 switches on core 0) [pid: 8|app: 0|req: 288/574] 10.0.0.237 () {28 vars in 618 bytes} [Wed Aug 19 00:30:22 2026] GET /v2.0/network-ip-availabilities => generated 1104 bytes in 10 msecs (HTTP/1.1 200) 4 headers in 158 bytes (1 switches on core 0) [pid: 7|app: 0|req: 287/575] 10.0.0.237 () {28 vars in 590 bytes} [Wed Aug 19 00:30:22 2026] GET /v2.0/floatingips => generated 19 bytes in 24 msecs (HTTP/1.1 200) 4 headers in 156 bytes (1 switches on core 0) [pid: 8|app: 0|req: 289/576] 10.0.0.237 () {28 vars in 584 bytes} [Wed Aug 19 00:30:22 2026] GET /v2.0/networks => generated 2174 bytes in 58 msecs (HTTP/1.1 200) 4 headers in 158 bytes (1 switches on core 0) [pid: 7|app: 0|req: 288/577] 10.0.0.237 () {28 vars in 578 bytes} [Wed Aug 19 00:30:22 2026] GET /v2.0/ports => generated 5175 bytes in 49 msecs (HTTP/1.1 200) 4 headers in 158 bytes (1 switches on core 0) [pid: 8|app: 0|req: 290/578] 199.204.45.227 () {44 vars in 949 bytes} [Wed Aug 19 00:30:30 2026] GET /v2.0/networks?name=public => generated 753 bytes in 70 msecs (HTTP/1.1 200) 4 headers in 157 bytes (1 switches on core 0) [pid: 8|app: 0|req: 294/585] 10.0.0.243 () {32 vars in 648 bytes} [Wed Aug 19 00:31:09 2026] GET /v2.0/networks => generated 2174 bytes in 181 msecs (HTTP/1.1 200) 4 headers in 158 bytes (1 switches on core 0) [pid: 7|app: 0|req: 292/586] 10.0.0.243 () {32 vars in 654 bytes} [Wed Aug 19 00:31:10 2026] GET /v2.0/floatingips => generated 19 bytes in 16 msecs (HTTP/1.1 200) 4 headers in 156 bytes (1 switches on core 0) [pid: 8|app: 0|req: 295/587] 10.0.0.243 () {32 vars in 646 bytes} [Wed Aug 19 00:31:10 2026] GET /v2.0/routers => generated 15 bytes in 17 msecs (HTTP/1.1 200) 4 headers in 156 bytes (1 switches on core 0) [pid: 7|app: 0|req: 293/588] 10.0.0.243 () {32 vars in 642 bytes} [Wed Aug 19 00:31:10 2026] GET /v2.0/ports => generated 5175 bytes in 55 msecs (HTTP/1.1 200) 4 headers in 158 bytes (1 switches on core 0) [pid: 8|app: 0|req: 296/589] 10.0.0.243 () {32 vars in 646 bytes} [Wed Aug 19 00:31:10 2026] GET /v2.0/subnets => generated 1308 bytes in 32 msecs (HTTP/1.1 200) 4 headers in 158 bytes (1 switches on core 0) [pid: 7|app: 0|req: 294/590] 10.0.0.243 () {32 vars in 648 bytes} [Wed Aug 19 00:31:10 2026] GET /v2.0/networks => generated 2174 bytes in 37 msecs (HTTP/1.1 200) 4 headers in 158 bytes (1 switches on core 0) [pid: 8|app: 0|req: 297/591] 10.0.0.243 () {32 vars in 662 bytes} [Wed Aug 19 00:31:10 2026] GET /v2.0/security-groups => generated 17401 bytes in 33 msecs (HTTP/1.1 200) 4 headers in 159 bytes (1 switches on core 0) [pid: 7|app: 0|req: 295/592] 10.0.0.243 () {32 vars in 654 bytes} [Wed Aug 19 00:31:10 2026] GET /v2.0/subnetpools => generated 19 bytes in 11 msecs (HTTP/1.1 200) 4 headers in 156 bytes (1 switches on core 0)
2026-08-19 00:31:21.502 8 INFO neutron.db.ovn_revision_numbers_db [None req-bce7472d-ee00-4f7a-8aa6-a3e79de7cf6b 93f223654842482aa15ccc0e94273edd 866ef04f12314aa796b5469da3a9652f - - default default] Successfully bumped revision number for resource 1d35b966-aa69-4bec-afdd-12c46307c5ed (type: security_groups) to 1
2026-08-19 00:31:21.521 8 INFO neutron.db.ovn_revision_numbers_db [None req-bce7472d-ee00-4f7a-8aa6-a3e79de7cf6b 93f223654842482aa15ccc0e94273edd 866ef04f12314aa796b5469da3a9652f - - default default] Successfully bumped revision number for resource 18b123b5-5a1d-4ea0-a2e6-1c80634894f8 (type: security_group_rules) to 0
2026-08-19 00:31:21.532 8 INFO neutron.db.ovn_revision_numbers_db [None req-bce7472d-ee00-4f7a-8aa6-a3e79de7cf6b 93f223654842482aa15ccc0e94273edd 866ef04f12314aa796b5469da3a9652f - - default default] Successfully bumped revision number for resource 982bc5ff-ad11-4e72-b7d1-4deecbaaed13 (type: security_group_rules) to 0
2026-08-19 00:31:21.547 8 INFO neutron.db.ovn_revision_numbers_db [None req-bce7472d-ee00-4f7a-8aa6-a3e79de7cf6b 93f223654842482aa15ccc0e94273edd 866ef04f12314aa796b5469da3a9652f - - default default] Successfully bumped revision number for resource c7a51577-c90c-4dd4-a9fb-4727cc1cab95 (type: security_group_rules) to 0
2026-08-19 00:31:21.558 8 INFO neutron.db.ovn_revision_numbers_db [None req-bce7472d-ee00-4f7a-8aa6-a3e79de7cf6b 93f223654842482aa15ccc0e94273edd 866ef04f12314aa796b5469da3a9652f - - default default] Successfully bumped revision number for resource de122190-3e37-4ad5-9cac-ce5095b81325 (type: security_group_rules) to 0
2026-08-19 00:31:21.630 7 INFO neutron.db.ovn_revision_numbers_db [None req-e26a9e6d-996a-457a-9409-6464edfc32e6 93f223654842482aa15ccc0e94273edd 866ef04f12314aa796b5469da3a9652f - - default default] Successfully bumped revision number for resource d7468f75-2f52-4feb-b229-0e3cba441511 (type: security_groups) to 1
2026-08-19 00:31:21.648 7 INFO neutron.db.ovn_revision_numbers_db [None req-e26a9e6d-996a-457a-9409-6464edfc32e6 93f223654842482aa15ccc0e94273edd 866ef04f12314aa796b5469da3a9652f - - default default] Successfully bumped revision number for resource 2a4d16ba-5e0b-4bfe-a885-25e9c897b35d (type: security_group_rules) to 0
2026-08-19 00:31:21.677 7 INFO neutron.db.ovn_revision_numbers_db [None req-e26a9e6d-996a-457a-9409-6464edfc32e6 93f223654842482aa15ccc0e94273edd 866ef04f12314aa796b5469da3a9652f - - default default] Successfully bumped revision number for resource 53d340a6-c62f-4bf3-b178-3535c59fca7d (type: security_group_rules) to 0
2026-08-19 00:31:21.698 7 INFO neutron.db.ovn_revision_numbers_db [None req-e26a9e6d-996a-457a-9409-6464edfc32e6 93f223654842482aa15ccc0e94273edd 866ef04f12314aa796b5469da3a9652f - - default default] Successfully bumped revision number for resource 5bd1d5ff-e766-43ef-821c-b522d0e3bf7b (type: security_group_rules) to 0
2026-08-19 00:31:21.714 7 INFO neutron.db.ovn_revision_numbers_db [None req-e26a9e6d-996a-457a-9409-6464edfc32e6 93f223654842482aa15ccc0e94273edd 866ef04f12314aa796b5469da3a9652f - - default default] Successfully bumped revision number for resource 6b48742d-db3f-4519-bda2-733f49b00bac (type: security_group_rules) to 0
2026-08-19 00:31:21.732 8 INFO neutron.db.segments_db [None req-bce7472d-ee00-4f7a-8aa6-a3e79de7cf6b 93f223654842482aa15ccc0e94273edd 866ef04f12314aa796b5469da3a9652f - - default default] Added segment 65b40bcc-8616-444b-aeaf-f28a05f631e5 of type geneve for network 29f32b21-2b88-497f-b4f9-78a4b65a4b86
2026-08-19 00:31:21.799 7 INFO neutron.db.segments_db [None req-e26a9e6d-996a-457a-9409-6464edfc32e6 93f223654842482aa15ccc0e94273edd 866ef04f12314aa796b5469da3a9652f - - default default] Added segment b43891da-8f54-4690-9e10-32bfef4e367c of type geneve for network 1410918a-011f-4dc0-927c-de10d9cd740c
2026-08-19 00:31:21.867 8 INFO neutron.db.ovn_revision_numbers_db [None req-bce7472d-ee00-4f7a-8aa6-a3e79de7cf6b 93f223654842482aa15ccc0e94273edd 866ef04f12314aa796b5469da3a9652f - - default default] Successfully bumped revision number for resource 29f32b21-2b88-497f-b4f9-78a4b65a4b86 (type: networks) to 1
2026-08-19 00:31:21.955 7 INFO neutron.db.ovn_revision_numbers_db [None req-e26a9e6d-996a-457a-9409-6464edfc32e6 93f223654842482aa15ccc0e94273edd 866ef04f12314aa796b5469da3a9652f - - default default] Successfully bumped revision number for resource 1410918a-011f-4dc0-927c-de10d9cd740c (type: networks) to 1
2026-08-19 00:31:22.032 8 WARNING neutron.scheduler.dhcp_agent_scheduler [None req-bce7472d-ee00-4f7a-8aa6-a3e79de7cf6b 93f223654842482aa15ccc0e94273edd 866ef04f12314aa796b5469da3a9652f - - default default] No more DHCP agents
2026-08-19 00:31:22.033 8 WARNING neutron.api.rpc.agentnotifiers.dhcp_rpc_agent_api [None req-bce7472d-ee00-4f7a-8aa6-a3e79de7cf6b 93f223654842482aa15ccc0e94273edd 866ef04f12314aa796b5469da3a9652f - - default default] Unable to schedule network 29f32b21-2b88-497f-b4f9-78a4b65a4b86: no agents available; will retry on subsequent port and subnet creation events.
2026-08-19 00:31:22.096 8 INFO neutron.plugins.ml2.drivers.ovn.mech_driver.mech_driver [None req-8160e9c2-98b6-4c60-b780-a52711122af3 - - - - - -] OVN reports status down for port: 89c5e7e2-9490-477b-8114-cacf9ccf796e
2026-08-19 00:31:22.135 7 WARNING neutron.scheduler.dhcp_agent_scheduler [None req-e26a9e6d-996a-457a-9409-6464edfc32e6 93f223654842482aa15ccc0e94273edd 866ef04f12314aa796b5469da3a9652f - - default default] No more DHCP agents
2026-08-19 00:31:22.137 7 WARNING neutron.api.rpc.agentnotifiers.dhcp_rpc_agent_api [None req-e26a9e6d-996a-457a-9409-6464edfc32e6 93f223654842482aa15ccc0e94273edd 866ef04f12314aa796b5469da3a9652f - - default default] Unable to schedule network 1410918a-011f-4dc0-927c-de10d9cd740c: no agents available; will retry on subsequent port and subnet creation events.
2026-08-19 00:31:22.154 8 INFO neutron.db.ovn_revision_numbers_db [None req-bce7472d-ee00-4f7a-8aa6-a3e79de7cf6b 93f223654842482aa15ccc0e94273edd 866ef04f12314aa796b5469da3a9652f - - default default] Successfully bumped revision number for resource 89c5e7e2-9490-477b-8114-cacf9ccf796e (type: ports) to 1 [pid: 8|app: 0|req: 298/593] 10.0.0.243 () {34 vars in 670 bytes} [Wed Aug 19 00:31:21 2026] POST /v2.0/networks => generated 750 bytes in 929 msecs (HTTP/1.1 201) 4 headers in 162 bytes (1 switches on core 0)
2026-08-19 00:31:22.248 8 INFO neutron.plugins.ml2.drivers.ovn.mech_driver.mech_driver [None req-8160e9c2-98b6-4c60-b780-a52711122af3 - - - - - -] OVN reports status down for port: 979a3670-ecde-4d0d-9f40-129425a4095b
2026-08-19 00:31:22.249 7 INFO neutron.db.ovn_revision_numbers_db [None req-e26a9e6d-996a-457a-9409-6464edfc32e6 93f223654842482aa15ccc0e94273edd 866ef04f12314aa796b5469da3a9652f - - default default] Successfully bumped revision number for resource 979a3670-ecde-4d0d-9f40-129425a4095b (type: ports) to 1 [pid: 7|app: 0|req: 296/594] 10.0.0.243 () {34 vars in 670 bytes} [Wed Aug 19 00:31:21 2026] POST /v2.0/networks => generated 754 bytes in 996 msecs (HTTP/1.1 201) 4 headers in 162 bytes (1 switches on core 0)
2026-08-19 00:31:22.461 8 INFO neutron.db.ovn_revision_numbers_db [None req-d77d4561-2ce0-46a2-9225-582e7a6851b1 93f223654842482aa15ccc0e94273edd 866ef04f12314aa796b5469da3a9652f - - default default] Successfully bumped revision number for resource c43e6401-e685-4865-a6b5-4982ac16c2f9 (type: security_groups) to 1
2026-08-19 00:31:22.478 8 INFO neutron.db.ovn_revision_numbers_db [None req-d77d4561-2ce0-46a2-9225-582e7a6851b1 93f223654842482aa15ccc0e94273edd 866ef04f12314aa796b5469da3a9652f - - default default] Successfully bumped revision number for resource 169a02d9-99ae-442b-9ec1-4b795ca50b2b (type: security_group_rules) to 0
2026-08-19 00:31:22.492 8 INFO neutron.db.ovn_revision_numbers_db [None req-d77d4561-2ce0-46a2-9225-582e7a6851b1 93f223654842482aa15ccc0e94273edd 866ef04f12314aa796b5469da3a9652f - - default default] Successfully bumped revision number for resource 2007d2eb-17fa-409d-826f-7d2151d0a526 (type: security_group_rules) to 0
2026-08-19 00:31:22.508 8 INFO neutron.db.ovn_revision_numbers_db [None req-d77d4561-2ce0-46a2-9225-582e7a6851b1 93f223654842482aa15ccc0e94273edd 866ef04f12314aa796b5469da3a9652f - - default default] Successfully bumped revision number for resource 57348c5e-a329-4ff3-b03a-4fd9ce55de43 (type: security_group_rules) to 0
2026-08-19 00:31:22.509 7 INFO neutron.db.ovn_revision_numbers_db [None req-1a71f4f2-ce1e-40ff-8d50-94d7de51cd35 93f223654842482aa15ccc0e94273edd 866ef04f12314aa796b5469da3a9652f - - default default] Successfully bumped revision number for resource 185450b1-6377-48fa-a43b-e9f7e13990c3 (type: security_groups) to 1
2026-08-19 00:31:22.517 7 INFO neutron.db.ovn_revision_numbers_db [None req-1a71f4f2-ce1e-40ff-8d50-94d7de51cd35 93f223654842482aa15ccc0e94273edd 866ef04f12314aa796b5469da3a9652f - - default default] Successfully bumped revision number for resource 74e3b330-e243-49ba-8983-1da304240524 (type: security_group_rules) to 0
2026-08-19 00:31:22.526 8 INFO neutron.db.ovn_revision_numbers_db [None req-d77d4561-2ce0-46a2-9225-582e7a6851b1 93f223654842482aa15ccc0e94273edd 866ef04f12314aa796b5469da3a9652f - - default default] Successfully bumped revision number for resource 628b1676-0769-45e9-b8aa-59475188ccff (type: security_group_rules) to 0
2026-08-19 00:31:22.529 7 INFO neutron.db.ovn_revision_numbers_db [None req-1a71f4f2-ce1e-40ff-8d50-94d7de51cd35 93f223654842482aa15ccc0e94273edd 866ef04f12314aa796b5469da3a9652f - - default default] Successfully bumped revision number for resource 93070a65-cdba-445d-acd0-a606f793fa07 (type: security_group_rules) to 0
2026-08-19 00:31:22.542 7 INFO neutron.db.ovn_revision_numbers_db [None req-1a71f4f2-ce1e-40ff-8d50-94d7de51cd35 93f223654842482aa15ccc0e94273edd 866ef04f12314aa796b5469da3a9652f - - default default] Successfully bumped revision number for resource aaf20a9a-f59f-4437-afc7-a0be2fb0ec16 (type: security_group_rules) to 0
2026-08-19 00:31:22.551 7 INFO neutron.db.ovn_revision_numbers_db [None req-1a71f4f2-ce1e-40ff-8d50-94d7de51cd35 93f223654842482aa15ccc0e94273edd 866ef04f12314aa796b5469da3a9652f - - default default] Successfully bumped revision number for resource d5bce806-e27f-4881-88c9-0d07f1e82aa5 (type: security_group_rules) to 0 [pid: 7|app: 0|req: 297/595] 10.0.0.243 () {32 vars in 773 bytes} [Wed Aug 19 00:31:22 2026] GET /v2.0/security-groups?tenant_id=1df529816a1a48b3bb5f9d73ee08a93c&name=default => generated 2921 bytes in 321 msecs (HTTP/1.1 200) 4 headers in 158 bytes (1 switches on core 0)
2026-08-19 00:31:22.605 8 INFO neutron.db.segments_db [None req-d77d4561-2ce0-46a2-9225-582e7a6851b1 93f223654842482aa15ccc0e94273edd 866ef04f12314aa796b5469da3a9652f - - default default] Added segment c5cfabfa-8863-4a2e-ab94-3264b674d012 of type geneve for network 5e335e0a-9156-43ff-ae2f-1a86497a8910
2026-08-19 00:31:22.688 7 WARNING neutron.scheduler.dhcp_agent_scheduler [None req-6646dfbd-489f-4bb2-9bdb-1b93a9af170a 93f223654842482aa15ccc0e94273edd 866ef04f12314aa796b5469da3a9652f - - default default] No more DHCP agents
2026-08-19 00:31:22.690 7 WARNING neutron.api.rpc.agentnotifiers.dhcp_rpc_agent_api [None req-6646dfbd-489f-4bb2-9bdb-1b93a9af170a 93f223654842482aa15ccc0e94273edd 866ef04f12314aa796b5469da3a9652f - - default default] Unable to schedule network 29f32b21-2b88-497f-b4f9-78a4b65a4b86: no agents available; will retry on subsequent port and subnet creation events.
2026-08-19 00:31:22.726 8 INFO neutron.db.ovn_revision_numbers_db [None req-d77d4561-2ce0-46a2-9225-582e7a6851b1 93f223654842482aa15ccc0e94273edd 866ef04f12314aa796b5469da3a9652f - - default default] Successfully bumped revision number for resource 5e335e0a-9156-43ff-ae2f-1a86497a8910 (type: networks) to 1
2026-08-19 00:31:22.914 8 WARNING neutron.scheduler.dhcp_agent_scheduler [None req-d77d4561-2ce0-46a2-9225-582e7a6851b1 93f223654842482aa15ccc0e94273edd 866ef04f12314aa796b5469da3a9652f - - default default] No more DHCP agents
2026-08-19 00:31:22.915 8 WARNING neutron.api.rpc.agentnotifiers.dhcp_rpc_agent_api [None req-d77d4561-2ce0-46a2-9225-582e7a6851b1 93f223654842482aa15ccc0e94273edd 866ef04f12314aa796b5469da3a9652f - - default default] Unable to schedule network 5e335e0a-9156-43ff-ae2f-1a86497a8910: no agents available; will retry on subsequent port and subnet creation events.
2026-08-19 00:31:22.978 8 INFO neutron.plugins.ml2.drivers.ovn.mech_driver.mech_driver [None req-8160e9c2-98b6-4c60-b780-a52711122af3 - - - - - -] OVN reports status down for port: 7381c3ad-3299-404b-a946-d5971ed9c370
2026-08-19 00:31:23.034 8 INFO neutron.db.ovn_revision_numbers_db [None req-d77d4561-2ce0-46a2-9225-582e7a6851b1 93f223654842482aa15ccc0e94273edd 866ef04f12314aa796b5469da3a9652f - - default default] Successfully bumped revision number for resource 7381c3ad-3299-404b-a946-d5971ed9c370 (type: ports) to 1 [pid: 8|app: 0|req: 299/596] 10.0.0.243 () {34 vars in 670 bytes} [Wed Aug 19 00:31:22 2026] POST /v2.0/networks => generated 751 bytes in 881 msecs (HTTP/1.1 201) 4 headers in 162 bytes (1 switches on core 0) [pid: 8|app: 0|req: 300/597] 10.0.0.237 () {28 vars in 582 bytes} [Wed Aug 19 00:31:23 2026] GET /v2.0/subnets => generated 1992 bytes in 83 msecs (HTTP/1.1 200) 4 headers in 158 bytes (1 switches on core 0)
2026-08-19 00:31:23.179 7 INFO neutron.db.ovn_revision_numbers_db [None req-0f7323de-7bd3-4d57-a6f0-559e2b0709aa - - - - - -] Successfully bumped revision number for resource 89c5e7e2-9490-477b-8114-cacf9ccf796e (type: ports) to 2
2026-08-19 00:31:23.206 7 INFO neutron.db.ovn_revision_numbers_db [None req-0f7323de-7bd3-4d57-a6f0-559e2b0709aa - - - - - -] Successfully bumped revision number for resource 6906d66e-21c5-445e-8201-c8e46194d7b9 (type: subnets) to 0 [pid: 7|app: 0|req: 298/598] 10.0.0.243 () {34 vars in 668 bytes} [Wed Aug 19 00:31:22 2026] POST /v2.0/subnets => generated 694 bytes in 629 msecs (HTTP/1.1 201) 4 headers in 162 bytes (1 switches on core 0)
2026-08-19 00:31:23.295 8 WARNING neutron.scheduler.dhcp_agent_scheduler [None req-e3d76fd1-5907-4e7c-99e4-f99bf8503c6f 93f223654842482aa15ccc0e94273edd 866ef04f12314aa796b5469da3a9652f - - default default] No more DHCP agents
2026-08-19 00:31:23.297 8 WARNING neutron.api.rpc.agentnotifiers.dhcp_rpc_agent_api [None req-e3d76fd1-5907-4e7c-99e4-f99bf8503c6f 93f223654842482aa15ccc0e94273edd 866ef04f12314aa796b5469da3a9652f - - default default] Unable to schedule network 1410918a-011f-4dc0-927c-de10d9cd740c: no agents available; will retry on subsequent port and subnet creation events. [pid: 7|app: 0|req: 301/601] 10.0.0.243 () {32 vars in 739 bytes} [Wed Aug 19 00:31:23 2026] DELETE /v2.0/security-groups/185450b1-6377-48fa-a43b-e9f7e13990c3 => generated 0 bytes in 257 msecs (HTTP/1.1 204) 2 headers in 112 bytes (1 switches on core 0)
2026-08-19 00:31:23.608 7 WARNING neutron.scheduler.dhcp_agent_scheduler [None req-87231830-d45f-4f00-aea8-3eecfad1e1f6 93f223654842482aa15ccc0e94273edd 866ef04f12314aa796b5469da3a9652f - - default default] No more DHCP agents
2026-08-19 00:31:23.609 7 WARNING neutron.api.rpc.agentnotifiers.dhcp_rpc_agent_api [None req-87231830-d45f-4f00-aea8-3eecfad1e1f6 93f223654842482aa15ccc0e94273edd 866ef04f12314aa796b5469da3a9652f - - default default] Unable to schedule network 5e335e0a-9156-43ff-ae2f-1a86497a8910: no agents available; will retry on subsequent port and subnet creation events.
2026-08-19 00:31:23.816 8 INFO neutron.db.ovn_revision_numbers_db [None req-d439ba11-538e-4016-ab5e-3d4fd175d26f - - - - - -] Successfully bumped revision number for resource 979a3670-ecde-4d0d-9f40-129425a4095b (type: ports) to 2
2026-08-19 00:31:23.853 8 INFO neutron.db.ovn_revision_numbers_db [None req-d439ba11-538e-4016-ab5e-3d4fd175d26f - - - - - -] Successfully bumped revision number for resource a8decf64-3a00-4d40-a2d2-ee942a10081f (type: subnets) to 0 [pid: 8|app: 0|req: 301/602] 10.0.0.243 () {34 vars in 668 bytes} [Wed Aug 19 00:31:23 2026] POST /v2.0/subnets => generated 698 bytes in 708 msecs (HTTP/1.1 201) 4 headers in 162 bytes (1 switches on core 0) [pid: 8|app: 0|req: 302/603] 10.0.0.237 () {28 vars in 578 bytes} [Wed Aug 19 00:31:23 2026] GET /v2.0/ports => generated 8153 bytes in 68 msecs (HTTP/1.1 200) 4 headers in 158 bytes (1 switches on core 0)
2026-08-19 00:31:24.101 7 INFO neutron.db.ovn_revision_numbers_db [None req-ecd00e57-d5df-4158-a35e-f8e1b8324155 - - - - - -] Successfully bumped revision number for resource 7381c3ad-3299-404b-a946-d5971ed9c370 (type: ports) to 2
2026-08-19 00:31:24.130 7 INFO neutron.db.ovn_revision_numbers_db [None req-ecd00e57-d5df-4158-a35e-f8e1b8324155 - - - - - -] Successfully bumped revision number for resource 30138694-c468-4315-914d-8abe37136ec4 (type: subnets) to 0 [pid: 7|app: 0|req: 302/604] 10.0.0.243 () {34 vars in 668 bytes} [Wed Aug 19 00:31:23 2026] POST /v2.0/subnets => generated 695 bytes in 664 msecs (HTTP/1.1 201) 4 headers in 162 bytes (1 switches on core 0)
2026-08-19 00:31:24.508 8 WARNING neutron.scheduler.dhcp_agent_scheduler [None req-378e1808-20c9-4725-98ae-263257a1ca6c 93f223654842482aa15ccc0e94273edd 866ef04f12314aa796b5469da3a9652f - - default default] No more DHCP agents
2026-08-19 00:31:24.509 8 WARNING neutron.api.rpc.agentnotifiers.dhcp_rpc_agent_api [None req-378e1808-20c9-4725-98ae-263257a1ca6c 93f223654842482aa15ccc0e94273edd 866ef04f12314aa796b5469da3a9652f - - default default] Unable to schedule network 16927ad3-341b-435c-911e-fda4ef0e6a8e: no agents available; will retry on subsequent port and subnet creation events.
2026-08-19 00:31:24.618 8 INFO neutron.plugins.ml2.drivers.ovn.mech_driver.mech_driver [None req-8160e9c2-98b6-4c60-b780-a52711122af3 - - - - - -] OVN reports status down for port: 163d07f9-470f-4e69-9497-737161744b0d
2026-08-19 00:31:24.670 8 INFO neutron.db.ovn_revision_numbers_db [None req-378e1808-20c9-4725-98ae-263257a1ca6c 93f223654842482aa15ccc0e94273edd 866ef04f12314aa796b5469da3a9652f - - default default] Successfully bumped revision number for resource 163d07f9-470f-4e69-9497-737161744b0d (type: ports) to 1
2026-08-19 00:31:24.987 7 WARNING neutron.scheduler.dhcp_agent_scheduler [None req-e3e5b53e-d2fb-4e5b-a7cb-a0611b9c32e4 93f223654842482aa15ccc0e94273edd 866ef04f12314aa796b5469da3a9652f - - default default] No more DHCP agents
2026-08-19 00:31:24.989 7 WARNING neutron.api.rpc.agentnotifiers.dhcp_rpc_agent_api [None req-e3e5b53e-d2fb-4e5b-a7cb-a0611b9c32e4 93f223654842482aa15ccc0e94273edd 866ef04f12314aa796b5469da3a9652f - - default default] Unable to schedule network 16927ad3-341b-435c-911e-fda4ef0e6a8e: no agents available; will retry on subsequent port and subnet creation events.
2026-08-19 00:31:25.053 8 INFO neutron.plugins.ml2.drivers.ovn.mech_driver.ovsdb.extensions.qos [None req-378e1808-20c9-4725-98ae-263257a1ca6c 93f223654842482aa15ccc0e94273edd 866ef04f12314aa796b5469da3a9652f - - default default] Starting OVNClientQosExtension
2026-08-19 00:31:25.131 7 INFO neutron.db.ovn_revision_numbers_db [None req-e3e5b53e-d2fb-4e5b-a7cb-a0611b9c32e4 93f223654842482aa15ccc0e94273edd 866ef04f12314aa796b5469da3a9652f - - default default] Successfully bumped revision number for resource 9b308b93-dfe9-4767-af48-8c7cbc525c5e (type: ports) to 1
2026-08-19 00:31:25.169 8 INFO neutron.plugins.ml2.drivers.ovn.mech_driver.mech_driver [None req-8160e9c2-98b6-4c60-b780-a52711122af3 - - - - - -] OVN reports status down for port: 9b308b93-dfe9-4767-af48-8c7cbc525c5e
2026-08-19 00:31:25.212 8 WARNING oslo_config.cfg [None req-378e1808-20c9-4725-98ae-263257a1ca6c 93f223654842482aa15ccc0e94273edd 866ef04f12314aa796b5469da3a9652f - - default default] Deprecated: Option "ovn_emit_need_to_frag" from group "ovn" is deprecated for removal (The option is useful only on very old Linux kernels (version < 5.2).). Its value may be silently ignored in the future.
2026-08-19 00:31:25.420 7 INFO neutron.plugins.ml2.drivers.ovn.mech_driver.ovsdb.extensions.qos [None req-e3e5b53e-d2fb-4e5b-a7cb-a0611b9c32e4 93f223654842482aa15ccc0e94273edd 866ef04f12314aa796b5469da3a9652f - - default default] Starting OVNClientQosExtension
2026-08-19 00:31:25.480 8 INFO neutron.plugins.ml2.drivers.ovn.mech_driver.ovsdb.commands [None req-491a58cf-b9a7-4562-9a9c-95d9ca96aa51 - - - - - -] Schedule LRP lrp-163d07f9-470f-4e69-9497-737161744b0d on gateway 99c6b0dc-fbbd-4ce0-8186-c17a14dd97fc with priority 1
2026-08-19 00:31:25.571 8 INFO neutron.plugins.ml2.drivers.ovn.mech_driver.ovsdb.ovsdb_monitor [-] Router d13fef21-41de-44ac-ba51-0407bc69d602 is bound to host instance
2026-08-19 00:31:25.586 7 WARNING oslo_config.cfg [None req-e3e5b53e-d2fb-4e5b-a7cb-a0611b9c32e4 93f223654842482aa15ccc0e94273edd 866ef04f12314aa796b5469da3a9652f - - default default] Deprecated: Option "ovn_emit_need_to_frag" from group "ovn" is deprecated for removal (The option is useful only on very old Linux kernels (version < 5.2).). Its value may be silently ignored in the future.
2026-08-19 00:31:25.621 8 INFO neutron.plugins.ml2.drivers.ovn.mech_driver.mech_driver [None req-8160e9c2-98b6-4c60-b780-a52711122af3 - - - - - -] OVN reports status up for port: 163d07f9-470f-4e69-9497-737161744b0d
2026-08-19 00:31:25.664 8 INFO neutron.plugins.ml2.plugin [None req-8160e9c2-98b6-4c60-b780-a52711122af3 - - - - - -] Attempt 1 to provision port 163d07f9-470f-4e69-9497-737161744b0d
2026-08-19 00:31:25.715 8 INFO neutron.db.ovn_revision_numbers_db [None req-378e1808-20c9-4725-98ae-263257a1ca6c 93f223654842482aa15ccc0e94273edd 866ef04f12314aa796b5469da3a9652f - - default default] Successfully bumped revision number for resource 163d07f9-470f-4e69-9497-737161744b0d (type: router_ports) to 1
2026-08-19 00:31:25.869 7 INFO neutron.plugins.ml2.drivers.ovn.mech_driver.ovsdb.commands [-] Schedule LRP lrp-9b308b93-dfe9-4767-af48-8c7cbc525c5e on gateway 99c6b0dc-fbbd-4ce0-8186-c17a14dd97fc with priority 1
2026-08-19 00:31:25.939 8 INFO neutron.db.ovn_revision_numbers_db [None req-378e1808-20c9-4725-98ae-263257a1ca6c 93f223654842482aa15ccc0e94273edd 866ef04f12314aa796b5469da3a9652f - - default default] Successfully bumped revision number for resource d13fef21-41de-44ac-ba51-0407bc69d602 (type: routers) to 2 [pid: 8|app: 0|req: 303/605] 10.0.0.243 () {34 vars in 668 bytes} [Wed Aug 19 00:31:23 2026] POST /v2.0/routers => generated 972 bytes in 2033 msecs (HTTP/1.1 201) 4 headers in 162 bytes (1 switches on core 0) [pid: 8|app: 0|req: 304/606] 10.0.0.237 () {28 vars in 590 bytes} [Wed Aug 19 00:31:25 2026] GET /v2.0/floatingips => generated 19 bytes in 31 msecs (HTTP/1.1 200) 4 headers in 156 bytes (1 switches on core 0)
2026-08-19 00:31:26.028 7 INFO neutron.db.ovn_revision_numbers_db [None req-e3e5b53e-d2fb-4e5b-a7cb-a0611b9c32e4 93f223654842482aa15ccc0e94273edd 866ef04f12314aa796b5469da3a9652f - - default default] Successfully bumped revision number for resource 9b308b93-dfe9-4767-af48-8c7cbc525c5e (type: router_ports) to 1
2026-08-19 00:31:26.087 7 INFO neutron.db.ovn_revision_numbers_db [None req-e3e5b53e-d2fb-4e5b-a7cb-a0611b9c32e4 93f223654842482aa15ccc0e94273edd 866ef04f12314aa796b5469da3a9652f - - default default] Successfully bumped revision number for resource 1cf5737d-049f-481b-b687-9aa6af7b4232 (type: routers) to 2 [pid: 7|app: 0|req: 303/607] 10.0.0.243 () {34 vars in 668 bytes} [Wed Aug 19 00:31:24 2026] POST /v2.0/routers => generated 976 bytes in 1960 msecs (HTTP/1.1 201) 4 headers in 162 bytes (1 switches on core 0)
2026-08-19 00:31:26.409 7 INFO neutron.db.ovn_revision_numbers_db [None req-6891fa69-140b-472f-aa73-70e4551ffd98 93f223654842482aa15ccc0e94273edd 866ef04f12314aa796b5469da3a9652f - - default default] Successfully bumped revision number for resource c6f21b57-3422-48de-af9a-77f262696fff (type: security_groups) to 1
2026-08-19 00:31:26.421 7 INFO neutron.db.ovn_revision_numbers_db [None req-6891fa69-140b-472f-aa73-70e4551ffd98 93f223654842482aa15ccc0e94273edd 866ef04f12314aa796b5469da3a9652f - - default default] Successfully bumped revision number for resource 600b30d0-6475-4d12-a5fd-f82b605b35bf (type: security_group_rules) to 0
2026-08-19 00:31:26.433 7 INFO neutron.db.ovn_revision_numbers_db [None req-6891fa69-140b-472f-aa73-70e4551ffd98 93f223654842482aa15ccc0e94273edd 866ef04f12314aa796b5469da3a9652f - - default default] Successfully bumped revision number for resource 8d8a9b1b-5275-4183-b98f-6cef68378e19 (type: security_group_rules) to 0
2026-08-19 00:31:26.444 7 INFO neutron.db.ovn_revision_numbers_db [None req-6891fa69-140b-472f-aa73-70e4551ffd98 93f223654842482aa15ccc0e94273edd 866ef04f12314aa796b5469da3a9652f - - default default] Successfully bumped revision number for resource b98a8d29-f67b-48d1-b69e-24dd529995c1 (type: security_group_rules) to 0
2026-08-19 00:31:26.456 7 INFO neutron.db.ovn_revision_numbers_db [None req-6891fa69-140b-472f-aa73-70e4551ffd98 93f223654842482aa15ccc0e94273edd 866ef04f12314aa796b5469da3a9652f - - default default] Successfully bumped revision number for resource ecda2a0e-8fe6-4e9f-bfc7-c45ca6f9bd64 (type: security_group_rules) to 0
2026-08-19 00:31:26.528 7 INFO neutron.db.segments_db [None req-6891fa69-140b-472f-aa73-70e4551ffd98 93f223654842482aa15ccc0e94273edd 866ef04f12314aa796b5469da3a9652f - - default default] Added segment 4ad829e0-dc21-4b96-8df3-a99228cd9d2d of type geneve for network 1ad2b29e-6c48-4c8b-9495-eb16b495de20
2026-08-19 00:31:26.637 7 INFO neutron.db.ovn_revision_numbers_db [None req-6891fa69-140b-472f-aa73-70e4551ffd98 93f223654842482aa15ccc0e94273edd 866ef04f12314aa796b5469da3a9652f - - default default] Successfully bumped revision number for resource 1ad2b29e-6c48-4c8b-9495-eb16b495de20 (type: networks) to 1
2026-08-19 00:31:26.711 8 WARNING neutron.scheduler.dhcp_agent_scheduler [None req-2225d63c-8bb7-430d-a1f7-d06783f94961 93f223654842482aa15ccc0e94273edd 866ef04f12314aa796b5469da3a9652f - - default default] No more DHCP agents
2026-08-19 00:31:26.713 8 WARNING neutron.api.rpc.agentnotifiers.dhcp_rpc_agent_api [None req-2225d63c-8bb7-430d-a1f7-d06783f94961 93f223654842482aa15ccc0e94273edd 866ef04f12314aa796b5469da3a9652f - - default default] Unable to schedule network 16927ad3-341b-435c-911e-fda4ef0e6a8e: no agents available; will retry on subsequent port and subnet creation events.
2026-08-19 00:31:26.809 7 WARNING neutron.scheduler.dhcp_agent_scheduler [None req-6891fa69-140b-472f-aa73-70e4551ffd98 93f223654842482aa15ccc0e94273edd 866ef04f12314aa796b5469da3a9652f - - default default] No more DHCP agents
2026-08-19 00:31:26.811 7 WARNING neutron.api.rpc.agentnotifiers.dhcp_rpc_agent_api [None req-6891fa69-140b-472f-aa73-70e4551ffd98 93f223654842482aa15ccc0e94273edd 866ef04f12314aa796b5469da3a9652f - - default default] Unable to schedule network 1ad2b29e-6c48-4c8b-9495-eb16b495de20: no agents available; will retry on subsequent port and subnet creation events.
2026-08-19 00:31:26.968 7 INFO neutron.db.ovn_revision_numbers_db [None req-6891fa69-140b-472f-aa73-70e4551ffd98 93f223654842482aa15ccc0e94273edd 866ef04f12314aa796b5469da3a9652f - - default default] Successfully bumped revision number for resource 3fb05f0b-ab2a-41e0-9d3a-f3d7357bea6b (type: ports) to 1 [pid: 7|app: 0|req: 304/608] 10.0.0.243 () {34 vars in 670 bytes} [Wed Aug 19 00:31:26 2026] POST /v2.0/networks => generated 740 bytes in 884 msecs (HTTP/1.1 201) 4 headers in 162 bytes (1 switches on core 0)
2026-08-19 00:31:27.061 8 INFO neutron.db.ovn_revision_numbers_db [None req-2225d63c-8bb7-430d-a1f7-d06783f94961 93f223654842482aa15ccc0e94273edd 866ef04f12314aa796b5469da3a9652f - - default default] Successfully bumped revision number for resource 1eabdb5a-830a-4856-aa9d-8ad361ca0911 (type: ports) to 1
2026-08-19 00:31:27.417 7 WARNING neutron.scheduler.dhcp_agent_scheduler [None req-ddff52e3-5c5b-4044-9119-e03e293ec2df 93f223654842482aa15ccc0e94273edd 866ef04f12314aa796b5469da3a9652f - - default default] No more DHCP agents
2026-08-19 00:31:27.418 7 WARNING neutron.api.rpc.agentnotifiers.dhcp_rpc_agent_api [None req-ddff52e3-5c5b-4044-9119-e03e293ec2df 93f223654842482aa15ccc0e94273edd 866ef04f12314aa796b5469da3a9652f - - default default] Unable to schedule network 29f32b21-2b88-497f-b4f9-78a4b65a4b86: no agents available; will retry on subsequent port and subnet creation events.
2026-08-19 00:31:27.575 7 INFO neutron.db.ovn_revision_numbers_db [None req-ddff52e3-5c5b-4044-9119-e03e293ec2df 93f223654842482aa15ccc0e94273edd 866ef04f12314aa796b5469da3a9652f - - default default] Successfully bumped revision number for resource 1fbb3226-ed92-4add-97a6-b2fa76890367 (type: ports) to 1
2026-08-19 00:31:27.575 8 INFO neutron.db.ovn_revision_numbers_db [None req-d7c28a40-d7a1-4069-88f3-a1b16c9219ce - - - - - -] Successfully bumped revision number for resource 163d07f9-470f-4e69-9497-737161744b0d (type: ports) to 4
2026-08-19 00:31:28.249 8 INFO neutron.db.ovn_revision_numbers_db [None req-d7c28a40-d7a1-4069-88f3-a1b16c9219ce - - - - - -] Successfully bumped revision number for resource 163d07f9-470f-4e69-9497-737161744b0d (type: ports) to 5
2026-08-19 00:31:28.352 7 WARNING neutron.scheduler.dhcp_agent_scheduler [None req-ddff52e3-5c5b-4044-9119-e03e293ec2df 93f223654842482aa15ccc0e94273edd 866ef04f12314aa796b5469da3a9652f - - default default] No more DHCP agents
2026-08-19 00:31:28.355 7 WARNING neutron.api.rpc.agentnotifiers.dhcp_rpc_agent_api [None req-ddff52e3-5c5b-4044-9119-e03e293ec2df 93f223654842482aa15ccc0e94273edd 866ef04f12314aa796b5469da3a9652f - - default default] Unable to schedule network 29f32b21-2b88-497f-b4f9-78a4b65a4b86: no agents available; will retry on subsequent port and subnet creation events.
2026-08-19 00:31:28.400 8 INFO neutron.plugins.ml2.drivers.ovn.mech_driver.mech_driver [None req-8160e9c2-98b6-4c60-b780-a52711122af3 - - - - - -] OVN reports status up for port: 9b308b93-dfe9-4767-af48-8c7cbc525c5e
2026-08-19 00:31:28.445 8 INFO neutron.plugins.ml2.plugin [None req-8160e9c2-98b6-4c60-b780-a52711122af3 - - - - - -] Attempt 1 to provision port 9b308b93-dfe9-4767-af48-8c7cbc525c5e
2026-08-19 00:31:28.504 8 INFO neutron.plugins.ml2.drivers.ovn.mech_driver.ovsdb.ovsdb_monitor [None req-d7c28a40-d7a1-4069-88f3-a1b16c9219ce - - - - - -] Router 1cf5737d-049f-481b-b687-9aa6af7b4232 is bound to host instance
2026-08-19 00:31:28.740 8 INFO neutron.plugins.ml2.drivers.ovn.mech_driver.ovsdb.commands [None req-491a58cf-b9a7-4562-9a9c-95d9ca96aa51 - - - - - -] Schedule LRP lrp-1eabdb5a-830a-4856-aa9d-8ad361ca0911 on gateway 99c6b0dc-fbbd-4ce0-8186-c17a14dd97fc with priority 1
2026-08-19 00:31:28.981 7 INFO neutron.db.ovn_revision_numbers_db [None req-ddff52e3-5c5b-4044-9119-e03e293ec2df 93f223654842482aa15ccc0e94273edd 866ef04f12314aa796b5469da3a9652f - - default default] Successfully bumped revision number for resource 1fbb3226-ed92-4add-97a6-b2fa76890367 (type: router_ports) to 1 [pid: 7|app: 0|req: 305/609] 10.0.0.243 () {34 vars in 782 bytes} [Wed Aug 19 00:31:26 2026] PUT /v2.0/routers/d13fef21-41de-44ac-ba51-0407bc69d602/add_router_interface => generated 309 bytes in 1997 msecs (HTTP/1.1 200) 4 headers in 157 bytes (1 switches on core 0) [pid: 7|app: 0|req: 306/610] 10.0.0.237 () {28 vars in 618 bytes} [Wed Aug 19 00:31:28 2026] GET /v2.0/network-ip-availabilities => generated 2843 bytes in 15 msecs (HTTP/1.1 200) 4 headers in 158 bytes (1 switches on core 0)
2026-08-19 00:31:29.105 8 INFO neutron.db.ovn_revision_numbers_db [None req-2225d63c-8bb7-430d-a1f7-d06783f94961 93f223654842482aa15ccc0e94273edd 866ef04f12314aa796b5469da3a9652f - - default default] Successfully bumped revision number for resource 1eabdb5a-830a-4856-aa9d-8ad361ca0911 (type: router_ports) to 1
2026-08-19 00:31:29.214 8 INFO neutron.db.ovn_revision_numbers_db [None req-2225d63c-8bb7-430d-a1f7-d06783f94961 93f223654842482aa15ccc0e94273edd 866ef04f12314aa796b5469da3a9652f - - default default] Successfully bumped revision number for resource e86e2a77-abb2-441f-a369-736d3d6ef38e (type: routers) to 2 [pid: 8|app: 0|req: 305/611] 10.0.0.243 () {34 vars in 668 bytes} [Wed Aug 19 00:31:26 2026] POST /v2.0/routers => generated 973 bytes in 3230 msecs (HTTP/1.1 201) 4 headers in 162 bytes (1 switches on core 0)
2026-08-19 00:31:29.402 7 WARNING neutron.scheduler.dhcp_agent_scheduler [None req-f407063d-3b3a-4687-983f-ec50ce0ec85f 93f223654842482aa15ccc0e94273edd 866ef04f12314aa796b5469da3a9652f - - default default] No more DHCP agents
2026-08-19 00:31:29.403 7 WARNING neutron.api.rpc.agentnotifiers.dhcp_rpc_agent_api [None req-f407063d-3b3a-4687-983f-ec50ce0ec85f 93f223654842482aa15ccc0e94273edd 866ef04f12314aa796b5469da3a9652f - - default default] Unable to schedule network 1410918a-011f-4dc0-927c-de10d9cd740c: no agents available; will retry on subsequent port and subnet creation events.
2026-08-19 00:31:29.513 8 WARNING neutron.scheduler.dhcp_agent_scheduler [None req-8227b20e-7f1b-4090-a872-79606b16a664 93f223654842482aa15ccc0e94273edd 866ef04f12314aa796b5469da3a9652f - - default default] No more DHCP agents
2026-08-19 00:31:29.518 8 WARNING neutron.api.rpc.agentnotifiers.dhcp_rpc_agent_api [None req-8227b20e-7f1b-4090-a872-79606b16a664 93f223654842482aa15ccc0e94273edd 866ef04f12314aa796b5469da3a9652f - - default default] Unable to schedule network 1ad2b29e-6c48-4c8b-9495-eb16b495de20: no agents available; will retry on subsequent port and subnet creation events.
2026-08-19 00:31:29.539 7 INFO neutron.db.ovn_revision_numbers_db [None req-f407063d-3b3a-4687-983f-ec50ce0ec85f 93f223654842482aa15ccc0e94273edd 866ef04f12314aa796b5469da3a9652f - - default default] Successfully bumped revision number for resource 4b85e6db-b43a-4004-a5c5-4920b6a57dd7 (type: ports) to 1
2026-08-19 00:31:30.181 7 WARNING neutron.scheduler.dhcp_agent_scheduler [None req-f407063d-3b3a-4687-983f-ec50ce0ec85f 93f223654842482aa15ccc0e94273edd 866ef04f12314aa796b5469da3a9652f - - default default] No more DHCP agents
2026-08-19 00:31:30.187 7 WARNING neutron.api.rpc.agentnotifiers.dhcp_rpc_agent_api [None req-f407063d-3b3a-4687-983f-ec50ce0ec85f 93f223654842482aa15ccc0e94273edd 866ef04f12314aa796b5469da3a9652f - - default default] Unable to schedule network 1410918a-011f-4dc0-927c-de10d9cd740c: no agents available; will retry on subsequent port and subnet creation events.
2026-08-19 00:31:30.270 8 INFO neutron.db.ovn_revision_numbers_db [None req-ec2e0bf1-12d2-4316-909c-cb1d5fe18891 - - - - - -] Successfully bumped revision number for resource 9b308b93-dfe9-4767-af48-8c7cbc525c5e (type: ports) to 4
2026-08-19 00:31:30.433 8 INFO neutron.db.ovn_revision_numbers_db [None req-bfef3797-247c-4ba7-b9a0-83f439290ea0 - - - - - -] Successfully bumped revision number for resource 3fb05f0b-ab2a-41e0-9d3a-f3d7357bea6b (type: ports) to 2
2026-08-19 00:31:30.479 8 INFO neutron.db.ovn_revision_numbers_db [None req-bfef3797-247c-4ba7-b9a0-83f439290ea0 - - - - - -] Successfully bumped revision number for resource 65d87783-a471-4819-b165-1c9fd6e95208 (type: subnets) to 0 [pid: 8|app: 0|req: 306/612] 10.0.0.243 () {34 vars in 668 bytes} [Wed Aug 19 00:31:29 2026] POST /v2.0/subnets => generated 684 bytes in 1267 msecs (HTTP/1.1 201) 4 headers in 162 bytes (1 switches on core 0) [pid: 8|app: 0|req: 307/613] 10.0.0.237 () {28 vars in 584 bytes} [Wed Aug 19 00:31:30 2026] GET /v2.0/networks => generated 5225 bytes in 103 msecs (HTTP/1.1 200) 4 headers in 158 bytes (1 switches on core 0)
2026-08-19 00:31:30.665 7 INFO neutron.db.ovn_revision_numbers_db [None req-f407063d-3b3a-4687-983f-ec50ce0ec85f 93f223654842482aa15ccc0e94273edd 866ef04f12314aa796b5469da3a9652f - - default default] Successfully bumped revision number for resource 4b85e6db-b43a-4004-a5c5-4920b6a57dd7 (type: router_ports) to 1 [pid: 7|app: 0|req: 307/614] 10.0.0.243 () {34 vars in 782 bytes} [Wed Aug 19 00:31:29 2026] PUT /v2.0/routers/1cf5737d-049f-481b-b687-9aa6af7b4232/add_router_interface => generated 309 bytes in 1668 msecs (HTTP/1.1 200) 4 headers in 157 bytes (1 switches on core 0)
2026-08-19 00:31:30.820 7 INFO neutron.db.ovn_revision_numbers_db [None req-f291c815-4dba-4cb0-8e06-dd7221814c1b 426caf01324945679e0d6e9ea2e0b3b8 74617d8717424cb2a1ff653e1b681679 - - default default] Successfully bumped revision number for resource 943ee866-ec9c-4ccf-b776-ea53c48a9e93 (type: security_groups) to 1
2026-08-19 00:31:30.834 7 INFO neutron.db.ovn_revision_numbers_db [None req-f291c815-4dba-4cb0-8e06-dd7221814c1b 426caf01324945679e0d6e9ea2e0b3b8 74617d8717424cb2a1ff653e1b681679 - - default default] Successfully bumped revision number for resource 95c9a14a-1170-4b6a-8ed8-79cb8302e701 (type: security_group_rules) to 0
2026-08-19 00:31:30.847 7 INFO neutron.db.ovn_revision_numbers_db [None req-f291c815-4dba-4cb0-8e06-dd7221814c1b 426caf01324945679e0d6e9ea2e0b3b8 74617d8717424cb2a1ff653e1b681679 - - default default] Successfully bumped revision number for resource ab1edf1d-be36-45b1-8b7e-4d8774eda239 (type: security_group_rules) to 0 [pid: 7|app: 0|req: 308/615] 10.0.0.243 () {34 vars in 684 bytes} [Wed Aug 19 00:31:30 2026] POST /v2.0/security-groups => generated 1657 bytes in 214 msecs (HTTP/1.1 201) 4 headers in 163 bytes (1 switches on core 0)
2026-08-19 00:31:31.086 8 INFO neutron.db.ovn_revision_numbers_db [None req-ec2e0bf1-12d2-4316-909c-cb1d5fe18891 - - - - - -] Successfully bumped revision number for resource 9b308b93-dfe9-4767-af48-8c7cbc525c5e (type: ports) to 5
2026-08-19 00:31:31.242 8 INFO neutron.plugins.ml2.drivers.ovn.mech_driver.ovsdb.ovsdb_monitor [None req-ec2e0bf1-12d2-4316-909c-cb1d5fe18891 - - - - - -] Router e86e2a77-abb2-441f-a369-736d3d6ef38e is bound to host instance
2026-08-19 00:31:31.342 7 WARNING neutron.scheduler.dhcp_agent_scheduler [None req-c170c026-b47f-42b9-bbb1-d2c9f460ce22 93f223654842482aa15ccc0e94273edd 866ef04f12314aa796b5469da3a9652f - - default default] No more DHCP agents
2026-08-19 00:31:31.344 7 WARNING neutron.api.rpc.agentnotifiers.dhcp_rpc_agent_api [None req-c170c026-b47f-42b9-bbb1-d2c9f460ce22 93f223654842482aa15ccc0e94273edd 866ef04f12314aa796b5469da3a9652f - - default default] Unable to schedule network 16927ad3-341b-435c-911e-fda4ef0e6a8e: no agents available; will retry on subsequent port and subnet creation events.
2026-08-19 00:31:31.490 7 INFO neutron.db.ovn_revision_numbers_db [None req-c170c026-b47f-42b9-bbb1-d2c9f460ce22 93f223654842482aa15ccc0e94273edd 866ef04f12314aa796b5469da3a9652f - - default default] Successfully bumped revision number for resource 6606ba74-e452-4814-9492-d76ca99631d0 (type: ports) to 1
2026-08-19 00:31:31.497 8 WARNING neutron.scheduler.dhcp_agent_scheduler [None req-bf0239a8-6f2b-4070-8966-7741175bd3b5 93f223654842482aa15ccc0e94273edd 866ef04f12314aa796b5469da3a9652f - - default default] No more DHCP agents
2026-08-19 00:31:31.503 8 WARNING neutron.api.rpc.agentnotifiers.dhcp_rpc_agent_api [None req-bf0239a8-6f2b-4070-8966-7741175bd3b5 93f223654842482aa15ccc0e94273edd 866ef04f12314aa796b5469da3a9652f - - default default] Unable to schedule network 5e335e0a-9156-43ff-ae2f-1a86497a8910: no agents available; will retry on subsequent port and subnet creation events.
2026-08-19 00:31:31.535 8 INFO neutron.plugins.ml2.drivers.ovn.mech_driver.mech_driver [None req-8160e9c2-98b6-4c60-b780-a52711122af3 - - - - - -] OVN reports status down for port: 1eabdb5a-830a-4856-aa9d-8ad361ca0911
2026-08-19 00:31:31.705 8 WARNING neutron.plugins.ml2.drivers.ovn.mech_driver.ovsdb.ovn_client [None req-8160e9c2-98b6-4c60-b780-a52711122af3 - - - - - -] Logical_Switch_Port 1eabdb5a-830a-4856-aa9d-8ad361ca0911 host information not removed, the port state is up
2026-08-19 00:31:31.706 8 INFO neutron.plugins.ml2.drivers.ovn.mech_driver.mech_driver [None req-8160e9c2-98b6-4c60-b780-a52711122af3 - - - - - -] OVN reports status down for port: 3fb05f0b-ab2a-41e0-9d3a-f3d7357bea6b
2026-08-19 00:31:31.825 8 INFO neutron.plugins.ml2.drivers.ovn.mech_driver.mech_driver [None req-8160e9c2-98b6-4c60-b780-a52711122af3 - - - - - -] OVN reports status down for port: 1fbb3226-ed92-4add-97a6-b2fa76890367
2026-08-19 00:31:31.873 8 INFO neutron.db.ovn_revision_numbers_db [None req-bf0239a8-6f2b-4070-8966-7741175bd3b5 93f223654842482aa15ccc0e94273edd 866ef04f12314aa796b5469da3a9652f - - default default] Successfully bumped revision number for resource b7b2d520-3641-42df-88f2-5bf5b1bcc085 (type: ports) to 1
2026-08-19 00:31:31.977 8 INFO neutron.plugins.ml2.drivers.ovn.mech_driver.mech_driver [None req-8160e9c2-98b6-4c60-b780-a52711122af3 - - - - - -] OVN reports status up for port: 1fbb3226-ed92-4add-97a6-b2fa76890367
2026-08-19 00:31:32.024 8 INFO neutron.plugins.ml2.plugin [None req-8160e9c2-98b6-4c60-b780-a52711122af3 - - - - - -] Attempt 1 to provision port 1fbb3226-ed92-4add-97a6-b2fa76890367
2026-08-19 00:31:32.451 7 INFO neutron.plugins.ml2.drivers.ovn.mech_driver.ovsdb.commands [-] Schedule LRP lrp-6606ba74-e452-4814-9492-d76ca99631d0 on gateway 99c6b0dc-fbbd-4ce0-8186-c17a14dd97fc with priority 1
2026-08-19 00:31:32.591 7 INFO neutron.db.ovn_revision_numbers_db [None req-c170c026-b47f-42b9-bbb1-d2c9f460ce22 93f223654842482aa15ccc0e94273edd 866ef04f12314aa796b5469da3a9652f - - default default] Successfully bumped revision number for resource 6606ba74-e452-4814-9492-d76ca99631d0 (type: router_ports) to 1
