2026-08-19 00:33:04.968 8 INFO neutron.services.segments.plugin [-] Client error retrieving segment 042b9cd7-768c-4214-beee-70c53d4b146a resource provider; error: Placement Client Error (4xx): {"errors": [{"status": 404, "title": "Not Found", "detail": "The resource could not be found.\n\n No resource provider with uuid 042b9cd7-768c-4214-beee-70c53d4b146a found for delete ", "request_id": "req-1f59839a-194b-40f3-9af1-891bfc920385"}]} [pid: 8|app: 0|req: 716/1378] 10.0.0.243 () {32 vars in 725 bytes} [Wed Aug 19 00:33:04 2026] DELETE /v2.0/networks/d5dea42f-5dd0-4b0a-8d9f-2205444e0dce => generated 0 bytes in 503 msecs (HTTP/1.1 204) 3 headers in 131 bytes (1 switches on core 0) [pid: 7|app: 0|req: 663/1379] 10.0.0.243 () {32 vars in 773 bytes} [Wed Aug 19 00:33:05 2026] GET /v2.0/security-groups?tenant_id=0689c2da15704009a5f99a88b8b1633e&name=default => generated 2925 bytes in 25 msecs (HTTP/1.1 200) 4 headers in 158 bytes (1 switches on core 0) [pid: 8|app: 0|req: 717/1380] 10.0.0.243 () {32 vars in 739 bytes} [Wed Aug 19 00:33:05 2026] DELETE /v2.0/security-groups/5d9f0a25-3785-4c47-8ba6-bf3aa76991c9 => generated 0 bytes in 265 msecs (HTTP/1.1 204) 2 headers in 112 bytes (1 switches on core 0) [pid: 7|app: 0|req: 664/1381] 10.0.0.101 () {34 vars in 989 bytes} [Wed Aug 19 00:33:05 2026] GET /v2.0/ports?device_id=0713f0f3-bf0e-4fee-aca8-8cc05af4ae31 => generated 975 bytes in 59 msecs (HTTP/1.1 200) 4 headers in 157 bytes (1 switches on core 0) [pid: 8|app: 0|req: 718/1382] 10.0.0.101 () {34 vars in 1039 bytes} [Wed Aug 19 00:33:05 2026] GET /v2.0/security-groups?id=9509c175-04b1-4d36-b04f-74f20b317b13&fields=id&fields=name => generated 114 bytes in 37 msecs (HTTP/1.1 200) 4 headers in 157 bytes (1 switches on core 0) [pid: 7|app: 0|req: 665/1383] 10.0.0.101 () {34 vars in 989 bytes} [Wed Aug 19 00:33:06 2026] GET /v2.0/ports?device_id=0713f0f3-bf0e-4fee-aca8-8cc05af4ae31 => generated 975 bytes in 45 msecs (HTTP/1.1 200) 4 headers in 157 bytes (1 switches on core 0) [pid: 7|app: 0|req: 666/1384] 10.0.0.101 () {34 vars in 1039 bytes} [Wed Aug 19 00:33:06 2026] GET /v2.0/security-groups?id=9509c175-04b1-4d36-b04f-74f20b317b13&fields=id&fields=name => generated 114 bytes in 29 msecs (HTTP/1.1 200) 4 headers in 157 bytes (1 switches on core 0)
2026-08-19 00:33:06.439 8 INFO neutron.db.ovn_revision_numbers_db [None req-a8542a12-ea89-49ed-a115-a6abfb5e3482 4e12103e6997401ba277dd3b5c05782c 0e1ebd4377ed4b398ea3ee584a0dd3ee - - default default] Successfully bumped revision number for resource 69d8fa48-b01b-4f50-9093-d5fe507bc387 (type: security_groups) to 1
2026-08-19 00:33:06.454 8 INFO neutron.db.ovn_revision_numbers_db [None req-a8542a12-ea89-49ed-a115-a6abfb5e3482 4e12103e6997401ba277dd3b5c05782c 0e1ebd4377ed4b398ea3ee584a0dd3ee - - default default] Successfully bumped revision number for resource 01b07ca4-e980-48d1-b2db-5ed237ff4a25 (type: security_group_rules) to 0
2026-08-19 00:33:06.466 8 INFO neutron.db.ovn_revision_numbers_db [None req-a8542a12-ea89-49ed-a115-a6abfb5e3482 4e12103e6997401ba277dd3b5c05782c 0e1ebd4377ed4b398ea3ee584a0dd3ee - - default default] Successfully bumped revision number for resource 23e27cb6-8b96-4dd3-9cad-54190e571e04 (type: security_group_rules) to 0
2026-08-19 00:33:06.480 8 INFO neutron.db.ovn_revision_numbers_db [None req-a8542a12-ea89-49ed-a115-a6abfb5e3482 4e12103e6997401ba277dd3b5c05782c 0e1ebd4377ed4b398ea3ee584a0dd3ee - - default default] Successfully bumped revision number for resource 41afe2d5-ab0b-42b7-b670-2a82e6066c13 (type: security_group_rules) to 0
2026-08-19 00:33:06.497 8 INFO neutron.db.ovn_revision_numbers_db [None req-a8542a12-ea89-49ed-a115-a6abfb5e3482 4e12103e6997401ba277dd3b5c05782c 0e1ebd4377ed4b398ea3ee584a0dd3ee - - default default] Successfully bumped revision number for resource 894ce58c-02b8-4cd9-97de-5c2add849c54 (type: security_group_rules) to 0
2026-08-19 00:33:06.618 8 INFO neutron.db.segments_db [None req-a8542a12-ea89-49ed-a115-a6abfb5e3482 4e12103e6997401ba277dd3b5c05782c 0e1ebd4377ed4b398ea3ee584a0dd3ee - - default default] Added segment ca2c5e90-b218-4846-9464-9340ae967b7c of type geneve for network 86e32b02-6ce8-436b-b24c-0734471828b8
2026-08-19 00:33:06.727 8 INFO neutron.db.segments_db [None req-a8542a12-ea89-49ed-a115-a6abfb5e3482 4e12103e6997401ba277dd3b5c05782c 0e1ebd4377ed4b398ea3ee584a0dd3ee - - default default] Added segment 222b4105-711a-405c-9fb3-aa73d3a6e804 of type geneve for network c94d5cad-acfd-40c8-a42e-e8fb26b5b400
2026-08-19 00:33:06.860 8 INFO neutron.db.ovn_revision_numbers_db [None req-a8542a12-ea89-49ed-a115-a6abfb5e3482 4e12103e6997401ba277dd3b5c05782c 0e1ebd4377ed4b398ea3ee584a0dd3ee - - default default] Successfully bumped revision number for resource 86e32b02-6ce8-436b-b24c-0734471828b8 (type: networks) to 1
2026-08-19 00:33:07.033 8 WARNING neutron.scheduler.dhcp_agent_scheduler [None req-a8542a12-ea89-49ed-a115-a6abfb5e3482 4e12103e6997401ba277dd3b5c05782c 0e1ebd4377ed4b398ea3ee584a0dd3ee - - default default] No more DHCP agents
2026-08-19 00:33:07.035 8 WARNING neutron.api.rpc.agentnotifiers.dhcp_rpc_agent_api [None req-a8542a12-ea89-49ed-a115-a6abfb5e3482 4e12103e6997401ba277dd3b5c05782c 0e1ebd4377ed4b398ea3ee584a0dd3ee - - default default] Unable to schedule network 86e32b02-6ce8-436b-b24c-0734471828b8: no agents available; will retry on subsequent port and subnet creation events.
2026-08-19 00:33:07.119 8 INFO neutron.plugins.ml2.drivers.ovn.mech_driver.mech_driver [None req-3154f8d7-61eb-4599-aed3-d43a0adb9cec - - - - - -] OVN reports status down for port: f82e6d07-25e7-4c0c-a170-644ac7854624
2026-08-19 00:33:07.215 8 INFO neutron.db.ovn_revision_numbers_db [None req-a8542a12-ea89-49ed-a115-a6abfb5e3482 4e12103e6997401ba277dd3b5c05782c 0e1ebd4377ed4b398ea3ee584a0dd3ee - - default default] Successfully bumped revision number for resource f82e6d07-25e7-4c0c-a170-644ac7854624 (type: ports) to 1 [pid: 7|app: 0|req: 667/1385] 10.0.0.101 () {34 vars in 989 bytes} [Wed Aug 19 00:33:07 2026] GET /v2.0/ports?device_id=0713f0f3-bf0e-4fee-aca8-8cc05af4ae31 => generated 975 bytes in 32 msecs (HTTP/1.1 200) 4 headers in 157 bytes (1 switches on core 0) [pid: 7|app: 0|req: 668/1386] 10.0.0.101 () {34 vars in 1039 bytes} [Wed Aug 19 00:33:07 2026] GET /v2.0/security-groups?id=9509c175-04b1-4d36-b04f-74f20b317b13&fields=id&fields=name => generated 114 bytes in 42 msecs (HTTP/1.1 200) 4 headers in 157 bytes (1 switches on core 0)
2026-08-19 00:33:07.278 8 INFO neutron.plugins.ml2.drivers.ovn.mech_driver.mech_driver [None req-3154f8d7-61eb-4599-aed3-d43a0adb9cec - - - - - -] OVN reports status down for port: 435908ab-0795-43cb-b305-ebcce5f607e4
2026-08-19 00:33:07.381 8 INFO neutron.db.ovn_revision_numbers_db [None req-a8542a12-ea89-49ed-a115-a6abfb5e3482 4e12103e6997401ba277dd3b5c05782c 0e1ebd4377ed4b398ea3ee584a0dd3ee - - default default] Successfully bumped revision number for resource c94d5cad-acfd-40c8-a42e-e8fb26b5b400 (type: networks) to 1
2026-08-19 00:33:07.475 8 INFO neutron.notifiers.nova [-] Nova event matching ['req-50be8605-adda-43d0-9b19-1b61f048d1e0'] response: {'server_uuid': '0713f0f3-bf0e-4fee-aca8-8cc05af4ae31', 'name': 'network-vif-unplugged', 'status': 'completed', 'tag': '435908ab-0795-43cb-b305-ebcce5f607e4', 'code': 200}
2026-08-19 00:33:07.722 8 WARNING neutron.scheduler.dhcp_agent_scheduler [None req-a8542a12-ea89-49ed-a115-a6abfb5e3482 4e12103e6997401ba277dd3b5c05782c 0e1ebd4377ed4b398ea3ee584a0dd3ee - - default default] No more DHCP agents
2026-08-19 00:33:07.726 8 WARNING neutron.api.rpc.agentnotifiers.dhcp_rpc_agent_api [None req-a8542a12-ea89-49ed-a115-a6abfb5e3482 4e12103e6997401ba277dd3b5c05782c 0e1ebd4377ed4b398ea3ee584a0dd3ee - - default default] Unable to schedule network c94d5cad-acfd-40c8-a42e-e8fb26b5b400: no agents available; will retry on subsequent port and subnet creation events.
2026-08-19 00:33:07.734 8 INFO neutron.db.ovn_revision_numbers_db [None req-3154f8d7-61eb-4599-aed3-d43a0adb9cec - - - - - -] Successfully bumped revision number for resource 435908ab-0795-43cb-b305-ebcce5f607e4 (type: ports) to 8
2026-08-19 00:33:07.912 8 INFO neutron.db.ovn_revision_numbers_db [None req-a8542a12-ea89-49ed-a115-a6abfb5e3482 4e12103e6997401ba277dd3b5c05782c 0e1ebd4377ed4b398ea3ee584a0dd3ee - - default default] Successfully bumped revision number for resource 89c74f28-5be1-48fa-bf0f-1403a0cd4b13 (type: ports) to 1
2026-08-19 00:33:07.918 8 INFO neutron.plugins.ml2.drivers.ovn.mech_driver.mech_driver [None req-40984b35-0e84-4057-9ed6-842dc490aeaa - - - - - -] OVN reports status down for port: 89c74f28-5be1-48fa-bf0f-1403a0cd4b13 [pid: 8|app: 0|req: 719/1389] 10.0.0.243 () {34 vars in 669 bytes} [Wed Aug 19 00:33:06 2026] POST /v2.0/networks => generated 1246 bytes in 1886 msecs (HTTP/1.1 201) 4 headers in 163 bytes (1 switches on core 0) [pid: 7|app: 0|req: 671/1390] 10.0.0.243 () {32 vars in 648 bytes} [Wed Aug 19 00:33:07 2026] GET /v2.0/networks => generated 1857 bytes in 53 msecs (HTTP/1.1 200) 4 headers in 158 bytes (1 switches on core 0) /var/lib/openstack/lib/python3.12/site-packages/pycadf/identifier.py:70: UserWarning: Invalid uuid: neutron. To ensure interoperability, identifiers should be a valid uuid. warnings.warn(('Invalid uuid: %s. To ensure interoperability, '
2026-08-19 00:33:08.131 8 INFO neutron_taas.services.taas.taas_plugin [None req-33956423-2569-47b8-bc83-b60baeffefad 4e12103e6997401ba277dd3b5c05782c 0e1ebd4377ed4b398ea3ee584a0dd3ee - - default default] TaaS: Handle Delete Port: f82e6d07-25e7-4c0c-a170-644ac7854624
2026-08-19 00:33:08.133 8 INFO neutron_taas.services.taas.tap_mirror_plugin [None req-33956423-2569-47b8-bc83-b60baeffefad 4e12103e6997401ba277dd3b5c05782c 0e1ebd4377ed4b398ea3ee584a0dd3ee - - default default] Tap Mirror: Handle Delete Port: f82e6d07-25e7-4c0c-a170-644ac7854624
2026-08-19 00:33:08.334 8 INFO neutron.services.segments.plugin [-] Segment ca2c5e90-b218-4846-9464-9340ae967b7c resource provider aggregate not found
2026-08-19 00:33:08.348 8 INFO neutron.services.segments.plugin [-] Segment ca2c5e90-b218-4846-9464-9340ae967b7c resource provider aggregate not found
2026-08-19 00:33:08.355 8 INFO neutron.services.segments.plugin [-] Client error retrieving segment ca2c5e90-b218-4846-9464-9340ae967b7c resource provider; error: Placement Client Error (4xx): {"errors": [{"status": 404, "title": "Not Found", "detail": "The resource could not be found.\n\n No resource provider with uuid ca2c5e90-b218-4846-9464-9340ae967b7c found for delete ", "request_id": "req-d0f0a1f0-8d60-44d6-a9ec-66498ae0bd73"}]}
2026-08-19 00:33:08.366 8 INFO neutron.services.segments.plugin [-] Client error retrieving segment ca2c5e90-b218-4846-9464-9340ae967b7c resource provider; error: Placement Client Error (4xx): {"errors": [{"status": 404, "title": "Not Found", "detail": "The resource could not be found.\n\n No resource provider with uuid ca2c5e90-b218-4846-9464-9340ae967b7c found for delete ", "request_id": "req-c5ddc41c-5260-4c82-b95c-0ac6fca4d3cf"}]} [pid: 8|app: 0|req: 720/1391] 10.0.0.243 () {32 vars in 725 bytes} [Wed Aug 19 00:33:08 2026] DELETE /v2.0/networks/86e32b02-6ce8-436b-b24c-0734471828b8 => generated 0 bytes in 378 msecs (HTTP/1.1 204) 3 headers in 131 bytes (1 switches on core 0)
2026-08-19 00:33:08.498 7 INFO neutron.db.ovn_revision_numbers_db [None req-6e99d651-76bb-4c44-a90f-8d4c5a93a955 93f223654842482aa15ccc0e94273edd 866ef04f12314aa796b5469da3a9652f - - default default] Successfully bumped revision number for resource 4d2bd559-7438-4b74-ad7b-11c212ad9382 (type: security_groups) to 1
2026-08-19 00:33:08.510 7 INFO neutron.db.ovn_revision_numbers_db [None req-6e99d651-76bb-4c44-a90f-8d4c5a93a955 93f223654842482aa15ccc0e94273edd 866ef04f12314aa796b5469da3a9652f - - default default] Successfully bumped revision number for resource 0266dd3e-65c2-43ac-a9af-f84ca9a769aa (type: security_group_rules) to 0 [pid: 8|app: 0|req: 721/1392] 199.204.45.227 () {34 vars in 993 bytes} [Wed Aug 19 00:33:08 2026] GET /v2.0/ports?device_id=0713f0f3-bf0e-4fee-aca8-8cc05af4ae31 => generated 973 bytes in 122 msecs (HTTP/1.1 200) 4 headers in 157 bytes (1 switches on core 0)
2026-08-19 00:33:08.521 7 INFO neutron.db.ovn_revision_numbers_db [None req-6e99d651-76bb-4c44-a90f-8d4c5a93a955 93f223654842482aa15ccc0e94273edd 866ef04f12314aa796b5469da3a9652f - - default default] Successfully bumped revision number for resource 16365f04-2a46-4d21-bb58-12e9913f5203 (type: security_group_rules) to 0
2026-08-19 00:33:08.531 7 INFO neutron.db.ovn_revision_numbers_db [None req-6e99d651-76bb-4c44-a90f-8d4c5a93a955 93f223654842482aa15ccc0e94273edd 866ef04f12314aa796b5469da3a9652f - - default default] Successfully bumped revision number for resource 27830184-f894-4a9b-bc40-91087c10fe40 (type: security_group_rules) to 0
2026-08-19 00:33:08.541 7 INFO neutron.db.ovn_revision_numbers_db [None req-6e99d651-76bb-4c44-a90f-8d4c5a93a955 93f223654842482aa15ccc0e94273edd 866ef04f12314aa796b5469da3a9652f - - default default] Successfully bumped revision number for resource c0fbde2e-4de3-478f-9e71-f6124332120b (type: security_group_rules) to 0 [pid: 8|app: 0|req: 722/1393] 10.0.0.101 () {34 vars in 989 bytes} [Wed Aug 19 00:33:08 2026] GET /v2.0/ports?device_id=0713f0f3-bf0e-4fee-aca8-8cc05af4ae31 => generated 973 bytes in 31 msecs (HTTP/1.1 200) 4 headers in 157 bytes (1 switches on core 0) [pid: 7|app: 0|req: 672/1394] 10.0.0.243 () {32 vars in 773 bytes} [Wed Aug 19 00:33:08 2026] GET /v2.0/security-groups?tenant_id=6e66cfbf27aa4cf5bd97b5df9f8cefcc&name=default => generated 2925 bytes in 429 msecs (HTTP/1.1 200) 4 headers in 158 bytes (1 switches on core 0)
2026-08-19 00:33:08.669 8 INFO neutron_taas.services.taas.taas_plugin [None req-dd549847-2c2f-4888-b311-7c26af5cf5f0 4e12103e6997401ba277dd3b5c05782c 0e1ebd4377ed4b398ea3ee584a0dd3ee - - default default] TaaS: Handle Delete Port: 89c74f28-5be1-48fa-bf0f-1403a0cd4b13
2026-08-19 00:33:08.672 8 INFO neutron_taas.services.taas.tap_mirror_plugin [None req-dd549847-2c2f-4888-b311-7c26af5cf5f0 4e12103e6997401ba277dd3b5c05782c 0e1ebd4377ed4b398ea3ee584a0dd3ee - - default default] Tap Mirror: Handle Delete Port: 89c74f28-5be1-48fa-bf0f-1403a0cd4b13
2026-08-19 00:33:08.704 7 INFO neutron_taas.services.taas.taas_plugin [req-0565dcf5-377d-4c01-889e-06a0c0a880c6 req-18059a0b-88eb-4c17-848a-a6c5c6b69467 e8ea81b1c75b45b993cb6897251817de 74a976ed24e84b64aef26c6a2726b2f2 - - default default] TaaS: Handle Delete Port: 435908ab-0795-43cb-b305-ebcce5f607e4
2026-08-19 00:33:08.706 7 INFO neutron_taas.services.taas.tap_mirror_plugin [req-0565dcf5-377d-4c01-889e-06a0c0a880c6 req-18059a0b-88eb-4c17-848a-a6c5c6b69467 e8ea81b1c75b45b993cb6897251817de 74a976ed24e84b64aef26c6a2726b2f2 - - default default] Tap Mirror: Handle Delete Port: 435908ab-0795-43cb-b305-ebcce5f607e4 [pid: 8|app: 0|req: 723/1395] 10.0.0.243 () {32 vars in 725 bytes} [Wed Aug 19 00:33:08 2026] DELETE /v2.0/networks/c94d5cad-acfd-40c8-a42e-e8fb26b5b400 => generated 0 bytes in 358 msecs (HTTP/1.1 204) 3 headers in 131 bytes (1 switches on core 0) [pid: 8|app: 0|req: 724/1396] 10.0.0.101 () {34 vars in 1039 bytes} [Wed Aug 19 00:33:08 2026] GET /v2.0/security-groups?id=9509c175-04b1-4d36-b04f-74f20b317b13&fields=id&fields=name => generated 114 bytes in 44 msecs (HTTP/1.1 200) 4 headers in 157 bytes (1 switches on core 0)
2026-08-19 00:33:08.955 7 INFO neutron.db.l3_db [req-0565dcf5-377d-4c01-889e-06a0c0a880c6 req-18059a0b-88eb-4c17-848a-a6c5c6b69467 e8ea81b1c75b45b993cb6897251817de 74a976ed24e84b64aef26c6a2726b2f2 - - default default] Floating IP 7a62bb49-edbe-4d04-8c54-2144aaa03ddd disassociated. External IP: 10.96.250.204, port: 435908ab-0795-43cb-b305-ebcce5f607e4. [pid: 7|app: 0|req: 673/1397] 199.204.45.227 () {36 vars in 996 bytes} [Wed Aug 19 00:33:08 2026] DELETE /v2.0/ports/435908ab-0795-43cb-b305-ebcce5f607e4 => generated 0 bytes in 518 msecs (HTTP/1.1 204) 3 headers in 131 bytes (1 switches on core 0)
2026-08-19 00:33:09.157 7 INFO neutron.notifiers.nova [-] Nova event matching ['req-c67d3747-7e0a-4343-bb7d-79501e0249f9'] response: {'server_uuid': '0713f0f3-bf0e-4fee-aca8-8cc05af4ae31', 'name': 'network-vif-deleted', 'tag': '435908ab-0795-43cb-b305-ebcce5f607e4', 'status': 'completed', 'code': 200} [pid: 7|app: 0|req: 674/1398] 10.0.0.243 () {32 vars in 648 bytes} [Wed Aug 19 00:33:09 2026] GET /v2.0/networks => generated 651 bytes in 60 msecs (HTTP/1.1 200) 4 headers in 157 bytes (1 switches on core 0)
2026-08-19 00:33:09.265 7 INFO neutron.db.segments_db [None req-e2cdc498-ad62-47ae-9091-3b7260ccb584 4e12103e6997401ba277dd3b5c05782c 0e1ebd4377ed4b398ea3ee584a0dd3ee - - default default] Added segment edcea646-4ec1-445c-9b0a-0d30e0743a3f of type geneve for network 76cf227d-d213-4457-a87c-c160d11a62b5 [pid: 8|app: 0|req: 725/1399] 10.0.0.243 () {32 vars in 739 bytes} [Wed Aug 19 00:33:08 2026] DELETE /v2.0/security-groups/4d2bd559-7438-4b74-ad7b-11c212ad9382 => generated 0 bytes in 333 msecs (HTTP/1.1 204) 2 headers in 112 bytes (1 switches on core 0)
2026-08-19 00:33:09.389 7 INFO neutron.db.ovn_revision_numbers_db [None req-e2cdc498-ad62-47ae-9091-3b7260ccb584 4e12103e6997401ba277dd3b5c05782c 0e1ebd4377ed4b398ea3ee584a0dd3ee - - default default] Successfully bumped revision number for resource 76cf227d-d213-4457-a87c-c160d11a62b5 (type: networks) to 1
2026-08-19 00:33:09.506 8 INFO neutron.notifiers.nova [-] Nova event matching ['req-2b65e514-625d-4fcb-87f8-76072c12f498'] response: {'server_uuid': '0713f0f3-bf0e-4fee-aca8-8cc05af4ae31', 'name': 'network-vif-unplugged', 'status': 'completed', 'tag': '435908ab-0795-43cb-b305-ebcce5f607e4', 'code': 200}
2026-08-19 00:33:09.539 7 WARNING neutron.scheduler.dhcp_agent_scheduler [None req-e2cdc498-ad62-47ae-9091-3b7260ccb584 4e12103e6997401ba277dd3b5c05782c 0e1ebd4377ed4b398ea3ee584a0dd3ee - - default default] No more DHCP agents
2026-08-19 00:33:09.540 7 WARNING neutron.api.rpc.agentnotifiers.dhcp_rpc_agent_api [None req-e2cdc498-ad62-47ae-9091-3b7260ccb584 4e12103e6997401ba277dd3b5c05782c 0e1ebd4377ed4b398ea3ee584a0dd3ee - - default default] Unable to schedule network 76cf227d-d213-4457-a87c-c160d11a62b5: no agents available; will retry on subsequent port and subnet creation events.
2026-08-19 00:33:09.607 8 INFO neutron.plugins.ml2.drivers.ovn.mech_driver.mech_driver [None req-40984b35-0e84-4057-9ed6-842dc490aeaa - - - - - -] OVN reports status down for port: b0d3ed5d-197c-4251-a5f9-2a3e935f717c
2026-08-19 00:33:09.655 7 INFO neutron.db.ovn_revision_numbers_db [None req-e2cdc498-ad62-47ae-9091-3b7260ccb584 4e12103e6997401ba277dd3b5c05782c 0e1ebd4377ed4b398ea3ee584a0dd3ee - - default default] Successfully bumped revision number for resource b0d3ed5d-197c-4251-a5f9-2a3e935f717c (type: ports) to 1 [pid: 7|app: 0|req: 675/1400] 10.0.0.243 () {34 vars in 669 bytes} [Wed Aug 19 00:33:09 2026] POST /v2.0/networks => generated 653 bytes in 503 msecs (HTTP/1.1 201) 4 headers in 162 bytes (1 switches on core 0) /var/lib/openstack/lib/python3.12/site-packages/pycadf/identifier.py:70: UserWarning: Invalid uuid: neutron. To ensure interoperability, identifiers should be a valid uuid. warnings.warn(('Invalid uuid: %s. To ensure interoperability, '
2026-08-19 00:33:09.764 8 INFO neutron.db.segments_db [None req-0f7a4322-f2a9-456c-ba31-30eab6995e06 4e12103e6997401ba277dd3b5c05782c 0e1ebd4377ed4b398ea3ee584a0dd3ee - - default default] Added segment 6406feb6-1e99-4e93-8ac8-9bc7155f5d05 of type geneve for network b9967904-9fc2-4cdc-a644-79fecfc7faa1
2026-08-19 00:33:09.898 8 INFO neutron.db.ovn_revision_numbers_db [None req-0f7a4322-f2a9-456c-ba31-30eab6995e06 4e12103e6997401ba277dd3b5c05782c 0e1ebd4377ed4b398ea3ee584a0dd3ee - - default default] Successfully bumped revision number for resource b9967904-9fc2-4cdc-a644-79fecfc7faa1 (type: networks) to 1 [pid: 7|app: 0|req: 676/1401] 10.0.0.101 () {34 vars in 989 bytes} [Wed Aug 19 00:33:10 2026] GET /v2.0/ports?device_id=0713f0f3-bf0e-4fee-aca8-8cc05af4ae31 => generated 12 bytes in 20 msecs (HTTP/1.1 200) 4 headers in 156 bytes (1 switches on core 0)
2026-08-19 00:33:10.070 8 WARNING neutron.scheduler.dhcp_agent_scheduler [None req-0f7a4322-f2a9-456c-ba31-30eab6995e06 4e12103e6997401ba277dd3b5c05782c 0e1ebd4377ed4b398ea3ee584a0dd3ee - - default default] No more DHCP agents
2026-08-19 00:33:10.072 8 WARNING neutron.api.rpc.agentnotifiers.dhcp_rpc_agent_api [None req-0f7a4322-f2a9-456c-ba31-30eab6995e06 4e12103e6997401ba277dd3b5c05782c 0e1ebd4377ed4b398ea3ee584a0dd3ee - - default default] Unable to schedule network b9967904-9fc2-4cdc-a644-79fecfc7faa1: no agents available; will retry on subsequent port and subnet creation events.
2026-08-19 00:33:10.138 8 INFO neutron.plugins.ml2.drivers.ovn.mech_driver.mech_driver [None req-40984b35-0e84-4057-9ed6-842dc490aeaa - - - - - -] OVN reports status down for port: eb3be8c1-94f4-4c64-a88a-9e67c5bab7d6
2026-08-19 00:33:10.216 8 INFO neutron.db.ovn_revision_numbers_db [None req-0f7a4322-f2a9-456c-ba31-30eab6995e06 4e12103e6997401ba277dd3b5c05782c 0e1ebd4377ed4b398ea3ee584a0dd3ee - - default default] Successfully bumped revision number for resource eb3be8c1-94f4-4c64-a88a-9e67c5bab7d6 (type: ports) to 1 [pid: 8|app: 0|req: 726/1402] 10.0.0.243 () {34 vars in 669 bytes} [Wed Aug 19 00:33:09 2026] POST /v2.0/networks => generated 652 bytes in 580 msecs (HTTP/1.1 201) 4 headers in 162 bytes (1 switches on core 0)
2026-08-19 00:33:10.377 8 INFO neutron.services.segments.plugin [-] Segment 222b4105-711a-405c-9fb3-aa73d3a6e804 resource provider aggregate not found
2026-08-19 00:33:10.385 8 INFO neutron.services.segments.plugin [-] Segment 222b4105-711a-405c-9fb3-aa73d3a6e804 resource provider aggregate not found
2026-08-19 00:33:10.402 8 INFO neutron.services.segments.plugin [-] Client error retrieving segment 222b4105-711a-405c-9fb3-aa73d3a6e804 resource provider; error: Placement Client Error (4xx): {"errors": [{"status": 404, "title": "Not Found", "detail": "The resource could not be found.\n\n No resource provider with uuid 222b4105-711a-405c-9fb3-aa73d3a6e804 found for delete ", "request_id": "req-85add1fc-08db-4f38-88b5-0ac0864a3966"}]}
2026-08-19 00:33:10.403 8 INFO neutron.services.segments.plugin [-] Client error retrieving segment 222b4105-711a-405c-9fb3-aa73d3a6e804 resource provider; error: Placement Client Error (4xx): {"errors": [{"status": 404, "title": "Not Found", "detail": "The resource could not be found.\n\n No resource provider with uuid 222b4105-711a-405c-9fb3-aa73d3a6e804 found for delete ", "request_id": "req-c46619a0-425a-4333-91ca-8d4680b4e863"}]}
2026-08-19 00:33:10.579 7 WARNING neutron.scheduler.dhcp_agent_scheduler [None req-dffcf3e2-776a-4523-827c-06f25455ba30 4e12103e6997401ba277dd3b5c05782c 0e1ebd4377ed4b398ea3ee584a0dd3ee - - default default] No more DHCP agents
2026-08-19 00:33:10.580 7 WARNING neutron.api.rpc.agentnotifiers.dhcp_rpc_agent_api [None req-dffcf3e2-776a-4523-827c-06f25455ba30 4e12103e6997401ba277dd3b5c05782c 0e1ebd4377ed4b398ea3ee584a0dd3ee - - default default] Unable to schedule network 76cf227d-d213-4457-a87c-c160d11a62b5: no agents available; will retry on subsequent port and subnet creation events.
2026-08-19 00:33:10.650 8 INFO neutron.plugins.ml2.drivers.ovn.mech_driver.mech_driver [None req-40984b35-0e84-4057-9ed6-842dc490aeaa - - - - - -] OVN reports status down for port: 1898d0c5-4649-4dd9-ad90-05ae66d5bcba
2026-08-19 00:33:10.728 7 INFO neutron.db.ovn_revision_numbers_db [None req-dffcf3e2-776a-4523-827c-06f25455ba30 4e12103e6997401ba277dd3b5c05782c 0e1ebd4377ed4b398ea3ee584a0dd3ee - - default default] Successfully bumped revision number for resource 1898d0c5-4649-4dd9-ad90-05ae66d5bcba (type: ports) to 1
2026-08-19 00:33:10.770 7 WARNING neutron.scheduler.dhcp_agent_scheduler [None req-dffcf3e2-776a-4523-827c-06f25455ba30 4e12103e6997401ba277dd3b5c05782c 0e1ebd4377ed4b398ea3ee584a0dd3ee - - default default] No more DHCP agents
2026-08-19 00:33:10.771 7 WARNING neutron.api.rpc.agentnotifiers.dhcp_rpc_agent_api [None req-dffcf3e2-776a-4523-827c-06f25455ba30 4e12103e6997401ba277dd3b5c05782c 0e1ebd4377ed4b398ea3ee584a0dd3ee - - default default] Unable to schedule network b9967904-9fc2-4cdc-a644-79fecfc7faa1: no agents available; will retry on subsequent port and subnet creation events.
2026-08-19 00:33:10.863 8 INFO neutron.plugins.ml2.drivers.ovn.mech_driver.mech_driver [None req-40984b35-0e84-4057-9ed6-842dc490aeaa - - - - - -] OVN reports status down for port: 580d79c4-e7a5-49ea-8697-e56e6c885379
2026-08-19 00:33:10.906 7 INFO neutron.db.ovn_revision_numbers_db [None req-dffcf3e2-776a-4523-827c-06f25455ba30 4e12103e6997401ba277dd3b5c05782c 0e1ebd4377ed4b398ea3ee584a0dd3ee - - default default] Successfully bumped revision number for resource 580d79c4-e7a5-49ea-8697-e56e6c885379 (type: ports) to 1 [pid: 7|app: 0|req: 677/1403] 10.0.0.243 () {34 vars in 664 bytes} [Wed Aug 19 00:33:10 2026] POST /v2.0/ports => generated 1506 bytes in 701 msecs (HTTP/1.1 201) 4 headers in 163 bytes (1 switches on core 0) /var/lib/openstack/lib/python3.12/site-packages/pycadf/identifier.py:70: UserWarning: Invalid uuid: neutron. To ensure interoperability, identifiers should be a valid uuid. warnings.warn(('Invalid uuid: %s. To ensure interoperability, ' [pid: 8|app: 0|req: 727/1404] 10.0.0.243 () {32 vars in 642 bytes} [Wed Aug 19 00:33:10 2026] GET /v2.0/ports => generated 3018 bytes in 127 msecs (HTTP/1.1 200) 4 headers in 158 bytes (1 switches on core 0) [pid: 7|app: 0|req: 678/1405] 10.0.0.101 () {34 vars in 989 bytes} [Wed Aug 19 00:33:11 2026] GET /v2.0/ports?device_id=0713f0f3-bf0e-4fee-aca8-8cc05af4ae31 => generated 12 bytes in 26 msecs (HTTP/1.1 200) 4 headers in 156 bytes (1 switches on core 0)
2026-08-19 00:33:11.255 7 INFO neutron_taas.services.taas.taas_plugin [None req-1cd87979-ac96-4d0d-8157-8c6ddf3d2eb3 4e12103e6997401ba277dd3b5c05782c 0e1ebd4377ed4b398ea3ee584a0dd3ee - - default default] TaaS: Handle Delete Port: 1898d0c5-4649-4dd9-ad90-05ae66d5bcba
2026-08-19 00:33:11.258 7 INFO neutron_taas.services.taas.tap_mirror_plugin [None req-1cd87979-ac96-4d0d-8157-8c6ddf3d2eb3 4e12103e6997401ba277dd3b5c05782c 0e1ebd4377ed4b398ea3ee584a0dd3ee - - default default] Tap Mirror: Handle Delete Port: 1898d0c5-4649-4dd9-ad90-05ae66d5bcba
2026-08-19 00:33:11.443 8 INFO neutron.db.ovn_revision_numbers_db [None req-eb500433-9339-4db2-832f-8ce4cad13b12 93f223654842482aa15ccc0e94273edd 866ef04f12314aa796b5469da3a9652f - - default default] Successfully bumped revision number for resource 088f8a0f-7b73-46b9-a6e4-42378dde9c87 (type: security_groups) to 1 [pid: 7|app: 0|req: 679/1406] 10.0.0.243 () {32 vars in 719 bytes} [Wed Aug 19 00:33:11 2026] DELETE /v2.0/ports/1898d0c5-4649-4dd9-ad90-05ae66d5bcba => generated 0 bytes in 329 msecs (HTTP/1.1 204) 3 headers in 131 bytes (1 switches on core 0)
2026-08-19 00:33:11.455 8 INFO neutron.db.ovn_revision_numbers_db [None req-eb500433-9339-4db2-832f-8ce4cad13b12 93f223654842482aa15ccc0e94273edd 866ef04f12314aa796b5469da3a9652f - - default default] Successfully bumped revision number for resource 39b522b2-85ce-4e81-ad56-7050da1d4a00 (type: security_group_rules) to 0
2026-08-19 00:33:11.467 8 INFO neutron.db.ovn_revision_numbers_db [None req-eb500433-9339-4db2-832f-8ce4cad13b12 93f223654842482aa15ccc0e94273edd 866ef04f12314aa796b5469da3a9652f - - default default] Successfully bumped revision number for resource 57d44bf1-450b-40b2-bcd1-a9c20c79b960 (type: security_group_rules) to 0
2026-08-19 00:33:11.479 8 INFO neutron.db.ovn_revision_numbers_db [None req-eb500433-9339-4db2-832f-8ce4cad13b12 93f223654842482aa15ccc0e94273edd 866ef04f12314aa796b5469da3a9652f - - default default] Successfully bumped revision number for resource 7fe935f6-cf91-4fc0-a343-ab422c513605 (type: security_group_rules) to 0
2026-08-19 00:33:11.489 8 INFO neutron.db.ovn_revision_numbers_db [None req-eb500433-9339-4db2-832f-8ce4cad13b12 93f223654842482aa15ccc0e94273edd 866ef04f12314aa796b5469da3a9652f - - default default] Successfully bumped revision number for resource b8c1538e-0b4b-4762-ae0f-450ac9d8786f (type: security_group_rules) to 0 [pid: 8|app: 0|req: 728/1407] 10.0.0.243 () {32 vars in 773 bytes} [Wed Aug 19 00:33:11 2026] GET /v2.0/security-groups?tenant_id=f0613c54dc2c4608bcfac9fa04cfd4fe&name=default => generated 2925 bytes in 415 msecs (HTTP/1.1 200) 4 headers in 158 bytes (1 switches on core 0)
2026-08-19 00:33:11.565 7 INFO neutron_taas.services.taas.taas_plugin [None req-1242aea7-566c-47ee-bd0e-4a5fcb2339ef 4e12103e6997401ba277dd3b5c05782c 0e1ebd4377ed4b398ea3ee584a0dd3ee - - default default] TaaS: Handle Delete Port: 580d79c4-e7a5-49ea-8697-e56e6c885379
2026-08-19 00:33:11.568 7 INFO neutron_taas.services.taas.tap_mirror_plugin [None req-1242aea7-566c-47ee-bd0e-4a5fcb2339ef 4e12103e6997401ba277dd3b5c05782c 0e1ebd4377ed4b398ea3ee584a0dd3ee - - default default] Tap Mirror: Handle Delete Port: 580d79c4-e7a5-49ea-8697-e56e6c885379 [pid: 7|app: 0|req: 680/1408] 10.0.0.243 () {32 vars in 719 bytes} [Wed Aug 19 00:33:11 2026] DELETE /v2.0/ports/580d79c4-e7a5-49ea-8697-e56e6c885379 => generated 0 bytes in 278 msecs (HTTP/1.1 204) 3 headers in 131 bytes (1 switches on core 0) [pid: 8|app: 0|req: 729/1409] 10.0.0.243 () {32 vars in 739 bytes} [Wed Aug 19 00:33:11 2026] DELETE /v2.0/security-groups/088f8a0f-7b73-46b9-a6e4-42378dde9c87 => generated 0 bytes in 358 msecs (HTTP/1.1 204) 2 headers in 112 bytes (1 switches on core 0) [pid: 8|app: 0|req: 730/1410] 10.0.0.243 () {32 vars in 642 bytes} [Wed Aug 19 00:33:11 2026] GET /v2.0/ports => generated 1523 bytes in 36 msecs (HTTP/1.1 200) 4 headers in 158 bytes (1 switches on core 0)
2026-08-19 00:33:12.021 7 INFO neutron.db.ovn_revision_numbers_db [None req-00193aec-0689-4494-8a9f-dd41ea94b890 93f223654842482aa15ccc0e94273edd 866ef04f12314aa796b5469da3a9652f - - default default] Successfully bumped revision number for resource b6150ebb-c4ce-4cb8-a754-b9fee03250e8 (type: security_groups) to 1
2026-08-19 00:33:12.031 7 INFO neutron.db.ovn_revision_numbers_db [None req-00193aec-0689-4494-8a9f-dd41ea94b890 93f223654842482aa15ccc0e94273edd 866ef04f12314aa796b5469da3a9652f - - default default] Successfully bumped revision number for resource 6c1b6c39-05c5-404d-b736-b9d466742e8c (type: security_group_rules) to 0
2026-08-19 00:33:12.032 8 INFO neutron.db.segments_db [None req-ae676243-1cca-4b46-836c-c83f7ee9d2c6 4e12103e6997401ba277dd3b5c05782c 0e1ebd4377ed4b398ea3ee584a0dd3ee - - default default] Added segment 1efb8cd3-0b04-4f1a-94eb-8704a829e499 of type geneve for network 2589bc52-905c-466e-b0de-1f37cbefe70c
2026-08-19 00:33:12.041 7 INFO neutron.db.ovn_revision_numbers_db [None req-00193aec-0689-4494-8a9f-dd41ea94b890 93f223654842482aa15ccc0e94273edd 866ef04f12314aa796b5469da3a9652f - - default default] Successfully bumped revision number for resource 73a2c683-0d83-46ed-aa17-fa90b6e1d165 (type: security_group_rules) to 0
2026-08-19 00:33:12.052 7 INFO neutron.db.ovn_revision_numbers_db [None req-00193aec-0689-4494-8a9f-dd41ea94b890 93f223654842482aa15ccc0e94273edd 866ef04f12314aa796b5469da3a9652f - - default default] Successfully bumped revision number for resource 91ab14d3-81e6-4860-8e93-a6fd4699360a (type: security_group_rules) to 0
2026-08-19 00:33:12.062 7 INFO neutron.db.ovn_revision_numbers_db [None req-00193aec-0689-4494-8a9f-dd41ea94b890 93f223654842482aa15ccc0e94273edd 866ef04f12314aa796b5469da3a9652f - - default default] Successfully bumped revision number for resource ac87d01c-9b06-47d7-be67-7aed36440ec3 (type: security_group_rules) to 0 [pid: 7|app: 0|req: 681/1411] 10.0.0.243 () {32 vars in 773 bytes} [Wed Aug 19 00:33:11 2026] GET /v2.0/security-groups?tenant_id=ef4f213b491e4e79987b683f854d688e&name=default => generated 2925 bytes in 367 msecs (HTTP/1.1 200) 4 headers in 158 bytes (1 switches on core 0)
2026-08-19 00:33:12.156 8 INFO neutron.db.ovn_revision_numbers_db [None req-ae676243-1cca-4b46-836c-c83f7ee9d2c6 4e12103e6997401ba277dd3b5c05782c 0e1ebd4377ed4b398ea3ee584a0dd3ee - - default default] Successfully bumped revision number for resource 2589bc52-905c-466e-b0de-1f37cbefe70c (type: networks) to 1
2026-08-19 00:33:12.281 7 INFO neutron.db.ovn_revision_numbers_db [None req-6f63832a-2d42-4260-976e-7f0cd1c928b6 93f223654842482aa15ccc0e94273edd 866ef04f12314aa796b5469da3a9652f - - default default] Successfully bumped revision number for resource debbbd5d-4b37-4c91-88df-7c3a108fee2e (type: security_groups) to 1
2026-08-19 00:33:12.292 7 INFO neutron.db.ovn_revision_numbers_db [None req-6f63832a-2d42-4260-976e-7f0cd1c928b6 93f223654842482aa15ccc0e94273edd 866ef04f12314aa796b5469da3a9652f - - default default] Successfully bumped revision number for resource 35a22bc3-074d-478d-8ad2-290947237ddb (type: security_group_rules) to 0
2026-08-19 00:33:12.302 7 INFO neutron.db.ovn_revision_numbers_db [None req-6f63832a-2d42-4260-976e-7f0cd1c928b6 93f223654842482aa15ccc0e94273edd 866ef04f12314aa796b5469da3a9652f - - default default] Successfully bumped revision number for resource 37b32182-da5f-4f2d-9faa-a324e8c63046 (type: security_group_rules) to 0
2026-08-19 00:33:12.313 7 INFO neutron.db.ovn_revision_numbers_db [None req-6f63832a-2d42-4260-976e-7f0cd1c928b6 93f223654842482aa15ccc0e94273edd 866ef04f12314aa796b5469da3a9652f - - default default] Successfully bumped revision number for resource 87001607-444b-48c9-afe4-a2552e02332d (type: security_group_rules) to 0
2026-08-19 00:33:12.328 7 INFO neutron.db.ovn_revision_numbers_db [None req-6f63832a-2d42-4260-976e-7f0cd1c928b6 93f223654842482aa15ccc0e94273edd 866ef04f12314aa796b5469da3a9652f - - default default] Successfully bumped revision number for resource aef4fc0f-3acc-4496-afd2-096125c4b2d0 (type: security_group_rules) to 0
2026-08-19 00:33:12.361 8 WARNING neutron.scheduler.dhcp_agent_scheduler [None req-ae676243-1cca-4b46-836c-c83f7ee9d2c6 4e12103e6997401ba277dd3b5c05782c 0e1ebd4377ed4b398ea3ee584a0dd3ee - - default default] No more DHCP agents
2026-08-19 00:33:12.362 8 WARNING neutron.api.rpc.agentnotifiers.dhcp_rpc_agent_api [None req-ae676243-1cca-4b46-836c-c83f7ee9d2c6 4e12103e6997401ba277dd3b5c05782c 0e1ebd4377ed4b398ea3ee584a0dd3ee - - default default] Unable to schedule network 2589bc52-905c-466e-b0de-1f37cbefe70c: no agents available; will retry on subsequent port and subnet creation events. [pid: 7|app: 0|req: 682/1412] 10.0.0.243 () {32 vars in 773 bytes} [Wed Aug 19 00:33:12 2026] GET /v2.0/security-groups?tenant_id=aa0c306645b442ed99c6027e1daa3c38&name=default => generated 2925 bytes in 264 msecs (HTTP/1.1 200) 4 headers in 158 bytes (1 switches on core 0)
2026-08-19 00:33:12.446 8 INFO neutron.plugins.ml2.drivers.ovn.mech_driver.mech_driver [None req-40984b35-0e84-4057-9ed6-842dc490aeaa - - - - - -] OVN reports status down for port: dcf330bd-0532-431f-9233-e5d81257c721
2026-08-19 00:33:12.530 8 INFO neutron.db.ovn_revision_numbers_db [None req-ae676243-1cca-4b46-836c-c83f7ee9d2c6 4e12103e6997401ba277dd3b5c05782c 0e1ebd4377ed4b398ea3ee584a0dd3ee - - default default] Successfully bumped revision number for resource dcf330bd-0532-431f-9233-e5d81257c721 (type: ports) to 1 [pid: 8|app: 0|req: 731/1413] 10.0.0.243 () {34 vars in 669 bytes} [Wed Aug 19 00:33:11 2026] POST /v2.0/networks => generated 653 bytes in 679 msecs (HTTP/1.1 201) 4 headers in 162 bytes (1 switches on core 0) [pid: 8|app: 0|req: 732/1414] 10.0.0.101 () {34 vars in 989 bytes} [Wed Aug 19 00:33:12 2026] GET /v2.0/ports?device_id=0713f0f3-bf0e-4fee-aca8-8cc05af4ae31 => generated 12 bytes in 31 msecs (HTTP/1.1 200) 4 headers in 156 bytes (1 switches on core 0) [pid: 7|app: 0|req: 683/1415] 10.0.0.243 () {32 vars in 739 bytes} [Wed Aug 19 00:33:12 2026] DELETE /v2.0/security-groups/b6150ebb-c4ce-4cb8-a754-b9fee03250e8 => generated 0 bytes in 316 msecs (HTTP/1.1 204) 2 headers in 112 bytes (1 switches on core 0)
2026-08-19 00:33:12.758 7 INFO neutron.db.segments_db [None req-c42a6a04-5048-4fb5-8241-4598d74ebdce 4e12103e6997401ba277dd3b5c05782c 0e1ebd4377ed4b398ea3ee584a0dd3ee - - default default] Added segment 881570dc-f40f-4fcf-8038-feb8d1af9dd3 of type geneve for network d05210db-068b-4c43-96f0-2eaba1fcc99c
2026-08-19 00:33:12.976 7 INFO neutron.db.ovn_revision_numbers_db [None req-c42a6a04-5048-4fb5-8241-4598d74ebdce 4e12103e6997401ba277dd3b5c05782c 0e1ebd4377ed4b398ea3ee584a0dd3ee - - default default] Successfully bumped revision number for resource d05210db-068b-4c43-96f0-2eaba1fcc99c (type: networks) to 1 [pid: 8|app: 0|req: 733/1416] 10.0.0.243 () {32 vars in 739 bytes} [Wed Aug 19 00:33:12 2026] DELETE /v2.0/security-groups/debbbd5d-4b37-4c91-88df-7c3a108fee2e => generated 0 bytes in 383 msecs (HTTP/1.1 204) 2 headers in 112 bytes (1 switches on core 0)
2026-08-19 00:33:13.151 7 WARNING neutron.scheduler.dhcp_agent_scheduler [None req-c42a6a04-5048-4fb5-8241-4598d74ebdce 4e12103e6997401ba277dd3b5c05782c 0e1ebd4377ed4b398ea3ee584a0dd3ee - - default default] No more DHCP agents
2026-08-19 00:33:13.152 7 WARNING neutron.api.rpc.agentnotifiers.dhcp_rpc_agent_api [None req-c42a6a04-5048-4fb5-8241-4598d74ebdce 4e12103e6997401ba277dd3b5c05782c 0e1ebd4377ed4b398ea3ee584a0dd3ee - - default default] Unable to schedule network d05210db-068b-4c43-96f0-2eaba1fcc99c: no agents available; will retry on subsequent port and subnet creation events.
2026-08-19 00:33:13.212 8 INFO neutron.plugins.ml2.drivers.ovn.mech_driver.mech_driver [None req-40984b35-0e84-4057-9ed6-842dc490aeaa - - - - - -] OVN reports status down for port: 02ce4803-2280-4fc2-91c3-6156bb0a6a64
2026-08-19 00:33:13.254 7 INFO neutron.db.ovn_revision_numbers_db [None req-c42a6a04-5048-4fb5-8241-4598d74ebdce 4e12103e6997401ba277dd3b5c05782c 0e1ebd4377ed4b398ea3ee584a0dd3ee - - default default] Successfully bumped revision number for resource 02ce4803-2280-4fc2-91c3-6156bb0a6a64 (type: ports) to 1 [pid: 7|app: 0|req: 684/1417] 10.0.0.243 () {34 vars in 669 bytes} [Wed Aug 19 00:33:12 2026] POST /v2.0/networks => generated 654 bytes in 604 msecs (HTTP/1.1 201) 4 headers in 162 bytes (1 switches on core 0) [pid: 7|app: 0|req: 685/1418] 10.0.0.243 () {32 vars in 739 bytes} [Wed Aug 19 00:33:13 2026] DELETE /v2.0/security-groups/9509c175-04b1-4d36-b04f-74f20b317b13 => generated 0 bytes in 192 msecs (HTTP/1.1 204) 2 headers in 112 bytes (1 switches on core 0)
2026-08-19 00:33:13.948 7 INFO neutron.api.v2.resource [None req-2dfa6759-bae0-4373-b937-63940759ce5c e8ea81b1c75b45b993cb6897251817de 74a976ed24e84b64aef26c6a2726b2f2 - - default default] show failed (client error): The resource could not be found. [pid: 7|app: 0|req: 686/1419] 10.0.0.243 () {32 vars in 736 bytes} [Wed Aug 19 00:33:13 2026] GET /v2.0/security-groups/9509c175-04b1-4d36-b04f-74f20b317b13 => generated 146 bytes in 8 msecs (HTTP/1.1 404) 4 headers in 164 bytes (1 switches on core 0)
2026-08-19 00:33:14.079 7 INFO neutron_taas.services.taas.taas_plugin [None req-013f124d-773f-4c84-a4fb-401d710845c8 e8ea81b1c75b45b993cb6897251817de 74a976ed24e84b64aef26c6a2726b2f2 - - default default] TaaS: Handle Delete Port: 7eff02c1-e2cc-4cd1-b5a7-c526d89824ea
2026-08-19 00:33:14.081 7 INFO neutron_taas.services.taas.tap_mirror_plugin [None req-013f124d-773f-4c84-a4fb-401d710845c8 e8ea81b1c75b45b993cb6897251817de 74a976ed24e84b64aef26c6a2726b2f2 - - default default] Tap Mirror: Handle Delete Port: 7eff02c1-e2cc-4cd1-b5a7-c526d89824ea
2026-08-19 00:33:14.091 8 WARNING neutron.scheduler.dhcp_agent_scheduler [None req-4774c4aa-510f-43f7-9bf7-d8a8d9cc72dd 4e12103e6997401ba277dd3b5c05782c 0e1ebd4377ed4b398ea3ee584a0dd3ee - - default default] No more DHCP agents
2026-08-19 00:33:14.095 8 WARNING neutron.api.rpc.agentnotifiers.dhcp_rpc_agent_api [None req-4774c4aa-510f-43f7-9bf7-d8a8d9cc72dd 4e12103e6997401ba277dd3b5c05782c 0e1ebd4377ed4b398ea3ee584a0dd3ee - - default default] Unable to schedule network 2589bc52-905c-466e-b0de-1f37cbefe70c: no agents available; will retry on subsequent port and subnet creation events.
2026-08-19 00:33:14.141 8 INFO neutron.db.ovn_revision_numbers_db [None req-4774c4aa-510f-43f7-9bf7-d8a8d9cc72dd 4e12103e6997401ba277dd3b5c05782c 0e1ebd4377ed4b398ea3ee584a0dd3ee - - default default] Successfully bumped revision number for resource 1b8e2632-d6ee-46e2-b138-7009fdf074f2 (type: subnets) to 0
2026-08-19 00:33:14.169 8 WARNING neutron.scheduler.dhcp_agent_scheduler [None req-4774c4aa-510f-43f7-9bf7-d8a8d9cc72dd 4e12103e6997401ba277dd3b5c05782c 0e1ebd4377ed4b398ea3ee584a0dd3ee - - default default] No more DHCP agents
2026-08-19 00:33:14.171 8 WARNING neutron.api.rpc.agentnotifiers.dhcp_rpc_agent_api [None req-4774c4aa-510f-43f7-9bf7-d8a8d9cc72dd 4e12103e6997401ba277dd3b5c05782c 0e1ebd4377ed4b398ea3ee584a0dd3ee - - default default] Unable to schedule network d05210db-068b-4c43-96f0-2eaba1fcc99c: no agents available; will retry on subsequent port and subnet creation events.
2026-08-19 00:33:14.222 8 INFO neutron.db.ovn_revision_numbers_db [None req-4774c4aa-510f-43f7-9bf7-d8a8d9cc72dd 4e12103e6997401ba277dd3b5c05782c 0e1ebd4377ed4b398ea3ee584a0dd3ee - - default default] Successfully bumped revision number for resource f771ed15-1ef2-4c3a-b499-f737a172aeac (type: subnets) to 0 [pid: 7|app: 0|req: 687/1420] 10.0.0.243 () {32 vars in 731 bytes} [Wed Aug 19 00:33:13 2026] DELETE /v2.0/floatingips/7a62bb49-edbe-4d04-8c54-2144aaa03ddd => generated 0 bytes in 289 msecs (HTTP/1.1 204) 2 headers in 112 bytes (1 switches on core 0) [pid: 8|app: 0|req: 734/1421] 10.0.0.243 () {34 vars in 668 bytes} [Wed Aug 19 00:33:13 2026] POST /v2.0/subnets => generated 1323 bytes in 527 msecs (HTTP/1.1 201) 4 headers in 163 bytes (1 switches on core 0) [pid: 8|app: 0|req: 735/1422] 10.0.0.243 () {32 vars in 646 bytes} [Wed Aug 19 00:33:14 2026] GET /v2.0/subnets => generated 1959 bytes in 36 msecs (HTTP/1.1 200) 4 headers in 158 bytes (1 switches on core 0) [pid: 8|app: 0|req: 736/1423] 10.0.0.243 () {32 vars in 723 bytes} [Wed Aug 19 00:33:14 2026] DELETE /v2.0/subnets/1b8e2632-d6ee-46e2-b138-7009fdf074f2 => generated 0 bytes in 154 msecs (HTTP/1.1 204) 3 headers in 131 bytes (1 switches on core 0)
2026-08-19 00:33:14.515 7 INFO neutron_taas.services.taas.taas_plugin [None req-7656bf79-f08e-47ba-b452-8974bcf3a0a1 93f223654842482aa15ccc0e94273edd 866ef04f12314aa796b5469da3a9652f - - default default] TaaS: Handle Delete Port: e1bba4e6-a13b-4017-b89b-a0ba0f74d865
2026-08-19 00:33:14.518 7 INFO neutron_taas.services.taas.tap_mirror_plugin [None req-7656bf79-f08e-47ba-b452-8974bcf3a0a1 93f223654842482aa15ccc0e94273edd 866ef04f12314aa796b5469da3a9652f - - default default] Tap Mirror: Handle Delete Port: e1bba4e6-a13b-4017-b89b-a0ba0f74d865
2026-08-19 00:33:14.846 8 INFO neutron.db.ovn_revision_numbers_db [None req-3cb53065-6029-4c47-ba46-bf6e34956adc 93f223654842482aa15ccc0e94273edd 866ef04f12314aa796b5469da3a9652f - - default default] Successfully bumped revision number for resource abb9fa15-3a32-4b36-b031-cad209c97efb (type: security_groups) to 1
2026-08-19 00:33:14.861 8 INFO neutron.db.ovn_revision_numbers_db [None req-3cb53065-6029-4c47-ba46-bf6e34956adc 93f223654842482aa15ccc0e94273edd 866ef04f12314aa796b5469da3a9652f - - default default] Successfully bumped revision number for resource 4e3d7286-ac15-438f-8c6f-b42186dfef72 (type: security_group_rules) to 0
2026-08-19 00:33:14.873 8 INFO neutron.db.ovn_revision_numbers_db [None req-3cb53065-6029-4c47-ba46-bf6e34956adc 93f223654842482aa15ccc0e94273edd 866ef04f12314aa796b5469da3a9652f - - default default] Successfully bumped revision number for resource 6efd6ab4-db68-4b4a-9a4e-4429062b8150 (type: security_group_rules) to 0
2026-08-19 00:33:14.895 8 INFO neutron.db.ovn_revision_numbers_db [None req-3cb53065-6029-4c47-ba46-bf6e34956adc 93f223654842482aa15ccc0e94273edd 866ef04f12314aa796b5469da3a9652f - - default default] Successfully bumped revision number for resource 849ce4d5-8070-47f5-a128-1b031ea8b0cb (type: security_group_rules) to 0
2026-08-19 00:33:14.910 8 INFO neutron.db.ovn_revision_numbers_db [None req-3cb53065-6029-4c47-ba46-bf6e34956adc 93f223654842482aa15ccc0e94273edd 866ef04f12314aa796b5469da3a9652f - - default default] Successfully bumped revision number for resource 98f8f616-521a-4c71-abae-3dd3c04ec48a (type: security_group_rules) to 0
2026-08-19 00:33:14.984 8 INFO neutron.db.segments_db [None req-3cb53065-6029-4c47-ba46-bf6e34956adc 93f223654842482aa15ccc0e94273edd 866ef04f12314aa796b5469da3a9652f - - default default] Added segment d32f6acd-6bfd-4147-8f41-9d201c5ae8f1 of type geneve for network 59368276-eb6d-4027-8ae6-61fd916814f9
2026-08-19 00:33:15.109 8 INFO neutron.db.ovn_revision_numbers_db [None req-3cb53065-6029-4c47-ba46-bf6e34956adc 93f223654842482aa15ccc0e94273edd 866ef04f12314aa796b5469da3a9652f - - default default] Successfully bumped revision number for resource 59368276-eb6d-4027-8ae6-61fd916814f9 (type: networks) to 1 [pid: 7|app: 0|req: 688/1424] 10.0.0.243 () {34 vars in 788 bytes} [Wed Aug 19 00:33:14 2026] PUT /v2.0/routers/3846db84-3d25-46b4-ae36-b5ed4887dda5/remove_router_interface => generated 309 bytes in 1019 msecs (HTTP/1.1 200) 4 headers in 157 bytes (1 switches on core 0) /var/lib/openstack/lib/python3.12/site-packages/pycadf/identifier.py:70: UserWarning: Invalid uuid: neutron. To ensure interoperability, identifiers should be a valid uuid. warnings.warn(('Invalid uuid: %s. To ensure interoperability, '
2026-08-19 00:33:15.295 8 WARNING neutron.scheduler.dhcp_agent_scheduler [None req-3cb53065-6029-4c47-ba46-bf6e34956adc 93f223654842482aa15ccc0e94273edd 866ef04f12314aa796b5469da3a9652f - - default default] No more DHCP agents
2026-08-19 00:33:15.297 8 WARNING neutron.api.rpc.agentnotifiers.dhcp_rpc_agent_api [None req-3cb53065-6029-4c47-ba46-bf6e34956adc 93f223654842482aa15ccc0e94273edd 866ef04f12314aa796b5469da3a9652f - - default default] Unable to schedule network 59368276-eb6d-4027-8ae6-61fd916814f9: no agents available; will retry on subsequent port and subnet creation events.
2026-08-19 00:33:15.366 8 INFO neutron.plugins.ml2.drivers.ovn.mech_driver.mech_driver [None req-40984b35-0e84-4057-9ed6-842dc490aeaa - - - - - -] OVN reports status down for port: 6c2aa2db-76aa-40f0-af99-82073f13a476
2026-08-19 00:33:15.428 8 INFO neutron.db.ovn_revision_numbers_db [None req-3cb53065-6029-4c47-ba46-bf6e34956adc 93f223654842482aa15ccc0e94273edd 866ef04f12314aa796b5469da3a9652f - - default default] Successfully bumped revision number for resource 6c2aa2db-76aa-40f0-af99-82073f13a476 (type: ports) to 1 [pid: 7|app: 0|req: 689/1425] 10.0.0.243 () {32 vars in 723 bytes} [Wed Aug 19 00:33:15 2026] DELETE /v2.0/subnets/f771ed15-1ef2-4c3a-b499-f737a172aeac => generated 0 bytes in 174 msecs (HTTP/1.1 204) 3 headers in 131 bytes (1 switches on core 0) [pid: 8|app: 0|req: 737/1426] 10.0.0.243 () {34 vars in 670 bytes} [Wed Aug 19 00:33:14 2026] POST /v2.0/networks => generated 743 bytes in 1028 msecs (HTTP/1.1 201) 4 headers in 162 bytes (1 switches on core 0)
2026-08-19 00:33:15.658 7 INFO neutron.db.ovn_revision_numbers_db [None req-bdefc35e-ecef-4afe-bf45-0b3e8fe73183 bd51ee3b8e8b4f47a9f8f1acd3de1b3c 003e24e7e03a491b91efda94d92a4159 - - default default] Successfully bumped revision number for resource 19e1bd0a-618b-4154-84fa-603dc56b646f (type: security_groups) to 1
2026-08-19 00:33:15.672 7 INFO neutron.db.ovn_revision_numbers_db [None req-bdefc35e-ecef-4afe-bf45-0b3e8fe73183 bd51ee3b8e8b4f47a9f8f1acd3de1b3c 003e24e7e03a491b91efda94d92a4159 - - default default] Successfully bumped revision number for resource 1abde79d-f97c-4505-bd24-a5184a34a730 (type: security_group_rules) to 0
2026-08-19 00:33:15.683 7 INFO neutron.db.ovn_revision_numbers_db [None req-bdefc35e-ecef-4afe-bf45-0b3e8fe73183 bd51ee3b8e8b4f47a9f8f1acd3de1b3c 003e24e7e03a491b91efda94d92a4159 - - default default] Successfully bumped revision number for resource 21010206-3e0a-41df-899c-6c355d00b3f4 (type: security_group_rules) to 0
2026-08-19 00:33:15.699 7 INFO neutron.db.ovn_revision_numbers_db [None req-bdefc35e-ecef-4afe-bf45-0b3e8fe73183 bd51ee3b8e8b4f47a9f8f1acd3de1b3c 003e24e7e03a491b91efda94d92a4159 - - default default] Successfully bumped revision number for resource 4dd448e2-76da-4f8f-8e9f-a21db4d06269 (type: security_group_rules) to 0
2026-08-19 00:33:15.709 7 INFO neutron.db.ovn_revision_numbers_db [None req-bdefc35e-ecef-4afe-bf45-0b3e8fe73183 bd51ee3b8e8b4f47a9f8f1acd3de1b3c 003e24e7e03a491b91efda94d92a4159 - - default default] Successfully bumped revision number for resource 7604e375-b7ae-4bc2-ab2a-3eb411f0df31 (type: security_group_rules) to 0
2026-08-19 00:33:15.792 7 INFO neutron.db.segments_db [None req-bdefc35e-ecef-4afe-bf45-0b3e8fe73183 bd51ee3b8e8b4f47a9f8f1acd3de1b3c 003e24e7e03a491b91efda94d92a4159 - - default default] Added segment 8d6da58c-1a06-443e-aa1e-0c0e93474868 of type geneve for network 5dcf960d-9bae-4eb9-a163-2d80aaa6f669
2026-08-19 00:33:15.908 8 INFO neutron_taas.services.taas.taas_plugin [None req-d318aa8b-e71f-42bb-a42e-f4a67cc29423 93f223654842482aa15ccc0e94273edd 866ef04f12314aa796b5469da3a9652f - - default default] TaaS: Handle Delete Port: 7ae5130f-49e7-4f52-8c9a-d104ee99910a
2026-08-19 00:33:15.917 8 INFO neutron_taas.services.taas.tap_mirror_plugin [None req-d318aa8b-e71f-42bb-a42e-f4a67cc29423 93f223654842482aa15ccc0e94273edd 866ef04f12314aa796b5469da3a9652f - - default default] Tap Mirror: Handle Delete Port: 7ae5130f-49e7-4f52-8c9a-d104ee99910a
2026-08-19 00:33:15.941 7 INFO neutron.db.ovn_revision_numbers_db [None req-bdefc35e-ecef-4afe-bf45-0b3e8fe73183 bd51ee3b8e8b4f47a9f8f1acd3de1b3c 003e24e7e03a491b91efda94d92a4159 - - default default] Successfully bumped revision number for resource 5dcf960d-9bae-4eb9-a163-2d80aaa6f669 (type: networks) to 1
2026-08-19 00:33:16.132 7 WARNING neutron.scheduler.dhcp_agent_scheduler [None req-bdefc35e-ecef-4afe-bf45-0b3e8fe73183 bd51ee3b8e8b4f47a9f8f1acd3de1b3c 003e24e7e03a491b91efda94d92a4159 - - default default] No more DHCP agents
