Jul 22 03:42:17.156461 np0000186143 devstack@o-api.service[120314]: DEBUG ovn_octavia_provider.helper [-] Updating status to octavia: {'listeners': [{'id': '7e7abcff-919a-4cab-b3c6-f4476286e662', 'provisioning_status': 'ACTIVE', 'operating_status': 'ONLINE'}], 'loadbalancers': [{'id': 'c2227510-6222-4ea6-b037-a95b1a6a8ff7', 'provisioning_status': 'ACTIVE'}]} {{(pid=120314) _update_status_to_octavia /opt/stack/ovn-octavia-provider/ovn_octavia_provider/helper.py:450}}
Jul 22 03:42:17.173644 np0000186143 devstack@o-api.service[120314]: [pid: 120314|app: 0|req: 3/9] 172.18.0.2 () {58 vars in 1201 bytes} [Wed Jul 22 03:42:16 2026] POST /load-balancer/v2.0/lbaas/listeners => generated 1065 bytes in 180 msecs (HTTP/1.1 201) 4 headers in 163 bytes (1 switches on core 0)
Jul 22 03:42:17.206264 np0000186143 devstack@o-api.service[120315]: [pid: 120315|app: 0|req: 3/10] 172.18.0.2 () {54 vars in 1270 bytes} [Wed Jul 22 03:42:17 2026] GET /load-balancer/v2.0/lbaas/loadbalancers/c2227510-6222-4ea6-b037-a95b1a6a8ff7 => generated 943 bytes in 30 msecs (HTTP/1.1 200) 4 headers in 157 bytes (1 switches on core 0)
Jul 22 03:42:18.290466 np0000186143 devstack@o-api.service[120317]: DEBUG oslo_db.sqlalchemy.engines [None req-c2f36d1b-d991-465a-adae-5769f4298f92 demo demo] MySQL server mode set to STRICT_TRANS_TABLES,STRICT_ALL_TABLES,NO_ZERO_IN_DATE,NO_ZERO_DATE,ERROR_FOR_DIVISION_BY_ZERO,TRADITIONAL,NO_ENGINE_SUBSTITUTION {{(pid=120317) _check_effective_sql_mode /opt/stack/data/venv/lib/python3.12/site-packages/oslo_db/sqlalchemy/engines.py:325}}
Jul 22 03:42:18.402898 np0000186143 devstack@o-api.service[120317]: [pid: 120317|app: 0|req: 3/11] 172.18.0.2 () {54 vars in 1270 bytes} [Wed Jul 22 03:42:18 2026] GET /load-balancer/v2.0/lbaas/loadbalancers/c2227510-6222-4ea6-b037-a95b1a6a8ff7 => generated 935 bytes in 171 msecs (HTTP/1.1 200) 4 headers in 157 bytes (1 switches on core 0)
Jul 22 03:42:18.560881 np0000186143 devstack@o-api.service[120316]: [pid: 120316|app: 0|req: 3/12] 172.18.0.2 () {54 vars in 1258 bytes} [Wed Jul 22 03:42:18 2026] GET /load-balancer/v2.0/lbaas/listeners/7e7abcff-919a-4cab-b3c6-f4476286e662 => generated 1073 bytes in 156 msecs (HTTP/1.1 200) 4 headers in 158 bytes (1 switches on core 0)
Jul 22 03:42:18.587511 np0000186143 devstack@o-api.service[120314]: [pid: 120314|app: 0|req: 4/13] 172.18.0.2 () {54 vars in 1266 bytes} [Wed Jul 22 03:42:18 2026] GET /load-balancer/v2.0/lbaas/pools?name=k8s-clusterapi-cluster-magnum-system-kube-7nsc1-kubeapi-6443 => generated 32 bytes in 24 msecs (HTTP/1.1 200) 4 headers in 156 bytes (1 switches on core 0)
Jul 22 03:42:18.691872 np0000186143 devstack@o-api.service[120315]: DEBUG ovsdbapp.backend.ovs_idl [None req-275d21d2-405b-4e47-8550-9dd7538e551a demo demo] Connection already started, not creating indices {{(pid=120315) __init__ /opt/stack/data/venv/lib/python3.12/site-packages/ovsdbapp/backend/ovs_idl/__init__.py:36}}
Jul 22 03:42:18.692475 np0000186143 devstack@o-api.service[120315]: DEBUG octavia.db.repositories [None req-275d21d2-405b-4e47-8550-9dd7538e551a demo demo] Checking quota for project: 4ed549879aad4aa1ab4f656051a6d7e8 object: {{(pid=120315) check_quota_met /opt/stack/octavia/octavia/db/repositories.py:451}}
Jul 22 03:42:18.791357 np0000186143 devstack@o-api.service[120315]: /opt/stack/octavia/octavia/db/repositories.py:1089: SAWarning: Coercing Subquery object into a select() for use in IN(); please pass a select() construct explicitly
Jul 22 03:42:18.791357 np0000186143 devstack@o-api.service[120315]: filter(models.LoadBalancer.id.in_(lb_subquery)).first())
Jul 22 03:42:18.793689 np0000186143 devstack@o-api.service[120315]: /opt/stack/octavia/octavia/db/repositories.py:1089: SAWarning: SELECT statement has a cartesian product between FROM element(s) "load_balancer" and FROM element "pool". Apply join condition(s) between each element to resolve.
Jul 22 03:42:18.793689 np0000186143 devstack@o-api.service[120315]: filter(models.LoadBalancer.id.in_(lb_subquery)).first())
Jul 22 03:42:18.957301 np0000186143 devstack@o-api.service[120315]: INFO octavia.api.v2.controllers.pool [None req-275d21d2-405b-4e47-8550-9dd7538e551a demo demo] Sending create Pool 86f4e3f9-99ba-4aca-a1a0-b27cecc7f756 to provider ovn
Jul 22 03:42:18.957966 np0000186143 devstack@o-api.service[120315]: DEBUG ovn_octavia_provider.helper [-] Handling request pool_create with info {'id': '86f4e3f9-99ba-4aca-a1a0-b27cecc7f756', 'loadbalancer_id': 'c2227510-6222-4ea6-b037-a95b1a6a8ff7', 'protocol': 'TCP', 'lb_algorithm': 'SOURCE_IP_PORT', 'listener_id': '7e7abcff-919a-4cab-b3c6-f4476286e662', 'admin_state_up': True, 'session_persistence': None} {{(pid=120315) request_handler /opt/stack/ovn-octavia-provider/ovn_octavia_provider/helper.py:423}}
Jul 22 03:42:18.960133 np0000186143 devstack@o-api.service[120315]: DEBUG ovsdbapp.backend.ovs_idl.transaction [-] Running txn n=1 command(idx=0): DbSetCommand(_result=None, table=Load_Balancer, record=b231f2c5-7802-4158-a922-2a7a7e97d40a, col_values=(('external_ids', {'enabled': 'True', 'neutron:vip': '192.168.24.214', 'neutron:vip_port_id': '1ea36e3d-9d1e-41da-92ae-dece100c57a7', 'lr_ref': 'neutron-bdc9d822-a88e-410e-b7ae-1c0d1ed8e240', 'ls_refs': '{"neutron-f3c08685-bae7-4cff-a52a-8aaf33e91f40": 1}', 'neutron:vip_fip': '172.24.5.144', 'listener_7e7abcff-919a-4cab-b3c6-f4476286e662': '6443:pool_86f4e3f9-99ba-4aca-a1a0-b27cecc7f756', 'pool_86f4e3f9-99ba-4aca-a1a0-b27cecc7f756': ''}),), if_exists=True) {{(pid=120315) do_commit /opt/stack/data/venv/lib/python3.12/site-packages/ovsdbapp/backend/ovs_idl/transaction.py:89}}
Jul 22 03:42:18.967164 np0000186143 devstack@o-api.service[120315]: DEBUG ovn_octavia_provider.helper [-] Updating status to octavia: {'pools': [{'id': '86f4e3f9-99ba-4aca-a1a0-b27cecc7f756', 'provisioning_status': 'ACTIVE', 'operating_status': 'ONLINE'}], 'loadbalancers': [{'id': 'c2227510-6222-4ea6-b037-a95b1a6a8ff7', 'provisioning_status': 'ACTIVE'}], 'listeners': [{'id': '7e7abcff-919a-4cab-b3c6-f4476286e662', 'provisioning_status': 'ACTIVE'}]} {{(pid=120315) _update_status_to_octavia /opt/stack/ovn-octavia-provider/ovn_octavia_provider/helper.py:450}}
Jul 22 03:42:18.995923 np0000186143 devstack@o-api.service[120315]: [pid: 120315|app: 0|req: 4/14] 172.18.0.2 () {58 vars in 1189 bytes} [Wed Jul 22 03:42:18 2026] POST /load-balancer/v2.0/lbaas/pools => generated 811 bytes in 406 msecs (HTTP/1.1 201) 4 headers in 162 bytes (1 switches on core 0)
Jul 22 03:42:19.024578 np0000186143 devstack@o-api.service[120317]: [pid: 120317|app: 0|req: 4/15] 172.18.0.2 () {54 vars in 1270 bytes} [Wed Jul 22 03:42:18 2026] GET /load-balancer/v2.0/lbaas/loadbalancers/c2227510-6222-4ea6-b037-a95b1a6a8ff7 => generated 989 bytes in 26 msecs (HTTP/1.1 200) 4 headers in 157 bytes (1 switches on core 0)
Jul 22 03:42:20.141457 np0000186143 devstack@o-api.service[120316]: [pid: 120316|app: 0|req: 4/16] 172.18.0.2 () {54 vars in 1270 bytes} [Wed Jul 22 03:42:20 2026] GET /load-balancer/v2.0/lbaas/loadbalancers/c2227510-6222-4ea6-b037-a95b1a6a8ff7 => generated 981 bytes in 36 msecs (HTTP/1.1 200) 4 headers in 157 bytes (1 switches on core 0)
Jul 22 03:42:20.162115 np0000186143 devstack@o-api.service[120314]: [pid: 120314|app: 0|req: 5/17] 172.18.0.2 () {54 vars in 1293 bytes} [Wed Jul 22 03:42:20 2026] GET /load-balancer/v2.0/lbaas/healthmonitors?name=k8s-clusterapi-cluster-magnum-system-kube-7nsc1-kubeapi-6443 => generated 50 bytes in 18 msecs (HTTP/1.1 200) 4 headers in 156 bytes (1 switches on core 0)
Jul 22 03:42:20.213287 np0000186143 devstack@o-api.service[120315]: DEBUG ovsdbapp.backend.ovs_idl [None req-cdf37f43-63a1-4cfb-9495-badc75385641 demo demo] Connection already started, not creating indices {{(pid=120315) __init__ /opt/stack/data/venv/lib/python3.12/site-packages/ovsdbapp/backend/ovs_idl/__init__.py:36}}
Jul 22 03:42:20.214000 np0000186143 devstack@o-api.service[120315]: DEBUG octavia.db.repositories [None req-cdf37f43-63a1-4cfb-9495-badc75385641 demo demo] Checking quota for project: 4ed549879aad4aa1ab4f656051a6d7e8 object: {{(pid=120315) check_quota_met /opt/stack/octavia/octavia/db/repositories.py:451}}
Jul 22 03:42:20.247023 np0000186143 devstack@o-api.service[120315]: INFO octavia.api.v2.controllers.health_monitor [None req-cdf37f43-63a1-4cfb-9495-badc75385641 demo demo] Sending create Health Monitor 5dbe4eee-1b22-45d8-83a3-8c28739b6d70 to provider ovn
Jul 22 03:42:20.247764 np0000186143 devstack@o-api.service[120315]: DEBUG ovn_octavia_provider.helper [-] Handling request hm_create with info {'id': '5dbe4eee-1b22-45d8-83a3-8c28739b6d70', 'pool_id': '86f4e3f9-99ba-4aca-a1a0-b27cecc7f756', 'type': 'TCP', 'interval': 10, 'timeout': 5, 'failure_count': 3, 'success_count': 5, 'admin_state_up': True} {{(pid=120315) request_handler /opt/stack/ovn-octavia-provider/ovn_octavia_provider/helper.py:423}}
Jul 22 03:42:20.250819 np0000186143 devstack@o-api.service[120315]: DEBUG ovsdbapp.backend.ovs_idl.transaction [-] Running txn n=1 command(idx=0): DbCreateCommand(_result=None, table=Load_Balancer_Health_Check, columns={'vip': '192.168.24.214:6443', 'options': {'interval': '10', 'timeout': '5', 'success_count': '5', 'failure_count': '3'}, 'external_ids': {'octavia:healthmonitor': '5dbe4eee-1b22-45d8-83a3-8c28739b6d70', 'octavia:pool_id': '86f4e3f9-99ba-4aca-a1a0-b27cecc7f756', 'octavia:vip': '192.168.24.214'}}, row=False) {{(pid=120315) do_commit /opt/stack/data/venv/lib/python3.12/site-packages/ovsdbapp/backend/ovs_idl/transaction.py:89}}
Jul 22 03:42:20.251508 np0000186143 devstack@o-api.service[120315]: DEBUG ovsdbapp.backend.ovs_idl.transaction [-] Running txn n=1 command(idx=1): DbAddCommand(_result=None, table=Load_Balancer, record=b231f2c5-7802-4158-a922-2a7a7e97d40a, column=health_check, values=(DbCreateCommand(_result=Load_Balancer_Health_Check(uuid=919beb05-9e86-48d8-9ea4-dff867b57b15, external_ids={'octavia:healthmonitor': '5dbe4eee-1b22-45d8-83a3-8c28739b6d70', 'octavia:pool_id': '86f4e3f9-99ba-4aca-a1a0-b27cecc7f756', 'octavia:vip': '192.168.24.214'}, options={'interval': '10', 'timeout': '5', 'success_count': '5', 'failure_count': '3'}, vip=192.168.24.214:6443), table=Load_Balancer_Health_Check, columns={'vip': '192.168.24.214:6443', 'options': {'interval': '10', 'timeout': '5', 'success_count': '5', 'failure_count': '3'}, 'external_ids': {'octavia:healthmonitor': '5dbe4eee-1b22-45d8-83a3-8c28739b6d70', 'octavia:pool_id': '86f4e3f9-99ba-4aca-a1a0-b27cecc7f756', 'octavia:vip': '192.168.24.214'}}, row=False),)) {{(pid=120315) do_commit /opt/stack/data/venv/lib/python3.12/site-packages/ovsdbapp/backend/ovs_idl/transaction.py:89}}
Jul 22 03:42:20.252606 np0000186143 devstack@o-api.service[120315]: DEBUG ovsdbapp.backend.ovs_idl.transaction [-] Running txn n=1 command(idx=2): DbSetCommand(_result=None, table=Load_Balancer, record=b231f2c5-7802-4158-a922-2a7a7e97d40a, col_values=(('external_ids', {'octavia:healthmonitors': '["5dbe4eee-1b22-45d8-83a3-8c28739b6d70"]'}),), if_exists=True) {{(pid=120315) do_commit /opt/stack/data/venv/lib/python3.12/site-packages/ovsdbapp/backend/ovs_idl/transaction.py:89}}
Jul 22 03:42:20.253719 np0000186143 devstack@o-api.service[120315]: DEBUG ovsdbapp.backend.ovs_idl.transaction [-] Running txn n=1 command(idx=3): DbCreateCommand(_result=None, table=Load_Balancer_Health_Check, columns={'vip': '172.24.5.144:6443', 'options': {'interval': '10', 'timeout': '5', 'success_count': '5', 'failure_count': '3'}, 'external_ids': {'octavia:healthmonitor': '5dbe4eee-1b22-45d8-83a3-8c28739b6d70', 'octavia:pool_id': '86f4e3f9-99ba-4aca-a1a0-b27cecc7f756', 'octavia:vip': '172.24.5.144'}}, row=False) {{(pid=120315) do_commit /opt/stack/data/venv/lib/python3.12/site-packages/ovsdbapp/backend/ovs_idl/transaction.py:89}}
Jul 22 03:42:20.254657 np0000186143 devstack@o-api.service[120315]: DEBUG ovsdbapp.backend.ovs_idl.transaction [-] Running txn n=1 command(idx=4): DbAddCommand(_result=None, table=Load_Balancer, record=b231f2c5-7802-4158-a922-2a7a7e97d40a, column=health_check, values=(DbCreateCommand(_result=Load_Balancer_Health_Check(uuid=40370d7a-2d14-4240-824a-26be8eb430c5, external_ids={'octavia:healthmonitor': '5dbe4eee-1b22-45d8-83a3-8c28739b6d70', 'octavia:pool_id': '86f4e3f9-99ba-4aca-a1a0-b27cecc7f756', 'octavia:vip': '172.24.5.144'}, options={'interval': '10', 'timeout': '5', 'success_count': '5', 'failure_count': '3'}, vip=172.24.5.144:6443), table=Load_Balancer_Health_Check, columns={'vip': '172.24.5.144:6443', 'options': {'interval': '10', 'timeout': '5', 'success_count': '5', 'failure_count': '3'}, 'external_ids': {'octavia:healthmonitor': '5dbe4eee-1b22-45d8-83a3-8c28739b6d70', 'octavia:pool_id': '86f4e3f9-99ba-4aca-a1a0-b27cecc7f756', 'octavia:vip': '172.24.5.144'}}, row=False),)) {{(pid=120315) do_commit /opt/stack/data/venv/lib/python3.12/site-packages/ovsdbapp/backend/ovs_idl/transaction.py:89}}
Jul 22 03:42:20.268301 np0000186143 devstack@o-api.service[120315]: DEBUG ovn_octavia_provider.helper [-] no member status on external_ids: None {{(pid=120315) _get_current_operating_statuses /opt/stack/ovn-octavia-provider/ovn_octavia_provider/helper.py:4234}}
Jul 22 03:42:20.279229 np0000186143 devstack@o-api.service[120315]: [pid: 120315|app: 0|req: 5/18] 172.18.0.2 () {58 vars in 1216 bytes} [Wed Jul 22 03:42:20 2026] POST /load-balancer/v2.0/lbaas/healthmonitors => generated 649 bytes in 115 msecs (HTTP/1.1 201) 4 headers in 162 bytes (1 switches on core 0)
Jul 22 03:42:20.302727 np0000186143 devstack@o-api.service[120317]: [pid: 120317|app: 0|req: 5/19] 172.18.0.2 () {54 vars in 1270 bytes} [Wed Jul 22 03:42:20 2026] GET /load-balancer/v2.0/lbaas/loadbalancers/c2227510-6222-4ea6-b037-a95b1a6a8ff7 => generated 989 bytes in 21 msecs (HTTP/1.1 200) 4 headers in 157 bytes (1 switches on core 0)
Jul 22 03:42:20.526535 np0000186143 devstack@o-api.service[120315]: DEBUG ovn_octavia_provider.helper [-] Updating status to octavia: {'loadbalancers': [{'id': 'c2227510-6222-4ea6-b037-a95b1a6a8ff7', 'provisioning_status': 'ACTIVE', 'operating_status': 'ONLINE'}], 'listeners': [{'id': '7e7abcff-919a-4cab-b3c6-f4476286e662', 'provisioning_status': 'ACTIVE', 'operating_status': 'ONLINE'}], 'pools': [{'id': '86f4e3f9-99ba-4aca-a1a0-b27cecc7f756', 'provisioning_status': 'ACTIVE', 'operating_status': 'OFFLINE'}], 'members': [], 'healthmonitors': [{'id': '5dbe4eee-1b22-45d8-83a3-8c28739b6d70', 'provisioning_status': 'ACTIVE', 'operating_status': 'ONLINE'}]} {{(pid=120315) _update_status_to_octavia /opt/stack/ovn-octavia-provider/ovn_octavia_provider/helper.py:450}}
Jul 22 03:42:21.360625 np0000186143 devstack@o-api.service[120316]: [pid: 120316|app: 0|req: 5/20] 172.18.0.2 () {54 vars in 1270 bytes} [Wed Jul 22 03:42:21 2026] GET /load-balancer/v2.0/lbaas/loadbalancers/c2227510-6222-4ea6-b037-a95b1a6a8ff7 => generated 981 bytes in 25 msecs (HTTP/1.1 200) 4 headers in 157 bytes (1 switches on core 0)
Jul 22 03:42:22.011405 np0000186143 devstack@o-api.service[120314]: [pid: 120314|app: 0|req: 6/21] 172.18.0.2 () {54 vars in 1088 bytes} [Wed Jul 22 03:42:22 2026] GET /load-balancer/ => generated 4776 bytes in 5 msecs (HTTP/1.1 200) 4 headers in 158 bytes (1 switches on core 0)
Jul 22 03:42:22.078026 np0000186143 devstack@o-api.service[120315]: [pid: 120315|app: 0|req: 6/22] 172.18.0.2 () {54 vars in 1280 bytes} [Wed Jul 22 03:42:22 2026] GET /load-balancer/v2.0/lbaas/loadbalancers?name=k8s-clusterapi-cluster-magnum-system-kube-7nsc1-kubeapi => generated 1011 bytes in 55 msecs (HTTP/1.1 200) 4 headers in 158 bytes (1 switches on core 0)
Jul 22 03:42:22.192203 np0000186143 devstack@o-api.service[120317]: [pid: 120317|app: 0|req: 6/23] 172.18.0.2 () {54 vars in 1088 bytes} [Wed Jul 22 03:42:22 2026] GET /load-balancer/ => generated 4776 bytes in 5 msecs (HTTP/1.1 200) 4 headers in 158 bytes (1 switches on core 0)
Jul 22 03:42:22.228926 np0000186143 devstack@o-api.service[120316]: [pid: 120316|app: 0|req: 6/24] 172.18.0.2 () {54 vars in 1278 bytes} [Wed Jul 22 03:42:22 2026] GET /load-balancer/v2.0/lbaas/listeners?name=k8s-clusterapi-cluster-magnum-system-kube-7nsc1-kubeapi-6443 => generated 1133 bytes in 35 msecs (HTTP/1.1 200) 4 headers in 158 bytes (1 switches on core 0)
Jul 22 03:42:22.401395 np0000186143 devstack@o-api.service[120314]: [pid: 120314|app: 0|req: 7/25] 172.18.0.2 () {54 vars in 1266 bytes} [Wed Jul 22 03:42:22 2026] GET /load-balancer/v2.0/lbaas/pools?name=k8s-clusterapi-cluster-magnum-system-kube-7nsc1-kubeapi-6443 => generated 902 bytes in 170 msecs (HTTP/1.1 200) 4 headers in 157 bytes (1 switches on core 0)
Jul 22 03:42:22.427606 np0000186143 devstack@o-api.service[120315]: [pid: 120315|app: 0|req: 7/26] 172.18.0.2 () {54 vars in 1293 bytes} [Wed Jul 22 03:42:22 2026] GET /load-balancer/v2.0/lbaas/healthmonitors?name=k8s-clusterapi-cluster-magnum-system-kube-7nsc1-kubeapi-6443 => generated 688 bytes in 24 msecs (HTTP/1.1 200) 4 headers in 157 bytes (1 switches on core 0)
Jul 22 03:42:22.930830 np0000186143 devstack@o-api.service[120317]: [pid: 120317|app: 0|req: 7/27] 172.18.0.2 () {54 vars in 1088 bytes} [Wed Jul 22 03:42:22 2026] GET /load-balancer/ => generated 4776 bytes in 7 msecs (HTTP/1.1 200) 4 headers in 158 bytes (1 switches on core 0)
Jul 22 03:42:23.002865 np0000186143 devstack@o-api.service[120316]: [pid: 120316|app: 0|req: 7/28] 172.18.0.2 () {54 vars in 1280 bytes} [Wed Jul 22 03:42:22 2026] GET /load-balancer/v2.0/lbaas/loadbalancers?name=k8s-clusterapi-cluster-magnum-system-kube-7nsc1-kubeapi => generated 1011 bytes in 59 msecs (HTTP/1.1 200) 4 headers in 158 bytes (1 switches on core 0)
Jul 22 03:42:23.048915 np0000186143 devstack@o-api.service[120314]: [pid: 120314|app: 0|req: 8/29] 172.18.0.2 () {54 vars in 1088 bytes} [Wed Jul 22 03:42:23 2026] GET /load-balancer/ => generated 4776 bytes in 3 msecs (HTTP/1.1 200) 4 headers in 158 bytes (1 switches on core 0)
Jul 22 03:42:23.087890 np0000186143 devstack@o-api.service[120315]: [pid: 120315|app: 0|req: 8/30] 172.18.0.2 () {54 vars in 1278 bytes} [Wed Jul 22 03:42:23 2026] GET /load-balancer/v2.0/lbaas/listeners?name=k8s-clusterapi-cluster-magnum-system-kube-7nsc1-kubeapi-6443 => generated 1133 bytes in 37 msecs (HTTP/1.1 200) 4 headers in 158 bytes (1 switches on core 0)
Jul 22 03:42:23.149663 np0000186143 devstack@o-api.service[120317]: [pid: 120317|app: 0|req: 8/31] 172.18.0.2 () {54 vars in 1266 bytes} [Wed Jul 22 03:42:23 2026] GET /load-balancer/v2.0/lbaas/pools?name=k8s-clusterapi-cluster-magnum-system-kube-7nsc1-kubeapi-6443 => generated 902 bytes in 58 msecs (HTTP/1.1 200) 4 headers in 157 bytes (1 switches on core 0)
Jul 22 03:42:23.172815 np0000186143 devstack@o-api.service[120316]: [pid: 120316|app: 0|req: 8/32] 172.18.0.2 () {54 vars in 1293 bytes} [Wed Jul 22 03:42:23 2026] GET /load-balancer/v2.0/lbaas/healthmonitors?name=k8s-clusterapi-cluster-magnum-system-kube-7nsc1-kubeapi-6443 => generated 688 bytes in 21 msecs (HTTP/1.1 200) 4 headers in 157 bytes (1 switches on core 0)
Jul 22 03:43:14.849198 np0000186143 devstack@o-api.service[120314]: [pid: 120314|app: 0|req: 9/33] 172.18.0.2 () {54 vars in 1088 bytes} [Wed Jul 22 03:43:14 2026] GET /load-balancer/ => generated 4776 bytes in 5 msecs (HTTP/1.1 200) 4 headers in 158 bytes (1 switches on core 0)
Jul 22 03:43:14.908677 np0000186143 devstack@o-api.service[120315]: [pid: 120315|app: 0|req: 9/34] 172.18.0.2 () {54 vars in 1266 bytes} [Wed Jul 22 03:43:14 2026] GET /load-balancer/v2.0/lbaas/pools?name=k8s-clusterapi-cluster-magnum-system-kube-7nsc1-kubeapi-6443 => generated 902 bytes in 48 msecs (HTTP/1.1 200) 4 headers in 157 bytes (1 switches on core 0)
Jul 22 03:43:14.942138 np0000186143 devstack@o-api.service[120317]: [pid: 120317|app: 0|req: 9/35] 172.18.0.2 () {54 vars in 1447 bytes} [Wed Jul 22 03:43:14 2026] GET /load-balancer/v2.0/lbaas/pools/86f4e3f9-99ba-4aca-a1a0-b27cecc7f756/members?name=k8s-clusterapi-cluster-magnum-system-kube-7nsc1-kubeapi-6443-kube-7nsc1-grvgp-9qjlm => generated 36 bytes in 32 msecs (HTTP/1.1 200) 4 headers in 156 bytes (1 switches on core 0)
Jul 22 03:43:14.967127 np0000186143 devstack@o-api.service[120316]: [pid: 120316|app: 0|req: 9/36] 172.18.0.2 () {54 vars in 1270 bytes} [Wed Jul 22 03:43:14 2026] GET /load-balancer/v2.0/lbaas/loadbalancers/c2227510-6222-4ea6-b037-a95b1a6a8ff7 => generated 981 bytes in 23 msecs (HTTP/1.1 200) 4 headers in 157 bytes (1 switches on core 0)
Jul 22 03:43:15.027703 np0000186143 devstack@o-api.service[120314]: DEBUG ovsdbapp.backend.ovs_idl [None req-feefec21-0732-4c61-ba73-395a730d777a demo demo] Connection already started, not creating indices {{(pid=120314) __init__ /opt/stack/data/venv/lib/python3.12/site-packages/ovsdbapp/backend/ovs_idl/__init__.py:36}}
Jul 22 03:43:15.028315 np0000186143 devstack@o-api.service[120314]: DEBUG octavia.db.repositories [None req-feefec21-0732-4c61-ba73-395a730d777a demo demo] Checking quota for project: 4ed549879aad4aa1ab4f656051a6d7e8 object: {{(pid=120314) check_quota_met /opt/stack/octavia/octavia/db/repositories.py:451}}
Jul 22 03:43:15.080413 np0000186143 devstack@o-api.service[120314]: INFO octavia.api.v2.controllers.member [None req-feefec21-0732-4c61-ba73-395a730d777a demo demo] Sending create Member 7f8bdd9f-5bb3-4555-8a9a-e58e524978b8 to provider ovn
Jul 22 03:43:15.769431 np0000186143 devstack@o-api.service[120314]: DEBUG ovn_octavia_provider.helper [-] Handling request member_create with info [{'id': '7f8bdd9f-5bb3-4555-8a9a-e58e524978b8', 'address': '192.168.24.235', 'protocol_port': 6443, 'pool_id': '86f4e3f9-99ba-4aca-a1a0-b27cecc7f756', 'subnet_id': '83ba40a3-892e-4dbc-8303-25211ecec65d', 'admin_state_up': True}] {{(pid=120314) request_handler /opt/stack/ovn-octavia-provider/ovn_octavia_provider/helper.py:423}}
Jul 22 03:43:15.770497 np0000186143 devstack@o-api.service[120314]: DEBUG ovn_octavia_provider.helper [-] no member status on external_ids: None {{(pid=120314) _find_member_status /opt/stack/ovn-octavia-provider/ovn_octavia_provider/helper.py:2552}}
Jul 22 03:43:15.771507 np0000186143 devstack@o-api.service[120314]: DEBUG ovsdbapp.backend.ovs_idl.transaction [-] Running txn n=1 command(idx=0): DbSetCommand(_result=None, table=Load_Balancer, record=b231f2c5-7802-4158-a922-2a7a7e97d40a, col_values=(('external_ids', {'pool_86f4e3f9-99ba-4aca-a1a0-b27cecc7f756': 'member_7f8bdd9f-5bb3-4555-8a9a-e58e524978b8_192.168.24.235:6443_83ba40a3-892e-4dbc-8303-25211ecec65d'}),), if_exists=True) {{(pid=120314) do_commit /opt/stack/data/venv/lib/python3.12/site-packages/ovsdbapp/backend/ovs_idl/transaction.py:89}}
Jul 22 03:43:15.772396 np0000186143 devstack@o-api.service[120314]: DEBUG ovsdbapp.backend.ovs_idl.transaction [-] Running txn n=1 command(idx=1): DbClearCommand(_result=None, table=Load_Balancer, record=b231f2c5-7802-4158-a922-2a7a7e97d40a, column=vips) {{(pid=120314) do_commit /opt/stack/data/venv/lib/python3.12/site-packages/ovsdbapp/backend/ovs_idl/transaction.py:89}}
Jul 22 03:43:15.772780 np0000186143 devstack@o-api.service[120314]: DEBUG ovsdbapp.backend.ovs_idl.transaction [-] Running txn n=1 command(idx=2): DbSetCommand(_result=None, table=Load_Balancer, record=b231f2c5-7802-4158-a922-2a7a7e97d40a, col_values=(('vips', {'192.168.24.214:6443': '192.168.24.235:6443', '172.24.5.144:6443': '192.168.24.235:6443'}),), if_exists=True) {{(pid=120314) do_commit /opt/stack/data/venv/lib/python3.12/site-packages/ovsdbapp/backend/ovs_idl/transaction.py:89}}
Jul 22 03:43:15.796708 np0000186143 devstack@o-api.service[120314]: [pid: 120314|app: 0|req: 10/37] 172.18.0.2 () {58 vars in 1324 bytes} [Wed Jul 22 03:43:14 2026] POST /load-balancer/v2.0/lbaas/pools/86f4e3f9-99ba-4aca-a1a0-b27cecc7f756/members => generated 588 bytes in 828 msecs (HTTP/1.1 201) 4 headers in 162 bytes (1 switches on core 0)
Jul 22 03:43:15.823525 np0000186143 devstack@o-api.service[120314]: DEBUG ovsdbapp.backend.ovs_idl.transaction [-] Running txn n=1 command(idx=0): DbSetCommand(_result=None, table=Load_Balancer, record=b231f2c5-7802-4158-a922-2a7a7e97d40a, col_values=(('external_ids', {'ls_refs': '{"neutron-f3c08685-bae7-4cff-a52a-8aaf33e91f40": 2}'}),), if_exists=True) {{(pid=120314) do_commit /opt/stack/data/venv/lib/python3.12/site-packages/ovsdbapp/backend/ovs_idl/transaction.py:89}}
Jul 22 03:43:15.824496 np0000186143 devstack@o-api.service[120315]: [pid: 120315|app: 0|req: 10/38] 172.18.0.2 () {54 vars in 1381 bytes} [Wed Jul 22 03:43:15 2026] GET /load-balancer/v2.0/lbaas/pools/86f4e3f9-99ba-4aca-a1a0-b27cecc7f756/members/7f8bdd9f-5bb3-4555-8a9a-e58e524978b8 => generated 588 bytes in 26 msecs (HTTP/1.1 200) 4 headers in 157 bytes (1 switches on core 0)
Jul 22 03:43:15.871150 np0000186143 devstack@o-api.service[120314]: DEBUG ovsdbapp.backend.ovs_idl.transaction [-] Running txn n=1 command(idx=0): LrLbAddCommand(_result=None, router=67f91116-5947-4e70-8cc7-d7d8b4bcf380, lb=b231f2c5-7802-4158-a922-2a7a7e97d40a, may_exist=True) {{(pid=120314) do_commit /opt/stack/data/venv/lib/python3.12/site-packages/ovsdbapp/backend/ovs_idl/transaction.py:89}}
Jul 22 03:43:15.871670 np0000186143 devstack@o-api.service[120314]: DEBUG ovsdbapp.backend.ovs_idl.transaction [-] Running txn n=1 command(idx=1): LsLbAddCommand(_result=None, switch=neutron-f3c08685-bae7-4cff-a52a-8aaf33e91f40, lb=b231f2c5-7802-4158-a922-2a7a7e97d40a, may_exist=True) {{(pid=120314) do_commit /opt/stack/data/venv/lib/python3.12/site-packages/ovsdbapp/backend/ovs_idl/transaction.py:89}}
Jul 22 03:43:15.871898 np0000186143 devstack@o-api.service[120314]: DEBUG ovsdbapp.backend.ovs_idl.transaction [-] Transaction caused no change {{(pid=120314) do_commit /opt/stack/data/venv/lib/python3.12/site-packages/ovsdbapp/backend/ovs_idl/transaction.py:129}}
Jul 22 03:43:16.763726 np0000186143 devstack@o-api.service[120314]: DEBUG ovsdbapp.backend.ovs_idl.transaction [-] Running txn n=1 command(idx=0): AddBackendToIPPortMapping(_result=None, lb=b231f2c5-7802-4158-a922-2a7a7e97d40a, backend_ip=192.168.24.235, port_name=8b55737a-6baa-48de-942e-0c15e9a38c58, src_ip=192.168.24.218) {{(pid=120314) do_commit /opt/stack/data/venv/lib/python3.12/site-packages/ovsdbapp/backend/ovs_idl/transaction.py:89}}
Jul 22 03:43:16.768724 np0000186143 devstack@o-api.service[120314]: DEBUG ovn_octavia_provider.helper [-] no member status on external_ids: None {{(pid=120314) _update_external_ids_member_status /opt/stack/ovn-octavia-provider/ovn_octavia_provider/helper.py:2584}}
Jul 22 03:43:16.768724 np0000186143 devstack@o-api.service[120314]: DEBUG ovsdbapp.backend.ovs_idl.transaction [-] Running txn n=1 command(idx=0): DbSetCommand(_result=None, table=Load_Balancer, record=b231f2c5-7802-4158-a922-2a7a7e97d40a, col_values=(('external_ids', {'neutron:member_status': '{"7f8bdd9f-5bb3-4555-8a9a-e58e524978b8": "ONLINE"}'}),), if_exists=True) {{(pid=120314) do_commit /opt/stack/data/venv/lib/python3.12/site-packages/ovsdbapp/backend/ovs_idl/transaction.py:89}}
Jul 22 03:43:16.896268 np0000186143 devstack@o-api.service[120317]: [pid: 120317|app: 0|req: 10/39] 172.18.0.2 () {54 vars in 1381 bytes} [Wed Jul 22 03:43:16 2026] GET /load-balancer/v2.0/lbaas/pools/86f4e3f9-99ba-4aca-a1a0-b27cecc7f756/members/7f8bdd9f-5bb3-4555-8a9a-e58e524978b8 => generated 588 bytes in 29 msecs (HTTP/1.1 200) 4 headers in 157 bytes (1 switches on core 0)
Jul 22 03:43:17.107797 np0000186143 devstack@o-api.service[120314]: DEBUG ovn_octavia_provider.helper [-] Updating status to octavia: {'loadbalancers': [{'id': 'c2227510-6222-4ea6-b037-a95b1a6a8ff7', 'provisioning_status': 'ACTIVE', 'operating_status': 'ONLINE'}], 'listeners': [{'id': '7e7abcff-919a-4cab-b3c6-f4476286e662', 'provisioning_status': 'ACTIVE', 'operating_status': 'ONLINE'}], 'pools': [{'id': '86f4e3f9-99ba-4aca-a1a0-b27cecc7f756', 'provisioning_status': 'ACTIVE', 'operating_status': 'ONLINE'}], 'members': [{'id': '7f8bdd9f-5bb3-4555-8a9a-e58e524978b8', 'provisioning_status': 'ACTIVE', 'operating_status': 'ONLINE'}]} {{(pid=120314) _update_status_to_octavia /opt/stack/ovn-octavia-provider/ovn_octavia_provider/helper.py:450}}
Jul 22 03:43:17.374940 np0000186143 devstack@o-api.service[120314]: DEBUG ovn_octavia_provider.helper [-] Handling request handle_member_dvr with info [{'id': '7f8bdd9f-5bb3-4555-8a9a-e58e524978b8', 'address': '192.168.24.235', 'pool_id': '86f4e3f9-99ba-4aca-a1a0-b27cecc7f756', 'subnet_id': '83ba40a3-892e-4dbc-8303-25211ecec65d', 'action': 'member_added'}] {{(pid=120314) request_handler /opt/stack/ovn-octavia-provider/ovn_octavia_provider/helper.py:423}}
Jul 22 03:43:17.433354 np0000186143 devstack@o-api.service[120314]: DEBUG ovn_octavia_provider.helper [-] Member 7f8bdd9f-5bb3-4555-8a9a-e58e524978b8 has no FIP assigned. There is no need to modify its NAT. {{(pid=120314) handle_member_dvr /opt/stack/ovn-octavia-provider/ovn_octavia_provider/helper.py:3299}}
Jul 22 03:43:18.251163 np0000186143 devstack@o-api.service[120316]: [pid: 120316|app: 0|req: 10/40] 172.18.0.2 () {54 vars in 1381 bytes} [Wed Jul 22 03:43:18 2026] GET /load-balancer/v2.0/lbaas/pools/86f4e3f9-99ba-4aca-a1a0-b27cecc7f756/members/7f8bdd9f-5bb3-4555-8a9a-e58e524978b8 => generated 596 bytes in 28 msecs (HTTP/1.1 200) 4 headers in 157 bytes (1 switches on core 0)
Jul 22 03:43:18.288335 np0000186143 devstack@o-api.service[120314]: [pid: 120314|app: 0|req: 11/41] 172.18.0.2 () {54 vars in 1270 bytes} [Wed Jul 22 03:43:18 2026] GET /load-balancer/v2.0/lbaas/loadbalancers/c2227510-6222-4ea6-b037-a95b1a6a8ff7 => generated 981 bytes in 35 msecs (HTTP/1.1 200) 4 headers in 157 bytes (1 switches on core 0)
Jul 22 03:43:18.611061 np0000186143 devstack@o-api.service[120315]: [pid: 120315|app: 0|req: 11/42] 172.18.0.2 () {54 vars in 1088 bytes} [Wed Jul 22 03:43:18 2026] GET /load-balancer/ => generated 4776 bytes in 4 msecs (HTTP/1.1 200) 4 headers in 158 bytes (1 switches on core 0)
Jul 22 03:43:18.781387 np0000186143 devstack@o-api.service[120317]: [pid: 120317|app: 0|req: 11/43] 172.18.0.2 () {54 vars in 1266 bytes} [Wed Jul 22 03:43:18 2026] GET /load-balancer/v2.0/lbaas/pools?name=k8s-clusterapi-cluster-magnum-system-kube-7nsc1-kubeapi-6443 => generated 947 bytes in 161 msecs (HTTP/1.1 200) 4 headers in 157 bytes (1 switches on core 0)
Jul 22 03:43:18.822258 np0000186143 devstack@o-api.service[120316]: [pid: 120316|app: 0|req: 11/44] 172.18.0.2 () {54 vars in 1447 bytes} [Wed Jul 22 03:43:18 2026] GET /load-balancer/v2.0/lbaas/pools/86f4e3f9-99ba-4aca-a1a0-b27cecc7f756/members?name=k8s-clusterapi-cluster-magnum-system-kube-7nsc1-kubeapi-6443-kube-7nsc1-grvgp-9qjlm => generated 620 bytes in 39 msecs (HTTP/1.1 200) 4 headers in 157 bytes (1 switches on core 0)
Jul 22 03:43:19.101363 np0000186143 devstack@o-api.service[120314]: [pid: 120314|app: 0|req: 12/45] 172.18.0.2 () {54 vars in 1088 bytes} [Wed Jul 22 03:43:19 2026] GET /load-balancer/ => generated 4776 bytes in 4 msecs (HTTP/1.1 200) 4 headers in 158 bytes (1 switches on core 0)
Jul 22 03:43:19.152951 np0000186143 devstack@o-api.service[120315]: [pid: 120315|app: 0|req: 12/46] 172.18.0.2 () {54 vars in 1266 bytes} [Wed Jul 22 03:43:19 2026] GET /load-balancer/v2.0/lbaas/pools?name=k8s-clusterapi-cluster-magnum-system-kube-7nsc1-kubeapi-6443 => generated 947 bytes in 41 msecs (HTTP/1.1 200) 4 headers in 157 bytes (1 switches on core 0)
Jul 22 03:43:19.188964 np0000186143 devstack@o-api.service[120317]: [pid: 120317|app: 0|req: 12/47] 172.18.0.2 () {54 vars in 1447 bytes} [Wed Jul 22 03:43:19 2026] GET /load-balancer/v2.0/lbaas/pools/86f4e3f9-99ba-4aca-a1a0-b27cecc7f756/members?name=k8s-clusterapi-cluster-magnum-system-kube-7nsc1-kubeapi-6443-kube-7nsc1-grvgp-9qjlm => generated 620 bytes in 33 msecs (HTTP/1.1 200) 4 headers in 157 bytes (1 switches on core 0)
Jul 22 03:43:19.649005 np0000186143 devstack@o-api.service[120316]: [pid: 120316|app: 0|req: 12/48] 172.18.0.2 () {54 vars in 1088 bytes} [Wed Jul 22 03:43:19 2026] GET /load-balancer/ => generated 4776 bytes in 3 msecs (HTTP/1.1 200) 4 headers in 158 bytes (1 switches on core 0)
Jul 22 03:43:19.699774 np0000186143 devstack@o-api.service[120314]: [pid: 120314|app: 0|req: 13/49] 172.18.0.2 () {54 vars in 1266 bytes} [Wed Jul 22 03:43:19 2026] GET /load-balancer/v2.0/lbaas/pools?name=k8s-clusterapi-cluster-magnum-system-kube-7nsc1-kubeapi-6443 => generated 947 bytes in 38 msecs (HTTP/1.1 200) 4 headers in 157 bytes (1 switches on core 0)
Jul 22 03:43:19.741644 np0000186143 devstack@o-api.service[120315]: [pid: 120315|app: 0|req: 13/50] 172.18.0.2 () {54 vars in 1447 bytes} [Wed Jul 22 03:43:19 2026] GET /load-balancer/v2.0/lbaas/pools/86f4e3f9-99ba-4aca-a1a0-b27cecc7f756/members?name=k8s-clusterapi-cluster-magnum-system-kube-7nsc1-kubeapi-6443-kube-7nsc1-grvgp-9qjlm => generated 620 bytes in 39 msecs (HTTP/1.1 200) 4 headers in 157 bytes (1 switches on core 0)
Jul 22 03:43:19.968265 np0000186143 devstack@o-api.service[120317]: [pid: 120317|app: 0|req: 13/51] 172.18.0.2 () {54 vars in 1088 bytes} [Wed Jul 22 03:43:19 2026] GET /load-balancer/ => generated 4776 bytes in 4 msecs (HTTP/1.1 200) 4 headers in 158 bytes (1 switches on core 0)
Jul 22 03:43:20.031843 np0000186143 devstack@o-api.service[120316]: [pid: 120316|app: 0|req: 13/52] 172.18.0.2 () {54 vars in 1266 bytes} [Wed Jul 22 03:43:19 2026] GET /load-balancer/v2.0/lbaas/pools?name=k8s-clusterapi-cluster-magnum-system-kube-7nsc1-kubeapi-6443 => generated 947 bytes in 52 msecs (HTTP/1.1 200) 4 headers in 157 bytes (1 switches on core 0)
Jul 22 03:43:20.079754 np0000186143 devstack@o-api.service[120314]: [pid: 120314|app: 0|req: 14/53] 172.18.0.2 () {54 vars in 1447 bytes} [Wed Jul 22 03:43:20 2026] GET /load-balancer/v2.0/lbaas/pools/86f4e3f9-99ba-4aca-a1a0-b27cecc7f756/members?name=k8s-clusterapi-cluster-magnum-system-kube-7nsc1-kubeapi-6443-kube-7nsc1-grvgp-9qjlm => generated 620 bytes in 46 msecs (HTTP/1.1 200) 4 headers in 157 bytes (1 switches on core 0)
Jul 22 03:43:20.590238 np0000186143 devstack@o-api.service[120315]: [pid: 120315|app: 0|req: 14/54] 172.18.0.2 () {54 vars in 1088 bytes} [Wed Jul 22 03:43:20 2026] GET /load-balancer/ => generated 4776 bytes in 5 msecs (HTTP/1.1 200) 4 headers in 158 bytes (1 switches on core 0)
Jul 22 03:43:20.641015 np0000186143 devstack@o-api.service[120317]: [pid: 120317|app: 0|req: 14/55] 172.18.0.2 () {54 vars in 1266 bytes} [Wed Jul 22 03:43:20 2026] GET /load-balancer/v2.0/lbaas/pools?name=k8s-clusterapi-cluster-magnum-system-kube-7nsc1-kubeapi-6443 => generated 947 bytes in 39 msecs (HTTP/1.1 200) 4 headers in 157 bytes (1 switches on core 0)
Jul 22 03:43:20.676459 np0000186143 devstack@o-api.service[120316]: [pid: 120316|app: 0|req: 14/56] 172.18.0.2 () {54 vars in 1447 bytes} [Wed Jul 22 03:43:20 2026] GET /load-balancer/v2.0/lbaas/pools/86f4e3f9-99ba-4aca-a1a0-b27cecc7f756/members?name=k8s-clusterapi-cluster-magnum-system-kube-7nsc1-kubeapi-6443-kube-7nsc1-grvgp-9qjlm => generated 620 bytes in 32 msecs (HTTP/1.1 200) 4 headers in 157 bytes (1 switches on core 0)
Jul 22 03:44:33.871321 np0000186143 devstack@o-api.service[120314]: [pid: 120314|app: 0|req: 15/57] 172.18.0.2 () {54 vars in 1088 bytes} [Wed Jul 22 03:44:33 2026] GET /load-balancer/ => generated 4776 bytes in 6 msecs (HTTP/1.1 200) 4 headers in 158 bytes (1 switches on core 0)
Jul 22 03:44:33.918953 np0000186143 devstack@o-api.service[120315]: [pid: 120315|app: 0|req: 15/58] 172.18.0.2 () {54 vars in 1266 bytes} [Wed Jul 22 03:44:33 2026] GET /load-balancer/v2.0/lbaas/pools?name=k8s-clusterapi-cluster-magnum-system-kube-7nsc1-kubeapi-6443 => generated 946 bytes in 37 msecs (HTTP/1.1 200) 4 headers in 157 bytes (1 switches on core 0)
Jul 22 03:44:33.951005 np0000186143 devstack@o-api.service[120317]: [pid: 120317|app: 0|req: 15/59] 172.18.0.2 () {54 vars in 1447 bytes} [Wed Jul 22 03:44:33 2026] GET /load-balancer/v2.0/lbaas/pools/86f4e3f9-99ba-4aca-a1a0-b27cecc7f756/members?name=k8s-clusterapi-cluster-magnum-system-kube-7nsc1-kubeapi-6443-kube-7nsc1-grvgp-9qjlm => generated 619 bytes in 29 msecs (HTTP/1.1 200) 4 headers in 157 bytes (1 switches on core 0)
Jul 22 03:45:14.139397 np0000186143 devstack@o-api.service[120316]: [pid: 120316|app: 0|req: 15/60] 172.18.0.2 () {54 vars in 1088 bytes} [Wed Jul 22 03:45:14 2026] GET /load-balancer/ => generated 4776 bytes in 4 msecs (HTTP/1.1 200) 4 headers in 158 bytes (1 switches on core 0)
Jul 22 03:45:14.186088 np0000186143 devstack@o-api.service[120314]: [pid: 120314|app: 0|req: 16/61] 172.18.0.2 () {54 vars in 1266 bytes} [Wed Jul 22 03:45:14 2026] GET /load-balancer/v2.0/lbaas/pools?name=k8s-clusterapi-cluster-magnum-system-kube-7nsc1-kubeapi-6443 => generated 947 bytes in 35 msecs (HTTP/1.1 200) 4 headers in 157 bytes (1 switches on core 0)
Jul 22 03:45:14.223739 np0000186143 devstack@o-api.service[120315]: [pid: 120315|app: 0|req: 16/62] 172.18.0.2 () {54 vars in 1447 bytes} [Wed Jul 22 03:45:14 2026] GET /load-balancer/v2.0/lbaas/pools/86f4e3f9-99ba-4aca-a1a0-b27cecc7f756/members?name=k8s-clusterapi-cluster-magnum-system-kube-7nsc1-kubeapi-6443-kube-7nsc1-grvgp-9qjlm => generated 620 bytes in 35 msecs (HTTP/1.1 200) 4 headers in 157 bytes (1 switches on core 0)
Jul 22 03:45:14.494390 np0000186143 devstack@o-api.service[120317]: [pid: 120317|app: 0|req: 16/63] 172.18.0.2 () {54 vars in 1088 bytes} [Wed Jul 22 03:45:14 2026] GET /load-balancer/ => generated 4776 bytes in 5 msecs (HTTP/1.1 200) 4 headers in 158 bytes (1 switches on core 0)
Jul 22 03:45:14.542796 np0000186143 devstack@o-api.service[120316]: [pid: 120316|app: 0|req: 16/64] 172.18.0.2 () {54 vars in 1266 bytes} [Wed Jul 22 03:45:14 2026] GET /load-balancer/v2.0/lbaas/pools?name=k8s-clusterapi-cluster-magnum-system-kube-7nsc1-kubeapi-6443 => generated 947 bytes in 36 msecs (HTTP/1.1 200) 4 headers in 157 bytes (1 switches on core 0)
Jul 22 03:45:14.581165 np0000186143 devstack@o-api.service[120314]: [pid: 120314|app: 0|req: 17/65] 172.18.0.2 () {54 vars in 1447 bytes} [Wed Jul 22 03:45:14 2026] GET /load-balancer/v2.0/lbaas/pools/86f4e3f9-99ba-4aca-a1a0-b27cecc7f756/members?name=k8s-clusterapi-cluster-magnum-system-kube-7nsc1-kubeapi-6443-kube-7nsc1-grvgp-9qjlm => generated 620 bytes in 35 msecs (HTTP/1.1 200) 4 headers in 157 bytes (1 switches on core 0)
Jul 22 03:45:15.082752 np0000186143 devstack@o-api.service[120315]: [pid: 120315|app: 0|req: 17/66] 172.18.0.2 () {54 vars in 1088 bytes} [Wed Jul 22 03:45:15 2026] GET /load-balancer/ => generated 4776 bytes in 3 msecs (HTTP/1.1 200) 4 headers in 158 bytes (1 switches on core 0)
Jul 22 03:45:15.133177 np0000186143 devstack@o-api.service[120317]: [pid: 120317|app: 0|req: 17/67] 172.18.0.2 () {54 vars in 1266 bytes} [Wed Jul 22 03:45:15 2026] GET /load-balancer/v2.0/lbaas/pools?name=k8s-clusterapi-cluster-magnum-system-kube-7nsc1-kubeapi-6443 => generated 947 bytes in 41 msecs (HTTP/1.1 200) 4 headers in 157 bytes (1 switches on core 0)
Jul 22 03:45:15.159951 np0000186143 devstack@o-api.service[120316]: [pid: 120316|app: 0|req: 17/68] 172.18.0.2 () {54 vars in 1447 bytes} [Wed Jul 22 03:45:15 2026] GET /load-balancer/v2.0/lbaas/pools/86f4e3f9-99ba-4aca-a1a0-b27cecc7f756/members?name=k8s-clusterapi-cluster-magnum-system-kube-7nsc1-kubeapi-6443-kube-7nsc1-grvgp-9qjlm => generated 620 bytes in 25 msecs (HTTP/1.1 200) 4 headers in 157 bytes (1 switches on core 0)
Jul 22 03:45:15.420967 np0000186143 devstack@o-api.service[120314]: [pid: 120314|app: 0|req: 18/69] 172.18.0.2 () {54 vars in 1088 bytes} [Wed Jul 22 03:45:15 2026] GET /load-balancer/ => generated 4776 bytes in 6 msecs (HTTP/1.1 200) 4 headers in 158 bytes (1 switches on core 0)
Jul 22 03:45:15.472114 np0000186143 devstack@o-api.service[120315]: [pid: 120315|app: 0|req: 18/70] 172.18.0.2 () {54 vars in 1266 bytes} [Wed Jul 22 03:45:15 2026] GET /load-balancer/v2.0/lbaas/pools?name=k8s-clusterapi-cluster-magnum-system-kube-7nsc1-kubeapi-6443 => generated 947 bytes in 38 msecs (HTTP/1.1 200) 4 headers in 157 bytes (1 switches on core 0)
Jul 22 03:45:15.501692 np0000186143 devstack@o-api.service[120317]: [pid: 120317|app: 0|req: 18/71] 172.18.0.2 () {54 vars in 1447 bytes} [Wed Jul 22 03:45:15 2026] GET /load-balancer/v2.0/lbaas/pools/86f4e3f9-99ba-4aca-a1a0-b27cecc7f756/members?name=k8s-clusterapi-cluster-magnum-system-kube-7nsc1-kubeapi-6443-kube-7nsc1-grvgp-9qjlm => generated 620 bytes in 28 msecs (HTTP/1.1 200) 4 headers in 157 bytes (1 switches on core 0)
Jul 22 03:45:16.193228 np0000186143 devstack@o-api.service[120316]: [pid: 120316|app: 0|req: 18/72] 172.18.0.2 () {54 vars in 1088 bytes} [Wed Jul 22 03:45:16 2026] GET /load-balancer/ => generated 4776 bytes in 6 msecs (HTTP/1.1 200) 4 headers in 158 bytes (1 switches on core 0)
Jul 22 03:45:16.247273 np0000186143 devstack@o-api.service[120314]: [pid: 120314|app: 0|req: 19/73] 172.18.0.2 () {54 vars in 1266 bytes} [Wed Jul 22 03:45:16 2026] GET /load-balancer/v2.0/lbaas/pools?name=k8s-clusterapi-cluster-magnum-system-kube-7nsc1-kubeapi-6443 => generated 947 bytes in 41 msecs (HTTP/1.1 200) 4 headers in 157 bytes (1 switches on core 0)
Jul 22 03:45:16.292152 np0000186143 devstack@o-api.service[120315]: [pid: 120315|app: 0|req: 19/74] 172.18.0.2 () {54 vars in 1447 bytes} [Wed Jul 22 03:45:16 2026] GET /load-balancer/v2.0/lbaas/pools/86f4e3f9-99ba-4aca-a1a0-b27cecc7f756/members?name=k8s-clusterapi-cluster-magnum-system-kube-7nsc1-kubeapi-6443-kube-7nsc1-grvgp-9qjlm => generated 620 bytes in 37 msecs (HTTP/1.1 200) 4 headers in 157 bytes (1 switches on core 0)
Jul 22 03:46:16.054431 np0000186143 devstack@o-api.service[120317]: [pid: 120317|app: 0|req: 19/75] 172.24.5.197 () {54 vars in 1093 bytes} [Wed Jul 22 03:46:15 2026] GET /load-balancer/ => generated 4776 bytes in 170 msecs (HTTP/1.1 200) 4 headers in 158 bytes (1 switches on core 0)
Jul 22 03:46:18.733857 np0000186143 devstack@o-api.service[120316]: [pid: 120316|app: 0|req: 19/76] 172.18.0.2 () {54 vars in 1088 bytes} [Wed Jul 22 03:46:18 2026] GET /load-balancer/ => generated 4776 bytes in 4 msecs (HTTP/1.1 200) 4 headers in 158 bytes (1 switches on core 0)
Jul 22 03:46:18.808467 np0000186143 devstack@o-api.service[120314]: [pid: 120314|app: 0|req: 20/77] 172.18.0.2 () {54 vars in 1266 bytes} [Wed Jul 22 03:46:18 2026] GET /load-balancer/v2.0/lbaas/pools?name=k8s-clusterapi-cluster-magnum-system-kube-7nsc1-kubeapi-6443 => generated 947 bytes in 64 msecs (HTTP/1.1 200) 4 headers in 157 bytes (1 switches on core 0)
Jul 22 03:46:18.849682 np0000186143 devstack@o-api.service[120315]: [pid: 120315|app: 0|req: 20/78] 172.18.0.2 () {54 vars in 1447 bytes} [Wed Jul 22 03:46:18 2026] GET /load-balancer/v2.0/lbaas/pools/86f4e3f9-99ba-4aca-a1a0-b27cecc7f756/members?name=k8s-clusterapi-cluster-magnum-system-kube-7nsc1-kubeapi-6443-kube-7nsc1-grvgp-9qjlm => generated 620 bytes in 39 msecs (HTTP/1.1 200) 4 headers in 157 bytes (1 switches on core 0)
Jul 22 03:46:19.171111 np0000186143 devstack@o-api.service[120317]: [pid: 120317|app: 0|req: 20/79] 172.18.0.2 () {54 vars in 1088 bytes} [Wed Jul 22 03:46:19 2026] GET /load-balancer/ => generated 4776 bytes in 4 msecs (HTTP/1.1 200) 4 headers in 158 bytes (1 switches on core 0)
Jul 22 03:46:19.230007 np0000186143 devstack@o-api.service[120316]: [pid: 120316|app: 0|req: 20/80] 172.18.0.2 () {54 vars in 1266 bytes} [Wed Jul 22 03:46:19 2026] GET /load-balancer/v2.0/lbaas/pools?name=k8s-clusterapi-cluster-magnum-system-kube-7nsc1-kubeapi-6443 => generated 947 bytes in 42 msecs (HTTP/1.1 200) 4 headers in 157 bytes (1 switches on core 0)
Jul 22 03:46:19.267851 np0000186143 devstack@o-api.service[120314]: [pid: 120314|app: 0|req: 21/81] 172.18.0.2 () {54 vars in 1447 bytes} [Wed Jul 22 03:46:19 2026] GET /load-balancer/v2.0/lbaas/pools/86f4e3f9-99ba-4aca-a1a0-b27cecc7f756/members?name=k8s-clusterapi-cluster-magnum-system-kube-7nsc1-kubeapi-6443-kube-7nsc1-grvgp-9qjlm => generated 620 bytes in 33 msecs (HTTP/1.1 200) 4 headers in 157 bytes (1 switches on core 0)
Jul 22 03:46:19.760403 np0000186143 devstack@o-api.service[120315]: [pid: 120315|app: 0|req: 21/82] 172.18.0.2 () {54 vars in 1088 bytes} [Wed Jul 22 03:46:19 2026] GET /load-balancer/ => generated 4776 bytes in 7 msecs (HTTP/1.1 200) 4 headers in 158 bytes (1 switches on core 0)
Jul 22 03:46:19.823877 np0000186143 devstack@o-api.service[120317]: [pid: 120317|app: 0|req: 21/83] 172.18.0.2 () {54 vars in 1266 bytes} [Wed Jul 22 03:46:19 2026] GET /load-balancer/v2.0/lbaas/pools?name=k8s-clusterapi-cluster-magnum-system-kube-7nsc1-kubeapi-6443 => generated 947 bytes in 50 msecs (HTTP/1.1 200) 4 headers in 157 bytes (1 switches on core 0)
Jul 22 03:46:19.857770 np0000186143 devstack@o-api.service[120316]: [pid: 120316|app: 0|req: 21/84] 172.18.0.2 () {54 vars in 1447 bytes} [Wed Jul 22 03:46:19 2026] GET /load-balancer/v2.0/lbaas/pools/86f4e3f9-99ba-4aca-a1a0-b27cecc7f756/members?name=k8s-clusterapi-cluster-magnum-system-kube-7nsc1-kubeapi-6443-kube-7nsc1-grvgp-9qjlm => generated 620 bytes in 32 msecs (HTTP/1.1 200) 4 headers in 157 bytes (1 switches on core 0)
Jul 22 03:46:20.155650 np0000186143 devstack@o-api.service[120314]: [pid: 120314|app: 0|req: 22/85] 172.18.0.2 () {54 vars in 1088 bytes} [Wed Jul 22 03:46:20 2026] GET /load-balancer/ => generated 4776 bytes in 4 msecs (HTTP/1.1 200) 4 headers in 158 bytes (1 switches on core 0)
Jul 22 03:46:20.204389 np0000186143 devstack@o-api.service[120315]: [pid: 120315|app: 0|req: 22/86] 172.18.0.2 () {54 vars in 1266 bytes} [Wed Jul 22 03:46:20 2026] GET /load-balancer/v2.0/lbaas/pools?name=k8s-clusterapi-cluster-magnum-system-kube-7nsc1-kubeapi-6443 => generated 947 bytes in 37 msecs (HTTP/1.1 200) 4 headers in 157 bytes (1 switches on core 0)
Jul 22 03:46:20.247997 np0000186143 devstack@o-api.service[120317]: [pid: 120317|app: 0|req: 22/87] 172.18.0.2 () {54 vars in 1447 bytes} [Wed Jul 22 03:46:20 2026] GET /load-balancer/v2.0/lbaas/pools/86f4e3f9-99ba-4aca-a1a0-b27cecc7f756/members?name=k8s-clusterapi-cluster-magnum-system-kube-7nsc1-kubeapi-6443-kube-7nsc1-grvgp-9qjlm => generated 620 bytes in 41 msecs (HTTP/1.1 200) 4 headers in 157 bytes (1 switches on core 0)
Jul 22 03:46:33.657321 np0000186143 devstack@o-api.service[120316]: [pid: 120316|app: 0|req: 22/88] 172.18.0.2 () {54 vars in 1088 bytes} [Wed Jul 22 03:46:33 2026] GET /load-balancer/ => generated 4776 bytes in 3 msecs (HTTP/1.1 200) 4 headers in 158 bytes (1 switches on core 0)
Jul 22 03:46:33.701736 np0000186143 devstack@o-api.service[120314]: [pid: 120314|app: 0|req: 23/89] 172.18.0.2 () {54 vars in 1266 bytes} [Wed Jul 22 03:46:33 2026] GET /load-balancer/v2.0/lbaas/pools?name=k8s-clusterapi-cluster-magnum-system-kube-7nsc1-kubeapi-6443 => generated 947 bytes in 34 msecs (HTTP/1.1 200) 4 headers in 157 bytes (1 switches on core 0)
Jul 22 03:46:33.731849 np0000186143 devstack@o-api.service[120315]: [pid: 120315|app: 0|req: 23/90] 172.18.0.2 () {54 vars in 1447 bytes} [Wed Jul 22 03:46:33 2026] GET /load-balancer/v2.0/lbaas/pools/86f4e3f9-99ba-4aca-a1a0-b27cecc7f756/members?name=k8s-clusterapi-cluster-magnum-system-kube-7nsc1-kubeapi-6443-kube-7nsc1-grvgp-9qjlm => generated 620 bytes in 28 msecs (HTTP/1.1 200) 4 headers in 157 bytes (1 switches on core 0)
Jul 22 03:50:21.897931 np0000186143 devstack@o-api.service[120317]: [pid: 120317|app: 0|req: 23/91] 172.18.0.2 () {54 vars in 1088 bytes} [Wed Jul 22 03:50:21 2026] GET /load-balancer/ => generated 4776 bytes in 4 msecs (HTTP/1.1 200) 4 headers in 158 bytes (1 switches on core 0)
Jul 22 03:50:21.979145 np0000186143 devstack@o-api.service[120316]: [pid: 120316|app: 0|req: 23/92] 172.18.0.2 () {54 vars in 1280 bytes} [Wed Jul 22 03:50:21 2026] GET /load-balancer/v2.0/lbaas/loadbalancers?name=k8s-clusterapi-cluster-magnum-system-kube-7nsc1-kubeapi => generated 1011 bytes in 32 msecs (HTTP/1.1 200) 4 headers in 158 bytes (1 switches on core 0)
Jul 22 03:50:22.071078 np0000186143 devstack@o-api.service[120314]: [pid: 120314|app: 0|req: 24/93] 172.18.0.2 () {54 vars in 1088 bytes} [Wed Jul 22 03:50:22 2026] GET /load-balancer/ => generated 4776 bytes in 6 msecs (HTTP/1.1 200) 4 headers in 158 bytes (1 switches on core 0)
Jul 22 03:50:22.100861 np0000186143 devstack@o-api.service[120315]: [pid: 120315|app: 0|req: 24/94] 172.18.0.2 () {54 vars in 1278 bytes} [Wed Jul 22 03:50:22 2026] GET /load-balancer/v2.0/lbaas/listeners?name=k8s-clusterapi-cluster-magnum-system-kube-7nsc1-kubeapi-6443 => generated 1133 bytes in 27 msecs (HTTP/1.1 200) 4 headers in 158 bytes (1 switches on core 0)
Jul 22 03:50:22.140120 np0000186143 devstack@o-api.service[120317]: [pid: 120317|app: 0|req: 24/95] 172.18.0.2 () {54 vars in 1266 bytes} [Wed Jul 22 03:50:22 2026] GET /load-balancer/v2.0/lbaas/pools?name=k8s-clusterapi-cluster-magnum-system-kube-7nsc1-kubeapi-6443 => generated 947 bytes in 36 msecs (HTTP/1.1 200) 4 headers in 157 bytes (1 switches on core 0)
Jul 22 03:50:22.161555 np0000186143 devstack@o-api.service[120316]: [pid: 120316|app: 0|req: 24/96] 172.18.0.2 () {54 vars in 1293 bytes} [Wed Jul 22 03:50:22 2026] GET /load-balancer/v2.0/lbaas/healthmonitors?name=k8s-clusterapi-cluster-magnum-system-kube-7nsc1-kubeapi-6443 => generated 688 bytes in 19 msecs (HTTP/1.1 200) 4 headers in 157 bytes (1 switches on core 0)
Jul 22 03:52:27.735098 np0000186143 devstack@o-api.service[120314]: [pid: 120314|app: 0|req: 25/97] 172.18.0.2 () {54 vars in 1088 bytes} [Wed Jul 22 03:52:27 2026] GET /load-balancer/ => generated 4776 bytes in 6 msecs (HTTP/1.1 200) 4 headers in 158 bytes (1 switches on core 0)
Jul 22 03:52:27.777979 np0000186143 devstack@o-api.service[120315]: [pid: 120315|app: 0|req: 25/98] 172.18.0.2 () {54 vars in 1266 bytes} [Wed Jul 22 03:52:27 2026] GET /load-balancer/v2.0/lbaas/pools?name=k8s-clusterapi-cluster-magnum-system-kube-7nsc1-kubeapi-6443 => generated 947 bytes in 32 msecs (HTTP/1.1 200) 4 headers in 157 bytes (1 switches on core 0)
