May 09 08:59:43.632635 np0000173030 devstack@neutron-api.service[103945]: DEBUG neutron.api.extensions [None req-8b044fb7-18ae-4bf9-b8b9-02036336492e None None] Ext name="Agent's Resource View Synced to Placement" alias="agent-resources-synced" description="Stores success/failure of last sync to Placement" updated="2018-12-19T00:00:00-00:00" {{(pid=103945) _check_extension /opt/stack/neutron/neutron/api/extensions.py:415}}
May 09 08:59:43.632660 np0000173030 devstack@neutron-api.service[103944]: DEBUG neutron_lib.callbacks.manager [None req-82ce55f4-49d7-4389-bf26-c15871de716a None None] Subscribe: > network after_delete 55550000, False {{(pid=103944) subscribe /opt/stack/data/venv/lib/python3.12/site-packages/neutron_lib/callbacks/manager.py:52}}
May 09 08:59:43.632747 np0000173030 devstack@neutron-api.service[103945]: INFO neutron.api.extensions [None req-8b044fb7-18ae-4bf9-b8b9-02036336492e None None] Extension agent-resources-synced not supported by any of loaded plugins
May 09 08:59:43.632803 np0000173030 devstack@neutron-api.service[103944]: DEBUG neutron_lib.callbacks.manager [None req-82ce55f4-49d7-4389-bf26-c15871de716a None None] Subscribe: > security_group after_create 55550000, False {{(pid=103944) subscribe /opt/stack/data/venv/lib/python3.12/site-packages/neutron_lib/callbacks/manager.py:52}}
May 09 08:59:43.632852 np0000173030 devstack@neutron-api.service[103942]: DEBUG neutron.manager [None req-c8063c77-a4cb-4ac8-8446-f21d89d9f9d0 None None] Successfully loaded timestamp plugin. Description: Adds timestamps to Neutron resources with standard attributes {{(pid=103942) _create_and_add_service_plugin /opt/stack/neutron/neutron/manager.py:239}}
May 09 08:59:43.632905 np0000173030 devstack@neutron-api.service[103945]: DEBUG neutron.api.extensions [None req-8b044fb7-18ae-4bf9-b8b9-02036336492e None None] Loading extension file: agent_sort_key.py {{(pid=103945) _load_all_extensions_from_path /opt/stack/neutron/neutron/api/extensions.py:449}}
May 09 08:59:43.632952 np0000173030 devstack@neutron-api.service[103944]: DEBUG neutron_lib.callbacks.manager [None req-82ce55f4-49d7-4389-bf26-c15871de716a None None] Subscribe: > security_group after_update 55550000, False {{(pid=103944) subscribe /opt/stack/data/venv/lib/python3.12/site-packages/neutron_lib/callbacks/manager.py:52}}
May 09 08:59:43.633002 np0000173030 devstack@neutron-api.service[103942]: INFO neutron.manager [None req-c8063c77-a4cb-4ac8-8446-f21d89d9f9d0 None None] Loading Plugin: network_ip_availability
May 09 08:59:43.633055 np0000173030 devstack@neutron-api.service[103944]: DEBUG neutron_lib.callbacks.manager [None req-82ce55f4-49d7-4389-bf26-c15871de716a None None] Subscribe: > security_group after_delete 55550000, False {{(pid=103944) subscribe /opt/stack/data/venv/lib/python3.12/site-packages/neutron_lib/callbacks/manager.py:52}}
May 09 08:59:43.633055 np0000173030 devstack@neutron-api.service[103944]: DEBUG neutron_lib.callbacks.manager [None req-82ce55f4-49d7-4389-bf26-c15871de716a None None] Subscribe: > security_group_rule after_create 55550000, False {{(pid=103944) subscribe /opt/stack/data/venv/lib/python3.12/site-packages/neutron_lib/callbacks/manager.py:52}}
May 09 08:59:43.633108 np0000173030 devstack@neutron-api.service[103945]: DEBUG neutron.api.extensions [None req-8b044fb7-18ae-4bf9-b8b9-02036336492e None None] Ext name="Agents Sort Key" alias="agent_sort_key" description="Enabling the keyword sort_key for sorting in agents." updated="2013-02-03T10:00:00-00:00" {{(pid=103945) _check_extension /opt/stack/neutron/neutron/api/extensions.py:415}}
May 09 08:59:43.633134 np0000173030 devstack@neutron-api.service[103944]: DEBUG neutron_lib.callbacks.manager [None req-82ce55f4-49d7-4389-bf26-c15871de716a None None] Subscribe: > security_group_rule after_update 55550000, False {{(pid=103944) subscribe /opt/stack/data/venv/lib/python3.12/site-packages/neutron_lib/callbacks/manager.py:52}}
May 09 08:59:43.633272 np0000173030 devstack@neutron-api.service[103944]: DEBUG neutron_lib.callbacks.manager [None req-82ce55f4-49d7-4389-bf26-c15871de716a None None] Subscribe: > security_group_rule after_delete 55550000, False {{(pid=103944) subscribe /opt/stack/data/venv/lib/python3.12/site-packages/neutron_lib/callbacks/manager.py:52}}
May 09 08:59:43.633374 np0000173030 devstack@neutron-api.service[103945]: INFO neutron.api.extensions [None req-8b044fb7-18ae-4bf9-b8b9-02036336492e None None] Extension agent_sort_key not supported by any of loaded plugins
May 09 08:59:43.633429 np0000173030 devstack@neutron-api.service[103944]: DEBUG neutron_lib.callbacks.manager [None req-82ce55f4-49d7-4389-bf26-c15871de716a None None] Subscribe: > address_group after_create 55550000, False {{(pid=103944) subscribe /opt/stack/data/venv/lib/python3.12/site-packages/neutron_lib/callbacks/manager.py:52}}
May 09 08:59:43.633478 np0000173030 devstack@neutron-api.service[103945]: DEBUG neutron.api.extensions [None req-8b044fb7-18ae-4bf9-b8b9-02036336492e None None] Loading extension file: allowedaddresspairs.py {{(pid=103945) _load_all_extensions_from_path /opt/stack/neutron/neutron/api/extensions.py:449}}
May 09 08:59:43.633525 np0000173030 devstack@neutron-api.service[103944]: DEBUG neutron_lib.callbacks.manager [None req-82ce55f4-49d7-4389-bf26-c15871de716a None None] Subscribe: > address_group after_update 55550000, False {{(pid=103944) subscribe /opt/stack/data/venv/lib/python3.12/site-packages/neutron_lib/callbacks/manager.py:52}}
May 09 08:59:43.633525 np0000173030 devstack@neutron-api.service[103944]: DEBUG neutron_lib.callbacks.manager [None req-82ce55f4-49d7-4389-bf26-c15871de716a None None] Subscribe: > address_group after_delete 55550000, False {{(pid=103944) subscribe /opt/stack/data/venv/lib/python3.12/site-packages/neutron_lib/callbacks/manager.py:52}}
May 09 08:59:43.633606 np0000173030 devstack@neutron-api.service[103944]: DEBUG neutron.plugins.ml2.ovo_rpc [None req-82ce55f4-49d7-4389-bf26-c15871de716a None None] ML2 OVO RPC backend initialized. {{(pid=103944) __init__ /opt/stack/neutron/neutron/plugins/ml2/ovo_rpc.py:117}}
May 09 08:59:43.634070 np0000173030 devstack@neutron-api.service[103945]: DEBUG neutron.api.extensions [None req-8b044fb7-18ae-4bf9-b8b9-02036336492e None None] Ext name="Allowed Address Pairs" alias="allowed-address-pairs" description="Provides allowed address pairs" updated="2013-07-23T10:00:00-00:00" {{(pid=103945) _check_extension /opt/stack/neutron/neutron/api/extensions.py:415}}
May 09 08:59:43.634329 np0000173030 devstack@neutron-api.service[103945]: INFO neutron.api.extensions [None req-8b044fb7-18ae-4bf9-b8b9-02036336492e None None] Loaded extension: allowed-address-pairs
May 09 08:59:43.634408 np0000173030 devstack@neutron-api.service[103944]: INFO neutron.quota [None req-82ce55f4-49d7-4389-bf26-c15871de716a None None] Loaded quota_driver: .
May 09 08:59:43.634471 np0000173030 devstack@neutron-api.service[103942]: DEBUG neutron.manager [None req-c8063c77-a4cb-4ac8-8446-f21d89d9f9d0 None None] Successfully loaded network-ip-availability plugin. Description: Provides IP availability data for each network and subnet. {{(pid=103942) _create_and_add_service_plugin /opt/stack/neutron/neutron/manager.py:239}}
May 09 08:59:43.634535 np0000173030 devstack@neutron-api.service[103945]: DEBUG neutron.api.extensions [None req-8b044fb7-18ae-4bf9-b8b9-02036336492e None None] Loading extension file: auto_allocated_topology.py {{(pid=103945) _load_all_extensions_from_path /opt/stack/neutron/neutron/api/extensions.py:449}}
May 09 08:59:43.634560 np0000173030 devstack@neutron-api.service[103944]: INFO neutron.plugins.ml2.plugin [None req-82ce55f4-49d7-4389-bf26-c15871de716a None None] Modular L2 Plugin initialization complete
May 09 08:59:43.634607 np0000173030 devstack@neutron-api.service[103942]: INFO neutron.manager [None req-c8063c77-a4cb-4ac8-8446-f21d89d9f9d0 None None] Loading Plugin: flavors
May 09 08:59:43.634631 np0000173030 devstack@neutron-api.service[103944]: DEBUG neutron.manager [None req-82ce55f4-49d7-4389-bf26-c15871de716a None None] Loading services supported by the core plugin {{(pid=103944) _load_services_from_core_plugin /opt/stack/neutron/neutron/manager.py:170}}
May 09 08:59:43.634654 np0000173030 devstack@neutron-api.service[103945]: DEBUG neutron.api.extensions [None req-8b044fb7-18ae-4bf9-b8b9-02036336492e None None] Ext name="Auto Allocated Topology Services" alias="auto-allocated-topology" description="Auto Allocated Topology Services." updated="2016-01-01T00:00:00-00:00" {{(pid=103945) _check_extension /opt/stack/neutron/neutron/api/extensions.py:415}}
May 09 08:59:43.634683 np0000173030 devstack@neutron-api.service[103944]: INFO neutron.plugins.ml2.managers [None req-82ce55f4-49d7-4389-bf26-c15871de716a None None] Got port-security extension from driver 'port_security'
May 09 08:59:43.634859 np0000173030 devstack@neutron-api.service[103945]: INFO neutron.api.extensions [None req-8b044fb7-18ae-4bf9-b8b9-02036336492e None None] Loaded extension: auto-allocated-topology
May 09 08:59:43.634930 np0000173030 devstack@neutron-api.service[103945]: DEBUG neutron.api.extensions [None req-8b044fb7-18ae-4bf9-b8b9-02036336492e None None] Loading extension file: availability_zone.py {{(pid=103945) _load_all_extensions_from_path /opt/stack/neutron/neutron/api/extensions.py:449}}
May 09 08:59:43.634978 np0000173030 devstack@neutron-api.service[103944]: DEBUG neutron.manager [None req-82ce55f4-49d7-4389-bf26-c15871de716a None None] Loading service plugins: ['ovn-router', 'auto_allocate', 'tag', 'timestamp', 'network_ip_availability', 'flavors', 'revisions'] {{(pid=103944) _load_service_plugins /opt/stack/neutron/neutron/manager.py:195}}
May 09 08:59:43.635029 np0000173030 devstack@neutron-api.service[103944]: INFO neutron.manager [None req-82ce55f4-49d7-4389-bf26-c15871de716a None None] Loading Plugin: ovn-router
May 09 08:59:43.635245 np0000173030 devstack@neutron-api.service[103945]: DEBUG neutron.api.extensions [None req-8b044fb7-18ae-4bf9-b8b9-02036336492e None None] Ext name="Availability Zone" alias="availability_zone" description="The availability zone extension." updated="2015-01-01T10:00:00-00:00" {{(pid=103945) _check_extension /opt/stack/neutron/neutron/api/extensions.py:415}}
May 09 08:59:43.635396 np0000173030 devstack@neutron-api.service[103945]: INFO neutron.api.extensions [None req-8b044fb7-18ae-4bf9-b8b9-02036336492e None None] Loaded extension: availability_zone
May 09 08:59:43.635435 np0000173030 devstack@neutron-api.service[103942]: DEBUG neutron.manager [None req-c8063c77-a4cb-4ac8-8446-f21d89d9f9d0 None None] Successfully loaded FLAVORS plugin. Description: Neutron Flavors and Service Profiles manager plugin {{(pid=103942) _create_and_add_service_plugin /opt/stack/neutron/neutron/manager.py:239}}
May 09 08:59:43.635487 np0000173030 devstack@neutron-api.service[103945]: DEBUG neutron.api.extensions [None req-8b044fb7-18ae-4bf9-b8b9-02036336492e None None] Loading extension file: availability_zone_filter.py {{(pid=103945) _load_all_extensions_from_path /opt/stack/neutron/neutron/api/extensions.py:449}}
May 09 08:59:43.635565 np0000173030 devstack@neutron-api.service[103942]: INFO neutron.manager [None req-c8063c77-a4cb-4ac8-8446-f21d89d9f9d0 None None] Loading Plugin: revisions
May 09 08:59:43.635725 np0000173030 devstack@neutron-api.service[103945]: DEBUG neutron.api.extensions [None req-8b044fb7-18ae-4bf9-b8b9-02036336492e None None] Ext name="Availability Zone Filter Extension" alias="availability_zone_filter" description="Add filter parameters to AvailabilityZone resource" updated="2018-06-22T10:00:00-00:00" {{(pid=103945) _check_extension /opt/stack/neutron/neutron/api/extensions.py:415}}
May 09 08:59:43.635932 np0000173030 devstack@neutron-api.service[103945]: INFO neutron.api.extensions [None req-8b044fb7-18ae-4bf9-b8b9-02036336492e None None] Extension availability_zone_filter not supported by any of loaded plugins
May 09 08:59:43.636025 np0000173030 devstack@neutron-api.service[103945]: DEBUG neutron.api.extensions [None req-8b044fb7-18ae-4bf9-b8b9-02036336492e None None] Loading extension file: data_plane_status.py {{(pid=103945) _load_all_extensions_from_path /opt/stack/neutron/neutron/api/extensions.py:449}}
May 09 08:59:43.636275 np0000173030 devstack@neutron-api.service[103945]: DEBUG neutron.api.extensions [None req-8b044fb7-18ae-4bf9-b8b9-02036336492e None None] Ext name="Port data plane status extension" alias="data-plane-status" description="Expose status of underlying data plane" updated="2017-01-24T10:00:00-00:00" {{(pid=103945) _check_extension /opt/stack/neutron/neutron/api/extensions.py:415}}
May 09 08:59:43.636445 np0000173030 devstack@neutron-api.service[103945]: INFO neutron.api.extensions [None req-8b044fb7-18ae-4bf9-b8b9-02036336492e None None] Extension data-plane-status not supported by any of loaded plugins
May 09 08:59:43.636542 np0000173030 devstack@neutron-api.service[103942]: DEBUG neutron.manager [None req-c8063c77-a4cb-4ac8-8446-f21d89d9f9d0 None None] Successfully loaded revision_plugin plugin. Description: Adds revision numbers to resources. {{(pid=103942) _create_and_add_service_plugin /opt/stack/neutron/neutron/manager.py:239}}
May 09 08:59:43.636593 np0000173030 devstack@neutron-api.service[103945]: DEBUG neutron.api.extensions [None req-8b044fb7-18ae-4bf9-b8b9-02036336492e None None] Loading extension file: default_subnetpools.py {{(pid=103945) _load_all_extensions_from_path /opt/stack/neutron/neutron/api/extensions.py:449}}
May 09 08:59:43.636679 np0000173030 devstack@neutron-api.service[103942]: DEBUG oslo_concurrency.lockutils [None req-c8063c77-a4cb-4ac8-8446-f21d89d9f9d0 None None] Lock "manager" "released" by "neutron.manager.NeutronManager._create_instance" :: held 4.654s {{(pid=103942) inner /opt/stack/data/venv/lib/python3.12/site-packages/oslo_concurrency/lockutils.py:538}}
May 09 08:59:43.636767 np0000173030 devstack@neutron-api.service[103945]: DEBUG neutron.api.extensions [None req-8b044fb7-18ae-4bf9-b8b9-02036336492e None None] Ext name="Default Subnetpools" alias="default-subnetpools" description="Provides ability to mark and use a subnetpool as the default." updated="2016-02-18T18:00:00-00:00" {{(pid=103945) _check_extension /opt/stack/neutron/neutron/api/extensions.py:415}}
May 09 08:59:43.636849 np0000173030 devstack@neutron-api.service[103942]: DEBUG neutron.api.extensions [None req-c8063c77-a4cb-4ac8-8446-f21d89d9f9d0 None None] get_extension_paths = OrderedDict({'/opt/stack/neutron/neutron/extensions': 1}) {{(pid=103942) get_extensions_path /opt/stack/neutron/neutron/api/extensions.py:640}}
May 09 08:59:43.636944 np0000173030 devstack@neutron-api.service[103945]: INFO neutron.api.extensions [None req-8b044fb7-18ae-4bf9-b8b9-02036336492e None None] Loaded extension: default-subnetpools
May 09 08:59:43.636994 np0000173030 devstack@neutron-api.service[103942]: INFO neutron.api.extensions [None req-c8063c77-a4cb-4ac8-8446-f21d89d9f9d0 None None] Initializing extension manager.
May 09 08:59:43.637045 np0000173030 devstack@neutron-api.service[103945]: DEBUG neutron.api.extensions [None req-8b044fb7-18ae-4bf9-b8b9-02036336492e None None] Loading extension file: dhcpagentscheduler.py {{(pid=103945) _load_all_extensions_from_path /opt/stack/neutron/neutron/api/extensions.py:449}}
May 09 08:59:43.637245 np0000173030 devstack@neutron-api.service[103942]: DEBUG neutron.api.extensions [None req-c8063c77-a4cb-4ac8-8446-f21d89d9f9d0 None None] Loading extension file: __init__.py {{(pid=103942) _load_all_extensions_from_path /opt/stack/neutron/neutron/api/extensions.py:449}}
May 09 08:59:43.637348 np0000173030 devstack@neutron-api.service[103942]: DEBUG neutron.api.extensions [None req-c8063c77-a4cb-4ac8-8446-f21d89d9f9d0 None None] Loading extension file: __pycache__ {{(pid=103942) _load_all_extensions_from_path /opt/stack/neutron/neutron/api/extensions.py:449}}
May 09 08:59:43.637439 np0000173030 devstack@neutron-api.service[103945]: DEBUG neutron.api.extensions [None req-8b044fb7-18ae-4bf9-b8b9-02036336492e None None] Ext name="DHCP Agent Scheduler" alias="dhcp_agent_scheduler" description="Schedule networks among dhcp agents" updated="2013-02-07T10:00:00-00:00" {{(pid=103945) _check_extension /opt/stack/neutron/neutron/api/extensions.py:415}}
May 09 08:59:43.637491 np0000173030 devstack@neutron-api.service[103942]: DEBUG neutron.api.extensions [None req-c8063c77-a4cb-4ac8-8446-f21d89d9f9d0 None None] Loading extension file: address_group.py {{(pid=103942) _load_all_extensions_from_path /opt/stack/neutron/neutron/api/extensions.py:449}}
May 09 08:59:43.637631 np0000173030 devstack@neutron-api.service[103945]: INFO neutron.api.extensions [None req-8b044fb7-18ae-4bf9-b8b9-02036336492e None None] Loaded extension: dhcp_agent_scheduler
May 09 08:59:43.637746 np0000173030 devstack@neutron-api.service[103945]: DEBUG neutron.api.extensions [None req-8b044fb7-18ae-4bf9-b8b9-02036336492e None None] Loading extension file: dns.py {{(pid=103945) _load_all_extensions_from_path /opt/stack/neutron/neutron/api/extensions.py:449}}
May 09 08:59:43.637800 np0000173030 devstack@neutron-api.service[103942]: DEBUG neutron.api.extensions [None req-c8063c77-a4cb-4ac8-8446-f21d89d9f9d0 None None] Ext name="Address group" alias="address-group" description="Support address group" updated="2020-07-15T10:00:00-00:00" {{(pid=103942) _check_extension /opt/stack/neutron/neutron/api/extensions.py:415}}
May 09 08:59:43.637944 np0000173030 devstack@neutron-api.service[103945]: DEBUG neutron.api.extensions [None req-8b044fb7-18ae-4bf9-b8b9-02036336492e None None] Ext name="DNS Integration" alias="dns-integration" description="Provides integration with DNS." updated="2015-08-15T18:00:00-00:00" {{(pid=103945) _check_extension /opt/stack/neutron/neutron/api/extensions.py:415}}
May 09 08:59:43.638059 np0000173030 devstack@neutron-api.service[103942]: INFO neutron.api.extensions [None req-c8063c77-a4cb-4ac8-8446-f21d89d9f9d0 None None] Loaded extension: address-group
May 09 08:59:43.638121 np0000173030 devstack@neutron-api.service[103945]: INFO neutron.api.extensions [None req-8b044fb7-18ae-4bf9-b8b9-02036336492e None None] Loaded extension: dns-integration
May 09 08:59:43.638220 np0000173030 devstack@neutron-api.service[103942]: DEBUG neutron.api.extensions [None req-c8063c77-a4cb-4ac8-8446-f21d89d9f9d0 None None] Loading extension file: address_scope.py {{(pid=103942) _load_all_extensions_from_path /opt/stack/neutron/neutron/api/extensions.py:449}}
May 09 08:59:43.638246 np0000173030 devstack@neutron-api.service[103945]: DEBUG neutron.api.extensions [None req-8b044fb7-18ae-4bf9-b8b9-02036336492e None None] Loading extension file: dns_domain_ports.py {{(pid=103945) _load_all_extensions_from_path /opt/stack/neutron/neutron/api/extensions.py:449}}
May 09 08:59:43.638469 np0000173030 devstack@neutron-api.service[103945]: DEBUG neutron.api.extensions [None req-8b044fb7-18ae-4bf9-b8b9-02036336492e None None] Ext name="dns_domain for ports" alias="dns-domain-ports" description="Allows the DNS domain to be specified for a network port." updated="2017-04-24T10:00:00-00:00" {{(pid=103945) _check_extension /opt/stack/neutron/neutron/api/extensions.py:415}}
May 09 08:59:43.638502 np0000173030 devstack@neutron-api.service[103942]: DEBUG neutron.api.extensions [None req-c8063c77-a4cb-4ac8-8446-f21d89d9f9d0 None None] Ext name="Address scope" alias="address-scope" description="Address scopes extension." updated="2015-07-26T10:00:00-00:00" {{(pid=103942) _check_extension /opt/stack/neutron/neutron/api/extensions.py:415}}
May 09 08:59:43.638607 np0000173030 devstack@neutron-api.service[103945]: INFO neutron.api.extensions [None req-8b044fb7-18ae-4bf9-b8b9-02036336492e None None] Loaded extension: dns-domain-ports
May 09 08:59:43.638676 np0000173030 devstack@neutron-api.service[103942]: INFO neutron.api.extensions [None req-c8063c77-a4cb-4ac8-8446-f21d89d9f9d0 None None] Loaded extension: address-scope
May 09 08:59:43.638724 np0000173030 devstack@neutron-api.service[103945]: DEBUG neutron.api.extensions [None req-8b044fb7-18ae-4bf9-b8b9-02036336492e None None] Loading extension file: dns_integration_domain_keywords.py {{(pid=103945) _load_all_extensions_from_path /opt/stack/neutron/neutron/api/extensions.py:449}}
May 09 08:59:43.638752 np0000173030 devstack@neutron-api.service[103942]: DEBUG neutron.api.extensions [None req-c8063c77-a4cb-4ac8-8446-f21d89d9f9d0 None None] Loading extension file: admin_state_down_before_update.py {{(pid=103942) _load_all_extensions_from_path /opt/stack/neutron/neutron/api/extensions.py:449}}
May 09 08:59:43.638920 np0000173030 devstack@neutron-api.service[103945]: DEBUG neutron.api.extensions [None req-8b044fb7-18ae-4bf9-b8b9-02036336492e None None] Ext name="DNS domain names with keywords allowed" alias="dns-integration-domain-keywords" description="Allows to use keywords like , , and as DNS domain name" updated="2020-06-15T18:00:00-00:00" {{(pid=103945) _check_extension /opt/stack/neutron/neutron/api/extensions.py:415}}
May 09 08:59:43.638986 np0000173030 devstack@neutron-api.service[103942]: DEBUG neutron.api.extensions [None req-c8063c77-a4cb-4ac8-8446-f21d89d9f9d0 None None] Ext name="Enforce Router's Admin State Down Before Update Extension" alias="router-admin-state-down-before-update" description="Ensure that the admin state of a router is DOWN (admin_state_up=False) before updating the distributed attribute" updated="2019-07-02T15:56:00" {{(pid=103942) _check_extension /opt/stack/neutron/neutron/api/extensions.py:415}}
May 09 08:59:43.639084 np0000173030 devstack@neutron-api.service[103945]: INFO neutron.api.extensions [None req-8b044fb7-18ae-4bf9-b8b9-02036336492e None None] Loaded extension: dns-integration-domain-keywords
May 09 08:59:43.639212 np0000173030 devstack@neutron-api.service[103942]: INFO neutron.api.extensions [None req-c8063c77-a4cb-4ac8-8446-f21d89d9f9d0 None None] Extension router-admin-state-down-before-update not supported by any of loaded plugins
May 09 08:59:43.639241 np0000173030 devstack@neutron-api.service[103945]: DEBUG neutron.api.extensions [None req-8b044fb7-18ae-4bf9-b8b9-02036336492e None None] Loading extension file: dvr.py {{(pid=103945) _load_all_extensions_from_path /opt/stack/neutron/neutron/api/extensions.py:449}}
May 09 08:59:43.639271 np0000173030 devstack@neutron-api.service[103942]: DEBUG neutron.api.extensions [None req-c8063c77-a4cb-4ac8-8446-f21d89d9f9d0 None None] Loading extension file: agent.py {{(pid=103942) _load_all_extensions_from_path /opt/stack/neutron/neutron/api/extensions.py:449}}
May 09 08:59:43.639477 np0000173030 devstack@neutron-api.service[103945]: DEBUG neutron.api.extensions [None req-8b044fb7-18ae-4bf9-b8b9-02036336492e None None] Ext name="Distributed Virtual Router" alias="dvr" description="Enables configuration of Distributed Virtual Routers." updated="2014-06-1T10:00:00-00:00" {{(pid=103945) _check_extension /opt/stack/neutron/neutron/api/extensions.py:415}}
May 09 08:59:43.639569 np0000173030 devstack@neutron-api.service[103942]: DEBUG neutron.api.extensions [None req-c8063c77-a4cb-4ac8-8446-f21d89d9f9d0 None None] Ext name="agent" alias="agent" description="The agent management extension." updated="2013-02-03T10:00:00-00:00" {{(pid=103942) _check_extension /opt/stack/neutron/neutron/api/extensions.py:415}}
May 09 08:59:43.639675 np0000173030 devstack@neutron-api.service[103945]: INFO neutron.api.extensions [None req-8b044fb7-18ae-4bf9-b8b9-02036336492e None None] Extension dvr not supported by any of loaded plugins
May 09 08:59:43.639704 np0000173030 devstack@neutron-api.service[103945]: DEBUG neutron.api.extensions [None req-8b044fb7-18ae-4bf9-b8b9-02036336492e None None] Loading extension file: ecmp_routes.py {{(pid=103945) _load_all_extensions_from_path /opt/stack/neutron/neutron/api/extensions.py:449}}
May 09 08:59:43.639754 np0000173030 devstack@neutron-api.service[103942]: INFO neutron.api.extensions [None req-c8063c77-a4cb-4ac8-8446-f21d89d9f9d0 None None] Loaded extension: agent
May 09 08:59:43.639838 np0000173030 devstack@neutron-api.service[103942]: DEBUG neutron.api.extensions [None req-c8063c77-a4cb-4ac8-8446-f21d89d9f9d0 None None] Loading extension file: agent_resources_synced.py {{(pid=103942) _load_all_extensions_from_path /opt/stack/neutron/neutron/api/extensions.py:449}}
May 09 08:59:43.639935 np0000173030 devstack@neutron-api.service[103945]: DEBUG neutron.api.extensions [None req-8b044fb7-18ae-4bf9-b8b9-02036336492e None None] Ext name="Equal Cost Multipath Routing" alias="ecmp_routes" description="Allows traffic to reach thesame destination via multiple different links " updated="2020-11-26T18:00:00-00:00" {{(pid=103945) _check_extension /opt/stack/neutron/neutron/api/extensions.py:415}}
May 09 08:59:43.640066 np0000173030 devstack@neutron-api.service[103942]: DEBUG neutron.api.extensions [None req-c8063c77-a4cb-4ac8-8446-f21d89d9f9d0 None None] Ext name="Agent's Resource View Synced to Placement" alias="agent-resources-synced" description="Stores success/failure of last sync to Placement" updated="2018-12-19T00:00:00-00:00" {{(pid=103942) _check_extension /opt/stack/neutron/neutron/api/extensions.py:415}}
May 09 08:59:43.640097 np0000173030 devstack@neutron-api.service[103945]: INFO neutron.api.extensions [None req-8b044fb7-18ae-4bf9-b8b9-02036336492e None None] Extension ecmp_routes not supported by any of loaded plugins
May 09 08:59:43.640211 np0000173030 devstack@neutron-api.service[103945]: DEBUG neutron.api.extensions [None req-8b044fb7-18ae-4bf9-b8b9-02036336492e None None] Loading extension file: empty_string_filtering.py {{(pid=103945) _load_all_extensions_from_path /opt/stack/neutron/neutron/api/extensions.py:449}}
May 09 08:59:43.640269 np0000173030 devstack@neutron-api.service[103942]: INFO neutron.api.extensions [None req-c8063c77-a4cb-4ac8-8446-f21d89d9f9d0 None None] Extension agent-resources-synced not supported by any of loaded plugins
May 09 08:59:43.640396 np0000173030 devstack@neutron-api.service[103942]: DEBUG neutron.api.extensions [None req-c8063c77-a4cb-4ac8-8446-f21d89d9f9d0 None None] Loading extension file: agent_sort_key.py {{(pid=103942) _load_all_extensions_from_path /opt/stack/neutron/neutron/api/extensions.py:449}}
May 09 08:59:43.640449 np0000173030 devstack@neutron-api.service[103945]: DEBUG neutron.api.extensions [None req-8b044fb7-18ae-4bf9-b8b9-02036336492e None None] Ext name="Empty String Filtering Extension" alias="empty-string-filtering" description="Allow filtering by attributes with empty string value" updated="2018-05-01T10:00:00-00:00" {{(pid=103945) _check_extension /opt/stack/neutron/neutron/api/extensions.py:415}}
May 09 08:59:43.640599 np0000173030 devstack@neutron-api.service[103945]: INFO neutron.api.extensions [None req-8b044fb7-18ae-4bf9-b8b9-02036336492e None None] Loaded extension: empty-string-filtering
May 09 08:59:43.640655 np0000173030 devstack@neutron-api.service[103942]: DEBUG neutron.api.extensions [None req-c8063c77-a4cb-4ac8-8446-f21d89d9f9d0 None None] Ext name="Agents Sort Key" alias="agent_sort_key" description="Enabling the keyword sort_key for sorting in agents." updated="2013-02-03T10:00:00-00:00" {{(pid=103942) _check_extension /opt/stack/neutron/neutron/api/extensions.py:415}}
May 09 08:59:43.640680 np0000173030 devstack@neutron-api.service[103945]: DEBUG neutron.api.extensions [None req-8b044fb7-18ae-4bf9-b8b9-02036336492e None None] Loading extension file: expose_l3_conntrack_helper.py {{(pid=103945) _load_all_extensions_from_path /opt/stack/neutron/neutron/api/extensions.py:449}}
May 09 08:59:43.640827 np0000173030 devstack@neutron-api.service[103942]: INFO neutron.api.extensions [None req-c8063c77-a4cb-4ac8-8446-f21d89d9f9d0 None None] Extension agent_sort_key not supported by any of loaded plugins
May 09 08:59:43.640946 np0000173030 devstack@neutron-api.service[103942]: DEBUG neutron.api.extensions [None req-c8063c77-a4cb-4ac8-8446-f21d89d9f9d0 None None] Loading extension file: allowedaddresspairs.py {{(pid=103942) _load_all_extensions_from_path /opt/stack/neutron/neutron/api/extensions.py:449}}
May 09 08:59:43.640998 np0000173030 devstack@neutron-api.service[103945]: DEBUG neutron.api.extensions [None req-8b044fb7-18ae-4bf9-b8b9-02036336492e None None] Ext name="Expose CT target rules for conntrack helper" alias="expose-l3-conntrack-helper" description="Expose allow adding CT target rules for conntrack helper" updated="2019-04-04T10:00:00-00:00" {{(pid=103945) _check_extension /opt/stack/neutron/neutron/api/extensions.py:415}}
May 09 08:59:43.641073 np0000173030 devstack@neutron-api.service[103945]: INFO neutron.api.extensions [None req-8b044fb7-18ae-4bf9-b8b9-02036336492e None None] Extension expose-l3-conntrack-helper not supported by any of loaded plugins
May 09 08:59:43.641170 np0000173030 devstack@neutron-api.service[103945]: DEBUG neutron.api.extensions [None req-8b044fb7-18ae-4bf9-b8b9-02036336492e None None] Loading extension file: expose_port_forwarding_in_fip.py {{(pid=103945) _load_all_extensions_from_path /opt/stack/neutron/neutron/api/extensions.py:449}}
May 09 08:59:43.641420 np0000173030 devstack@neutron-api.service[103945]: DEBUG neutron.api.extensions [None req-8b044fb7-18ae-4bf9-b8b9-02036336492e None None] Ext name="Expose Floating IP port forwardings" alias="expose-port-forwarding-in-fip" description="Expose port forwarding fields in floating IP response" updated="2018-06-28T16:00:00-00:00" {{(pid=103945) _check_extension /opt/stack/neutron/neutron/api/extensions.py:415}}
May 09 08:59:43.641568 np0000173030 devstack@neutron-api.service[103945]: INFO neutron.api.extensions [None req-8b044fb7-18ae-4bf9-b8b9-02036336492e None None] Extension expose-port-forwarding-in-fip not supported by any of loaded plugins
May 09 08:59:43.641602 np0000173030 devstack@neutron-api.service[103942]: DEBUG neutron.api.extensions [None req-c8063c77-a4cb-4ac8-8446-f21d89d9f9d0 None None] Ext name="Allowed Address Pairs" alias="allowed-address-pairs" description="Provides allowed address pairs" updated="2013-07-23T10:00:00-00:00" {{(pid=103942) _check_extension /opt/stack/neutron/neutron/api/extensions.py:415}}
May 09 08:59:43.641666 np0000173030 devstack@neutron-api.service[103945]: DEBUG neutron.api.extensions [None req-8b044fb7-18ae-4bf9-b8b9-02036336492e None None] Loading extension file: external_net.py {{(pid=103945) _load_all_extensions_from_path /opt/stack/neutron/neutron/api/extensions.py:449}}
May 09 08:59:43.641789 np0000173030 devstack@neutron-api.service[103942]: INFO neutron.api.extensions [None req-c8063c77-a4cb-4ac8-8446-f21d89d9f9d0 None None] Loaded extension: allowed-address-pairs
May 09 08:59:43.641925 np0000173030 devstack@neutron-api.service[103942]: DEBUG neutron.api.extensions [None req-c8063c77-a4cb-4ac8-8446-f21d89d9f9d0 None None] Loading extension file: auto_allocated_topology.py {{(pid=103942) _load_all_extensions_from_path /opt/stack/neutron/neutron/api/extensions.py:449}}
May 09 08:59:43.641959 np0000173030 devstack@neutron-api.service[103945]: DEBUG neutron.api.extensions [None req-8b044fb7-18ae-4bf9-b8b9-02036336492e None None] Ext name="Neutron external network" alias="external-net" description="Adds external network attribute to network resource." updated="2013-01-14T10:00:00-00:00" {{(pid=103945) _check_extension /opt/stack/neutron/neutron/api/extensions.py:415}}
May 09 08:59:43.642110 np0000173030 devstack@neutron-api.service[103945]: INFO neutron.api.extensions [None req-8b044fb7-18ae-4bf9-b8b9-02036336492e None None] Loaded extension: external-net
May 09 08:59:43.642192 np0000173030 devstack@neutron-api.service[103942]: DEBUG neutron.api.extensions [None req-c8063c77-a4cb-4ac8-8446-f21d89d9f9d0 None None] Ext name="Auto Allocated Topology Services" alias="auto-allocated-topology" description="Auto Allocated Topology Services." updated="2016-01-01T00:00:00-00:00" {{(pid=103942) _check_extension /opt/stack/neutron/neutron/api/extensions.py:415}}
May 09 08:59:43.642253 np0000173030 devstack@neutron-api.service[103945]: DEBUG neutron.api.extensions [None req-8b044fb7-18ae-4bf9-b8b9-02036336492e None None] Loading extension file: extra_dhcp_opt.py {{(pid=103945) _load_all_extensions_from_path /opt/stack/neutron/neutron/api/extensions.py:449}}
May 09 08:59:43.642375 np0000173030 devstack@neutron-api.service[103942]: INFO neutron.api.extensions [None req-c8063c77-a4cb-4ac8-8446-f21d89d9f9d0 None None] Loaded extension: auto-allocated-topology
May 09 08:59:43.642467 np0000173030 devstack@neutron-api.service[103945]: DEBUG neutron.api.extensions [None req-8b044fb7-18ae-4bf9-b8b9-02036336492e None None] Ext name="Neutron Extra DHCP options" alias="extra_dhcp_opt" description="Extra options configuration for DHCP. For example PXE boot options to DHCP clients can be specified (e.g. tftp-server, server-ip-address, bootfile-name)" updated="2013-03-17T12:00:00-00:00" {{(pid=103945) _check_extension /opt/stack/neutron/neutron/api/extensions.py:415}}
May 09 08:59:43.642560 np0000173030 devstack@neutron-api.service[103942]: DEBUG neutron.api.extensions [None req-c8063c77-a4cb-4ac8-8446-f21d89d9f9d0 None None] Loading extension file: availability_zone.py {{(pid=103942) _load_all_extensions_from_path /opt/stack/neutron/neutron/api/extensions.py:449}}
May 09 08:59:43.642693 np0000173030 devstack@neutron-api.service[103945]: INFO neutron.api.extensions [None req-8b044fb7-18ae-4bf9-b8b9-02036336492e None None] Loaded extension: extra_dhcp_opt
May 09 08:59:43.642693 np0000173030 devstack@neutron-api.service[103945]: DEBUG neutron.api.extensions [None req-8b044fb7-18ae-4bf9-b8b9-02036336492e None None] Loading extension file: extraroute.py {{(pid=103945) _load_all_extensions_from_path /opt/stack/neutron/neutron/api/extensions.py:449}}
May 09 08:59:43.642788 np0000173030 devstack@neutron-api.service[103942]: DEBUG neutron.api.extensions [None req-c8063c77-a4cb-4ac8-8446-f21d89d9f9d0 None None] Ext name="Availability Zone" alias="availability_zone" description="The availability zone extension." updated="2015-01-01T10:00:00-00:00" {{(pid=103942) _check_extension /opt/stack/neutron/neutron/api/extensions.py:415}}
May 09 08:59:43.642927 np0000173030 devstack@neutron-api.service[103945]: DEBUG neutron.api.extensions [None req-8b044fb7-18ae-4bf9-b8b9-02036336492e None None] Ext name="Neutron Extra Route" alias="extraroute" description="Extra routes configuration for L3 router" updated="2013-02-01T10:00:00-00:00" {{(pid=103945) _check_extension /opt/stack/neutron/neutron/api/extensions.py:415}}
May 09 08:59:43.642979 np0000173030 devstack@neutron-api.service[103942]: INFO neutron.api.extensions [None req-c8063c77-a4cb-4ac8-8446-f21d89d9f9d0 None None] Loaded extension: availability_zone
May 09 08:59:43.643023 np0000173030 devstack@neutron-api.service[103942]: DEBUG neutron.api.extensions [None req-c8063c77-a4cb-4ac8-8446-f21d89d9f9d0 None None] Loading extension file: availability_zone_filter.py {{(pid=103942) _load_all_extensions_from_path /opt/stack/neutron/neutron/api/extensions.py:449}}
May 09 08:59:43.643122 np0000173030 devstack@neutron-api.service[103945]: INFO neutron.api.extensions [None req-8b044fb7-18ae-4bf9-b8b9-02036336492e None None] Loaded extension: extraroute
May 09 08:59:43.643192 np0000173030 devstack@neutron-api.service[103945]: DEBUG neutron.api.extensions [None req-8b044fb7-18ae-4bf9-b8b9-02036336492e None None] Loading extension file: extraroute_atomic.py {{(pid=103945) _load_all_extensions_from_path /opt/stack/neutron/neutron/api/extensions.py:449}}
May 09 08:59:43.643270 np0000173030 devstack@neutron-api.service[103942]: DEBUG neutron.api.extensions [None req-c8063c77-a4cb-4ac8-8446-f21d89d9f9d0 None None] Ext name="Availability Zone Filter Extension" alias="availability_zone_filter" description="Add filter parameters to AvailabilityZone resource" updated="2018-06-22T10:00:00-00:00" {{(pid=103942) _check_extension /opt/stack/neutron/neutron/api/extensions.py:415}}
May 09 08:59:43.643442 np0000173030 devstack@neutron-api.service[103942]: INFO neutron.api.extensions [None req-c8063c77-a4cb-4ac8-8446-f21d89d9f9d0 None None] Extension availability_zone_filter not supported by any of loaded plugins
May 09 08:59:43.643532 np0000173030 devstack@neutron-api.service[103945]: DEBUG neutron.api.extensions [None req-8b044fb7-18ae-4bf9-b8b9-02036336492e None None] Ext name="Atomically add/remove extra routes" alias="extraroute-atomic" description="Edit extra routes of a router on server side by atomically adding/removing extra routes" updated="2019-07-10T00:00:00+00:00" {{(pid=103945) _check_extension /opt/stack/neutron/neutron/api/extensions.py:415}}
May 09 08:59:43.643571 np0000173030 devstack@neutron-api.service[103942]: DEBUG neutron.api.extensions [None req-c8063c77-a4cb-4ac8-8446-f21d89d9f9d0 None None] Loading extension file: data_plane_status.py {{(pid=103942) _load_all_extensions_from_path /opt/stack/neutron/neutron/api/extensions.py:449}}
May 09 08:59:43.643595 np0000173030 devstack@neutron-api.service[103944]: DEBUG neutron_lib.callbacks.manager [None req-82ce55f4-49d7-4389-bf26-c15871de716a None None] Subscribe: > router before_delete 55550000, False {{(pid=103944) subscribe /opt/stack/data/venv/lib/python3.12/site-packages/neutron_lib/callbacks/manager.py:52}}
May 09 08:59:43.643702 np0000173030 devstack@neutron-api.service[103945]: INFO neutron.api.extensions [None req-8b044fb7-18ae-4bf9-b8b9-02036336492e None None] Loaded extension: extraroute-atomic
May 09 08:59:43.643736 np0000173030 devstack@neutron-api.service[103944]: DEBUG neutron_lib.callbacks.manager [None req-82ce55f4-49d7-4389-bf26-c15871de716a None None] Subscribe: port after_update 55550000, False {{(pid=103944) subscribe /opt/stack/data/venv/lib/python3.12/site-packages/neutron_lib/callbacks/manager.py:52}}
May 09 08:59:43.643793 np0000173030 devstack@neutron-api.service[103942]: DEBUG neutron.api.extensions [None req-c8063c77-a4cb-4ac8-8446-f21d89d9f9d0 None None] Ext name="Port data plane status extension" alias="data-plane-status" description="Expose status of underlying data plane" updated="2017-01-24T10:00:00-00:00" {{(pid=103942) _check_extension /opt/stack/neutron/neutron/api/extensions.py:415}}
May 09 08:59:43.643843 np0000173030 devstack@neutron-api.service[103945]: DEBUG neutron.api.extensions [None req-8b044fb7-18ae-4bf9-b8b9-02036336492e None None] Loading extension file: filter_validation.py {{(pid=103945) _load_all_extensions_from_path /opt/stack/neutron/neutron/api/extensions.py:449}}
May 09 08:59:43.643889 np0000173030 devstack@neutron-api.service[103944]: DEBUG neutron_lib.callbacks.manager [None req-82ce55f4-49d7-4389-bf26-c15871de716a None None] Subscribe: port after_delete 55550000, False {{(pid=103944) subscribe /opt/stack/data/venv/lib/python3.12/site-packages/neutron_lib/callbacks/manager.py:52}}
May 09 08:59:43.643922 np0000173030 devstack@neutron-api.service[103944]: DEBUG neutron_lib.callbacks.manager [None req-82ce55f4-49d7-4389-bf26-c15871de716a None None] Subscribe: subnet after_update 55550000, False {{(pid=103944) subscribe /opt/stack/data/venv/lib/python3.12/site-packages/neutron_lib/callbacks/manager.py:52}}
May 09 08:59:43.643945 np0000173030 devstack@neutron-api.service[103942]: INFO neutron.api.extensions [None req-c8063c77-a4cb-4ac8-8446-f21d89d9f9d0 None None] Extension data-plane-status not supported by any of loaded plugins
May 09 08:59:43.644020 np0000173030 devstack@neutron-api.service[103944]: DEBUG neutron_lib.callbacks.manager [None req-82ce55f4-49d7-4389-bf26-c15871de716a None None] Subscribe: subnetpool_address_scope after_update 55550000, False {{(pid=103944) subscribe /opt/stack/data/venv/lib/python3.12/site-packages/neutron_lib/callbacks/manager.py:52}}
May 09 08:59:43.644060 np0000173030 devstack@neutron-api.service[103945]: DEBUG neutron.api.extensions [None req-8b044fb7-18ae-4bf9-b8b9-02036336492e None None] Ext name="Filter parameters validation" alias="filter-validation" description="Provides validation on filter parameters." updated="2018-07-04T10:00:00-00:00" {{(pid=103945) _check_extension /opt/stack/neutron/neutron/api/extensions.py:415}}
May 09 08:59:43.644086 np0000173030 devstack@neutron-api.service[103942]: DEBUG neutron.api.extensions [None req-c8063c77-a4cb-4ac8-8446-f21d89d9f9d0 None None] Loading extension file: default_subnetpools.py {{(pid=103942) _load_all_extensions_from_path /opt/stack/neutron/neutron/api/extensions.py:449}}
May 09 08:59:43.644135 np0000173030 devstack@neutron-api.service[103944]: DEBUG neutron_lib.callbacks.manager [None req-82ce55f4-49d7-4389-bf26-c15871de716a None None] Subscribe: port before_update 55550000, False {{(pid=103944) subscribe /opt/stack/data/venv/lib/python3.12/site-packages/neutron_lib/callbacks/manager.py:52}}
May 09 08:59:43.644245 np0000173030 devstack@neutron-api.service[103945]: INFO neutron.api.extensions [None req-8b044fb7-18ae-4bf9-b8b9-02036336492e None None] Loaded extension: filter-validation
May 09 08:59:43.644304 np0000173030 devstack@neutron-api.service[103944]: DEBUG neutron_lib.callbacks.manager [None req-82ce55f4-49d7-4389-bf26-c15871de716a None None] Subscribe: port after_update 55550000, False {{(pid=103944) subscribe /opt/stack/data/venv/lib/python3.12/site-packages/neutron_lib/callbacks/manager.py:52}}
May 09 08:59:43.644352 np0000173030 devstack@neutron-api.service[103942]: DEBUG neutron.api.extensions [None req-c8063c77-a4cb-4ac8-8446-f21d89d9f9d0 None None] Ext name="Default Subnetpools" alias="default-subnetpools" description="Provides ability to mark and use a subnetpool as the default." updated="2016-02-18T18:00:00-00:00" {{(pid=103942) _check_extension /opt/stack/neutron/neutron/api/extensions.py:415}}
May 09 08:59:43.644457 np0000173030 devstack@neutron-api.service[103945]: DEBUG neutron.api.extensions [None req-8b044fb7-18ae-4bf9-b8b9-02036336492e None None] Loading extension file: fip_pf_description.py {{(pid=103945) _load_all_extensions_from_path /opt/stack/neutron/neutron/api/extensions.py:449}}
May 09 08:59:43.644505 np0000173030 devstack@neutron-api.service[103944]: DEBUG neutron_lib.callbacks.manager [None req-82ce55f4-49d7-4389-bf26-c15871de716a None None] Subscribe: > port precommit_delete 55550000, False {{(pid=103944) subscribe /opt/stack/data/venv/lib/python3.12/site-packages/neutron_lib/callbacks/manager.py:52}}
May 09 08:59:43.644505 np0000173030 devstack@neutron-api.service[103944]: DEBUG neutron_lib.callbacks.manager [None req-82ce55f4-49d7-4389-bf26-c15871de716a None None] Subscribe: port before_update 55550000, False {{(pid=103944) subscribe /opt/stack/data/venv/lib/python3.12/site-packages/neutron_lib/callbacks/manager.py:52}}
May 09 08:59:43.644598 np0000173030 devstack@neutron-api.service[103942]: INFO neutron.api.extensions [None req-c8063c77-a4cb-4ac8-8446-f21d89d9f9d0 None None] Loaded extension: default-subnetpools
May 09 08:59:43.644623 np0000173030 devstack@neutron-api.service[103945]: DEBUG neutron.api.extensions [None req-8b044fb7-18ae-4bf9-b8b9-02036336492e None None] Ext name="Floating IP Port Forwarding new attribute description" alias="floating-ip-port-forwarding-description" description="Add a description field to Port Forwarding rules" updated="2019-11-01T10:00:00-00:00" {{(pid=103945) _check_extension /opt/stack/neutron/neutron/api/extensions.py:415}}
May 09 08:59:43.644648 np0000173030 devstack@neutron-api.service[103944]: DEBUG neutron_lib.callbacks.manager [None req-82ce55f4-49d7-4389-bf26-c15871de716a None None] Subscribe: port before_delete 55550000, False {{(pid=103944) subscribe /opt/stack/data/venv/lib/python3.12/site-packages/neutron_lib/callbacks/manager.py:52}}
May 09 08:59:43.644677 np0000173030 devstack@neutron-api.service[103942]: DEBUG neutron.api.extensions [None req-c8063c77-a4cb-4ac8-8446-f21d89d9f9d0 None None] Loading extension file: dhcpagentscheduler.py {{(pid=103942) _load_all_extensions_from_path /opt/stack/neutron/neutron/api/extensions.py:449}}
May 09 08:59:43.644701 np0000173030 devstack@neutron-api.service[103944]: DEBUG neutron_lib.callbacks.manager [None req-82ce55f4-49d7-4389-bf26-c15871de716a None None] Subscribe: > router precommit_create 55550000, False {{(pid=103944) subscribe /opt/stack/data/venv/lib/python3.12/site-packages/neutron_lib/callbacks/manager.py:52}}
May 09 08:59:43.644725 np0000173030 devstack@neutron-api.service[103945]: INFO neutron.api.extensions [None req-8b044fb7-18ae-4bf9-b8b9-02036336492e None None] Extension floating-ip-port-forwarding-description not supported by any of loaded plugins
May 09 08:59:43.644748 np0000173030 devstack@neutron-api.service[103944]: DEBUG neutron_lib.callbacks.manager [None req-82ce55f4-49d7-4389-bf26-c15871de716a None None] Subscribe: > router precommit_create 55550000, False {{(pid=103944) subscribe /opt/stack/data/venv/lib/python3.12/site-packages/neutron_lib/callbacks/manager.py:52}}
May 09 08:59:43.644773 np0000173030 devstack@neutron-api.service[103945]: DEBUG neutron.api.extensions [None req-8b044fb7-18ae-4bf9-b8b9-02036336492e None None] Loading extension file: fip_pf_detail.py {{(pid=103945) _load_all_extensions_from_path /opt/stack/neutron/neutron/api/extensions.py:449}}
May 09 08:59:43.644826 np0000173030 devstack@neutron-api.service[103944]: DEBUG neutron_lib.callbacks.manager [None req-82ce55f4-49d7-4389-bf26-c15871de716a None None] Subscribe: > router precommit_update 55550000, False {{(pid=103944) subscribe /opt/stack/data/venv/lib/python3.12/site-packages/neutron_lib/callbacks/manager.py:52}}
May 09 08:59:43.644985 np0000173030 devstack@neutron-api.service[103942]: DEBUG neutron.api.extensions [None req-c8063c77-a4cb-4ac8-8446-f21d89d9f9d0 None None] Ext name="DHCP Agent Scheduler" alias="dhcp_agent_scheduler" description="Schedule networks among dhcp agents" updated="2013-02-07T10:00:00-00:00" {{(pid=103942) _check_extension /opt/stack/neutron/neutron/api/extensions.py:415}}
May 09 08:59:43.645039 np0000173030 devstack@neutron-api.service[103944]: DEBUG neutron_lib.callbacks.manager [None req-82ce55f4-49d7-4389-bf26-c15871de716a None None] Subscribe: subnet after_update 55550000, False {{(pid=103944) subscribe /opt/stack/data/venv/lib/python3.12/site-packages/neutron_lib/callbacks/manager.py:52}}
May 09 08:59:43.645086 np0000173030 devstack@neutron-api.service[103945]: DEBUG neutron.api.extensions [None req-8b044fb7-18ae-4bf9-b8b9-02036336492e None None] Ext name="Floating IP port forwarding detail" alias="floating-ip-port-forwarding-detail" description="Allow list floating ip return more port forwarding data, include'id' and 'internal_port_id'" updated="2022-05-06T10:00:00-00:00" {{(pid=103945) _check_extension /opt/stack/neutron/neutron/api/extensions.py:415}}
May 09 08:59:43.645193 np0000173030 devstack@neutron-api.service[103942]: INFO neutron.api.extensions [None req-c8063c77-a4cb-4ac8-8446-f21d89d9f9d0 None None] Loaded extension: dhcp_agent_scheduler
May 09 08:59:43.645240 np0000173030 devstack@neutron-api.service[103945]: INFO neutron.api.extensions [None req-8b044fb7-18ae-4bf9-b8b9-02036336492e None None] Loaded extension: floating-ip-port-forwarding-detail
May 09 08:59:43.645288 np0000173030 devstack@neutron-api.service[103942]: DEBUG neutron.api.extensions [None req-c8063c77-a4cb-4ac8-8446-f21d89d9f9d0 None None] Loading extension file: dns.py {{(pid=103942) _load_all_extensions_from_path /opt/stack/neutron/neutron/api/extensions.py:449}}
May 09 08:59:43.645395 np0000173030 devstack@neutron-api.service[103945]: DEBUG neutron.api.extensions [None req-8b044fb7-18ae-4bf9-b8b9-02036336492e None None] Loading extension file: fip_pf_port_range.py {{(pid=103945) _load_all_extensions_from_path /opt/stack/neutron/neutron/api/extensions.py:449}}
May 09 08:59:43.645443 np0000173030 devstack@neutron-api.service[103942]: DEBUG neutron.api.extensions [None req-c8063c77-a4cb-4ac8-8446-f21d89d9f9d0 None None] Ext name="DNS Integration" alias="dns-integration" description="Provides integration with DNS." updated="2015-08-15T18:00:00-00:00" {{(pid=103942) _check_extension /opt/stack/neutron/neutron/api/extensions.py:415}}
May 09 08:59:43.645489 np0000173030 devstack@neutron-api.service[103945]: DEBUG neutron.api.extensions [None req-8b044fb7-18ae-4bf9-b8b9-02036336492e None None] Ext name="Floating IP Port Forwarding support port ranges" alias="floating-ip-port-forwarding-port-ranges" description="Add support to port ranges" updated="2020-07-01T10:00:00-00:00" {{(pid=103945) _check_extension /opt/stack/neutron/neutron/api/extensions.py:415}}
May 09 08:59:43.645605 np0000173030 devstack@neutron-api.service[103942]: INFO neutron.api.extensions [None req-c8063c77-a4cb-4ac8-8446-f21d89d9f9d0 None None] Loaded extension: dns-integration
May 09 08:59:43.645654 np0000173030 devstack@neutron-api.service[103944]: DEBUG neutron.quota.resource_registry [None req-82ce55f4-49d7-4389-bf26-c15871de716a None None] Tracking information for resource: router configured {{(pid=103944) set_tracked_resource /opt/stack/neutron/neutron/quota/resource_registry.py:203}}
May 09 08:59:43.645712 np0000173030 devstack@neutron-api.service[103945]: INFO neutron.api.extensions [None req-8b044fb7-18ae-4bf9-b8b9-02036336492e None None] Extension floating-ip-port-forwarding-port-ranges not supported by any of loaded plugins
May 09 08:59:43.645742 np0000173030 devstack@neutron-api.service[103942]: DEBUG neutron.api.extensions [None req-c8063c77-a4cb-4ac8-8446-f21d89d9f9d0 None None] Loading extension file: dns_domain_ports.py {{(pid=103942) _load_all_extensions_from_path /opt/stack/neutron/neutron/api/extensions.py:449}}
May 09 08:59:43.645771 np0000173030 devstack@neutron-api.service[103945]: DEBUG neutron.api.extensions [None req-8b044fb7-18ae-4bf9-b8b9-02036336492e None None] Loading extension file: fip_port_details.py {{(pid=103945) _load_all_extensions_from_path /opt/stack/neutron/neutron/api/extensions.py:449}}
