Apr 13 02:27:04.500575 np0000165409 nova-conductor[112176]: DEBUG cotyledon.oslo_config_glue [-] vmware.vnc_port = 5900 {{(pid=112176) log_opt_values /opt/stack/data/venv/lib/python3.12/site-packages/oslo_config/cfg.py:3006}}
Apr 13 02:27:04.500575 np0000165409 nova-conductor[112176]: DEBUG cotyledon.oslo_config_glue [-] vmware.vnc_port_total = 10000 {{(pid=112176) log_opt_values /opt/stack/data/venv/lib/python3.12/site-packages/oslo_config/cfg.py:3006}}
Apr 13 02:27:04.500575 np0000165409 nova-conductor[112176]: DEBUG cotyledon.oslo_config_glue [-] vnc.auth_schemes = ['none'] {{(pid=112176) log_opt_values /opt/stack/data/venv/lib/python3.12/site-packages/oslo_config/cfg.py:3006}}
Apr 13 02:27:04.500806 np0000165409 nova-conductor[112176]: DEBUG cotyledon.oslo_config_glue [-] vnc.enabled = True {{(pid=112176) log_opt_values /opt/stack/data/venv/lib/python3.12/site-packages/oslo_config/cfg.py:3006}}
Apr 13 02:27:04.500806 np0000165409 nova-conductor[112176]: DEBUG cotyledon.oslo_config_glue [-] vnc.novncproxy_base_url = http://127.0.0.1:6080/vnc_auto.html {{(pid=112176) log_opt_values /opt/stack/data/venv/lib/python3.12/site-packages/oslo_config/cfg.py:3006}}
Apr 13 02:27:04.500806 np0000165409 nova-conductor[112176]: DEBUG cotyledon.oslo_config_glue [-] vnc.novncproxy_host = 0.0.0.0 {{(pid=112176) log_opt_values /opt/stack/data/venv/lib/python3.12/site-packages/oslo_config/cfg.py:3006}}
Apr 13 02:27:04.500806 np0000165409 nova-conductor[112176]: DEBUG cotyledon.oslo_config_glue [-] vnc.novncproxy_port = 6080 {{(pid=112176) log_opt_values /opt/stack/data/venv/lib/python3.12/site-packages/oslo_config/cfg.py:3006}}
Apr 13 02:27:04.500806 np0000165409 nova-conductor[112176]: DEBUG cotyledon.oslo_config_glue [-] vnc.server_listen = 127.0.0.1 {{(pid=112176) log_opt_values /opt/stack/data/venv/lib/python3.12/site-packages/oslo_config/cfg.py:3006}}
Apr 13 02:27:04.500806 np0000165409 nova-conductor[112176]: DEBUG cotyledon.oslo_config_glue [-] vnc.server_proxyclient_address = 127.0.0.1 {{(pid=112176) log_opt_values /opt/stack/data/venv/lib/python3.12/site-packages/oslo_config/cfg.py:3006}}
Apr 13 02:27:04.500806 np0000165409 nova-conductor[112176]: DEBUG cotyledon.oslo_config_glue [-] vnc.vencrypt_ca_certs = None {{(pid=112176) log_opt_values /opt/stack/data/venv/lib/python3.12/site-packages/oslo_config/cfg.py:3006}}
Apr 13 02:27:04.500806 np0000165409 nova-conductor[112176]: DEBUG cotyledon.oslo_config_glue [-] vnc.vencrypt_client_cert = None {{(pid=112176) log_opt_values /opt/stack/data/venv/lib/python3.12/site-packages/oslo_config/cfg.py:3006}}
Apr 13 02:27:04.500806 np0000165409 nova-conductor[112176]: DEBUG cotyledon.oslo_config_glue [-] vnc.vencrypt_client_key = None {{(pid=112176) log_opt_values /opt/stack/data/venv/lib/python3.12/site-packages/oslo_config/cfg.py:3006}}
Apr 13 02:27:04.501051 np0000165409 nova-conductor[112176]: DEBUG cotyledon.oslo_config_glue [-] workarounds.disable_compute_service_check_for_ffu = False {{(pid=112176) log_opt_values /opt/stack/data/venv/lib/python3.12/site-packages/oslo_config/cfg.py:3006}}
Apr 13 02:27:04.501051 np0000165409 nova-conductor[112176]: DEBUG cotyledon.oslo_config_glue [-] workarounds.disable_deep_image_inspection = False {{(pid=112176) log_opt_values /opt/stack/data/venv/lib/python3.12/site-packages/oslo_config/cfg.py:3006}}
Apr 13 02:27:04.501051 np0000165409 nova-conductor[112176]: DEBUG cotyledon.oslo_config_glue [-] workarounds.disable_fallback_pcpu_query = False {{(pid=112176) log_opt_values /opt/stack/data/venv/lib/python3.12/site-packages/oslo_config/cfg.py:3006}}
Apr 13 02:27:04.501051 np0000165409 nova-conductor[112176]: DEBUG cotyledon.oslo_config_glue [-] workarounds.disable_group_policy_check_upcall = False {{(pid=112176) log_opt_values /opt/stack/data/venv/lib/python3.12/site-packages/oslo_config/cfg.py:3006}}
Apr 13 02:27:04.501051 np0000165409 nova-conductor[112176]: DEBUG cotyledon.oslo_config_glue [-] workarounds.disable_libvirt_livesnapshot = False {{(pid=112176) log_opt_values /opt/stack/data/venv/lib/python3.12/site-packages/oslo_config/cfg.py:3006}}
Apr 13 02:27:04.501051 np0000165409 nova-conductor[112176]: DEBUG cotyledon.oslo_config_glue [-] workarounds.disable_rootwrap = False {{(pid=112176) log_opt_values /opt/stack/data/venv/lib/python3.12/site-packages/oslo_config/cfg.py:3006}}
Apr 13 02:27:04.501051 np0000165409 nova-conductor[112176]: DEBUG cotyledon.oslo_config_glue [-] workarounds.enable_numa_live_migration = False {{(pid=112176) log_opt_values /opt/stack/data/venv/lib/python3.12/site-packages/oslo_config/cfg.py:3006}}
Apr 13 02:27:04.501051 np0000165409 nova-conductor[112176]: DEBUG cotyledon.oslo_config_glue [-] workarounds.enable_qemu_monitor_announce_self = False {{(pid=112176) log_opt_values /opt/stack/data/venv/lib/python3.12/site-packages/oslo_config/cfg.py:3006}}
Apr 13 02:27:04.501051 np0000165409 nova-conductor[112176]: DEBUG cotyledon.oslo_config_glue [-] workarounds.ensure_libvirt_rbd_instance_dir_cleanup = False {{(pid=112176) log_opt_values /opt/stack/data/venv/lib/python3.12/site-packages/oslo_config/cfg.py:3006}}
Apr 13 02:27:04.501297 np0000165409 nova-conductor[112176]: DEBUG cotyledon.oslo_config_glue [-] workarounds.handle_virt_lifecycle_events = True {{(pid=112176) log_opt_values /opt/stack/data/venv/lib/python3.12/site-packages/oslo_config/cfg.py:3006}}
Apr 13 02:27:04.501297 np0000165409 nova-conductor[112176]: DEBUG cotyledon.oslo_config_glue [-] workarounds.libvirt_disable_apic = False {{(pid=112176) log_opt_values /opt/stack/data/venv/lib/python3.12/site-packages/oslo_config/cfg.py:3006}}
Apr 13 02:27:04.501297 np0000165409 nova-conductor[112176]: DEBUG cotyledon.oslo_config_glue [-] workarounds.never_download_image_if_on_rbd = False {{(pid=112176) log_opt_values /opt/stack/data/venv/lib/python3.12/site-packages/oslo_config/cfg.py:3006}}
Apr 13 02:27:04.501297 np0000165409 nova-conductor[112176]: DEBUG cotyledon.oslo_config_glue [-] workarounds.qemu_monitor_announce_self_count = 3 {{(pid=112176) log_opt_values /opt/stack/data/venv/lib/python3.12/site-packages/oslo_config/cfg.py:3006}}
Apr 13 02:27:04.501297 np0000165409 nova-conductor[112176]: DEBUG cotyledon.oslo_config_glue [-] workarounds.qemu_monitor_announce_self_interval = 1 {{(pid=112176) log_opt_values /opt/stack/data/venv/lib/python3.12/site-packages/oslo_config/cfg.py:3006}}
Apr 13 02:27:04.501297 np0000165409 nova-conductor[112176]: DEBUG cotyledon.oslo_config_glue [-] workarounds.reserve_disk_resource_for_image_cache = False {{(pid=112176) log_opt_values /opt/stack/data/venv/lib/python3.12/site-packages/oslo_config/cfg.py:3006}}
Apr 13 02:27:04.501297 np0000165409 nova-conductor[112176]: DEBUG cotyledon.oslo_config_glue [-] workarounds.skip_cpu_compare_at_startup = False {{(pid=112176) log_opt_values /opt/stack/data/venv/lib/python3.12/site-packages/oslo_config/cfg.py:3006}}
Apr 13 02:27:04.501297 np0000165409 nova-conductor[112176]: DEBUG cotyledon.oslo_config_glue [-] workarounds.skip_cpu_compare_on_dest = False {{(pid=112176) log_opt_values /opt/stack/data/venv/lib/python3.12/site-packages/oslo_config/cfg.py:3006}}
Apr 13 02:27:04.501297 np0000165409 nova-conductor[112176]: DEBUG cotyledon.oslo_config_glue [-] workarounds.skip_hypervisor_version_check_on_lm = False {{(pid=112176) log_opt_values /opt/stack/data/venv/lib/python3.12/site-packages/oslo_config/cfg.py:3006}}
Apr 13 02:27:04.501551 np0000165409 nova-conductor[112176]: DEBUG cotyledon.oslo_config_glue [-] workarounds.skip_reserve_in_use_ironic_nodes = False {{(pid=112176) log_opt_values /opt/stack/data/venv/lib/python3.12/site-packages/oslo_config/cfg.py:3006}}
Apr 13 02:27:04.501551 np0000165409 nova-conductor[112176]: DEBUG cotyledon.oslo_config_glue [-] workarounds.unified_limits_count_pcpu_as_vcpu = False {{(pid=112176) log_opt_values /opt/stack/data/venv/lib/python3.12/site-packages/oslo_config/cfg.py:3006}}
Apr 13 02:27:04.501551 np0000165409 nova-conductor[112176]: DEBUG cotyledon.oslo_config_glue [-] workarounds.wait_for_vif_plugged_event_during_hard_reboot = [] {{(pid=112176) log_opt_values /opt/stack/data/venv/lib/python3.12/site-packages/oslo_config/cfg.py:3006}}
Apr 13 02:27:04.501551 np0000165409 nova-conductor[112176]: DEBUG cotyledon.oslo_config_glue [-] wsgi.api_paste_config = /etc/nova/api-paste.ini {{(pid=112176) log_opt_values /opt/stack/data/venv/lib/python3.12/site-packages/oslo_config/cfg.py:3006}}
Apr 13 02:27:04.501551 np0000165409 nova-conductor[112176]: DEBUG cotyledon.oslo_config_glue [-] wsgi.secure_proxy_ssl_header = None {{(pid=112176) log_opt_values /opt/stack/data/venv/lib/python3.12/site-packages/oslo_config/cfg.py:3006}}
Apr 13 02:27:04.501551 np0000165409 nova-conductor[112176]: DEBUG cotyledon.oslo_config_glue [-] zvm.ca_file = None {{(pid=112176) log_opt_values /opt/stack/data/venv/lib/python3.12/site-packages/oslo_config/cfg.py:3006}}
Apr 13 02:27:04.501551 np0000165409 nova-conductor[112176]: DEBUG cotyledon.oslo_config_glue [-] zvm.cloud_connector_url = None {{(pid=112176) log_opt_values /opt/stack/data/venv/lib/python3.12/site-packages/oslo_config/cfg.py:3006}}
Apr 13 02:27:04.501551 np0000165409 nova-conductor[112176]: DEBUG cotyledon.oslo_config_glue [-] zvm.image_tmp_path = /opt/stack/data/nova/images {{(pid=112176) log_opt_values /opt/stack/data/venv/lib/python3.12/site-packages/oslo_config/cfg.py:3006}}
Apr 13 02:27:04.501551 np0000165409 nova-conductor[112176]: DEBUG cotyledon.oslo_config_glue [-] zvm.reachable_timeout = 300 {{(pid=112176) log_opt_values /opt/stack/data/venv/lib/python3.12/site-packages/oslo_config/cfg.py:3006}}
Apr 13 02:27:04.501787 np0000165409 nova-conductor[112176]: DEBUG cotyledon.oslo_config_glue [-] oslo_versionedobjects.fatal_exception_format_errors = False {{(pid=112176) log_opt_values /opt/stack/data/venv/lib/python3.12/site-packages/oslo_config/cfg.py:3006}}
Apr 13 02:27:04.501787 np0000165409 nova-conductor[112176]: DEBUG cotyledon.oslo_config_glue [-] oslo_middleware.http_basic_auth_user_file = /etc/htpasswd {{(pid=112176) log_opt_values /opt/stack/data/venv/lib/python3.12/site-packages/oslo_config/cfg.py:3006}}
Apr 13 02:27:04.501787 np0000165409 nova-conductor[112176]: DEBUG cotyledon.oslo_config_glue [-] profiler.connection_string = messaging:// {{(pid=112176) log_opt_values /opt/stack/data/venv/lib/python3.12/site-packages/oslo_config/cfg.py:3006}}
Apr 13 02:27:04.501787 np0000165409 nova-conductor[112176]: DEBUG cotyledon.oslo_config_glue [-] profiler.enabled = False {{(pid=112176) log_opt_values /opt/stack/data/venv/lib/python3.12/site-packages/oslo_config/cfg.py:3006}}
Apr 13 02:27:04.501787 np0000165409 nova-conductor[112176]: DEBUG cotyledon.oslo_config_glue [-] profiler.es_doc_type = notification {{(pid=112176) log_opt_values /opt/stack/data/venv/lib/python3.12/site-packages/oslo_config/cfg.py:3006}}
Apr 13 02:27:04.501919 np0000165409 nova-conductor[112163]: DEBUG dbcounter [-] [112163] Writer thread running {{(pid=112163) stat_writer /opt/stack/data/venv/lib/python3.12/site-packages/dbcounter.py:102}}
Apr 13 02:27:04.501952 np0000165409 nova-conductor[112176]: DEBUG cotyledon.oslo_config_glue [-] profiler.es_scroll_size = 10000 {{(pid=112176) log_opt_values /opt/stack/data/venv/lib/python3.12/site-packages/oslo_config/cfg.py:3006}}
Apr 13 02:27:04.501952 np0000165409 nova-conductor[112176]: DEBUG cotyledon.oslo_config_glue [-] profiler.es_scroll_time = 2m {{(pid=112176) log_opt_values /opt/stack/data/venv/lib/python3.12/site-packages/oslo_config/cfg.py:3006}}
Apr 13 02:27:04.501952 np0000165409 nova-conductor[112176]: DEBUG cotyledon.oslo_config_glue [-] profiler.filter_error_trace = False {{(pid=112176) log_opt_values /opt/stack/data/venv/lib/python3.12/site-packages/oslo_config/cfg.py:3006}}
Apr 13 02:27:04.501952 np0000165409 nova-conductor[112176]: DEBUG cotyledon.oslo_config_glue [-] profiler.hmac_keys = **** {{(pid=112176) log_opt_values /opt/stack/data/venv/lib/python3.12/site-packages/oslo_config/cfg.py:3006}}
Apr 13 02:27:04.501952 np0000165409 nova-conductor[112176]: DEBUG cotyledon.oslo_config_glue [-] profiler.sentinel_service_name = mymaster {{(pid=112176) log_opt_values /opt/stack/data/venv/lib/python3.12/site-packages/oslo_config/cfg.py:3006}}
Apr 13 02:27:04.502126 np0000165409 nova-conductor[112154]: DEBUG nova.service [None req-d6491fb0-6efa-4756-aed5-2a6df7a930bd None None] Creating RPC server for service: nova-conductor on topic: conductor {{(pid=112154) start /opt/stack/nova/nova/service.py:195}}
Apr 13 02:27:04.502168 np0000165409 nova-conductor[112176]: DEBUG cotyledon.oslo_config_glue [-] profiler.socket_timeout = 0.1 {{(pid=112176) log_opt_values /opt/stack/data/venv/lib/python3.12/site-packages/oslo_config/cfg.py:3006}}
Apr 13 02:27:04.502168 np0000165409 nova-conductor[112176]: DEBUG cotyledon.oslo_config_glue [-] profiler.trace_requests = False {{(pid=112176) log_opt_values /opt/stack/data/venv/lib/python3.12/site-packages/oslo_config/cfg.py:3006}}
Apr 13 02:27:04.502168 np0000165409 nova-conductor[112176]: DEBUG cotyledon.oslo_config_glue [-] profiler.trace_sqlalchemy = False {{(pid=112176) log_opt_values /opt/stack/data/venv/lib/python3.12/site-packages/oslo_config/cfg.py:3006}}
Apr 13 02:27:04.502168 np0000165409 nova-conductor[112176]: DEBUG cotyledon.oslo_config_glue [-] profiler_jaeger.process_tags = {} {{(pid=112176) log_opt_values /opt/stack/data/venv/lib/python3.12/site-packages/oslo_config/cfg.py:3006}}
Apr 13 02:27:04.502168 np0000165409 nova-conductor[112176]: DEBUG cotyledon.oslo_config_glue [-] profiler_jaeger.service_name_prefix = None {{(pid=112176) log_opt_values /opt/stack/data/venv/lib/python3.12/site-packages/oslo_config/cfg.py:3006}}
Apr 13 02:27:04.502168 np0000165409 nova-conductor[112176]: DEBUG cotyledon.oslo_config_glue [-] profiler_otlp.service_name_prefix = None {{(pid=112176) log_opt_values /opt/stack/data/venv/lib/python3.12/site-packages/oslo_config/cfg.py:3006}}
Apr 13 02:27:04.502168 np0000165409 nova-conductor[112176]: DEBUG cotyledon.oslo_config_glue [-] oslo_messaging_rabbit.amqp_auto_delete = False {{(pid=112176) log_opt_values /opt/stack/data/venv/lib/python3.12/site-packages/oslo_config/cfg.py:3006}}
Apr 13 02:27:04.502168 np0000165409 nova-conductor[112176]: DEBUG cotyledon.oslo_config_glue [-] oslo_messaging_rabbit.amqp_durable_queues = False {{(pid=112176) log_opt_values /opt/stack/data/venv/lib/python3.12/site-packages/oslo_config/cfg.py:3006}}
Apr 13 02:27:04.502168 np0000165409 nova-conductor[112176]: DEBUG cotyledon.oslo_config_glue [-] oslo_messaging_rabbit.conn_pool_min_size = 2 {{(pid=112176) log_opt_values /opt/stack/data/venv/lib/python3.12/site-packages/oslo_config/cfg.py:3006}}
Apr 13 02:27:04.502483 np0000165409 nova-conductor[112176]: DEBUG cotyledon.oslo_config_glue [-] oslo_messaging_rabbit.conn_pool_ttl = 1200 {{(pid=112176) log_opt_values /opt/stack/data/venv/lib/python3.12/site-packages/oslo_config/cfg.py:3006}}
Apr 13 02:27:04.502483 np0000165409 nova-conductor[112176]: DEBUG cotyledon.oslo_config_glue [-] oslo_messaging_rabbit.direct_mandatory_flag = True {{(pid=112176) log_opt_values /opt/stack/data/venv/lib/python3.12/site-packages/oslo_config/cfg.py:3006}}
Apr 13 02:27:04.502483 np0000165409 nova-conductor[112176]: DEBUG cotyledon.oslo_config_glue [-] oslo_messaging_rabbit.enable_cancel_on_failover = False {{(pid=112176) log_opt_values /opt/stack/data/venv/lib/python3.12/site-packages/oslo_config/cfg.py:3006}}
Apr 13 02:27:04.502483 np0000165409 nova-conductor[112176]: DEBUG cotyledon.oslo_config_glue [-] oslo_messaging_rabbit.heartbeat_in_pthread = False {{(pid=112176) log_opt_values /opt/stack/data/venv/lib/python3.12/site-packages/oslo_config/cfg.py:3006}}
Apr 13 02:27:04.502483 np0000165409 nova-conductor[112176]: DEBUG cotyledon.oslo_config_glue [-] oslo_messaging_rabbit.heartbeat_rate = 3 {{(pid=112176) log_opt_values /opt/stack/data/venv/lib/python3.12/site-packages/oslo_config/cfg.py:3006}}
Apr 13 02:27:04.502483 np0000165409 nova-conductor[112176]: DEBUG cotyledon.oslo_config_glue [-] oslo_messaging_rabbit.heartbeat_timeout_threshold = 60 {{(pid=112176) log_opt_values /opt/stack/data/venv/lib/python3.12/site-packages/oslo_config/cfg.py:3006}}
Apr 13 02:27:04.502483 np0000165409 nova-conductor[112176]: DEBUG cotyledon.oslo_config_glue [-] oslo_messaging_rabbit.hostname = np0000165409 {{(pid=112176) log_opt_values /opt/stack/data/venv/lib/python3.12/site-packages/oslo_config/cfg.py:3006}}
Apr 13 02:27:04.502483 np0000165409 nova-conductor[112176]: DEBUG cotyledon.oslo_config_glue [-] oslo_messaging_rabbit.kombu_compression = None {{(pid=112176) log_opt_values /opt/stack/data/venv/lib/python3.12/site-packages/oslo_config/cfg.py:3006}}
Apr 13 02:27:04.502483 np0000165409 nova-conductor[112176]: DEBUG cotyledon.oslo_config_glue [-] oslo_messaging_rabbit.kombu_failover_strategy = round-robin {{(pid=112176) log_opt_values /opt/stack/data/venv/lib/python3.12/site-packages/oslo_config/cfg.py:3006}}
Apr 13 02:27:04.502995 np0000165409 nova-conductor[112176]: DEBUG cotyledon.oslo_config_glue [-] oslo_messaging_rabbit.kombu_missing_consumer_retry_timeout = 60 {{(pid=112176) log_opt_values /opt/stack/data/venv/lib/python3.12/site-packages/oslo_config/cfg.py:3006}}
Apr 13 02:27:04.502995 np0000165409 nova-conductor[112176]: DEBUG cotyledon.oslo_config_glue [-] oslo_messaging_rabbit.kombu_reconnect_delay = 1.0 {{(pid=112176) log_opt_values /opt/stack/data/venv/lib/python3.12/site-packages/oslo_config/cfg.py:3006}}
Apr 13 02:27:04.502995 np0000165409 nova-conductor[112176]: DEBUG cotyledon.oslo_config_glue [-] oslo_messaging_rabbit.kombu_reconnect_splay = 0.0 {{(pid=112176) log_opt_values /opt/stack/data/venv/lib/python3.12/site-packages/oslo_config/cfg.py:3006}}
Apr 13 02:27:04.502995 np0000165409 nova-conductor[112176]: DEBUG cotyledon.oslo_config_glue [-] oslo_messaging_rabbit.processname = nova-conductor {{(pid=112176) log_opt_values /opt/stack/data/venv/lib/python3.12/site-packages/oslo_config/cfg.py:3006}}
Apr 13 02:27:04.502995 np0000165409 nova-conductor[112176]: DEBUG cotyledon.oslo_config_glue [-] oslo_messaging_rabbit.rabbit_ha_queues = False {{(pid=112176) log_opt_values /opt/stack/data/venv/lib/python3.12/site-packages/oslo_config/cfg.py:3006}}
Apr 13 02:27:04.502995 np0000165409 nova-conductor[112176]: DEBUG cotyledon.oslo_config_glue [-] oslo_messaging_rabbit.rabbit_interval_max = 30 {{(pid=112176) log_opt_values /opt/stack/data/venv/lib/python3.12/site-packages/oslo_config/cfg.py:3006}}
Apr 13 02:27:04.502995 np0000165409 nova-conductor[112176]: DEBUG cotyledon.oslo_config_glue [-] oslo_messaging_rabbit.rabbit_login_method = AMQPLAIN {{(pid=112176) log_opt_values /opt/stack/data/venv/lib/python3.12/site-packages/oslo_config/cfg.py:3006}}
Apr 13 02:27:04.502995 np0000165409 nova-conductor[112176]: DEBUG cotyledon.oslo_config_glue [-] oslo_messaging_rabbit.rabbit_qos_prefetch_count = 0 {{(pid=112176) log_opt_values /opt/stack/data/venv/lib/python3.12/site-packages/oslo_config/cfg.py:3006}}
Apr 13 02:27:04.503251 np0000165409 nova-conductor[112176]: DEBUG cotyledon.oslo_config_glue [-] oslo_messaging_rabbit.rabbit_quorum_delivery_limit = 0 {{(pid=112176) log_opt_values /opt/stack/data/venv/lib/python3.12/site-packages/oslo_config/cfg.py:3006}}
Apr 13 02:27:04.503251 np0000165409 nova-conductor[112176]: DEBUG cotyledon.oslo_config_glue [-] oslo_messaging_rabbit.rabbit_quorum_max_memory_bytes = 0 {{(pid=112176) log_opt_values /opt/stack/data/venv/lib/python3.12/site-packages/oslo_config/cfg.py:3006}}
Apr 13 02:27:04.503251 np0000165409 nova-conductor[112176]: DEBUG cotyledon.oslo_config_glue [-] oslo_messaging_rabbit.rabbit_quorum_max_memory_length = 0 {{(pid=112176) log_opt_values /opt/stack/data/venv/lib/python3.12/site-packages/oslo_config/cfg.py:3006}}
Apr 13 02:27:04.503251 np0000165409 nova-conductor[112176]: DEBUG cotyledon.oslo_config_glue [-] oslo_messaging_rabbit.rabbit_quorum_queue = False {{(pid=112176) log_opt_values /opt/stack/data/venv/lib/python3.12/site-packages/oslo_config/cfg.py:3006}}
Apr 13 02:27:04.503251 np0000165409 nova-conductor[112176]: DEBUG cotyledon.oslo_config_glue [-] oslo_messaging_rabbit.rabbit_retry_backoff = 2 {{(pid=112176) log_opt_values /opt/stack/data/venv/lib/python3.12/site-packages/oslo_config/cfg.py:3006}}
Apr 13 02:27:04.503251 np0000165409 nova-conductor[112176]: DEBUG cotyledon.oslo_config_glue [-] oslo_messaging_rabbit.rabbit_retry_interval = 1 {{(pid=112176) log_opt_values /opt/stack/data/venv/lib/python3.12/site-packages/oslo_config/cfg.py:3006}}
Apr 13 02:27:04.503251 np0000165409 nova-conductor[112176]: DEBUG cotyledon.oslo_config_glue [-] oslo_messaging_rabbit.rabbit_stream_fanout = False {{(pid=112176) log_opt_values /opt/stack/data/venv/lib/python3.12/site-packages/oslo_config/cfg.py:3006}}
Apr 13 02:27:04.503251 np0000165409 nova-conductor[112176]: DEBUG cotyledon.oslo_config_glue [-] oslo_messaging_rabbit.rabbit_transient_queues_ttl = 1800 {{(pid=112176) log_opt_values /opt/stack/data/venv/lib/python3.12/site-packages/oslo_config/cfg.py:3006}}
Apr 13 02:27:04.503464 np0000165409 nova-conductor[112176]: DEBUG cotyledon.oslo_config_glue [-] oslo_messaging_rabbit.rabbit_transient_quorum_queue = False {{(pid=112176) log_opt_values /opt/stack/data/venv/lib/python3.12/site-packages/oslo_config/cfg.py:3006}}
Apr 13 02:27:04.503464 np0000165409 nova-conductor[112176]: DEBUG cotyledon.oslo_config_glue [-] oslo_messaging_rabbit.rpc_conn_pool_size = 30 {{(pid=112176) log_opt_values /opt/stack/data/venv/lib/python3.12/site-packages/oslo_config/cfg.py:3006}}
Apr 13 02:27:04.503464 np0000165409 nova-conductor[112176]: DEBUG cotyledon.oslo_config_glue [-] oslo_messaging_rabbit.ssl = False {{(pid=112176) log_opt_values /opt/stack/data/venv/lib/python3.12/site-packages/oslo_config/cfg.py:3006}}
Apr 13 02:27:04.503464 np0000165409 nova-conductor[112176]: DEBUG cotyledon.oslo_config_glue [-] oslo_messaging_rabbit.ssl_ca_file = {{(pid=112176) log_opt_values /opt/stack/data/venv/lib/python3.12/site-packages/oslo_config/cfg.py:3006}}
Apr 13 02:27:04.503464 np0000165409 nova-conductor[112176]: DEBUG cotyledon.oslo_config_glue [-] oslo_messaging_rabbit.ssl_cert_file = {{(pid=112176) log_opt_values /opt/stack/data/venv/lib/python3.12/site-packages/oslo_config/cfg.py:3006}}
Apr 13 02:27:04.503464 np0000165409 nova-conductor[112176]: DEBUG cotyledon.oslo_config_glue [-] oslo_messaging_rabbit.ssl_enforce_fips_mode = False {{(pid=112176) log_opt_values /opt/stack/data/venv/lib/python3.12/site-packages/oslo_config/cfg.py:3006}}
Apr 13 02:27:04.503464 np0000165409 nova-conductor[112176]: DEBUG cotyledon.oslo_config_glue [-] oslo_messaging_rabbit.ssl_key_file = {{(pid=112176) log_opt_values /opt/stack/data/venv/lib/python3.12/site-packages/oslo_config/cfg.py:3006}}
Apr 13 02:27:04.503464 np0000165409 nova-conductor[112176]: DEBUG cotyledon.oslo_config_glue [-] oslo_messaging_rabbit.ssl_version = {{(pid=112176) log_opt_values /opt/stack/data/venv/lib/python3.12/site-packages/oslo_config/cfg.py:3006}}
Apr 13 02:27:04.503464 np0000165409 nova-conductor[112176]: DEBUG cotyledon.oslo_config_glue [-] oslo_messaging_rabbit.use_queue_manager = False {{(pid=112176) log_opt_values /opt/stack/data/venv/lib/python3.12/site-packages/oslo_config/cfg.py:3006}}
Apr 13 02:27:04.503710 np0000165409 nova-conductor[112176]: DEBUG cotyledon.oslo_config_glue [-] oslo_messaging_notifications.driver = ['messagingv2'] {{(pid=112176) log_opt_values /opt/stack/data/venv/lib/python3.12/site-packages/oslo_config/cfg.py:3006}}
Apr 13 02:27:04.503710 np0000165409 nova-conductor[112176]: DEBUG cotyledon.oslo_config_glue [-] oslo_messaging_notifications.retry = -1 {{(pid=112176) log_opt_values /opt/stack/data/venv/lib/python3.12/site-packages/oslo_config/cfg.py:3006}}
Apr 13 02:27:04.503710 np0000165409 nova-conductor[112176]: DEBUG cotyledon.oslo_config_glue [-] oslo_messaging_notifications.topics = ['notifications'] {{(pid=112176) log_opt_values /opt/stack/data/venv/lib/python3.12/site-packages/oslo_config/cfg.py:3006}}
Apr 13 02:27:04.503710 np0000165409 nova-conductor[112176]: DEBUG cotyledon.oslo_config_glue [-] oslo_messaging_notifications.transport_url = **** {{(pid=112176) log_opt_values /opt/stack/data/venv/lib/python3.12/site-packages/oslo_config/cfg.py:3006}}
Apr 13 02:27:04.503710 np0000165409 nova-conductor[112176]: DEBUG cotyledon.oslo_config_glue [-] oslo_limit.auth_section = None {{(pid=112176) log_opt_values /opt/stack/data/venv/lib/python3.12/site-packages/oslo_config/cfg.py:3006}}
Apr 13 02:27:04.503710 np0000165409 nova-conductor[112176]: DEBUG cotyledon.oslo_config_glue [-] oslo_limit.auth_type = None {{(pid=112176) log_opt_values /opt/stack/data/venv/lib/python3.12/site-packages/oslo_config/cfg.py:3006}}
Apr 13 02:27:04.503710 np0000165409 nova-conductor[112176]: DEBUG cotyledon.oslo_config_glue [-] oslo_limit.cafile = None {{(pid=112176) log_opt_values /opt/stack/data/venv/lib/python3.12/site-packages/oslo_config/cfg.py:3006}}
Apr 13 02:27:04.503710 np0000165409 nova-conductor[112176]: DEBUG cotyledon.oslo_config_glue [-] oslo_limit.certfile = None {{(pid=112176) log_opt_values /opt/stack/data/venv/lib/python3.12/site-packages/oslo_config/cfg.py:3006}}
Apr 13 02:27:04.503710 np0000165409 nova-conductor[112176]: DEBUG cotyledon.oslo_config_glue [-] oslo_limit.collect_timing = False {{(pid=112176) log_opt_values /opt/stack/data/venv/lib/python3.12/site-packages/oslo_config/cfg.py:3006}}
Apr 13 02:27:04.503954 np0000165409 nova-conductor[112176]: DEBUG cotyledon.oslo_config_glue [-] oslo_limit.connect_retries = None {{(pid=112176) log_opt_values /opt/stack/data/venv/lib/python3.12/site-packages/oslo_config/cfg.py:3006}}
Apr 13 02:27:04.503954 np0000165409 nova-conductor[112176]: DEBUG cotyledon.oslo_config_glue [-] oslo_limit.connect_retry_delay = None {{(pid=112176) log_opt_values /opt/stack/data/venv/lib/python3.12/site-packages/oslo_config/cfg.py:3006}}
Apr 13 02:27:04.503954 np0000165409 nova-conductor[112176]: DEBUG cotyledon.oslo_config_glue [-] oslo_limit.endpoint_id = None {{(pid=112176) log_opt_values /opt/stack/data/venv/lib/python3.12/site-packages/oslo_config/cfg.py:3006}}
Apr 13 02:27:04.503954 np0000165409 nova-conductor[112176]: DEBUG cotyledon.oslo_config_glue [-] oslo_limit.endpoint_interface = public {{(pid=112176) log_opt_values /opt/stack/data/venv/lib/python3.12/site-packages/oslo_config/cfg.py:3006}}
Apr 13 02:27:04.503954 np0000165409 nova-conductor[112176]: DEBUG cotyledon.oslo_config_glue [-] oslo_limit.endpoint_override = None {{(pid=112176) log_opt_values /opt/stack/data/venv/lib/python3.12/site-packages/oslo_config/cfg.py:3006}}
Apr 13 02:27:04.503954 np0000165409 nova-conductor[112176]: DEBUG cotyledon.oslo_config_glue [-] oslo_limit.endpoint_region_name = None {{(pid=112176) log_opt_values /opt/stack/data/venv/lib/python3.12/site-packages/oslo_config/cfg.py:3006}}
Apr 13 02:27:04.503954 np0000165409 nova-conductor[112176]: DEBUG cotyledon.oslo_config_glue [-] oslo_limit.endpoint_service_name = None {{(pid=112176) log_opt_values /opt/stack/data/venv/lib/python3.12/site-packages/oslo_config/cfg.py:3006}}
Apr 13 02:27:04.503954 np0000165409 nova-conductor[112176]: DEBUG cotyledon.oslo_config_glue [-] oslo_limit.endpoint_service_type = None {{(pid=112176) log_opt_values /opt/stack/data/venv/lib/python3.12/site-packages/oslo_config/cfg.py:3006}}
Apr 13 02:27:04.503954 np0000165409 nova-conductor[112176]: DEBUG cotyledon.oslo_config_glue [-] oslo_limit.insecure = False {{(pid=112176) log_opt_values /opt/stack/data/venv/lib/python3.12/site-packages/oslo_config/cfg.py:3006}}
Apr 13 02:27:04.504243 np0000165409 nova-conductor[112176]: DEBUG cotyledon.oslo_config_glue [-] oslo_limit.keyfile = None {{(pid=112176) log_opt_values /opt/stack/data/venv/lib/python3.12/site-packages/oslo_config/cfg.py:3006}}
Apr 13 02:27:04.504243 np0000165409 nova-conductor[112176]: DEBUG cotyledon.oslo_config_glue [-] oslo_limit.max_version = None {{(pid=112176) log_opt_values /opt/stack/data/venv/lib/python3.12/site-packages/oslo_config/cfg.py:3006}}
Apr 13 02:27:04.504243 np0000165409 nova-conductor[112176]: DEBUG cotyledon.oslo_config_glue [-] oslo_limit.min_version = None {{(pid=112176) log_opt_values /opt/stack/data/venv/lib/python3.12/site-packages/oslo_config/cfg.py:3006}}
Apr 13 02:27:04.504243 np0000165409 nova-conductor[112176]: DEBUG cotyledon.oslo_config_glue [-] oslo_limit.region_name = None {{(pid=112176) log_opt_values /opt/stack/data/venv/lib/python3.12/site-packages/oslo_config/cfg.py:3006}}
Apr 13 02:27:04.504243 np0000165409 nova-conductor[112176]: DEBUG cotyledon.oslo_config_glue [-] oslo_limit.retriable_status_codes = None {{(pid=112176) log_opt_values /opt/stack/data/venv/lib/python3.12/site-packages/oslo_config/cfg.py:3006}}
Apr 13 02:27:04.504243 np0000165409 nova-conductor[112176]: DEBUG cotyledon.oslo_config_glue [-] oslo_limit.service_name = None {{(pid=112176) log_opt_values /opt/stack/data/venv/lib/python3.12/site-packages/oslo_config/cfg.py:3006}}
Apr 13 02:27:04.504243 np0000165409 nova-conductor[112176]: DEBUG cotyledon.oslo_config_glue [-] oslo_limit.service_type = None {{(pid=112176) log_opt_values /opt/stack/data/venv/lib/python3.12/site-packages/oslo_config/cfg.py:3006}}
Apr 13 02:27:04.504243 np0000165409 nova-conductor[112176]: DEBUG cotyledon.oslo_config_glue [-] oslo_limit.split_loggers = False {{(pid=112176) log_opt_values /opt/stack/data/venv/lib/python3.12/site-packages/oslo_config/cfg.py:3006}}
Apr 13 02:27:04.504243 np0000165409 nova-conductor[112176]: DEBUG cotyledon.oslo_config_glue [-] oslo_limit.status_code_retries = None {{(pid=112176) log_opt_values /opt/stack/data/venv/lib/python3.12/site-packages/oslo_config/cfg.py:3006}}
Apr 13 02:27:04.504572 np0000165409 nova-conductor[112176]: DEBUG cotyledon.oslo_config_glue [-] oslo_limit.status_code_retry_delay = None {{(pid=112176) log_opt_values /opt/stack/data/venv/lib/python3.12/site-packages/oslo_config/cfg.py:3006}}
Apr 13 02:27:04.504572 np0000165409 nova-conductor[112176]: DEBUG cotyledon.oslo_config_glue [-] oslo_limit.timeout = None {{(pid=112176) log_opt_values /opt/stack/data/venv/lib/python3.12/site-packages/oslo_config/cfg.py:3006}}
Apr 13 02:27:04.504572 np0000165409 nova-conductor[112176]: DEBUG cotyledon.oslo_config_glue [-] oslo_limit.valid_interfaces = None {{(pid=112176) log_opt_values /opt/stack/data/venv/lib/python3.12/site-packages/oslo_config/cfg.py:3006}}
Apr 13 02:27:04.504572 np0000165409 nova-conductor[112176]: DEBUG cotyledon.oslo_config_glue [-] oslo_limit.version = None {{(pid=112176) log_opt_values /opt/stack/data/venv/lib/python3.12/site-packages/oslo_config/cfg.py:3006}}
Apr 13 02:27:04.504572 np0000165409 nova-conductor[112176]: DEBUG cotyledon.oslo_config_glue [-] oslo_reports.file_event_handler = None {{(pid=112176) log_opt_values /opt/stack/data/venv/lib/python3.12/site-packages/oslo_config/cfg.py:3006}}
Apr 13 02:27:04.504572 np0000165409 nova-conductor[112176]: DEBUG cotyledon.oslo_config_glue [-] oslo_reports.file_event_handler_interval = 1 {{(pid=112176) log_opt_values /opt/stack/data/venv/lib/python3.12/site-packages/oslo_config/cfg.py:3006}}
Apr 13 02:27:04.504572 np0000165409 nova-conductor[112176]: DEBUG cotyledon.oslo_config_glue [-] oslo_reports.log_dir = None {{(pid=112176) log_opt_values /opt/stack/data/venv/lib/python3.12/site-packages/oslo_config/cfg.py:3006}}
Apr 13 02:27:04.504572 np0000165409 nova-conductor[112176]: DEBUG cotyledon.oslo_config_glue [-] ******************************************************************************** {{(pid=112176) log_opt_values /opt/stack/data/venv/lib/python3.12/site-packages/oslo_config/cfg.py:3013}}
Apr 13 02:27:04.504782 np0000165409 nova-conductor[112163]: DEBUG nova.service [None req-6ba64dc6-dd2f-4f1c-8c14-815488a76fec None None] Creating RPC server for service: nova-conductor on topic: conductor {{(pid=112163) start /opt/stack/nova/nova/service.py:195}}
Apr 13 02:27:04.504815 np0000165409 nova-conductor[112176]: DEBUG cotyledon._service_worker [-] Run service ServiceWrapper(3) [112176] {{(pid=112176) wait_forever /opt/stack/data/venv/lib/python3.12/site-packages/cotyledon/_service_worker.py:218}}
Apr 13 02:27:04.504815 np0000165409 nova-conductor[112176]: INFO nova.service [-] Starting conductor node (version 33.1.0)
Apr 13 02:27:04.504874 np0000165409 nova-conductor[112170]: DEBUG oslo_db.sqlalchemy.engines [None req-08601cd4-7700-4daf-bb89-fb5eb8dc4dd8 None None] MySQL server mode set to STRICT_TRANS_TABLES,STRICT_ALL_TABLES,NO_ZERO_IN_DATE,NO_ZERO_DATE,ERROR_FOR_DIVISION_BY_ZERO,TRADITIONAL,NO_ENGINE_SUBSTITUTION {{(pid=112170) _check_effective_sql_mode /opt/stack/data/venv/lib/python3.12/site-packages/oslo_db/sqlalchemy/engines.py:325}}
Apr 13 02:27:04.504905 np0000165409 nova-conductor[112176]: INFO dbcounter [None req-8bcdd323-a04d-43a4-a03d-490943544ff0 None None] Registered counter for database nova_cell0
Apr 13 02:27:04.504934 np0000165409 nova-conductor[112170]: DEBUG dbcounter [-] [112170] Writer thread running {{(pid=112170) stat_writer /opt/stack/data/venv/lib/python3.12/site-packages/dbcounter.py:102}}
Apr 13 02:27:04.504961 np0000165409 nova-conductor[112176]: DEBUG oslo_db.sqlalchemy.engines [None req-8bcdd323-a04d-43a4-a03d-490943544ff0 None None] MySQL server mode set to STRICT_TRANS_TABLES,STRICT_ALL_TABLES,NO_ZERO_IN_DATE,NO_ZERO_DATE,ERROR_FOR_DIVISION_BY_ZERO,TRADITIONAL,NO_ENGINE_SUBSTITUTION {{(pid=112176) _check_effective_sql_mode /opt/stack/data/venv/lib/python3.12/site-packages/oslo_db/sqlalchemy/engines.py:325}}
Apr 13 02:27:04.505017 np0000165409 nova-conductor[112170]: DEBUG nova.service [None req-08601cd4-7700-4daf-bb89-fb5eb8dc4dd8 None None] Creating RPC server for service: nova-conductor on topic: conductor {{(pid=112170) start /opt/stack/nova/nova/service.py:195}}
Apr 13 02:27:04.505059 np0000165409 nova-conductor[112176]: DEBUG dbcounter [-] [112176] Writer thread running {{(pid=112176) stat_writer /opt/stack/data/venv/lib/python3.12/site-packages/dbcounter.py:102}}
Apr 13 02:27:04.505093 np0000165409 nova-conductor[112154]: DEBUG nova.service [None req-d6491fb0-6efa-4756-aed5-2a6df7a930bd None None] Join ServiceGroup membership for this service conductor {{(pid=112154) start /opt/stack/nova/nova/service.py:221}}
Apr 13 02:27:04.505093 np0000165409 nova-conductor[112154]: DEBUG nova.servicegroup.drivers.db [None req-d6491fb0-6efa-4756-aed5-2a6df7a930bd None None] DB_Driver: join new ServiceGroup member np0000165409 to the conductor group, service = {{(pid=112154) join /opt/stack/nova/nova/servicegroup/drivers/db.py:44}}
Apr 13 02:27:04.505174 np0000165409 nova-conductor[112163]: DEBUG nova.service [None req-6ba64dc6-dd2f-4f1c-8c14-815488a76fec None None] Join ServiceGroup membership for this service conductor {{(pid=112163) start /opt/stack/nova/nova/service.py:221}}
Apr 13 02:27:04.505174 np0000165409 nova-conductor[112163]: DEBUG nova.servicegroup.drivers.db [None req-6ba64dc6-dd2f-4f1c-8c14-815488a76fec None None] DB_Driver: join new ServiceGroup member np0000165409 to the conductor group, service = {{(pid=112163) join /opt/stack/nova/nova/servicegroup/drivers/db.py:44}}
Apr 13 02:27:04.505250 np0000165409 nova-conductor[112176]: DEBUG nova.service [None req-8bcdd323-a04d-43a4-a03d-490943544ff0 None None] Creating RPC server for service: nova-conductor on topic: conductor {{(pid=112176) start /opt/stack/nova/nova/service.py:195}}
Apr 13 02:27:04.505290 np0000165409 nova-conductor[112170]: DEBUG nova.service [None req-08601cd4-7700-4daf-bb89-fb5eb8dc4dd8 None None] Join ServiceGroup membership for this service conductor {{(pid=112170) start /opt/stack/nova/nova/service.py:221}}
Apr 13 02:27:04.505290 np0000165409 nova-conductor[112170]: DEBUG nova.servicegroup.drivers.db [None req-08601cd4-7700-4daf-bb89-fb5eb8dc4dd8 None None] DB_Driver: join new ServiceGroup member np0000165409 to the conductor group, service = {{(pid=112170) join /opt/stack/nova/nova/servicegroup/drivers/db.py:44}}
Apr 13 02:27:04.517510 np0000165409 nova-conductor[112176]: DEBUG nova.service [None req-8bcdd323-a04d-43a4-a03d-490943544ff0 None None] Join ServiceGroup membership for this service conductor {{(pid=112176) start /opt/stack/nova/nova/service.py:221}}
Apr 13 02:27:04.517944 np0000165409 nova-conductor[112176]: DEBUG nova.servicegroup.drivers.db [None req-8bcdd323-a04d-43a4-a03d-490943544ff0 None None] DB_Driver: join new ServiceGroup member np0000165409 to the conductor group, service = {{(pid=112176) join /opt/stack/nova/nova/servicegroup/drivers/db.py:44}}
Apr 13 02:27:09.522546 np0000165409 nova-conductor[112154]: DEBUG oslo.service.backend._threading.loopingcall [-] Fixed interval looping call 'nova.servicegroup.drivers.db.DbDriver._report_state' sleeping for 119.98 seconds {{(pid=112154) _run_loop /opt/stack/data/venv/lib/python3.12/site-packages/oslo_service/backend/_threading/loopingcall.py:125}}
Apr 13 02:27:09.523163 np0000165409 nova-conductor[112163]: DEBUG oslo.service.backend._threading.loopingcall [-] Fixed interval looping call 'nova.servicegroup.drivers.db.DbDriver._report_state' sleeping for 119.98 seconds {{(pid=112163) _run_loop /opt/stack/data/venv/lib/python3.12/site-packages/oslo_service/backend/_threading/loopingcall.py:125}}
Apr 13 02:27:09.524038 np0000165409 nova-conductor[112170]: DEBUG oslo.service.backend._threading.loopingcall [-] Fixed interval looping call 'nova.servicegroup.drivers.db.DbDriver._report_state' sleeping for 119.98 seconds {{(pid=112170) _run_loop /opt/stack/data/venv/lib/python3.12/site-packages/oslo_service/backend/_threading/loopingcall.py:125}}
Apr 13 02:27:09.533288 np0000165409 nova-conductor[112176]: DEBUG oslo.service.backend._threading.loopingcall [-] Fixed interval looping call 'nova.servicegroup.drivers.db.DbDriver._report_state' sleeping for 119.99 seconds {{(pid=112176) _run_loop /opt/stack/data/venv/lib/python3.12/site-packages/oslo_service/backend/_threading/loopingcall.py:125}}
Apr 13 02:27:13.091136 np0000165409 nova-conductor[111391]: DEBUG dbcounter [-] [111391] Writing DB stats nova_api:SELECT=1 {{(pid=111391) stat_writer /opt/stack/data/venv/lib/python3.12/site-packages/dbcounter.py:115}}
Apr 13 02:27:13.224314 np0000165409 nova-conductor[111391]: DEBUG dbcounter [-] [111391] Writing DB stats nova_cell0:SELECT=1 {{(pid=111391) stat_writer /opt/stack/data/venv/lib/python3.12/site-packages/dbcounter.py:115}}
Apr 13 02:27:13.226244 np0000165409 nova-conductor[111391]: DEBUG dbcounter [-] [111391] Writing DB stats nova_cell1:SELECT=1 {{(pid=111391) stat_writer /opt/stack/data/venv/lib/python3.12/site-packages/dbcounter.py:115}}
Apr 13 02:27:15.498068 np0000165409 nova-conductor[112163]: DEBUG oslo.service.backend._threading.loopingcall [None req-93e42771-a1f7-4293-b0a1-fa42f37a7065 None None] Dynamic interval looping call 'nova.service.Service.periodic_tasks' sleeping for 60.00 seconds {{(pid=112163) _run_loop /opt/stack/data/venv/lib/python3.12/site-packages/oslo_service/backend/_threading/loopingcall.py:125}}
Apr 13 02:27:19.515477 np0000165409 nova-conductor[112154]: DEBUG dbcounter [-] [112154] Writing DB stats nova_cell0:SELECT=4,nova_cell0:INSERT=1,nova_cell0:UPDATE=1 {{(pid=112154) stat_writer /opt/stack/data/venv/lib/python3.12/site-packages/dbcounter.py:115}}
Apr 13 02:27:19.515770 np0000165409 nova-conductor[112163]: DEBUG dbcounter [-] [112163] Writing DB stats nova_cell0:SELECT=3,nova_cell0:UPDATE=1 {{(pid=112163) stat_writer /opt/stack/data/venv/lib/python3.12/site-packages/dbcounter.py:115}}
Apr 13 02:27:19.518909 np0000165409 nova-conductor[112170]: DEBUG dbcounter [-] [112170] Writing DB stats nova_cell0:SELECT=3,nova_cell0:UPDATE=1 {{(pid=112170) stat_writer /opt/stack/data/venv/lib/python3.12/site-packages/dbcounter.py:115}}
Apr 13 02:27:19.530619 np0000165409 nova-conductor[112176]: DEBUG dbcounter [-] [112176] Writing DB stats nova_cell0:SELECT=3 {{(pid=112176) stat_writer /opt/stack/data/venv/lib/python3.12/site-packages/dbcounter.py:115}}
Apr 13 02:27:48.522890 np0000165409 nova-conductor[112176]: DEBUG oslo.service.backend._threading.loopingcall [None req-a6e92caf-d21a-46ad-9f48-b332de9ca9b8 None None] Dynamic interval looping call 'nova.service.Service.periodic_tasks' sleeping for 60.00 seconds {{(pid=112176) _run_loop /opt/stack/data/venv/lib/python3.12/site-packages/oslo_service/backend/_threading/loopingcall.py:125}}
Apr 13 02:28:01.498728 np0000165409 nova-conductor[112154]: DEBUG oslo.service.backend._threading.loopingcall [None req-3dab788f-d568-4eec-8889-a77a014e0fb8 None None] Dynamic interval looping call 'nova.service.Service.periodic_tasks' sleeping for 60.00 seconds {{(pid=112154) _run_loop /opt/stack/data/venv/lib/python3.12/site-packages/oslo_service/backend/_threading/loopingcall.py:125}}
Apr 13 02:28:02.508083 np0000165409 nova-conductor[112170]: DEBUG oslo.service.backend._threading.loopingcall [None req-2b21cf77-e2a8-470a-9f5b-562af803907c None None] Dynamic interval looping call 'nova.service.Service.periodic_tasks' sleeping for 60.00 seconds {{(pid=112170) _run_loop /opt/stack/data/venv/lib/python3.12/site-packages/oslo_service/backend/_threading/loopingcall.py:125}}
Apr 13 02:28:15.498828 np0000165409 nova-conductor[112163]: DEBUG oslo.service.backend._threading.loopingcall [None req-93e42771-a1f7-4293-b0a1-fa42f37a7065 None None] Dynamic interval looping call 'nova.service.Service.periodic_tasks' sleeping for 60.00 seconds {{(pid=112163) _run_loop /opt/stack/data/venv/lib/python3.12/site-packages/oslo_service/backend/_threading/loopingcall.py:125}}
Apr 13 02:28:48.521744 np0000165409 nova-conductor[112176]: DEBUG oslo.service.backend._threading.loopingcall [None req-a6e92caf-d21a-46ad-9f48-b332de9ca9b8 None None] Dynamic interval looping call 'nova.service.Service.periodic_tasks' sleeping for 60.00 seconds {{(pid=112176) _run_loop /opt/stack/data/venv/lib/python3.12/site-packages/oslo_service/backend/_threading/loopingcall.py:125}}
Apr 13 02:29:01.499621 np0000165409 nova-conductor[112154]: DEBUG oslo.service.backend._threading.loopingcall [None req-3dab788f-d568-4eec-8889-a77a014e0fb8 None None] Dynamic interval looping call 'nova.service.Service.periodic_tasks' sleeping for 60.00 seconds {{(pid=112154) _run_loop /opt/stack/data/venv/lib/python3.12/site-packages/oslo_service/backend/_threading/loopingcall.py:125}}
Apr 13 02:29:02.508798 np0000165409 nova-conductor[112170]: DEBUG oslo.service.backend._threading.loopingcall [None req-2b21cf77-e2a8-470a-9f5b-562af803907c None None] Dynamic interval looping call 'nova.service.Service.periodic_tasks' sleeping for 60.00 seconds {{(pid=112170) _run_loop /opt/stack/data/venv/lib/python3.12/site-packages/oslo_service/backend/_threading/loopingcall.py:125}}
Apr 13 02:29:09.517424 np0000165409 nova-conductor[112154]: DEBUG oslo.service.backend._threading.loopingcall [-] Fixed interval looping call 'nova.servicegroup.drivers.db.DbDriver._report_state' sleeping for 119.99 seconds {{(pid=112154) _run_loop /opt/stack/data/venv/lib/python3.12/site-packages/oslo_service/backend/_threading/loopingcall.py:125}}
Apr 13 02:29:09.518940 np0000165409 nova-conductor[112170]: DEBUG oslo.service.backend._threading.loopingcall [-] Fixed interval looping call 'nova.servicegroup.drivers.db.DbDriver._report_state' sleeping for 119.99 seconds {{(pid=112170) _run_loop /opt/stack/data/venv/lib/python3.12/site-packages/oslo_service/backend/_threading/loopingcall.py:125}}
Apr 13 02:29:09.519546 np0000165409 nova-conductor[112163]: DEBUG oslo.service.backend._threading.loopingcall [-] Fixed interval looping call 'nova.servicegroup.drivers.db.DbDriver._report_state' sleeping for 119.98 seconds {{(pid=112163) _run_loop /opt/stack/data/venv/lib/python3.12/site-packages/oslo_service/backend/_threading/loopingcall.py:125}}
Apr 13 02:29:09.533579 np0000165409 nova-conductor[112176]: DEBUG oslo.service.backend._threading.loopingcall [-] Fixed interval looping call 'nova.servicegroup.drivers.db.DbDriver._report_state' sleeping for 119.99 seconds {{(pid=112176) _run_loop /opt/stack/data/venv/lib/python3.12/site-packages/oslo_service/backend/_threading/loopingcall.py:125}}
Apr 13 02:29:15.499909 np0000165409 nova-conductor[112163]: DEBUG oslo.service.backend._threading.loopingcall [None req-93e42771-a1f7-4293-b0a1-fa42f37a7065 None None] Dynamic interval looping call 'nova.service.Service.periodic_tasks' sleeping for 60.00 seconds {{(pid=112163) _run_loop /opt/stack/data/venv/lib/python3.12/site-packages/oslo_service/backend/_threading/loopingcall.py:125}}
Apr 13 02:29:19.512256 np0000165409 nova-conductor[112154]: DEBUG dbcounter [-] [112154] Writing DB stats nova_cell0:SELECT=1,nova_cell0:UPDATE=1 {{(pid=112154) stat_writer /opt/stack/data/venv/lib/python3.12/site-packages/dbcounter.py:115}}
Apr 13 02:29:19.515285 np0000165409 nova-conductor[112170]: DEBUG dbcounter [-] [112170] Writing DB stats nova_cell0:SELECT=1,nova_cell0:UPDATE=1 {{(pid=112170) stat_writer /opt/stack/data/venv/lib/python3.12/site-packages/dbcounter.py:115}}
Apr 13 02:29:19.515739 np0000165409 nova-conductor[112163]: DEBUG dbcounter [-] [112163] Writing DB stats nova_cell0:SELECT=1,nova_cell0:UPDATE=1 {{(pid=112163) stat_writer /opt/stack/data/venv/lib/python3.12/site-packages/dbcounter.py:115}}
Apr 13 02:29:19.530615 np0000165409 nova-conductor[112176]: DEBUG dbcounter [-] [112176] Writing DB stats nova_cell0:SELECT=1 {{(pid=112176) stat_writer /opt/stack/data/venv/lib/python3.12/site-packages/dbcounter.py:115}}
Apr 13 02:29:48.522933 np0000165409 nova-conductor[112176]: DEBUG oslo.service.backend._threading.loopingcall [None req-a6e92caf-d21a-46ad-9f48-b332de9ca9b8 None None] Dynamic interval looping call 'nova.service.Service.periodic_tasks' sleeping for 60.00 seconds {{(pid=112176) _run_loop /opt/stack/data/venv/lib/python3.12/site-packages/oslo_service/backend/_threading/loopingcall.py:125}}
Apr 13 02:30:01.500429 np0000165409 nova-conductor[112154]: DEBUG oslo.service.backend._threading.loopingcall [None req-3dab788f-d568-4eec-8889-a77a014e0fb8 None None] Dynamic interval looping call 'nova.service.Service.periodic_tasks' sleeping for 60.00 seconds {{(pid=112154) _run_loop /opt/stack/data/venv/lib/python3.12/site-packages/oslo_service/backend/_threading/loopingcall.py:125}}
Apr 13 02:30:02.509473 np0000165409 nova-conductor[112170]: DEBUG oslo.service.backend._threading.loopingcall [None req-2b21cf77-e2a8-470a-9f5b-562af803907c None None] Dynamic interval looping call 'nova.service.Service.periodic_tasks' sleeping for 60.00 seconds {{(pid=112170) _run_loop /opt/stack/data/venv/lib/python3.12/site-packages/oslo_service/backend/_threading/loopingcall.py:125}}
Apr 13 02:30:15.500615 np0000165409 nova-conductor[112163]: DEBUG oslo.service.backend._threading.loopingcall [None req-93e42771-a1f7-4293-b0a1-fa42f37a7065 None None] Dynamic interval looping call 'nova.service.Service.periodic_tasks' sleeping for 60.00 seconds {{(pid=112163) _run_loop /opt/stack/data/venv/lib/python3.12/site-packages/oslo_service/backend/_threading/loopingcall.py:125}}
Apr 13 02:30:48.523937 np0000165409 nova-conductor[112176]: DEBUG oslo.service.backend._threading.loopingcall [None req-a6e92caf-d21a-46ad-9f48-b332de9ca9b8 None None] Dynamic interval looping call 'nova.service.Service.periodic_tasks' sleeping for 60.00 seconds {{(pid=112176) _run_loop /opt/stack/data/venv/lib/python3.12/site-packages/oslo_service/backend/_threading/loopingcall.py:125}}
Apr 13 02:31:01.501311 np0000165409 nova-conductor[112154]: DEBUG oslo.service.backend._threading.loopingcall [None req-3dab788f-d568-4eec-8889-a77a014e0fb8 None None] Dynamic interval looping call 'nova.service.Service.periodic_tasks' sleeping for 60.00 seconds {{(pid=112154) _run_loop /opt/stack/data/venv/lib/python3.12/site-packages/oslo_service/backend/_threading/loopingcall.py:125}}
Apr 13 02:31:02.510172 np0000165409 nova-conductor[112170]: DEBUG oslo.service.backend._threading.loopingcall [None req-2b21cf77-e2a8-470a-9f5b-562af803907c None None] Dynamic interval looping call 'nova.service.Service.periodic_tasks' sleeping for 60.00 seconds {{(pid=112170) _run_loop /opt/stack/data/venv/lib/python3.12/site-packages/oslo_service/backend/_threading/loopingcall.py:125}}
Apr 13 02:31:09.508906 np0000165409 nova-conductor[112163]: DEBUG oslo.service.backend._threading.loopingcall [-] Fixed interval looping call 'nova.servicegroup.drivers.db.DbDriver._report_state' sleeping for 119.99 seconds {{(pid=112163) _run_loop /opt/stack/data/venv/lib/python3.12/site-packages/oslo_service/backend/_threading/loopingcall.py:125}}
Apr 13 02:31:09.511607 np0000165409 nova-conductor[112170]: DEBUG oslo.service.backend._threading.loopingcall [-] Fixed interval looping call 'nova.servicegroup.drivers.db.DbDriver._report_state' sleeping for 120.00 seconds {{(pid=112170) _run_loop /opt/stack/data/venv/lib/python3.12/site-packages/oslo_service/backend/_threading/loopingcall.py:125}}
Apr 13 02:31:09.516744 np0000165409 nova-conductor[112154]: DEBUG oslo.service.backend._threading.loopingcall [-] Fixed interval looping call 'nova.servicegroup.drivers.db.DbDriver._report_state' sleeping for 119.99 seconds {{(pid=112154) _run_loop /opt/stack/data/venv/lib/python3.12/site-packages/oslo_service/backend/_threading/loopingcall.py:125}}
Apr 13 02:31:09.525457 np0000165409 nova-conductor[112154]: INFO nova.utils [None req-811e14db-b82c-4b81-b49f-a8f1cf0a5185 demo demo] The cell worker thread pool ForkProcess-1.cell_worker is initialized
Apr 13 02:31:09.525911 np0000165409 nova-conductor[112154]: DEBUG oslo_concurrency.lockutils [None req-811e14db-b82c-4b81-b49f-a8f1cf0a5185 demo demo] Acquiring lock "85e8e450-e47c-4f42-a30c-a45ac4b97425" by "nova.context.set_target_cell..get_or_set_cached_cell_and_set_connections" {{(pid=112154) inner /opt/stack/data/venv/lib/python3.12/site-packages/oslo_concurrency/lockutils.py:506}}
