Apr 13 02:26:22.661105 np0000165409 neutron-periodic-workers[106501]: DEBUG cotyledon.oslo_config_glue [-] ml2.physical_network_mtus = {} {{(pid=106501) log_opt_values /opt/stack/data/venv/lib/python3.12/site-packages/oslo_config/cfg.py:3006}}
Apr 13 02:26:22.661761 np0000165409 neutron-periodic-workers[106501]: DEBUG cotyledon.oslo_config_glue [-] ml2.project_network_types = ['geneve'] {{(pid=106501) log_opt_values /opt/stack/data/venv/lib/python3.12/site-packages/oslo_config/cfg.py:3006}}
Apr 13 02:26:22.661761 np0000165409 neutron-periodic-workers[106501]: DEBUG cotyledon.oslo_config_glue [-] ml2.tunnelled_network_rp_name = rp_tunnelled {{(pid=106501) log_opt_values /opt/stack/data/venv/lib/python3.12/site-packages/oslo_config/cfg.py:3006}}
Apr 13 02:26:22.661761 np0000165409 neutron-periodic-workers[106501]: DEBUG cotyledon.oslo_config_glue [-] ml2.type_drivers = ['local', 'flat', 'vlan', 'geneve'] {{(pid=106501) log_opt_values /opt/stack/data/venv/lib/python3.12/site-packages/oslo_config/cfg.py:3006}}
Apr 13 02:26:22.661761 np0000165409 neutron-periodic-workers[106501]: DEBUG cotyledon.oslo_config_glue [-] ml2_type_flat.flat_networks = ['public'] {{(pid=106501) log_opt_values /opt/stack/data/venv/lib/python3.12/site-packages/oslo_config/cfg.py:3006}}
Apr 13 02:26:22.661761 np0000165409 neutron-periodic-workers[106501]: DEBUG cotyledon.oslo_config_glue [-] ml2_type_geneve.max_header_size = 38 {{(pid=106501) log_opt_values /opt/stack/data/venv/lib/python3.12/site-packages/oslo_config/cfg.py:3006}}
Apr 13 02:26:22.661761 np0000165409 neutron-periodic-workers[106501]: DEBUG cotyledon.oslo_config_glue [-] ml2_type_geneve.vni_ranges = ['1:65536'] {{(pid=106501) log_opt_values /opt/stack/data/venv/lib/python3.12/site-packages/oslo_config/cfg.py:3006}}
Apr 13 02:26:22.661761 np0000165409 neutron-periodic-workers[106501]: DEBUG cotyledon.oslo_config_glue [-] ml2_type_vlan.network_vlan_ranges = ['public'] {{(pid=106501) log_opt_values /opt/stack/data/venv/lib/python3.12/site-packages/oslo_config/cfg.py:3006}}
Apr 13 02:26:22.661761 np0000165409 neutron-periodic-workers[106501]: DEBUG cotyledon.oslo_config_glue [-] network_log.burst_limit = 25 {{(pid=106501) log_opt_values /opt/stack/data/venv/lib/python3.12/site-packages/oslo_config/cfg.py:3006}}
Apr 13 02:26:22.661761 np0000165409 neutron-periodic-workers[106501]: DEBUG cotyledon.oslo_config_glue [-] network_log.local_output_log_base = None {{(pid=106501) log_opt_values /opt/stack/data/venv/lib/python3.12/site-packages/oslo_config/cfg.py:3006}}
Apr 13 02:26:22.662497 np0000165409 neutron-periodic-workers[106501]: DEBUG cotyledon.oslo_config_glue [-] network_log.rate_limit = 100 {{(pid=106501) log_opt_values /opt/stack/data/venv/lib/python3.12/site-packages/oslo_config/cfg.py:3006}}
Apr 13 02:26:22.662497 np0000165409 neutron-periodic-workers[106501]: DEBUG cotyledon.oslo_config_glue [-] database.asyncio_connection = **** {{(pid=106501) log_opt_values /opt/stack/data/venv/lib/python3.12/site-packages/oslo_config/cfg.py:3006}}
Apr 13 02:26:22.662497 np0000165409 neutron-periodic-workers[106501]: DEBUG cotyledon.oslo_config_glue [-] database.asyncio_slave_connection = **** {{(pid=106501) log_opt_values /opt/stack/data/venv/lib/python3.12/site-packages/oslo_config/cfg.py:3006}}
Apr 13 02:26:22.662497 np0000165409 neutron-periodic-workers[106501]: DEBUG cotyledon.oslo_config_glue [-] database.backend = sqlalchemy {{(pid=106501) log_opt_values /opt/stack/data/venv/lib/python3.12/site-packages/oslo_config/cfg.py:3006}}
Apr 13 02:26:22.662497 np0000165409 neutron-periodic-workers[106501]: DEBUG cotyledon.oslo_config_glue [-] database.connection = **** {{(pid=106501) log_opt_values /opt/stack/data/venv/lib/python3.12/site-packages/oslo_config/cfg.py:3006}}
Apr 13 02:26:22.662497 np0000165409 neutron-periodic-workers[106501]: DEBUG cotyledon.oslo_config_glue [-] database.connection_debug = 0 {{(pid=106501) log_opt_values /opt/stack/data/venv/lib/python3.12/site-packages/oslo_config/cfg.py:3006}}
Apr 13 02:26:22.662497 np0000165409 neutron-periodic-workers[106501]: DEBUG cotyledon.oslo_config_glue [-] database.connection_parameters = {{(pid=106501) log_opt_values /opt/stack/data/venv/lib/python3.12/site-packages/oslo_config/cfg.py:3006}}
Apr 13 02:26:22.662497 np0000165409 neutron-periodic-workers[106501]: DEBUG cotyledon.oslo_config_glue [-] database.connection_recycle_time = 3600 {{(pid=106501) log_opt_values /opt/stack/data/venv/lib/python3.12/site-packages/oslo_config/cfg.py:3006}}
Apr 13 02:26:22.662497 np0000165409 neutron-periodic-workers[106501]: DEBUG cotyledon.oslo_config_glue [-] database.connection_trace = False {{(pid=106501) log_opt_values /opt/stack/data/venv/lib/python3.12/site-packages/oslo_config/cfg.py:3006}}
Apr 13 02:26:22.663145 np0000165409 neutron-periodic-workers[106501]: DEBUG cotyledon.oslo_config_glue [-] database.db_inc_retry_interval = True {{(pid=106501) log_opt_values /opt/stack/data/venv/lib/python3.12/site-packages/oslo_config/cfg.py:3006}}
Apr 13 02:26:22.663145 np0000165409 neutron-periodic-workers[106501]: DEBUG cotyledon.oslo_config_glue [-] database.db_max_retries = 20 {{(pid=106501) log_opt_values /opt/stack/data/venv/lib/python3.12/site-packages/oslo_config/cfg.py:3006}}
Apr 13 02:26:22.663145 np0000165409 neutron-periodic-workers[106501]: DEBUG cotyledon.oslo_config_glue [-] database.db_max_retry_interval = 10 {{(pid=106501) log_opt_values /opt/stack/data/venv/lib/python3.12/site-packages/oslo_config/cfg.py:3006}}
Apr 13 02:26:22.663145 np0000165409 neutron-periodic-workers[106501]: DEBUG cotyledon.oslo_config_glue [-] database.db_retry_interval = 1 {{(pid=106501) log_opt_values /opt/stack/data/venv/lib/python3.12/site-packages/oslo_config/cfg.py:3006}}
Apr 13 02:26:22.663145 np0000165409 neutron-periodic-workers[106501]: DEBUG cotyledon.oslo_config_glue [-] database.max_overflow = 50 {{(pid=106501) log_opt_values /opt/stack/data/venv/lib/python3.12/site-packages/oslo_config/cfg.py:3006}}
Apr 13 02:26:22.663145 np0000165409 neutron-periodic-workers[106501]: DEBUG cotyledon.oslo_config_glue [-] database.max_pool_size = 5 {{(pid=106501) log_opt_values /opt/stack/data/venv/lib/python3.12/site-packages/oslo_config/cfg.py:3006}}
Apr 13 02:26:22.663145 np0000165409 neutron-periodic-workers[106501]: DEBUG cotyledon.oslo_config_glue [-] database.max_retries = 10 {{(pid=106501) log_opt_values /opt/stack/data/venv/lib/python3.12/site-packages/oslo_config/cfg.py:3006}}
Apr 13 02:26:22.663145 np0000165409 neutron-periodic-workers[106501]: DEBUG cotyledon.oslo_config_glue [-] database.mysql_sql_mode = TRADITIONAL {{(pid=106501) log_opt_values /opt/stack/data/venv/lib/python3.12/site-packages/oslo_config/cfg.py:3006}}
Apr 13 02:26:22.663145 np0000165409 neutron-periodic-workers[106501]: DEBUG cotyledon.oslo_config_glue [-] database.mysql_wsrep_sync_wait = None {{(pid=106501) log_opt_values /opt/stack/data/venv/lib/python3.12/site-packages/oslo_config/cfg.py:3006}}
Apr 13 02:26:22.663733 np0000165409 neutron-periodic-workers[106501]: DEBUG cotyledon.oslo_config_glue [-] database.pool_timeout = None {{(pid=106501) log_opt_values /opt/stack/data/venv/lib/python3.12/site-packages/oslo_config/cfg.py:3006}}
Apr 13 02:26:22.663733 np0000165409 neutron-periodic-workers[106501]: DEBUG cotyledon.oslo_config_glue [-] database.retry_interval = 10 {{(pid=106501) log_opt_values /opt/stack/data/venv/lib/python3.12/site-packages/oslo_config/cfg.py:3006}}
Apr 13 02:26:22.663733 np0000165409 neutron-periodic-workers[106501]: DEBUG cotyledon.oslo_config_glue [-] database.slave_connection = **** {{(pid=106501) log_opt_values /opt/stack/data/venv/lib/python3.12/site-packages/oslo_config/cfg.py:3006}}
Apr 13 02:26:22.663733 np0000165409 neutron-periodic-workers[106501]: DEBUG cotyledon.oslo_config_glue [-] database.sqlite_synchronous = True {{(pid=106501) log_opt_values /opt/stack/data/venv/lib/python3.12/site-packages/oslo_config/cfg.py:3006}}
Apr 13 02:26:22.663733 np0000165409 neutron-periodic-workers[106501]: DEBUG cotyledon.oslo_config_glue [-] database.synchronous_reader = True {{(pid=106501) log_opt_values /opt/stack/data/venv/lib/python3.12/site-packages/oslo_config/cfg.py:3006}}
Apr 13 02:26:22.663733 np0000165409 neutron-periodic-workers[106501]: DEBUG cotyledon.oslo_config_glue [-] database.use_db_reconnect = False {{(pid=106501) log_opt_values /opt/stack/data/venv/lib/python3.12/site-packages/oslo_config/cfg.py:3006}}
Apr 13 02:26:22.663733 np0000165409 neutron-periodic-workers[106501]: DEBUG cotyledon.oslo_config_glue [-] ovn.bfd_min_rx = 1000 {{(pid=106501) log_opt_values /opt/stack/data/venv/lib/python3.12/site-packages/oslo_config/cfg.py:3006}}
Apr 13 02:26:22.663733 np0000165409 neutron-periodic-workers[106501]: DEBUG cotyledon.oslo_config_glue [-] ovn.bfd_min_tx = 100 {{(pid=106501) log_opt_values /opt/stack/data/venv/lib/python3.12/site-packages/oslo_config/cfg.py:3006}}
Apr 13 02:26:22.663733 np0000165409 neutron-periodic-workers[106501]: DEBUG cotyledon.oslo_config_glue [-] ovn.bfd_mult = 3 {{(pid=106501) log_opt_values /opt/stack/data/venv/lib/python3.12/site-packages/oslo_config/cfg.py:3006}}
Apr 13 02:26:22.664514 np0000165409 neutron-periodic-workers[106501]: DEBUG cotyledon.oslo_config_glue [-] ovn.broadcast_arps_to_all_routers = True {{(pid=106501) log_opt_values /opt/stack/data/venv/lib/python3.12/site-packages/oslo_config/cfg.py:3006}}
Apr 13 02:26:22.664514 np0000165409 neutron-periodic-workers[106501]: DEBUG cotyledon.oslo_config_glue [-] ovn.dhcp_default_lease_time = 43200 {{(pid=106501) log_opt_values /opt/stack/data/venv/lib/python3.12/site-packages/oslo_config/cfg.py:3006}}
Apr 13 02:26:22.664514 np0000165409 neutron-periodic-workers[106501]: DEBUG cotyledon.oslo_config_glue [-] ovn.disable_ovn_dhcp_for_baremetal_ports = False {{(pid=106501) log_opt_values /opt/stack/data/venv/lib/python3.12/site-packages/oslo_config/cfg.py:3006}}
Apr 13 02:26:22.664514 np0000165409 neutron-periodic-workers[106501]: DEBUG cotyledon.oslo_config_glue [-] ovn.dns_records_ovn_owned = False {{(pid=106501) log_opt_values /opt/stack/data/venv/lib/python3.12/site-packages/oslo_config/cfg.py:3006}}
Apr 13 02:26:22.664514 np0000165409 neutron-periodic-workers[106501]: DEBUG cotyledon.oslo_config_glue [-] ovn.dns_servers = [] {{(pid=106501) log_opt_values /opt/stack/data/venv/lib/python3.12/site-packages/oslo_config/cfg.py:3006}}
Apr 13 02:26:22.664514 np0000165409 neutron-periodic-workers[106501]: DEBUG cotyledon.oslo_config_glue [-] ovn.enable_distributed_floating_ip = False {{(pid=106501) log_opt_values /opt/stack/data/venv/lib/python3.12/site-packages/oslo_config/cfg.py:3006}}
Apr 13 02:26:22.664514 np0000165409 neutron-periodic-workers[106501]: DEBUG cotyledon.oslo_config_glue [-] ovn.fdb_age_threshold = 300 {{(pid=106501) log_opt_values /opt/stack/data/venv/lib/python3.12/site-packages/oslo_config/cfg.py:3006}}
Apr 13 02:26:22.664514 np0000165409 neutron-periodic-workers[106501]: DEBUG cotyledon.oslo_config_glue [-] ovn.ha_failover_strategy = normal {{(pid=106501) log_opt_values /opt/stack/data/venv/lib/python3.12/site-packages/oslo_config/cfg.py:3006}}
Apr 13 02:26:22.664514 np0000165409 neutron-periodic-workers[106501]: DEBUG cotyledon.oslo_config_glue [-] ovn.live_migration_activation_strategy = rarp {{(pid=106501) log_opt_values /opt/stack/data/venv/lib/python3.12/site-packages/oslo_config/cfg.py:3006}}
Apr 13 02:26:22.665080 np0000165409 neutron-periodic-workers[106501]: DEBUG cotyledon.oslo_config_glue [-] ovn.localnet_learn_fdb = False {{(pid=106501) log_opt_values /opt/stack/data/venv/lib/python3.12/site-packages/oslo_config/cfg.py:3006}}
Apr 13 02:26:22.665080 np0000165409 neutron-periodic-workers[106501]: DEBUG cotyledon.oslo_config_glue [-] ovn.mac_binding_age_threshold = 300 {{(pid=106501) log_opt_values /opt/stack/data/venv/lib/python3.12/site-packages/oslo_config/cfg.py:3006}}
Apr 13 02:26:22.665080 np0000165409 neutron-periodic-workers[106501]: DEBUG cotyledon.oslo_config_glue [-] ovn.neutron_sync_mode = log {{(pid=106501) log_opt_values /opt/stack/data/venv/lib/python3.12/site-packages/oslo_config/cfg.py:3006}}
Apr 13 02:26:22.665080 np0000165409 neutron-periodic-workers[106501]: DEBUG cotyledon.oslo_config_glue [-] ovn.ovn_dhcp4_global_options = {} {{(pid=106501) log_opt_values /opt/stack/data/venv/lib/python3.12/site-packages/oslo_config/cfg.py:3006}}
Apr 13 02:26:22.665080 np0000165409 neutron-periodic-workers[106501]: DEBUG cotyledon.oslo_config_glue [-] ovn.ovn_dhcp6_global_options = {} {{(pid=106501) log_opt_values /opt/stack/data/venv/lib/python3.12/site-packages/oslo_config/cfg.py:3006}}
Apr 13 02:26:22.665080 np0000165409 neutron-periodic-workers[106501]: DEBUG cotyledon.oslo_config_glue [-] ovn.ovn_l3_scheduler = leastloaded {{(pid=106501) log_opt_values /opt/stack/data/venv/lib/python3.12/site-packages/oslo_config/cfg.py:3006}}
Apr 13 02:26:22.665080 np0000165409 neutron-periodic-workers[106501]: DEBUG cotyledon.oslo_config_glue [-] ovn.ovn_metadata_enabled = True {{(pid=106501) log_opt_values /opt/stack/data/venv/lib/python3.12/site-packages/oslo_config/cfg.py:3006}}
Apr 13 02:26:22.665080 np0000165409 neutron-periodic-workers[106501]: DEBUG cotyledon.oslo_config_glue [-] ovn.ovn_nb_ca_cert = /opt/stack/data/CA/int-ca/ca-chain.pem {{(pid=106501) log_opt_values /opt/stack/data/venv/lib/python3.12/site-packages/oslo_config/cfg.py:3006}}
Apr 13 02:26:22.665080 np0000165409 neutron-periodic-workers[106501]: DEBUG cotyledon.oslo_config_glue [-] ovn.ovn_nb_certificate = /opt/stack/data/CA/int-ca/devstack-cert.crt {{(pid=106501) log_opt_values /opt/stack/data/venv/lib/python3.12/site-packages/oslo_config/cfg.py:3006}}
Apr 13 02:26:22.665627 np0000165409 neutron-periodic-workers[106501]: DEBUG cotyledon.oslo_config_glue [-] ovn.ovn_nb_connection = ['ssl:199.204.45.216:6641'] {{(pid=106501) log_opt_values /opt/stack/data/venv/lib/python3.12/site-packages/oslo_config/cfg.py:3006}}
Apr 13 02:26:22.665627 np0000165409 neutron-periodic-workers[106501]: DEBUG cotyledon.oslo_config_glue [-] ovn.ovn_nb_private_key = /opt/stack/data/CA/int-ca/private/devstack-cert.key {{(pid=106501) log_opt_values /opt/stack/data/venv/lib/python3.12/site-packages/oslo_config/cfg.py:3006}}
Apr 13 02:26:22.665627 np0000165409 neutron-periodic-workers[106501]: DEBUG cotyledon.oslo_config_glue [-] ovn.ovn_router_indirect_snat = False {{(pid=106501) log_opt_values /opt/stack/data/venv/lib/python3.12/site-packages/oslo_config/cfg.py:3006}}
Apr 13 02:26:22.665627 np0000165409 neutron-periodic-workers[106501]: DEBUG cotyledon.oslo_config_glue [-] ovn.ovn_sb_ca_cert = /opt/stack/data/CA/int-ca/ca-chain.pem {{(pid=106501) log_opt_values /opt/stack/data/venv/lib/python3.12/site-packages/oslo_config/cfg.py:3006}}
Apr 13 02:26:22.665627 np0000165409 neutron-periodic-workers[106501]: DEBUG cotyledon.oslo_config_glue [-] ovn.ovn_sb_certificate = /opt/stack/data/CA/int-ca/devstack-cert.crt {{(pid=106501) log_opt_values /opt/stack/data/venv/lib/python3.12/site-packages/oslo_config/cfg.py:3006}}
Apr 13 02:26:22.665627 np0000165409 neutron-periodic-workers[106501]: DEBUG cotyledon.oslo_config_glue [-] ovn.ovn_sb_connection = ['ssl:199.204.45.216:6642'] {{(pid=106501) log_opt_values /opt/stack/data/venv/lib/python3.12/site-packages/oslo_config/cfg.py:3006}}
Apr 13 02:26:22.665627 np0000165409 neutron-periodic-workers[106501]: DEBUG cotyledon.oslo_config_glue [-] ovn.ovn_sb_private_key = /opt/stack/data/CA/int-ca/private/devstack-cert.key {{(pid=106501) log_opt_values /opt/stack/data/venv/lib/python3.12/site-packages/oslo_config/cfg.py:3006}}
Apr 13 02:26:22.665627 np0000165409 neutron-periodic-workers[106501]: DEBUG cotyledon.oslo_config_glue [-] ovn.ovs_create_tap = False {{(pid=106501) log_opt_values /opt/stack/data/venv/lib/python3.12/site-packages/oslo_config/cfg.py:3006}}
Apr 13 02:26:22.666183 np0000165409 neutron-periodic-workers[106501]: DEBUG cotyledon.oslo_config_glue [-] ovn.ovsdb_connection_timeout = 180 {{(pid=106501) log_opt_values /opt/stack/data/venv/lib/python3.12/site-packages/oslo_config/cfg.py:3006}}
Apr 13 02:26:22.666183 np0000165409 neutron-periodic-workers[106501]: DEBUG cotyledon.oslo_config_glue [-] ovn.ovsdb_log_level = INFO {{(pid=106501) log_opt_values /opt/stack/data/venv/lib/python3.12/site-packages/oslo_config/cfg.py:3006}}
Apr 13 02:26:22.666183 np0000165409 neutron-periodic-workers[106501]: DEBUG cotyledon.oslo_config_glue [-] ovn.ovsdb_probe_interval = 60000 {{(pid=106501) log_opt_values /opt/stack/data/venv/lib/python3.12/site-packages/oslo_config/cfg.py:3006}}
Apr 13 02:26:22.666183 np0000165409 neutron-periodic-workers[106501]: DEBUG cotyledon.oslo_config_glue [-] ovn.ovsdb_retry_max_interval = 180 {{(pid=106501) log_opt_values /opt/stack/data/venv/lib/python3.12/site-packages/oslo_config/cfg.py:3006}}
Apr 13 02:26:22.666183 np0000165409 neutron-periodic-workers[106501]: DEBUG cotyledon.oslo_config_glue [-] ovn.stateless_nat_enabled = False {{(pid=106501) log_opt_values /opt/stack/data/venv/lib/python3.12/site-packages/oslo_config/cfg.py:3006}}
Apr 13 02:26:22.666183 np0000165409 neutron-periodic-workers[106501]: DEBUG cotyledon.oslo_config_glue [-] ovn.vhost_sock_dir = /var/run/openvswitch {{(pid=106501) log_opt_values /opt/stack/data/venv/lib/python3.12/site-packages/oslo_config/cfg.py:3006}}
Apr 13 02:26:22.666183 np0000165409 neutron-periodic-workers[106501]: DEBUG cotyledon.oslo_config_glue [-] OVS.bridge_mac_table_size = 50000 {{(pid=106501) log_opt_values /opt/stack/data/venv/lib/python3.12/site-packages/oslo_config/cfg.py:3006}}
Apr 13 02:26:22.666183 np0000165409 neutron-periodic-workers[106501]: DEBUG cotyledon.oslo_config_glue [-] OVS.igmp_flood = False {{(pid=106501) log_opt_values /opt/stack/data/venv/lib/python3.12/site-packages/oslo_config/cfg.py:3006}}
Apr 13 02:26:22.666183 np0000165409 neutron-periodic-workers[106501]: DEBUG cotyledon.oslo_config_glue [-] OVS.igmp_flood_reports = True {{(pid=106501) log_opt_values /opt/stack/data/venv/lib/python3.12/site-packages/oslo_config/cfg.py:3006}}
Apr 13 02:26:22.666765 np0000165409 neutron-periodic-workers[106501]: DEBUG cotyledon.oslo_config_glue [-] OVS.igmp_flood_unregistered = False {{(pid=106501) log_opt_values /opt/stack/data/venv/lib/python3.12/site-packages/oslo_config/cfg.py:3006}}
Apr 13 02:26:22.666765 np0000165409 neutron-periodic-workers[106501]: DEBUG cotyledon.oslo_config_glue [-] OVS.igmp_snooping_enable = False {{(pid=106501) log_opt_values /opt/stack/data/venv/lib/python3.12/site-packages/oslo_config/cfg.py:3006}}
Apr 13 02:26:22.666765 np0000165409 neutron-periodic-workers[106501]: DEBUG cotyledon.oslo_config_glue [-] OVS.ovsdb_timeout = 10 {{(pid=106501) log_opt_values /opt/stack/data/venv/lib/python3.12/site-packages/oslo_config/cfg.py:3006}}
Apr 13 02:26:22.666765 np0000165409 neutron-periodic-workers[106501]: DEBUG cotyledon.oslo_config_glue [-] ovn_nb_global.fdb_removal_limit = 0 {{(pid=106501) log_opt_values /opt/stack/data/venv/lib/python3.12/site-packages/oslo_config/cfg.py:3006}}
Apr 13 02:26:22.666765 np0000165409 neutron-periodic-workers[106501]: DEBUG cotyledon.oslo_config_glue [-] ovn_nb_global.ignore_lsp_down = False {{(pid=106501) log_opt_values /opt/stack/data/venv/lib/python3.12/site-packages/oslo_config/cfg.py:3006}}
Apr 13 02:26:22.666765 np0000165409 neutron-periodic-workers[106501]: DEBUG cotyledon.oslo_config_glue [-] ovn_nb_global.mac_binding_removal_limit = 0 {{(pid=106501) log_opt_values /opt/stack/data/venv/lib/python3.12/site-packages/oslo_config/cfg.py:3006}}
Apr 13 02:26:22.666765 np0000165409 neutron-periodic-workers[106501]: DEBUG cotyledon.oslo_config_glue [-] ******************************************************************************** {{(pid=106501) log_opt_values /opt/stack/data/venv/lib/python3.12/site-packages/oslo_config/cfg.py:3013}}
Apr 13 02:26:22.666765 np0000165409 neutron-periodic-workers[106501]: DEBUG cotyledon._service_worker [-] Run service ServiceWrapper(0) [106501] {{(pid=106501) wait_forever /opt/stack/data/venv/lib/python3.12/site-packages/cotyledon/_service_worker.py:218}}
Apr 13 02:26:32.287853 np0000165409 neutron-periodic-workers[105737]: DEBUG dbcounter [-] [105737] Writing DB stats neutron:SELECT=4 {{(pid=105737) stat_writer /opt/stack/data/venv/lib/python3.12/site-packages/dbcounter.py:115}}
Apr 13 02:26:40.599361 np0000165409 neutron-periodic-workers[106461]: DEBUG oslo_db.sqlalchemy.engines [None req-17f9d746-0013-429c-a0b5-60933df8d643 None None] Parent process 105737 forked (106461) with an open database connection, which is being discarded and recreated. {{(pid=106461) checkout /opt/stack/data/venv/lib/python3.12/site-packages/oslo_db/sqlalchemy/engines.py:402}}
Apr 13 02:26:40.623063 np0000165409 neutron-periodic-workers[106461]: DEBUG dbcounter [-] [106461] Writer thread running {{(pid=106461) stat_writer /opt/stack/data/venv/lib/python3.12/site-packages/dbcounter.py:102}}
Apr 13 02:26:40.639293 np0000165409 neutron-periodic-workers[106461]: DEBUG oslo.service.backend._threading.loopingcall [None req-17f9d746-0013-429c-a0b5-60933df8d643 None None] Fixed interval looping call 'neutron.services.ovn_l3.plugin.L3_NAT_dbonly_mixin._clean_garbage' sleeping for 299.95 seconds {{(pid=106461) _run_loop /opt/stack/data/venv/lib/python3.12/site-packages/oslo_service/backend/_threading/loopingcall.py:125}}
Apr 13 02:26:50.623840 np0000165409 neutron-periodic-workers[106461]: DEBUG dbcounter [-] [106461] Writing DB stats neutron:SELECT=1 {{(pid=106461) stat_writer /opt/stack/data/venv/lib/python3.12/site-packages/dbcounter.py:115}}
Apr 13 02:27:06.634984 np0000165409 neutron-periodic-workers[106471]: DEBUG dbcounter [-] [106471] Writer thread running {{(pid=106471) stat_writer /opt/stack/data/venv/lib/python3.12/site-packages/dbcounter.py:102}}
Apr 13 02:27:06.644570 np0000165409 neutron-periodic-workers[106471]: DEBUG oslo.service.backend._threading.loopingcall [None req-0bb5dc59-354a-4630-b782-4c3c7af11761 None None] Fixed interval looping call 'neutron.plugins.ml2.plugin.DhcpAgentSchedulerDbMixin.remove_networks_from_down_agents' sleeping for 36.97 seconds {{(pid=106471) _run_loop /opt/stack/data/venv/lib/python3.12/site-packages/oslo_service/backend/_threading/loopingcall.py:125}}
Apr 13 02:27:16.643768 np0000165409 neutron-periodic-workers[106471]: DEBUG dbcounter [-] [106471] Writing DB stats neutron:SELECT=3 {{(pid=106471) stat_writer /opt/stack/data/venv/lib/python3.12/site-packages/dbcounter.py:115}}
Apr 13 02:27:18.661118 np0000165409 neutron-periodic-workers[106485]: DEBUG dbcounter [-] [106485] Writer thread running {{(pid=106485) stat_writer /opt/stack/data/venv/lib/python3.12/site-packages/dbcounter.py:102}}
Apr 13 02:27:18.665054 np0000165409 neutron-periodic-workers[106485]: DEBUG neutron.db.agents_db [None req-5bedae70-fa52-4470-8c18-c958d00b71d3 None None] Agent healthcheck: found 0 active agents {{(pid=106485) agent_health_check /opt/stack/neutron/neutron/db/agents_db.py:317}}
Apr 13 02:27:18.665267 np0000165409 neutron-periodic-workers[106485]: DEBUG oslo.service.backend._threading.loopingcall [None req-5bedae70-fa52-4470-8c18-c958d00b71d3 None None] Fixed interval looping call 'neutron.plugins.ml2.plugin.AgentDbMixin.agent_health_check' sleeping for 36.98 seconds {{(pid=106485) _run_loop /opt/stack/data/venv/lib/python3.12/site-packages/oslo_service/backend/_threading/loopingcall.py:125}}
Apr 13 02:27:28.661737 np0000165409 neutron-periodic-workers[106485]: DEBUG dbcounter [-] [106485] Writing DB stats neutron:SELECT=1 {{(pid=106485) stat_writer /opt/stack/data/venv/lib/python3.12/site-packages/dbcounter.py:115}}
Apr 13 02:27:43.624912 np0000165409 neutron-periodic-workers[106471]: DEBUG oslo.service.backend._threading.loopingcall [None req-0bb5dc59-354a-4630-b782-4c3c7af11761 None None] Fixed interval looping call 'neutron.plugins.ml2.plugin.DhcpAgentSchedulerDbMixin.remove_networks_from_down_agents' sleeping for 36.99 seconds {{(pid=106471) _run_loop /opt/stack/data/venv/lib/python3.12/site-packages/oslo_service/backend/_threading/loopingcall.py:125}}
Apr 13 02:27:53.623684 np0000165409 neutron-periodic-workers[106471]: DEBUG dbcounter [-] [106471] Writing DB stats neutron:SELECT=3 {{(pid=106471) stat_writer /opt/stack/data/venv/lib/python3.12/site-packages/dbcounter.py:115}}
Apr 13 02:27:55.651432 np0000165409 neutron-periodic-workers[106485]: DEBUG neutron.db.agents_db [None req-5bedae70-fa52-4470-8c18-c958d00b71d3 None None] Agent healthcheck: found 0 active agents {{(pid=106485) agent_health_check /opt/stack/neutron/neutron/db/agents_db.py:317}}
Apr 13 02:27:55.651939 np0000165409 neutron-periodic-workers[106485]: DEBUG oslo.service.backend._threading.loopingcall [None req-5bedae70-fa52-4470-8c18-c958d00b71d3 None None] Fixed interval looping call 'neutron.plugins.ml2.plugin.AgentDbMixin.agent_health_check' sleeping for 36.99 seconds {{(pid=106485) _run_loop /opt/stack/data/venv/lib/python3.12/site-packages/oslo_service/backend/_threading/loopingcall.py:125}}
Apr 13 02:28:05.649600 np0000165409 neutron-periodic-workers[106485]: DEBUG dbcounter [-] [106485] Writing DB stats neutron:SELECT=1 {{(pid=106485) stat_writer /opt/stack/data/venv/lib/python3.12/site-packages/dbcounter.py:115}}
Apr 13 02:28:20.629303 np0000165409 neutron-periodic-workers[106471]: DEBUG oslo.service.backend._threading.loopingcall [None req-0bb5dc59-354a-4630-b782-4c3c7af11761 None None] Fixed interval looping call 'neutron.plugins.ml2.plugin.DhcpAgentSchedulerDbMixin.remove_networks_from_down_agents' sleeping for 36.99 seconds {{(pid=106471) _run_loop /opt/stack/data/venv/lib/python3.12/site-packages/oslo_service/backend/_threading/loopingcall.py:125}}
Apr 13 02:28:22.707308 np0000165409 neutron-periodic-workers[106501]: DEBUG dbcounter [-] [106501] Writer thread running {{(pid=106501) stat_writer /opt/stack/data/venv/lib/python3.12/site-packages/dbcounter.py:102}}
Apr 13 02:28:22.709085 np0000165409 neutron-periodic-workers[106501]: DEBUG oslo.service.backend._threading.loopingcall [None req-ff25b255-6d0d-4bc9-a163-82ab95480f50 None None] Fixed interval looping call 'neutron.db.quota.driver_nolock.DbQuotaNoLockDriver._remove_expired_reservations' sleeping for 119.98 seconds {{(pid=106501) _run_loop /opt/stack/data/venv/lib/python3.12/site-packages/oslo_service/backend/_threading/loopingcall.py:125}}
Apr 13 02:28:30.627912 np0000165409 neutron-periodic-workers[106471]: DEBUG dbcounter [-] [106471] Writing DB stats neutron:SELECT=3 {{(pid=106471) stat_writer /opt/stack/data/venv/lib/python3.12/site-packages/dbcounter.py:115}}
Apr 13 02:28:32.647935 np0000165409 neutron-periodic-workers[106485]: DEBUG neutron.db.agents_db [None req-5bedae70-fa52-4470-8c18-c958d00b71d3 None None] Agent healthcheck: found 0 active agents {{(pid=106485) agent_health_check /opt/stack/neutron/neutron/db/agents_db.py:317}}
Apr 13 02:28:32.648511 np0000165409 neutron-periodic-workers[106485]: DEBUG oslo.service.backend._threading.loopingcall [None req-5bedae70-fa52-4470-8c18-c958d00b71d3 None None] Fixed interval looping call 'neutron.plugins.ml2.plugin.AgentDbMixin.agent_health_check' sleeping for 36.99 seconds {{(pid=106485) _run_loop /opt/stack/data/venv/lib/python3.12/site-packages/oslo_service/backend/_threading/loopingcall.py:125}}
Apr 13 02:28:32.708230 np0000165409 neutron-periodic-workers[106501]: DEBUG dbcounter [-] [106501] Writing DB stats neutron:DELETE=1 {{(pid=106501) stat_writer /opt/stack/data/venv/lib/python3.12/site-packages/dbcounter.py:115}}
Apr 13 02:28:42.646338 np0000165409 neutron-periodic-workers[106485]: DEBUG dbcounter [-] [106485] Writing DB stats neutron:SELECT=1 {{(pid=106485) stat_writer /opt/stack/data/venv/lib/python3.12/site-packages/dbcounter.py:115}}
Apr 13 02:28:57.630395 np0000165409 neutron-periodic-workers[106471]: DEBUG oslo.service.backend._threading.loopingcall [None req-0bb5dc59-354a-4630-b782-4c3c7af11761 None None] Fixed interval looping call 'neutron.plugins.ml2.plugin.DhcpAgentSchedulerDbMixin.remove_networks_from_down_agents' sleeping for 36.99 seconds {{(pid=106471) _run_loop /opt/stack/data/venv/lib/python3.12/site-packages/oslo_service/backend/_threading/loopingcall.py:125}}
Apr 13 02:29:07.628778 np0000165409 neutron-periodic-workers[106471]: DEBUG dbcounter [-] [106471] Writing DB stats neutron:SELECT=3 {{(pid=106471) stat_writer /opt/stack/data/venv/lib/python3.12/site-packages/dbcounter.py:115}}
Apr 13 02:29:09.645045 np0000165409 neutron-periodic-workers[106485]: DEBUG neutron.db.agents_db [None req-5bedae70-fa52-4470-8c18-c958d00b71d3 None None] Agent healthcheck: found 0 active agents {{(pid=106485) agent_health_check /opt/stack/neutron/neutron/db/agents_db.py:317}}
Apr 13 02:29:09.645598 np0000165409 neutron-periodic-workers[106485]: DEBUG oslo.service.backend._threading.loopingcall [None req-5bedae70-fa52-4470-8c18-c958d00b71d3 None None] Fixed interval looping call 'neutron.plugins.ml2.plugin.AgentDbMixin.agent_health_check' sleeping for 36.99 seconds {{(pid=106485) _run_loop /opt/stack/data/venv/lib/python3.12/site-packages/oslo_service/backend/_threading/loopingcall.py:125}}
Apr 13 02:29:19.642235 np0000165409 neutron-periodic-workers[106485]: DEBUG dbcounter [-] [106485] Writing DB stats neutron:SELECT=1 {{(pid=106485) stat_writer /opt/stack/data/venv/lib/python3.12/site-packages/dbcounter.py:115}}
Apr 13 02:29:34.632839 np0000165409 neutron-periodic-workers[106471]: DEBUG oslo.service.backend._threading.loopingcall [None req-0bb5dc59-354a-4630-b782-4c3c7af11761 None None] Fixed interval looping call 'neutron.plugins.ml2.plugin.DhcpAgentSchedulerDbMixin.remove_networks_from_down_agents' sleeping for 36.99 seconds {{(pid=106471) _run_loop /opt/stack/data/venv/lib/python3.12/site-packages/oslo_service/backend/_threading/loopingcall.py:125}}
Apr 13 02:29:44.632124 np0000165409 neutron-periodic-workers[106471]: DEBUG dbcounter [-] [106471] Writing DB stats neutron:SELECT=3 {{(pid=106471) stat_writer /opt/stack/data/venv/lib/python3.12/site-packages/dbcounter.py:115}}
Apr 13 02:29:46.646250 np0000165409 neutron-periodic-workers[106485]: DEBUG neutron.db.agents_db [None req-5bedae70-fa52-4470-8c18-c958d00b71d3 None None] Agent healthcheck: found 0 active agents {{(pid=106485) agent_health_check /opt/stack/neutron/neutron/db/agents_db.py:317}}
Apr 13 02:29:46.646858 np0000165409 neutron-periodic-workers[106485]: DEBUG oslo.service.backend._threading.loopingcall [None req-5bedae70-fa52-4470-8c18-c958d00b71d3 None None] Fixed interval looping call 'neutron.plugins.ml2.plugin.AgentDbMixin.agent_health_check' sleeping for 36.99 seconds {{(pid=106485) _run_loop /opt/stack/data/venv/lib/python3.12/site-packages/oslo_service/backend/_threading/loopingcall.py:125}}
Apr 13 02:29:56.644185 np0000165409 neutron-periodic-workers[106485]: DEBUG dbcounter [-] [106485] Writing DB stats neutron:SELECT=1 {{(pid=106485) stat_writer /opt/stack/data/venv/lib/python3.12/site-packages/dbcounter.py:115}}
Apr 13 02:30:11.632119 np0000165409 neutron-periodic-workers[106471]: DEBUG oslo.service.backend._threading.loopingcall [None req-0bb5dc59-354a-4630-b782-4c3c7af11761 None None] Fixed interval looping call 'neutron.plugins.ml2.plugin.DhcpAgentSchedulerDbMixin.remove_networks_from_down_agents' sleeping for 36.99 seconds {{(pid=106471) _run_loop /opt/stack/data/venv/lib/python3.12/site-packages/oslo_service/backend/_threading/loopingcall.py:125}}
Apr 13 02:30:21.630920 np0000165409 neutron-periodic-workers[106471]: DEBUG dbcounter [-] [106471] Writing DB stats neutron:SELECT=3 {{(pid=106471) stat_writer /opt/stack/data/venv/lib/python3.12/site-packages/dbcounter.py:115}}
Apr 13 02:30:22.694801 np0000165409 neutron-periodic-workers[106501]: DEBUG oslo.service.backend._threading.loopingcall [None req-ff25b255-6d0d-4bc9-a163-82ab95480f50 None None] Fixed interval looping call 'neutron.db.quota.driver_nolock.DbQuotaNoLockDriver._remove_expired_reservations' sleeping for 119.99 seconds {{(pid=106501) _run_loop /opt/stack/data/venv/lib/python3.12/site-packages/oslo_service/backend/_threading/loopingcall.py:125}}
Apr 13 02:30:23.642745 np0000165409 neutron-periodic-workers[106485]: DEBUG neutron.db.agents_db [None req-5bedae70-fa52-4470-8c18-c958d00b71d3 None None] Agent healthcheck: found 0 active agents {{(pid=106485) agent_health_check /opt/stack/neutron/neutron/db/agents_db.py:317}}
Apr 13 02:30:23.643488 np0000165409 neutron-periodic-workers[106485]: DEBUG oslo.service.backend._threading.loopingcall [None req-5bedae70-fa52-4470-8c18-c958d00b71d3 None None] Fixed interval looping call 'neutron.plugins.ml2.plugin.AgentDbMixin.agent_health_check' sleeping for 36.99 seconds {{(pid=106485) _run_loop /opt/stack/data/venv/lib/python3.12/site-packages/oslo_service/backend/_threading/loopingcall.py:125}}
Apr 13 02:30:32.693326 np0000165409 neutron-periodic-workers[106501]: DEBUG dbcounter [-] [106501] Writing DB stats neutron:DELETE=1 {{(pid=106501) stat_writer /opt/stack/data/venv/lib/python3.12/site-packages/dbcounter.py:115}}
Apr 13 02:30:33.640817 np0000165409 neutron-periodic-workers[106485]: DEBUG dbcounter [-] [106485] Writing DB stats neutron:SELECT=1 {{(pid=106485) stat_writer /opt/stack/data/venv/lib/python3.12/site-packages/dbcounter.py:115}}
Apr 13 02:30:48.631626 np0000165409 neutron-periodic-workers[106471]: DEBUG oslo.service.backend._threading.loopingcall [None req-0bb5dc59-354a-4630-b782-4c3c7af11761 None None] Fixed interval looping call 'neutron.plugins.ml2.plugin.DhcpAgentSchedulerDbMixin.remove_networks_from_down_agents' sleeping for 36.99 seconds {{(pid=106471) _run_loop /opt/stack/data/venv/lib/python3.12/site-packages/oslo_service/backend/_threading/loopingcall.py:125}}
Apr 13 02:30:58.630455 np0000165409 neutron-periodic-workers[106471]: DEBUG dbcounter [-] [106471] Writing DB stats neutron:SELECT=3 {{(pid=106471) stat_writer /opt/stack/data/venv/lib/python3.12/site-packages/dbcounter.py:115}}
Apr 13 02:31:00.638151 np0000165409 neutron-periodic-workers[106485]: DEBUG neutron.db.agents_db [None req-5bedae70-fa52-4470-8c18-c958d00b71d3 None None] Agent healthcheck: found 0 active agents {{(pid=106485) agent_health_check /opt/stack/neutron/neutron/db/agents_db.py:317}}
Apr 13 02:31:00.638796 np0000165409 neutron-periodic-workers[106485]: DEBUG oslo.service.backend._threading.loopingcall [None req-5bedae70-fa52-4470-8c18-c958d00b71d3 None None] Fixed interval looping call 'neutron.plugins.ml2.plugin.AgentDbMixin.agent_health_check' sleeping for 37.00 seconds {{(pid=106485) _run_loop /opt/stack/data/venv/lib/python3.12/site-packages/oslo_service/backend/_threading/loopingcall.py:125}}
Apr 13 02:31:10.636897 np0000165409 neutron-periodic-workers[106485]: DEBUG dbcounter [-] [106485] Writing DB stats neutron:SELECT=1 {{(pid=106485) stat_writer /opt/stack/data/venv/lib/python3.12/site-packages/dbcounter.py:115}}
Apr 13 02:31:25.629701 np0000165409 neutron-periodic-workers[106471]: DEBUG oslo.service.backend._threading.loopingcall [None req-0bb5dc59-354a-4630-b782-4c3c7af11761 None None] Fixed interval looping call 'neutron.plugins.ml2.plugin.DhcpAgentSchedulerDbMixin.remove_networks_from_down_agents' sleeping for 36.99 seconds {{(pid=106471) _run_loop /opt/stack/data/venv/lib/python3.12/site-packages/oslo_service/backend/_threading/loopingcall.py:125}}
Apr 13 02:31:35.628592 np0000165409 neutron-periodic-workers[106471]: DEBUG dbcounter [-] [106471] Writing DB stats neutron:SELECT=3 {{(pid=106471) stat_writer /opt/stack/data/venv/lib/python3.12/site-packages/dbcounter.py:115}}
Apr 13 02:31:37.676349 np0000165409 neutron-periodic-workers[106485]: DEBUG neutron.db.agents_db [None req-5bedae70-fa52-4470-8c18-c958d00b71d3 None None] Agent healthcheck: found 0 active agents {{(pid=106485) agent_health_check /opt/stack/neutron/neutron/db/agents_db.py:317}}
Apr 13 02:31:37.676658 np0000165409 neutron-periodic-workers[106485]: DEBUG oslo.service.backend._threading.loopingcall [None req-5bedae70-fa52-4470-8c18-c958d00b71d3 None None] Fixed interval looping call 'neutron.plugins.ml2.plugin.AgentDbMixin.agent_health_check' sleeping for 37.00 seconds {{(pid=106485) _run_loop /opt/stack/data/venv/lib/python3.12/site-packages/oslo_service/backend/_threading/loopingcall.py:125}}
Apr 13 02:31:40.602141 np0000165409 neutron-periodic-workers[106461]: DEBUG oslo.service.backend._threading.loopingcall [None req-17f9d746-0013-429c-a0b5-60933df8d643 None None] Fixed interval looping call 'neutron.services.ovn_l3.plugin.L3_NAT_dbonly_mixin._clean_garbage' sleeping for 299.99 seconds {{(pid=106461) _run_loop /opt/stack/data/venv/lib/python3.12/site-packages/oslo_service/backend/_threading/loopingcall.py:125}}
Apr 13 02:31:47.675748 np0000165409 neutron-periodic-workers[106485]: DEBUG dbcounter [-] [106485] Writing DB stats neutron:SELECT=1 {{(pid=106485) stat_writer /opt/stack/data/venv/lib/python3.12/site-packages/dbcounter.py:115}}
Apr 13 02:31:50.594166 np0000165409 neutron-periodic-workers[106461]: DEBUG dbcounter [-] [106461] Writing DB stats neutron:SELECT=1 {{(pid=106461) stat_writer /opt/stack/data/venv/lib/python3.12/site-packages/dbcounter.py:115}}
Apr 13 02:32:02.631641 np0000165409 neutron-periodic-workers[106471]: DEBUG oslo.service.backend._threading.loopingcall [None req-0bb5dc59-354a-4630-b782-4c3c7af11761 None None] Fixed interval looping call 'neutron.plugins.ml2.plugin.DhcpAgentSchedulerDbMixin.remove_networks_from_down_agents' sleeping for 36.99 seconds {{(pid=106471) _run_loop /opt/stack/data/venv/lib/python3.12/site-packages/oslo_service/backend/_threading/loopingcall.py:125}}
Apr 13 02:32:12.630195 np0000165409 neutron-periodic-workers[106471]: DEBUG dbcounter [-] [106471] Writing DB stats neutron:SELECT=3 {{(pid=106471) stat_writer /opt/stack/data/venv/lib/python3.12/site-packages/dbcounter.py:115}}
Apr 13 02:32:14.679971 np0000165409 neutron-periodic-workers[106485]: DEBUG neutron.db.agents_db [None req-5bedae70-fa52-4470-8c18-c958d00b71d3 None None] Agent healthcheck: found 0 active agents {{(pid=106485) agent_health_check /opt/stack/neutron/neutron/db/agents_db.py:317}}
Apr 13 02:32:14.680483 np0000165409 neutron-periodic-workers[106485]: DEBUG oslo.service.backend._threading.loopingcall [None req-5bedae70-fa52-4470-8c18-c958d00b71d3 None None] Fixed interval looping call 'neutron.plugins.ml2.plugin.AgentDbMixin.agent_health_check' sleeping for 37.00 seconds {{(pid=106485) _run_loop /opt/stack/data/venv/lib/python3.12/site-packages/oslo_service/backend/_threading/loopingcall.py:125}}
Apr 13 02:32:22.696898 np0000165409 neutron-periodic-workers[106501]: DEBUG oslo.service.backend._threading.loopingcall [None req-ff25b255-6d0d-4bc9-a163-82ab95480f50 None None] Fixed interval looping call 'neutron.db.quota.driver_nolock.DbQuotaNoLockDriver._remove_expired_reservations' sleeping for 119.99 seconds {{(pid=106501) _run_loop /opt/stack/data/venv/lib/python3.12/site-packages/oslo_service/backend/_threading/loopingcall.py:125}}
Apr 13 02:32:24.678954 np0000165409 neutron-periodic-workers[106485]: DEBUG dbcounter [-] [106485] Writing DB stats neutron:SELECT=1 {{(pid=106485) stat_writer /opt/stack/data/venv/lib/python3.12/site-packages/dbcounter.py:115}}
Apr 13 02:32:32.698526 np0000165409 neutron-periodic-workers[106501]: DEBUG dbcounter [-] [106501] Writing DB stats neutron:DELETE=1 {{(pid=106501) stat_writer /opt/stack/data/venv/lib/python3.12/site-packages/dbcounter.py:115}}
Apr 13 02:32:39.632964 np0000165409 neutron-periodic-workers[106471]: DEBUG oslo.service.backend._threading.loopingcall [None req-0bb5dc59-354a-4630-b782-4c3c7af11761 None None] Fixed interval looping call 'neutron.plugins.ml2.plugin.DhcpAgentSchedulerDbMixin.remove_networks_from_down_agents' sleeping for 36.99 seconds {{(pid=106471) _run_loop /opt/stack/data/venv/lib/python3.12/site-packages/oslo_service/backend/_threading/loopingcall.py:125}}
Apr 13 02:32:49.631215 np0000165409 neutron-periodic-workers[106471]: DEBUG dbcounter [-] [106471] Writing DB stats neutron:SELECT=3 {{(pid=106471) stat_writer /opt/stack/data/venv/lib/python3.12/site-packages/dbcounter.py:115}}
Apr 13 02:32:51.686897 np0000165409 neutron-periodic-workers[106485]: DEBUG neutron.db.agents_db [None req-5bedae70-fa52-4470-8c18-c958d00b71d3 None None] Agent healthcheck: found 0 active agents {{(pid=106485) agent_health_check /opt/stack/neutron/neutron/db/agents_db.py:317}}
Apr 13 02:32:51.687620 np0000165409 neutron-periodic-workers[106485]: DEBUG oslo.service.backend._threading.loopingcall [None req-5bedae70-fa52-4470-8c18-c958d00b71d3 None None] Fixed interval looping call 'neutron.plugins.ml2.plugin.AgentDbMixin.agent_health_check' sleeping for 36.99 seconds {{(pid=106485) _run_loop /opt/stack/data/venv/lib/python3.12/site-packages/oslo_service/backend/_threading/loopingcall.py:125}}
Apr 13 02:33:01.685299 np0000165409 neutron-periodic-workers[106485]: DEBUG dbcounter [-] [106485] Writing DB stats neutron:SELECT=1 {{(pid=106485) stat_writer /opt/stack/data/venv/lib/python3.12/site-packages/dbcounter.py:115}}
Apr 13 02:33:16.632945 np0000165409 neutron-periodic-workers[106471]: DEBUG oslo.service.backend._threading.loopingcall [None req-0bb5dc59-354a-4630-b782-4c3c7af11761 None None] Fixed interval looping call 'neutron.plugins.ml2.plugin.DhcpAgentSchedulerDbMixin.remove_networks_from_down_agents' sleeping for 36.99 seconds {{(pid=106471) _run_loop /opt/stack/data/venv/lib/python3.12/site-packages/oslo_service/backend/_threading/loopingcall.py:125}}
Apr 13 02:33:26.631040 np0000165409 neutron-periodic-workers[106471]: DEBUG dbcounter [-] [106471] Writing DB stats neutron:SELECT=3 {{(pid=106471) stat_writer /opt/stack/data/venv/lib/python3.12/site-packages/dbcounter.py:115}}
Apr 13 02:33:28.683683 np0000165409 neutron-periodic-workers[106485]: DEBUG neutron.db.agents_db [None req-5bedae70-fa52-4470-8c18-c958d00b71d3 None None] Agent healthcheck: found 0 active agents {{(pid=106485) agent_health_check /opt/stack/neutron/neutron/db/agents_db.py:317}}
Apr 13 02:33:28.684652 np0000165409 neutron-periodic-workers[106485]: DEBUG oslo.service.backend._threading.loopingcall [None req-5bedae70-fa52-4470-8c18-c958d00b71d3 None None] Fixed interval looping call 'neutron.plugins.ml2.plugin.AgentDbMixin.agent_health_check' sleeping for 36.99 seconds {{(pid=106485) _run_loop /opt/stack/data/venv/lib/python3.12/site-packages/oslo_service/backend/_threading/loopingcall.py:125}}
Apr 13 02:33:38.681200 np0000165409 neutron-periodic-workers[106485]: DEBUG dbcounter [-] [106485] Writing DB stats neutron:SELECT=1 {{(pid=106485) stat_writer /opt/stack/data/venv/lib/python3.12/site-packages/dbcounter.py:115}}
Apr 13 02:33:53.633348 np0000165409 neutron-periodic-workers[106471]: DEBUG oslo.service.backend._threading.loopingcall [None req-0bb5dc59-354a-4630-b782-4c3c7af11761 None None] Fixed interval looping call 'neutron.plugins.ml2.plugin.DhcpAgentSchedulerDbMixin.remove_networks_from_down_agents' sleeping for 36.99 seconds {{(pid=106471) _run_loop /opt/stack/data/venv/lib/python3.12/site-packages/oslo_service/backend/_threading/loopingcall.py:125}}
Apr 13 02:34:03.636732 np0000165409 neutron-periodic-workers[106471]: DEBUG dbcounter [-] [106471] Writing DB stats neutron:SELECT=3 {{(pid=106471) stat_writer /opt/stack/data/venv/lib/python3.12/site-packages/dbcounter.py:115}}
Apr 13 02:34:05.680120 np0000165409 neutron-periodic-workers[106485]: DEBUG neutron.db.agents_db [None req-5bedae70-fa52-4470-8c18-c958d00b71d3 None None] Agent healthcheck: found 0 active agents {{(pid=106485) agent_health_check /opt/stack/neutron/neutron/db/agents_db.py:317}}
Apr 13 02:34:05.680120 np0000165409 neutron-periodic-workers[106485]: DEBUG oslo.service.backend._threading.loopingcall [None req-5bedae70-fa52-4470-8c18-c958d00b71d3 None None] Fixed interval looping call 'neutron.plugins.ml2.plugin.AgentDbMixin.agent_health_check' sleeping for 36.99 seconds {{(pid=106485) _run_loop /opt/stack/data/venv/lib/python3.12/site-packages/oslo_service/backend/_threading/loopingcall.py:125}}
Apr 13 02:34:15.677978 np0000165409 neutron-periodic-workers[106485]: DEBUG dbcounter [-] [106485] Writing DB stats neutron:SELECT=1 {{(pid=106485) stat_writer /opt/stack/data/venv/lib/python3.12/site-packages/dbcounter.py:115}}
Apr 13 02:34:22.692951 np0000165409 neutron-periodic-workers[106501]: DEBUG oslo.service.backend._threading.loopingcall [None req-ff25b255-6d0d-4bc9-a163-82ab95480f50 None None] Fixed interval looping call 'neutron.db.quota.driver_nolock.DbQuotaNoLockDriver._remove_expired_reservations' sleeping for 119.99 seconds {{(pid=106501) _run_loop /opt/stack/data/venv/lib/python3.12/site-packages/oslo_service/backend/_threading/loopingcall.py:125}}
Apr 13 02:34:30.633523 np0000165409 neutron-periodic-workers[106471]: DEBUG oslo.service.backend._threading.loopingcall [None req-0bb5dc59-354a-4630-b782-4c3c7af11761 None None] Fixed interval looping call 'neutron.plugins.ml2.plugin.DhcpAgentSchedulerDbMixin.remove_networks_from_down_agents' sleeping for 36.99 seconds {{(pid=106471) _run_loop /opt/stack/data/venv/lib/python3.12/site-packages/oslo_service/backend/_threading/loopingcall.py:125}}
Apr 13 02:34:32.691871 np0000165409 neutron-periodic-workers[106501]: DEBUG dbcounter [-] [106501] Writing DB stats neutron:DELETE=1 {{(pid=106501) stat_writer /opt/stack/data/venv/lib/python3.12/site-packages/dbcounter.py:115}}
Apr 13 02:34:40.631656 np0000165409 neutron-periodic-workers[106471]: DEBUG dbcounter [-] [106471] Writing DB stats neutron:SELECT=3 {{(pid=106471) stat_writer /opt/stack/data/venv/lib/python3.12/site-packages/dbcounter.py:115}}
Apr 13 02:34:42.675610 np0000165409 neutron-periodic-workers[106485]: DEBUG neutron.db.agents_db [None req-5bedae70-fa52-4470-8c18-c958d00b71d3 None None] Agent healthcheck: found 0 active agents {{(pid=106485) agent_health_check /opt/stack/neutron/neutron/db/agents_db.py:317}}
Apr 13 02:34:42.676170 np0000165409 neutron-periodic-workers[106485]: DEBUG oslo.service.backend._threading.loopingcall [None req-5bedae70-fa52-4470-8c18-c958d00b71d3 None None] Fixed interval looping call 'neutron.plugins.ml2.plugin.AgentDbMixin.agent_health_check' sleeping for 36.99 seconds {{(pid=106485) _run_loop /opt/stack/data/venv/lib/python3.12/site-packages/oslo_service/backend/_threading/loopingcall.py:125}}
Apr 13 02:34:52.674077 np0000165409 neutron-periodic-workers[106485]: DEBUG dbcounter [-] [106485] Writing DB stats neutron:SELECT=1 {{(pid=106485) stat_writer /opt/stack/data/venv/lib/python3.12/site-packages/dbcounter.py:115}}
Apr 13 02:35:07.633737 np0000165409 neutron-periodic-workers[106471]: DEBUG oslo.service.backend._threading.loopingcall [None req-0bb5dc59-354a-4630-b782-4c3c7af11761 None None] Fixed interval looping call 'neutron.plugins.ml2.plugin.DhcpAgentSchedulerDbMixin.remove_networks_from_down_agents' sleeping for 36.99 seconds {{(pid=106471) _run_loop /opt/stack/data/venv/lib/python3.12/site-packages/oslo_service/backend/_threading/loopingcall.py:125}}
Apr 13 02:35:17.632301 np0000165409 neutron-periodic-workers[106471]: DEBUG dbcounter [-] [106471] Writing DB stats neutron:SELECT=3 {{(pid=106471) stat_writer /opt/stack/data/venv/lib/python3.12/site-packages/dbcounter.py:115}}
Apr 13 02:35:19.671535 np0000165409 neutron-periodic-workers[106485]: DEBUG neutron.db.agents_db [None req-5bedae70-fa52-4470-8c18-c958d00b71d3 None None] Agent healthcheck: found 0 active agents {{(pid=106485) agent_health_check /opt/stack/neutron/neutron/db/agents_db.py:317}}
Apr 13 02:35:19.672188 np0000165409 neutron-periodic-workers[106485]: DEBUG oslo.service.backend._threading.loopingcall [None req-5bedae70-fa52-4470-8c18-c958d00b71d3 None None] Fixed interval looping call 'neutron.plugins.ml2.plugin.AgentDbMixin.agent_health_check' sleeping for 36.99 seconds {{(pid=106485) _run_loop /opt/stack/data/venv/lib/python3.12/site-packages/oslo_service/backend/_threading/loopingcall.py:125}}
Apr 13 02:35:29.669647 np0000165409 neutron-periodic-workers[106485]: DEBUG dbcounter [-] [106485] Writing DB stats neutron:SELECT=1 {{(pid=106485) stat_writer /opt/stack/data/venv/lib/python3.12/site-packages/dbcounter.py:115}}
Apr 13 02:35:44.631792 np0000165409 neutron-periodic-workers[106471]: DEBUG oslo.service.backend._threading.loopingcall [None req-0bb5dc59-354a-4630-b782-4c3c7af11761 None None] Fixed interval looping call 'neutron.plugins.ml2.plugin.DhcpAgentSchedulerDbMixin.remove_networks_from_down_agents' sleeping for 36.99 seconds {{(pid=106471) _run_loop /opt/stack/data/venv/lib/python3.12/site-packages/oslo_service/backend/_threading/loopingcall.py:125}}
Apr 13 02:35:54.631188 np0000165409 neutron-periodic-workers[106471]: DEBUG dbcounter [-] [106471] Writing DB stats neutron:SELECT=3 {{(pid=106471) stat_writer /opt/stack/data/venv/lib/python3.12/site-packages/dbcounter.py:115}}
Apr 13 02:35:56.668044 np0000165409 neutron-periodic-workers[106485]: DEBUG neutron.db.agents_db [None req-5bedae70-fa52-4470-8c18-c958d00b71d3 None None] Agent healthcheck: found 0 active agents {{(pid=106485) agent_health_check /opt/stack/neutron/neutron/db/agents_db.py:317}}
Apr 13 02:35:56.668560 np0000165409 neutron-periodic-workers[106485]: DEBUG oslo.service.backend._threading.loopingcall [None req-5bedae70-fa52-4470-8c18-c958d00b71d3 None None] Fixed interval looping call 'neutron.plugins.ml2.plugin.AgentDbMixin.agent_health_check' sleeping for 36.99 seconds {{(pid=106485) _run_loop /opt/stack/data/venv/lib/python3.12/site-packages/oslo_service/backend/_threading/loopingcall.py:125}}
Apr 13 02:36:06.666454 np0000165409 neutron-periodic-workers[106485]: DEBUG dbcounter [-] [106485] Writing DB stats neutron:SELECT=1 {{(pid=106485) stat_writer /opt/stack/data/venv/lib/python3.12/site-packages/dbcounter.py:115}}
